216.244.66.247 - - [20/Oct/2025:17:38:26 -0400] "GET /tag/camford-english-medium-school-in-andhra-pradesh/ HTTP/1.1" 200 122192 "-" "Mozilla/5.0 (compatible; DotBot/1.2; +https://opensiteexplorer.org/dotbot; [email protected])"
135.181.137.59 - - [20/Oct/2025:17:38:26 -0400] "GET /tag/amazing-gestures-of-this-cat-news/ HTTP/1.1" 200 122020 "http://wahgazab.com/feel-these-amazing-gestures-of-this-cat/" "Mozilla/5.0 (compatible; SeekportBot; +https://bot.seekport.com)"
92.222.104.213 - - [20/Oct/2025:17:38:28 -0400] "GET /wp-content/uploads/2015/11/HINDI-BOOKS1.jpg HTTP/1.1" 200 59571 "-" "Mozilla/5.0 (compatible; AhrefsBot/7.0; +http://ahrefs.com/robot/)"
135.181.137.59 - - [20/Oct/2025:17:38:28 -0400] "GET /tag/amazing-gestures-of-this-cat-news-in-hindi/ HTTP/1.1" 200 122092 "http://wahgazab.com/feel-these-amazing-gestures-of-this-cat/" "Mozilla/5.0 (compatible; SeekportBot; +https://bot.seekport.com)"
135.181.137.59 - - [20/Oct/2025:17:38:30 -0400] "GET /tag/cat-jokes/ HTTP/1.1" 200 121828 "http://wahgazab.com/feel-these-amazing-gestures-of-this-cat/" "Mozilla/5.0 (compatible; SeekportBot; +https://bot.seekport.com)"
135.181.137.59 - - [20/Oct/2025:17:38:31 -0400] "GET /tag/cat-news/ HTTP/1.1" 200 121820 "http://wahgazab.com/feel-these-amazing-gestures-of-this-cat/" "Mozilla/5.0 (compatible; SeekportBot; +https://bot.seekport.com)"
135.181.137.59 - - [20/Oct/2025:17:38:32 -0400] "GET /tag/feel-these-amazing-gestures-of-this-cat/ HTTP/1.1" 200 122068 "http://wahgazab.com/feel-these-amazing-gestures-of-this-cat/" "Mozilla/5.0 (compatible; SeekportBot; +https://bot.seekport.com)"
135.181.137.59 - - [20/Oct/2025:17:38:32 -0400] "GET /tag/feel-these-amazing-gestures-of-this-cat-news/ HTTP/1.1" 200 122108 "http://wahgazab.com/feel-these-amazing-gestures-of-this-cat/" "Mozilla/5.0 (compatible; SeekportBot; +https://bot.seekport.com)"
135.181.137.59 - - [20/Oct/2025:17:38:33 -0400] "GET /tag/friendly-cat-gestures-of-love/ HTTP/1.1" 200 121988 "http://wahgazab.com/feel-these-amazing-gestures-of-this-cat/" "Mozilla/5.0 (compatible; SeekportBot; +https://bot.seekport.com)"
135.181.137.59 - - [20/Oct/2025:17:38:34 -0400] "GET /tag/friendly-cat-gestures-of-love-news/ HTTP/1.1" 200 122028 "http://wahgazab.com/feel-these-amazing-gestures-of-this-cat/" "Mozilla/5.0 (compatible; SeekportBot; +https://bot.seekport.com)"
135.181.137.59 - - [20/Oct/2025:17:38:35 -0400] "GET /tag/friendly-cat-gestures-of-love-news-in-hindi/ HTTP/1.1" 200 122100 "http://wahgazab.com/feel-these-amazing-gestures-of-this-cat/" "Mozilla/5.0 (compatible; SeekportBot; +https://bot.seekport.com)"
135.181.137.59 - - [20/Oct/2025:17:38:36 -0400] "GET /horror-flick-raaz-reboot-poster-released/ HTTP/1.1" 200 279236 "http://wahgazab.com/feel-these-amazing-gestures-of-this-cat/" "Mozilla/5.0 (compatible; SeekportBot; +https://bot.seekport.com)"
135.181.137.59 - - [20/Oct/2025:17:38:38 -0400] "GET /a-handicapped-soldier-wins-the-everest-and-creates-history/ HTTP/1.1" 200 281302 "http://wahgazab.com/feel-these-amazing-gestures-of-this-cat/" "Mozilla/5.0 (compatible; SeekportBot; +https://bot.seekport.com)"
135.181.137.59 - - [20/Oct/2025:17:38:39 -0400] "GET /srk-starrer-movie-darr-completes-25-years-now/ HTTP/1.1" 200 288080 "http://wahgazab.com/category/bollywood/page/3/" "Mozilla/5.0 (compatible; SeekportBot; +https://bot.seekport.com)"
135.181.137.59 - - [20/Oct/2025:17:38:41 -0400] "GET /during-the-shoe-stealing-ritual-parineeti-demanded-that-much-money-that-a-person-can-get-married-ten-times/ HTTP/1.1" 200 283547 "http://wahgazab.com/category/bollywood/page/3/" "Mozilla/5.0 (compatible; SeekportBot; +https://bot.seekport.com)"
135.181.137.59 - - [20/Oct/2025:17:38:42 -0400] "GET /what-words-of-salman-and-kapil-sharma-bought-shame/ HTTP/1.1" 200 287819 "http://wahgazab.com/category/bollywood/page/3/" "Mozilla/5.0 (compatible; SeekportBot; +https://bot.seekport.com)"
135.181.137.59 - - [20/Oct/2025:17:38:44 -0400] "GET /know-why-anil-kapoor-dropped-on-amitabh-bachchans-feet/ HTTP/1.1" 200 283615 "http://wahgazab.com/category/bollywood/page/3/" "Mozilla/5.0 (compatible; SeekportBot; +https://bot.seekport.com)"
135.181.137.59 - - [20/Oct/2025:17:38:46 -0400] "GET /know-the-reason-behind-the-repeated-telecast-of-suryavansham-movie/ HTTP/1.1" 200 282451 "http://wahgazab.com/category/bollywood/page/3/" "Mozilla/5.0 (compatible; SeekportBot; +https://bot.seekport.com)"
54.37.118.78 - - [20/Oct/2025:17:38:45 -0400] "GET /tag/aloo-makhana-recipe/ HTTP/1.1" 200 121485 "-" "Mozilla/5.0 (compatible; AhrefsBot/7.0; +http://ahrefs.com/robot/)"
135.181.137.59 - - [20/Oct/2025:17:38:47 -0400] "GET /see-photos-of-this-documentary-made-before-sunny-leonis-biopic/ HTTP/1.1" 200 284701 "http://wahgazab.com/category/bollywood/page/3/" "Mozilla/5.0 (compatible; SeekportBot; +https://bot.seekport.com)"
135.181.137.59 - - [20/Oct/2025:17:38:49 -0400] "GET /this-bank-helped-shatrughan-sinha-and-his-three-brothers-make-big/ HTTP/1.1" 200 285471 "http://wahgazab.com/category/bollywood/page/3/" "Mozilla/5.0 (compatible; SeekportBot; +https://bot.seekport.com)"
57.141.0.43 - - [20/Oct/2025:17:38:48 -0400] "GET /tag/preity-zinta-to-confirm-your-wedding-news-hindi/ HTTP/1.1" 200 121908 "-" "meta-externalagent/1.1 (+https://developers.facebook.com/docs/sharing/webmasters/crawler)"
135.181.137.59 - - [20/Oct/2025:17:38:50 -0400] "GET /category/bollywood/page/4/ HTTP/1.1" 200 200939 "http://wahgazab.com/category/bollywood/page/3/" "Mozilla/5.0 (compatible; SeekportBot; +https://bot.seekport.com)"
216.73.216.129 - - [20/Oct/2025:17:38:51 -0400] "GET /paneer-ki-imarti/paneer-ki-imarti4/feed HTTP/1.1" 301 - "-" "Mozilla/5.0 AppleWebKit/537.36 (KHTML, like Gecko; compatible; ClaudeBot/1.0; [email protected])"
216.73.216.129 - - [20/Oct/2025:17:38:51 -0400] "GET /this-nasty-things-done-with-the-snakes-in-the-name-of-fashion HTTP/1.1" 301 - "-" "Mozilla/5.0 AppleWebKit/537.36 (KHTML, like Gecko; compatible; ClaudeBot/1.0; [email protected])"
216.73.216.129 - - [20/Oct/2025:17:38:51 -0400] "GET /paneer-ki-imarti/paneer-ki-imarti4/feed/ HTTP/1.1" 200 799 "http://wahgazab.com/paneer-ki-imarti/paneer-ki-imarti4/feed" "Mozilla/5.0 AppleWebKit/537.36 (KHTML, like Gecko; compatible; ClaudeBot/1.0; [email protected])"
135.181.137.59 - - [20/Oct/2025:17:38:52 -0400] "GET /first-human-milk-bank-opened-in-delhi/ HTTP/1.1" 200 285095 "http://wahgazab.com/author/wah4/" "Mozilla/5.0 (compatible; SeekportBot; +https://bot.seekport.com)"
216.73.216.129 - - [20/Oct/2025:17:38:52 -0400] "GET /this-nasty-things-done-with-the-snakes-in-the-name-of-fashion/ HTTP/1.1" 200 283132 "http://wahgazab.com/this-nasty-things-done-with-the-snakes-in-the-name-of-fashion" "Mozilla/5.0 AppleWebKit/537.36 (KHTML, like Gecko; compatible; ClaudeBot/1.0; [email protected])"
216.73.216.129 - - [20/Oct/2025:17:38:52 -0400] "GET /first-karva-chauth-in-bollywood-actress/meera-rajputkunal-kapoor/feed HTTP/1.1" 301 - "-" "Mozilla/5.0 AppleWebKit/537.36 (KHTML, like Gecko; compatible; ClaudeBot/1.0; [email protected])"
216.73.216.129 - - [20/Oct/2025:17:38:53 -0400] "GET /first-karva-chauth-in-bollywood-actress/meera-rajputkunal-kapoor/feed/ HTTP/1.1" 200 867 "http://wahgazab.com/first-karva-chauth-in-bollywood-actress/meera-rajputkunal-kapoor/feed" "Mozilla/5.0 AppleWebKit/537.36 (KHTML, like Gecko; compatible; ClaudeBot/1.0; [email protected])"
135.181.137.59 - - [20/Oct/2025:17:38:54 -0400] "GET /deepika-to-act-with-this-hollywood-superstar-now/ HTTP/1.1" 200 281558 "http://wahgazab.com/author/wah4/" "Mozilla/5.0 (compatible; SeekportBot; +https://bot.seekport.com)"
135.181.137.59 - - [20/Oct/2025:17:38:55 -0400] "GET /exercise-myths-that-may-harm-your-health/ HTTP/1.1" 200 287004 "http://wahgazab.com/author/wah4/" "Mozilla/5.0 (compatible; SeekportBot; +https://bot.seekport.com)"
135.181.137.59 - - [20/Oct/2025:17:38:57 -0400] "GET /desi-cows-to-walk-on-ramp-now/ HTTP/1.1" 200 285420 "http://wahgazab.com/author/wah4/" "Mozilla/5.0 (compatible; SeekportBot; +https://bot.seekport.com)"
135.181.137.59 - - [20/Oct/2025:17:38:58 -0400] "GET /make-this-mothers-day-special-for-your-moms/ HTTP/1.1" 200 286544 "http://wahgazab.com/author/wah4/" "Mozilla/5.0 (compatible; SeekportBot; +https://bot.seekport.com)"
216.244.66.247 - - [20/Oct/2025:17:38:58 -0400] "GET /this-girl-told-everyone-about-her-grave-and-people-get-shocked/feed/ HTTP/1.1" 200 996 "-" "Mozilla/5.0 (compatible; DotBot/1.2; +https://opensiteexplorer.org/dotbot; [email protected])"
135.181.137.59 - - [20/Oct/2025:17:39:00 -0400] "GET /dimpy-ganguly-looking-beautiful-in-wedding-pictures/ HTTP/1.1" 200 283478 "http://wahgazab.com/author/wah4/" "Mozilla/5.0 (compatible; SeekportBot; +https://bot.seekport.com)"
17.241.227.70 - - [20/Oct/2025:17:39:02 -0400] "GET /tag/egg-masala/ HTTP/1.1" 200 121483 "-" "Mozilla/5.0 (Macintosh; Intel Mac OS X 10_15_7) AppleWebKit/605.1.15 (KHTML, like Gecko) Version/17.4 Safari/605.1.15 (Applebot/0.1; +http://www.apple.com/go/applebot)"
135.181.137.59 - - [20/Oct/2025:17:39:02 -0400] "GET /aishwarya-rai-had-fear-of-people/ HTTP/1.1" 200 284127 "http://wahgazab.com/author/wah4/" "Mozilla/5.0 (compatible; SeekportBot; +https://bot.seekport.com)"
135.181.137.59 - - [20/Oct/2025:17:39:04 -0400] "GET /after-horrific-drought-now-farmers-to-face-hunger-tragedy/ HTTP/1.1" 200 285792 "http://wahgazab.com/author/wah4/" "Mozilla/5.0 (compatible; SeekportBot; +https://bot.seekport.com)"
17.241.75.21 - - [20/Oct/2025:17:39:04 -0400] "GET /tag/unfriended-movie/ HTTP/1.1" 200 121805 "-" "Mozilla/5.0 (Macintosh; Intel Mac OS X 10_15_7) AppleWebKit/605.1.15 (KHTML, like Gecko) Version/17.4 Safari/605.1.15 (Applebot/0.1; +http://www.apple.com/go/applebot)"
135.181.137.59 - - [20/Oct/2025:17:39:06 -0400] "GET /sister-in-laws-get-married-with-each-other-here/ HTTP/1.1" 200 284307 "http://wahgazab.com/author/wah4/" "Mozilla/5.0 (compatible; SeekportBot; +https://bot.seekport.com)"
135.181.137.59 - - [20/Oct/2025:17:39:07 -0400] "GET /big-b-has-a-humble-request-to-knagna/ HTTP/1.1" 200 282842 "http://wahgazab.com/author/wah4/" "Mozilla/5.0 (compatible; SeekportBot; +https://bot.seekport.com)"
135.181.137.59 - - [20/Oct/2025:17:39:09 -0400] "GET /a-soldier-bound-to-cut-his-own-leg/ HTTP/1.1" 200 287170 "http://wahgazab.com/author/wah4/" "Mozilla/5.0 (compatible; SeekportBot; +https://bot.seekport.com)"
135.181.137.59 - - [20/Oct/2025:17:39:11 -0400] "GET /celebrities-apart-from-sunny-leone-have-one-night-stand/ HTTP/1.1" 200 285487 "http://wahgazab.com/author/wah4/" "Mozilla/5.0 (compatible; SeekportBot; +https://bot.seekport.com)"
135.181.137.59 - - [20/Oct/2025:17:39:13 -0400] "GET /t3n-movie-trailer-releases-featuring-amitabh-bachchan/ HTTP/1.1" 200 281711 "http://wahgazab.com/author/wah4/" "Mozilla/5.0 (compatible; SeekportBot; +https://bot.seekport.com)"
135.181.137.59 - - [20/Oct/2025:17:39:14 -0400] "GET /sushant-breaks-the-ice-about-his-breakup/ HTTP/1.1" 200 282505 "http://wahgazab.com/author/wah4/" "Mozilla/5.0 (compatible; SeekportBot; +https://bot.seekport.com)"
57.141.0.12 - - [20/Oct/2025:17:39:13 -0400] "GET /hrithik-and-amitabh-will-be-seen-together-in-dhoom-4/ HTTP/1.1" 200 276512 "-" "meta-externalagent/1.1 (+https://developers.facebook.com/docs/sharing/webmasters/crawler)"
135.181.137.59 - - [20/Oct/2025:17:39:16 -0400] "GET /panchayat-secretary-has-to-do-sit-ups-before-the-lady-singham/ HTTP/1.1" 200 283641 "http://wahgazab.com/author/wah4/" "Mozilla/5.0 (compatible; SeekportBot; +https://bot.seekport.com)"
135.181.137.59 - - [20/Oct/2025:17:39:17 -0400] "GET /holy-sign-om-naturally-carved-here/ HTTP/1.1" 200 283260 "http://wahgazab.com/author/wah4/" "Mozilla/5.0 (compatible; SeekportBot; +https://bot.seekport.com)"
135.181.137.59 - - [20/Oct/2025:17:39:19 -0400] "GET /bipasha-looks-in-a-post-marriage-avatar/ HTTP/1.1" 200 282118 "http://wahgazab.com/author/wah4/" "Mozilla/5.0 (compatible; SeekportBot; +https://bot.seekport.com)"
135.181.137.59 - - [20/Oct/2025:17:39:21 -0400] "GET /mumbai-police-video-for-drunken-driving-to-give-you-goosebumps/ HTTP/1.1" 200 284817 "http://wahgazab.com/author/wah4/" "Mozilla/5.0 (compatible; SeekportBot; +https://bot.seekport.com)"
135.181.137.59 - - [20/Oct/2025:17:39:23 -0400] "GET /author/wah4/page/2/ HTTP/1.1" 200 189279 "http://wahgazab.com/author/wah4/" "Mozilla/5.0 (compatible; SeekportBot; +https://bot.seekport.com)"
135.181.137.59 - - [20/Oct/2025:17:39:24 -0400] "GET /author/wah4/page/3/ HTTP/1.1" 200 190298 "http://wahgazab.com/author/wah4/" "Mozilla/5.0 (compatible; SeekportBot; +https://bot.seekport.com)"
135.181.137.59 - - [20/Oct/2025:17:39:25 -0400] "GET /author/wah4/page/22/ HTTP/1.1" 200 148064 "http://wahgazab.com/author/wah4/" "Mozilla/5.0 (compatible; SeekportBot; +https://bot.seekport.com)"
135.181.137.59 - - [20/Oct/2025:17:39:27 -0400] "GET /tag/live-debate/ HTTP/1.1" 200 121732 "http://wahgazab.com/maulana-aijaz-abused-a-woman-in-a-live-debate-and-beat-another/" "Mozilla/5.0 (compatible; SeekportBot; +https://bot.seekport.com)"
135.181.137.59 - - [20/Oct/2025:17:39:28 -0400] "GET /tag/maulana-aijaz/ HTTP/1.1" 200 121748 "http://wahgazab.com/maulana-aijaz-abused-a-woman-in-a-live-debate-and-beat-another/" "Mozilla/5.0 (compatible; SeekportBot; +https://bot.seekport.com)"
135.181.137.59 - - [20/Oct/2025:17:39:29 -0400] "GET /tag/maulana-aijaz-abused-a-woman-in-a-live-debate-and-beat-another/ HTTP/1.1" 200 122140 "http://wahgazab.com/maulana-aijaz-abused-a-woman-in-a-live-debate-and-beat-another/" "Mozilla/5.0 (compatible; SeekportBot; +https://bot.seekport.com)"
66.249.79.169 - - [20/Oct/2025:17:39:29 -0400] "GET /?a=07012111474605&channel=f3f71b&from=pin.php%3Fid%3D1114746-11394%26name%3D%E3%83%95%E3%83%AA%E3%83%B3%E3%82%B8+%E3%83%86%E3%83%BC%E3%83%96%E3%83%AB%E3%82%AF%E3%83%AD%E3%82%B9+%E7%B6%BF%E9%BA%BB%E9%A2%A8+%E5%86%86%E5%BD%A2+%E5%8C%97%E6%AC%A7%E9%A2%A8+%E3%83%86%E3%83%BC%E3%83%96%E3%83%AB%E3%82%AF%E3%83%AD%E3%82%B9+%E3%82%B7%E3%83%B3%E3%83%97%E3%83%AB%E3%83%87%E3%82%B6%E3%82%A4%E3%83%B3+%E3%83%A9%E3%82%A6%E3%83%B3%E3%83%89+%E3%83%86%E3%83%BC%E3%83%96%E3%83%AB%E3%83%9E%E3%83%83%E3%83%88+%E3%83%9B%E3%83%BC%E3%83%A0%E8%A3%85%E9%A3%BE+%E3%83%80%E3%82%A4%E3%83%8B%E3%83%B3%E3%82%B0%E3%83%86%E3%83%BC%E3%83%96%E3%83%AB+%E3%83%9E%E3%83%AB%E3%83%81%E3%82%AF%E3%83%AD%E3%82%B9+%E9%98%B2%E5%A1%B5 HTTP/1.1" 301 - "-" "Mozilla/5.0 (Linux; Android 6.0.1; Nexus 5X Build/MMB29P) AppleWebKit/537.36 (KHTML, like Gecko) Chrome/140.0.7339.207 Mobile Safari/537.36 (compatible; Googlebot/2.1; +http://www.google.com/bot.html)"
66.249.79.169 - - [20/Oct/2025:17:39:30 -0400] "GET /?a=07012111474605&channel=f3f71b&from=pin.php%3Fid%3D1114746-11394%26name%3D%E3%83%95%E3%83%AA%E3%83%B3%E3%82%B8%20%E3%83%86%E3%83%BC%E3%83%96%E3%83%AB%E3%82%AF%E3%83%AD%E3%82%B9%20%E7%B6%BF%E9%BA%BB%E9%A2%A8%20%E5%86%86%E5%BD%A2%20%E5%8C%97%E6%AC%A7%E9%A2%A8%20%E3%83%86%E3%83%BC%E3%83%96%E3%83%AB%E3%82%AF%E3%83%AD%E3%82%B9%20%E3%82%B7%E3%83%B3%E3%83%97%E3%83%AB%E3%83%87%E3%82%B6%E3%82%A4%E3%83%B3%20%E3%83%A9%E3%82%A6%E3%83%B3%E3%83%89%20%E3%83%86%E3%83%BC%E3%83%96%E3%83%AB%E3%83%9E%E3%83%83%E3%83%88%20%E3%83%9B%E3%83%BC%E3%83%A0%E8%A3%85%E9%A3%BE%20%E3%83%80%E3%82%A4%E3%83%8B%E3%83%B3%E3%82%B0%E3%83%86%E3%83%BC%E3%83%96%E3%83%AB%20%E3%83%9E%E3%83%AB%E3%83%81%E3%82%AF%E3%83%AD%E3%82%B9%20%E9%98%B2%E5%A1%B5 HTTP/1.1" 200 200962 "-" "Mozilla/5.0 (Linux; Android 6.0.1; Nexus 5X Build/MMB29P) AppleWebKit/537.36 (KHTML, like Gecko) Chrome/140.0.7339.207 Mobile Safari/537.36 (compatible; Googlebot/2.1; +http://www.google.com/bot.html)"
135.181.137.59 - - [20/Oct/2025:17:39:31 -0400] "GET /tag/woman/ HTTP/1.1" 200 160948 "http://wahgazab.com/maulana-aijaz-abused-a-woman-in-a-live-debate-and-beat-another/" "Mozilla/5.0 (compatible; SeekportBot; +https://bot.seekport.com)"
17.246.23.144 - - [20/Oct/2025:17:39:32 -0400] "GET /tag/cold-drink-effects/ HTTP/1.1" 200 122152 "-" "Mozilla/5.0 (Macintosh; Intel Mac OS X 10_15_7) AppleWebKit/605.1.15 (KHTML, like Gecko) Version/17.4 Safari/605.1.15 (Applebot/0.1; +http://www.apple.com/go/applebot)"
135.181.137.59 - - [20/Oct/2025:17:39:34 -0400] "GET /tag/%E0%A4%AE%E0%A5%8C%E0%A4%B2%E0%A4%BE%E0%A4%A8%E0%A4%BE-%E0%A4%8F%E0%A4%9C%E0%A4%BE%E0%A4%9C-%E0%A4%85%E0%A4%B0%E0%A4%B6%E0%A4%A6-%E0%A4%95%E0%A4%BE%E0%A4%B8%E0%A4%AE%E0%A5%80/ HTTP/1.1" 200 122287 "http://wahgazab.com/maulana-aijaz-abused-a-woman-in-a-live-debate-and-beat-another/" "Mozilla/5.0 (compatible; SeekportBot; +https://bot.seekport.com)"
135.181.137.59 - - [20/Oct/2025:17:39:36 -0400] "GET /know-the-specialities-of-the-purple-coloured-100-rupee-note/ HTTP/1.1" 200 284803 "http://wahgazab.com/maulana-aijaz-abused-a-woman-in-a-live-debate-and-beat-another/" "Mozilla/5.0 (compatible; SeekportBot; +https://bot.seekport.com)"
135.181.137.59 - - [20/Oct/2025:17:39:37 -0400] "GET /see-the-many-colors-of-aashika-of-parvarish-kuchh-khatti-kuch-meethi/ HTTP/1.1" 200 278356 "http://wahgazab.com/category/bollywood/page/127/" "Mozilla/5.0 (compatible; SeekportBot; +https://bot.seekport.com)"
135.181.137.59 - - [20/Oct/2025:17:39:39 -0400] "GET /category/bollywood/page/126/ HTTP/1.1" 200 199014 "http://wahgazab.com/category/bollywood/page/127/" "Mozilla/5.0 (compatible; SeekportBot; +https://bot.seekport.com)"
135.181.137.59 - - [20/Oct/2025:17:39:41 -0400] "GET /category/bollywood/page/125/ HTTP/1.1" 200 198707 "http://wahgazab.com/category/bollywood/page/127/" "Mozilla/5.0 (compatible; SeekportBot; +https://bot.seekport.com)"
135.181.137.59 - - [20/Oct/2025:17:39:42 -0400] "GET /tag/beauty/ HTTP/1.1" 200 127849 "http://wahgazab.com/khoobsurati-app-to-update-you-regarding-health-and-beauty/" "Mozilla/5.0 (compatible; SeekportBot; +https://bot.seekport.com)"
135.181.137.59 - - [20/Oct/2025:17:39:44 -0400] "GET /tag/beauty-tips/ HTTP/1.1" 200 124990 "http://wahgazab.com/khoobsurati-app-to-update-you-regarding-health-and-beauty/" "Mozilla/5.0 (compatible; SeekportBot; +https://bot.seekport.com)"
135.181.137.59 - - [20/Oct/2025:17:39:45 -0400] "GET /tag/beauty-tips-in-khoobsurati-app/ HTTP/1.1" 200 122021 "http://wahgazab.com/khoobsurati-app-to-update-you-regarding-health-and-beauty/" "Mozilla/5.0 (compatible; SeekportBot; +https://bot.seekport.com)"
17.241.227.67 - - [20/Oct/2025:17:39:46 -0400] "GET /know-the-remedy-to-please-the-god-of-sun-that-will-help-you-to-progress-in-life/sun1-5/ HTTP/1.1" 200 121845 "-" "Mozilla/5.0 (Macintosh; Intel Mac OS X 10_15_7) AppleWebKit/605.1.15 (KHTML, like Gecko) Version/17.4 Safari/605.1.15 (Applebot/0.1; +http://www.apple.com/go/applebot)"
135.181.137.59 - - [20/Oct/2025:17:39:47 -0400] "GET /tag/downloading-khoobsurati-app/ HTTP/1.1" 200 121997 "http://wahgazab.com/khoobsurati-app-to-update-you-regarding-health-and-beauty/" "Mozilla/5.0 (compatible; SeekportBot; +https://bot.seekport.com)"
17.241.75.207 - - [20/Oct/2025:17:39:47 -0400] "GET /isha-ambani-set-to-join-bollywood-soon/isha-ambani-set-to-join-bollywood-soon/ HTTP/1.1" 200 122235 "-" "Mozilla/5.0 (Macintosh; Intel Mac OS X 10_15_7) AppleWebKit/605.1.15 (KHTML, like Gecko) Version/17.4 Safari/605.1.15 (Applebot/0.1; +http://www.apple.com/go/applebot)"
135.181.137.59 - - [20/Oct/2025:17:39:48 -0400] "GET /tag/khoobsurati/ HTTP/1.1" 200 121869 "http://wahgazab.com/khoobsurati-app-to-update-you-regarding-health-and-beauty/" "Mozilla/5.0 (compatible; SeekportBot; +https://bot.seekport.com)"
135.181.137.59 - - [20/Oct/2025:17:39:49 -0400] "GET /tag/khoobsurati-app/ HTTP/1.1" 200 121901 "http://wahgazab.com/khoobsurati-app-to-update-you-regarding-health-and-beauty/" "Mozilla/5.0 (compatible; SeekportBot; +https://bot.seekport.com)"
135.181.137.59 - - [20/Oct/2025:17:39:51 -0400] "GET /tag/khoobsurati-app-download/ HTTP/1.1" 200 121973 "http://wahgazab.com/khoobsurati-app-to-update-you-regarding-health-and-beauty/" "Mozilla/5.0 (compatible; SeekportBot; +https://bot.seekport.com)"
135.181.137.59 - - [20/Oct/2025:17:39:52 -0400] "GET /tag/khoobsurati-app-tips/ HTTP/1.1" 200 121941 "http://wahgazab.com/khoobsurati-app-to-update-you-regarding-health-and-beauty/" "Mozilla/5.0 (compatible; SeekportBot; +https://bot.seekport.com)"
135.181.137.59 - - [20/Oct/2025:17:39:53 -0400] "GET /tag/khoobsurati-app-tips-in-hindi/ HTTP/1.1" 200 122013 "http://wahgazab.com/khoobsurati-app-to-update-you-regarding-health-and-beauty/" "Mozilla/5.0 (compatible; SeekportBot; +https://bot.seekport.com)"
135.181.137.59 - - [20/Oct/2025:17:39:54 -0400] "GET /tag/khoobsurati-tips-in-aap/ HTTP/1.1" 200 121965 "http://wahgazab.com/khoobsurati-app-to-update-you-regarding-health-and-beauty/" "Mozilla/5.0 (compatible; SeekportBot; +https://bot.seekport.com)"
135.181.137.59 - - [20/Oct/2025:17:39:55 -0400] "GET /tag/makeup-home-remedies-for-khoobsurati-app/ HTTP/1.1" 200 122131 "http://wahgazab.com/khoobsurati-app-to-update-you-regarding-health-and-beauty/" "Mozilla/5.0 (compatible; SeekportBot; +https://bot.seekport.com)"
135.181.137.59 - - [20/Oct/2025:17:39:57 -0400] "GET /sachin-buys-a-luxurious-flat-for-wife-anjali/ HTTP/1.1" 200 281046 "http://wahgazab.com/khoobsurati-app-to-update-you-regarding-health-and-beauty/" "Mozilla/5.0 (compatible; SeekportBot; +https://bot.seekport.com)"
135.181.137.59 - - [20/Oct/2025:17:39:58 -0400] "GET /lakhs-of-animals-sacrificed-for-the-good-luck/ HTTP/1.1" 200 286492 "http://wahgazab.com/khoobsurati-app-to-update-you-regarding-health-and-beauty/" "Mozilla/5.0 (compatible; SeekportBot; +https://bot.seekport.com)"
66.249.79.168 - - [20/Oct/2025:17:40:00 -0400] "GET /?a=83947109543800&channel=238733&from=brands.php%3Fid%3D1095438-1065%26name%3D%E3%80%90%E4%B8%AD%E5%8F%A4%E3%80%91+SONY+%E3%82%BD%E3%83%8B%E3%83%BC+CF-1765+LL+1765+FM+AM%E3%83%A9%E3%82%B8%E3%82%AA+4%E3%83%88%E3%83%A9%E3%83%83%E3%82%AFLL%E4%BB%98%E3%82%AB%E3%82%BB%E3%83%83%E3%83%88%E3%82%B3%E3%83%BC%E3%83%80%E3%83%BC+%E3%83%A2%E3%83%8E%E3%83%A9%E3%83%AB HTTP/1.1" 301 - "-" "Mozilla/5.0 (Linux; Android 6.0.1; Nexus 5X Build/MMB29P) AppleWebKit/537.36 (KHTML, like Gecko) Chrome/140.0.7339.207 Mobile Safari/537.36 (compatible; Googlebot/2.1; +http://www.google.com/bot.html)"
135.181.137.59 - - [20/Oct/2025:17:40:00 -0400] "GET /tag/indian-army/ HTTP/1.1" 200 161081 "http://wahgazab.com/check-out-the-video-of-indian-army-men-dancing/" "Mozilla/5.0 (compatible; SeekportBot; +https://bot.seekport.com)"
66.249.79.168 - - [20/Oct/2025:17:40:01 -0400] "GET /?a=83947109543800&channel=238733&from=brands.php%3Fid%3D1095438-1065%26name%3D%E3%80%90%E4%B8%AD%E5%8F%A4%E3%80%91%20SONY%20%E3%82%BD%E3%83%8B%E3%83%BC%20CF-1765%20LL%201765%20FM%20AM%E3%83%A9%E3%82%B8%E3%82%AA%204%E3%83%88%E3%83%A9%E3%83%83%E3%82%AFLL%E4%BB%98%E3%82%AB%E3%82%BB%E3%83%83%E3%83%88%E3%82%B3%E3%83%BC%E3%83%80%E3%83%BC%20%E3%83%A2%E3%83%8E%E3%83%A9%E3%83%AB HTTP/1.1" 200 200962 "-" "Mozilla/5.0 (Linux; Android 6.0.1; Nexus 5X Build/MMB29P) AppleWebKit/537.36 (KHTML, like Gecko) Chrome/140.0.7339.207 Mobile Safari/537.36 (compatible; Googlebot/2.1; +http://www.google.com/bot.html)"
135.181.137.59 - - [20/Oct/2025:17:40:02 -0400] "GET /tag/men-dancing/ HTTP/1.1" 200 121802 "http://wahgazab.com/check-out-the-video-of-indian-army-men-dancing/" "Mozilla/5.0 (compatible; SeekportBot; +https://bot.seekport.com)"
135.181.137.59 - - [20/Oct/2025:17:40:04 -0400] "GET /tag/video/ HTTP/1.1" 200 180536 "http://wahgazab.com/check-out-the-video-of-indian-army-men-dancing/" "Mozilla/5.0 (compatible; SeekportBot; +https://bot.seekport.com)"
135.181.137.59 - - [20/Oct/2025:17:40:06 -0400] "GET /tag/%E0%A4%AD%E0%A4%BE%E0%A4%B0%E0%A4%A4%E0%A5%80%E0%A4%AF-%E0%A4%B8%E0%A5%87%E0%A4%A8%E0%A4%BE/ HTTP/1.1" 200 122046 "http://wahgazab.com/check-out-the-video-of-indian-army-men-dancing/" "Mozilla/5.0 (compatible; SeekportBot; +https://bot.seekport.com)"
135.181.137.59 - - [20/Oct/2025:17:40:08 -0400] "GET /tag/funnu-article/ HTTP/1.1" 200 121425 "http://wahgazab.com/every-t-shirts-slogan-says-something/" "Mozilla/5.0 (compatible; SeekportBot; +https://bot.seekport.com)"
57.141.0.67 - - [20/Oct/2025:17:40:07 -0400] "GET /today-in-history-peshwa-balaji-vishwanath-died/ HTTP/1.1" 200 285074 "-" "meta-externalagent/1.1 (+https://developers.facebook.com/docs/sharing/webmasters/crawler)"
135.181.137.59 - - [20/Oct/2025:17:40:09 -0400] "GET /tag/funnu-slogan/ HTTP/1.1" 200 121417 "http://wahgazab.com/every-t-shirts-slogan-says-something/" "Mozilla/5.0 (compatible; SeekportBot; +https://bot.seekport.com)"
135.181.137.59 - - [20/Oct/2025:17:40:10 -0400] "GET /tag/funnu-slogan-news/ HTTP/1.1" 200 121457 "http://wahgazab.com/every-t-shirts-slogan-says-something/" "Mozilla/5.0 (compatible; SeekportBot; +https://bot.seekport.com)"
135.181.137.59 - - [20/Oct/2025:17:40:12 -0400] "GET /tag/pandey-ji/ HTTP/1.1" 200 121393 "http://wahgazab.com/every-t-shirts-slogan-says-something/" "Mozilla/5.0 (compatible; SeekportBot; +https://bot.seekport.com)"
135.181.137.59 - - [20/Oct/2025:17:40:13 -0400] "GET /tag/slogan-in-english/ HTTP/1.1" 200 121457 "http://wahgazab.com/every-t-shirts-slogan-says-something/" "Mozilla/5.0 (compatible; SeekportBot; +https://bot.seekport.com)"
135.181.137.59 - - [20/Oct/2025:17:40:14 -0400] "GET /tag/slogan-in-hindi/ HTTP/1.1" 200 121441 "http://wahgazab.com/every-t-shirts-slogan-says-something/" "Mozilla/5.0 (compatible; SeekportBot; +https://bot.seekport.com)"
135.181.137.59 - - [20/Oct/2025:17:40:15 -0400] "GET /tag/slogan-in-hindi-on-environment/ HTTP/1.1" 200 121561 "http://wahgazab.com/every-t-shirts-slogan-says-something/" "Mozilla/5.0 (compatible; SeekportBot; +https://bot.seekport.com)"
135.181.137.59 - - [20/Oct/2025:17:40:17 -0400] "GET /tag/t-shirt/ HTTP/1.1" 200 124209 "http://wahgazab.com/every-t-shirts-slogan-says-something/" "Mozilla/5.0 (compatible; SeekportBot; +https://bot.seekport.com)"
135.181.137.59 - - [20/Oct/2025:17:40:18 -0400] "GET /tag/t-shirt-news/ HTTP/1.1" 200 124249 "http://wahgazab.com/every-t-shirts-slogan-says-something/" "Mozilla/5.0 (compatible; SeekportBot; +https://bot.seekport.com)"
135.181.137.59 - - [20/Oct/2025:17:40:20 -0400] "GET /tag/t-shirt-slogan/ HTTP/1.1" 200 121433 "http://wahgazab.com/every-t-shirts-slogan-says-something/" "Mozilla/5.0 (compatible; SeekportBot; +https://bot.seekport.com)"
135.181.137.59 - - [20/Oct/2025:17:40:21 -0400] "GET /tag/t-shirt-slogan-news/ HTTP/1.1" 200 121473 "http://wahgazab.com/every-t-shirts-slogan-says-something/" "Mozilla/5.0 (compatible; SeekportBot; +https://bot.seekport.com)"
135.181.137.59 - - [20/Oct/2025:17:40:22 -0400] "GET /tag/t-shirt-slogan-news-in-hindi/ HTTP/1.1" 200 121545 "http://wahgazab.com/every-t-shirts-slogan-says-something/" "Mozilla/5.0 (compatible; SeekportBot; +https://bot.seekport.com)"
135.181.137.59 - - [20/Oct/2025:17:40:24 -0400] "GET /salman-will-sing-a-song-in-one-more-movie/ HTTP/1.1" 200 281019 "http://wahgazab.com/every-t-shirts-slogan-says-something/" "Mozilla/5.0 (compatible; SeekportBot; +https://bot.seekport.com)"
135.181.137.59 - - [20/Oct/2025:17:40:25 -0400] "GET /pratyusha-suicide-case-gets-new-twist/ HTTP/1.1" 200 283095 "http://wahgazab.com/every-t-shirts-slogan-says-something/" "Mozilla/5.0 (compatible; SeekportBot; +https://bot.seekport.com)"
135.181.137.59 - - [20/Oct/2025:17:40:27 -0400] "GET /tag/fatwa/ HTTP/1.1" 200 128880 "http://wahgazab.com/fatwa-issued-on-muslim-woman-for-triple-talaq/" "Mozilla/5.0 (compatible; SeekportBot; +https://bot.seekport.com)"
135.181.137.59 - - [20/Oct/2025:17:40:29 -0400] "GET /tag/fatwa-issued-on-muslim-woman-for-triple-talaq/ HTTP/1.1" 200 122192 "http://wahgazab.com/fatwa-issued-on-muslim-woman-for-triple-talaq/" "Mozilla/5.0 (compatible; SeekportBot; +https://bot.seekport.com)"
114.119.154.67 - - [20/Oct/2025:17:40:28 -0400] "GET /republic-day-makes-us-remember-many-historic-events/image3-11/ HTTP/1.1" 200 121826 "http://wahgazab.com/attachment-sitemap6.xml" "Mozilla/5.0 (Linux; Android 7.0;) AppleWebKit/537.36 (KHTML, like Gecko) Mobile Safari/537.36 (compatible; PetalBot;+https://webmaster.petalsearch.com/site/petalbot)"
135.181.137.59 - - [20/Oct/2025:17:40:30 -0400] "GET /tag/muslim-woman/ HTTP/1.1" 200 128507 "http://wahgazab.com/fatwa-issued-on-muslim-woman-for-triple-talaq/" "Mozilla/5.0 (compatible; SeekportBot; +https://bot.seekport.com)"
135.181.137.59 - - [20/Oct/2025:17:40:31 -0400] "GET /tag/triple-talaq/ HTTP/1.1" 200 135205 "http://wahgazab.com/fatwa-issued-on-muslim-woman-for-triple-talaq/" "Mozilla/5.0 (compatible; SeekportBot; +https://bot.seekport.com)"
135.181.137.59 - - [20/Oct/2025:17:40:33 -0400] "GET /tag/%E0%A4%9F%E0%A5%8D%E0%A4%B0%E0%A4%BF%E0%A4%AA%E0%A4%B2-%E0%A4%A4%E0%A4%B2%E0%A4%BE%E0%A4%95/ HTTP/1.1" 200 134988 "http://wahgazab.com/fatwa-issued-on-muslim-woman-for-triple-talaq/" "Mozilla/5.0 (compatible; SeekportBot; +https://bot.seekport.com)"
135.181.137.59 - - [20/Oct/2025:17:40:34 -0400] "GET /tag/beautiful-hairstyles/ HTTP/1.1" 200 121958 "http://wahgazab.com/beautiful-hairstyles-for-short-hair/" "Mozilla/5.0 (compatible; SeekportBot; +https://bot.seekport.com)"
135.181.137.59 - - [20/Oct/2025:17:40:36 -0400] "GET /tag/beautiful-hairstyles-for-short-hair/ HTTP/1.1" 200 122078 "http://wahgazab.com/beautiful-hairstyles-for-short-hair/" "Mozilla/5.0 (compatible; SeekportBot; +https://bot.seekport.com)"
135.181.137.59 - - [20/Oct/2025:17:40:37 -0400] "GET /tag/beautiful-hairstyles-tips/ HTTP/1.1" 200 121998 "http://wahgazab.com/beautiful-hairstyles-for-short-hair/" "Mozilla/5.0 (compatible; SeekportBot; +https://bot.seekport.com)"
135.181.137.59 - - [20/Oct/2025:17:40:39 -0400] "GET /tag/beautiful-hairstyles-tips-in-hindi/ HTTP/1.1" 200 122070 "http://wahgazab.com/beautiful-hairstyles-for-short-hair/" "Mozilla/5.0 (compatible; SeekportBot; +https://bot.seekport.com)"
135.181.137.59 - - [20/Oct/2025:17:40:40 -0400] "GET /tag/easy-hairstyles/ HTTP/1.1" 200 121918 "http://wahgazab.com/beautiful-hairstyles-for-short-hair/" "Mozilla/5.0 (compatible; SeekportBot; +https://bot.seekport.com)"
135.181.137.59 - - [20/Oct/2025:17:40:42 -0400] "GET /tag/easy-hairstyles-for-short-hair/ HTTP/1.1" 200 124660 "http://wahgazab.com/beautiful-hairstyles-for-short-hair/" "Mozilla/5.0 (compatible; SeekportBot; +https://bot.seekport.com)"
51.75.236.156 - - [20/Oct/2025:17:40:42 -0400] "GET /tag/ashwini/ HTTP/1.1" 200 121880 "-" "Mozilla/5.0 (compatible; AhrefsBot/7.0; +http://ahrefs.com/robot/)"
135.181.137.59 - - [20/Oct/2025:17:40:43 -0400] "GET /tag/easy-hairstyles-for-short-hair-tips/ HTTP/1.1" 200 122078 "http://wahgazab.com/beautiful-hairstyles-for-short-hair/" "Mozilla/5.0 (compatible; SeekportBot; +https://bot.seekport.com)"
135.181.137.59 - - [20/Oct/2025:17:40:44 -0400] "GET /tag/easy-hairstyles-for-short-hair-tips-in-hindi/ HTTP/1.1" 200 122150 "http://wahgazab.com/beautiful-hairstyles-for-short-hair/" "Mozilla/5.0 (compatible; SeekportBot; +https://bot.seekport.com)"
135.181.137.59 - - [20/Oct/2025:17:40:46 -0400] "GET /tag/great-hairstyles/ HTTP/1.1" 200 121926 "http://wahgazab.com/beautiful-hairstyles-for-short-hair/" "Mozilla/5.0 (compatible; SeekportBot; +https://bot.seekport.com)"
135.181.137.59 - - [20/Oct/2025:17:40:47 -0400] "GET /tag/great-hairstyles-tips/ HTTP/1.1" 200 121966 "http://wahgazab.com/beautiful-hairstyles-for-short-hair/" "Mozilla/5.0 (compatible; SeekportBot; +https://bot.seekport.com)"
135.181.137.59 - - [20/Oct/2025:17:40:49 -0400] "GET /tag/great-hairstyles-tips-in-hindi/ HTTP/1.1" 200 122038 "http://wahgazab.com/beautiful-hairstyles-for-short-hair/" "Mozilla/5.0 (compatible; SeekportBot; +https://bot.seekport.com)"
135.181.137.59 - - [20/Oct/2025:17:40:50 -0400] "GET /tag/hairstyle-ideas/ HTTP/1.1" 200 121918 "http://wahgazab.com/beautiful-hairstyles-for-short-hair/" "Mozilla/5.0 (compatible; SeekportBot; +https://bot.seekport.com)"
135.181.137.59 - - [20/Oct/2025:17:40:52 -0400] "GET /tag/hairstyle-ideas-tips/ HTTP/1.1" 200 121958 "http://wahgazab.com/beautiful-hairstyles-for-short-hair/" "Mozilla/5.0 (compatible; SeekportBot; +https://bot.seekport.com)"
220.181.108.105 - - [20/Oct/2025:17:40:52 -0400] "GET /know-about-the-primary-events-and-teachings-of-guru-gobind-singh/ HTTP/1.1" 200 289827 "-" "Mozilla/5.0 (compatible; Baiduspider/2.0; +http://www.baidu.com/search/spider.html)"
135.181.137.59 - - [20/Oct/2025:17:40:53 -0400] "GET /tag/hairstyle-ideas-tips-in-hindi/ HTTP/1.1" 200 122030 "http://wahgazab.com/beautiful-hairstyles-for-short-hair/" "Mozilla/5.0 (compatible; SeekportBot; +https://bot.seekport.com)"
198.98.62.31 - - [20/Oct/2025:17:40:55 -0400] "GET /wp-login.php HTTP/1.1" 200 5415 "-" "Mozilla/5.0 (X11; Linux x86_64) AppleWebKit/537.36 (KHTML, like Gecko) Chrome/36.0.1985.125 Safari/537.36"
135.181.137.59 - - [20/Oct/2025:17:40:55 -0400] "GET /tag/short-hair-step-by-step/ HTTP/1.1" 200 121982 "http://wahgazab.com/beautiful-hairstyles-for-short-hair/" "Mozilla/5.0 (compatible; SeekportBot; +https://bot.seekport.com)"
116.179.37.45 - - [20/Oct/2025:17:40:55 -0400] "GET /wp-content/uploads/2018/01/Know-about-the-primary-events-and-teachings-of-Guru-Gobind-SIngh-1.jpg HTTP/1.1" 200 101675 "http://wahgazab.com/know-about-the-primary-events-and-teachings-of-guru-gobind-singh/" "Mozilla/5.0 (compatible; Baiduspider-render/2.0; +http://www.baidu.com/search/spider.html)"
116.179.37.131 - - [20/Oct/2025:17:40:56 -0400] "GET /wp-content/uploads/2018/01/Know-about-the-primary-events-and-teachings-of-Guru-Gobind-SIngh-4.jpg HTTP/1.1" 200 59822 "http://wahgazab.com/know-about-the-primary-events-and-teachings-of-guru-gobind-singh/" "Mozilla/5.0 (compatible; Baiduspider-render/2.0; +http://www.baidu.com/search/spider.html)"
116.179.37.174 - - [20/Oct/2025:17:40:56 -0400] "GET /wp-content/uploads/2018/01/Know-about-the-primary-events-and-teachings-of-Guru-Gobind-SIngh-cover.jpg HTTP/1.1" 200 75853 "http://wahgazab.com/know-about-the-primary-events-and-teachings-of-guru-gobind-singh/" "Mozilla/5.0 (compatible; Baiduspider-render/2.0; +http://www.baidu.com/search/spider.html)"
198.98.62.31 - - [20/Oct/2025:17:40:55 -0400] "POST /wp-login.php HTTP/1.1" 200 5886 "-" "Mozilla/5.0 (X11; Linux x86_64) AppleWebKit/537.36 (KHTML, like Gecko) Chrome/36.0.1985.125 Safari/537.36"
116.179.37.87 - - [20/Oct/2025:17:40:55 -0400] "GET /wp-content/uploads/2018/01/Know-about-the-primary-events-and-teachings-of-Guru-Gobind-SIngh-3.jpg HTTP/1.1" 200 117897 "http://wahgazab.com/know-about-the-primary-events-and-teachings-of-guru-gobind-singh/" "Mozilla/5.0 (compatible; Baiduspider-render/2.0; +http://www.baidu.com/search/spider.html)"
116.179.37.102 - - [20/Oct/2025:17:40:55 -0400] "GET /wp-content/uploads/2018/01/Know-about-the-primary-events-and-teachings-of-Guru-Gobind-SIngh-2.jpg HTTP/1.1" 200 120297 "http://wahgazab.com/know-about-the-primary-events-and-teachings-of-guru-gobind-singh/" "Mozilla/5.0 (compatible; Baiduspider-render/2.0; +http://www.baidu.com/search/spider.html)"
135.181.137.59 - - [20/Oct/2025:17:40:56 -0400] "GET /tag/short-hairstyles/ HTTP/1.1" 200 121926 "http://wahgazab.com/beautiful-hairstyles-for-short-hair/" "Mozilla/5.0 (compatible; SeekportBot; +https://bot.seekport.com)"
66.249.79.168 - - [20/Oct/2025:17:40:58 -0400] "GET /?a=071902719210&channel=d75549&from=brands.php%3Fid%3D27192-1935%26name%3D%E3%83%AD%E3%83%B3%E3%82%B0%E3%83%AF%E3%83%B3%E3%83%94%E3%83%BC%E3%82%B9+%E3%83%AC%E3%83%87%E3%82%A3%E3%83%BC%E3%82%B9+%E3%81%8D%E3%82%8C%E3%81%84%E3%82%81+%E3%82%BF%E3%83%B3%E3%82%AF%E3%83%88%E3%83%83%E3%83%97%E3%83%AF%E3%83%B3%E3%83%94%E3%83%BC%E3%82%B9+%E7%95%B0%E7%B4%A0%E6%9D%90+%E5%88%87%E3%82%8A%E6%9B%BF%E3%81%88+A%E3%83%A9%E3%82%A4%E3%83%B3+%E3%83%AD%E3%83%B3%E3%82%B0+%E3%83%8E%E3%83%BC%E3%82%B9%E3%83%AA%E3%83%BC%E3%83%96%E3%83%AF%E3%83%B3%E3%83%94%E3%83%BC%E3%82%B9+%E8%A3%BE%E3%83%95%E3%83%AA%E3%83%AB%E3%83%AF%E3%83%B3%E3%83%94+%E3%82%86%E3%81%A3%E3%81%9F%E3%82%8A+%E7%84%A1%E5%9C%B0+%E3%82%B7%E3%83%B3%E3%83%97%E3%83%AB+%E4%BD%93%E5%9E%8B%E3%82%AB%E3%83%90%E3%83%BC+%E3%82%AB%E3%82%B8%E3%83%A5%E3%82%A2%E3%83%AB+%E5%8F%AF%E6%84%9B%E3%81%84+%E5%A4%A7%E4%BA%BA+%E3%83%95%E3%82%A1%E3%83%83%E3%82%B7%E3%83%A7%E3%83%B3+%E5%A4%8F%E6%96%B0%E4%BD%9C+%E9%80%81%E6%96%99%E7%84%A1%E6%96%99 HTTP/1.1" 301 - "-" "Mozilla/5.0 (Linux; Android 6.0.1; Nexus 5X Build/MMB29P) AppleWebKit/537.36 (KHTML, like Gecko) Chrome/140.0.7339.207 Mobile Safari/537.36 (compatible; Googlebot/2.1; +http://www.google.com/bot.html)"
135.181.137.59 - - [20/Oct/2025:17:40:59 -0400] "GET /tag/simple-easy-hairstyles/ HTTP/1.1" 200 121974 "http://wahgazab.com/beautiful-hairstyles-for-short-hair/" "Mozilla/5.0 (compatible; SeekportBot; +https://bot.seekport.com)"
66.249.79.168 - - [20/Oct/2025:17:40:59 -0400] "GET /?a=071902719210&channel=d75549&from=brands.php%3Fid%3D27192-1935%26name%3D%E3%83%AD%E3%83%B3%E3%82%B0%E3%83%AF%E3%83%B3%E3%83%94%E3%83%BC%E3%82%B9%20%E3%83%AC%E3%83%87%E3%82%A3%E3%83%BC%E3%82%B9%20%E3%81%8D%E3%82%8C%E3%81%84%E3%82%81%20%E3%82%BF%E3%83%B3%E3%82%AF%E3%83%88%E3%83%83%E3%83%97%E3%83%AF%E3%83%B3%E3%83%94%E3%83%BC%E3%82%B9%20%E7%95%B0%E7%B4%A0%E6%9D%90%20%E5%88%87%E3%82%8A%E6%9B%BF%E3%81%88%20A%E3%83%A9%E3%82%A4%E3%83%B3%20%E3%83%AD%E3%83%B3%E3%82%B0%20%E3%83%8E%E3%83%BC%E3%82%B9%E3%83%AA%E3%83%BC%E3%83%96%E3%83%AF%E3%83%B3%E3%83%94%E3%83%BC%E3%82%B9%20%E8%A3%BE%E3%83%95%E3%83%AA%E3%83%AB%E3%83%AF%E3%83%B3%E3%83%94%20%E3%82%86%E3%81%A3%E3%81%9F%E3%82%8A%20%E7%84%A1%E5%9C%B0%20%E3%82%B7%E3%83%B3%E3%83%97%E3%83%AB%20%E4%BD%93%E5%9E%8B%E3%82%AB%E3%83%90%E3%83%BC%20%E3%82%AB%E3%82%B8%E3%83%A5%E3%82%A2%E3%83%AB%20%E5%8F%AF%E6%84%9B%E3%81%84%20%E5%A4%A7%E4%BA%BA%20%E3%83%95%E3%82%A1%E3%83%83%E3%82%B7%E3%83%A7%E3%83%B3%20%E5%A4%8F%E6%96%B0%E4%BD%9C%20%E9%80%81%E6%96%99%E7%84%A1%E6%96%99 HTTP/1.1" 200 200962 "-" "Mozilla/5.0 (Linux; Android 6.0.1; Nexus 5X Build/MMB29P) AppleWebKit/537.36 (KHTML, like Gecko) Chrome/140.0.7339.207 Mobile Safari/537.36 (compatible; Googlebot/2.1; +http://www.google.com/bot.html)"
135.181.137.59 - - [20/Oct/2025:17:41:00 -0400] "GET /tag/super-easy-step-by-step-hairstyle-ideas/ HTTP/1.1" 200 122110 "http://wahgazab.com/beautiful-hairstyles-for-short-hair/" "Mozilla/5.0 (compatible; SeekportBot; +https://bot.seekport.com)"
135.181.137.59 - - [20/Oct/2025:17:41:01 -0400] "GET /salman-set-to-marry-this-year/ HTTP/1.1" 200 282593 "http://wahgazab.com/beautiful-hairstyles-for-short-hair/" "Mozilla/5.0 (compatible; SeekportBot; +https://bot.seekport.com)"
135.181.137.59 - - [20/Oct/2025:17:41:03 -0400] "GET /5-things-to-make-you-millionaire-without-leaving-home/ HTTP/1.1" 200 287247 "http://wahgazab.com/beautiful-hairstyles-for-short-hair/" "Mozilla/5.0 (compatible; SeekportBot; +https://bot.seekport.com)"
216.73.216.129 - - [20/Oct/2025:17:41:04 -0400] "GET /marriage-issues-5-questions-to-tackle-them HTTP/1.1" 301 - "-" "Mozilla/5.0 AppleWebKit/537.36 (KHTML, like Gecko; compatible; ClaudeBot/1.0; [email protected])"
135.181.137.59 - - [20/Oct/2025:17:41:04 -0400] "GET /tag/jalabhishek/ HTTP/1.1" 200 125010 "http://wahgazab.com/muslim-women-who-took-out-kanvad-travel-performed-jalabhishek/" "Mozilla/5.0 (compatible; SeekportBot; +https://bot.seekport.com)"
216.73.216.129 - - [20/Oct/2025:17:41:04 -0400] "GET /five-thousand-years-old-friends-get-worshiped-here-at-krishna-sudama-temple-in-ujjain/krishna-sudama-temple1/feed HTTP/1.1" 301 - "-" "Mozilla/5.0 AppleWebKit/537.36 (KHTML, like Gecko; compatible; ClaudeBot/1.0; [email protected])"
216.73.216.129 - - [20/Oct/2025:17:41:04 -0400] "GET /marriage-issues-5-questions-to-tackle-them/ HTTP/1.1" 200 283975 "http://wahgazab.com/marriage-issues-5-questions-to-tackle-them" "Mozilla/5.0 AppleWebKit/537.36 (KHTML, like Gecko; compatible; ClaudeBot/1.0; [email protected])"
216.73.216.129 - - [20/Oct/2025:17:41:05 -0400] "GET /five-thousand-years-old-friends-get-worshiped-here-at-krishna-sudama-temple-in-ujjain/krishna-sudama-temple1/feed/ HTTP/1.1" 200 952 "http://wahgazab.com/five-thousand-years-old-friends-get-worshiped-here-at-krishna-sudama-temple-in-ujjain/krishna-sudama-temple1/feed" "Mozilla/5.0 AppleWebKit/537.36 (KHTML, like Gecko; compatible; ClaudeBot/1.0; [email protected])"
216.73.216.129 - - [20/Oct/2025:17:41:06 -0400] "GET /major-events-of-january-20-in-the-history HTTP/1.1" 301 - "-" "Mozilla/5.0 AppleWebKit/537.36 (KHTML, like Gecko; compatible; ClaudeBot/1.0; [email protected])"
135.181.137.59 - - [20/Oct/2025:17:41:06 -0400] "GET /tag/kanvad-travel/ HTTP/1.1" 200 121668 "http://wahgazab.com/muslim-women-who-took-out-kanvad-travel-performed-jalabhishek/" "Mozilla/5.0 (compatible; SeekportBot; +https://bot.seekport.com)"
216.73.216.129 - - [20/Oct/2025:17:41:07 -0400] "GET /major-events-of-january-20-in-the-history/ HTTP/1.1" 200 280631 "http://wahgazab.com/major-events-of-january-20-in-the-history" "Mozilla/5.0 AppleWebKit/537.36 (KHTML, like Gecko; compatible; ClaudeBot/1.0; [email protected])"
135.181.137.59 - - [20/Oct/2025:17:41:08 -0400] "GET /tag/muslim-women/ HTTP/1.1" 200 130993 "http://wahgazab.com/muslim-women-who-took-out-kanvad-travel-performed-jalabhishek/" "Mozilla/5.0 (compatible; SeekportBot; +https://bot.seekport.com)"
135.181.137.59 - - [20/Oct/2025:17:41:09 -0400] "GET /tag/%E0%A4%95%E0%A4%BE%E0%A4%82%E0%A4%B5%E0%A4%A1%E0%A4%BC-%E0%A4%AF%E0%A4%BE%E0%A4%A4%E0%A5%8D%E0%A4%B0%E0%A4%BE/ HTTP/1.1" 200 121962 "http://wahgazab.com/muslim-women-who-took-out-kanvad-travel-performed-jalabhishek/" "Mozilla/5.0 (compatible; SeekportBot; +https://bot.seekport.com)"
135.181.137.59 - - [20/Oct/2025:17:41:11 -0400] "GET /tag/chutkule/ HTTP/1.1" 200 121106 "http://wahgazab.com/hilarious-jokes-3/" "Mozilla/5.0 (compatible; SeekportBot; +https://bot.seekport.com)"
135.181.137.59 - - [20/Oct/2025:17:41:12 -0400] "GET /tag/chutkule-in-hindi/ HTTP/1.1" 200 121178 "http://wahgazab.com/hilarious-jokes-3/" "Mozilla/5.0 (compatible; SeekportBot; +https://bot.seekport.com)"
135.181.137.59 - - [20/Oct/2025:17:41:14 -0400] "GET /tag/hilarious-jokes/ HTTP/1.1" 200 123591 "http://wahgazab.com/hilarious-jokes-3/" "Mozilla/5.0 (compatible; SeekportBot; +https://bot.seekport.com)"
135.181.137.59 - - [20/Oct/2025:17:41:15 -0400] "GET /tag/hilarious-jokes-in-hindi/ HTTP/1.1" 200 123663 "http://wahgazab.com/hilarious-jokes-3/" "Mozilla/5.0 (compatible; SeekportBot; +https://bot.seekport.com)"
135.181.137.59 - - [20/Oct/2025:17:41:17 -0400] "GET /tag/hilarious-jokes-news/ HTTP/1.1" 200 123631 "http://wahgazab.com/hilarious-jokes-3/" "Mozilla/5.0 (compatible; SeekportBot; +https://bot.seekport.com)"
135.181.137.59 - - [20/Oct/2025:17:41:18 -0400] "GET /tag/hindi-chutkule/ HTTP/1.1" 200 121154 "http://wahgazab.com/hilarious-jokes-3/" "Mozilla/5.0 (compatible; SeekportBot; +https://bot.seekport.com)"
135.181.137.59 - - [20/Oct/2025:17:41:20 -0400] "GET /tag/laughing/ HTTP/1.1" 200 127284 "http://wahgazab.com/hilarious-jokes-3/" "Mozilla/5.0 (compatible; SeekportBot; +https://bot.seekport.com)"
135.181.137.59 - - [20/Oct/2025:17:41:22 -0400] "GET /tag/laughing-jokes/ HTTP/1.1" 200 121154 "http://wahgazab.com/hilarious-jokes-3/" "Mozilla/5.0 (compatible; SeekportBot; +https://bot.seekport.com)"
135.181.137.59 - - [20/Oct/2025:17:41:23 -0400] "GET /tag/laughing-jokes-in-hindi/ HTTP/1.1" 200 121226 "http://wahgazab.com/hilarious-jokes-3/" "Mozilla/5.0 (compatible; SeekportBot; +https://bot.seekport.com)"
135.181.137.59 - - [20/Oct/2025:17:41:25 -0400] "GET /tag/santa-banta-jokes/ HTTP/1.1" 200 127860 "http://wahgazab.com/hilarious-jokes-3/" "Mozilla/5.0 (compatible; SeekportBot; +https://bot.seekport.com)"
135.181.137.59 - - [20/Oct/2025:17:41:26 -0400] "GET /tag/santa-chutkule/ HTTP/1.1" 200 121154 "http://wahgazab.com/hilarious-jokes-3/" "Mozilla/5.0 (compatible; SeekportBot; +https://bot.seekport.com)"
135.181.137.59 - - [20/Oct/2025:17:41:27 -0400] "GET /tag/santa-hindi-chutkule/ HTTP/1.1" 200 121202 "http://wahgazab.com/hilarious-jokes-3/" "Mozilla/5.0 (compatible; SeekportBot; +https://bot.seekport.com)"
135.181.137.59 - - [20/Oct/2025:17:41:29 -0400] "GET /tag/santa-hindi-jokes/ HTTP/1.1" 200 121178 "http://wahgazab.com/hilarious-jokes-3/" "Mozilla/5.0 (compatible; SeekportBot; +https://bot.seekport.com)"
135.181.137.59 - - [20/Oct/2025:17:41:30 -0400] "GET /new-trick-of-dhoni-to-win-the-world-cup/ HTTP/1.1" 200 280956 "http://wahgazab.com/hilarious-jokes-3/" "Mozilla/5.0 (compatible; SeekportBot; +https://bot.seekport.com)"
135.181.137.59 - - [20/Oct/2025:17:41:32 -0400] "GET /have-your-lucky-number-plate-on-the-vehicles/ HTTP/1.1" 200 281009 "http://wahgazab.com/hilarious-jokes-3/" "Mozilla/5.0 (compatible; SeekportBot; +https://bot.seekport.com)"
135.181.137.59 - - [20/Oct/2025:17:41:33 -0400] "GET /tag/30-year-old-rape/ HTTP/1.1" 200 121536 "http://wahgazab.com/30-year-old-rape-accused-arrested-with-help-of-condom/" "Mozilla/5.0 (compatible; SeekportBot; +https://bot.seekport.com)"
135.181.137.59 - - [20/Oct/2025:17:41:35 -0400] "GET /tag/30-year-old-rape-accused-arrested-with-help-of-condom/ HTTP/1.1" 200 121832 "http://wahgazab.com/30-year-old-rape-accused-arrested-with-help-of-condom/" "Mozilla/5.0 (compatible; SeekportBot; +https://bot.seekport.com)"
135.181.137.59 - - [20/Oct/2025:17:41:37 -0400] "GET /tag/arrested/ HTTP/1.1" 200 124393 "http://wahgazab.com/30-year-old-rape-accused-arrested-with-help-of-condom/" "Mozilla/5.0 (compatible; SeekportBot; +https://bot.seekport.com)"
135.181.137.59 - - [20/Oct/2025:17:41:38 -0400] "GET /tag/%E0%A4%B0%E0%A5%87%E0%A4%AA/ HTTP/1.1" 200 127567 "http://wahgazab.com/30-year-old-rape-accused-arrested-with-help-of-condom/" "Mozilla/5.0 (compatible; SeekportBot; +https://bot.seekport.com)"
135.181.137.59 - - [20/Oct/2025:17:41:40 -0400] "GET /these-great-warriors-of-the-mahabharata-kept-nuclear-weapons/ HTTP/1.1" 200 287399 "http://wahgazab.com/30-year-old-rape-accused-arrested-with-help-of-condom/" "Mozilla/5.0 (compatible; SeekportBot; +https://bot.seekport.com)"
135.181.137.59 - - [20/Oct/2025:17:41:41 -0400] "GET /tag/child/ HTTP/1.1" 200 149282 "http://wahgazab.com/check-out-the-video-of-the-child-who-is-known-as-the-incarnation-of-bruce-lee/" "Mozilla/5.0 (compatible; SeekportBot; +https://bot.seekport.com)"
135.181.137.59 - - [20/Oct/2025:17:41:43 -0400] "GET /tag/incarnation-of-bruce-lee/ HTTP/1.1" 200 122006 "http://wahgazab.com/check-out-the-video-of-the-child-who-is-known-as-the-incarnation-of-bruce-lee/" "Mozilla/5.0 (compatible; SeekportBot; +https://bot.seekport.com)"
135.181.137.59 - - [20/Oct/2025:17:41:44 -0400] "GET /tag/%E0%A4%AC%E0%A5%8D%E0%A4%B0%E0%A5%82%E0%A4%B8-%E0%A4%B2%E0%A5%80/ HTTP/1.1" 200 122047 "http://wahgazab.com/check-out-the-video-of-the-child-who-is-known-as-the-incarnation-of-bruce-lee/" "Mozilla/5.0 (compatible; SeekportBot; +https://bot.seekport.com)"
135.181.137.59 - - [20/Oct/2025:17:41:46 -0400] "GET /osama-was-behind-the-9-11-attacks-as-disclosed-by-his-mother/ HTTP/1.1" 200 285794 "http://wahgazab.com/check-out-the-video-of-the-child-who-is-known-as-the-incarnation-of-bruce-lee/" "Mozilla/5.0 (compatible; SeekportBot; +https://bot.seekport.com)"
135.181.137.59 - - [20/Oct/2025:17:41:47 -0400] "GET /tag/body-hair/ HTTP/1.1" 200 122059 "http://wahgazab.com/why-should-boys-shave-their-legs/" "Mozilla/5.0 (compatible; SeekportBot; +https://bot.seekport.com)"
135.181.137.59 - - [20/Oct/2025:17:41:49 -0400] "GET /tag/boys-must-undergo-shaving-legs/ HTTP/1.1" 200 122227 "http://wahgazab.com/why-should-boys-shave-their-legs/" "Mozilla/5.0 (compatible; SeekportBot; +https://bot.seekport.com)"
114.119.142.37 - - [20/Oct/2025:17:41:50 -0400] "GET /mentioned-in-the-guinness-book-of-world-records-for-lifting-55kg-weight-with-shoulder-blades/mentioned-in-the-guinness-book-of-world-records-for-lifting-55kg-weight-with-shoulder-blades-cover/ HTTP/1.1" 200 123616 "http://wahgazab.com/attachment-sitemap23.xml" "Mozilla/5.0 (Linux; Android 7.0;) AppleWebKit/537.36 (KHTML, like Gecko) Mobile Safari/537.36 (compatible; PetalBot;+https://webmaster.petalsearch.com/site/petalbot)"
135.181.137.59 - - [20/Oct/2025:17:41:50 -0400] "GET /tag/boys-must-undergo-shaving-legs-news/ HTTP/1.1" 200 122267 "http://wahgazab.com/why-should-boys-shave-their-legs/" "Mozilla/5.0 (compatible; SeekportBot; +https://bot.seekport.com)"
135.181.137.59 - - [20/Oct/2025:17:41:52 -0400] "GET /tag/boys-must-undergo-shaving-legs-news-in-hindi/ HTTP/1.1" 200 122339 "http://wahgazab.com/why-should-boys-shave-their-legs/" "Mozilla/5.0 (compatible; SeekportBot; +https://bot.seekport.com)"
135.181.137.59 - - [20/Oct/2025:17:41:53 -0400] "GET /tag/boys-shave-their-legs/ HTTP/1.1" 200 122155 "http://wahgazab.com/why-should-boys-shave-their-legs/" "Mozilla/5.0 (compatible; SeekportBot; +https://bot.seekport.com)"
135.181.137.59 - - [20/Oct/2025:17:41:55 -0400] "GET /tag/guys-who-shave-their-legs/ HTTP/1.1" 200 122187 "http://wahgazab.com/why-should-boys-shave-their-legs/" "Mozilla/5.0 (compatible; SeekportBot; +https://bot.seekport.com)"
135.181.137.59 - - [20/Oct/2025:17:41:56 -0400] "GET /tag/guys-who-shave-their-legs-tips/ HTTP/1.1" 200 122227 "http://wahgazab.com/why-should-boys-shave-their-legs/" "Mozilla/5.0 (compatible; SeekportBot; +https://bot.seekport.com)"
135.181.137.59 - - [20/Oct/2025:17:41:58 -0400] "GET /tag/guys-who-shave-their-legs-tips-in-hindi/ HTTP/1.1" 200 122299 "http://wahgazab.com/why-should-boys-shave-their-legs/" "Mozilla/5.0 (compatible; SeekportBot; +https://bot.seekport.com)"
135.181.137.59 - - [20/Oct/2025:17:41:59 -0400] "GET /tag/legs-hair/ HTTP/1.1" 200 122059 "http://wahgazab.com/why-should-boys-shave-their-legs/" "Mozilla/5.0 (compatible; SeekportBot; +https://bot.seekport.com)"
135.181.137.59 - - [20/Oct/2025:17:42:01 -0400] "GET /tag/shaving-and-waxing/ HTTP/1.1" 200 122131 "http://wahgazab.com/why-should-boys-shave-their-legs/" "Mozilla/5.0 (compatible; SeekportBot; +https://bot.seekport.com)"
135.181.137.59 - - [20/Oct/2025:17:42:02 -0400] "GET /tag/shaving-and-waxing-for-boy-leg/ HTTP/1.1" 200 122227 "http://wahgazab.com/why-should-boys-shave-their-legs/" "Mozilla/5.0 (compatible; SeekportBot; +https://bot.seekport.com)"
135.181.137.59 - - [20/Oct/2025:17:42:04 -0400] "GET /tag/shaving-and-waxing-for-boy-leg-tips/ HTTP/1.1" 200 122267 "http://wahgazab.com/why-should-boys-shave-their-legs/" "Mozilla/5.0 (compatible; SeekportBot; +https://bot.seekport.com)"
