135.181.137.59 - - [20/Oct/2025:18:06:23 -0400] "GET /tag/employees/ HTTP/1.1" 200 121444 "http://wahgazab.com/employees-get-paid-for-sleeping/" "Mozilla/5.0 (compatible; SeekportBot; +https://bot.seekport.com)"
135.181.137.59 - - [20/Oct/2025:18:06:25 -0400] "GET /tag/japan/ HTTP/1.1" 200 183867 "http://wahgazab.com/employees-get-paid-for-sleeping/" "Mozilla/5.0 (compatible; SeekportBot; +https://bot.seekport.com)"
135.181.137.59 - - [20/Oct/2025:18:06:27 -0400] "GET /tag/%E0%A4%9C%E0%A4%BE%E0%A4%AA%E0%A4%BE%E0%A4%A8/ HTTP/1.1" 200 121532 "http://wahgazab.com/employees-get-paid-for-sleeping/" "Mozilla/5.0 (compatible; SeekportBot; +https://bot.seekport.com)"
135.181.137.59 - - [20/Oct/2025:18:06:29 -0400] "GET /tag/800-km/ HTTP/1.1" 200 121406 "http://wahgazab.com/the-manager-covered-800-km-to-deliver-pizza/" "Mozilla/5.0 (compatible; SeekportBot; +https://bot.seekport.com)"
135.181.137.59 - - [20/Oct/2025:18:06:31 -0400] "GET /tag/manager/ HTTP/1.1" 200 121414 "http://wahgazab.com/the-manager-covered-800-km-to-deliver-pizza/" "Mozilla/5.0 (compatible; SeekportBot; +https://bot.seekport.com)"
135.181.137.59 - - [20/Oct/2025:18:06:32 -0400] "GET /tag/pizza/ HTTP/1.1" 200 132388 "http://wahgazab.com/the-manager-covered-800-km-to-deliver-pizza/" "Mozilla/5.0 (compatible; SeekportBot; +https://bot.seekport.com)"
51.68.247.199 - - [20/Oct/2025:18:06:33 -0400] "GET /tag/gold-in-them-thar-vault-news-in-hindi/ HTTP/1.1" 200 121630 "-" "Mozilla/5.0 (compatible; AhrefsBot/7.0; +http://ahrefs.com/robot/)"
135.181.137.59 - - [20/Oct/2025:18:06:34 -0400] "GET /tag/%E0%A4%AA%E0%A4%BF%E0%A4%9C%E0%A5%8D%E0%A4%9C%E0%A4%BE-%E0%A4%95%E0%A5%80-%E0%A4%A1%E0%A4%BF%E0%A4%B2%E0%A4%BF%E0%A4%B5%E0%A4%B0%E0%A5%80/ HTTP/1.1" 200 121862 "http://wahgazab.com/the-manager-covered-800-km-to-deliver-pizza/" "Mozilla/5.0 (compatible; SeekportBot; +https://bot.seekport.com)"
135.181.137.59 - - [20/Oct/2025:18:06:36 -0400] "GET /how-to-make-your-railway-journey-easy-during-the-festival/ HTTP/1.1" 200 283931 "http://wahgazab.com/the-manager-covered-800-km-to-deliver-pizza/" "Mozilla/5.0 (compatible; SeekportBot; +https://bot.seekport.com)"
135.181.137.59 - - [20/Oct/2025:18:06:38 -0400] "GET /cause-behind-rafale-deal-controversy/ HTTP/1.1" 200 288667 "http://wahgazab.com/category/international/page/4/" "Mozilla/5.0 (compatible; SeekportBot; +https://bot.seekport.com)"
135.181.137.59 - - [20/Oct/2025:18:06:40 -0400] "GET /amazon-founder-jeff-bezos-asks-people-how-to-spend-his-money/ HTTP/1.1" 200 288181 "http://wahgazab.com/category/international/page/4/" "Mozilla/5.0 (compatible; SeekportBot; +https://bot.seekport.com)"
135.181.137.59 - - [20/Oct/2025:18:06:42 -0400] "GET /this-tree-makes-people-blind/ HTTP/1.1" 200 281206 "http://wahgazab.com/category/international/page/4/" "Mozilla/5.0 (compatible; SeekportBot; +https://bot.seekport.com)"
135.181.137.59 - - [20/Oct/2025:18:06:44 -0400] "GET /people-drink-urine-of-dog-for-natural-glowing-skin/ HTTP/1.1" 200 281277 "http://wahgazab.com/category/international/page/4/" "Mozilla/5.0 (compatible; SeekportBot; +https://bot.seekport.com)"
135.181.137.59 - - [20/Oct/2025:18:06:46 -0400] "GET /category/international/page/5/ HTTP/1.1" 200 201634 "http://wahgazab.com/category/international/page/4/" "Mozilla/5.0 (compatible; SeekportBot; +https://bot.seekport.com)"
135.181.137.59 - - [20/Oct/2025:18:06:48 -0400] "GET /she-wore-a-dress-that-crossed-all-the-limits-of-boldness/2/ HTTP/1.1" 200 276913 "http://wahgazab.com/she-wore-a-dress-that-crossed-all-the-limits-of-boldness/" "Mozilla/5.0 (compatible; SeekportBot; +https://bot.seekport.com)"
135.181.137.59 - - [20/Oct/2025:18:06:50 -0400] "GET /she-wore-a-dress-that-crossed-all-the-limits-of-boldness/3/ HTTP/1.1" 200 276002 "http://wahgazab.com/she-wore-a-dress-that-crossed-all-the-limits-of-boldness/" "Mozilla/5.0 (compatible; SeekportBot; +https://bot.seekport.com)"
135.181.137.59 - - [20/Oct/2025:18:06:52 -0400] "GET /big-boss-welcomes-yet-another-pakistani-actress-shasha-in-season-9-after-veena-malik/ HTTP/1.1" 200 280830 "http://wahgazab.com/she-wore-a-dress-that-crossed-all-the-limits-of-boldness/" "Mozilla/5.0 (compatible; SeekportBot; +https://bot.seekport.com)"
135.181.137.59 - - [20/Oct/2025:18:06:54 -0400] "GET /pictures-can-be-made-without-using-hand-and-brush/ HTTP/1.1" 200 279248 "http://wahgazab.com/category/international/page/279/" "Mozilla/5.0 (compatible; SeekportBot; +https://bot.seekport.com)"
135.181.137.59 - - [20/Oct/2025:18:06:56 -0400] "GET /mark-zuckerberg-addressed-students-in-chinese/ HTTP/1.1" 200 279480 "http://wahgazab.com/category/international/page/279/" "Mozilla/5.0 (compatible; SeekportBot; +https://bot.seekport.com)"
135.181.137.59 - - [20/Oct/2025:18:06:58 -0400] "GET /queen-elizabeth-invited-female-engineer-of-indian-origin/ HTTP/1.1" 200 280165 "http://wahgazab.com/category/international/page/279/" "Mozilla/5.0 (compatible; SeekportBot; +https://bot.seekport.com)"
135.181.137.59 - - [20/Oct/2025:18:07:00 -0400] "GET /a-man-entered-into-the-school-with-sword-4-child-and-5-people-get-injured/ HTTP/1.1" 200 280601 "http://wahgazab.com/category/international/page/279/" "Mozilla/5.0 (compatible; SeekportBot; +https://bot.seekport.com)"
135.181.137.59 - - [20/Oct/2025:18:07:02 -0400] "GET /20-afghan-migrants-were-killed-in-iran-while-going-to-eu/ HTTP/1.1" 200 276622 "http://wahgazab.com/category/international/page/279/" "Mozilla/5.0 (compatible; SeekportBot; +https://bot.seekport.com)"
135.181.137.59 - - [20/Oct/2025:18:07:04 -0400] "GET /sikhs-in-the-us-protesting-for-prisoners-in-indian-jails/ HTTP/1.1" 200 279048 "http://wahgazab.com/category/international/page/279/" "Mozilla/5.0 (compatible; SeekportBot; +https://bot.seekport.com)"
135.181.137.59 - - [20/Oct/2025:18:07:06 -0400] "GET /pakistans-lie-revealed/ HTTP/1.1" 200 276147 "http://wahgazab.com/category/international/page/279/" "Mozilla/5.0 (compatible; SeekportBot; +https://bot.seekport.com)"
135.181.137.59 - - [20/Oct/2025:18:07:08 -0400] "GET /poets-were-punished-for-shaking-hands-with-opposite-gender-in-iraq/ HTTP/1.1" 200 279758 "http://wahgazab.com/category/international/page/278/" "Mozilla/5.0 (compatible; SeekportBot; +https://bot.seekport.com)"
135.181.137.59 - - [20/Oct/2025:18:07:10 -0400] "GET /husband-tied-and-raped-from-his-wife-for-several-hours/ HTTP/1.1" 200 276921 "http://wahgazab.com/category/international/page/278/" "Mozilla/5.0 (compatible; SeekportBot; +https://bot.seekport.com)"
135.181.137.59 - - [20/Oct/2025:18:07:12 -0400] "GET /crude-facts-male-doctors-will-face-wrath-of-community-if-they-treat-female-patients/ HTTP/1.1" 200 279103 "http://wahgazab.com/category/international/page/278/" "Mozilla/5.0 (compatible; SeekportBot; +https://bot.seekport.com)"
135.181.137.59 - - [20/Oct/2025:18:07:14 -0400] "GET /saudi-prince-in-custody-alleged-for-smuggling/ HTTP/1.1" 200 276357 "http://wahgazab.com/category/international/page/278/" "Mozilla/5.0 (compatible; SeekportBot; +https://bot.seekport.com)"
57.141.0.65 - - [20/Oct/2025:18:07:13 -0400] "GET /watch-doordarshan-on-your-mobile-phones-for-free/ HTTP/1.1" 200 283059 "-" "meta-externalagent/1.1 (+https://developers.facebook.com/docs/sharing/webmasters/crawler)"
135.181.137.59 - - [20/Oct/2025:18:07:16 -0400] "GET /pakistan-will-buy-34-t-37-fighter-planes-from-turkey/ HTTP/1.1" 200 279465 "http://wahgazab.com/category/international/page/278/" "Mozilla/5.0 (compatible; SeekportBot; +https://bot.seekport.com)"
135.181.137.59 - - [20/Oct/2025:18:07:18 -0400] "GET /osama-was-the-hero-of-pakistan-musharraf/ HTTP/1.1" 200 278651 "http://wahgazab.com/category/international/page/278/" "Mozilla/5.0 (compatible; SeekportBot; +https://bot.seekport.com)"
135.181.137.59 - - [20/Oct/2025:18:07:20 -0400] "GET /remains-of-biscuit-of-titanic-sold-in-23000-dollars/ HTTP/1.1" 200 279936 "http://wahgazab.com/category/international/page/278/" "Mozilla/5.0 (compatible; SeekportBot; +https://bot.seekport.com)"
135.181.137.59 - - [20/Oct/2025:18:07:21 -0400] "GET /atrocities-on-female-workers-by-prince-of-saudi-arabia-forced-to-roam-around-nude-in-the-villa/ HTTP/1.1" 200 279589 "http://wahgazab.com/category/international/page/278/" "Mozilla/5.0 (compatible; SeekportBot; +https://bot.seekport.com)"
135.181.137.59 - - [20/Oct/2025:18:07:23 -0400] "GET /category/international/page/277/ HTTP/1.1" 200 199251 "http://wahgazab.com/category/international/page/278/" "Mozilla/5.0 (compatible; SeekportBot; +https://bot.seekport.com)"
66.249.79.169 - - [20/Oct/2025:18:07:25 -0400] "GET /wp-content/uploads/2018/03/kikiki.jpg HTTP/1.1" 200 63536 "-" "Googlebot-Image/1.0"
135.181.137.59 - - [20/Oct/2025:18:07:25 -0400] "GET /hardik-pandya-apologizes-for-his-misogynistic-comments-in-karan-johar-show/ HTTP/1.1" 200 285767 "http://wahgazab.com/tag/hardik-pandya/" "Mozilla/5.0 (compatible; SeekportBot; +https://bot.seekport.com)"
135.181.137.59 - - [20/Oct/2025:18:07:28 -0400] "GET /this-cricketer-smashes-five-sixes-in-a-single-over/ HTTP/1.1" 200 279896 "http://wahgazab.com/tag/hardik-pandya/" "Mozilla/5.0 (compatible; SeekportBot; +https://bot.seekport.com)"
135.181.137.59 - - [20/Oct/2025:18:07:30 -0400] "GET /these-stars-have-awesome-chemistry-even-after-break-up/ HTTP/1.1" 200 284984 "http://wahgazab.com/tag/ranveer-singh/" "Mozilla/5.0 (compatible; SeekportBot; +https://bot.seekport.com)"
135.181.137.59 - - [20/Oct/2025:18:07:32 -0400] "GET /and-this-actor-makes-farooq-abdullah-dance/ HTTP/1.1" 200 281656 "http://wahgazab.com/tag/ranveer-singh/" "Mozilla/5.0 (compatible; SeekportBot; +https://bot.seekport.com)"
17.241.219.132 - - [20/Oct/2025:18:07:33 -0400] "GET /tag/promotion-news-in-hindi/ HTTP/1.1" 200 121633 "-" "Mozilla/5.0 (Macintosh; Intel Mac OS X 10_15_7) AppleWebKit/605.1.15 (KHTML, like Gecko) Version/17.4 Safari/605.1.15 (Applebot/0.1; +http://www.apple.com/go/applebot)"
135.181.137.59 - - [20/Oct/2025:18:07:34 -0400] "GET /these-5-films-are-based-on-true-incidents/ HTTP/1.1" 200 287955 "http://wahgazab.com/tag/ranveer-singh/" "Mozilla/5.0 (compatible; SeekportBot; +https://bot.seekport.com)"
135.181.137.59 - - [20/Oct/2025:18:07:36 -0400] "GET /bajirao-mastani-makes-a-real-life-couple-as-well/ HTTP/1.1" 200 282907 "http://wahgazab.com/tag/ranveer-singh/" "Mozilla/5.0 (compatible; SeekportBot; +https://bot.seekport.com)"
135.181.137.59 - - [20/Oct/2025:18:07:38 -0400] "GET /which-actress-said-kameena-to-ranveer-singh/ HTTP/1.1" 200 279083 "http://wahgazab.com/tag/ranveer-singh/" "Mozilla/5.0 (compatible; SeekportBot; +https://bot.seekport.com)"
135.181.137.59 - - [20/Oct/2025:18:07:40 -0400] "GET /bajirao-took-precedence-over-dilwale/ HTTP/1.1" 200 281786 "http://wahgazab.com/tag/ranveer-singh/" "Mozilla/5.0 (compatible; SeekportBot; +https://bot.seekport.com)"
135.181.137.59 - - [20/Oct/2025:18:07:42 -0400] "GET /deepika-padukone-trimmed-the-moustache-of-ranveer-singh/ HTTP/1.1" 200 278506 "http://wahgazab.com/tag/ranveer-singh/" "Mozilla/5.0 (compatible; SeekportBot; +https://bot.seekport.com)"
135.181.137.59 - - [20/Oct/2025:18:07:44 -0400] "GET /the-story-of-bajirao-mastani-throws-light-on-intense-love/ HTTP/1.1" 200 286795 "http://wahgazab.com/tag/ranveer-singh/" "Mozilla/5.0 (compatible; SeekportBot; +https://bot.seekport.com)"
135.181.137.59 - - [20/Oct/2025:18:07:46 -0400] "GET /the-toughest-competition-today-shahrukhs-dilwale-vs-bhansalis-bajirao-mastani/ HTTP/1.1" 200 289614 "http://wahgazab.com/tag/ranveer-singh/" "Mozilla/5.0 (compatible; SeekportBot; +https://bot.seekport.com)"
135.181.137.59 - - [20/Oct/2025:18:07:48 -0400] "GET /bajirao-mastani-film-banned-in-pakistan/ HTTP/1.1" 200 278745 "http://wahgazab.com/tag/ranveer-singh/" "Mozilla/5.0 (compatible; SeekportBot; +https://bot.seekport.com)"
135.181.137.59 - - [20/Oct/2025:18:07:51 -0400] "GET /new-song-of-bajirao-mastani-released/ HTTP/1.1" 200 279478 "http://wahgazab.com/tag/ranveer-singh/" "Mozilla/5.0 (compatible; SeekportBot; +https://bot.seekport.com)"
135.181.137.59 - - [20/Oct/2025:18:07:53 -0400] "GET /these-celebs-have-become-victim-of-the-accidents-during-shooting/ HTTP/1.1" 200 293885 "http://wahgazab.com/tag/ranveer-singh/" "Mozilla/5.0 (compatible; SeekportBot; +https://bot.seekport.com)"
135.181.137.59 - - [20/Oct/2025:18:07:55 -0400] "GET /ranveer-and-deepika-disclosed-the-favorite-song-of-bajirao-mastani/ HTTP/1.1" 200 280817 "http://wahgazab.com/tag/ranveer-singh/" "Mozilla/5.0 (compatible; SeekportBot; +https://bot.seekport.com)"
135.181.137.59 - - [20/Oct/2025:18:07:57 -0400] "GET /selfie-style-of-bollywood-celebrities/ HTTP/1.1" 200 294202 "http://wahgazab.com/tag/ranveer-singh/" "Mozilla/5.0 (compatible; SeekportBot; +https://bot.seekport.com)"
135.181.137.59 - - [20/Oct/2025:18:08:00 -0400] "GET /special-tactics-of-shahrukh-with-regard-to-dilwale-vs-bajirao-mastani/ HTTP/1.1" 200 280763 "http://wahgazab.com/tag/ranveer-singh/" "Mozilla/5.0 (compatible; SeekportBot; +https://bot.seekport.com)"
178.171.84.91 - - [20/Oct/2025:18:08:01 -0400] "GET /wp-content/uploads/2016/06/Why-aghori-sadhus-eat-human-flesh1.jpg HTTP/1.1" 404 136514 "-" "Mozilla/5.0 (Windows NT 10.0; Win64; x64; rv:123.0) Gecko/20100101 Firefox/123.0"
135.181.137.59 - - [20/Oct/2025:18:08:02 -0400] "GET /bajirao-mastani-reminded-the-love-story-of-salman-and-aishwarya/ HTTP/1.1" 200 282707 "http://wahgazab.com/tag/ranveer-singh/" "Mozilla/5.0 (compatible; SeekportBot; +https://bot.seekport.com)"
135.181.137.59 - - [20/Oct/2025:18:08:04 -0400] "GET /now-ranveer-singh-too-will-be-seen-performing-shows-at-television/ HTTP/1.1" 200 280168 "http://wahgazab.com/tag/ranveer-singh/" "Mozilla/5.0 (compatible; SeekportBot; +https://bot.seekport.com)"
66.249.79.169 - - [20/Oct/2025:18:08:06 -0400] "GET /?a=0640047073002&channel=1c1d78&from=jp.php%3Fid%3D470730-2436%26name%3D%E6%9C%80%E6%96%B0%E6%97%A5%E6%9C%AC%E5%8F%B2+%E6%95%99%E6%8E%88%E8%B3%87%E6%96%99+%E6%98%8E%E6%88%90%E7%A4%BE+%E6%AD%B4%E5%8F%B2%E4%BA%8B%E5%85%B8 HTTP/1.1" 301 - "-" "Mozilla/5.0 (Linux; Android 6.0.1; Nexus 5X Build/MMB29P) AppleWebKit/537.36 (KHTML, like Gecko) Chrome/140.0.7339.207 Mobile Safari/537.36 (compatible; Googlebot/2.1; +http://www.google.com/bot.html)"
135.181.137.59 - - [20/Oct/2025:18:08:07 -0400] "GET /deepka-padukone-and-ranveer-singh-gave-a-wonderful-performance-at-a-party/ HTTP/1.1" 200 281040 "http://wahgazab.com/tag/ranveer-singh/" "Mozilla/5.0 (compatible; SeekportBot; +https://bot.seekport.com)"
168.158.252.204 - - [20/Oct/2025:18:08:07 -0400] "GET /wp-content/uploads/2016/06/Why-aghori-sadhus-eat-human-flesh1.jpg HTTP/1.1" 404 136514 "-" "Mozilla/5.0 (Macintosh; Intel Mac OS X 10_15_7) AppleWebKit/537.36 (KHTML, like Gecko) Chrome/122.0.0.0 Safari/537.36"
135.181.137.59 - - [20/Oct/2025:18:08:09 -0400] "GET /rishi-kapoor-poked-fun-at-the-dresses-of-ranveer-singh/ HTTP/1.1" 200 279740 "http://wahgazab.com/tag/ranveer-singh/" "Mozilla/5.0 (compatible; SeekportBot; +https://bot.seekport.com)"
135.181.137.59 - - [20/Oct/2025:18:08:10 -0400] "GET /tag/ranveer-singh/page/2/ HTTP/1.1" 200 131036 "http://wahgazab.com/tag/ranveer-singh/" "Mozilla/5.0 (compatible; SeekportBot; +https://bot.seekport.com)"
54.37.118.64 - - [20/Oct/2025:18:08:12 -0400] "GET /tag/jaisalmer-in-thar/ HTTP/1.1" 200 121470 "-" "Mozilla/5.0 (compatible; AhrefsBot/7.0; +http://ahrefs.com/robot/)"
135.181.137.59 - - [20/Oct/2025:18:08:12 -0400] "GET /tag/%E0%A4%AA%E0%A4%BE%E0%A4%B0%E0%A4%B2%E0%A5%87-%E0%A4%9C%E0%A5%80/ HTTP/1.1" 200 121538 "http://wahgazab.com/shocking-truth-about-parle-g-revealed/" "Mozilla/5.0 (compatible; SeekportBot; +https://bot.seekport.com)"
135.181.137.59 - - [20/Oct/2025:18:08:16 -0400] "GET /tag/abhishek/ HTTP/1.1" 200 134682 "http://wahgazab.com/here-is-why-big-b-and-amir-served-food-to-baratis-at-isha-ambani-wedding/" "Mozilla/5.0 (compatible; SeekportBot; +https://bot.seekport.com)"
135.181.137.59 - - [20/Oct/2025:18:08:19 -0400] "GET /tag/amir-amitabh/ HTTP/1.1" 200 121766 "http://wahgazab.com/here-is-why-big-b-and-amir-served-food-to-baratis-at-isha-ambani-wedding/" "Mozilla/5.0 (compatible; SeekportBot; +https://bot.seekport.com)"
216.73.216.129 - - [20/Oct/2025:18:08:19 -0400] "GET /tag/help-of-purse-thieves-news HTTP/1.1" 301 - "-" "Mozilla/5.0 AppleWebKit/537.36 (KHTML, like Gecko; compatible; ClaudeBot/1.0; [email protected])"
216.73.216.129 - - [20/Oct/2025:18:08:20 -0400] "GET /tag/help-of-purse-thieves-news/ HTTP/1.1" 200 121736 "http://wahgazab.com/tag/help-of-purse-thieves-news" "Mozilla/5.0 AppleWebKit/537.36 (KHTML, like Gecko; compatible; ClaudeBot/1.0; [email protected])"
135.181.137.59 - - [20/Oct/2025:18:08:20 -0400] "GET /tag/%E0%A4%85%E0%A4%AE%E0%A5%8D%E0%A4%AC%E0%A4%BE%E0%A4%A8%E0%A5%80/ HTTP/1.1" 200 124814 "http://wahgazab.com/here-is-why-big-b-and-amir-served-food-to-baratis-at-isha-ambani-wedding/" "Mozilla/5.0 (compatible; SeekportBot; +https://bot.seekport.com)"
135.181.137.59 - - [20/Oct/2025:18:08:22 -0400] "GET /tag/collie/ HTTP/1.1" 200 121690 "http://wahgazab.com/coolie-from-lahore-loses-his-engineer-son-and-his-story-is-inspiring/" "Mozilla/5.0 (compatible; SeekportBot; +https://bot.seekport.com)"
135.181.137.59 - - [20/Oct/2025:18:08:23 -0400] "GET /tag/engineer-son/ HTTP/1.1" 200 121738 "http://wahgazab.com/coolie-from-lahore-loses-his-engineer-son-and-his-story-is-inspiring/" "Mozilla/5.0 (compatible; SeekportBot; +https://bot.seekport.com)"
135.181.137.59 - - [20/Oct/2025:18:08:25 -0400] "GET /tag/lahore/ HTTP/1.1" 200 132043 "http://wahgazab.com/coolie-from-lahore-loses-his-engineer-son-and-his-story-is-inspiring/" "Mozilla/5.0 (compatible; SeekportBot; +https://bot.seekport.com)"
135.181.137.59 - - [20/Oct/2025:18:08:27 -0400] "GET /tag/%E0%A4%B8%E0%A4%82%E0%A4%B0%E0%A5%8D%E0%A4%98%E0%A4%B7/ HTTP/1.1" 200 121835 "http://wahgazab.com/coolie-from-lahore-loses-his-engineer-son-and-his-story-is-inspiring/" "Mozilla/5.0 (compatible; SeekportBot; +https://bot.seekport.com)"
135.181.137.59 - - [20/Oct/2025:18:08:29 -0400] "GET /the-ingredients-present-in-johnson-powder-can-cause-cancer-to-infants/ HTTP/1.1" 200 288512 "http://wahgazab.com/coolie-from-lahore-loses-his-engineer-son-and-his-story-is-inspiring/" "Mozilla/5.0 (compatible; SeekportBot; +https://bot.seekport.com)"
135.181.137.59 - - [20/Oct/2025:18:08:31 -0400] "GET /people-play-cricket-to-sort-out-their-issues-not-for-the-entertainment/ HTTP/1.1" 200 284674 "http://wahgazab.com/tag/cricket/" "Mozilla/5.0 (compatible; SeekportBot; +https://bot.seekport.com)"
135.181.137.59 - - [20/Oct/2025:18:08:33 -0400] "GET /players-who-ends-their-lives-at-cricket-ground/ HTTP/1.1" 200 285182 "http://wahgazab.com/tag/cricket/" "Mozilla/5.0 (compatible; SeekportBot; +https://bot.seekport.com)"
135.181.137.59 - - [20/Oct/2025:18:08:35 -0400] "GET /the-biggest-cheating-in-the-cricket-history/ HTTP/1.1" 200 280245 "http://wahgazab.com/tag/cricket/" "Mozilla/5.0 (compatible; SeekportBot; +https://bot.seekport.com)"
135.181.137.59 - - [20/Oct/2025:18:08:37 -0400] "GET /this-is-how-cricket-ball-is-manufactured/ HTTP/1.1" 200 283641 "http://wahgazab.com/tag/cricket/" "Mozilla/5.0 (compatible; SeekportBot; +https://bot.seekport.com)"
66.249.79.168 - - [20/Oct/2025:18:08:37 -0400] "GET /page/110/ HTTP/1.1" 200 182953 "-" "Mozilla/5.0 (Linux; Android 6.0.1; Nexus 5X Build/MMB29P) AppleWebKit/537.36 (KHTML, like Gecko) Chrome/140.0.7339.207 Mobile Safari/537.36 (compatible; Googlebot/2.1; +http://www.google.com/bot.html)"
135.181.137.59 - - [20/Oct/2025:18:08:38 -0400] "GET /this-cricketer-scores-20-runs-on-a-single-ball/ HTTP/1.1" 200 281924 "http://wahgazab.com/tag/cricket/" "Mozilla/5.0 (compatible; SeekportBot; +https://bot.seekport.com)"
17.22.245.172 - - [20/Oct/2025:18:08:39 -0400] "GET /wp-content/plugins/td-composer/td-multi-purpose/style.css?ver=492e3cf54bd42df3b24a3de8e2307cafx HTTP/1.1" 200 38952 "http://wahgazab.com/tag/rashtrapita-mahatma/" "Mozilla/5.0 (Macintosh; Intel Mac OS X 10_15_7) AppleWebKit/605.1.15 (KHTML, like Gecko) Version/17.4 Safari/605.1.15 (Applebot/0.1; +http://www.apple.com/go/applebot)"
17.22.237.113 - - [20/Oct/2025:18:08:40 -0400] "GET /wp-includes/js/jquery/jquery.min.js?ver=3.7.1 HTTP/1.1" 200 87553 "http://wahgazab.com/tag/rashtrapita-mahatma/" "Mozilla/5.0 (Macintosh; Intel Mac OS X 10_15_7) AppleWebKit/605.1.15 (KHTML, like Gecko) Version/17.4 Safari/605.1.15 (Applebot/0.1; +http://www.apple.com/go/applebot)"
17.22.245.163 - - [20/Oct/2025:18:08:40 -0400] "GET /wp-content/plugins/td-composer/legacy/Newspaper/assets/css/td_legacy_main.css?ver=492e3cf54bd42df3b24a3de8e2307cafx HTTP/1.1" 200 173151 "http://wahgazab.com/tag/rashtrapita-mahatma/" "Mozilla/5.0 (Macintosh; Intel Mac OS X 10_15_7) AppleWebKit/605.1.15 (KHTML, like Gecko) Version/17.4 Safari/605.1.15 (Applebot/0.1; +http://www.apple.com/go/applebot)"
135.181.137.59 - - [20/Oct/2025:18:08:40 -0400] "GET /this-cricketer-was-hung-till-death/ HTTP/1.1" 200 283524 "http://wahgazab.com/tag/cricket/" "Mozilla/5.0 (compatible; SeekportBot; +https://bot.seekport.com)"
17.22.237.76 - - [20/Oct/2025:18:08:41 -0400] "GET /wp-content/plugins/td-cloud-library/assets/css/tdb_main.css?ver=d578089f160957352b9b4ca6d880fd8f HTTP/1.1" 200 48249 "http://wahgazab.com/tag/rashtrapita-mahatma/" "Mozilla/5.0 (Macintosh; Intel Mac OS X 10_15_7) AppleWebKit/605.1.15 (KHTML, like Gecko) Version/17.4 Safari/605.1.15 (Applebot/0.1; +http://www.apple.com/go/applebot)"
17.22.245.214 - - [20/Oct/2025:18:08:41 -0400] "GET /wp-content/themes/Newspaper/style.css?ver=12.7.1 HTTP/1.1" 200 158737 "http://wahgazab.com/tag/rashtrapita-mahatma/" "Mozilla/5.0 (Macintosh; Intel Mac OS X 10_15_7) AppleWebKit/605.1.15 (KHTML, like Gecko) Version/17.4 Safari/605.1.15 (Applebot/0.1; +http://www.apple.com/go/applebot)"
17.22.245.84 - - [20/Oct/2025:18:08:42 -0400] "GET /wp-includes/js/jquery/jquery-migrate.min.js?ver=3.4.1 HTTP/1.1" 200 13577 "http://wahgazab.com/tag/rashtrapita-mahatma/" "Mozilla/5.0 (Macintosh; Intel Mac OS X 10_15_7) AppleWebKit/605.1.15 (KHTML, like Gecko) Version/17.4 Safari/605.1.15 (Applebot/0.1; +http://www.apple.com/go/applebot)"
17.22.237.76 - - [20/Oct/2025:18:08:42 -0400] "GET /wp-content/plugins/td-composer/legacy/Newspaper/js/tagdiv_theme.min.js?ver=12.7.1 HTTP/1.1" 200 160112 "http://wahgazab.com/tag/rashtrapita-mahatma/" "Mozilla/5.0 (Macintosh; Intel Mac OS X 10_15_7) AppleWebKit/605.1.15 (KHTML, like Gecko) Version/17.4 Safari/605.1.15 (Applebot/0.1; +http://www.apple.com/go/applebot)"
17.22.245.163 - - [20/Oct/2025:18:08:43 -0400] "GET /wp-content/plugins/td-composer/legacy/Newspaper/js/tdSmartSidebar.js?ver=12.7.1 HTTP/1.1" 200 9966 "http://wahgazab.com/tag/rashtrapita-mahatma/" "Mozilla/5.0 (Macintosh; Intel Mac OS X 10_15_7) AppleWebKit/605.1.15 (KHTML, like Gecko) Version/17.4 Safari/605.1.15 (Applebot/0.1; +http://www.apple.com/go/applebot)"
17.22.245.163 - - [20/Oct/2025:18:08:43 -0400] "GET /wp-content/plugins/td-cloud-library/assets/js/js_files_for_front.min.js?ver=d578089f160957352b9b4ca6d880fd8f HTTP/1.1" 200 29694 "http://wahgazab.com/tag/rashtrapita-mahatma/" "Mozilla/5.0 (Macintosh; Intel Mac OS X 10_15_7) AppleWebKit/605.1.15 (KHTML, like Gecko) Version/17.4 Safari/605.1.15 (Applebot/0.1; +http://www.apple.com/go/applebot)"
135.181.137.59 - - [20/Oct/2025:18:08:42 -0400] "GET /couples-to-get-married-have-photo-shoot/ HTTP/1.1" 200 283418 "http://wahgazab.com/tag/cricket/" "Mozilla/5.0 (compatible; SeekportBot; +https://bot.seekport.com)"
17.22.245.84 - - [20/Oct/2025:18:08:44 -0400] "GET /wp-content/plugins/td-composer/legacy/Newspaper/js/tdToTop.js?ver=12.7.1 HTTP/1.1" 200 1426 "http://wahgazab.com/tag/rashtrapita-mahatma/" "Mozilla/5.0 (Macintosh; Intel Mac OS X 10_15_7) AppleWebKit/605.1.15 (KHTML, like Gecko) Version/17.4 Safari/605.1.15 (Applebot/0.1; +http://www.apple.com/go/applebot)"
17.22.237.76 - - [20/Oct/2025:18:08:44 -0400] "GET /wp-content/plugins/td-composer/legacy/Newspaper/js/tdLoginMobile.js?ver=12.7.1 HTTP/1.1" 200 6347 "http://wahgazab.com/tag/rashtrapita-mahatma/" "Mozilla/5.0 (Macintosh; Intel Mac OS X 10_15_7) AppleWebKit/605.1.15 (KHTML, like Gecko) Version/17.4 Safari/605.1.15 (Applebot/0.1; +http://www.apple.com/go/applebot)"
17.22.253.176 - - [20/Oct/2025:18:08:45 -0400] "GET /wp-content/plugins/td-composer/legacy/Newspaper/js/tdAjaxSearch.js?ver=12.7.1 HTTP/1.1" 200 6145 "http://wahgazab.com/tag/rashtrapita-mahatma/" "Mozilla/5.0 (Macintosh; Intel Mac OS X 10_15_7) AppleWebKit/605.1.15 (KHTML, like Gecko) Version/17.4 Safari/605.1.15 (Applebot/0.1; +http://www.apple.com/go/applebot)"
17.22.237.76 - - [20/Oct/2025:18:08:45 -0400] "GET /wp-content/plugins/td-cloud-library/assets/js/tdbSearch.js?ver=d578089f160957352b9b4ca6d880fd8f HTTP/1.1" 200 5945 "http://wahgazab.com/tag/rashtrapita-mahatma/" "Mozilla/5.0 (Macintosh; Intel Mac OS X 10_15_7) AppleWebKit/605.1.15 (KHTML, like Gecko) Version/17.4 Safari/605.1.15 (Applebot/0.1; +http://www.apple.com/go/applebot)"
135.181.137.59 - - [20/Oct/2025:18:08:45 -0400] "GET /this-player-is-hot-shot-in-betting-market/ HTTP/1.1" 200 287081 "http://wahgazab.com/tag/cricket/" "Mozilla/5.0 (compatible; SeekportBot; +https://bot.seekport.com)"
17.22.245.163 - - [20/Oct/2025:18:08:46 -0400] "GET /wp-content/plugins/td-cloud-library/assets/js/tdbMenu.js?ver=d578089f160957352b9b4ca6d880fd8f HTTP/1.1" 200 10781 "http://wahgazab.com/tag/rashtrapita-mahatma/" "Mozilla/5.0 (Macintosh; Intel Mac OS X 10_15_7) AppleWebKit/605.1.15 (KHTML, like Gecko) Version/17.4 Safari/605.1.15 (Applebot/0.1; +http://www.apple.com/go/applebot)"
17.22.245.214 - - [20/Oct/2025:18:08:46 -0400] "GET /wp-content/plugins/td-composer/legacy/Newspaper/js/tdMenu.js?ver=12.7.1 HTTP/1.1" 200 4530 "http://wahgazab.com/tag/rashtrapita-mahatma/" "Mozilla/5.0 (Macintosh; Intel Mac OS X 10_15_7) AppleWebKit/605.1.15 (KHTML, like Gecko) Version/17.4 Safari/605.1.15 (Applebot/0.1; +http://www.apple.com/go/applebot)"
17.22.253.176 - - [20/Oct/2025:18:08:47 -0400] "GET /wp-includes/js/wp-emoji-release.min.js?ver=6.8.3 HTTP/1.1" 200 19251 "http://wahgazab.com/tag/rashtrapita-mahatma/" "Mozilla/5.0 (Macintosh; Intel Mac OS X 10_15_7) AppleWebKit/605.1.15 (KHTML, like Gecko) Version/17.4 Safari/605.1.15 (Applebot/0.1; +http://www.apple.com/go/applebot)"
135.181.137.59 - - [20/Oct/2025:18:08:47 -0400] "GET /amitabh-paid-tribute-to-country-and-cricket-this-way/ HTTP/1.1" 200 282257 "http://wahgazab.com/tag/cricket/" "Mozilla/5.0 (compatible; SeekportBot; +https://bot.seekport.com)"
220.181.108.102 - - [20/Oct/2025:18:08:46 -0400] "GET /know-how-your-house-can-stay-cool-even-after-the-electricity-is-down/ HTTP/1.1" 200 284657 "-" "Mozilla/5.0 (compatible; Baiduspider/2.0; +http://www.baidu.com/search/spider.html)"
135.181.137.59 - - [20/Oct/2025:18:08:49 -0400] "GET /team-india-new-look-in-t-20-worldcup/ HTTP/1.1" 200 281771 "http://wahgazab.com/tag/cricket/" "Mozilla/5.0 (compatible; SeekportBot; +https://bot.seekport.com)"
158.46.155.147 - - [20/Oct/2025:18:08:49 -0400] "GET /wp-content/uploads/2017/12/know-about-Atal-Bihari-Vajapyee-on-his-birthday-with-these-amazing-pictures.jpg HTTP/1.1" 200 106689 "-" "Mozilla/5.0 (Macintosh; Intel Mac OS X 14_3_1) AppleWebKit/605.1.15 (KHTML, like Gecko) Version/17.2 Safari/605.1.15"
135.181.137.59 - - [20/Oct/2025:18:08:51 -0400] "GET /high-spirits-have-the-vision/ HTTP/1.1" 200 282807 "http://wahgazab.com/tag/cricket/" "Mozilla/5.0 (compatible; SeekportBot; +https://bot.seekport.com)"
135.181.137.59 - - [20/Oct/2025:18:08:53 -0400] "GET /t-20-world-cup-icc-condemns-pcb/ HTTP/1.1" 200 281731 "http://wahgazab.com/tag/cricket/" "Mozilla/5.0 (compatible; SeekportBot; +https://bot.seekport.com)"
116.179.37.50 - - [20/Oct/2025:18:08:54 -0400] "GET /wp-content/uploads/2018/05/se-4.jpg HTTP/1.1" 200 61976 "http://wahgazab.com/know-how-your-house-can-stay-cool-even-after-the-electricity-is-down/" "Mozilla/5.0 (compatible; Baiduspider-render/2.0; +http://www.baidu.com/search/spider.html)"
116.179.37.199 - - [20/Oct/2025:18:08:54 -0400] "GET /wp-content/uploads/2018/05/se-cover.jpg HTTP/1.1" 200 120792 "http://wahgazab.com/know-how-your-house-can-stay-cool-even-after-the-electricity-is-down/" "Mozilla/5.0 (compatible; Baiduspider-render/2.0; +http://www.baidu.com/search/spider.html)"
116.179.37.125 - - [20/Oct/2025:18:08:54 -0400] "GET /wp-content/uploads/2018/05/se-2.jpg HTTP/1.1" 200 118285 "http://wahgazab.com/know-how-your-house-can-stay-cool-even-after-the-electricity-is-down/" "Mozilla/5.0 (compatible; Baiduspider-render/2.0; +http://www.baidu.com/search/spider.html)"
116.179.37.95 - - [20/Oct/2025:18:08:54 -0400] "GET /wp-content/uploads/2018/05/se-3.jpg HTTP/1.1" 200 124936 "http://wahgazab.com/know-how-your-house-can-stay-cool-even-after-the-electricity-is-down/" "Mozilla/5.0 (compatible; Baiduspider-render/2.0; +http://www.baidu.com/search/spider.html)"
116.179.37.40 - - [20/Oct/2025:18:08:54 -0400] "GET /wp-content/uploads/2018/05/se-1.jpg HTTP/1.1" 200 145156 "http://wahgazab.com/know-how-your-house-can-stay-cool-even-after-the-electricity-is-down/" "Mozilla/5.0 (compatible; Baiduspider-render/2.0; +http://www.baidu.com/search/spider.html)"
135.181.137.59 - - [20/Oct/2025:18:08:55 -0400] "GET /big-achievement-of-this-player-in-cricket-history/ HTTP/1.1" 200 283804 "http://wahgazab.com/tag/cricket/" "Mozilla/5.0 (compatible; SeekportBot; +https://bot.seekport.com)"
135.181.137.59 - - [20/Oct/2025:18:08:57 -0400] "GET /played-ranji-with-rented-shoes-got-3-20-crore-in-ipl/ HTTP/1.1" 200 282030 "http://wahgazab.com/tag/cricket/" "Mozilla/5.0 (compatible; SeekportBot; +https://bot.seekport.com)"
135.181.137.59 - - [20/Oct/2025:18:08:59 -0400] "GET /misconduct-of-players-would-cost-too-much-in-sports/ HTTP/1.1" 200 282409 "http://wahgazab.com/tag/cricket/" "Mozilla/5.0 (compatible; SeekportBot; +https://bot.seekport.com)"
135.181.137.59 - - [20/Oct/2025:18:09:01 -0400] "GET /happy-birthday-mohamed-azharudeen/ HTTP/1.1" 200 281838 "http://wahgazab.com/tag/cricket/" "Mozilla/5.0 (compatible; SeekportBot; +https://bot.seekport.com)"
135.181.137.59 - - [20/Oct/2025:18:09:03 -0400] "GET /tag/cricket/page/2/ HTTP/1.1" 200 177897 "http://wahgazab.com/tag/cricket/" "Mozilla/5.0 (compatible; SeekportBot; +https://bot.seekport.com)"
135.181.137.59 - - [20/Oct/2025:18:09:05 -0400] "GET /tag/cricket/page/3/ HTTP/1.1" 200 178303 "http://wahgazab.com/tag/cricket/" "Mozilla/5.0 (compatible; SeekportBot; +https://bot.seekport.com)"
135.181.137.59 - - [20/Oct/2025:18:09:07 -0400] "GET /tag/cricket/page/6/ HTTP/1.1" 200 161424 "http://wahgazab.com/tag/cricket/" "Mozilla/5.0 (compatible; SeekportBot; +https://bot.seekport.com)"
135.181.137.59 - - [20/Oct/2025:18:09:09 -0400] "GET /srk-son-abram-just-steals-the-show/ HTTP/1.1" 200 282007 "http://wahgazab.com/tag/man-of-the-match/" "Mozilla/5.0 (compatible; SeekportBot; +https://bot.seekport.com)"
135.181.137.59 - - [20/Oct/2025:18:09:11 -0400] "GET /kohli-sets-another-new-record/ HTTP/1.1" 200 279915 "http://wahgazab.com/tag/man-of-the-match/" "Mozilla/5.0 (compatible; SeekportBot; +https://bot.seekport.com)"
135.181.137.59 - - [20/Oct/2025:18:09:13 -0400] "GET /new-records-are-set-in-t-20-with-excellent-opening/ HTTP/1.1" 200 283786 "http://wahgazab.com/tag/man-of-the-match/" "Mozilla/5.0 (compatible; SeekportBot; +https://bot.seekport.com)"
135.181.137.59 - - [20/Oct/2025:18:09:15 -0400] "GET /tag/britian/ HTTP/1.1" 200 121560 "http://wahgazab.com/britain-still-holds-the-possession-of-independent-india/" "Mozilla/5.0 (compatible; SeekportBot; +https://bot.seekport.com)"
34.174.135.199 - - [20/Oct/2025:18:09:17 -0400] "GET /wp-content/uploads/2017/08/exceptional-journey-of-phoolan-devi-from-a-dacoit-to-a-politician-1.jpg HTTP/1.1" 200 92185 "-" "Mozilla/5.0 (Macintosh; Intel Mac OS X 10_15_7) AppleWebKit/537.36 (KHTML, like Gecko) Chrome/122.0.0.0 Safari/537.36"
135.181.137.59 - - [20/Oct/2025:18:09:17 -0400] "GET /tag/possession-of-independent-india/ HTTP/1.1" 200 121752 "http://wahgazab.com/britain-still-holds-the-possession-of-independent-india/" "Mozilla/5.0 (compatible; SeekportBot; +https://bot.seekport.com)"
135.181.137.59 - - [20/Oct/2025:18:09:19 -0400] "GET /tag/%E0%A4%B0%E0%A5%87%E0%A4%B2%E0%A4%B5%E0%A5%87/ HTTP/1.1" 200 133960 "http://wahgazab.com/britain-still-holds-the-possession-of-independent-india/" "Mozilla/5.0 (compatible; SeekportBot; +https://bot.seekport.com)"
135.181.137.59 - - [20/Oct/2025:18:09:20 -0400] "GET /tag/atal-bihari-vajpayee/ HTTP/1.1" 200 141659 "http://wahgazab.com/when-the-boy-asked-for-eidi-from-former-prime-minister-atal-bihari-vajpayee/" "Mozilla/5.0 (compatible; SeekportBot; +https://bot.seekport.com)"
135.181.137.59 - - [20/Oct/2025:18:09:22 -0400] "GET /tag/boy-asked-for-eidi/ HTTP/1.1" 200 121893 "http://wahgazab.com/when-the-boy-asked-for-eidi-from-former-prime-minister-atal-bihari-vajpayee/" "Mozilla/5.0 (compatible; SeekportBot; +https://bot.seekport.com)"
37.139.53.253 - - [20/Oct/2025:18:09:23 -0400] "GET /never-plant-these-inauspicious-plant-in-your-house-as-it-can-cause-damage/ HTTP/1.0" 200 286281 "http://wahgazab.com/never-plant-these-inauspicious-plant-in-your-house-as-it-can-cause-damage/" "Mozilla/5.0 (Windows NT 10.0; Win64; x64) AppleWebKit/537.36 (KHTML, like Gecko) Chrome/131.0.0.0 Safari/537.36 Avast/131.0.0.0"
135.181.137.59 - - [20/Oct/2025:18:09:24 -0400] "GET /tag/%E0%A4%AA%E0%A5%82%E0%A4%B0%E0%A5%8D%E0%A4%B5-%E0%A4%AA%E0%A5%8D%E0%A4%B0%E0%A4%A7%E0%A4%BE%E0%A4%A8%E0%A4%AE%E0%A4%82%E0%A4%A4%E0%A5%8D%E0%A4%B0%E0%A5%80-%E0%A4%85%E0%A4%9F%E0%A4%B2-%E0%A4%AC/ HTTP/1.1" 200 122533 "http://wahgazab.com/when-the-boy-asked-for-eidi-from-former-prime-minister-atal-bihari-vajpayee/" "Mozilla/5.0 (compatible; SeekportBot; +https://bot.seekport.com)"
135.181.137.59 - - [20/Oct/2025:18:09:26 -0400] "GET /foreign-couple-booked-train-in-two-and-half-lakhs/ HTTP/1.1" 200 285211 "http://wahgazab.com/when-the-boy-asked-for-eidi-from-former-prime-minister-atal-bihari-vajpayee/" "Mozilla/5.0 (compatible; SeekportBot; +https://bot.seekport.com)"
135.181.137.59 - - [20/Oct/2025:18:09:28 -0400] "GET /sehwag-teaches-few-lessons-to-wwe-wrestlers/ HTTP/1.1" 200 282140 "http://wahgazab.com/tag/cricketers/" "Mozilla/5.0 (compatible; SeekportBot; +https://bot.seekport.com)"
135.181.137.59 - - [20/Oct/2025:18:09:30 -0400] "GET /these-cricketers-announce-retirement-together/ HTTP/1.1" 200 281699 "http://wahgazab.com/tag/cricketers/" "Mozilla/5.0 (compatible; SeekportBot; +https://bot.seekport.com)"
135.181.137.59 - - [20/Oct/2025:18:09:32 -0400] "GET /these-city-of-the-country-known-as-mini-england-is-famous-for-trekking/ HTTP/1.1" 200 284746 "http://wahgazab.com/tag/england/" "Mozilla/5.0 (compatible; SeekportBot; +https://bot.seekport.com)"
135.181.137.59 - - [20/Oct/2025:18:09:34 -0400] "GET /a-woman-surprisingly-gave-birth-to-a-child-right-after-her-marriage/ HTTP/1.1" 200 284286 "http://wahgazab.com/tag/england/" "Mozilla/5.0 (compatible; SeekportBot; +https://bot.seekport.com)"
135.181.137.59 - - [20/Oct/2025:18:09:35 -0400] "GET /first-sikh-indian-cricketer-of-india-named-lal-singh/ HTTP/1.1" 200 284434 "http://wahgazab.com/tag/england/" "Mozilla/5.0 (compatible; SeekportBot; +https://bot.seekport.com)"
135.181.137.59 - - [20/Oct/2025:18:09:38 -0400] "GET /know-more-about-the-girl-who-is-going-to-get-married-with-a-chandelier/ HTTP/1.1" 200 283824 "http://wahgazab.com/tag/england/" "Mozilla/5.0 (compatible; SeekportBot; +https://bot.seekport.com)"
37.139.53.253 - - [20/Oct/2025:18:09:24 -0400] "POST /wp-comments-post.php HTTP/1.0" 302 - "http://wahgazab.com/never-plant-these-inauspicious-plant-in-your-house-as-it-can-cause-damage/" "Mozilla/5.0 (Windows NT 10.0; Win64; x64) AppleWebKit/537.36 (KHTML, like Gecko) Chrome/131.0.0.0 Safari/537.36 Avast/131.0.0.0"
135.181.137.59 - - [20/Oct/2025:18:09:40 -0400] "GET /this-is-the-first-prime-minister-before-pandit-nehru/ HTTP/1.1" 200 283941 "http://wahgazab.com/tag/england/" "Mozilla/5.0 (compatible; SeekportBot; +https://bot.seekport.com)"
37.139.53.253 - - [20/Oct/2025:18:09:41 -0400] "GET /never-plant-these-inauspicious-plant-in-your-house-as-it-can-cause-damage/ HTTP/1.0" 200 359063 "http://wahgazab.com/never-plant-these-inauspicious-plant-in-your-house-as-it-can-cause-damage/#comment-20287" "Mozilla/5.0 (Windows NT 10.0; Win64; x64) AppleWebKit/537.36 (KHTML, like Gecko) Chrome/131.0.0.0 Safari/537.36 Avast/131.0.0.0"
135.181.137.59 - - [20/Oct/2025:18:09:42 -0400] "GET /postcard-celebrating-its-148th-birthday/ HTTP/1.1" 200 284796 "http://wahgazab.com/tag/england/" "Mozilla/5.0 (compatible; SeekportBot; +https://bot.seekport.com)"
135.181.137.59 - - [20/Oct/2025:18:09:44 -0400] "GET /this-strange-marriage-took-place-which-costs-only-11-rupees/ HTTP/1.1" 200 283736 "http://wahgazab.com/tag/england/" "Mozilla/5.0 (compatible; SeekportBot; +https://bot.seekport.com)"
135.181.137.59 - - [20/Oct/2025:18:09:45 -0400] "GET /a-dog-gets-job-in-a-school-and-attends-meetings-as-well/ HTTP/1.1" 200 282935 "http://wahgazab.com/tag/england/" "Mozilla/5.0 (compatible; SeekportBot; +https://bot.seekport.com)"
66.249.79.168 - - [20/Oct/2025:18:09:46 -0400] "GET /page/110/ HTTP/1.1" 200 182953 "-" "Mozilla/5.0 (Linux; Android 6.0.1; Nexus 5X Build/MMB29P) AppleWebKit/537.36 (KHTML, like Gecko) Chrome/140.0.7339.207 Mobile Safari/537.36 (compatible; GoogleOther)"
135.181.137.59 - - [20/Oct/2025:18:09:47 -0400] "GET /this-woman-becomes-rich-by-spending-just-99-rupees/ HTTP/1.1" 200 281359 "http://wahgazab.com/tag/england/" "Mozilla/5.0 (compatible; SeekportBot; +https://bot.seekport.com)"
135.181.137.59 - - [20/Oct/2025:18:09:49 -0400] "GET /this-64-years-old-woman-gets-physical-with-a-dog/ HTTP/1.1" 200 281639 "http://wahgazab.com/tag/england/" "Mozilla/5.0 (compatible; SeekportBot; +https://bot.seekport.com)"
135.181.137.59 - - [20/Oct/2025:18:09:51 -0400] "GET /this-boy-looks-like-a-dead-creature-being-alive/ HTTP/1.1" 200 282416 "http://wahgazab.com/tag/england/" "Mozilla/5.0 (compatible; SeekportBot; +https://bot.seekport.com)"
135.181.137.59 - - [20/Oct/2025:18:09:53 -0400] "GET /husband-made-a-machine-instead-of-preparing-breakfast-for-wife/ HTTP/1.1" 200 282402 "http://wahgazab.com/tag/england/" "Mozilla/5.0 (compatible; SeekportBot; +https://bot.seekport.com)"
135.181.137.59 - - [20/Oct/2025:18:09:55 -0400] "GET /apples-falling-from-the-sky-here-at-coventry-in-uk/ HTTP/1.1" 200 282931 "http://wahgazab.com/tag/england/" "Mozilla/5.0 (compatible; SeekportBot; +https://bot.seekport.com)"
135.181.137.59 - - [20/Oct/2025:18:09:57 -0400] "GET /people-who-have-been-to-this-river-never-came-back/ HTTP/1.1" 200 282823 "http://wahgazab.com/tag/england/" "Mozilla/5.0 (compatible; SeekportBot; +https://bot.seekport.com)"
54.37.118.84 - - [20/Oct/2025:18:09:59 -0400] "GET /tag/jaisalmer-news/ HTTP/1.1" 200 121446 "-" "Mozilla/5.0 (compatible; AhrefsBot/7.0; +http://ahrefs.com/robot/)"
135.181.137.59 - - [20/Oct/2025:18:10:00 -0400] "GET /woman-claims-that-pokemon-character-rapes-her/ HTTP/1.1" 200 281072 "http://wahgazab.com/tag/england/" "Mozilla/5.0 (compatible; SeekportBot; +https://bot.seekport.com)"
135.181.137.59 - - [20/Oct/2025:18:10:02 -0400] "GET /this-boy-eats-his-own-body-parts-when-feeling-hungry/ HTTP/1.1" 200 281451 "http://wahgazab.com/tag/england/" "Mozilla/5.0 (compatible; SeekportBot; +https://bot.seekport.com)"
135.181.137.59 - - [20/Oct/2025:18:10:04 -0400] "GET /mysterious-house-keeps-weeping-oil/ HTTP/1.1" 200 280393 "http://wahgazab.com/tag/england/" "Mozilla/5.0 (compatible; SeekportBot; +https://bot.seekport.com)"
135.181.137.59 - - [20/Oct/2025:18:10:06 -0400] "GET /who-visits-this-mysterious-well-becomes-stone-bodied/ HTTP/1.1" 200 282780 "http://wahgazab.com/tag/england/" "Mozilla/5.0 (compatible; SeekportBot; +https://bot.seekport.com)"
135.181.137.59 - - [20/Oct/2025:18:10:08 -0400] "GET /tag/england/page/2/ HTTP/1.1" 200 162360 "http://wahgazab.com/tag/england/" "Mozilla/5.0 (compatible; SeekportBot; +https://bot.seekport.com)"
135.181.137.59 - - [20/Oct/2025:18:10:10 -0400] "GET /this-is-the-cheapest-garments-market-in-india-where-people-can-buy-a-jean-for-rs-150-and-a-shirt-for-just-rs-90/ HTTP/1.1" 200 285932 "http://wahgazab.com/tag/india/" "Mozilla/5.0 (compatible; SeekportBot; +https://bot.seekport.com)"
66.249.79.169 - - [20/Oct/2025:18:10:10 -0400] "GET /?a=09812102258004&channel=4a752d&from=news.php%3Fid%3D1022580-8041%26name%3D%E5%B7%9D%E5%B3%B6%E7%B9%94%E7%89%A9%E3%82%BB%E3%83%AB%E3%82%B3%E3%83%B3+itto+%E3%82%A4%E3%83%83%E3%83%88+%E3%82%AA%E3%83%BC%E3%83%80%E3%83%BC%E3%82%AB%E3%83%BC%E3%83%86%E3%83%B3+%E5%BD%A2%E6%85%8B%E5%AE%89%E5%AE%9A%E5%8A%A0%E5%B7%A5+%E3%83%AC%E3%83%BC%E3%82%B9%E2%96%BC%E3%82%BD%E3%83%95%E3%83%88%E3%82%A6%E3%82%A7%E3%83%BC%E3%83%96%E7%B8%AB%E8%A3%BD+%E7%B4%841.5%E5%80%8D%E3%83%92%E3%83%80+%E4%B8%A1%E9%96%8B%E3%81%8D%E2%96%BCTT9328%E3%80%9C9330+%E9%98%B2%E7%82%8E%3Cbr%3E%E3%80%90%E3%82%AB%E3%83%BC%E3%83%86%E3%83%B3%E5%B9%85670%E3%80%9C820%C3%97%E3%82%AB%E3%83%B3%E4%B8%8B%E5%AF%B8%E6%B3%951010%E3%80%9C1200mm%E3%80%91 HTTP/1.1" 301 - "-" "Mozilla/5.0 (Linux; Android 6.0.1; Nexus 5X Build/MMB29P) AppleWebKit/537.36 (KHTML, like Gecko) Chrome/140.0.7339.207 Mobile Safari/537.36 (compatible; Googlebot/2.1; +http://www.google.com/bot.html)"
135.181.137.59 - - [20/Oct/2025:18:10:12 -0400] "GET /know-why-pm-modis-picture-is-popping-up-on-google-when-asking-for-the-first-prime-minister-of-india/ HTTP/1.1" 200 283252 "http://wahgazab.com/tag/india/" "Mozilla/5.0 (compatible; SeekportBot; +https://bot.seekport.com)"
66.249.79.170 - - [20/Oct/2025:18:10:11 -0400] "GET /?a=09812102258004&channel=4a752d&from=news.php%3Fid%3D1022580-8041%26name%3D%E5%B7%9D%E5%B3%B6%E7%B9%94%E7%89%A9%E3%82%BB%E3%83%AB%E3%82%B3%E3%83%B3%20itto%20%E3%82%A4%E3%83%83%E3%83%88%20%E3%82%AA%E3%83%BC%E3%83%80%E3%83%BC%E3%82%AB%E3%83%BC%E3%83%86%E3%83%B3%20%E5%BD%A2%E6%85%8B%E5%AE%89%E5%AE%9A%E5%8A%A0%E5%B7%A5%20%E3%83%AC%E3%83%BC%E3%82%B9%E2%96%BC%E3%82%BD%E3%83%95%E3%83%88%E3%82%A6%E3%82%A7%E3%83%BC%E3%83%96%E7%B8%AB%E8%A3%BD%20%E7%B4%841.5%E5%80%8D%E3%83%92%E3%83%80%20%E4%B8%A1%E9%96%8B%E3%81%8D%E2%96%BCTT9328%E3%80%9C9330%20%E9%98%B2%E7%82%8E%3Cbr%3E%E3%80%90%E3%82%AB%E3%83%BC%E3%83%86%E3%83%B3%E5%B9%85670%E3%80%9C820%C3%97%E3%82%AB%E3%83%B3%E4%B8%8B%E5%AF%B8%E6%B3%951010%E3%80%9C1200mm%E3%80%91 HTTP/1.1" 200 200962 "-" "Mozilla/5.0 (Linux; Android 6.0.1; Nexus 5X Build/MMB29P) AppleWebKit/537.36 (KHTML, like Gecko) Chrome/140.0.7339.207 Mobile Safari/537.36 (compatible; Googlebot/2.1; +http://www.google.com/bot.html)"
135.181.137.59 - - [20/Oct/2025:18:10:14 -0400] "GET /meet-this-drivers-son-who-got-india-its-first-gold-medal-at-commonwealth-2018/ HTTP/1.1" 200 283669 "http://wahgazab.com/tag/india/" "Mozilla/5.0 (compatible; SeekportBot; +https://bot.seekport.com)"
135.181.137.59 - - [20/Oct/2025:18:10:16 -0400] "GET /know-about-this-place-which-is-also-known-as-switzerland-of-india/ HTTP/1.1" 200 284732 "http://wahgazab.com/tag/india/" "Mozilla/5.0 (compatible; SeekportBot; +https://bot.seekport.com)"
135.181.137.59 - - [20/Oct/2025:18:10:17 -0400] "GET /foreigners-learning-hindi-shows-the-increasing-power-of-india-over-the-world/ HTTP/1.1" 200 285176 "http://wahgazab.com/tag/india/" "Mozilla/5.0 (compatible; SeekportBot; +https://bot.seekport.com)"
135.181.137.59 - - [20/Oct/2025:18:10:19 -0400] "GET /this-is-the-tallest-couple-of-india-when-it-comes-to-height/ HTTP/1.1" 200 285062 "http://wahgazab.com/tag/india/" "Mozilla/5.0 (compatible; SeekportBot; +https://bot.seekport.com)"
135.181.137.59 - - [20/Oct/2025:18:10:21 -0400] "GET /a-car-running-without-petrol-and-diesel-will-be-manufactured-in-india/ HTTP/1.1" 200 284020 "http://wahgazab.com/tag/india/" "Mozilla/5.0 (compatible; SeekportBot; +https://bot.seekport.com)"
135.181.137.59 - - [20/Oct/2025:18:10:24 -0400] "GET /watch-pictures-of-3-most-beautiful-and-economical-travel-destinations-in-india/ HTTP/1.1" 200 287594 "http://wahgazab.com/tag/india/" "Mozilla/5.0 (compatible; SeekportBot; +https://bot.seekport.com)"
135.181.137.59 - - [20/Oct/2025:18:10:26 -0400] "GET /this-railway-station-added-to-the-limca-book-of-world-records-because-of-women/ HTTP/1.1" 200 286529 "http://wahgazab.com/tag/india/" "Mozilla/5.0 (compatible; SeekportBot; +https://bot.seekport.com)"
135.181.137.59 - - [20/Oct/2025:18:10:28 -0400] "GET /learn-how-to-book-gas-cylinders-on-facebook-and-twitter/ HTTP/1.1" 200 284975 "http://wahgazab.com/tag/india/" "Mozilla/5.0 (compatible; SeekportBot; +https://bot.seekport.com)"
135.181.137.59 - - [20/Oct/2025:18:10:30 -0400] "GET /know-about-the-important-events-that-happened-in-august-2017/ HTTP/1.1" 200 290388 "http://wahgazab.com/tag/india/" "Mozilla/5.0 (compatible; SeekportBot; +https://bot.seekport.com)"
135.181.137.59 - - [20/Oct/2025:18:10:32 -0400] "GET /this-gang-in-rajasthan-competes-to-steal-the-vehicle/ HTTP/1.1" 200 283543 "http://wahgazab.com/tag/india/" "Mozilla/5.0 (compatible; SeekportBot; +https://bot.seekport.com)"
135.181.137.59 - - [20/Oct/2025:18:10:34 -0400] "GET /this-physically-challenged-girl-has-shown-her-talent-and-was-offered-many-govt-jobs/ HTTP/1.1" 200 286668 "http://wahgazab.com/tag/india/" "Mozilla/5.0 (compatible; SeekportBot; +https://bot.seekport.com)"
135.181.137.59 - - [20/Oct/2025:18:10:36 -0400] "GET /know-about-the-events-that-happened-in-may-2017/ HTTP/1.1" 200 289635 "http://wahgazab.com/tag/india/" "Mozilla/5.0 (compatible; SeekportBot; +https://bot.seekport.com)"
135.181.137.59 - - [20/Oct/2025:18:10:38 -0400] "GET /did-jesus-christ-spend-his-last-years-in-india-and-was-inspired-from-buddhism/ HTTP/1.1" 200 290503 "http://wahgazab.com/tag/india/" "Mozilla/5.0 (compatible; SeekportBot; +https://bot.seekport.com)"
135.181.137.59 - - [20/Oct/2025:18:10:41 -0400] "GET /one-sided-love-lover-burns-a-22-year-old-girl-alive/ HTTP/1.1" 200 282982 "http://wahgazab.com/tag/india/" "Mozilla/5.0 (compatible; SeekportBot; +https://bot.seekport.com)"
135.181.137.59 - - [20/Oct/2025:18:10:43 -0400] "GET /know-about-a-beggar-who-turned-out-to-be-a-millionaire/ HTTP/1.1" 200 283763 "http://wahgazab.com/tag/india/" "Mozilla/5.0 (compatible; SeekportBot; +https://bot.seekport.com)"
135.181.137.59 - - [20/Oct/2025:18:10:45 -0400] "GET /tag/india/page/2/ HTTP/1.1" 200 185393 "http://wahgazab.com/tag/india/" "Mozilla/5.0 (compatible; SeekportBot; +https://bot.seekport.com)"
135.181.137.59 - - [20/Oct/2025:18:10:47 -0400] "GET /tag/india/page/3/ HTTP/1.1" 200 186376 "http://wahgazab.com/tag/india/" "Mozilla/5.0 (compatible; SeekportBot; +https://bot.seekport.com)"
135.181.137.59 - - [20/Oct/2025:18:10:49 -0400] "GET /tag/india/page/15/ HTTP/1.1" 200 134316 "http://wahgazab.com/tag/india/" "Mozilla/5.0 (compatible; SeekportBot; +https://bot.seekport.com)"
135.181.137.59 - - [20/Oct/2025:18:10:52 -0400] "GET /dravid-hops-into-another-year-happy-birthday-the-wall/ HTTP/1.1" 200 285414 "http://wahgazab.com/tag/rahul-dravid/" "Mozilla/5.0 (compatible; SeekportBot; +https://bot.seekport.com)"
135.181.137.59 - - [20/Oct/2025:18:10:54 -0400] "GET /dravid-likes-his-simple-hairstyle/ HTTP/1.1" 200 279070 "http://wahgazab.com/tag/rahul-dravid/" "Mozilla/5.0 (compatible; SeekportBot; +https://bot.seekport.com)"
185.245.105.171 - - [20/Oct/2025:18:10:54 -0400] "GET /bank-employee-from-pune-sets-an-example/ HTTP/1.0" 200 281138 "http://wahgazab.com/bank-employee-from-pune-sets-an-example/" "Mozilla/5.0 (Windows NT 10.0; Win64; x64) AppleWebKit/537.36 (KHTML, like Gecko) Chrome/131.0.0.0 Safari/537.36 Avast/131.0.0.0"
185.245.105.171 - - [20/Oct/2025:18:10:55 -0400] "POST /wp-comments-post.php HTTP/1.0" 302 - "http://wahgazab.com/bank-employee-from-pune-sets-an-example/" "Mozilla/5.0 (Windows NT 10.0; Win64; x64) AppleWebKit/537.36 (KHTML, like Gecko) Chrome/131.0.0.0 Safari/537.36 Avast/131.0.0.0"
135.181.137.59 - - [20/Oct/2025:18:10:56 -0400] "GET /cricket-fans-missed-the-four-best-legend-the-match-in-mohali/ HTTP/1.1" 200 279644 "http://wahgazab.com/tag/rahul-dravid/" "Mozilla/5.0 (compatible; SeekportBot; +https://bot.seekport.com)"
185.245.105.171 - - [20/Oct/2025:18:10:56 -0400] "GET /bank-employee-from-pune-sets-an-example/ HTTP/1.0" 200 204776 "http://wahgazab.com/bank-employee-from-pune-sets-an-example/#comment-20288" "Mozilla/5.0 (Windows NT 10.0; Win64; x64) AppleWebKit/537.36 (KHTML, like Gecko) Chrome/131.0.0.0 Safari/537.36 Avast/131.0.0.0"
135.181.137.59 - - [20/Oct/2025:18:10:58 -0400] "GET /virat-kohli-and-sachin-tendulkar-asked-people-to-support-footballer-sunil-chhetris-plea/ HTTP/1.1" 200 286234 "http://wahgazab.com/tag/sachin-tendulkar/" "Mozilla/5.0 (compatible; SeekportBot; +https://bot.seekport.com)"
135.181.137.59 - - [20/Oct/2025:18:11:00 -0400] "GET /sachin-tendulkar-becomes-goodwill-ambassador-for-rio-olympics/ HTTP/1.1" 200 283835 "http://wahgazab.com/tag/sachin-tendulkar/" "Mozilla/5.0 (compatible; SeekportBot; +https://bot.seekport.com)"
135.181.137.59 - - [20/Oct/2025:18:11:02 -0400] "GET /sachin-to-replace-salman-and-becomes-rio-olympics-goodwill-ambassador/ HTTP/1.1" 200 284067 "http://wahgazab.com/tag/sachin-tendulkar/" "Mozilla/5.0 (compatible; SeekportBot; +https://bot.seekport.com)"
135.181.137.59 - - [20/Oct/2025:18:11:04 -0400] "GET /there-was-a-time-when-sachin-had-no-money-to-book-a-cab/ HTTP/1.1" 200 287386 "http://wahgazab.com/tag/sachin-tendulkar/" "Mozilla/5.0 (compatible; SeekportBot; +https://bot.seekport.com)"
135.181.137.59 - - [20/Oct/2025:18:11:06 -0400] "GET /happy-birthday-sachin-tendulkar/ HTTP/1.1" 200 284713 "http://wahgazab.com/tag/sachin-tendulkar/" "Mozilla/5.0 (compatible; SeekportBot; +https://bot.seekport.com)"
135.181.137.59 - - [20/Oct/2025:18:11:08 -0400] "GET /modi-statue-to-be-introduced-at-madame-tussauds-museum/ HTTP/1.1" 200 282179 "http://wahgazab.com/tag/sachin-tendulkar/" "Mozilla/5.0 (compatible; SeekportBot; +https://bot.seekport.com)"
135.181.137.59 - - [20/Oct/2025:18:11:10 -0400] "GET /arjun-son-of-sachin-to-appear-in-high-school-exams/ HTTP/1.1" 200 283470 "http://wahgazab.com/tag/sachin-tendulkar/" "Mozilla/5.0 (compatible; SeekportBot; +https://bot.seekport.com)"
