216.73.216.129 - - [20/Oct/2025:17:18:56 -0400] "GET /india-is-ahead-of-all-countries-in-view-of-fatal-selfie/selfie-5/feed HTTP/1.1" 301 - "-" "Mozilla/5.0 AppleWebKit/537.36 (KHTML, like Gecko; compatible; ClaudeBot/1.0; [email protected])"
216.73.216.129 - - [20/Oct/2025:17:18:55 -0400] "GET /snapdeal-users-are-angry-with-aamir-doing-uninstallation/anand-desai-%e2%80%8fakkudesai/ HTTP/1.1" 200 122690 "http://wahgazab.com/?p=4662" "Mozilla/5.0 AppleWebKit/537.36 (KHTML, like Gecko; compatible; ClaudeBot/1.0; [email protected])"
216.73.216.129 - - [20/Oct/2025:17:18:56 -0400] "GET /india-is-ahead-of-all-countries-in-view-of-fatal-selfie/selfie-5/feed/ HTTP/1.1" 200 850 "http://wahgazab.com/india-is-ahead-of-all-countries-in-view-of-fatal-selfie/selfie-5/feed" "Mozilla/5.0 AppleWebKit/537.36 (KHTML, like Gecko; compatible; ClaudeBot/1.0; [email protected])"
216.73.216.129 - - [20/Oct/2025:17:18:57 -0400] "GET /how-to-identify-your-levis-denim-if-it-is-genuine-or-not/levis-identification4 HTTP/1.1" 301 - "-" "Mozilla/5.0 AppleWebKit/537.36 (KHTML, like Gecko; compatible; ClaudeBot/1.0; [email protected])"
216.73.216.129 - - [20/Oct/2025:17:18:58 -0400] "GET /how-to-identify-your-levis-denim-if-it-is-genuine-or-not/levis-identification4/ HTTP/1.1" 200 121892 "http://wahgazab.com/how-to-identify-your-levis-denim-if-it-is-genuine-or-not/levis-identification4" "Mozilla/5.0 AppleWebKit/537.36 (KHTML, like Gecko; compatible; ClaudeBot/1.0; [email protected])"
216.73.216.129 - - [20/Oct/2025:17:19:47 -0400] "GET /this-100-meter-weird-creature-found-from-the-sea-people-get-horrified/alien-1/feed HTTP/1.1" 301 - "-" "Mozilla/5.0 AppleWebKit/537.36 (KHTML, like Gecko; compatible; ClaudeBot/1.0; [email protected])"
216.73.216.129 - - [20/Oct/2025:17:19:47 -0400] "GET /how-did-the-stars-look-in-their-childhood/%e0%a4%87%e0%a4%ae%e0%a4%b0%e0%a4%be%e0%a4%a8-%e0%a4%96%e0%a4%be%e0%a4%a8/feed HTTP/1.1" 301 - "-" "Mozilla/5.0 AppleWebKit/537.36 (KHTML, like Gecko; compatible; ClaudeBot/1.0; [email protected])"
216.73.216.129 - - [20/Oct/2025:17:19:47 -0400] "GET /this-100-meter-weird-creature-found-from-the-sea-people-get-horrified/alien-1/feed/ HTTP/1.1" 200 875 "http://wahgazab.com/this-100-meter-weird-creature-found-from-the-sea-people-get-horrified/alien-1/feed" "Mozilla/5.0 AppleWebKit/537.36 (KHTML, like Gecko; compatible; ClaudeBot/1.0; [email protected])"
216.73.216.129 - - [20/Oct/2025:17:19:48 -0400] "GET /how-did-the-stars-look-in-their-childhood/%e0%a4%87%e0%a4%ae%e0%a4%b0%e0%a4%be%e0%a4%a8-%e0%a4%96%e0%a4%be%e0%a4%a8/feed/ HTTP/1.1" 200 969 "http://wahgazab.com/how-did-the-stars-look-in-their-childhood/%e0%a4%87%e0%a4%ae%e0%a4%b0%e0%a4%be%e0%a4%a8-%e0%a4%96%e0%a4%be%e0%a4%a8/feed" "Mozilla/5.0 AppleWebKit/537.36 (KHTML, like Gecko; compatible; ClaudeBot/1.0; [email protected])"
216.73.216.129 - - [20/Oct/2025:17:19:49 -0400] "GET /a-fox-frozen-in-this-chilling-cold/fox-frozen-ice/feed HTTP/1.1" 301 - "-" "Mozilla/5.0 AppleWebKit/537.36 (KHTML, like Gecko; compatible; ClaudeBot/1.0; [email protected])"
216.73.216.129 - - [20/Oct/2025:17:19:49 -0400] "GET /a-fox-frozen-in-this-chilling-cold/fox-frozen-ice/feed/ HTTP/1.1" 200 826 "http://wahgazab.com/a-fox-frozen-in-this-chilling-cold/fox-frozen-ice/feed" "Mozilla/5.0 AppleWebKit/537.36 (KHTML, like Gecko; compatible; ClaudeBot/1.0; [email protected])"
92.222.104.205 - - [20/Oct/2025:17:19:54 -0400] "GET /tag/short-ban-news-in-hindi/ HTTP/1.1" 200 122135 "-" "Mozilla/5.0 (compatible; AhrefsBot/7.0; +http://ahrefs.com/robot/)"
17.241.75.36 - - [20/Oct/2025:17:19:58 -0400] "GET /wp-content/plugins/td-composer/legacy/Newspaper/assets/css/td_legacy_main.css?ver=492e3cf54bd42df3b24a3de8e2307cafx HTTP/1.1" 200 173151 "http://wahgazab.com/tag/hrithik-kangna-split-news/" "Mozilla/5.0 (Macintosh; Intel Mac OS X 10_15_7) AppleWebKit/605.1.15 (KHTML, like Gecko) Version/17.4 Safari/605.1.15 (Applebot/0.1; +http://www.apple.com/go/applebot)"
17.241.75.245 - - [20/Oct/2025:17:19:58 -0400] "GET /wp-content/themes/Newspaper/style.css?ver=12.7.1 HTTP/1.1" 200 158737 "http://wahgazab.com/tag/hrithik-kangna-split-news/" "Mozilla/5.0 (Macintosh; Intel Mac OS X 10_15_7) AppleWebKit/605.1.15 (KHTML, like Gecko) Version/17.4 Safari/605.1.15 (Applebot/0.1; +http://www.apple.com/go/applebot)"
17.241.227.18 - - [20/Oct/2025:17:19:59 -0400] "GET /wp-includes/js/jquery/jquery.min.js?ver=3.7.1 HTTP/1.1" 200 87553 "http://wahgazab.com/tag/hrithik-kangna-split-news/" "Mozilla/5.0 (Macintosh; Intel Mac OS X 10_15_7) AppleWebKit/605.1.15 (KHTML, like Gecko) Version/17.4 Safari/605.1.15 (Applebot/0.1; +http://www.apple.com/go/applebot)"
17.241.227.216 - - [20/Oct/2025:17:19:59 -0400] "GET /wp-content/plugins/td-cloud-library/assets/css/tdb_main.css?ver=d578089f160957352b9b4ca6d880fd8f HTTP/1.1" 200 48249 "http://wahgazab.com/tag/hrithik-kangna-split-news/" "Mozilla/5.0 (Macintosh; Intel Mac OS X 10_15_7) AppleWebKit/605.1.15 (KHTML, like Gecko) Version/17.4 Safari/605.1.15 (Applebot/0.1; +http://www.apple.com/go/applebot)"
17.241.75.113 - - [20/Oct/2025:17:20:00 -0400] "GET /wp-includes/js/jquery/jquery-migrate.min.js?ver=3.4.1 HTTP/1.1" 200 13577 "http://wahgazab.com/tag/hrithik-kangna-split-news/" "Mozilla/5.0 (Macintosh; Intel Mac OS X 10_15_7) AppleWebKit/605.1.15 (KHTML, like Gecko) Version/17.4 Safari/605.1.15 (Applebot/0.1; +http://www.apple.com/go/applebot)"
17.241.219.167 - - [20/Oct/2025:17:20:00 -0400] "GET /wp-content/plugins/td-composer/td-multi-purpose/style.css?ver=492e3cf54bd42df3b24a3de8e2307cafx HTTP/1.1" 200 38952 "http://wahgazab.com/tag/hrithik-kangna-split-news/" "Mozilla/5.0 (Macintosh; Intel Mac OS X 10_15_7) AppleWebKit/605.1.15 (KHTML, like Gecko) Version/17.4 Safari/605.1.15 (Applebot/0.1; +http://www.apple.com/go/applebot)"
17.241.219.66 - - [20/Oct/2025:17:20:01 -0400] "GET /wp-content/plugins/td-composer/legacy/Newspaper/js/tagdiv_theme.min.js?ver=12.7.1 HTTP/1.1" 200 160112 "http://wahgazab.com/tag/hrithik-kangna-split-news/" "Mozilla/5.0 (Macintosh; Intel Mac OS X 10_15_7) AppleWebKit/605.1.15 (KHTML, like Gecko) Version/17.4 Safari/605.1.15 (Applebot/0.1; +http://www.apple.com/go/applebot)"
17.241.75.138 - - [20/Oct/2025:17:20:01 -0400] "GET /wp-content/plugins/td-composer/legacy/Newspaper/js/tdSmartSidebar.js?ver=12.7.1 HTTP/1.1" 200 9966 "http://wahgazab.com/tag/hrithik-kangna-split-news/" "Mozilla/5.0 (Macintosh; Intel Mac OS X 10_15_7) AppleWebKit/605.1.15 (KHTML, like Gecko) Version/17.4 Safari/605.1.15 (Applebot/0.1; +http://www.apple.com/go/applebot)"
17.241.227.19 - - [20/Oct/2025:17:20:02 -0400] "GET /wp-content/plugins/td-cloud-library/assets/js/js_files_for_front.min.js?ver=d578089f160957352b9b4ca6d880fd8f HTTP/1.1" 200 29694 "http://wahgazab.com/tag/hrithik-kangna-split-news/" "Mozilla/5.0 (Macintosh; Intel Mac OS X 10_15_7) AppleWebKit/605.1.15 (KHTML, like Gecko) Version/17.4 Safari/605.1.15 (Applebot/0.1; +http://www.apple.com/go/applebot)"
17.241.227.216 - - [20/Oct/2025:17:20:02 -0400] "GET /wp-content/plugins/td-composer/legacy/Newspaper/js/tdToTop.js?ver=12.7.1 HTTP/1.1" 200 1426 "http://wahgazab.com/tag/hrithik-kangna-split-news/" "Mozilla/5.0 (Macintosh; Intel Mac OS X 10_15_7) AppleWebKit/605.1.15 (KHTML, like Gecko) Version/17.4 Safari/605.1.15 (Applebot/0.1; +http://www.apple.com/go/applebot)"
17.241.219.213 - - [20/Oct/2025:17:20:03 -0400] "GET /wp-content/plugins/td-composer/legacy/Newspaper/js/tdLoginMobile.js?ver=12.7.1 HTTP/1.1" 200 6347 "http://wahgazab.com/tag/hrithik-kangna-split-news/" "Mozilla/5.0 (Macintosh; Intel Mac OS X 10_15_7) AppleWebKit/605.1.15 (KHTML, like Gecko) Version/17.4 Safari/605.1.15 (Applebot/0.1; +http://www.apple.com/go/applebot)"
17.241.219.167 - - [20/Oct/2025:17:20:03 -0400] "GET /wp-content/plugins/td-composer/legacy/Newspaper/js/tdAjaxSearch.js?ver=12.7.1 HTTP/1.1" 200 6145 "http://wahgazab.com/tag/hrithik-kangna-split-news/" "Mozilla/5.0 (Macintosh; Intel Mac OS X 10_15_7) AppleWebKit/605.1.15 (KHTML, like Gecko) Version/17.4 Safari/605.1.15 (Applebot/0.1; +http://www.apple.com/go/applebot)"
17.241.75.138 - - [20/Oct/2025:17:20:04 -0400] "GET /wp-content/plugins/td-cloud-library/assets/js/tdbSearch.js?ver=d578089f160957352b9b4ca6d880fd8f HTTP/1.1" 200 5945 "http://wahgazab.com/tag/hrithik-kangna-split-news/" "Mozilla/5.0 (Macintosh; Intel Mac OS X 10_15_7) AppleWebKit/605.1.15 (KHTML, like Gecko) Version/17.4 Safari/605.1.15 (Applebot/0.1; +http://www.apple.com/go/applebot)"
17.241.75.240 - - [20/Oct/2025:17:20:04 -0400] "GET /wp-content/plugins/td-cloud-library/assets/js/tdbMenu.js?ver=d578089f160957352b9b4ca6d880fd8f HTTP/1.1" 200 10781 "http://wahgazab.com/tag/hrithik-kangna-split-news/" "Mozilla/5.0 (Macintosh; Intel Mac OS X 10_15_7) AppleWebKit/605.1.15 (KHTML, like Gecko) Version/17.4 Safari/605.1.15 (Applebot/0.1; +http://www.apple.com/go/applebot)"
17.241.75.220 - - [20/Oct/2025:17:20:05 -0400] "GET /wp-content/plugins/td-composer/legacy/Newspaper/js/tdMenu.js?ver=12.7.1 HTTP/1.1" 200 4530 "http://wahgazab.com/tag/hrithik-kangna-split-news/" "Mozilla/5.0 (Macintosh; Intel Mac OS X 10_15_7) AppleWebKit/605.1.15 (KHTML, like Gecko) Version/17.4 Safari/605.1.15 (Applebot/0.1; +http://www.apple.com/go/applebot)"
17.241.75.240 - - [20/Oct/2025:17:20:05 -0400] "GET /wp-includes/js/wp-emoji-release.min.js?ver=6.8.3 HTTP/1.1" 200 19251 "http://wahgazab.com/tag/hrithik-kangna-split-news/" "Mozilla/5.0 (Macintosh; Intel Mac OS X 10_15_7) AppleWebKit/605.1.15 (KHTML, like Gecko) Version/17.4 Safari/605.1.15 (Applebot/0.1; +http://www.apple.com/go/applebot)"
17.246.23.83 - - [20/Oct/2025:17:20:07 -0400] "GET /tag/dr-jason-dittman/ HTTP/1.1" 200 121872 "-" "Mozilla/5.0 (Macintosh; Intel Mac OS X 10_15_7) AppleWebKit/605.1.15 (KHTML, like Gecko) Version/17.4 Safari/605.1.15 (Applebot/0.1; +http://www.apple.com/go/applebot)"
66.249.79.168 - - [20/Oct/2025:17:20:19 -0400] "GET /?a=7999846087400&channel=69123f&from=goods.php%3Fid%3D460874-1800%26name%3DMAT+WORLD+%E3%83%9E%E3%83%83%E3%83%88%E3%83%AF%E3%83%BC%E3%83%AB%E3%83%89+%E3%83%95%E3%83%AD%E3%82%A2%E3%83%9E%E3%83%83%E3%83%88%EF%BC%88%E3%83%89%E3%83%AC%E3%82%B9%E3%82%A2%E3%83%83%E3%83%97%E3%82%B7%E3%83%AA%E3%83%BC%E3%82%BA%EF%BC%89%3Cbr%3E+%E3%82%B9%E3%82%BA%E3%82%AD+%E3%83%A9%E3%83%B3%E3%83%87%E3%82%A3+H22%2F12%E3%80%9CH24%2F08+C26+%E5%93%81%E7%95%AA%EF%BC%9ASU0054+%E9%80%81%E6%96%99%E7%84%A1%E6%96%99%28%E4%B8%80%E9%83%A8%E5%9C%B0%E5%9F%9F%E9%99%A4%E3%81%8F%29 HTTP/1.1" 301 - "-" "Mozilla/5.0 (Linux; Android 6.0.1; Nexus 5X Build/MMB29P) AppleWebKit/537.36 (KHTML, like Gecko) Chrome/140.0.7339.207 Mobile Safari/537.36 (compatible; Googlebot/2.1; +http://www.google.com/bot.html)"
66.249.79.168 - - [20/Oct/2025:17:20:20 -0400] "GET /?a=7999846087400&channel=69123f&from=goods.php%3Fid%3D460874-1800%26name%3DMAT%20WORLD%20%E3%83%9E%E3%83%83%E3%83%88%E3%83%AF%E3%83%BC%E3%83%AB%E3%83%89%20%E3%83%95%E3%83%AD%E3%82%A2%E3%83%9E%E3%83%83%E3%83%88%EF%BC%88%E3%83%89%E3%83%AC%E3%82%B9%E3%82%A2%E3%83%83%E3%83%97%E3%82%B7%E3%83%AA%E3%83%BC%E3%82%BA%EF%BC%89%3Cbr%3E%20%E3%82%B9%E3%82%BA%E3%82%AD%20%E3%83%A9%E3%83%B3%E3%83%87%E3%82%A3%20H22%2F12%E3%80%9CH24%2F08%20C26%20%E5%93%81%E7%95%AA%EF%BC%9ASU0054%20%E9%80%81%E6%96%99%E7%84%A1%E6%96%99%28%E4%B8%80%E9%83%A8%E5%9C%B0%E5%9F%9F%E9%99%A4%E3%81%8F%29 HTTP/1.1" 200 200962 "-" "Mozilla/5.0 (Linux; Android 6.0.1; Nexus 5X Build/MMB29P) AppleWebKit/537.36 (KHTML, like Gecko) Chrome/140.0.7339.207 Mobile Safari/537.36 (compatible; Googlebot/2.1; +http://www.google.com/bot.html)"
31.13.127.23 - - [20/Oct/2025:17:20:35 -0400] "GET /wp-content/uploads/2015/10/iphone.jpeg HTTP/1.1" 200 87293 "-" "facebookexternalhit/1.1 (+http://www.facebook.com/externalhit_uatext.php)"
66.249.79.168 - - [20/Oct/2025:17:21:16 -0400] "GET /?a=07510111379802&channel=23b0ff&from=info.php%3Fid%3D1113798-2635%26name%3D%E3%80%90%E6%96%B0%E5%93%81%E3%83%BB%E6%9C%AA%E4%BD%BF%E7%94%A8%E3%80%91Dior%E3%80%80%E3%83%88%E3%83%AA%E3%82%AA%E3%80%80%E3%83%96%E3%83%AA%E3%83%83%E3%82%AF%E3%80%80%E3%83%91%E3%83%AC%E3%83%83%E3%83%88%E3%80%80%E3%82%A2%E3%82%A4%E3%82%B7%E3%83%A3%E3%83%89%E3%82%A6 HTTP/1.1" 200 200962 "-" "Mozilla/5.0 (Linux; Android 6.0.1; Nexus 5X Build/MMB29P) AppleWebKit/537.36 (KHTML, like Gecko) Chrome/140.0.7339.207 Mobile Safari/537.36 (compatible; Googlebot/2.1; +http://www.google.com/bot.html)"
37.59.204.129 - - [20/Oct/2025:17:21:48 -0400] "GET /tag/roasted-makhana/ HTTP/1.1" 200 121453 "-" "Mozilla/5.0 (compatible; AhrefsBot/7.0; +http://ahrefs.com/robot/)"
216.73.216.129 - - [20/Oct/2025:17:22:08 -0400] "GET /a-fox-frozen-in-this-chilling-cold/fox-frozen-ice-2 HTTP/1.1" 301 - "-" "Mozilla/5.0 AppleWebKit/537.36 (KHTML, like Gecko; compatible; ClaudeBot/1.0; [email protected])"
216.73.216.129 - - [20/Oct/2025:17:22:09 -0400] "GET /claims-a-man-to-have-personally-encountered-with-god HTTP/1.1" 301 - "-" "Mozilla/5.0 AppleWebKit/537.36 (KHTML, like Gecko; compatible; ClaudeBot/1.0; [email protected])"
216.73.216.129 - - [20/Oct/2025:17:22:09 -0400] "GET /a-fox-frozen-in-this-chilling-cold/fox-frozen-ice-2/ HTTP/1.1" 200 121680 "http://wahgazab.com/a-fox-frozen-in-this-chilling-cold/fox-frozen-ice-2" "Mozilla/5.0 AppleWebKit/537.36 (KHTML, like Gecko; compatible; ClaudeBot/1.0; [email protected])"
216.73.216.129 - - [20/Oct/2025:17:22:09 -0400] "GET /claims-a-man-to-have-personally-encountered-with-god/ HTTP/1.1" 200 280793 "http://wahgazab.com/claims-a-man-to-have-personally-encountered-with-god" "Mozilla/5.0 AppleWebKit/537.36 (KHTML, like Gecko; compatible; ClaudeBot/1.0; [email protected])"
216.73.216.129 - - [20/Oct/2025:17:22:10 -0400] "GET /horrible-and-weird-islands-in-the-world/5-68/feed HTTP/1.1" 301 - "-" "Mozilla/5.0 AppleWebKit/537.36 (KHTML, like Gecko; compatible; ClaudeBot/1.0; [email protected])"
216.73.216.129 - - [20/Oct/2025:17:22:11 -0400] "GET /horrible-and-weird-islands-in-the-world/5-68/feed/ HTTP/1.1" 200 803 "http://wahgazab.com/horrible-and-weird-islands-in-the-world/5-68/feed" "Mozilla/5.0 AppleWebKit/537.36 (KHTML, like Gecko; compatible; ClaudeBot/1.0; [email protected])"
135.181.137.59 - - [20/Oct/2025:17:22:39 -0400] "GET /category/sports/ HTTP/1.1" 200 218359 "http://wahgazab.com/" "Mozilla/5.0 (compatible; SeekportBot; +https://bot.seekport.com)"
135.181.137.59 - - [20/Oct/2025:17:22:40 -0400] "GET /category/bollywood/ HTTP/1.1" 200 218523 "http://wahgazab.com/" "Mozilla/5.0 (compatible; SeekportBot; +https://bot.seekport.com)"
135.181.137.59 - - [20/Oct/2025:17:22:41 -0400] "GET /category/fashion/ HTTP/1.1" 200 216584 "http://wahgazab.com/" "Mozilla/5.0 (compatible; SeekportBot; +https://bot.seekport.com)"
135.181.137.59 - - [20/Oct/2025:17:22:42 -0400] "GET /category/jokes/ HTTP/1.1" 200 215013 "http://wahgazab.com/" "Mozilla/5.0 (compatible; SeekportBot; +https://bot.seekport.com)"
135.181.137.59 - - [20/Oct/2025:17:22:43 -0400] "GET /category/crime/ HTTP/1.1" 200 219366 "http://wahgazab.com/" "Mozilla/5.0 (compatible; SeekportBot; +https://bot.seekport.com)"
135.181.137.59 - - [20/Oct/2025:17:22:43 -0400] "GET /category/videos/ HTTP/1.1" 200 221028 "http://wahgazab.com/" "Mozilla/5.0 (compatible; SeekportBot; +https://bot.seekport.com)"
135.181.137.59 - - [20/Oct/2025:17:22:44 -0400] "GET /category/beauty-fitness/ HTTP/1.1" 200 217666 "http://wahgazab.com/" "Mozilla/5.0 (compatible; SeekportBot; +https://bot.seekport.com)"
135.181.137.59 - - [20/Oct/2025:17:22:45 -0400] "GET /category/jeevan-mantra/ HTTP/1.1" 200 218671 "http://wahgazab.com/" "Mozilla/5.0 (compatible; SeekportBot; +https://bot.seekport.com)"
135.181.137.59 - - [20/Oct/2025:17:22:46 -0400] "GET /category/relationship-tips/ HTTP/1.1" 200 218144 "http://wahgazab.com/" "Mozilla/5.0 (compatible; SeekportBot; +https://bot.seekport.com)"
135.181.137.59 - - [20/Oct/2025:17:22:47 -0400] "GET /category/funny-news/ HTTP/1.1" 200 217106 "http://wahgazab.com/" "Mozilla/5.0 (compatible; SeekportBot; +https://bot.seekport.com)"
66.249.79.168 - - [20/Oct/2025:17:22:48 -0400] "GET /?a=773746369400&channel=5e9a6d&from=form.php%3Fid%3D63694-3112%26name%3D%E2%89%AA%E3%83%91%E3%83%BC%E3%83%84%E2%89%AB+%E3%82%B7%E3%83%9E%E3%83%8E+%2713+%E3%83%A1%E3%82%BF%E3%83%8B%E3%82%A6%E3%83%A0+%E5%B7%A6+%E3%83%8F%E3%83%B3%E3%83%89%E3%83%AB%E7%B5%84 HTTP/1.1" 301 - "-" "Mozilla/5.0 (Linux; Android 6.0.1; Nexus 5X Build/MMB29P) AppleWebKit/537.36 (KHTML, like Gecko) Chrome/140.0.7339.207 Mobile Safari/537.36 (compatible; Googlebot/2.1; +http://www.google.com/bot.html)"
66.249.79.168 - - [20/Oct/2025:17:22:48 -0400] "GET /?a=773746369400&channel=5e9a6d&from=form.php%3Fid%3D63694-3112%26name%3D%E2%89%AA%E3%83%91%E3%83%BC%E3%83%84%E2%89%AB%20%E3%82%B7%E3%83%9E%E3%83%8E%20%2713%20%E3%83%A1%E3%82%BF%E3%83%8B%E3%82%A6%E3%83%A0%20%E5%B7%A6%20%E3%83%8F%E3%83%B3%E3%83%89%E3%83%AB%E7%B5%84 HTTP/1.1" 200 200962 "-" "Mozilla/5.0 (Linux; Android 6.0.1; Nexus 5X Build/MMB29P) AppleWebKit/537.36 (KHTML, like Gecko) Chrome/140.0.7339.207 Mobile Safari/537.36 (compatible; Googlebot/2.1; +http://www.google.com/bot.html)"
135.181.137.59 - - [20/Oct/2025:17:22:49 -0400] "GET / HTTP/1.1" 200 201202 "http://wahgazab.com/" "Mozilla/5.0 (compatible; SeekportBot; +https://bot.seekport.com)"
135.181.137.59 - - [20/Oct/2025:17:22:51 -0400] "GET /bank-employee-from-pune-sets-an-example/ HTTP/1.1" 200 281138 "http://wahgazab.com/" "Mozilla/5.0 (compatible; SeekportBot; +https://bot.seekport.com)"
135.181.137.59 - - [20/Oct/2025:17:22:53 -0400] "GET /indian-govt-banned-forty-three-apps/ HTTP/1.1" 200 277429 "http://wahgazab.com/" "Mozilla/5.0 (compatible; SeekportBot; +https://bot.seekport.com)"
135.181.137.59 - - [20/Oct/2025:17:22:56 -0400] "GET /author/pratibha/ HTTP/1.1" 200 152476 "http://wahgazab.com/" "Mozilla/5.0 (compatible; SeekportBot; +https://bot.seekport.com)"
135.181.137.59 - - [20/Oct/2025:17:22:57 -0400] "GET /web-series-delhi-crime-wins-international-emmy-awards/ HTTP/1.1" 200 275768 "http://wahgazab.com/" "Mozilla/5.0 (compatible; SeekportBot; +https://bot.seekport.com)"
135.181.137.59 - - [20/Oct/2025:17:22:59 -0400] "GET /mukesh-ambani-donates-kilos-of-gold-to-kamkhya-temple/ HTTP/1.1" 200 278109 "http://wahgazab.com/" "Mozilla/5.0 (compatible; SeekportBot; +https://bot.seekport.com)"
135.181.137.59 - - [20/Oct/2025:17:23:02 -0400] "GET /this-woman-takes-bath-with-blood-of-unmarried-girls/ HTTP/1.1" 200 278863 "http://wahgazab.com/" "Mozilla/5.0 (compatible; SeekportBot; +https://bot.seekport.com)"
135.181.137.59 - - [20/Oct/2025:17:23:04 -0400] "GET /man-becomes-billionaire-finding-something-precious-falling-from-sky/ HTTP/1.1" 200 277955 "http://wahgazab.com/" "Mozilla/5.0 (compatible; SeekportBot; +https://bot.seekport.com)"
66.249.79.169 - - [20/Oct/2025:17:23:06 -0400] "GET /?a=9198177631205&channel=fd8877&from=article.php%3Fid%3D776312-467%26name%3D%E6%A1%82%E7%B2%BE%E6%A9%9F%E8%A3%BD%E4%BD%9C%E6%89%80+LP%E3%82%AC%E3%82%B9%E7%94%A8%E5%8D%98%E6%AE%B5%E5%BC%8F%E8%AA%BF%E6%95%B4%E5%99%A8%E3%83%9B%E3%83%BC%E3%82%B9%E3%82%A8%E3%83%B3%E3%83%89%E9%87%91%E5%85%B7%EF%BC%88GD-19%EF%BC%89%E5%8F%96%E4%BB%98%E3%81%91%E5%8A%A0%E5%B7%A5%E6%B8%88 HTTP/1.1" 301 - "-" "Mozilla/5.0 (Linux; Android 6.0.1; Nexus 5X Build/MMB29P) AppleWebKit/537.36 (KHTML, like Gecko) Chrome/140.0.7339.207 Mobile Safari/537.36 (compatible; Googlebot/2.1; +http://www.google.com/bot.html)"
135.181.137.59 - - [20/Oct/2025:17:23:07 -0400] "GET /babies-get-married-once-they-re-born-here/ HTTP/1.1" 200 278346 "http://wahgazab.com/" "Mozilla/5.0 (compatible; SeekportBot; +https://bot.seekport.com)"
66.249.79.168 - - [20/Oct/2025:17:23:07 -0400] "GET /?a=9198177631205&channel=fd8877&from=article.php%3Fid%3D776312-467%26name%3D%E6%A1%82%E7%B2%BE%E6%A9%9F%E8%A3%BD%E4%BD%9C%E6%89%80%20LP%E3%82%AC%E3%82%B9%E7%94%A8%E5%8D%98%E6%AE%B5%E5%BC%8F%E8%AA%BF%E6%95%B4%E5%99%A8%E3%83%9B%E3%83%BC%E3%82%B9%E3%82%A8%E3%83%B3%E3%83%89%E9%87%91%E5%85%B7%EF%BC%88GD-19%EF%BC%89%E5%8F%96%E4%BB%98%E3%81%91%E5%8A%A0%E5%B7%A5%E6%B8%88 HTTP/1.1" 200 200962 "-" "Mozilla/5.0 (Linux; Android 6.0.1; Nexus 5X Build/MMB29P) AppleWebKit/537.36 (KHTML, like Gecko) Chrome/140.0.7339.207 Mobile Safari/537.36 (compatible; Googlebot/2.1; +http://www.google.com/bot.html)"
66.249.79.168 - - [20/Oct/2025:17:23:08 -0400] "GET /?a=7208295661200&channel=76817a&from=form.php%3Fid%3D956612-13716%26name%3D%E3%83%8F%E3%82%A6%E3%82%B9%E9%A3%9F%E5%93%81+%E3%82%BC%E3%83%AA%E3%82%A8%E3%83%BC%E3%82%B9+%E3%82%A4%E3%83%81%E3%82%B4%E5%91%B3+92g%C3%9710%E7%AE%B1%E5%85%A5%C3%97%282%E3%82%B1%E3%83%BC%E3%82%B9%29%EF%BD%9C+%E9%80%81%E6%96%99%E7%84%A1%E6%96%99 HTTP/1.1" 301 - "-" "Mozilla/5.0 (Linux; Android 6.0.1; Nexus 5X Build/MMB29P) AppleWebKit/537.36 (KHTML, like Gecko) Chrome/140.0.7339.207 Mobile Safari/537.36 (compatible; Googlebot/2.1; +http://www.google.com/bot.html)"
66.249.79.168 - - [20/Oct/2025:17:23:09 -0400] "GET /?a=7208295661200&channel=76817a&from=form.php%3Fid%3D956612-13716%26name%3D%E3%83%8F%E3%82%A6%E3%82%B9%E9%A3%9F%E5%93%81%20%E3%82%BC%E3%83%AA%E3%82%A8%E3%83%BC%E3%82%B9%20%E3%82%A4%E3%83%81%E3%82%B4%E5%91%B3%2092g%C3%9710%E7%AE%B1%E5%85%A5%C3%97%282%E3%82%B1%E3%83%BC%E3%82%B9%29%EF%BD%9C%20%E9%80%81%E6%96%99%E7%84%A1%E6%96%99 HTTP/1.1" 200 200962 "-" "Mozilla/5.0 (Linux; Android 6.0.1; Nexus 5X Build/MMB29P) AppleWebKit/537.36 (KHTML, like Gecko) Chrome/140.0.7339.207 Mobile Safari/537.36 (compatible; Googlebot/2.1; +http://www.google.com/bot.html)"
135.181.137.59 - - [20/Oct/2025:17:23:10 -0400] "GET /lady-singham-terror-in-up/ HTTP/1.1" 200 281032 "http://wahgazab.com/" "Mozilla/5.0 (compatible; SeekportBot; +https://bot.seekport.com)"
135.181.137.59 - - [20/Oct/2025:17:23:12 -0400] "GET /indian-army-builds-special-tent-in-ladakh/ HTTP/1.1" 200 280204 "http://wahgazab.com/" "Mozilla/5.0 (compatible; SeekportBot; +https://bot.seekport.com)"
135.181.137.59 - - [20/Oct/2025:17:23:15 -0400] "GET /saint-vinoba-bhave-savior-for-landless-people/ HTTP/1.1" 200 287407 "http://wahgazab.com/" "Mozilla/5.0 (compatible; SeekportBot; +https://bot.seekport.com)"
135.181.137.59 - - [20/Oct/2025:17:23:18 -0400] "GET /kapil-dev-record-remains-unbroken/ HTTP/1.1" 200 280070 "http://wahgazab.com/" "Mozilla/5.0 (compatible; SeekportBot; +https://bot.seekport.com)"
135.181.137.59 - - [20/Oct/2025:17:23:19 -0400] "GET /japan-designs-transparent-public-toilet/ HTTP/1.1" 200 284184 "http://wahgazab.com/" "Mozilla/5.0 (compatible; SeekportBot; +https://bot.seekport.com)"
135.181.137.59 - - [20/Oct/2025:17:23:22 -0400] "GET /author/viraj/ HTTP/1.1" 200 175178 "http://wahgazab.com/" "Mozilla/5.0 (compatible; SeekportBot; +https://bot.seekport.com)"
135.181.137.59 - - [20/Oct/2025:17:23:23 -0400] "GET /how-the-last-night-spent-just-before-declaring-indian-independence/ HTTP/1.1" 200 291008 "http://wahgazab.com/" "Mozilla/5.0 (compatible; SeekportBot; +https://bot.seekport.com)"
135.181.137.59 - - [20/Oct/2025:17:23:25 -0400] "GET /author/wah6/ HTTP/1.1" 200 183337 "http://wahgazab.com/" "Mozilla/5.0 (compatible; SeekportBot; +https://bot.seekport.com)"
135.181.137.59 - - [20/Oct/2025:17:23:27 -0400] "GET /author/ HTTP/1.1" 200 120337 "http://wahgazab.com/" "Mozilla/5.0 (compatible; SeekportBot; +https://bot.seekport.com)"
135.181.137.59 - - [20/Oct/2025:17:23:28 -0400] "GET /contact-us/ HTTP/1.1" 200 120409 "http://wahgazab.com/" "Mozilla/5.0 (compatible; SeekportBot; +https://bot.seekport.com)"
216.73.216.129 - - [20/Oct/2025:17:23:30 -0400] "GET /how-did-the-stars-look-in-their-childhood/%e0%a4%b0%e0%a4%a3%e0%a4%b5%e0%a5%80%e0%a4%b0-%e0%a4%b8%e0%a4%bf%e0%a4%82%e0%a4%b9 HTTP/1.1" 301 - "-" "Mozilla/5.0 AppleWebKit/537.36 (KHTML, like Gecko; compatible; ClaudeBot/1.0; [email protected])"
135.181.137.59 - - [20/Oct/2025:17:23:30 -0400] "GET /poet-rahat-indori-undergoing-covid-treatment-dies-of-cardiac-arrest/ HTTP/1.1" 200 284628 "http://wahgazab.com/category/national/" "Mozilla/5.0 (compatible; SeekportBot; +https://bot.seekport.com)"
216.73.216.129 - - [20/Oct/2025:17:23:31 -0400] "GET /how-a-working-woman-keeps-balance-between-personal-and-professional-life/200551236-002/feed HTTP/1.1" 301 - "-" "Mozilla/5.0 AppleWebKit/537.36 (KHTML, like Gecko; compatible; ClaudeBot/1.0; [email protected])"
216.73.216.129 - - [20/Oct/2025:17:23:31 -0400] "GET /how-did-the-stars-look-in-their-childhood/%e0%a4%b0%e0%a4%a3%e0%a4%b5%e0%a5%80%e0%a4%b0-%e0%a4%b8%e0%a4%bf%e0%a4%82%e0%a4%b9/ HTTP/1.1" 200 123179 "http://wahgazab.com/how-did-the-stars-look-in-their-childhood/%e0%a4%b0%e0%a4%a3%e0%a4%b5%e0%a5%80%e0%a4%b0-%e0%a4%b8%e0%a4%bf%e0%a4%82%e0%a4%b9" "Mozilla/5.0 AppleWebKit/537.36 (KHTML, like Gecko; compatible; ClaudeBot/1.0; [email protected])"
216.73.216.129 - - [20/Oct/2025:17:23:31 -0400] "GET /how-a-working-woman-keeps-balance-between-personal-and-professional-life/200551236-002/feed/ HTTP/1.1" 200 899 "http://wahgazab.com/how-a-working-woman-keeps-balance-between-personal-and-professional-life/200551236-002/feed" "Mozilla/5.0 AppleWebKit/537.36 (KHTML, like Gecko; compatible; ClaudeBot/1.0; [email protected])"
216.73.216.129 - - [20/Oct/2025:17:23:32 -0400] "GET /paneer-ki-imarti/paneer-ki-imarti-2/feed HTTP/1.1" 301 - "-" "Mozilla/5.0 AppleWebKit/537.36 (KHTML, like Gecko; compatible; ClaudeBot/1.0; [email protected])"
135.181.137.59 - - [20/Oct/2025:17:23:32 -0400] "GET /another-so-called-godman-baba-jyoti-giri-maharaj-gets-caught-in-obscene-video/ HTTP/1.1" 200 287803 "http://wahgazab.com/category/national/" "Mozilla/5.0 (compatible; SeekportBot; +https://bot.seekport.com)"
216.73.216.129 - - [20/Oct/2025:17:23:33 -0400] "GET /paneer-ki-imarti/paneer-ki-imarti-2/feed/ HTTP/1.1" 200 800 "http://wahgazab.com/paneer-ki-imarti/paneer-ki-imarti-2/feed" "Mozilla/5.0 AppleWebKit/537.36 (KHTML, like Gecko; compatible; ClaudeBot/1.0; [email protected])"
135.181.137.59 - - [20/Oct/2025:17:23:34 -0400] "GET /author/wah2/ HTTP/1.1" 200 180874 "http://wahgazab.com/category/national/" "Mozilla/5.0 (compatible; SeekportBot; +https://bot.seekport.com)"
135.181.137.59 - - [20/Oct/2025:17:23:36 -0400] "GET /g-suryanarayan-moves-his-legs-and-becomes-a-dancing-sensation-all-over-the-internet/ HTTP/1.1" 200 282162 "http://wahgazab.com/category/national/" "Mozilla/5.0 (compatible; SeekportBot; +https://bot.seekport.com)"
135.181.137.59 - - [20/Oct/2025:17:23:37 -0400] "GET /category/national/page/2/ HTTP/1.1" 200 200517 "http://wahgazab.com/category/national/" "Mozilla/5.0 (compatible; SeekportBot; +https://bot.seekport.com)"
135.181.137.59 - - [20/Oct/2025:17:23:38 -0400] "GET /category/national/page/3/ HTTP/1.1" 200 201266 "http://wahgazab.com/category/national/" "Mozilla/5.0 (compatible; SeekportBot; +https://bot.seekport.com)"
135.181.137.59 - - [20/Oct/2025:17:23:39 -0400] "GET /category/national/page/469/ HTTP/1.1" 200 175439 "http://wahgazab.com/category/national/" "Mozilla/5.0 (compatible; SeekportBot; +https://bot.seekport.com)"
135.181.137.59 - - [20/Oct/2025:17:23:40 -0400] "GET /whitney-cummings-shares-her-topless-photo-on-twitter-after-extortion-attempts/ HTTP/1.1" 200 285410 "http://wahgazab.com/category/international/" "Mozilla/5.0 (compatible; SeekportBot; +https://bot.seekport.com)"
135.181.137.59 - - [20/Oct/2025:17:23:41 -0400] "GET /woman-wearing-burka-caught-stealing-things-in-britains-supermarket/ HTTP/1.1" 200 283434 "http://wahgazab.com/category/international/" "Mozilla/5.0 (compatible; SeekportBot; +https://bot.seekport.com)"
135.181.137.59 - - [20/Oct/2025:17:23:42 -0400] "GET /woman-loses-her-foot-fingers-while-having-a-fish-spa/ HTTP/1.1" 200 290523 "http://wahgazab.com/category/international/" "Mozilla/5.0 (compatible; SeekportBot; +https://bot.seekport.com)"
72.14.199.40 - - [20/Oct/2025:17:23:43 -0400] "GET /feed/ HTTP/1.1" 200 79527 "-" "FeedFetcher-Google; (+http://www.google.com/feedfetcher.html)"
135.181.137.59 - - [20/Oct/2025:17:23:43 -0400] "GET /an-outrage-spreads-across-pakistan-over-an-detergent-ad-for-women-rights/ HTTP/1.1" 200 283693 "http://wahgazab.com/category/international/" "Mozilla/5.0 (compatible; SeekportBot; +https://bot.seekport.com)"
135.181.137.59 - - [20/Oct/2025:17:23:45 -0400] "GET /american-woman-lexie-alford-becomes-the-youngest-person-to-travel-196-countries/ HTTP/1.1" 200 282569 "http://wahgazab.com/category/international/" "Mozilla/5.0 (compatible; SeekportBot; +https://bot.seekport.com)"
135.181.137.59 - - [20/Oct/2025:17:23:46 -0400] "GET /nike-designs-smart-shoes-which-is-controlled-via-smartphone/ HTTP/1.1" 200 283459 "http://wahgazab.com/category/international/" "Mozilla/5.0 (compatible; SeekportBot; +https://bot.seekport.com)"
135.181.137.59 - - [20/Oct/2025:17:23:48 -0400] "GET /buses-to-be-equipped-with-rooftop-garden-in-singapore/ HTTP/1.1" 200 284516 "http://wahgazab.com/category/international/" "Mozilla/5.0 (compatible; SeekportBot; +https://bot.seekport.com)"
135.181.137.59 - - [20/Oct/2025:17:23:49 -0400] "GET /category/international/page/2/ HTTP/1.1" 200 201016 "http://wahgazab.com/category/international/" "Mozilla/5.0 (compatible; SeekportBot; +https://bot.seekport.com)"
135.181.137.59 - - [20/Oct/2025:17:23:51 -0400] "GET /category/international/page/3/ HTTP/1.1" 200 200057 "http://wahgazab.com/category/international/" "Mozilla/5.0 (compatible; SeekportBot; +https://bot.seekport.com)"
216.244.66.247 - - [20/Oct/2025:17:23:51 -0400] "GET /health-benefits-of-how-to-perform-namaaz/ HTTP/1.1" 200 284375 "-" "Mozilla/5.0 (compatible; DotBot/1.2; +https://opensiteexplorer.org/dotbot; [email protected])"
135.181.137.59 - - [20/Oct/2025:17:23:53 -0400] "GET /category/international/page/280/ HTTP/1.1" 200 181793 "http://wahgazab.com/category/international/" "Mozilla/5.0 (compatible; SeekportBot; +https://bot.seekport.com)"
135.181.137.59 - - [20/Oct/2025:17:23:54 -0400] "GET /ranveer-sings-lands-into-a-controversy-on-the-tweet-to-hardik-pandya/ HTTP/1.1" 200 284163 "http://wahgazab.com/category/sports/" "Mozilla/5.0 (compatible; SeekportBot; +https://bot.seekport.com)"
135.181.137.59 - - [20/Oct/2025:17:23:55 -0400] "GET /varun-chakravarthy-emerges-most-expensive-buy-in-ipl-auction/ HTTP/1.1" 200 287354 "http://wahgazab.com/category/sports/" "Mozilla/5.0 (compatible; SeekportBot; +https://bot.seekport.com)"
176.31.139.24 - - [20/Oct/2025:17:23:56 -0400] "GET /tag/short-ban/ HTTP/1.1" 200 122023 "-" "Mozilla/5.0 (compatible; AhrefsBot/7.0; +http://ahrefs.com/robot/)"
135.181.137.59 - - [20/Oct/2025:17:23:57 -0400] "GET /who-takes-the-decision-of-man-of-the-match-in-cricket/ HTTP/1.1" 200 282631 "http://wahgazab.com/category/sports/" "Mozilla/5.0 (compatible; SeekportBot; +https://bot.seekport.com)"
135.181.137.59 - - [20/Oct/2025:17:23:58 -0400] "GET /no-bowler-could-take-these-batsmen-wicket-for-duck-in-100-matches/ HTTP/1.1" 200 284103 "http://wahgazab.com/category/sports/" "Mozilla/5.0 (compatible; SeekportBot; +https://bot.seekport.com)"
135.181.137.59 - - [20/Oct/2025:17:24:00 -0400] "GET /author/wah3/ HTTP/1.1" 200 183359 "http://wahgazab.com/category/sports/" "Mozilla/5.0 (compatible; SeekportBot; +https://bot.seekport.com)"
135.181.137.59 - - [20/Oct/2025:17:24:01 -0400] "GET /india-pakistan-all-set-to-fight-for-icc-champions-trophy-2017-this-fathers-day/ HTTP/1.1" 200 285384 "http://wahgazab.com/category/sports/" "Mozilla/5.0 (compatible; SeekportBot; +https://bot.seekport.com)"
135.181.137.59 - - [20/Oct/2025:17:24:03 -0400] "GET /these-new-faces-in-ipl-auctioned-for-2-crores/ HTTP/1.1" 200 284358 "http://wahgazab.com/category/sports/" "Mozilla/5.0 (compatible; SeekportBot; +https://bot.seekport.com)"
135.181.137.59 - - [20/Oct/2025:17:24:04 -0400] "GET /these-celebs-earn-billions-from-instagram-posts/ HTTP/1.1" 200 313051 "http://wahgazab.com/category/bollywood/" "Mozilla/5.0 (compatible; SeekportBot; +https://bot.seekport.com)"
135.181.137.59 - - [20/Oct/2025:17:24:06 -0400] "GET /unbelievable-height-of-this-player-to-give-you-a-shock/ HTTP/1.1" 200 283782 "http://wahgazab.com/category/sports/" "Mozilla/5.0 (compatible; SeekportBot; +https://bot.seekport.com)"
135.181.137.59 - - [20/Oct/2025:17:24:07 -0400] "GET /horror-movies-that-took-lives-in-cinema-halls/ HTTP/1.1" 200 285778 "http://wahgazab.com/category/bollywood/" "Mozilla/5.0 (compatible; SeekportBot; +https://bot.seekport.com)"
135.181.137.59 - - [20/Oct/2025:17:24:09 -0400] "GET /these-little-gymnasts-performs-amazingly-in-this-video/ HTTP/1.1" 200 279828 "http://wahgazab.com/category/sports/" "Mozilla/5.0 (compatible; SeekportBot; +https://bot.seekport.com)"
135.181.137.59 - - [20/Oct/2025:17:24:10 -0400] "GET /journalist-boycotts-kangana-ranaut-for-any-media-coverage/ HTTP/1.1" 200 289162 "http://wahgazab.com/category/bollywood/" "Mozilla/5.0 (compatible; SeekportBot; +https://bot.seekport.com)"
135.181.137.59 - - [20/Oct/2025:17:24:12 -0400] "GET /sakshi-malik-takes-indian-glory-to-the-heights-wins-reward-of-crores/ HTTP/1.1" 200 284193 "http://wahgazab.com/category/sports/" "Mozilla/5.0 (compatible; SeekportBot; +https://bot.seekport.com)"
135.181.137.59 - - [20/Oct/2025:17:24:14 -0400] "GET /author/wah8/ HTTP/1.1" 200 179373 "http://wahgazab.com/category/sports/" "Mozilla/5.0 (compatible; SeekportBot; +https://bot.seekport.com)"
135.181.137.59 - - [20/Oct/2025:17:24:15 -0400] "GET /salim-khan-shared-the-news-with-srk-for-his-first-hit-movie/ HTTP/1.1" 200 287721 "http://wahgazab.com/category/bollywood/" "Mozilla/5.0 (compatible; SeekportBot; +https://bot.seekport.com)"
135.181.137.59 - - [20/Oct/2025:17:24:17 -0400] "GET /this-weirdly-designed-jeans-costs-twenty-five-thousands-rupees/ HTTP/1.1" 200 281326 "http://wahgazab.com/category/fashion/" "Mozilla/5.0 (compatible; SeekportBot; +https://bot.seekport.com)"
135.181.137.59 - - [20/Oct/2025:17:24:18 -0400] "GET /category/sports/page/2/ HTTP/1.1" 200 199963 "http://wahgazab.com/category/sports/" "Mozilla/5.0 (compatible; SeekportBot; +https://bot.seekport.com)"
135.181.137.59 - - [20/Oct/2025:17:24:20 -0400] "GET /category/sports/page/3/ HTTP/1.1" 200 199363 "http://wahgazab.com/category/sports/" "Mozilla/5.0 (compatible; SeekportBot; +https://bot.seekport.com)"
135.181.137.59 - - [20/Oct/2025:17:24:21 -0400] "GET /category/sports/page/46/ HTTP/1.1" 200 185328 "http://wahgazab.com/category/sports/" "Mozilla/5.0 (compatible; SeekportBot; +https://bot.seekport.com)"
135.181.137.59 - - [20/Oct/2025:17:24:23 -0400] "GET /the-most-expensive-denims-in-the-world/ HTTP/1.1" 200 280945 "http://wahgazab.com/category/fashion/" "Mozilla/5.0 (compatible; SeekportBot; +https://bot.seekport.com)"
135.181.137.59 - - [20/Oct/2025:17:24:24 -0400] "GET /ritik-dances-on-a-bhojpuri-song-video-goes-viral/ HTTP/1.1" 200 282103 "http://wahgazab.com/category/bollywood/" "Mozilla/5.0 (compatible; SeekportBot; +https://bot.seekport.com)"
135.181.137.59 - - [20/Oct/2025:17:24:26 -0400] "GET /reasons-why-your-jeans-have-tiny-buttons/ HTTP/1.1" 200 282251 "http://wahgazab.com/category/fashion/" "Mozilla/5.0 (compatible; SeekportBot; +https://bot.seekport.com)"
135.181.137.59 - - [20/Oct/2025:17:24:27 -0400] "GET /dangal-fame-zaira-wasim-quits-bollywood-for-religious-obligations/ HTTP/1.1" 200 284384 "http://wahgazab.com/category/bollywood/" "Mozilla/5.0 (compatible; SeekportBot; +https://bot.seekport.com)"
135.181.137.59 - - [20/Oct/2025:17:24:29 -0400] "GET /these-hilarious-jokes-to-take-all-your-tension-away/ HTTP/1.1" 200 279684 "http://wahgazab.com/category/jokes/" "Mozilla/5.0 (compatible; SeekportBot; +https://bot.seekport.com)"
135.181.137.59 - - [20/Oct/2025:17:24:30 -0400] "GET /costliest-nail-polish-in-the-world/ HTTP/1.1" 200 278231 "http://wahgazab.com/category/fashion/" "Mozilla/5.0 (compatible; SeekportBot; +https://bot.seekport.com)"
135.181.137.59 - - [20/Oct/2025:17:24:32 -0400] "GET /these-bollowood-actors-were-males-once-and-now-transformed-into-females/ HTTP/1.1" 200 286711 "http://wahgazab.com/category/bollywood/" "Mozilla/5.0 (compatible; SeekportBot; +https://bot.seekport.com)"
135.181.137.59 - - [20/Oct/2025:17:24:34 -0400] "GET /these-hilarious-jokes-will-give-you-the-fits-of-laughter/ HTTP/1.1" 200 281175 "http://wahgazab.com/category/jokes/" "Mozilla/5.0 (compatible; SeekportBot; +https://bot.seekport.com)"
135.181.137.59 - - [20/Oct/2025:17:24:35 -0400] "GET /how-to-identify-your-levis-denim-if-it-is-genuine-or-not/ HTTP/1.1" 200 282566 "http://wahgazab.com/category/fashion/" "Mozilla/5.0 (compatible; SeekportBot; +https://bot.seekport.com)"
135.181.137.59 - - [20/Oct/2025:17:24:37 -0400] "GET /chinmayi-sriprada-stuns-everyone-with-her-reply-to-the-user-asking-nudes/ HTTP/1.1" 200 280477 "http://wahgazab.com/category/bollywood/" "Mozilla/5.0 (compatible; SeekportBot; +https://bot.seekport.com)"
135.181.137.59 - - [20/Oct/2025:17:24:39 -0400] "GET /interesting-jokes/ HTTP/1.1" 200 276277 "http://wahgazab.com/category/jokes/" "Mozilla/5.0 (compatible; SeekportBot; +https://bot.seekport.com)"
135.181.137.59 - - [20/Oct/2025:17:24:40 -0400] "GET /unmarried-female-girls-dead-body-auctioned-here/ HTTP/1.1" 200 282529 "http://wahgazab.com/category/fashion/" "Mozilla/5.0 (compatible; SeekportBot; +https://bot.seekport.com)"
135.181.137.59 - - [20/Oct/2025:17:24:42 -0400] "GET /looted-hair-at-the-tip-of-the-gun/ HTTP/1.1" 200 281475 "http://wahgazab.com/category/crime/" "Mozilla/5.0 (compatible; SeekportBot; +https://bot.seekport.com)"
135.181.137.59 - - [20/Oct/2025:17:24:43 -0400] "GET /salman-khan-to-declare-his-wedding-date-on-election-results-day/ HTTP/1.1" 200 281213 "http://wahgazab.com/category/bollywood/" "Mozilla/5.0 (compatible; SeekportBot; +https://bot.seekport.com)"
135.181.137.59 - - [20/Oct/2025:17:24:45 -0400] "GET /how-to-make-your-children-aware-of-these-big-deeds-of-little-kids/ HTTP/1.1" 200 282611 "http://wahgazab.com/category/jokes/" "Mozilla/5.0 (compatible; SeekportBot; +https://bot.seekport.com)"
135.181.137.59 - - [20/Oct/2025:17:24:46 -0400] "GET /police-got-surprised-to-see-what-bride-did-on-her-first-night/ HTTP/1.1" 200 283529 "http://wahgazab.com/category/crime/" "Mozilla/5.0 (compatible; SeekportBot; +https://bot.seekport.com)"
135.181.137.59 - - [20/Oct/2025:17:24:48 -0400] "GET /stylish-bags-for-men-to-make-them-cool/ HTTP/1.1" 200 285228 "http://wahgazab.com/category/fashion/" "Mozilla/5.0 (compatible; SeekportBot; +https://bot.seekport.com)"
135.181.137.59 - - [20/Oct/2025:17:24:50 -0400] "GET /author/wah7/ HTTP/1.1" 200 179318 "http://wahgazab.com/category/jokes/" "Mozilla/5.0 (compatible; SeekportBot; +https://bot.seekport.com)"
135.181.137.59 - - [20/Oct/2025:17:24:51 -0400] "GET /category/bollywood/page/2/ HTTP/1.1" 200 201158 "http://wahgazab.com/category/bollywood/" "Mozilla/5.0 (compatible; SeekportBot; +https://bot.seekport.com)"
135.181.137.59 - - [20/Oct/2025:17:24:53 -0400] "GET /feel-these-amazing-gestures-of-this-cat/ HTTP/1.1" 200 280666 "http://wahgazab.com/category/jokes/" "Mozilla/5.0 (compatible; SeekportBot; +https://bot.seekport.com)"
135.181.137.59 - - [20/Oct/2025:17:24:55 -0400] "GET /category/bollywood/page/3/ HTTP/1.1" 200 201349 "http://wahgazab.com/category/bollywood/" "Mozilla/5.0 (compatible; SeekportBot; +https://bot.seekport.com)"
135.181.137.59 - - [20/Oct/2025:17:24:56 -0400] "GET /author/wah4/ HTTP/1.1" 200 186999 "http://wahgazab.com/category/fashion/" "Mozilla/5.0 (compatible; SeekportBot; +https://bot.seekport.com)"
135.181.137.59 - - [20/Oct/2025:17:24:58 -0400] "GET /maulana-aijaz-abused-a-woman-in-a-live-debate-and-beat-another/ HTTP/1.1" 200 287905 "http://wahgazab.com/category/crime/" "Mozilla/5.0 (compatible; SeekportBot; +https://bot.seekport.com)"
135.181.137.59 - - [20/Oct/2025:17:25:00 -0400] "GET /category/bollywood/page/127/ HTTP/1.1" 200 179331 "http://wahgazab.com/category/bollywood/" "Mozilla/5.0 (compatible; SeekportBot; +https://bot.seekport.com)"
135.181.137.59 - - [20/Oct/2025:17:25:01 -0400] "GET /khoobsurati-app-to-update-you-regarding-health-and-beauty/ HTTP/1.1" 200 278993 "http://wahgazab.com/category/fashion/" "Mozilla/5.0 (compatible; SeekportBot; +https://bot.seekport.com)"
135.181.137.59 - - [20/Oct/2025:17:25:03 -0400] "GET /check-out-the-video-of-indian-army-men-dancing/ HTTP/1.1" 200 280858 "http://wahgazab.com/category/videos/" "Mozilla/5.0 (compatible; SeekportBot; +https://bot.seekport.com)"
135.181.137.59 - - [20/Oct/2025:17:25:04 -0400] "GET /every-t-shirts-slogan-says-something/ HTTP/1.1" 200 285767 "http://wahgazab.com/category/jokes/" "Mozilla/5.0 (compatible; SeekportBot; +https://bot.seekport.com)"
135.181.137.59 - - [20/Oct/2025:17:25:06 -0400] "GET /fatwa-issued-on-muslim-woman-for-triple-talaq/ HTTP/1.1" 200 285494 "http://wahgazab.com/category/crime/" "Mozilla/5.0 (compatible; SeekportBot; +https://bot.seekport.com)"
135.181.137.59 - - [20/Oct/2025:17:25:07 -0400] "GET /beautiful-hairstyles-for-short-hair/ HTTP/1.1" 200 279780 "http://wahgazab.com/category/fashion/" "Mozilla/5.0 (compatible; SeekportBot; +https://bot.seekport.com)"
135.181.137.59 - - [20/Oct/2025:17:25:09 -0400] "GET /muslim-women-who-took-out-kanvad-travel-performed-jalabhishek/ HTTP/1.1" 200 281651 "http://wahgazab.com/category/videos/" "Mozilla/5.0 (compatible; SeekportBot; +https://bot.seekport.com)"
135.181.137.59 - - [20/Oct/2025:17:25:11 -0400] "GET /hilarious-jokes-3/ HTTP/1.1" 200 280828 "http://wahgazab.com/category/jokes/" "Mozilla/5.0 (compatible; SeekportBot; +https://bot.seekport.com)"
135.181.137.59 - - [20/Oct/2025:17:25:12 -0400] "GET /30-year-old-rape-accused-arrested-with-help-of-condom/ HTTP/1.1" 200 282764 "http://wahgazab.com/category/crime/" "Mozilla/5.0 (compatible; SeekportBot; +https://bot.seekport.com)"
135.181.137.59 - - [20/Oct/2025:17:25:14 -0400] "GET /check-out-the-video-of-the-child-who-is-known-as-the-incarnation-of-bruce-lee/ HTTP/1.1" 200 282080 "http://wahgazab.com/category/videos/" "Mozilla/5.0 (compatible; SeekportBot; +https://bot.seekport.com)"
135.181.137.59 - - [20/Oct/2025:17:25:15 -0400] "GET /why-should-boys-shave-their-legs/ HTTP/1.1" 200 282100 "http://wahgazab.com/category/fashion/" "Mozilla/5.0 (compatible; SeekportBot; +https://bot.seekport.com)"
135.181.137.59 - - [20/Oct/2025:17:25:16 -0400] "GET /author/wah1/ HTTP/1.1" 200 186913 "http://wahgazab.com/category/jokes/" "Mozilla/5.0 (compatible; SeekportBot; +https://bot.seekport.com)"
135.181.137.59 - - [20/Oct/2025:17:25:17 -0400] "GET /meaning-of-coloured-stripes-made-on-toothpaste-tube/ HTTP/1.1" 200 282529 "http://wahgazab.com/category/beauty-fitness/" "Mozilla/5.0 (compatible; SeekportBot; +https://bot.seekport.com)"
135.181.137.59 - - [20/Oct/2025:17:25:18 -0400] "GET /hilarious-jokes-2/ HTTP/1.1" 200 281655 "http://wahgazab.com/category/jokes/" "Mozilla/5.0 (compatible; SeekportBot; +https://bot.seekport.com)"
135.181.137.59 - - [20/Oct/2025:17:25:20 -0400] "GET /thief-returned-the-stolen-jewels-with-an-apology-letter/ HTTP/1.1" 200 282497 "http://wahgazab.com/category/crime/" "Mozilla/5.0 (compatible; SeekportBot; +https://bot.seekport.com)"
135.181.137.59 - - [20/Oct/2025:17:25:22 -0400] "GET /after-naagin-dance-and-murga-dance-enjoy-bagula-dance/ HTTP/1.1" 200 281694 "http://wahgazab.com/category/videos/" "Mozilla/5.0 (compatible; SeekportBot; +https://bot.seekport.com)"
135.181.137.59 - - [20/Oct/2025:17:25:23 -0400] "GET /this-indian-fruit-is-more-dangerous-than-cyanide/ HTTP/1.1" 200 281218 "http://wahgazab.com/category/beauty-fitness/" "Mozilla/5.0 (compatible; SeekportBot; +https://bot.seekport.com)"
17.246.23.188 - - [20/Oct/2025:17:25:24 -0400] "GET /tag/cow-catwalk-in-beauty-event/ HTTP/1.1" 200 122254 "-" "Mozilla/5.0 (Macintosh; Intel Mac OS X 10_15_7) AppleWebKit/605.1.15 (KHTML, like Gecko) Version/17.4 Safari/605.1.15 (Applebot/0.1; +http://www.apple.com/go/applebot)"
135.181.137.59 - - [20/Oct/2025:17:25:24 -0400] "GET /category/fashion/page/2/ HTTP/1.1" 200 198562 "http://wahgazab.com/category/fashion/" "Mozilla/5.0 (compatible; SeekportBot; +https://bot.seekport.com)"
135.181.137.59 - - [20/Oct/2025:17:25:26 -0400] "GET /category/fashion/page/3/ HTTP/1.1" 200 198942 "http://wahgazab.com/category/fashion/" "Mozilla/5.0 (compatible; SeekportBot; +https://bot.seekport.com)"
135.181.137.59 - - [20/Oct/2025:17:25:27 -0400] "GET /category/fashion/page/11/ HTTP/1.1" 200 175450 "http://wahgazab.com/category/fashion/" "Mozilla/5.0 (compatible; SeekportBot; +https://bot.seekport.com)"
135.181.137.59 - - [20/Oct/2025:17:25:29 -0400] "GET /hilarious-jokes/ HTTP/1.1" 200 278366 "http://wahgazab.com/category/jokes/" "Mozilla/5.0 (compatible; SeekportBot; +https://bot.seekport.com)"
135.181.137.59 - - [20/Oct/2025:17:25:30 -0400] "GET /pastor-raped-a-woman-in-the-name-of-religion/ HTTP/1.1" 200 283341 "http://wahgazab.com/category/crime/" "Mozilla/5.0 (compatible; SeekportBot; +https://bot.seekport.com)"
135.181.137.59 - - [20/Oct/2025:17:25:32 -0400] "GET /the-tamarind-seeds-can-make-the-weaker-person-strong-in-this-way/ HTTP/1.1" 200 282973 "http://wahgazab.com/category/beauty-fitness/" "Mozilla/5.0 (compatible; SeekportBot; +https://bot.seekport.com)"
216.73.216.129 - - [20/Oct/2025:17:25:33 -0400] "GET /this-100-meter-weird-creature-found-from-the-sea-people-get-horrified/alien-cover HTTP/1.1" 301 - "-" "Mozilla/5.0 AppleWebKit/537.36 (KHTML, like Gecko; compatible; ClaudeBot/1.0; [email protected])"
135.181.137.59 - - [20/Oct/2025:17:25:33 -0400] "GET /american-recited-sanskrit-mantras-that-will-leave-you-in-shock/ HTTP/1.1" 200 281727 "http://wahgazab.com/category/videos/" "Mozilla/5.0 (compatible; SeekportBot; +https://bot.seekport.com)"
216.73.216.129 - - [20/Oct/2025:17:25:34 -0400] "GET /when-will-our-society-change HTTP/1.1" 301 - "-" "Mozilla/5.0 AppleWebKit/537.36 (KHTML, like Gecko; compatible; ClaudeBot/1.0; [email protected])"
216.73.216.129 - - [20/Oct/2025:17:25:34 -0400] "GET /this-100-meter-weird-creature-found-from-the-sea-people-get-horrified/alien-cover/ HTTP/1.1" 200 121787 "http://wahgazab.com/this-100-meter-weird-creature-found-from-the-sea-people-get-horrified/alien-cover" "Mozilla/5.0 AppleWebKit/537.36 (KHTML, like Gecko; compatible; ClaudeBot/1.0; [email protected])"
216.73.216.129 - - [20/Oct/2025:17:25:34 -0400] "GET /when-will-our-society-change/ HTTP/1.1" 200 284447 "http://wahgazab.com/when-will-our-society-change" "Mozilla/5.0 AppleWebKit/537.36 (KHTML, like Gecko; compatible; ClaudeBot/1.0; [email protected])"
135.181.137.59 - - [20/Oct/2025:17:25:35 -0400] "GET /here-is-what-happens-when-you-see-snakes-in-your-dreams/ HTTP/1.1" 200 281857 "http://wahgazab.com/category/jeevan-mantra/" "Mozilla/5.0 (compatible; SeekportBot; +https://bot.seekport.com)"
216.73.216.129 - - [20/Oct/2025:17:25:35 -0400] "GET /horrible-and-weird-islands-in-the-world/insula-cover HTTP/1.1" 301 - "-" "Mozilla/5.0 AppleWebKit/537.36 (KHTML, like Gecko; compatible; ClaudeBot/1.0; [email protected])"
216.73.216.129 - - [20/Oct/2025:17:25:36 -0400] "GET /horrible-and-weird-islands-in-the-world/insula-cover/ HTTP/1.1" 200 121571 "http://wahgazab.com/horrible-and-weird-islands-in-the-world/insula-cover" "Mozilla/5.0 AppleWebKit/537.36 (KHTML, like Gecko; compatible; ClaudeBot/1.0; [email protected])"
135.181.137.59 - - [20/Oct/2025:17:25:36 -0400] "GET /the-smile-on-your-face/ HTTP/1.1" 200 278744 "http://wahgazab.com/category/jokes/" "Mozilla/5.0 (compatible; SeekportBot; +https://bot.seekport.com)"
135.181.137.59 - - [20/Oct/2025:17:25:38 -0400] "GET /bride-returned-from-marriage-after-seeing-the-groom/ HTTP/1.1" 200 285734 "http://wahgazab.com/category/crime/" "Mozilla/5.0 (compatible; SeekportBot; +https://bot.seekport.com)"
57.141.0.25 - - [20/Oct/2025:17:25:38 -0400] "GET /salman-gets-angry-with-media/ HTTP/1.1" 200 282932 "-" "meta-externalagent/1.1 (+https://developers.facebook.com/docs/sharing/webmasters/crawler)"
135.181.137.59 - - [20/Oct/2025:17:25:40 -0400] "GET /know-about-the-benefits-of-ajwa-dates-which-even-suger-patients-can-consume/ HTTP/1.1" 200 283940 "http://wahgazab.com/category/beauty-fitness/" "Mozilla/5.0 (compatible; SeekportBot; +https://bot.seekport.com)"
37.59.204.150 - - [20/Oct/2025:17:25:41 -0400] "GET /wp-content/uploads/2015/11/england-nightlife2.jpg HTTP/1.1" 200 110060 "-" "Mozilla/5.0 (compatible; AhrefsBot/7.0; +http://ahrefs.com/robot/)"
135.181.137.59 - - [20/Oct/2025:17:25:41 -0400] "GET /sushma-swaraj-last-tweet-melts-our-heart/ HTTP/1.1" 200 291419 "http://wahgazab.com/category/jeevan-mantra/" "Mozilla/5.0 (compatible; SeekportBot; +https://bot.seekport.com)"
135.181.137.59 - - [20/Oct/2025:17:25:43 -0400] "GET /this-man-is-the-leader-of-the-animals/ HTTP/1.1" 200 282675 "http://wahgazab.com/category/videos/" "Mozilla/5.0 (compatible; SeekportBot; +https://bot.seekport.com)"
5.39.1.238 - - [20/Oct/2025:17:25:44 -0400] "GET /tag/dayal-bagh/ HTTP/1.1" 200 121779 "-" "Mozilla/5.0 (compatible; AhrefsBot/7.0; +http://ahrefs.com/robot/)"
135.181.137.59 - - [20/Oct/2025:17:25:44 -0400] "GET /category/jokes/page/2/ HTTP/1.1" 200 197073 "http://wahgazab.com/category/jokes/" "Mozilla/5.0 (compatible; SeekportBot; +https://bot.seekport.com)"
135.181.137.59 - - [20/Oct/2025:17:25:46 -0400] "GET /faceapp-takes-overs-all-the-internet-across-the-globe/ HTTP/1.1" 200 290274 "http://wahgazab.com/category/jeevan-mantra/" "Mozilla/5.0 (compatible; SeekportBot; +https://bot.seekport.com)"
135.181.137.59 - - [20/Oct/2025:17:25:48 -0400] "GET /category/jokes/page/3/ HTTP/1.1" 200 197420 "http://wahgazab.com/category/jokes/" "Mozilla/5.0 (compatible; SeekportBot; +https://bot.seekport.com)"
135.181.137.59 - - [20/Oct/2025:17:25:49 -0400] "GET /mother-teresas-organization-officer-arrested-for-selling-newborn-baby/ HTTP/1.1" 200 286079 "http://wahgazab.com/category/crime/" "Mozilla/5.0 (compatible; SeekportBot; +https://bot.seekport.com)"
135.181.137.59 - - [20/Oct/2025:17:25:51 -0400] "GET /consume-these-fruits-to-prevent-nipah-virus-infection/ HTTP/1.1" 200 283619 "http://wahgazab.com/category/beauty-fitness/" "Mozilla/5.0 (compatible; SeekportBot; +https://bot.seekport.com)"
135.181.137.59 - - [20/Oct/2025:17:25:53 -0400] "GET /category/jokes/page/5/ HTTP/1.1" 200 175042 "http://wahgazab.com/category/jokes/" "Mozilla/5.0 (compatible; SeekportBot; +https://bot.seekport.com)"
