135.181.137.59 - - [20/Oct/2025:18:16:13 -0400] "GET /tag/uttar-pradesh-council-for-science-and-technology/ HTTP/1.1" 200 122211 "http://wahgazab.com/a-boy-discovers-something-just-like-that-and-it-will-benefit-millions/" "Mozilla/5.0 (compatible; SeekportBot; +https://bot.seekport.com)"
135.181.137.59 - - [20/Oct/2025:18:16:15 -0400] "GET /tag/vivek-kumar-patel/ HTTP/1.1" 200 121963 "http://wahgazab.com/a-boy-discovers-something-just-like-that-and-it-will-benefit-millions/" "Mozilla/5.0 (compatible; SeekportBot; +https://bot.seekport.com)"
135.181.137.59 - - [20/Oct/2025:18:16:17 -0400] "GET /tag/%E0%A4%86%E0%A4%B5%E0%A4%BF%E0%A4%B7%E0%A5%8D%E0%A4%95%E0%A4%BE%E0%A4%B0/ HTTP/1.1" 200 122086 "http://wahgazab.com/a-boy-discovers-something-just-like-that-and-it-will-benefit-millions/" "Mozilla/5.0 (compatible; SeekportBot; +https://bot.seekport.com)"
135.181.137.59 - - [20/Oct/2025:18:16:18 -0400] "GET /a-strange-hen-produces-36-eggs-within-24-hours/ HTTP/1.1" 200 282111 "http://wahgazab.com/a-boy-discovers-something-just-like-that-and-it-will-benefit-millions/" "Mozilla/5.0 (compatible; SeekportBot; +https://bot.seekport.com)"
135.181.137.59 - - [20/Oct/2025:18:16:20 -0400] "GET /amit-shah-and-arun-jaitley-opens-up-about-the-foreign-visits-of-pm-narendra-modi/ HTTP/1.1" 200 288902 "http://wahgazab.com/a-boy-discovers-something-just-like-that-and-it-will-benefit-millions/" "Mozilla/5.0 (compatible; SeekportBot; +https://bot.seekport.com)"
135.181.137.59 - - [20/Oct/2025:18:16:22 -0400] "GET /tag/north-korea-president/ HTTP/1.1" 200 121783 "http://wahgazab.com/traffic-ladies-are-hired-for-their-looks-in-north-korea/" "Mozilla/5.0 (compatible; SeekportBot; +https://bot.seekport.com)"
135.181.137.59 - - [20/Oct/2025:18:16:24 -0400] "GET /tag/north-korean-police-woman/ HTTP/1.1" 200 121815 "http://wahgazab.com/traffic-ladies-are-hired-for-their-looks-in-north-korea/" "Mozilla/5.0 (compatible; SeekportBot; +https://bot.seekport.com)"
135.181.137.59 - - [20/Oct/2025:18:16:26 -0400] "GET /tag/north-korean-traffic-lady-sentenced-to-death/ HTTP/1.1" 200 121967 "http://wahgazab.com/traffic-ladies-are-hired-for-their-looks-in-north-korea/" "Mozilla/5.0 (compatible; SeekportBot; +https://bot.seekport.com)"
135.181.137.59 - - [20/Oct/2025:18:16:28 -0400] "GET /tag/pyongyang-traffic-ladies/ HTTP/1.1" 200 121807 "http://wahgazab.com/traffic-ladies-are-hired-for-their-looks-in-north-korea/" "Mozilla/5.0 (compatible; SeekportBot; +https://bot.seekport.com)"
17.241.219.162 - - [20/Oct/2025:18:16:31 -0400] "GET /smriti-irni-gave-fitting-reply-to-the-trolls-of-her-daughter-on-social-media/ HTTP/1.1" 200 285855 "-" "Mozilla/5.0 (Macintosh; Intel Mac OS X 10_15_7) AppleWebKit/605.1.15 (KHTML, like Gecko) Version/17.4 Safari/605.1.15 (Applebot/0.1; +http://www.apple.com/go/applebot)"
135.181.137.59 - - [20/Oct/2025:18:16:31 -0400] "GET /tag/traffic-ladies-news-traffic-ladies-news-hindi/ HTTP/1.1" 200 121975 "http://wahgazab.com/traffic-ladies-are-hired-for-their-looks-in-north-korea/" "Mozilla/5.0 (compatible; SeekportBot; +https://bot.seekport.com)"
135.181.137.59 - - [20/Oct/2025:18:16:34 -0400] "GET /a-cow-delivers-baby-looking-like-a-human/ HTTP/1.1" 200 281882 "http://wahgazab.com/traffic-ladies-are-hired-for-their-looks-in-north-korea/" "Mozilla/5.0 (compatible; SeekportBot; +https://bot.seekport.com)"
135.181.137.59 - - [20/Oct/2025:18:16:35 -0400] "GET /this-man-gets-pregnant-second-time-and-soon-to-deliver-a-baby/ HTTP/1.1" 200 283797 "http://wahgazab.com/traffic-ladies-are-hired-for-their-looks-in-north-korea/" "Mozilla/5.0 (compatible; SeekportBot; +https://bot.seekport.com)"
135.181.137.59 - - [20/Oct/2025:18:16:37 -0400] "GET /tag/porn-clip-display-in-rajiv-chowk-metro-station/ HTTP/1.1" 200 122452 "http://wahgazab.com/porn-clip-starts-playing-suddenly-at-the-rajiv-chowk-metro-station-in-delhi/" "Mozilla/5.0 (compatible; SeekportBot; +https://bot.seekport.com)"
66.249.79.168 - - [20/Oct/2025:18:16:38 -0400] "GET /man-shoots-a-bullet-in-the-woman-private-part-and-gets-10-years-imprisonment/man-shoots-a-bullet-in-the-woman-private-part-and-gets-10-years-imprisonment/ HTTP/1.1" 200 122719 "-" "Mozilla/5.0 (Linux; Android 6.0.1; Nexus 5X Build/MMB29P) AppleWebKit/537.36 (KHTML, like Gecko) Chrome/140.0.7339.207 Mobile Safari/537.36 (compatible; Googlebot/2.1; +http://www.google.com/bot.html)"
135.181.137.59 - - [20/Oct/2025:18:16:39 -0400] "GET /tag/porn-on-rajiv-chowk/ HTTP/1.1" 200 122236 "http://wahgazab.com/porn-clip-starts-playing-suddenly-at-the-rajiv-chowk-metro-station-in-delhi/" "Mozilla/5.0 (compatible; SeekportBot; +https://bot.seekport.com)"
135.181.137.59 - - [20/Oct/2025:18:16:41 -0400] "GET /tag/porn-video-played-in-rajiv-chowk-metro-station/ HTTP/1.1" 200 122452 "http://wahgazab.com/porn-clip-starts-playing-suddenly-at-the-rajiv-chowk-metro-station-in-delhi/" "Mozilla/5.0 (compatible; SeekportBot; +https://bot.seekport.com)"
135.181.137.59 - - [20/Oct/2025:18:16:43 -0400] "GET /tag/rajiv-chowk/ HTTP/1.1" 200 129075 "http://wahgazab.com/porn-clip-starts-playing-suddenly-at-the-rajiv-chowk-metro-station-in-delhi/" "Mozilla/5.0 (compatible; SeekportBot; +https://bot.seekport.com)"
216.73.216.129 - - [20/Oct/2025:18:16:44 -0400] "GET /doctor-offers-trash-instead-of-treatment/gamal-albinsaid/feed HTTP/1.1" 301 - "-" "Mozilla/5.0 AppleWebKit/537.36 (KHTML, like Gecko; compatible; ClaudeBot/1.0; [email protected])"
216.73.216.129 - - [20/Oct/2025:18:16:44 -0400] "GET /a-blind-girl-gets-succeeded-in-upsc-exams/2016_5image_12_04_058206000sdddd-ll/feed HTTP/1.1" 301 - "-" "Mozilla/5.0 AppleWebKit/537.36 (KHTML, like Gecko; compatible; ClaudeBot/1.0; [email protected])"
216.73.216.129 - - [20/Oct/2025:18:16:44 -0400] "GET /doctor-offers-trash-instead-of-treatment/gamal-albinsaid/feed/ HTTP/1.1" 200 841 "http://wahgazab.com/doctor-offers-trash-instead-of-treatment/gamal-albinsaid/feed" "Mozilla/5.0 AppleWebKit/537.36 (KHTML, like Gecko; compatible; ClaudeBot/1.0; [email protected])"
216.73.216.129 - - [20/Oct/2025:18:16:45 -0400] "GET /a-blind-girl-gets-succeeded-in-upsc-exams/2016_5image_12_04_058206000sdddd-ll/feed/ HTTP/1.1" 200 903 "http://wahgazab.com/a-blind-girl-gets-succeeded-in-upsc-exams/2016_5image_12_04_058206000sdddd-ll/feed" "Mozilla/5.0 AppleWebKit/537.36 (KHTML, like Gecko; compatible; ClaudeBot/1.0; [email protected])"
135.181.137.59 - - [20/Oct/2025:18:16:45 -0400] "GET /tag/rajiv-chowk-metro-porn-video-incident/ HTTP/1.1" 200 122380 "http://wahgazab.com/porn-clip-starts-playing-suddenly-at-the-rajiv-chowk-metro-station-in-delhi/" "Mozilla/5.0 (compatible; SeekportBot; +https://bot.seekport.com)"
135.181.137.59 - - [20/Oct/2025:18:16:47 -0400] "GET /tag/rajiv-chowk-metro-station/ HTTP/1.1" 200 122284 "http://wahgazab.com/porn-clip-starts-playing-suddenly-at-the-rajiv-chowk-metro-station-in-delhi/" "Mozilla/5.0 (compatible; SeekportBot; +https://bot.seekport.com)"
135.181.137.59 - - [20/Oct/2025:18:16:48 -0400] "GET /tag/rajiv-chowk-news-in-hindi/ HTTP/1.1" 200 122284 "http://wahgazab.com/porn-clip-starts-playing-suddenly-at-the-rajiv-chowk-metro-station-in-delhi/" "Mozilla/5.0 (compatible; SeekportBot; +https://bot.seekport.com)"
135.181.137.59 - - [20/Oct/2025:18:16:50 -0400] "GET /tag/rajiv-chowk-porn-incident-got-viral/ HTTP/1.1" 200 122364 "http://wahgazab.com/porn-clip-starts-playing-suddenly-at-the-rajiv-chowk-metro-station-in-delhi/" "Mozilla/5.0 (compatible; SeekportBot; +https://bot.seekport.com)"
135.181.137.59 - - [20/Oct/2025:18:16:52 -0400] "GET /this-divine-stone-falls-in-india-from-sri-lanka-and-people-worship-it-today/ HTTP/1.1" 200 283837 "http://wahgazab.com/porn-clip-starts-playing-suddenly-at-the-rajiv-chowk-metro-station-in-delhi/" "Mozilla/5.0 (compatible; SeekportBot; +https://bot.seekport.com)"
135.181.137.59 - - [20/Oct/2025:18:16:54 -0400] "GET /this-indian-youth-makes-the-longest-motorcycle-in-the-world/ HTTP/1.1" 200 282694 "http://wahgazab.com/porn-clip-starts-playing-suddenly-at-the-rajiv-chowk-metro-station-in-delhi/" "Mozilla/5.0 (compatible; SeekportBot; +https://bot.seekport.com)"
135.181.137.59 - - [20/Oct/2025:18:16:56 -0400] "GET /people-get-free-from-this-jail-by-doing-charity/ HTTP/1.1" 200 282031 "http://wahgazab.com/people-live-in-the-grave-even-being-alive/" "Mozilla/5.0 (compatible; SeekportBot; +https://bot.seekport.com)"
135.181.137.59 - - [20/Oct/2025:18:16:58 -0400] "GET /these-giant-and-weird-creatures-on-the-earth-mysteriously-haunt-people/ HTTP/1.1" 200 283592 "http://wahgazab.com/people-live-in-the-grave-even-being-alive/" "Mozilla/5.0 (compatible; SeekportBot; +https://bot.seekport.com)"
135.181.137.59 - - [20/Oct/2025:18:17:01 -0400] "GET /this-honey-bee-waves-hands-to-the-man-who-saves-her/ HTTP/1.1" 200 281670 "http://wahgazab.com/anyone-supposed-to-be-thrilled-if-this-happens-anyway/" "Mozilla/5.0 (compatible; SeekportBot; +https://bot.seekport.com)"
51.68.247.198 - - [20/Oct/2025:18:17:02 -0400] "GET /srk-starrer-movie-darr-completes-25-years-now/feed/ HTTP/1.1" 200 980 "-" "Mozilla/5.0 (compatible; AhrefsBot/7.0; +http://ahrefs.com/robot/)"
135.181.137.59 - - [20/Oct/2025:18:17:03 -0400] "GET /this-strange-marriage-taken-place-in-the-name-of-mahatma-gandhi/ HTTP/1.1" 200 281903 "http://wahgazab.com/anyone-supposed-to-be-thrilled-if-this-happens-anyway/" "Mozilla/5.0 (compatible; SeekportBot; +https://bot.seekport.com)"
135.181.137.59 - - [20/Oct/2025:18:17:05 -0400] "GET /tag/five-frogs-riding-a-crocodile/ HTTP/1.1" 200 121539 "http://wahgazab.com/crocodile-and-frog-friendship-sets-an-example/" "Mozilla/5.0 (compatible; SeekportBot; +https://bot.seekport.com)"
135.181.137.59 - - [20/Oct/2025:18:17:08 -0400] "GET /ghosts-captured-suddenly-in-these-images/ HTTP/1.1" 200 281524 "http://wahgazab.com/crocodile-and-frog-friendship-sets-an-example/" "Mozilla/5.0 (compatible; SeekportBot; +https://bot.seekport.com)"
135.181.137.59 - - [20/Oct/2025:18:17:09 -0400] "GET /tag/robot/ HTTP/1.1" 200 130688 "http://wahgazab.com/this-robot-to-help-you-in-banking-transactions/" "Mozilla/5.0 (compatible; SeekportBot; +https://bot.seekport.com)"
135.181.137.59 - - [20/Oct/2025:18:17:12 -0400] "GET /these-newspaper-stories-to-make-you-laugh-harder/ HTTP/1.1" 200 283010 "http://wahgazab.com/this-robot-to-help-you-in-banking-transactions/" "Mozilla/5.0 (compatible; SeekportBot; +https://bot.seekport.com)"
135.181.137.59 - - [20/Oct/2025:18:17:13 -0400] "GET /getting-died-banned-here-in-longyearbyen-city-of-norway/ HTTP/1.1" 200 281628 "http://wahgazab.com/author/wah3/page/2/" "Mozilla/5.0 (compatible; SeekportBot; +https://bot.seekport.com)"
135.181.137.59 - - [20/Oct/2025:18:17:16 -0400] "GET /this-truck-looks-like-a-helicopter-in-size/ HTTP/1.1" 200 281177 "http://wahgazab.com/author/wah3/page/2/" "Mozilla/5.0 (compatible; SeekportBot; +https://bot.seekport.com)"
135.181.137.59 - - [20/Oct/2025:18:17:18 -0400] "GET /these-hanuman-temples-in-india-have-some-miraculous-powers/ HTTP/1.1" 200 288361 "http://wahgazab.com/author/wah3/page/2/" "Mozilla/5.0 (compatible; SeekportBot; +https://bot.seekport.com)"
135.181.137.59 - - [20/Oct/2025:18:17:20 -0400] "GET /mythical-creatures-dragons-found-in-china/ HTTP/1.1" 200 281142 "http://wahgazab.com/author/wah3/page/2/" "Mozilla/5.0 (compatible; SeekportBot; +https://bot.seekport.com)"
135.181.137.59 - - [20/Oct/2025:18:17:23 -0400] "GET /this-girls-lulls-even-the-dangerous-animals-to-sleep/ HTTP/1.1" 200 279573 "http://wahgazab.com/author/wah3/page/2/" "Mozilla/5.0 (compatible; SeekportBot; +https://bot.seekport.com)"
135.181.137.59 - - [20/Oct/2025:18:17:25 -0400] "GET /this-magical-tree-is-247-feet-high-and-3200-years-old/ HTTP/1.1" 200 281930 "http://wahgazab.com/author/wah3/page/2/" "Mozilla/5.0 (compatible; SeekportBot; +https://bot.seekport.com)"
135.181.137.59 - - [20/Oct/2025:18:17:27 -0400] "GET /this-woman-sleeps-next-to-her-husbands-grave/ HTTP/1.1" 200 281385 "http://wahgazab.com/author/wah3/page/2/" "Mozilla/5.0 (compatible; SeekportBot; +https://bot.seekport.com)"
135.181.137.59 - - [20/Oct/2025:18:17:29 -0400] "GET /this-beautiful-lady-dates-only-old-men/ HTTP/1.1" 200 282228 "http://wahgazab.com/author/wah3/page/2/" "Mozilla/5.0 (compatible; SeekportBot; +https://bot.seekport.com)"
135.181.137.59 - - [20/Oct/2025:18:17:31 -0400] "GET /this-magical-golden-rocks-floats-in-the-air/ HTTP/1.1" 200 280923 "http://wahgazab.com/author/wah3/page/2/" "Mozilla/5.0 (compatible; SeekportBot; +https://bot.seekport.com)"
135.181.137.59 - - [20/Oct/2025:18:17:33 -0400] "GET /girl-likes-to-eat-toys-and-mats-instead-of-chocolates/ HTTP/1.1" 200 278898 "http://wahgazab.com/author/wah3/page/2/" "Mozilla/5.0 (compatible; SeekportBot; +https://bot.seekport.com)"
135.181.137.59 - - [20/Oct/2025:18:17:36 -0400] "GET /this-indian-chaiwali-sizzles-in-australia/ HTTP/1.1" 200 281736 "http://wahgazab.com/author/wah3/page/2/" "Mozilla/5.0 (compatible; SeekportBot; +https://bot.seekport.com)"
135.181.137.59 - - [20/Oct/2025:18:17:38 -0400] "GET /this-death-monster-has-been-sighted-in-this-country/ HTTP/1.1" 200 280872 "http://wahgazab.com/author/wah3/page/2/" "Mozilla/5.0 (compatible; SeekportBot; +https://bot.seekport.com)"
135.181.137.59 - - [20/Oct/2025:18:17:40 -0400] "GET /this-man-has-the-weirdest-blood-group-in-the-world-doctors-failed-to-recognize/ HTTP/1.1" 200 283660 "http://wahgazab.com/author/wah3/page/2/" "Mozilla/5.0 (compatible; SeekportBot; +https://bot.seekport.com)"
135.181.137.59 - - [20/Oct/2025:18:17:42 -0400] "GET /ufos-has-been-sighted-once-again/ HTTP/1.1" 200 279895 "http://wahgazab.com/author/wah3/page/2/" "Mozilla/5.0 (compatible; SeekportBot; +https://bot.seekport.com)"
135.181.137.59 - - [20/Oct/2025:18:17:44 -0400] "GET /after-pakistani-chai-wala-this-nepali-vegetable-vendor-is-breaking-the-internet/ HTTP/1.1" 200 283500 "http://wahgazab.com/author/wah3/page/2/" "Mozilla/5.0 (compatible; SeekportBot; +https://bot.seekport.com)"
135.181.137.59 - - [20/Oct/2025:18:17:46 -0400] "GET /crocodile-attacked-the-girl-in-the-swimming-pool-boyfriend-fled/ HTTP/1.1" 200 281261 "http://wahgazab.com/author/wah3/page/2/" "Mozilla/5.0 (compatible; SeekportBot; +https://bot.seekport.com)"
135.181.137.59 - - [20/Oct/2025:18:17:48 -0400] "GET /devotees-get-gold-as-prasad-at-this-temple/ HTTP/1.1" 200 281971 "http://wahgazab.com/author/wah3/page/2/" "Mozilla/5.0 (compatible; SeekportBot; +https://bot.seekport.com)"
135.181.137.59 - - [20/Oct/2025:18:17:50 -0400] "GET /tata-motors-to-introduce-a-car-which-run-100-km-in-1-litre-petrol/ HTTP/1.1" 200 282163 "http://wahgazab.com/author/wah3/page/2/" "Mozilla/5.0 (compatible; SeekportBot; +https://bot.seekport.com)"
135.181.137.59 - - [20/Oct/2025:18:17:53 -0400] "GET /this-mirch-bomb-able-to-damage-many-people-at-the-time-of-explosion/ HTTP/1.1" 200 283428 "http://wahgazab.com/author/wah3/page/2/" "Mozilla/5.0 (compatible; SeekportBot; +https://bot.seekport.com)"
135.181.137.59 - - [20/Oct/2025:18:17:55 -0400] "GET /2-year-old-wonder-kid-rimhas-knows-everything/ HTTP/1.1" 200 281652 "http://wahgazab.com/author/wah3/page/2/" "Mozilla/5.0 (compatible; SeekportBot; +https://bot.seekport.com)"
37.59.204.150 - - [20/Oct/2025:18:17:56 -0400] "GET /wp-content/uploads/2017/05/marriage-invitation-card.jpeg HTTP/1.1" 200 59768 "-" "Mozilla/5.0 (compatible; AhrefsBot/7.0; +http://ahrefs.com/robot/)"
135.181.137.59 - - [20/Oct/2025:18:17:57 -0400] "GET /ankle-bells-sound-in-a-mysterious-way-at-this-ancient-fort/ HTTP/1.1" 200 283065 "http://wahgazab.com/author/wah3/page/3/" "Mozilla/5.0 (compatible; SeekportBot; +https://bot.seekport.com)"
135.181.137.59 - - [20/Oct/2025:18:17:59 -0400] "GET /this-man-spends-approx-60-crores-to-get-a-number-plate/ HTTP/1.1" 200 281363 "http://wahgazab.com/author/wah3/page/3/" "Mozilla/5.0 (compatible; SeekportBot; +https://bot.seekport.com)"
135.181.137.59 - - [20/Oct/2025:18:18:01 -0400] "GET /do-not-share-this-post-or-facebook-account-may-get-terminated/ HTTP/1.1" 200 281054 "http://wahgazab.com/author/wah3/page/3/" "Mozilla/5.0 (compatible; SeekportBot; +https://bot.seekport.com)"
135.181.137.59 - - [20/Oct/2025:18:18:04 -0400] "GET /wild-bears-attend-aarti-ceremony-along-with-human-devotees/ HTTP/1.1" 200 284187 "http://wahgazab.com/author/wah3/page/3/" "Mozilla/5.0 (compatible; SeekportBot; +https://bot.seekport.com)"
135.181.137.59 - - [20/Oct/2025:18:18:06 -0400] "GET /this-brave-man-lives-among-deadly-pythons/ HTTP/1.1" 200 281005 "http://wahgazab.com/author/wah3/page/3/" "Mozilla/5.0 (compatible; SeekportBot; +https://bot.seekport.com)"
135.181.137.59 - - [20/Oct/2025:18:18:08 -0400] "GET /find-out-the-women-hidden-in-this-picture/ HTTP/1.1" 200 279324 "http://wahgazab.com/author/wah3/page/3/" "Mozilla/5.0 (compatible; SeekportBot; +https://bot.seekport.com)"
135.181.137.59 - - [20/Oct/2025:18:18:10 -0400] "GET /google-gives-you-the-opportunity-to-become-billionaire/ HTTP/1.1" 200 280967 "http://wahgazab.com/author/wah3/page/3/" "Mozilla/5.0 (compatible; SeekportBot; +https://bot.seekport.com)"
135.181.137.59 - - [20/Oct/2025:18:18:13 -0400] "GET /this-man-flies-over-the-roads-riding-a-missile/ HTTP/1.1" 200 280655 "http://wahgazab.com/author/wah3/page/3/" "Mozilla/5.0 (compatible; SeekportBot; +https://bot.seekport.com)"
135.181.137.59 - - [20/Oct/2025:18:18:15 -0400] "GET /temple-of-goddess-durga-in-a-muslim-country-azerbaijan/ HTTP/1.1" 200 284625 "http://wahgazab.com/author/wah3/page/3/" "Mozilla/5.0 (compatible; SeekportBot; +https://bot.seekport.com)"
135.181.137.59 - - [20/Oct/2025:18:18:17 -0400] "GET /president-will-inagurate-the-trade-fair/ HTTP/1.1" 200 283547 "http://wahgazab.com/author/wah3/page/36/" "Mozilla/5.0 (compatible; SeekportBot; +https://bot.seekport.com)"
135.181.137.59 - - [20/Oct/2025:18:18:19 -0400] "GET /weak-hearred-people-dare-not-to-bathe-in-this-tub/ HTTP/1.1" 200 278853 "http://wahgazab.com/author/wah3/page/3/" "Mozilla/5.0 (compatible; SeekportBot; +https://bot.seekport.com)"
135.181.137.59 - - [20/Oct/2025:18:18:22 -0400] "GET /salman-liked-munnis-dance/ HTTP/1.1" 200 278315 "http://wahgazab.com/author/wah3/page/36/" "Mozilla/5.0 (compatible; SeekportBot; +https://bot.seekport.com)"
216.73.216.129 - - [20/Oct/2025:18:18:23 -0400] "GET /the-oldest-village-in-the-world-people-living-here-for-30000-years/pattarai-perumbudur-tamil-naduchennaiold-village-pattarai-perumbudurold-village/feed HTTP/1.1" 301 - "-" "Mozilla/5.0 AppleWebKit/537.36 (KHTML, like Gecko; compatible; ClaudeBot/1.0; [email protected])"
216.73.216.129 - - [20/Oct/2025:18:18:24 -0400] "GET /the-oldest-village-in-the-world-people-living-here-for-30000-years/pattarai-perumbudur-tamil-naduchennaiold-village-pattarai-perumbudurold-village/feed/ HTTP/1.1" 200 1089 "http://wahgazab.com/the-oldest-village-in-the-world-people-living-here-for-30000-years/pattarai-perumbudur-tamil-naduchennaiold-village-pattarai-perumbudurold-village/feed" "Mozilla/5.0 AppleWebKit/537.36 (KHTML, like Gecko; compatible; ClaudeBot/1.0; [email protected])"
135.181.137.59 - - [20/Oct/2025:18:18:24 -0400] "GET /adventurous-photography-freaks-reach-this-dangerous-place/ HTTP/1.1" 200 284748 "http://wahgazab.com/author/wah3/page/3/" "Mozilla/5.0 (compatible; SeekportBot; +https://bot.seekport.com)"
135.181.137.59 - - [20/Oct/2025:18:18:26 -0400] "GET /shahrukh-and-ajay-will-be-seen-together/ HTTP/1.1" 200 279337 "http://wahgazab.com/author/wah3/page/36/" "Mozilla/5.0 (compatible; SeekportBot; +https://bot.seekport.com)"
135.181.137.59 - - [20/Oct/2025:18:18:28 -0400] "GET /once-a-freedom-fighter-now-a-beggar/ HTTP/1.1" 200 285365 "http://wahgazab.com/author/wah3/page/3/" "Mozilla/5.0 (compatible; SeekportBot; +https://bot.seekport.com)"
135.181.137.59 - - [20/Oct/2025:18:18:30 -0400] "GET /france-brings-out-biggest-battleship-against-ia/ HTTP/1.1" 200 280874 "http://wahgazab.com/author/wah3/page/36/" "Mozilla/5.0 (compatible; SeekportBot; +https://bot.seekport.com)"
135.181.137.59 - - [20/Oct/2025:18:18:33 -0400] "GET /purchase-smart-and-handsome-goats-at-olx/ HTTP/1.1" 200 281645 "http://wahgazab.com/author/wah3/page/3/" "Mozilla/5.0 (compatible; SeekportBot; +https://bot.seekport.com)"
135.181.137.59 - - [20/Oct/2025:18:18:35 -0400] "GET /cheap-housing-dream-to-be-completed-soon-in-delhi/ HTTP/1.1" 200 282096 "http://wahgazab.com/author/wah3/page/36/" "Mozilla/5.0 (compatible; SeekportBot; +https://bot.seekport.com)"
135.181.137.59 - - [20/Oct/2025:18:18:37 -0400] "GET /take-a-dip-in-this-miraculous-pond-and-get-your-eyesight-back/ HTTP/1.1" 200 282628 "http://wahgazab.com/author/wah3/page/3/" "Mozilla/5.0 (compatible; SeekportBot; +https://bot.seekport.com)"
135.181.137.59 - - [20/Oct/2025:18:18:39 -0400] "GET /god-himself-uses-a-mobile-phone-at-this-chintaman-ganesh-temple/ HTTP/1.1" 200 282784 "http://wahgazab.com/author/wah3/page/3/" "Mozilla/5.0 (compatible; SeekportBot; +https://bot.seekport.com)"
135.181.137.59 - - [20/Oct/2025:18:18:42 -0400] "GET /change-is-a-must-to-keep-your-relationship-spiced-up/ HTTP/1.1" 200 285353 "http://wahgazab.com/author/wah3/page/36/" "Mozilla/5.0 (compatible; SeekportBot; +https://bot.seekport.com)"
135.181.137.59 - - [20/Oct/2025:18:18:44 -0400] "GET /this-man-eats-venomous-lizards-everyday/ HTTP/1.1" 200 281895 "http://wahgazab.com/author/wah3/page/3/" "Mozilla/5.0 (compatible; SeekportBot; +https://bot.seekport.com)"
135.181.137.59 - - [20/Oct/2025:18:18:46 -0400] "GET /sunny-leone-will-be-seen-with-dharmendra/ HTTP/1.1" 200 280205 "http://wahgazab.com/author/wah3/page/36/" "Mozilla/5.0 (compatible; SeekportBot; +https://bot.seekport.com)"
135.181.137.59 - - [20/Oct/2025:18:18:48 -0400] "GET /youth-to-get-37000-rupees-without-having-any-job/ HTTP/1.1" 200 281414 "http://wahgazab.com/author/wah3/page/3/" "Mozilla/5.0 (compatible; SeekportBot; +https://bot.seekport.com)"
135.181.137.59 - - [20/Oct/2025:18:18:50 -0400] "GET /kabaddi-match-being-organized-in-dadri-as-a-mark-of-good-will/ HTTP/1.1" 200 281923 "http://wahgazab.com/author/wah3/page/36/" "Mozilla/5.0 (compatible; SeekportBot; +https://bot.seekport.com)"
94.23.188.208 - - [20/Oct/2025:18:18:52 -0400] "GET /tag/treasury-in-thar/ HTTP/1.1" 200 121462 "-" "Mozilla/5.0 (compatible; AhrefsBot/7.0; +http://ahrefs.com/robot/)"
135.181.137.59 - - [20/Oct/2025:18:18:53 -0400] "GET /this-brave-man-fights-and-win-the-fight-with-a-shark/ HTTP/1.1" 200 281043 "http://wahgazab.com/author/wah3/page/3/" "Mozilla/5.0 (compatible; SeekportBot; +https://bot.seekport.com)"
135.181.137.59 - - [20/Oct/2025:18:18:55 -0400] "GET /save-yourself-from-your-crazy-girlfriend/ HTTP/1.1" 200 281574 "http://wahgazab.com/author/wah3/page/36/" "Mozilla/5.0 (compatible; SeekportBot; +https://bot.seekport.com)"
135.181.137.59 - - [20/Oct/2025:18:18:57 -0400] "GET /the-most-dead-people-accumulate-here-at-wadi-us-salaam-cemetery-iraq/ HTTP/1.1" 200 282617 "http://wahgazab.com/author/wah3/page/3/" "Mozilla/5.0 (compatible; SeekportBot; +https://bot.seekport.com)"
135.181.137.59 - - [20/Oct/2025:18:18:59 -0400] "GET /celebs-who-lost-their-virginity-when-young/ HTTP/1.1" 200 293451 "http://wahgazab.com/author/wah3/page/36/" "Mozilla/5.0 (compatible; SeekportBot; +https://bot.seekport.com)"
57.141.0.19 - - [20/Oct/2025:18:19:01 -0400] "GET /tag/7-year-old-tiluck-keisam-news-in-hindi/ HTTP/1.1" 200 121804 "-" "meta-externalagent/1.1 (+https://developers.facebook.com/docs/sharing/webmasters/crawler)"
135.181.137.59 - - [20/Oct/2025:18:19:01 -0400] "GET /author/wah3/page/4/ HTTP/1.1" 200 179978 "http://wahgazab.com/author/wah3/page/3/" "Mozilla/5.0 (compatible; SeekportBot; +https://bot.seekport.com)"
135.181.137.59 - - [20/Oct/2025:18:19:04 -0400] "GET /a-feast-for-ghosts/ HTTP/1.1" 200 281830 "http://wahgazab.com/author/wah3/page/36/" "Mozilla/5.0 (compatible; SeekportBot; +https://bot.seekport.com)"
135.181.137.59 - - [20/Oct/2025:18:19:06 -0400] "GET /film-yara-silly-silly-pre-review/ HTTP/1.1" 200 279257 "http://wahgazab.com/author/wah3/page/36/" "Mozilla/5.0 (compatible; SeekportBot; +https://bot.seekport.com)"
135.181.137.59 - - [20/Oct/2025:18:19:08 -0400] "GET /shahrukh-got-hurt-while-shooting-dilwale/ HTTP/1.1" 200 278947 "http://wahgazab.com/author/wah3/page/36/" "Mozilla/5.0 (compatible; SeekportBot; +https://bot.seekport.com)"
135.181.137.59 - - [20/Oct/2025:18:19:11 -0400] "GET /you-will-love-this-new-bike-from-yamaha/ HTTP/1.1" 200 281878 "http://wahgazab.com/author/wah3/page/36/" "Mozilla/5.0 (compatible; SeekportBot; +https://bot.seekport.com)"
135.181.137.59 - - [20/Oct/2025:18:19:12 -0400] "GET /salman-goes-to-shahrukhs-birthday-do-we-see-friendship/ HTTP/1.1" 200 280465 "http://wahgazab.com/author/wah3/page/36/" "Mozilla/5.0 (compatible; SeekportBot; +https://bot.seekport.com)"
135.181.137.59 - - [20/Oct/2025:18:19:13 -0400] "GET /author/wah3/page/35/ HTTP/1.1" 200 175324 "http://wahgazab.com/author/wah3/page/36/" "Mozilla/5.0 (compatible; SeekportBot; +https://bot.seekport.com)"
135.181.137.59 - - [20/Oct/2025:18:19:16 -0400] "GET /author/wah3/page/34/ HTTP/1.1" 200 177919 "http://wahgazab.com/author/wah3/page/36/" "Mozilla/5.0 (compatible; SeekportBot; +https://bot.seekport.com)"
135.181.137.59 - - [20/Oct/2025:18:19:18 -0400] "GET /indo-pak-match-may-face-blackout/ HTTP/1.1" 200 282282 "http://wahgazab.com/tag/india-pak/" "Mozilla/5.0 (compatible; SeekportBot; +https://bot.seekport.com)"
135.181.137.59 - - [20/Oct/2025:18:19:21 -0400] "GET /indian-and-pakistani-national-anthem-insulted-at-eden-gardens/ HTTP/1.1" 200 282033 "http://wahgazab.com/tag/india-pakistan/" "Mozilla/5.0 (compatible; SeekportBot; +https://bot.seekport.com)"
193.9.56.181 - - [20/Oct/2025:18:19:23 -0400] "GET /wp-content/uploads/2015/12/Bloodwood-tree.jpg HTTP/1.1" 200 118545 "-" "Mozilla/5.0 (Windows NT 10.0; Win64; x64) AppleWebKit/537.36 (KHTML, like Gecko) Chrome/123.0.0.0 Safari/537.36"
135.181.137.59 - - [20/Oct/2025:18:19:23 -0400] "GET /pitch-turns-out-to-be-a-battlefield-when-india-face-pakistan/ HTTP/1.1" 200 283461 "http://wahgazab.com/tag/india-pakistan/" "Mozilla/5.0 (compatible; SeekportBot; +https://bot.seekport.com)"
135.181.137.59 - - [20/Oct/2025:18:19:25 -0400] "GET /clean-india-campaign-and-selfie-of-modi-is-popular-in-pakistan/ HTTP/1.1" 200 283514 "http://wahgazab.com/tag/india-pakistan/" "Mozilla/5.0 (compatible; SeekportBot; +https://bot.seekport.com)"
135.181.137.59 - - [20/Oct/2025:18:19:27 -0400] "GET /this-player-becomes-captain-of-pak-t-20-team/ HTTP/1.1" 200 282221 "http://wahgazab.com/tag/shahid-afridi/" "Mozilla/5.0 (compatible; SeekportBot; +https://bot.seekport.com)"
135.181.137.59 - - [20/Oct/2025:18:19:30 -0400] "GET /shahid-afridi-love-life-exposed/ HTTP/1.1" 200 281948 "http://wahgazab.com/tag/shahid-afridi/" "Mozilla/5.0 (compatible; SeekportBot; +https://bot.seekport.com)"
135.181.137.59 - - [20/Oct/2025:18:19:32 -0400] "GET /showing-love-for-india-cost-too-much-to-pak-player/ HTTP/1.1" 200 285588 "http://wahgazab.com/tag/shahid-afridi/" "Mozilla/5.0 (compatible; SeekportBot; +https://bot.seekport.com)"
135.181.137.59 - - [20/Oct/2025:18:19:35 -0400] "GET /pakistani-actress-says-afridi-is-crazy/ HTTP/1.1" 200 281583 "http://wahgazab.com/tag/shahid-afridi/" "Mozilla/5.0 (compatible; SeekportBot; +https://bot.seekport.com)"
135.181.137.59 - - [20/Oct/2025:18:19:37 -0400] "GET /pak-player-rethinks-about-retirement/ HTTP/1.1" 200 281905 "http://wahgazab.com/tag/shahid-afridi/" "Mozilla/5.0 (compatible; SeekportBot; +https://bot.seekport.com)"
135.181.137.59 - - [20/Oct/2025:18:19:39 -0400] "GET /yuvraj-opened-secrets-of-heart-with-shahid-afridi/ HTTP/1.1" 200 281063 "http://wahgazab.com/tag/shahid-afridi/" "Mozilla/5.0 (compatible; SeekportBot; +https://bot.seekport.com)"
135.181.137.59 - - [20/Oct/2025:18:19:41 -0400] "GET /bcci-honored-virender-sehwag/ HTTP/1.1" 200 279964 "http://wahgazab.com/tag/virender-sehwag/" "Mozilla/5.0 (compatible; SeekportBot; +https://bot.seekport.com)"
135.181.137.59 - - [20/Oct/2025:18:19:44 -0400] "GET /sachin-and-sehwag-can-play-together/ HTTP/1.1" 200 277792 "http://wahgazab.com/tag/virender-sehwag/" "Mozilla/5.0 (compatible; SeekportBot; +https://bot.seekport.com)"
135.181.137.59 - - [20/Oct/2025:18:19:46 -0400] "GET /sehwag-will-not-retire-from-cricket/ HTTP/1.1" 200 279762 "http://wahgazab.com/tag/virender-sehwag/" "Mozilla/5.0 (compatible; SeekportBot; +https://bot.seekport.com)"
135.181.137.59 - - [20/Oct/2025:18:19:48 -0400] "GET /tag/another-doppleganger-of-virat-kohli-spotted-in-pakistan/ HTTP/1.1" 200 122055 "http://wahgazab.com/another-doppleganger-of-virat-kohli-spotted-in-pakistan/" "Mozilla/5.0 (compatible; SeekportBot; +https://bot.seekport.com)"
135.181.137.59 - - [20/Oct/2025:18:19:50 -0400] "GET /tag/cricketer-virat-kohli/ HTTP/1.1" 200 121783 "http://wahgazab.com/another-doppleganger-of-virat-kohli-spotted-in-pakistan/" "Mozilla/5.0 (compatible; SeekportBot; +https://bot.seekport.com)"
135.181.137.59 - - [20/Oct/2025:18:19:52 -0400] "GET /tag/duplicate-of-virat-kohli/ HTTP/1.1" 200 121807 "http://wahgazab.com/another-doppleganger-of-virat-kohli-spotted-in-pakistan/" "Mozilla/5.0 (compatible; SeekportBot; +https://bot.seekport.com)"
135.181.137.59 - - [20/Oct/2025:18:19:54 -0400] "GET /tag/duplicate-of-virat-kohli-in-pakistan/ HTTP/1.1" 200 121903 "http://wahgazab.com/another-doppleganger-of-virat-kohli-spotted-in-pakistan/" "Mozilla/5.0 (compatible; SeekportBot; +https://bot.seekport.com)"
135.181.137.59 - - [20/Oct/2025:18:19:56 -0400] "GET /tag/pakistan/ HTTP/1.1" 200 185859 "http://wahgazab.com/another-doppleganger-of-virat-kohli-spotted-in-pakistan/" "Mozilla/5.0 (compatible; SeekportBot; +https://bot.seekport.com)"
220.181.108.158 - - [20/Oct/2025:18:19:56 -0400] "GET /this-billionaire-hen-travels-in-bmw/ HTTP/1.1" 200 281493 "-" "Mozilla/5.0 (compatible; Baiduspider/2.0; +http://www.baidu.com/search/spider.html)"
135.181.137.59 - - [20/Oct/2025:18:19:58 -0400] "GET /tag/videos/ HTTP/1.1" 200 168953 "http://wahgazab.com/another-doppleganger-of-virat-kohli-spotted-in-pakistan/" "Mozilla/5.0 (compatible; SeekportBot; +https://bot.seekport.com)"
116.179.37.75 - - [20/Oct/2025:18:19:59 -0400] "GET /wp-content/uploads/2016/09/Millionaire-hen1.jpg HTTP/1.1" 200 85536 "http://wahgazab.com/this-billionaire-hen-travels-in-bmw/" "Mozilla/5.0 (compatible; Baiduspider-render/2.0; +http://www.baidu.com/search/spider.html)"
116.179.37.235 - - [20/Oct/2025:18:19:59 -0400] "GET /wp-content/uploads/2016/09/Millionaire-hen.jpeg HTTP/1.1" 200 120026 "http://wahgazab.com/this-billionaire-hen-travels-in-bmw/" "Mozilla/5.0 (compatible; Baiduspider-render/2.0; +http://www.baidu.com/search/spider.html)"
135.181.137.59 - - [20/Oct/2025:18:20:00 -0400] "GET /tag/viral-videos/ HTTP/1.1" 200 183105 "http://wahgazab.com/another-doppleganger-of-virat-kohli-spotted-in-pakistan/" "Mozilla/5.0 (compatible; SeekportBot; +https://bot.seekport.com)"
135.181.137.59 - - [20/Oct/2025:18:20:02 -0400] "GET /tag/virat-kohli/ HTTP/1.1" 200 184480 "http://wahgazab.com/another-doppleganger-of-virat-kohli-spotted-in-pakistan/" "Mozilla/5.0 (compatible; SeekportBot; +https://bot.seekport.com)"
135.181.137.59 - - [20/Oct/2025:18:20:03 -0400] "GET /tag/%E0%A4%B5%E0%A4%BF%E0%A4%B0%E0%A4%BE%E0%A4%9F-%E0%A4%95%E0%A5%8B%E0%A4%B9%E0%A4%B2%E0%A5%80/ HTTP/1.1" 200 121947 "http://wahgazab.com/another-doppleganger-of-virat-kohli-spotted-in-pakistan/" "Mozilla/5.0 (compatible; SeekportBot; +https://bot.seekport.com)"
135.181.137.59 - - [20/Oct/2025:18:20:05 -0400] "GET /signs-of-survival-found-on-moon/ HTTP/1.1" 200 282859 "http://wahgazab.com/another-doppleganger-of-virat-kohli-spotted-in-pakistan/" "Mozilla/5.0 (compatible; SeekportBot; +https://bot.seekport.com)"
116.179.37.245 - - [20/Oct/2025:18:20:06 -0400] "GET /wp-content/uploads/2020/11/%E0%A4%86%E0%A4%B8%E0%A4%AE%E0%A4%BE%E0%A4%A8-%E0%A4%B8%E0%A5%87-%E0%A4%97%E0%A4%BF%E0%A4%B0%E0%A5%80-%E0%A4%90%E0%A4%B8%E0%A5%80-%E0%A4%85%E0%A4%A6%E0%A5%8D%E0%A4%AD%E0%A5%81%E0%A4%A4-%E0%A4%9A%E0%A5%80%E0%A5%9B-%E0%A4%9C%E0%A4%BF%E0%A4%B8%E0%A5%87-%E0%A4%AA%E0%A4%BE%E0%A4%95%E0%A4%B0-%E0%A4%B0%E0%A4%BE%E0%A4%A4%E0%A5%8B%E0%A4%82-%E0%A4%B0%E0%A4%BE%E0%A4%A4-%E0%A4%95%E0%A4%B0%E0%A5%8B%E0%A5%9C%E0%A4%AA%E0%A4%A4%E0%A4%BF-696x348.jpg HTTP/1.1" 404 136514 "http://wahgazab.com/this-billionaire-hen-travels-in-bmw/" "Mozilla/5.0 (compatible; Baiduspider-render/2.0; +http://www.baidu.com/search/spider.html)"
135.181.137.59 - - [20/Oct/2025:18:20:07 -0400] "GET /tag/girl-sleeps-in-awkward-position/ HTTP/1.1" 200 121814 "http://wahgazab.com/this-girl-sleeps-keeping-head-down-and-leg-in-the-hanging-position/" "Mozilla/5.0 (compatible; SeekportBot; +https://bot.seekport.com)"
135.181.137.59 - - [20/Oct/2025:18:20:09 -0400] "GET /tag/girl-sleeps-in-hanging-position/ HTTP/1.1" 200 121814 "http://wahgazab.com/this-girl-sleeps-keeping-head-down-and-leg-in-the-hanging-position/" "Mozilla/5.0 (compatible; SeekportBot; +https://bot.seekport.com)"
135.181.137.59 - - [20/Oct/2025:18:20:11 -0400] "GET /tag/girl-sleeps-keeping-head-down/ HTTP/1.1" 200 121798 "http://wahgazab.com/this-girl-sleeps-keeping-head-down-and-leg-in-the-hanging-position/" "Mozilla/5.0 (compatible; SeekportBot; +https://bot.seekport.com)"
135.181.137.59 - - [20/Oct/2025:18:20:13 -0400] "GET /tag/sleeping-girl/ HTTP/1.1" 200 121670 "http://wahgazab.com/this-girl-sleeps-keeping-head-down-and-leg-in-the-hanging-position/" "Mozilla/5.0 (compatible; SeekportBot; +https://bot.seekport.com)"
135.181.137.59 - - [20/Oct/2025:18:20:15 -0400] "GET /tag/strange-girl/ HTTP/1.1" 200 121662 "http://wahgazab.com/this-girl-sleeps-keeping-head-down-and-leg-in-the-hanging-position/" "Mozilla/5.0 (compatible; SeekportBot; +https://bot.seekport.com)"
135.181.137.59 - - [20/Oct/2025:18:20:17 -0400] "GET /tag/strange-sleeping-position/ HTTP/1.1" 200 121766 "http://wahgazab.com/this-girl-sleeps-keeping-head-down-and-leg-in-the-hanging-position/" "Mozilla/5.0 (compatible; SeekportBot; +https://bot.seekport.com)"
135.181.137.59 - - [20/Oct/2025:18:20:19 -0400] "GET /tag/%E0%A4%AA%E0%A5%88%E0%A4%B0%E0%A5%8B%E0%A4%82/ HTTP/1.1" 200 121726 "http://wahgazab.com/this-girl-sleeps-keeping-head-down-and-leg-in-the-hanging-position/" "Mozilla/5.0 (compatible; SeekportBot; +https://bot.seekport.com)"
85.28.45.131 - - [20/Oct/2025:18:20:16 -0400] "GET /wp-content/uploads/2016/06/diabetes-patients-during-of-month-ramadan2.jpg HTTP/1.1" 404 136514 "-" "Mozilla/5.0 (Windows NT 10.0; Win64; x64; rv:123.0) Gecko/20100101 Firefox/123.0"
135.181.137.59 - - [20/Oct/2025:18:20:22 -0400] "GET /all-the-bald-people-beware-of-this-warning-alert/ HTTP/1.1" 200 282433 "http://wahgazab.com/this-girl-sleeps-keeping-head-down-and-leg-in-the-hanging-position/" "Mozilla/5.0 (compatible; SeekportBot; +https://bot.seekport.com)"
135.181.137.59 - - [20/Oct/2025:18:20:24 -0400] "GET /this-woman-has-delivered-20-children/ HTTP/1.1" 200 282465 "http://wahgazab.com/tag/ajab-gajab/" "Mozilla/5.0 (compatible; SeekportBot; +https://bot.seekport.com)"
168.158.13.2 - - [20/Oct/2025:18:20:26 -0400] "GET /wp-content/uploads/2016/06/diabetes-patients-during-of-month-ramadan2.jpg HTTP/1.1" 404 136514 "-" "Mozilla/5.0 (Macintosh; Intel Mac OS X 14_3_1) AppleWebKit/605.1.15 (KHTML, like Gecko) Version/17.2 Safari/605.1.15"
135.181.137.59 - - [20/Oct/2025:18:20:26 -0400] "GET /lord-hanuman-living-at-this-mountain-named-gandh-maadan/ HTTP/1.1" 200 283485 "http://wahgazab.com/tag/ajab-gajab/" "Mozilla/5.0 (compatible; SeekportBot; +https://bot.seekport.com)"
135.181.137.59 - - [20/Oct/2025:18:20:29 -0400] "GET /ambulance-service-initiated-for-cows-like-humans/ HTTP/1.1" 200 284059 "http://wahgazab.com/tag/ajab-gajab/" "Mozilla/5.0 (compatible; SeekportBot; +https://bot.seekport.com)"
135.181.137.59 - - [20/Oct/2025:18:20:31 -0400] "GET /this-monkey-shaves-his-beard-just-like-humans-watch-the-video-here/ HTTP/1.1" 200 280993 "http://wahgazab.com/tag/ajab-gajab/" "Mozilla/5.0 (compatible; SeekportBot; +https://bot.seekport.com)"
185.81.174.187 - - [20/Oct/2025:18:20:32 -0400] "GET /wp-content/uploads/2016/06/diabetes-patients-during-of-month-ramadan2.jpg HTTP/1.1" 404 136514 "-" "Mozilla/5.0 (Windows NT 10.0; Win64; x64; rv:123.0) Gecko/20100101 Firefox/123.0"
135.181.137.59 - - [20/Oct/2025:18:20:33 -0400] "GET /here-is-why-red-and-white-colored-strips-formed-on-trees/ HTTP/1.1" 200 284003 "http://wahgazab.com/tag/ajab-gajab/" "Mozilla/5.0 (compatible; SeekportBot; +https://bot.seekport.com)"
135.181.137.59 - - [20/Oct/2025:18:20:36 -0400] "GET /this-girl-turning-out-to-be-a-tree-because-of-this-weird-disease/ HTTP/1.1" 200 282336 "http://wahgazab.com/tag/ajab-gajab/" "Mozilla/5.0 (compatible; SeekportBot; +https://bot.seekport.com)"
216.73.216.129 - - [20/Oct/2025:18:20:38 -0400] "GET /china-takes-immediate-steps-of-dissolving-having-only-one-child-law-realizing-the-fact-that-the-country-belongs-to-old-there-due-to-this-law/one-child-policy2 HTTP/1.1" 301 - "-" "Mozilla/5.0 AppleWebKit/537.36 (KHTML, like Gecko; compatible; ClaudeBot/1.0; [email protected])"
135.181.137.59 - - [20/Oct/2025:18:20:38 -0400] "GET /a-traveler-johnny-ward-makes-millions-out-of-his-passion-for-traveling/ HTTP/1.1" 200 283109 "http://wahgazab.com/tag/ajab-gajab/" "Mozilla/5.0 (compatible; SeekportBot; +https://bot.seekport.com)"
216.73.216.129 - - [20/Oct/2025:18:20:39 -0400] "GET /china-takes-immediate-steps-of-dissolving-having-only-one-child-law-realizing-the-fact-that-the-country-belongs-to-old-there-due-to-this-law/one-child-policy2/ HTTP/1.1" 200 122982 "http://wahgazab.com/china-takes-immediate-steps-of-dissolving-having-only-one-child-law-realizing-the-fact-that-the-country-belongs-to-old-there-due-to-this-law/one-child-policy2" "Mozilla/5.0 AppleWebKit/537.36 (KHTML, like Gecko; compatible; ClaudeBot/1.0; [email protected])"
135.181.137.59 - - [20/Oct/2025:18:20:40 -0400] "GET /shockingly-giant-creature-found-in-the-sea/ HTTP/1.1" 200 281856 "http://wahgazab.com/tag/ajab-gajab/" "Mozilla/5.0 (compatible; SeekportBot; +https://bot.seekport.com)"
135.181.137.59 - - [20/Oct/2025:18:20:43 -0400] "GET /this-college-from-america-offers-admission-only-for-failure-students/ HTTP/1.1" 200 283874 "http://wahgazab.com/tag/ajab-gajab/" "Mozilla/5.0 (compatible; SeekportBot; +https://bot.seekport.com)"
135.181.137.59 - - [20/Oct/2025:18:20:45 -0400] "GET /supreme-court-upholds-the-decision-in-2012-nirbhaya-case-and-convicts-to-be-hanged/ HTTP/1.1" 200 291329 "http://wahgazab.com/tag/ajab-gajab/" "Mozilla/5.0 (compatible; SeekportBot; +https://bot.seekport.com)"
135.181.137.59 - - [20/Oct/2025:18:20:47 -0400] "GET /this-shiv-mandir-is-the-highest-in-the-world/ HTTP/1.1" 200 282606 "http://wahgazab.com/tag/ajab-gajab/" "Mozilla/5.0 (compatible; SeekportBot; +https://bot.seekport.com)"
57.141.0.53 - - [20/Oct/2025:18:20:48 -0400] "GET /after-ram-rahim-now-radhe-maa-will-also-appear-in-the-movie/ HTTP/1.1" 200 284298 "-" "meta-externalagent/1.1 (+https://developers.facebook.com/docs/sharing/webmasters/crawler)"
5.39.109.166 - - [20/Oct/2025:18:20:49 -0400] "GET /tag/treasury-news/ HTTP/1.1" 200 121438 "-" "Mozilla/5.0 (compatible; AhrefsBot/7.0; +http://ahrefs.com/robot/)"
135.181.137.59 - - [20/Oct/2025:18:20:49 -0400] "GET /offering-such-things-to-lord-shiva-will-make-you-blissful/ HTTP/1.1" 200 281074 "http://wahgazab.com/tag/ajab-gajab/" "Mozilla/5.0 (compatible; SeekportBot; +https://bot.seekport.com)"
135.181.137.59 - - [20/Oct/2025:18:20:52 -0400] "GET /lord-shiva-and-goddess-parvati-come-to-this-temple-to-play-gambling-games/ HTTP/1.1" 200 283491 "http://wahgazab.com/tag/ajab-gajab/" "Mozilla/5.0 (compatible; SeekportBot; +https://bot.seekport.com)"
135.181.137.59 - - [20/Oct/2025:18:20:54 -0400] "GET /father-of-the-bride-gets-stabbed-with-sword-for-not-providing-delicious-food-to-the-guests/ HTTP/1.1" 200 280905 "http://wahgazab.com/tag/ajab-gajab/" "Mozilla/5.0 (compatible; SeekportBot; +https://bot.seekport.com)"
135.181.137.59 - - [20/Oct/2025:18:20:56 -0400] "GET /actress-nisha-noor-once-a-famous-star-but-had-a-tragic-death/ HTTP/1.1" 200 283522 "http://wahgazab.com/tag/ajab-gajab/" "Mozilla/5.0 (compatible; SeekportBot; +https://bot.seekport.com)"
135.181.137.59 - - [20/Oct/2025:18:20:58 -0400] "GET /this-girl-fits-herself-in-a-bottle-with-her-so-flexible-body/ HTTP/1.1" 200 282827 "http://wahgazab.com/tag/ajab-gajab/" "Mozilla/5.0 (compatible; SeekportBot; +https://bot.seekport.com)"
135.181.137.59 - - [20/Oct/2025:18:21:00 -0400] "GET /famous-american-hindu-teacher-david-frawley-says-that-hinduism-and-india-are-the-greatest-in-the-world/ HTTP/1.1" 200 283315 "http://wahgazab.com/tag/ajab-gajab/" "Mozilla/5.0 (compatible; SeekportBot; +https://bot.seekport.com)"
135.181.137.59 - - [20/Oct/2025:18:21:03 -0400] "GET /an-ufo-seen-at-the-india-pakistan-border/ HTTP/1.1" 200 279948 "http://wahgazab.com/tag/ajab-gajab/" "Mozilla/5.0 (compatible; SeekportBot; +https://bot.seekport.com)"
135.181.137.59 - - [20/Oct/2025:18:21:05 -0400] "GET /how-to-live-longer-and-blissful-life/ HTTP/1.1" 200 281547 "http://wahgazab.com/tag/ajab-gajab/" "Mozilla/5.0 (compatible; SeekportBot; +https://bot.seekport.com)"
66.249.79.170 - - [20/Oct/2025:18:21:06 -0400] "GET /?a=4483234660&channel=d16ec9&from=blog.php%3Fid%3D3466-693%26name%3D%E3%82%AB%E3%83%BC%E3%82%A4%E3%83%B3%E3%82%B8%E3%82%B1%E3%83%BC%E3%82%BF%E3%83%BC%E3%83%A9%E3%82%A4%E3%83%88%E3%82%B9%E3%83%86%E3%82%A2%E3%83%AA%E3%83%B3%E3%82%B0%E3%82%B3%E3%83%A9%E3%83%A0%E3%82%B9%E3%82%A4%E3%83%83%E3%83%81%E3%80%81100++80+B3+B4+90+C3+C4+200%E3%82%AB%E3%83%BC%E3%82%A4%E3%83%B3%E3%82%B8%E3%82%B1%E3%83%BC%E3%82%BF%E3%83%BC%E3%82%A6%E3%82%A3%E3%83%B3%E3%82%AB%E3%83%BC%E3%82%B3%EF%BC%88Amazon.co.jp%3A+%E3%82%BF%E3%83%BC%E3%83%B3%E3%82%A4%E3%83%B3%E3%82%B8%E3%82%B1%E3%83%BC%E3%82%BF%E3%83%BC%E3%83%AC%E3%83%90%E3%83%BC%E3%82%B3%E3%83%B3%E3%83%93%E3%83%8D%E3%83%BC%E3%82%B7%E3%83%A7%E3%83%B3%E3%82%B9%E3%82%A4%E3%83%83%E3%83%81+%E3%83%95%E3%82%A9%E3%82%B0%E3%83%A9%E3%83%B3%E3%83%97%E3%83%89%E3%83%A9%E3%82%A4%E3%83%93%E3%83%B3%E3%82%B0%E3%83%A9%E3%82%A4%E3%83%88%E3%82%A6%E3%82%A4%E3%83%B3%E3%82%AB%E3%83%BC%E3%82%B9%E3%82%A4%E3%83%83%E3%83%81+%E3%81%9F%E3%82%81%E3%81%AB+%E3%82%AB%E3%83%A0%E3%83%AA++%E3%81%9F%E3%82%81%E3%81%AB+%E3%83%8F%E3%82%A4%E3%83%A9%E3%83%B3%E3%83%80%E3%83%BC+%E3%81%9F%E3%82%81%E3%81%AB+%E3%82%AB%E3%83%AD%E3%83%BC%E3%83%A9+%E3%81%9F%E3%82%81%E3%81%AB+RAV4+8414002270+84140-02270+84140-48020+%3A+%E8%BB%8A%EF%BC%86%E3%83%90%E3%82%A4%E3%82%AF%EF%BC%89 HTTP/1.1" 301 - "-" "Mozilla/5.0 (Linux; Android 6.0.1; Nexus 5X Build/MMB29P) AppleWebKit/537.36 (KHTML, like Gecko) Chrome/140.0.7339.207 Mobile Safari/537.36 (compatible; Googlebot/2.1; +http://www.google.com/bot.html)"
66.249.79.169 - - [20/Oct/2025:18:21:07 -0400] "GET /?a=4483234660&channel=d16ec9&from=blog.php%3Fid%3D3466-693%26name%3D%E3%82%AB%E3%83%BC%E3%82%A4%E3%83%B3%E3%82%B8%E3%82%B1%E3%83%BC%E3%82%BF%E3%83%BC%E3%83%A9%E3%82%A4%E3%83%88%E3%82%B9%E3%83%86%E3%82%A2%E3%83%AA%E3%83%B3%E3%82%B0%E3%82%B3%E3%83%A9%E3%83%A0%E3%82%B9%E3%82%A4%E3%83%83%E3%83%81%E3%80%81100%20%2080%20B3%20B4%2090%20C3%20C4%20200%E3%82%AB%E3%83%BC%E3%82%A4%E3%83%B3%E3%82%B8%E3%82%B1%E3%83%BC%E3%82%BF%E3%83%BC%E3%82%A6%E3%82%A3%E3%83%B3%E3%82%AB%E3%83%BC%E3%82%B3%EF%BC%88Amazon.co.jp%3A%20%E3%82%BF%E3%83%BC%E3%83%B3%E3%82%A4%E3%83%B3%E3%82%B8%E3%82%B1%E3%83%BC%E3%82%BF%E3%83%BC%E3%83%AC%E3%83%90%E3%83%BC%E3%82%B3%E3%83%B3%E3%83%93%E3%83%8D%E3%83%BC%E3%82%B7%E3%83%A7%E3%83%B3%E3%82%B9%E3%82%A4%E3%83%83%E3%83%81%20%E3%83%95%E3%82%A9%E3%82%B0%E3%83%A9%E3%83%B3%E3%83%97%E3%83%89%E3%83%A9%E3%82%A4%E3%83%93%E3%83%B3%E3%82%B0%E3%83%A9%E3%82%A4%E3%83%88%E3%82%A6%E3%82%A4%E3%83%B3%E3%82%AB%E3%83%BC%E3%82%B9%E3%82%A4%E3%83%83%E3%83%81%20%E3%81%9F%E3%82%81%E3%81%AB%20%E3%82%AB%E3%83%A0%E3%83%AA%20%20%E3%81%9F%E3%82%81%E3%81%AB%20%E3%83%8F%E3%82%A4%E3%83%A9%E3%83%B3%E3%83%80%E3%83%BC%20%E3%81%9F%E3%82%81%E3%81%AB%20%E3%82%AB%E3%83%AD%E3%83%BC%E3%83%A9%20%E3%81%9F%E3%82%81%E3%81%AB%20RAV4%208414002270%2084140-02270%2084140-48020%20%3A%20%E8%BB%8A%EF%BC%86%E3%83%90%E3%82%A4%E3%82%AF%EF%BC%89 HTTP/1.1" 200 200962 "-" "Mozilla/5.0 (Linux; Android 6.0.1; Nexus 5X Build/MMB29P) AppleWebKit/537.36 (KHTML, like Gecko) Chrome/140.0.7339.207 Mobile Safari/537.36 (compatible; Googlebot/2.1; +http://www.google.com/bot.html)"
135.181.137.59 - - [20/Oct/2025:18:21:08 -0400] "GET /tag/ajab-gajab/page/2/ HTTP/1.1" 200 180125 "http://wahgazab.com/tag/ajab-gajab/" "Mozilla/5.0 (compatible; SeekportBot; +https://bot.seekport.com)"
135.181.137.59 - - [20/Oct/2025:18:21:10 -0400] "GET /tag/ajab-gajab/page/3/ HTTP/1.1" 200 157409 "http://wahgazab.com/tag/ajab-gajab/" "Mozilla/5.0 (compatible; SeekportBot; +https://bot.seekport.com)"
66.249.79.169 - - [20/Oct/2025:18:21:12 -0400] "GET /avoid-drinking-water-while-having-meals/spicy-indian-food/ HTTP/1.1" 200 122596 "-" "Mozilla/5.0 (Linux; Android 6.0.1; Nexus 5X Build/MMB29P) AppleWebKit/537.36 (KHTML, like Gecko) Chrome/140.0.7339.207 Mobile Safari/537.36 (compatible; Googlebot/2.1; +http://www.google.com/bot.html)"
135.181.137.59 - - [20/Oct/2025:18:21:12 -0400] "GET /tag/death-rumor-of-veteran-actress-farida-jalal/ HTTP/1.1" 200 121936 "http://wahgazab.com/here-is-the-exact-story-behind-the-death-rumor-of-veteran-actress-farida-jalal/" "Mozilla/5.0 (compatible; SeekportBot; +https://bot.seekport.com)"
135.181.137.59 - - [20/Oct/2025:18:21:15 -0400] "GET /tag/farida-jalal-death-rumor/ HTTP/1.1" 200 121784 "http://wahgazab.com/here-is-the-exact-story-behind-the-death-rumor-of-veteran-actress-farida-jalal/" "Mozilla/5.0 (compatible; SeekportBot; +https://bot.seekport.com)"
135.181.137.59 - - [20/Oct/2025:18:21:16 -0400] "GET /hungry-lion-gives-baby-deer-a-new-life/ HTTP/1.1" 200 281265 "http://wahgazab.com/here-is-the-exact-story-behind-the-death-rumor-of-veteran-actress-farida-jalal/" "Mozilla/5.0 (compatible; SeekportBot; +https://bot.seekport.com)"
135.181.137.59 - - [20/Oct/2025:18:21:18 -0400] "GET /tag/fake-currency-withdrawal/ HTTP/1.1" 200 121641 "http://wahgazab.com/atm-machines-in-india-dispense-fake-currency-notes/" "Mozilla/5.0 (compatible; SeekportBot; +https://bot.seekport.com)"
135.181.137.59 - - [20/Oct/2025:18:21:20 -0400] "GET /tag/fake-currency-withdrawal-news/ HTTP/1.1" 200 121681 "http://wahgazab.com/atm-machines-in-india-dispense-fake-currency-notes/" "Mozilla/5.0 (compatible; SeekportBot; +https://bot.seekport.com)"
135.181.137.59 - - [20/Oct/2025:18:21:22 -0400] "GET /tag/fake-note/ HTTP/1.1" 200 121521 "http://wahgazab.com/atm-machines-in-india-dispense-fake-currency-notes/" "Mozilla/5.0 (compatible; SeekportBot; +https://bot.seekport.com)"
135.181.137.59 - - [20/Oct/2025:18:21:24 -0400] "GET /tag/fake-note-in-atm/ HTTP/1.1" 200 121577 "http://wahgazab.com/atm-machines-in-india-dispense-fake-currency-notes/" "Mozilla/5.0 (compatible; SeekportBot; +https://bot.seekport.com)"
135.181.137.59 - - [20/Oct/2025:18:21:26 -0400] "GET /tag/fake-note-news-in-delhi/ HTTP/1.1" 200 121633 "http://wahgazab.com/atm-machines-in-india-dispense-fake-currency-notes/" "Mozilla/5.0 (compatible; SeekportBot; +https://bot.seekport.com)"
135.181.137.59 - - [20/Oct/2025:18:21:28 -0400] "GET /five-thousand-years-old-door-found-under-ground-leading-to-a-new-world/ HTTP/1.1" 200 281487 "http://wahgazab.com/atm-machines-in-india-dispense-fake-currency-notes/" "Mozilla/5.0 (compatible; SeekportBot; +https://bot.seekport.com)"
135.181.137.59 - - [20/Oct/2025:18:21:30 -0400] "GET /this-couple-earns-5-lakhs-without-doing-anything/ HTTP/1.1" 200 281782 "http://wahgazab.com/tag/instagram/" "Mozilla/5.0 (compatible; SeekportBot; +https://bot.seekport.com)"
135.181.137.59 - - [20/Oct/2025:18:21:32 -0400] "GET /this-gorgeous-teacher-have-millions-of-fans-on-instagram/ HTTP/1.1" 200 300875 "http://wahgazab.com/tag/instagram/" "Mozilla/5.0 (compatible; SeekportBot; +https://bot.seekport.com)"
135.181.137.59 - - [20/Oct/2025:18:21:35 -0400] "GET /kid-shocks-everyone-to-find-the-security-flaws-in-instagram/ HTTP/1.1" 200 284745 "http://wahgazab.com/tag/instagram/" "Mozilla/5.0 (compatible; SeekportBot; +https://bot.seekport.com)"
135.181.137.59 - - [20/Oct/2025:18:21:37 -0400] "GET /virat-shares-a-pic-with-ziva-on-instagram/ HTTP/1.1" 200 281976 "http://wahgazab.com/tag/instagram/" "Mozilla/5.0 (compatible; SeekportBot; +https://bot.seekport.com)"
135.181.137.59 - - [20/Oct/2025:18:21:39 -0400] "GET /avoid-sharing-these-information-on-social-sites/ HTTP/1.1" 200 284634 "http://wahgazab.com/tag/instagram/" "Mozilla/5.0 (compatible; SeekportBot; +https://bot.seekport.com)"
135.181.137.59 - - [20/Oct/2025:18:21:41 -0400] "GET /such-messages-get-deleted-automatically/ HTTP/1.1" 200 282804 "http://wahgazab.com/tag/instagram/" "Mozilla/5.0 (compatible; SeekportBot; +https://bot.seekport.com)"
135.181.137.59 - - [20/Oct/2025:18:21:44 -0400] "GET /beckhams-video-went-viral/ HTTP/1.1" 200 281182 "http://wahgazab.com/tag/instagram/" "Mozilla/5.0 (compatible; SeekportBot; +https://bot.seekport.com)"
135.181.137.59 - - [20/Oct/2025:18:21:46 -0400] "GET /virat-kohli-set-another-record/ HTTP/1.1" 200 282123 "http://wahgazab.com/tag/instagram/" "Mozilla/5.0 (compatible; SeekportBot; +https://bot.seekport.com)"
135.181.137.59 - - [20/Oct/2025:18:21:48 -0400] "GET /tag/model-walks-topless/ HTTP/1.1" 200 121731 "http://wahgazab.com/model-emily-bloom-walks-topless-through-new-york-for-gender-equality/" "Mozilla/5.0 (compatible; SeekportBot; +https://bot.seekport.com)"
135.181.137.59 - - [20/Oct/2025:18:21:51 -0400] "GET /tag/new-york/ HTTP/1.1" 200 159282 "http://wahgazab.com/model-emily-bloom-walks-topless-through-new-york-for-gender-equality/" "Mozilla/5.0 (compatible; SeekportBot; +https://bot.seekport.com)"
135.181.137.59 - - [20/Oct/2025:18:21:53 -0400] "GET /what-happens-when-a-fetus-stays-in-the-womb-for-46-years/ HTTP/1.1" 200 281066 "http://wahgazab.com/model-emily-bloom-walks-topless-through-new-york-for-gender-equality/" "Mozilla/5.0 (compatible; SeekportBot; +https://bot.seekport.com)"
