135.181.137.59 - - [20/Oct/2025:17:33:52 -0400] "GET /these-bollywood-saas-bahu-pairs-hit-in-real-life-as-well/ HTTP/1.1" 200 282230 "http://wahgazab.com/author/wah8/" "Mozilla/5.0 (compatible; SeekportBot; +https://bot.seekport.com)"
135.181.137.59 - - [20/Oct/2025:17:33:54 -0400] "GET /this-woman-gets-arrested-for-uploading-a-photo-on-social-media/ HTTP/1.1" 200 280597 "http://wahgazab.com/author/wah8/" "Mozilla/5.0 (compatible; SeekportBot; +https://bot.seekport.com)"
135.181.137.59 - - [20/Oct/2025:17:33:56 -0400] "GET /author/wah8/page/2/ HTTP/1.1" 200 181026 "http://wahgazab.com/author/wah8/" "Mozilla/5.0 (compatible; SeekportBot; +https://bot.seekport.com)"
135.181.137.59 - - [20/Oct/2025:17:33:57 -0400] "GET /author/wah8/page/3/ HTTP/1.1" 200 179431 "http://wahgazab.com/author/wah8/" "Mozilla/5.0 (compatible; SeekportBot; +https://bot.seekport.com)"
216.244.66.247 - - [20/Oct/2025:17:33:59 -0400] "GET /tag/real-men-real-style/ HTTP/1.1" 200 121842 "-" "Mozilla/5.0 (compatible; DotBot/1.2; +https://opensiteexplorer.org/dotbot; [email protected])"
135.181.137.59 - - [20/Oct/2025:17:33:59 -0400] "GET /author/wah8/page/22/ HTTP/1.1" 200 154217 "http://wahgazab.com/author/wah8/" "Mozilla/5.0 (compatible; SeekportBot; +https://bot.seekport.com)"
135.181.137.59 - - [20/Oct/2025:17:34:01 -0400] "GET /tag/%E0%A4%B6%E0%A4%BE%E0%A4%B9%E0%A4%B0%E0%A5%82%E0%A4%96/ HTTP/1.1" 200 121759 "http://wahgazab.com/salim-khan-shared-the-news-with-srk-for-his-first-hit-movie/" "Mozilla/5.0 (compatible; SeekportBot; +https://bot.seekport.com)"
135.181.137.59 - - [20/Oct/2025:17:34:03 -0400] "GET /soldier-ranjeet-singh-and-kashmiri-girl-heart-wrenching-love-story/ HTTP/1.1" 200 298868 "http://wahgazab.com/salim-khan-shared-the-news-with-srk-for-his-first-hit-movie/" "Mozilla/5.0 (compatible; SeekportBot; +https://bot.seekport.com)"
135.181.137.59 - - [20/Oct/2025:17:34:05 -0400] "GET /tag/25000-rs-jeans/ HTTP/1.1" 200 121456 "http://wahgazab.com/this-weirdly-designed-jeans-costs-twenty-five-thousands-rupees/" "Mozilla/5.0 (compatible; SeekportBot; +https://bot.seekport.com)"
135.181.137.59 - - [20/Oct/2025:17:34:06 -0400] "GET /tag/weird-design/ HTTP/1.1" 200 121440 "http://wahgazab.com/this-weirdly-designed-jeans-costs-twenty-five-thousands-rupees/" "Mozilla/5.0 (compatible; SeekportBot; +https://bot.seekport.com)"
135.181.137.59 - - [20/Oct/2025:17:34:08 -0400] "GET /tag/%E0%A4%B8%E0%A5%8D%E0%A4%9F%E0%A4%BE%E0%A4%87%E0%A4%B2%E0%A4%BF%E0%A4%B6-%E0%A4%B2%E0%A5%81%E0%A4%95/ HTTP/1.1" 200 121709 "http://wahgazab.com/this-weirdly-designed-jeans-costs-twenty-five-thousands-rupees/" "Mozilla/5.0 (compatible; SeekportBot; +https://bot.seekport.com)"
135.181.137.59 - - [20/Oct/2025:17:34:09 -0400] "GET /woman-from-chhattisgarh-surviving-on-tea-for-30-years/ HTTP/1.1" 200 284725 "http://wahgazab.com/this-weirdly-designed-jeans-costs-twenty-five-thousands-rupees/" "Mozilla/5.0 (compatible; SeekportBot; +https://bot.seekport.com)"
135.181.137.59 - - [20/Oct/2025:17:34:10 -0400] "GET /internet-sensation-deepak-kalal-beaten-publicly-in-delhi/ HTTP/1.1" 200 283332 "http://wahgazab.com/this-weirdly-designed-jeans-costs-twenty-five-thousands-rupees/" "Mozilla/5.0 (compatible; SeekportBot; +https://bot.seekport.com)"
216.73.216.129 - - [20/Oct/2025:17:34:12 -0400] "GET /korowai-tribes-people-living-as-cannibals/korowai-tribes-people-living-as-cannibals-2/feed HTTP/1.1" 301 - "-" "Mozilla/5.0 AppleWebKit/537.36 (KHTML, like Gecko; compatible; ClaudeBot/1.0; [email protected])"
135.181.137.59 - - [20/Oct/2025:17:34:12 -0400] "GET /a-selfie-may-cause-the-death-to-an-athlete/ HTTP/1.1" 200 280784 "http://wahgazab.com/category/sports/page/2/" "Mozilla/5.0 (compatible; SeekportBot; +https://bot.seekport.com)"
216.73.216.129 - - [20/Oct/2025:17:34:12 -0400] "GET /tag/bizzare-animal-in-sea HTTP/1.1" 301 - "-" "Mozilla/5.0 AppleWebKit/537.36 (KHTML, like Gecko; compatible; ClaudeBot/1.0; [email protected])"
216.73.216.129 - - [20/Oct/2025:17:34:12 -0400] "GET /korowai-tribes-people-living-as-cannibals/korowai-tribes-people-living-as-cannibals-2/feed/ HTTP/1.1" 200 925 "http://wahgazab.com/korowai-tribes-people-living-as-cannibals/korowai-tribes-people-living-as-cannibals-2/feed" "Mozilla/5.0 AppleWebKit/537.36 (KHTML, like Gecko; compatible; ClaudeBot/1.0; [email protected])"
34.174.251.232 - - [20/Oct/2025:17:34:13 -0400] "GET /wp-content/uploads/2016/01/No-Hymen-No-Diamond1.jpg HTTP/1.1" 404 136514 "-" "Mozilla/5.0 (Macintosh; Intel Mac OS X 10_15_7) AppleWebKit/537.36 (KHTML, like Gecko) Chrome/122.0.0.0 Safari/537.36"
216.73.216.129 - - [20/Oct/2025:17:34:13 -0400] "GET /tag/bizzare-animal-in-sea/ HTTP/1.1" 200 121608 "http://wahgazab.com/tag/bizzare-animal-in-sea" "Mozilla/5.0 AppleWebKit/537.36 (KHTML, like Gecko; compatible; ClaudeBot/1.0; [email protected])"
135.181.137.59 - - [20/Oct/2025:17:34:14 -0400] "GET /dipa-karmakar-creates-history-and-reaches-vault-finals-in-rio-olympics/ HTTP/1.1" 200 282947 "http://wahgazab.com/category/sports/page/2/" "Mozilla/5.0 (compatible; SeekportBot; +https://bot.seekport.com)"
135.181.137.59 - - [20/Oct/2025:17:34:15 -0400] "GET /rani-rampal-braveheart-daughter-all-the-way-worth-all-the-praises/ HTTP/1.1" 200 282166 "http://wahgazab.com/category/sports/page/2/" "Mozilla/5.0 (compatible; SeekportBot; +https://bot.seekport.com)"
34.174.251.232 - - [20/Oct/2025:17:34:17 -0400] "GET /wp-content/uploads/2016/01/No-Hymen-No-Diamond1.jpg HTTP/1.1" 404 136514 "-" "Mozilla/5.0 (Windows NT 10.0; Win64; x64) AppleWebKit/537.36 (KHTML, like Gecko) Chrome/123.0.0.0 Safari/537.36"
135.181.137.59 - - [20/Oct/2025:17:34:17 -0400] "GET /virat-anushka-come-together-again-after-dinner-date/ HTTP/1.1" 200 283524 "http://wahgazab.com/category/sports/page/2/" "Mozilla/5.0 (compatible; SeekportBot; +https://bot.seekport.com)"
135.181.137.59 - - [20/Oct/2025:17:34:19 -0400] "GET /author/wah9/ HTTP/1.1" 200 176839 "http://wahgazab.com/category/sports/page/2/" "Mozilla/5.0 (compatible; SeekportBot; +https://bot.seekport.com)"
135.181.137.59 - - [20/Oct/2025:17:34:20 -0400] "GET /players-face-wardrobe-malfunction-at-the-playground/ HTTP/1.1" 200 276176 "http://wahgazab.com/category/sports/page/2/" "Mozilla/5.0 (compatible; SeekportBot; +https://bot.seekport.com)"
34.174.251.232 - - [20/Oct/2025:17:34:22 -0400] "GET /wp-content/uploads/2016/01/No-Hymen-No-Diamond1.jpg HTTP/1.1" 404 136514 "-" "Mozilla/5.0 (Macintosh; Intel Mac OS X 10_15_7) AppleWebKit/537.36 (KHTML, like Gecko) Chrome/120.0.0.0 Safari/537.36"
135.181.137.59 - - [20/Oct/2025:17:34:22 -0400] "GET /virat-mesmerizes-fans-with-his-amazing-rap-at-futsal-launch/ HTTP/1.1" 200 283687 "http://wahgazab.com/category/sports/page/2/" "Mozilla/5.0 (compatible; SeekportBot; +https://bot.seekport.com)"
135.181.137.59 - - [20/Oct/2025:17:34:24 -0400] "GET /man-starts-picking-the-nails-on-streets-to-overcome-puncture-problem/ HTTP/1.1" 200 283811 "http://wahgazab.com/category/sports/page/2/" "Mozilla/5.0 (compatible; SeekportBot; +https://bot.seekport.com)"
57.141.0.50 - - [20/Oct/2025:17:34:24 -0400] "GET /aliens-tank-found-at-the-moon-nasa-releases-images/ HTTP/1.1" 200 283132 "-" "meta-externalagent/1.1 (+https://developers.facebook.com/docs/sharing/webmasters/crawler)"
135.181.137.59 - - [20/Oct/2025:17:34:26 -0400] "GET /today-in-history-first-cricket-world-cup-was-started-in-london/ HTTP/1.1" 200 281466 "http://wahgazab.com/category/sports/page/2/" "Mozilla/5.0 (compatible; SeekportBot; +https://bot.seekport.com)"
135.181.137.59 - - [20/Oct/2025:17:34:28 -0400] "GET /virat-hugged-anushka-to-bid-goodbye/ HTTP/1.1" 200 280170 "http://wahgazab.com/category/sports/page/3/" "Mozilla/5.0 (compatible; SeekportBot; +https://bot.seekport.com)"
135.181.137.59 - - [20/Oct/2025:17:34:29 -0400] "GET /muhammad-ali-passes-away-leaving-us-alone/ HTTP/1.1" 200 281241 "http://wahgazab.com/category/sports/page/3/" "Mozilla/5.0 (compatible; SeekportBot; +https://bot.seekport.com)"
135.181.137.59 - - [20/Oct/2025:17:34:31 -0400] "GET /watch-the-mesmerizing-moments-of-ipl-9/ HTTP/1.1" 200 283365 "http://wahgazab.com/category/sports/page/3/" "Mozilla/5.0 (compatible; SeekportBot; +https://bot.seekport.com)"
135.181.137.59 - - [20/Oct/2025:17:34:33 -0400] "GET /poonam-pandey-fell-in-with-virat-kohli/ HTTP/1.1" 200 281104 "http://wahgazab.com/category/sports/page/3/" "Mozilla/5.0 (compatible; SeekportBot; +https://bot.seekport.com)"
135.181.137.59 - - [20/Oct/2025:17:34:35 -0400] "GET /sunrisers-hyderabad-wins-the-ipl-9-crown-defeating-kohli-and-team/ HTTP/1.1" 200 283825 "http://wahgazab.com/category/sports/page/3/" "Mozilla/5.0 (compatible; SeekportBot; +https://bot.seekport.com)"
135.181.137.59 - - [20/Oct/2025:17:34:37 -0400] "GET /kapil-dev-launches-a-website-where-betting-is-done/ HTTP/1.1" 200 282422 "http://wahgazab.com/category/sports/page/3/" "Mozilla/5.0 (compatible; SeekportBot; +https://bot.seekport.com)"
135.181.137.59 - - [20/Oct/2025:17:34:38 -0400] "GET /lady-luck-favors-yuvraj/ HTTP/1.1" 200 280790 "http://wahgazab.com/category/sports/page/3/" "Mozilla/5.0 (compatible; SeekportBot; +https://bot.seekport.com)"
135.181.137.59 - - [20/Oct/2025:17:34:40 -0400] "GET /the-most-famous-hit-wicket-dismissals-in-cricket/ HTTP/1.1" 200 282364 "http://wahgazab.com/category/sports/page/3/" "Mozilla/5.0 (compatible; SeekportBot; +https://bot.seekport.com)"
135.181.137.59 - - [20/Oct/2025:17:34:41 -0400] "GET /category/sports/page/4/ HTTP/1.1" 200 199318 "http://wahgazab.com/category/sports/page/3/" "Mozilla/5.0 (compatible; SeekportBot; +https://bot.seekport.com)"
135.181.137.59 - - [20/Oct/2025:17:34:43 -0400] "GET /india-won-by-22-runs-against-south-africa-on-the-2nd-one-day-series/ HTTP/1.1" 200 281445 "http://wahgazab.com/category/sports/page/46/" "Mozilla/5.0 (compatible; SeekportBot; +https://bot.seekport.com)"
135.181.137.59 - - [20/Oct/2025:17:34:44 -0400] "GET /gautam-gambhir-celebrates-his-34th-birthday/ HTTP/1.1" 200 276515 "http://wahgazab.com/category/sports/page/46/" "Mozilla/5.0 (compatible; SeekportBot; +https://bot.seekport.com)"
66.249.79.168 - - [20/Oct/2025:17:34:45 -0400] "GET /tiger-shroff-is-dating-this-actress-nowadays/tigershroff759/ HTTP/1.1" 200 121512 "-" "Mozilla/5.0 (Linux; Android 6.0.1; Nexus 5X Build/MMB29P) AppleWebKit/537.36 (KHTML, like Gecko) Chrome/140.0.7339.207 Mobile Safari/537.36 (compatible; Googlebot/2.1; +http://www.google.com/bot.html)"
135.181.137.59 - - [20/Oct/2025:17:34:46 -0400] "GET /umpire-vineet-kulkarni-was-the-reason-for-indias-defeat/ HTTP/1.1" 200 278720 "http://wahgazab.com/category/sports/page/46/" "Mozilla/5.0 (compatible; SeekportBot; +https://bot.seekport.com)"
135.181.137.59 - - [20/Oct/2025:17:34:47 -0400] "GET /bhajji-geeta-to-get-married-on-29th-october/ HTTP/1.1" 200 280605 "http://wahgazab.com/category/sports/page/46/" "Mozilla/5.0 (compatible; SeekportBot; +https://bot.seekport.com)"
135.181.137.59 - - [20/Oct/2025:17:34:49 -0400] "GET /category/sports/page/45/ HTTP/1.1" 200 199040 "http://wahgazab.com/category/sports/page/46/" "Mozilla/5.0 (compatible; SeekportBot; +https://bot.seekport.com)"
135.181.137.59 - - [20/Oct/2025:17:34:50 -0400] "GET /category/sports/page/44/ HTTP/1.1" 200 199205 "http://wahgazab.com/category/sports/page/46/" "Mozilla/5.0 (compatible; SeekportBot; +https://bot.seekport.com)"
135.181.137.59 - - [20/Oct/2025:17:34:52 -0400] "GET /tag/denim/ HTTP/1.1" 200 124481 "http://wahgazab.com/the-most-expensive-denims-in-the-world/" "Mozilla/5.0 (compatible; SeekportBot; +https://bot.seekport.com)"
135.181.137.59 - - [20/Oct/2025:17:34:54 -0400] "GET /tag/dussault-apparel-thrashed-denim/ HTTP/1.1" 200 121828 "http://wahgazab.com/the-most-expensive-denims-in-the-world/" "Mozilla/5.0 (compatible; SeekportBot; +https://bot.seekport.com)"
135.181.137.59 - - [20/Oct/2025:17:34:55 -0400] "GET /tag/jeans/ HTTP/1.1" 200 133410 "http://wahgazab.com/the-most-expensive-denims-in-the-world/" "Mozilla/5.0 (compatible; SeekportBot; +https://bot.seekport.com)"
135.181.137.59 - - [20/Oct/2025:17:34:56 -0400] "GET /tag/levi-strauss-501/ HTTP/1.1" 200 121708 "http://wahgazab.com/the-most-expensive-denims-in-the-world/" "Mozilla/5.0 (compatible; SeekportBot; +https://bot.seekport.com)"
135.181.137.59 - - [20/Oct/2025:17:34:58 -0400] "GET /tag/secret-circus/ HTTP/1.1" 200 121684 "http://wahgazab.com/the-most-expensive-denims-in-the-world/" "Mozilla/5.0 (compatible; SeekportBot; +https://bot.seekport.com)"
135.181.137.59 - - [20/Oct/2025:17:34:59 -0400] "GET /wearing-burka-prohibited-in-these-countries/ HTTP/1.1" 200 282156 "http://wahgazab.com/the-most-expensive-denims-in-the-world/" "Mozilla/5.0 (compatible; SeekportBot; +https://bot.seekport.com)"
135.181.137.59 - - [20/Oct/2025:17:35:00 -0400] "GET /this-weird-thing-found-at-sea-shore-people-say-it-aliens-aircraft/ HTTP/1.1" 200 282376 "http://wahgazab.com/the-most-expensive-denims-in-the-world/" "Mozilla/5.0 (compatible; SeekportBot; +https://bot.seekport.com)"
66.249.79.170 - - [20/Oct/2025:17:35:02 -0400] "GET /?a=81708132142504&channel=dd39f2&from=category-info.php%3Fid%3D1321425-637%26name%3D%E3%80%90%E5%8F%96%E4%BB%98%E5%AF%BE%E8%B1%A1%E3%80%91%E3%83%95%E3%82%A9%E3%83%AC%E3%82%B9%E3%82%BF%E3%83%BC%EF%BC%88SH%E7%B3%BB%EF%BC%89+%3Cbr%3E215%2F60R17+96H+%3Cbr%3E%E3%83%88%E3%83%BC%E3%83%A8%E3%83%BC+%E3%82%AA%E3%83%BC%E3%83%97%E3%83%B3%E3%82%AB%E3%83%B3%E3%83%88%E3%83%AA%E3%83%BC+H%2FT2+WL+%3Cbr%3EWeds+%E3%83%AC%E3%82%AA%E3%83%8B%E3%82%B9+TE+%3Cbr%3EPBMC+%28%E3%83%91%E3%83%BC%E3%83%AB%E3%83%96%E3%83%A9%E3%83%83%E3%82%AF+%E3%83%9F%E3%83%A9%E3%83%BC%E3%82%AB%E3%83%83%E3%83%88%29+%3Cbr%3E17%E3%82%A4%E3%83%B3%E3%83%81+7.0J+5H100+%3Cbr%3E%E3%82%B5%E3%83%9E%E3%83%BC%E3%82%BF%E3%82%A4%E3%83%A4%E3%83%9B%E3%82%A4%E3%83%BC%E3%83%AB%E3%82%BB%E3%83%83%E3%83%88+%3Cbr%3E HTTP/1.1" 301 - "-" "Mozilla/5.0 (Linux; Android 6.0.1; Nexus 5X Build/MMB29P) AppleWebKit/537.36 (KHTML, like Gecko) Chrome/140.0.7339.207 Mobile Safari/537.36 (compatible; Googlebot/2.1; +http://www.google.com/bot.html)"
135.181.137.59 - - [20/Oct/2025:17:35:02 -0400] "GET /tag/%E0%A4%8B%E0%A4%A4%E0%A4%BF%E0%A4%95-%E0%A4%B0%E0%A5%8B%E0%A4%B6%E0%A4%A8/ HTTP/1.1" 200 121644 "http://wahgazab.com/ritik-dances-on-a-bhojpuri-song-video-goes-viral/" "Mozilla/5.0 (compatible; SeekportBot; +https://bot.seekport.com)"
135.181.137.59 - - [20/Oct/2025:17:35:04 -0400] "GET /water-crisis-in-country-gets-worse-day-by-day/ HTTP/1.1" 200 289147 "http://wahgazab.com/ritik-dances-on-a-bhojpuri-song-video-goes-viral/" "Mozilla/5.0 (compatible; SeekportBot; +https://bot.seekport.com)"
135.181.137.59 - - [20/Oct/2025:17:35:05 -0400] "GET /tag/1873-a-change-in-the-design-of-the-jeans/ HTTP/1.1" 200 122223 "http://wahgazab.com/reasons-why-your-jeans-have-tiny-buttons/" "Mozilla/5.0 (compatible; SeekportBot; +https://bot.seekport.com)"
135.181.137.59 - - [20/Oct/2025:17:35:07 -0400] "GET /tag/design-of-the-jeans/ HTTP/1.1" 200 122055 "http://wahgazab.com/reasons-why-your-jeans-have-tiny-buttons/" "Mozilla/5.0 (compatible; SeekportBot; +https://bot.seekport.com)"
135.181.137.59 - - [20/Oct/2025:17:35:08 -0400] "GET /tag/history-of-jeans/ HTTP/1.1" 200 122031 "http://wahgazab.com/reasons-why-your-jeans-have-tiny-buttons/" "Mozilla/5.0 (compatible; SeekportBot; +https://bot.seekport.com)"
135.181.137.59 - - [20/Oct/2025:17:35:10 -0400] "GET /tag/jacob-davis/ HTTP/1.1" 200 121991 "http://wahgazab.com/reasons-why-your-jeans-have-tiny-buttons/" "Mozilla/5.0 (compatible; SeekportBot; +https://bot.seekport.com)"
135.181.137.59 - - [20/Oct/2025:17:35:11 -0400] "GET /tag/jacob-davis-jeans/ HTTP/1.1" 200 122039 "http://wahgazab.com/reasons-why-your-jeans-have-tiny-buttons/" "Mozilla/5.0 (compatible; SeekportBot; +https://bot.seekport.com)"
135.181.137.59 - - [20/Oct/2025:17:35:13 -0400] "GET /tag/jacob-davis-his-life-and-contributions/ HTTP/1.1" 200 122212 "http://wahgazab.com/reasons-why-your-jeans-have-tiny-buttons/" "Mozilla/5.0 (compatible; SeekportBot; +https://bot.seekport.com)"
135.181.137.59 - - [20/Oct/2025:17:35:14 -0400] "GET /tag/jacob-w-davis/ HTTP/1.1" 200 122012 "http://wahgazab.com/reasons-why-your-jeans-have-tiny-buttons/" "Mozilla/5.0 (compatible; SeekportBot; +https://bot.seekport.com)"
135.181.137.59 - - [20/Oct/2025:17:35:16 -0400] "GET /tag/jacob-w-davis-news/ HTTP/1.1" 200 122052 "http://wahgazab.com/reasons-why-your-jeans-have-tiny-buttons/" "Mozilla/5.0 (compatible; SeekportBot; +https://bot.seekport.com)"
135.181.137.59 - - [20/Oct/2025:17:35:17 -0400] "GET /tag/jacob-w-davis-news-in-hindi/ HTTP/1.1" 200 122124 "http://wahgazab.com/reasons-why-your-jeans-have-tiny-buttons/" "Mozilla/5.0 (compatible; SeekportBot; +https://bot.seekport.com)"
220.181.108.159 - - [20/Oct/2025:17:35:17 -0400] "GET /thousands-of-people-rushing-to-see-the-treasure-appearing-from-the-ground/ HTTP/1.1" 200 284202 "-" "Mozilla/5.0 (compatible; Baiduspider/2.0; +http://www.baidu.com/search/spider.html)"
135.181.137.59 - - [20/Oct/2025:17:35:18 -0400] "GET /tag/jeans-small-button/ HTTP/1.1" 200 122047 "http://wahgazab.com/reasons-why-your-jeans-have-tiny-buttons/" "Mozilla/5.0 (compatible; SeekportBot; +https://bot.seekport.com)"
37.59.204.158 - - [20/Oct/2025:17:35:19 -0400] "GET /tag/makhana-benefits-in-hindi/ HTTP/1.1" 200 121533 "-" "Mozilla/5.0 (compatible; AhrefsBot/7.0; +http://ahrefs.com/robot/)"
135.181.137.59 - - [20/Oct/2025:17:35:20 -0400] "GET /tag/reasons-why-your-jeans-have-tiny-buttons/ HTTP/1.1" 200 122223 "http://wahgazab.com/reasons-why-your-jeans-have-tiny-buttons/" "Mozilla/5.0 (compatible; SeekportBot; +https://bot.seekport.com)"
135.181.137.59 - - [20/Oct/2025:17:35:21 -0400] "GET /tag/small-button-on-jeans/ HTTP/1.1" 200 122071 "http://wahgazab.com/reasons-why-your-jeans-have-tiny-buttons/" "Mozilla/5.0 (compatible; SeekportBot; +https://bot.seekport.com)"
116.179.37.194 - - [20/Oct/2025:17:35:21 -0400] "GET /wp-content/uploads/2018/07/img-%E0%A4%9C%E0%A4%AE%E0%A5%80%E0%A4%A8-%E0%A4%AB%E0%A4%BE%E0%A5%9C%E0%A4%95%E0%A4%B0-%E0%A4%85%E0%A4%9A%E0%A4%BE%E0%A4%A8%E0%A4%95-%E0%A4%A8%E0%A4%BF%E0%A4%95%E0%A4%B2-%E0%A4%86%E0%A4%AF%E0%A4%BE-%E0%A4%96%E0%A4%9C%E0%A4%BE%E0%A4%A8%E0%A4%BE-%E0%A4%A6%E0%A5%87%E0%A4%96%E0%A4%A8%E0%A5%87-%E0%A4%A6%E0%A5%8C%E0%A5%9C-%E0%A4%AA%E0%A5%9C%E0%A5%87-%E0%A4%B9%E0%A4%9C%E0%A4%BE%E0%A4%B0%E0%A5%8B%E0%A4%82-%E0%A4%B2%E0%A5%8B%E0%A4%97-2018-07.jpg HTTP/1.1" 404 136514 "http://wahgazab.com/thousands-of-people-rushing-to-see-the-treasure-appearing-from-the-ground/" "Mozilla/5.0 (compatible; Baiduspider-render/2.0; +http://www.baidu.com/search/spider.html)"
135.181.137.59 - - [20/Oct/2025:17:35:22 -0400] "GET /tag/small-button-on-jeans-news/ HTTP/1.1" 200 122111 "http://wahgazab.com/reasons-why-your-jeans-have-tiny-buttons/" "Mozilla/5.0 (compatible; SeekportBot; +https://bot.seekport.com)"
135.181.137.59 - - [20/Oct/2025:17:35:24 -0400] "GET /tag/small-button-on-jeans-news-in-hindi/ HTTP/1.1" 200 122183 "http://wahgazab.com/reasons-why-your-jeans-have-tiny-buttons/" "Mozilla/5.0 (compatible; SeekportBot; +https://bot.seekport.com)"
135.181.137.59 - - [20/Oct/2025:17:35:25 -0400] "GET /tag/small-button-on-the-pocket-of-jeans/ HTTP/1.1" 200 122183 "http://wahgazab.com/reasons-why-your-jeans-have-tiny-buttons/" "Mozilla/5.0 (compatible; SeekportBot; +https://bot.seekport.com)"
135.181.137.59 - - [20/Oct/2025:17:35:27 -0400] "GET /tag/small-button-on-the-pocket-of-jeans-article/ HTTP/1.1" 200 122247 "http://wahgazab.com/reasons-why-your-jeans-have-tiny-buttons/" "Mozilla/5.0 (compatible; SeekportBot; +https://bot.seekport.com)"
135.181.137.59 - - [20/Oct/2025:17:35:28 -0400] "GET /tag/small-button-on-the-pocket-of-jeans-article-in-hindi/ HTTP/1.1" 200 122319 "http://wahgazab.com/reasons-why-your-jeans-have-tiny-buttons/" "Mozilla/5.0 (compatible; SeekportBot; +https://bot.seekport.com)"
135.181.137.59 - - [20/Oct/2025:17:35:29 -0400] "GET /tag/small-button-on-the-pocket-of-jeans-news/ HTTP/1.1" 200 122223 "http://wahgazab.com/reasons-why-your-jeans-have-tiny-buttons/" "Mozilla/5.0 (compatible; SeekportBot; +https://bot.seekport.com)"
135.181.137.59 - - [20/Oct/2025:17:35:31 -0400] "GET /tag/small-button-on-the-pocket-of-jeans-news-in-hindi/ HTTP/1.1" 200 122295 "http://wahgazab.com/reasons-why-your-jeans-have-tiny-buttons/" "Mozilla/5.0 (compatible; SeekportBot; +https://bot.seekport.com)"
135.181.137.59 - - [20/Oct/2025:17:35:32 -0400] "GET /tag/tiny-buttons/ HTTP/1.1" 200 121999 "http://wahgazab.com/reasons-why-your-jeans-have-tiny-buttons/" "Mozilla/5.0 (compatible; SeekportBot; +https://bot.seekport.com)"
135.181.137.59 - - [20/Oct/2025:17:35:34 -0400] "GET /children-love-this-thandai/ HTTP/1.1" 200 282552 "http://wahgazab.com/reasons-why-your-jeans-have-tiny-buttons/" "Mozilla/5.0 (compatible; SeekportBot; +https://bot.seekport.com)"
135.181.137.59 - - [20/Oct/2025:17:35:35 -0400] "GET /salman-gets-angry-with-media/ HTTP/1.1" 200 282933 "http://wahgazab.com/reasons-why-your-jeans-have-tiny-buttons/" "Mozilla/5.0 (compatible; SeekportBot; +https://bot.seekport.com)"
135.181.137.59 - - [20/Oct/2025:17:35:37 -0400] "GET /tag/zaira-wasim/ HTTP/1.1" 200 121653 "http://wahgazab.com/dangal-fame-zaira-wasim-quits-bollywood-for-religious-obligations/" "Mozilla/5.0 (compatible; SeekportBot; +https://bot.seekport.com)"
135.181.137.59 - - [20/Oct/2025:17:35:38 -0400] "GET /tag/%E0%A4%9C%E0%A4%BC%E0%A4%BE%E0%A4%AF%E0%A4%B0%E0%A4%BE-%E0%A4%B5%E0%A4%B8%E0%A5%80%E0%A4%AE/ HTTP/1.1" 200 121897 "http://wahgazab.com/dangal-fame-zaira-wasim-quits-bollywood-for-religious-obligations/" "Mozilla/5.0 (compatible; SeekportBot; +https://bot.seekport.com)"
135.181.137.59 - - [20/Oct/2025:17:35:40 -0400] "GET /neeta-ambanin-crocodile-bag-studded-with-240-diamonds-becomes-internet-sensation/ HTTP/1.1" 200 283535 "http://wahgazab.com/dangal-fame-zaira-wasim-quits-bollywood-for-religious-obligations/" "Mozilla/5.0 (compatible; SeekportBot; +https://bot.seekport.com)"
37.59.204.129 - - [20/Oct/2025:17:35:41 -0400] "GET /wp-content/uploads/2016/04/aloo-makhana-recipe.jpg HTTP/1.1" 200 232249 "-" "Mozilla/5.0 (compatible; AhrefsBot/7.0; +http://ahrefs.com/robot/)"
135.181.137.59 - - [20/Oct/2025:17:35:41 -0400] "GET /tag/ajab-gajab-news/ HTTP/1.1" 200 183488 "http://wahgazab.com/these-hilarious-jokes-to-take-all-your-tension-away/" "Mozilla/5.0 (compatible; SeekportBot; +https://bot.seekport.com)"
135.181.137.59 - - [20/Oct/2025:17:35:43 -0400] "GET /tag/funny-jokes/ HTTP/1.1" 200 164029 "http://wahgazab.com/these-hilarious-jokes-to-take-all-your-tension-away/" "Mozilla/5.0 (compatible; SeekportBot; +https://bot.seekport.com)"
135.181.137.59 - - [20/Oct/2025:17:35:45 -0400] "GET /tag/jokes/ HTTP/1.1" 200 168721 "http://wahgazab.com/these-hilarious-jokes-to-take-all-your-tension-away/" "Mozilla/5.0 (compatible; SeekportBot; +https://bot.seekport.com)"
135.181.137.59 - - [20/Oct/2025:17:35:47 -0400] "GET /alla-ilyinichna-levushkina-worlds-oldest-working-surgeon-who-at-89-performs-4-operations-daily/ HTTP/1.1" 200 282068 "http://wahgazab.com/these-hilarious-jokes-to-take-all-your-tension-away/" "Mozilla/5.0 (compatible; SeekportBot; +https://bot.seekport.com)"
135.181.137.59 - - [20/Oct/2025:17:35:49 -0400] "GET /tag/azature-nail-polish/ HTTP/1.1" 200 121494 "http://wahgazab.com/costliest-nail-polish-in-the-world/" "Mozilla/5.0 (compatible; SeekportBot; +https://bot.seekport.com)"
135.181.137.59 - - [20/Oct/2025:17:35:51 -0400] "GET /tag/expensive-nail-polishes/ HTTP/1.1" 200 121526 "http://wahgazab.com/costliest-nail-polish-in-the-world/" "Mozilla/5.0 (compatible; SeekportBot; +https://bot.seekport.com)"
135.181.137.59 - - [20/Oct/2025:17:35:53 -0400] "GET /tag/most-expensive-nail-polishes-in-the-world/ HTTP/1.1" 200 121670 "http://wahgazab.com/costliest-nail-polish-in-the-world/" "Mozilla/5.0 (compatible; SeekportBot; +https://bot.seekport.com)"
135.181.137.59 - - [20/Oct/2025:17:35:54 -0400] "GET /tag/nail-polish/ HTTP/1.1" 200 124610 "http://wahgazab.com/costliest-nail-polish-in-the-world/" "Mozilla/5.0 (compatible; SeekportBot; +https://bot.seekport.com)"
135.181.137.59 - - [20/Oct/2025:17:35:55 -0400] "GET /this-monster-fish-shows-up-in-kolkata/ HTTP/1.1" 200 278942 "http://wahgazab.com/costliest-nail-polish-in-the-world/" "Mozilla/5.0 (compatible; SeekportBot; +https://bot.seekport.com)"
135.181.137.59 - - [20/Oct/2025:17:35:57 -0400] "GET /how-kissing-scenes-shooting-done/ HTTP/1.1" 200 277315 "http://wahgazab.com/costliest-nail-polish-in-the-world/" "Mozilla/5.0 (compatible; SeekportBot; +https://bot.seekport.com)"
135.181.137.59 - - [20/Oct/2025:17:35:58 -0400] "GET /tag/%E0%A4%9F%E0%A5%8D%E0%A4%B0%E0%A4%BE%E0%A4%82%E0%A4%B8%E0%A4%9C%E0%A5%87%E0%A4%82%E0%A4%A1%E0%A4%B0/ HTTP/1.1" 200 125132 "http://wahgazab.com/these-bollowood-actors-were-males-once-and-now-transformed-into-females/" "Mozilla/5.0 (compatible; SeekportBot; +https://bot.seekport.com)"
135.181.137.59 - - [20/Oct/2025:17:36:00 -0400] "GET /smriti-irni-gave-fitting-reply-to-the-trolls-of-her-daughter-on-social-media/ HTTP/1.1" 200 285855 "http://wahgazab.com/these-bollowood-actors-were-males-once-and-now-transformed-into-females/" "Mozilla/5.0 (compatible; SeekportBot; +https://bot.seekport.com)"
135.181.137.59 - - [20/Oct/2025:17:36:01 -0400] "GET /tag/hindi-jokes/ HTTP/1.1" 200 121177 "http://wahgazab.com/these-hilarious-jokes-will-give-you-the-fits-of-laughter/" "Mozilla/5.0 (compatible; SeekportBot; +https://bot.seekport.com)"
135.181.137.59 - - [20/Oct/2025:17:36:03 -0400] "GET /this-girl-has-got-the-super-power-to-see-through-the-human-bodies/ HTTP/1.1" 200 281546 "http://wahgazab.com/these-hilarious-jokes-will-give-you-the-fits-of-laughter/" "Mozilla/5.0 (compatible; SeekportBot; +https://bot.seekport.com)"
135.181.137.59 - - [20/Oct/2025:17:36:04 -0400] "GET /these-two-indians-opens-restaurant-in-dubai-which-offers-free-food-to-unemployed-people/ HTTP/1.1" 200 281945 "http://wahgazab.com/these-hilarious-jokes-will-give-you-the-fits-of-laughter/" "Mozilla/5.0 (compatible; SeekportBot; +https://bot.seekport.com)"
135.181.137.59 - - [20/Oct/2025:17:36:06 -0400] "GET /tag/jeans-identification/ HTTP/1.1" 200 121586 "http://wahgazab.com/how-to-identify-your-levis-denim-if-it-is-genuine-or-not/" "Mozilla/5.0 (compatible; SeekportBot; +https://bot.seekport.com)"
135.181.137.59 - - [20/Oct/2025:17:36:08 -0400] "GET /tag/levis-denim/ HTTP/1.1" 200 121548 "http://wahgazab.com/how-to-identify-your-levis-denim-if-it-is-genuine-or-not/" "Mozilla/5.0 (compatible; SeekportBot; +https://bot.seekport.com)"
135.181.137.59 - - [20/Oct/2025:17:36:09 -0400] "GET /tag/levis-jeans-identification/ HTTP/1.1" 200 121634 "http://wahgazab.com/how-to-identify-your-levis-denim-if-it-is-genuine-or-not/" "Mozilla/5.0 (compatible; SeekportBot; +https://bot.seekport.com)"
135.181.137.59 - - [20/Oct/2025:17:36:10 -0400] "GET /a-human-turned-monster-commits-this-heinous-crime/ HTTP/1.1" 200 283894 "http://wahgazab.com/how-to-identify-your-levis-denim-if-it-is-genuine-or-not/" "Mozilla/5.0 (compatible; SeekportBot; +https://bot.seekport.com)"
135.181.137.59 - - [20/Oct/2025:17:36:12 -0400] "GET /motorbike-that-runs-with-air-not-petrol/ HTTP/1.1" 200 278351 "http://wahgazab.com/how-to-identify-your-levis-denim-if-it-is-genuine-or-not/" "Mozilla/5.0 (compatible; SeekportBot; +https://bot.seekport.com)"
135.181.137.59 - - [20/Oct/2025:17:36:14 -0400] "GET /world-bank-declares-huge-debt-of-india/ HTTP/1.1" 200 283305 "http://wahgazab.com/chinmayi-sriprada-stuns-everyone-with-her-reply-to-the-user-asking-nudes/" "Mozilla/5.0 (compatible; SeekportBot; +https://bot.seekport.com)"
135.181.137.59 - - [20/Oct/2025:17:36:16 -0400] "GET /why-aghori-sadhus-eat-human-flesh/ HTTP/1.1" 200 282348 "http://wahgazab.com/interesting-jokes/" "Mozilla/5.0 (compatible; SeekportBot; +https://bot.seekport.com)"
135.181.137.59 - - [20/Oct/2025:17:36:17 -0400] "GET /perfumes-making-everyone-go-crazy-for-you/ HTTP/1.1" 200 285672 "http://wahgazab.com/interesting-jokes/" "Mozilla/5.0 (compatible; SeekportBot; +https://bot.seekport.com)"
135.181.137.59 - - [20/Oct/2025:17:36:19 -0400] "GET /tag/ghost-wedding/ HTTP/1.1" 200 121843 "http://wahgazab.com/unmarried-female-girls-dead-body-auctioned-here/" "Mozilla/5.0 (compatible; SeekportBot; +https://bot.seekport.com)"
135.181.137.59 - - [20/Oct/2025:17:36:21 -0400] "GET /tag/ghost-wedding-in-china/ HTTP/1.1" 200 121915 "http://wahgazab.com/unmarried-female-girls-dead-body-auctioned-here/" "Mozilla/5.0 (compatible; SeekportBot; +https://bot.seekport.com)"
135.181.137.59 - - [20/Oct/2025:17:36:22 -0400] "GET /tag/ghost-wedding-in-china-news/ HTTP/1.1" 200 121955 "http://wahgazab.com/unmarried-female-girls-dead-body-auctioned-here/" "Mozilla/5.0 (compatible; SeekportBot; +https://bot.seekport.com)"
135.181.137.59 - - [20/Oct/2025:17:36:24 -0400] "GET /tag/ghost-wedding-in-china-news-in-hindi/ HTTP/1.1" 200 122027 "http://wahgazab.com/unmarried-female-girls-dead-body-auctioned-here/" "Mozilla/5.0 (compatible; SeekportBot; +https://bot.seekport.com)"
135.181.137.59 - - [20/Oct/2025:17:36:25 -0400] "GET /tag/ghost-wedding-news/ HTTP/1.1" 200 121883 "http://wahgazab.com/unmarried-female-girls-dead-body-auctioned-here/" "Mozilla/5.0 (compatible; SeekportBot; +https://bot.seekport.com)"
135.181.137.59 - - [20/Oct/2025:17:36:27 -0400] "GET /tag/girls-dead-body-auctioned/ HTTP/1.1" 200 121939 "http://wahgazab.com/unmarried-female-girls-dead-body-auctioned-here/" "Mozilla/5.0 (compatible; SeekportBot; +https://bot.seekport.com)"
135.181.137.59 - - [20/Oct/2025:17:36:28 -0400] "GET /tag/girls-dead-body-auctioned-news/ HTTP/1.1" 200 121979 "http://wahgazab.com/unmarried-female-girls-dead-body-auctioned-here/" "Mozilla/5.0 (compatible; SeekportBot; +https://bot.seekport.com)"
135.181.137.59 - - [20/Oct/2025:17:36:29 -0400] "GET /tag/girls-dead-body-auctioned-news-in-hindi/ HTTP/1.1" 200 122051 "http://wahgazab.com/unmarried-female-girls-dead-body-auctioned-here/" "Mozilla/5.0 (compatible; SeekportBot; +https://bot.seekport.com)"
135.181.137.59 - - [20/Oct/2025:17:36:31 -0400] "GET /tag/unmarried-female-girls/ HTTP/1.1" 200 121915 "http://wahgazab.com/unmarried-female-girls-dead-body-auctioned-here/" "Mozilla/5.0 (compatible; SeekportBot; +https://bot.seekport.com)"
135.181.137.59 - - [20/Oct/2025:17:36:32 -0400] "GET /tag/unmarried-female-girls-dead-body-auctioned/ HTTP/1.1" 200 122075 "http://wahgazab.com/unmarried-female-girls-dead-body-auctioned-here/" "Mozilla/5.0 (compatible; SeekportBot; +https://bot.seekport.com)"
135.181.137.59 - - [20/Oct/2025:17:36:34 -0400] "GET /tag/unmarried-female-girls-dead-body-auctioned-news/ HTTP/1.1" 200 122115 "http://wahgazab.com/unmarried-female-girls-dead-body-auctioned-here/" "Mozilla/5.0 (compatible; SeekportBot; +https://bot.seekport.com)"
135.181.137.59 - - [20/Oct/2025:17:36:35 -0400] "GET /tag/unmarried-female-girls-dead-body-auctioned-news-in-hindi/ HTTP/1.1" 200 122187 "http://wahgazab.com/unmarried-female-girls-dead-body-auctioned-here/" "Mozilla/5.0 (compatible; SeekportBot; +https://bot.seekport.com)"
135.181.137.59 - - [20/Oct/2025:17:36:37 -0400] "GET /tag/unmarried-female-girls-news/ HTTP/1.1" 200 121955 "http://wahgazab.com/unmarried-female-girls-dead-body-auctioned-here/" "Mozilla/5.0 (compatible; SeekportBot; +https://bot.seekport.com)"
135.181.137.59 - - [20/Oct/2025:17:36:38 -0400] "GET /tag/unmarried-female-girls-news-in-hindi/ HTTP/1.1" 200 122027 "http://wahgazab.com/unmarried-female-girls-dead-body-auctioned-here/" "Mozilla/5.0 (compatible; SeekportBot; +https://bot.seekport.com)"
135.181.137.59 - - [20/Oct/2025:17:36:39 -0400] "GET /the-biggest-golden-money-safe-locker-in-the-world/ HTTP/1.1" 200 285023 "http://wahgazab.com/unmarried-female-girls-dead-body-auctioned-here/" "Mozilla/5.0 (compatible; SeekportBot; +https://bot.seekport.com)"
135.181.137.59 - - [20/Oct/2025:17:36:41 -0400] "GET /first-robot-lawyer-in-the-world-who-works-for-an-american-firm/ HTTP/1.1" 200 283042 "http://wahgazab.com/unmarried-female-girls-dead-body-auctioned-here/" "Mozilla/5.0 (compatible; SeekportBot; +https://bot.seekport.com)"
135.181.137.59 - - [20/Oct/2025:17:36:42 -0400] "GET /tag/gun/ HTTP/1.1" 200 121207 "http://wahgazab.com/looted-hair-at-the-tip-of-the-gun/" "Mozilla/5.0 (compatible; SeekportBot; +https://bot.seekport.com)"
135.181.137.59 - - [20/Oct/2025:17:36:44 -0400] "GET /tag/hair/ HTTP/1.1" 200 133390 "http://wahgazab.com/looted-hair-at-the-tip-of-the-gun/" "Mozilla/5.0 (compatible; SeekportBot; +https://bot.seekport.com)"
135.181.137.59 - - [20/Oct/2025:17:36:45 -0400] "GET /tag/%E0%A4%AC%E0%A4%82%E0%A4%A6%E0%A5%82%E0%A4%95/ HTTP/1.1" 200 121343 "http://wahgazab.com/looted-hair-at-the-tip-of-the-gun/" "Mozilla/5.0 (compatible; SeekportBot; +https://bot.seekport.com)"
135.181.137.59 - - [20/Oct/2025:17:36:47 -0400] "GET /tag/%E0%A4%B8%E0%A4%B2%E0%A4%AE%E0%A4%BE%E0%A4%A8-%E0%A4%96%E0%A4%BE%E0%A4%A8/ HTTP/1.1" 200 137832 "http://wahgazab.com/salman-khan-to-declare-his-wedding-date-on-election-results-day/" "Mozilla/5.0 (compatible; SeekportBot; +https://bot.seekport.com)"
17.246.19.143 - - [20/Oct/2025:17:36:47 -0400] "GET /5-mistakes-to-keep-in-mind-during-kissing/kissing-tips-for-guys/ HTTP/1.1" 200 122521 "-" "Mozilla/5.0 (Macintosh; Intel Mac OS X 10_15_7) AppleWebKit/605.1.15 (KHTML, like Gecko) Version/17.4 Safari/605.1.15 (Applebot/0.1; +http://www.apple.com/go/applebot)"
135.181.137.59 - - [20/Oct/2025:17:36:48 -0400] "GET /aradhya-bachhan-dance-video-goes-viral/ HTTP/1.1" 200 283786 "http://wahgazab.com/salman-khan-to-declare-his-wedding-date-on-election-results-day/" "Mozilla/5.0 (compatible; SeekportBot; +https://bot.seekport.com)"
135.181.137.59 - - [20/Oct/2025:17:36:50 -0400] "GET /tag/best-very-funny-jokes/ HTTP/1.1" 200 121893 "http://wahgazab.com/how-to-make-your-children-aware-of-these-big-deeds-of-little-kids/" "Mozilla/5.0 (compatible; SeekportBot; +https://bot.seekport.com)"
135.181.137.59 - - [20/Oct/2025:17:36:51 -0400] "GET /tag/funny-joke/ HTTP/1.1" 200 121805 "http://wahgazab.com/how-to-make-your-children-aware-of-these-big-deeds-of-little-kids/" "Mozilla/5.0 (compatible; SeekportBot; +https://bot.seekport.com)"
135.181.137.59 - - [20/Oct/2025:17:36:53 -0400] "GET /tag/joke-of-today/ HTTP/1.1" 200 121829 "http://wahgazab.com/how-to-make-your-children-aware-of-these-big-deeds-of-little-kids/" "Mozilla/5.0 (compatible; SeekportBot; +https://bot.seekport.com)"
92.222.104.195 - - [20/Oct/2025:17:36:54 -0400] "GET /tag/roasted-makhana-or-phool-makhana-recipe/ HTTP/1.1" 200 121645 "-" "Mozilla/5.0 (compatible; AhrefsBot/7.0; +http://ahrefs.com/robot/)"
135.181.137.59 - - [20/Oct/2025:17:36:54 -0400] "GET /tag/joke-of-today-in-hindi/ HTTP/1.1" 200 121901 "http://wahgazab.com/how-to-make-your-children-aware-of-these-big-deeds-of-little-kids/" "Mozilla/5.0 (compatible; SeekportBot; +https://bot.seekport.com)"
135.181.137.59 - - [20/Oct/2025:17:36:56 -0400] "GET /tag/jokes-in-hindi/ HTTP/1.1" 200 131410 "http://wahgazab.com/how-to-make-your-children-aware-of-these-big-deeds-of-little-kids/" "Mozilla/5.0 (compatible; SeekportBot; +https://bot.seekport.com)"
135.181.137.59 - - [20/Oct/2025:17:36:57 -0400] "GET /tag/jokes-news/ HTTP/1.1" 200 124414 "http://wahgazab.com/how-to-make-your-children-aware-of-these-big-deeds-of-little-kids/" "Mozilla/5.0 (compatible; SeekportBot; +https://bot.seekport.com)"
135.181.137.59 - - [20/Oct/2025:17:36:58 -0400] "GET /tag/jokes-news-in-hindi/ HTTP/1.1" 200 124486 "http://wahgazab.com/how-to-make-your-children-aware-of-these-big-deeds-of-little-kids/" "Mozilla/5.0 (compatible; SeekportBot; +https://bot.seekport.com)"
216.73.216.129 - - [20/Oct/2025:17:36:59 -0400] "GET /tag/andhra-pradeshs-hyderabad HTTP/1.1" 301 - "-" "Mozilla/5.0 AppleWebKit/537.36 (KHTML, like Gecko; compatible; ClaudeBot/1.0; [email protected])"
216.73.216.129 - - [20/Oct/2025:17:36:59 -0400] "GET /tag/zak-leads-the-pack-news-in-hindi HTTP/1.1" 301 - "-" "Mozilla/5.0 AppleWebKit/537.36 (KHTML, like Gecko; compatible; ClaudeBot/1.0; [email protected])"
216.73.216.129 - - [20/Oct/2025:17:36:59 -0400] "GET /tag/andhra-pradeshs-hyderabad/ HTTP/1.1" 200 121937 "http://wahgazab.com/tag/andhra-pradeshs-hyderabad" "Mozilla/5.0 AppleWebKit/537.36 (KHTML, like Gecko; compatible; ClaudeBot/1.0; [email protected])"
135.181.137.59 - - [20/Oct/2025:17:37:00 -0400] "GET /tag/very-funny-joke-in-hindi/ HTTP/1.1" 200 121917 "http://wahgazab.com/how-to-make-your-children-aware-of-these-big-deeds-of-little-kids/" "Mozilla/5.0 (compatible; SeekportBot; +https://bot.seekport.com)"
216.73.216.129 - - [20/Oct/2025:17:37:00 -0400] "GET /tag/zak-leads-the-pack-news-in-hindi/ HTTP/1.1" 200 122233 "http://wahgazab.com/tag/zak-leads-the-pack-news-in-hindi" "Mozilla/5.0 AppleWebKit/537.36 (KHTML, like Gecko; compatible; ClaudeBot/1.0; [email protected])"
135.181.137.59 - - [20/Oct/2025:17:37:01 -0400] "GET /people-have-their-suhagraat-before-getting-married-here/ HTTP/1.1" 200 285154 "http://wahgazab.com/how-to-make-your-children-aware-of-these-big-deeds-of-little-kids/" "Mozilla/5.0 (compatible; SeekportBot; +https://bot.seekport.com)"
135.181.137.59 - - [20/Oct/2025:17:37:02 -0400] "GET /tasty-nan-khatai-recipe/ HTTP/1.1" 200 280714 "http://wahgazab.com/how-to-make-your-children-aware-of-these-big-deeds-of-little-kids/" "Mozilla/5.0 (compatible; SeekportBot; +https://bot.seekport.com)"
57.141.0.19 - - [20/Oct/2025:17:37:03 -0400] "GET /tag/hindu-rituals-after-death-in-family-13th-day-death-ceremony-invitation-message/ HTTP/1.1" 200 122258 "-" "meta-externalagent/1.1 (+https://developers.facebook.com/docs/sharing/webmasters/crawler)"
135.181.137.59 - - [20/Oct/2025:17:37:04 -0400] "GET /tag/bride/ HTTP/1.1" 200 178105 "http://wahgazab.com/police-got-surprised-to-see-what-bride-did-on-her-first-night/" "Mozilla/5.0 (compatible; SeekportBot; +https://bot.seekport.com)"
135.181.137.59 - - [20/Oct/2025:17:37:06 -0400] "GET /tag/first-night/ HTTP/1.1" 200 125020 "http://wahgazab.com/police-got-surprised-to-see-what-bride-did-on-her-first-night/" "Mozilla/5.0 (compatible; SeekportBot; +https://bot.seekport.com)"
135.181.137.59 - - [20/Oct/2025:17:37:08 -0400] "GET /tag/police/ HTTP/1.1" 200 182181 "http://wahgazab.com/police-got-surprised-to-see-what-bride-did-on-her-first-night/" "Mozilla/5.0 (compatible; SeekportBot; +https://bot.seekport.com)"
135.181.137.59 - - [20/Oct/2025:17:37:09 -0400] "GET /tag/police-got-surprised-to-see-what-bride-did-on-her-first-night/ HTTP/1.1" 200 122208 "http://wahgazab.com/police-got-surprised-to-see-what-bride-did-on-her-first-night/" "Mozilla/5.0 (compatible; SeekportBot; +https://bot.seekport.com)"
135.181.137.59 - - [20/Oct/2025:17:37:11 -0400] "GET /tag/%E0%A4%A6%E0%A5%81%E0%A4%B2%E0%A5%8D%E0%A4%B9%E0%A4%A8/ HTTP/1.1" 200 150136 "http://wahgazab.com/police-got-surprised-to-see-what-bride-did-on-her-first-night/" "Mozilla/5.0 (compatible; SeekportBot; +https://bot.seekport.com)"
135.181.137.59 - - [20/Oct/2025:17:37:12 -0400] "GET /never-offer-these-things-to-lord-shiva-as-it-can-cause-harm/ HTTP/1.1" 200 286113 "http://wahgazab.com/police-got-surprised-to-see-what-bride-did-on-her-first-night/" "Mozilla/5.0 (compatible; SeekportBot; +https://bot.seekport.com)"
135.181.137.59 - - [20/Oct/2025:17:37:14 -0400] "GET /see-how-a-snake-took-revenge-of-her-mates-murder/ HTTP/1.1" 200 283677 "http://wahgazab.com/police-got-surprised-to-see-what-bride-did-on-her-first-night/" "Mozilla/5.0 (compatible; SeekportBot; +https://bot.seekport.com)"
135.181.137.59 - - [20/Oct/2025:17:37:15 -0400] "GET /tag/bag/ HTTP/1.1" 200 121515 "http://wahgazab.com/stylish-bags-for-men-to-make-them-cool/" "Mozilla/5.0 (compatible; SeekportBot; +https://bot.seekport.com)"
135.181.137.59 - - [20/Oct/2025:17:37:17 -0400] "GET /tag/classic-messenger-bag/ HTTP/1.1" 200 121659 "http://wahgazab.com/stylish-bags-for-men-to-make-them-cool/" "Mozilla/5.0 (compatible; SeekportBot; +https://bot.seekport.com)"
135.181.137.59 - - [20/Oct/2025:17:37:18 -0400] "GET /tag/classic-messenger-bag-cool/ HTTP/1.1" 200 121699 "http://wahgazab.com/stylish-bags-for-men-to-make-them-cool/" "Mozilla/5.0 (compatible; SeekportBot; +https://bot.seekport.com)"
216.244.66.247 - - [20/Oct/2025:17:37:04 -0400] "GET /golden-rice-served-at-this-strange-wedding-ceremony/ HTTP/1.1" 200 282677 "-" "Mozilla/5.0 (compatible; DotBot/1.2; +https://opensiteexplorer.org/dotbot; [email protected])"
135.181.137.59 - - [20/Oct/2025:17:37:20 -0400] "GET /tag/duffel-bag/ HTTP/1.1" 200 121571 "http://wahgazab.com/stylish-bags-for-men-to-make-them-cool/" "Mozilla/5.0 (compatible; SeekportBot; +https://bot.seekport.com)"
135.181.137.59 - - [20/Oct/2025:17:37:21 -0400] "GET /tag/hobo-bag/ HTTP/1.1" 200 121555 "http://wahgazab.com/stylish-bags-for-men-to-make-them-cool/" "Mozilla/5.0 (compatible; SeekportBot; +https://bot.seekport.com)"
135.181.137.59 - - [20/Oct/2025:17:37:23 -0400] "GET /tag/messenger-bag/ HTTP/1.1" 200 121595 "http://wahgazab.com/stylish-bags-for-men-to-make-them-cool/" "Mozilla/5.0 (compatible; SeekportBot; +https://bot.seekport.com)"
135.181.137.59 - - [20/Oct/2025:17:37:24 -0400] "GET /tag/news-boy-bags/ HTTP/1.1" 200 121595 "http://wahgazab.com/stylish-bags-for-men-to-make-them-cool/" "Mozilla/5.0 (compatible; SeekportBot; +https://bot.seekport.com)"
135.181.137.59 - - [20/Oct/2025:17:37:26 -0400] "GET /tag/tote-bag/ HTTP/1.1" 200 121555 "http://wahgazab.com/stylish-bags-for-men-to-make-them-cool/" "Mozilla/5.0 (compatible; SeekportBot; +https://bot.seekport.com)"
135.181.137.59 - - [20/Oct/2025:17:37:27 -0400] "GET /tag/tote-bag-news/ HTTP/1.1" 200 121595 "http://wahgazab.com/stylish-bags-for-men-to-make-them-cool/" "Mozilla/5.0 (compatible; SeekportBot; +https://bot.seekport.com)"
135.181.137.59 - - [20/Oct/2025:17:37:28 -0400] "GET /tag/v-tips/ HTTP/1.1" 200 135511 "http://wahgazab.com/stylish-bags-for-men-to-make-them-cool/" "Mozilla/5.0 (compatible; SeekportBot; +https://bot.seekport.com)"
135.181.137.59 - - [20/Oct/2025:17:37:30 -0400] "GET /new-zealand-skipper-praises-kohli/ HTTP/1.1" 200 281383 "http://wahgazab.com/stylish-bags-for-men-to-make-them-cool/" "Mozilla/5.0 (compatible; SeekportBot; +https://bot.seekport.com)"
135.181.137.59 - - [20/Oct/2025:17:37:31 -0400] "GET /actresses-who-fails-to-make-their-presence-strongly/ HTTP/1.1" 200 287673 "http://wahgazab.com/stylish-bags-for-men-to-make-them-cool/" "Mozilla/5.0 (compatible; SeekportBot; +https://bot.seekport.com)"
135.181.137.59 - - [20/Oct/2025:17:37:33 -0400] "GET /7-years-old-daughter-found-the-worlds-most-expansive-gift/ HTTP/1.1" 200 281261 "http://wahgazab.com/author/wah7/" "Mozilla/5.0 (compatible; SeekportBot; +https://bot.seekport.com)"
135.181.137.59 - - [20/Oct/2025:17:37:35 -0400] "GET /you-will-be-amazed-by-the-weird-japanese-traditions/ HTTP/1.1" 200 284059 "http://wahgazab.com/author/wah7/" "Mozilla/5.0 (compatible; SeekportBot; +https://bot.seekport.com)"
135.181.137.59 - - [20/Oct/2025:17:37:37 -0400] "GET /smartphone-now-helps-in-choosing-perfect-bra-size/ HTTP/1.1" 200 286310 "http://wahgazab.com/author/wah7/" "Mozilla/5.0 (compatible; SeekportBot; +https://bot.seekport.com)"
135.181.137.59 - - [20/Oct/2025:17:37:39 -0400] "GET /why-do-we-say-hello-while-receiving-the-calls/ HTTP/1.1" 200 282522 "http://wahgazab.com/author/wah7/" "Mozilla/5.0 (compatible; SeekportBot; +https://bot.seekport.com)"
135.181.137.59 - - [20/Oct/2025:17:37:40 -0400] "GET /a-sports-car-in-the-mothers-womb/ HTTP/1.1" 200 280082 "http://wahgazab.com/author/wah7/" "Mozilla/5.0 (compatible; SeekportBot; +https://bot.seekport.com)"
135.181.137.59 - - [20/Oct/2025:17:37:42 -0400] "GET /how-to-take-care-of-diabetes-patients-during-the-holy-of-month-ramadan/ HTTP/1.1" 200 285238 "http://wahgazab.com/author/wah7/" "Mozilla/5.0 (compatible; SeekportBot; +https://bot.seekport.com)"
135.181.137.59 - - [20/Oct/2025:17:37:44 -0400] "GET /what-women-think-in-the-washroom/ HTTP/1.1" 200 284526 "http://wahgazab.com/author/wah7/" "Mozilla/5.0 (compatible; SeekportBot; +https://bot.seekport.com)"
135.181.137.59 - - [20/Oct/2025:17:37:46 -0400] "GET /millionaire-son-of-coolie-will-now-help-the-villagers/ HTTP/1.1" 200 286052 "http://wahgazab.com/author/wah7/" "Mozilla/5.0 (compatible; SeekportBot; +https://bot.seekport.com)"
135.181.137.59 - - [20/Oct/2025:17:37:47 -0400] "GET /crispy-and-creamy-doughnuts-recipe/ HTTP/1.1" 200 286209 "http://wahgazab.com/author/wah7/" "Mozilla/5.0 (compatible; SeekportBot; +https://bot.seekport.com)"
135.181.137.59 - - [20/Oct/2025:17:37:49 -0400] "GET /category/kitchen/ HTTP/1.1" 200 215021 "http://wahgazab.com/author/wah7/" "Mozilla/5.0 (compatible; SeekportBot; +https://bot.seekport.com)"
135.181.137.59 - - [20/Oct/2025:17:37:51 -0400] "GET /people-fear-this-shiv-ling-do-not-offer-milk-and-gangajal/ HTTP/1.1" 200 284173 "http://wahgazab.com/author/wah7/" "Mozilla/5.0 (compatible; SeekportBot; +https://bot.seekport.com)"
135.181.137.59 - - [20/Oct/2025:17:37:52 -0400] "GET /beauty-becomes-tension-for-barbie-parents-dont-let-her-leave-home/ HTTP/1.1" 200 282491 "http://wahgazab.com/author/wah7/" "Mozilla/5.0 (compatible; SeekportBot; +https://bot.seekport.com)"
216.244.66.247 - - [20/Oct/2025:17:37:53 -0400] "GET /tag/andhra-pradesh-school-admission-is-only-twins/ HTTP/1.1" 200 122176 "-" "Mozilla/5.0 (compatible; DotBot/1.2; +https://opensiteexplorer.org/dotbot; [email protected])"
17.246.19.169 - - [20/Oct/2025:17:37:54 -0400] "GET /tag/ufo-secret/ HTTP/1.1" 200 121186 "-" "Mozilla/5.0 (Macintosh; Intel Mac OS X 10_15_7) AppleWebKit/605.1.15 (KHTML, like Gecko) Version/17.4 Safari/605.1.15 (Applebot/0.1; +http://www.apple.com/go/applebot)"
135.181.137.59 - - [20/Oct/2025:17:37:54 -0400] "GET /delicious-onion-rice/ HTTP/1.1" 200 280199 "http://wahgazab.com/author/wah7/" "Mozilla/5.0 (compatible; SeekportBot; +https://bot.seekport.com)"
135.181.137.59 - - [20/Oct/2025:17:37:56 -0400] "GET /youth-pills-to-make-you-stay-young/ HTTP/1.1" 200 279855 "http://wahgazab.com/author/wah7/" "Mozilla/5.0 (compatible; SeekportBot; +https://bot.seekport.com)"
135.181.137.59 - - [20/Oct/2025:17:37:57 -0400] "GET /break-these-myths-during-ramadan-month/ HTTP/1.1" 200 284295 "http://wahgazab.com/author/wah7/" "Mozilla/5.0 (compatible; SeekportBot; +https://bot.seekport.com)"
135.181.137.59 - - [20/Oct/2025:17:37:59 -0400] "GET /swaminarayan-idol-gets-rss-uniform-in-surat-creates-a-row/ HTTP/1.1" 200 281625 "http://wahgazab.com/author/wah7/" "Mozilla/5.0 (compatible; SeekportBot; +https://bot.seekport.com)"
135.181.137.59 - - [20/Oct/2025:17:38:01 -0400] "GET /this-bank-to-assist-poor-ones-for-the-shelter/ HTTP/1.1" 200 280794 "http://wahgazab.com/author/wah7/" "Mozilla/5.0 (compatible; SeekportBot; +https://bot.seekport.com)"
135.181.137.59 - - [20/Oct/2025:17:38:03 -0400] "GET /paneer-ki-imarti/ HTTP/1.1" 200 283749 "http://wahgazab.com/author/wah7/" "Mozilla/5.0 (compatible; SeekportBot; +https://bot.seekport.com)"
135.181.137.59 - - [20/Oct/2025:17:38:05 -0400] "GET /she-is-the-youngest-billionaire-girl/ HTTP/1.1" 200 282118 "http://wahgazab.com/author/wah7/" "Mozilla/5.0 (compatible; SeekportBot; +https://bot.seekport.com)"
135.181.137.59 - - [20/Oct/2025:17:38:06 -0400] "GET /anushka-and-salman-danced-on-sultan-first-song-bass/ HTTP/1.1" 200 279115 "http://wahgazab.com/author/wah7/" "Mozilla/5.0 (compatible; SeekportBot; +https://bot.seekport.com)"
135.181.137.59 - - [20/Oct/2025:17:38:08 -0400] "GET /author/wah7/page/2/ HTTP/1.1" 200 187041 "http://wahgazab.com/author/wah7/" "Mozilla/5.0 (compatible; SeekportBot; +https://bot.seekport.com)"
135.181.137.59 - - [20/Oct/2025:17:38:10 -0400] "GET /author/wah7/page/3/ HTTP/1.1" 200 188005 "http://wahgazab.com/author/wah7/" "Mozilla/5.0 (compatible; SeekportBot; +https://bot.seekport.com)"
135.181.137.59 - - [20/Oct/2025:17:38:12 -0400] "GET /author/wah7/page/30/ HTTP/1.1" 200 157437 "http://wahgazab.com/author/wah7/" "Mozilla/5.0 (compatible; SeekportBot; +https://bot.seekport.com)"
135.181.137.59 - - [20/Oct/2025:17:38:13 -0400] "GET /amitabh-bachhan-reveals-his-pain-while-shooting-his-upcoming-movie-chehre/ HTTP/1.1" 200 282407 "http://wahgazab.com/category/bollywood/page/2/" "Mozilla/5.0 (compatible; SeekportBot; +https://bot.seekport.com)"
135.181.137.59 - - [20/Oct/2025:17:38:15 -0400] "GET /salman-khan-opts-surrogacy-to-have-a-baby-soon/ HTTP/1.1" 200 280864 "http://wahgazab.com/category/bollywood/page/2/" "Mozilla/5.0 (compatible; SeekportBot; +https://bot.seekport.com)"
135.181.137.59 - - [20/Oct/2025:17:38:17 -0400] "GET /a-fan-promotes-modi-while-taking-selfie-with-actress-swara-bhaskar/ HTTP/1.1" 200 282982 "http://wahgazab.com/category/bollywood/page/2/" "Mozilla/5.0 (compatible; SeekportBot; +https://bot.seekport.com)"
135.181.137.59 - - [20/Oct/2025:17:38:18 -0400] "GET /google-offers-millions-to-flop-bollywood-actresses/ HTTP/1.1" 200 283732 "http://wahgazab.com/category/bollywood/page/2/" "Mozilla/5.0 (compatible; SeekportBot; +https://bot.seekport.com)"
135.181.137.59 - - [20/Oct/2025:17:38:20 -0400] "GET /veteran-actor-kadar-khan-once-shared-his-struggles-of-life/ HTTP/1.1" 200 290110 "http://wahgazab.com/category/bollywood/page/2/" "Mozilla/5.0 (compatible; SeekportBot; +https://bot.seekport.com)"
135.181.137.59 - - [20/Oct/2025:17:38:22 -0400] "GET /anupam-kher-starrer-movie-the-accidental-prime-minister-to-hit-the-theaters-soon/ HTTP/1.1" 200 289304 "http://wahgazab.com/category/bollywood/page/2/" "Mozilla/5.0 (compatible; SeekportBot; +https://bot.seekport.com)"
135.181.137.59 - - [20/Oct/2025:17:38:23 -0400] "GET /pm-modi-admires-the-comic-skills-of-raju-srivastava/ HTTP/1.1" 200 285886 "http://wahgazab.com/category/bollywood/page/2/" "Mozilla/5.0 (compatible; SeekportBot; +https://bot.seekport.com)"
135.181.137.59 - - [20/Oct/2025:17:38:25 -0400] "GET /tag/amazing-gestures-of-this-cat/ HTTP/1.1" 200 121980 "http://wahgazab.com/feel-these-amazing-gestures-of-this-cat/" "Mozilla/5.0 (compatible; SeekportBot; +https://bot.seekport.com)"
