135.181.137.59 - - [20/Oct/2025:17:56:52 -0400] "GET /salmaan-khans-harsh-words-filled-aamir-khans-eyes-with-tears/?replytocom=1 HTTP/1.1" 200 278717 "http://wahgazab.com/salmaan-khans-harsh-words-filled-aamir-khans-eyes-with-tears/" "Mozilla/5.0 (compatible; SeekportBot; +https://bot.seekport.com)"
44.218.170.184 - - [20/Oct/2025:17:56:52 -0400] "GET /tag/diet-food/ HTTP/1.1" 200 121809 "-" "Mozilla/5.0 AppleWebKit/537.36 (KHTML, like Gecko; compatible; Amazonbot/0.1; +https://developer.amazon.com/support/amazonbot) Chrome/119.0.6045.214 Safari/537.36"
114.119.154.203 - - [20/Oct/2025:17:56:53 -0400] "GET /the-risk-of-heart-attack-increases-due-to-these-reasons/the-risk-of-heart-attack-increases-due-to-these-reasons1/ HTTP/1.1" 200 123086 "http://wahgazab.com/attachment-sitemap4.xml" "Mozilla/5.0 (Linux; Android 7.0;) AppleWebKit/537.36 (KHTML, like Gecko) Mobile Safari/537.36 (compatible; PetalBot;+https://webmaster.petalsearch.com/site/petalbot)"
135.181.137.59 - - [20/Oct/2025:17:56:54 -0400] "GET /8-years-old-boy-marries-a-5-year-old-girl/ HTTP/1.1" 200 284256 "http://wahgazab.com/tag/child-marriage/" "Mozilla/5.0 (compatible; SeekportBot; +https://bot.seekport.com)"
135.181.137.59 - - [20/Oct/2025:17:56:56 -0400] "GET /girls-are-forced-to-marry-the-men-of-older-age-in-this-village/ HTTP/1.1" 200 283745 "http://wahgazab.com/tag/child-marriage/" "Mozilla/5.0 (compatible; SeekportBot; +https://bot.seekport.com)"
135.181.137.59 - - [20/Oct/2025:17:56:58 -0400] "GET /wife-stops-husband-to-marry-7-year-old-girl-he-cuts-off-her-nose/ HTTP/1.1" 200 284176 "http://wahgazab.com/tag/child-marriage/" "Mozilla/5.0 (compatible; SeekportBot; +https://bot.seekport.com)"
135.181.137.59 - - [20/Oct/2025:17:57:00 -0400] "GET /hemprabha-a-weaver-from-assam-weaves-bhagwad-geeta-in-english-and-sanskrit/ HTTP/1.1" 200 286288 "http://wahgazab.com/tag/mahatma-gandhi/" "Mozilla/5.0 (compatible; SeekportBot; +https://bot.seekport.com)"
135.181.137.59 - - [20/Oct/2025:17:57:02 -0400] "GET /this-ticket-of-mahatma-gandhi-to-make-you-a-billionaire/ HTTP/1.1" 200 284321 "http://wahgazab.com/tag/mahatma-gandhi/" "Mozilla/5.0 (compatible; SeekportBot; +https://bot.seekport.com)"
135.181.137.59 - - [20/Oct/2025:17:57:04 -0400] "GET /currency-notes-worth-500-rupees-without-mahatma-gandhi-image-available-in-market/ HTTP/1.1" 200 285335 "http://wahgazab.com/tag/mahatma-gandhi/" "Mozilla/5.0 (compatible; SeekportBot; +https://bot.seekport.com)"
135.181.137.59 - - [20/Oct/2025:17:57:06 -0400] "GET /reserve-bank-of-india-to-issue-new-currency-note-of-worth-rupees-200/ HTTP/1.1" 200 283919 "http://wahgazab.com/tag/mahatma-gandhi/" "Mozilla/5.0 (compatible; SeekportBot; +https://bot.seekport.com)"
135.181.137.59 - - [20/Oct/2025:17:57:09 -0400] "GET /a-letter-written-to-mahatma-gandhi-may-give-you-50-thousands-rupees/ HTTP/1.1" 200 284469 "http://wahgazab.com/tag/mahatma-gandhi/" "Mozilla/5.0 (compatible; SeekportBot; +https://bot.seekport.com)"
135.181.137.59 - - [20/Oct/2025:17:57:11 -0400] "GET /haryana-village-named-after-american-president-trump/ HTTP/1.1" 200 284880 "http://wahgazab.com/tag/mahatma-gandhi/" "Mozilla/5.0 (compatible; SeekportBot; +https://bot.seekport.com)"
135.181.137.59 - - [20/Oct/2025:17:57:13 -0400] "GET /this-indian-restaurant-does-not-ask-for-bill/ HTTP/1.1" 200 286572 "http://wahgazab.com/tag/mahatma-gandhi/" "Mozilla/5.0 (compatible; SeekportBot; +https://bot.seekport.com)"
135.181.137.59 - - [20/Oct/2025:17:57:15 -0400] "GET /a-200-rupees-currency-note-featuring-virat-kohli-to-come-into-market/ HTTP/1.1" 200 282996 "http://wahgazab.com/tag/mahatma-gandhi/" "Mozilla/5.0 (compatible; SeekportBot; +https://bot.seekport.com)"
135.181.137.59 - - [20/Oct/2025:17:57:17 -0400] "GET /why-gandhi-ji-image-imprinted-on-the-indian-currency-notes/ HTTP/1.1" 200 282298 "http://wahgazab.com/tag/mahatma-gandhi/" "Mozilla/5.0 (compatible; SeekportBot; +https://bot.seekport.com)"
135.181.137.59 - - [20/Oct/2025:17:57:19 -0400] "GET /mahatma-gandhi-worshiped-as-a-goddess-in-this-indian-state/ HTTP/1.1" 200 283183 "http://wahgazab.com/tag/mahatma-gandhi/" "Mozilla/5.0 (compatible; SeekportBot; +https://bot.seekport.com)"
135.181.137.59 - - [20/Oct/2025:17:57:21 -0400] "GET /mahatma-gandhi-and-big-b-to-teach-kids-at-schools-in-uttar-pradesh/ HTTP/1.1" 200 283767 "http://wahgazab.com/tag/mahatma-gandhi/" "Mozilla/5.0 (compatible; SeekportBot; +https://bot.seekport.com)"
135.181.137.59 - - [20/Oct/2025:17:57:22 -0400] "GET /when-mahatma-gandhi-denies-paying-regards-to-indian-national-flag/ HTTP/1.1" 200 288429 "http://wahgazab.com/tag/mahatma-gandhi/" "Mozilla/5.0 (compatible; SeekportBot; +https://bot.seekport.com)"
135.181.137.59 - - [20/Oct/2025:17:57:24 -0400] "GET /why-the-image-of-mahatma-gandhi-printed-on-indian-currency/ HTTP/1.1" 200 281681 "http://wahgazab.com/tag/mahatma-gandhi/" "Mozilla/5.0 (compatible; SeekportBot; +https://bot.seekport.com)"
135.181.137.59 - - [20/Oct/2025:17:57:26 -0400] "GET /today-in-history-mahatma-gandhi-started-off-dandi-march/ HTTP/1.1" 200 283454 "http://wahgazab.com/tag/mahatma-gandhi/" "Mozilla/5.0 (compatible; SeekportBot; +https://bot.seekport.com)"
135.181.137.59 - - [20/Oct/2025:17:57:27 -0400] "GET /pm-modi-all-set-to-join-the-wax-league-at-madame-tussauds/ HTTP/1.1" 200 284437 "http://wahgazab.com/tag/mahatma-gandhi/" "Mozilla/5.0 (compatible; SeekportBot; +https://bot.seekport.com)"
135.181.137.59 - - [20/Oct/2025:17:57:28 -0400] "GET /ramkrishna-bajaj-used-to-massage-gandhijis-hair/ HTTP/1.1" 200 281503 "http://wahgazab.com/tag/mahatma-gandhi/" "Mozilla/5.0 (compatible; SeekportBot; +https://bot.seekport.com)"
135.181.137.59 - - [20/Oct/2025:17:57:30 -0400] "GET /todays-historymahatma-gandhi-was-assassinated-today/ HTTP/1.1" 200 283583 "http://wahgazab.com/tag/mahatma-gandhi/" "Mozilla/5.0 (compatible; SeekportBot; +https://bot.seekport.com)"
135.181.137.59 - - [20/Oct/2025:17:57:32 -0400] "GET /mahatma-gandhi-who-brought-us-freedom-falls-prey-to-thieves/ HTTP/1.1" 200 281510 "http://wahgazab.com/tag/mahatma-gandhi/" "Mozilla/5.0 (compatible; SeekportBot; +https://bot.seekport.com)"
135.181.137.59 - - [20/Oct/2025:17:57:33 -0400] "GET /today-in-history-former-president-zakir-husain-was-born/ HTTP/1.1" 200 286222 "http://wahgazab.com/tag/1994-cricketer-kapil-dev/" "Mozilla/5.0 (compatible; SeekportBot; +https://bot.seekport.com)"
135.181.137.59 - - [20/Oct/2025:17:57:34 -0400] "GET /cricketing-legends-to-be-honored-before-indo-pak-match/ HTTP/1.1" 200 282464 "http://wahgazab.com/tag/kapil-dev/" "Mozilla/5.0 (compatible; SeekportBot; +https://bot.seekport.com)"
135.181.137.59 - - [20/Oct/2025:17:57:36 -0400] "GET /happy-birthday-to-kapil-dev-and-a-r-rahman/ HTTP/1.1" 200 282897 "http://wahgazab.com/tag/kapil-dev/" "Mozilla/5.0 (compatible; SeekportBot; +https://bot.seekport.com)"
135.181.137.59 - - [20/Oct/2025:17:57:37 -0400] "GET /paytm-owners-personal-secretary-created-conspiracy-and-demanded-rs-20-crore/ HTTP/1.1" 200 284898 "http://wahgazab.com/diamond-baron-gifts-cars-to-his-employees/" "Mozilla/5.0 (compatible; SeekportBot; +https://bot.seekport.com)"
135.181.137.59 - - [20/Oct/2025:17:57:39 -0400] "GET /tag/farmers-daughter/ HTTP/1.1" 200 121706 "http://wahgazab.com/farmers-daughter-tops-the-up-board-exams-with-flying-colors/" "Mozilla/5.0 (compatible; SeekportBot; +https://bot.seekport.com)"
135.181.137.59 - - [20/Oct/2025:17:57:41 -0400] "GET /tag/up-board-result/ HTTP/1.1" 200 121664 "http://wahgazab.com/farmers-daughter-tops-the-up-board-exams-with-flying-colors/" "Mozilla/5.0 (compatible; SeekportBot; +https://bot.seekport.com)"
135.181.137.59 - - [20/Oct/2025:17:57:42 -0400] "GET /tag/%E0%A4%B0%E0%A4%BF%E0%A4%9C%E0%A4%B2%E0%A5%8D%E0%A4%9F/ HTTP/1.1" 200 121737 "http://wahgazab.com/farmers-daughter-tops-the-up-board-exams-with-flying-colors/" "Mozilla/5.0 (compatible; SeekportBot; +https://bot.seekport.com)"
135.181.137.59 - - [20/Oct/2025:17:57:44 -0400] "GET /bjp-leader-threatens-people-to-chop-off-hands-who-are-against-modi/ HTTP/1.1" 200 283965 "http://wahgazab.com/farmers-daughter-tops-the-up-board-exams-with-flying-colors/" "Mozilla/5.0 (compatible; SeekportBot; +https://bot.seekport.com)"
135.181.137.59 - - [20/Oct/2025:17:57:46 -0400] "GET /people-bound-to-rape-someone-to-get-married/ HTTP/1.1" 200 280394 "http://wahgazab.com/rs-1-note-can-make-you-billionaire/" "Mozilla/5.0 (compatible; SeekportBot; +https://bot.seekport.com)"
135.181.137.59 - - [20/Oct/2025:17:57:48 -0400] "GET /tag/snake/ HTTP/1.1" 200 180118 "http://wahgazab.com/snake-enters-the-temple-once-a-year/" "Mozilla/5.0 (compatible; SeekportBot; +https://bot.seekport.com)"
135.181.137.59 - - [20/Oct/2025:17:57:50 -0400] "GET /tag/temple/ HTTP/1.1" 200 183155 "http://wahgazab.com/snake-enters-the-temple-once-a-year/" "Mozilla/5.0 (compatible; SeekportBot; +https://bot.seekport.com)"
135.181.137.59 - - [20/Oct/2025:17:57:52 -0400] "GET /the-worlds-first-flying-scooter-machine/ HTTP/1.1" 200 281592 "http://wahgazab.com/snake-enters-the-temple-once-a-year/" "Mozilla/5.0 (compatible; SeekportBot; +https://bot.seekport.com)"
135.181.137.59 - - [20/Oct/2025:17:57:54 -0400] "GET /tag/extinguish-fire/ HTTP/1.1" 200 121510 "http://wahgazab.com/fire-brigade-unable-to-extinguish-fire-continuously-bursting-out-of-a-tree/" "Mozilla/5.0 (compatible; SeekportBot; +https://bot.seekport.com)"
135.181.137.59 - - [20/Oct/2025:17:57:56 -0400] "GET /tag/fire-brigade/ HTTP/1.1" 200 121486 "http://wahgazab.com/fire-brigade-unable-to-extinguish-fire-continuously-bursting-out-of-a-tree/" "Mozilla/5.0 (compatible; SeekportBot; +https://bot.seekport.com)"
135.181.137.59 - - [20/Oct/2025:17:57:58 -0400] "GET /tag/%E0%A4%86%E0%A4%97/ HTTP/1.1" 200 124287 "http://wahgazab.com/fire-brigade-unable-to-extinguish-fire-continuously-bursting-out-of-a-tree/" "Mozilla/5.0 (compatible; SeekportBot; +https://bot.seekport.com)"
135.181.137.59 - - [20/Oct/2025:17:57:59 -0400] "GET /under-every-tree-you-will-find-a-buried-child/ HTTP/1.1" 200 280302 "http://wahgazab.com/enjoy-driving-even-in-abroad-using-indian-driving-license/" "Mozilla/5.0 (compatible; SeekportBot; +https://bot.seekport.com)"
135.181.137.59 - - [20/Oct/2025:17:58:01 -0400] "GET /tag/customers/ HTTP/1.1" 200 122083 "http://wahgazab.com/rothe-petrol-pumps-owner-license-is-cancelled-when-things-are-not-accepted-for-free-by-the-customers/" "Mozilla/5.0 (compatible; SeekportBot; +https://bot.seekport.com)"
80.255.228.126 - - [20/Oct/2025:17:58:02 -0400] "GET /wp-content/uploads/2016/06/namaaz-benefits-4.jpg HTTP/1.1" 404 136514 "-" "Mozilla/5.0 (Macintosh; Intel Mac OS X 14_3_1) AppleWebKit/605.1.15 (KHTML, like Gecko) Version/17.2 Safari/605.1.15"
135.181.137.59 - - [20/Oct/2025:17:58:03 -0400] "GET /tag/license/ HTTP/1.1" 200 124795 "http://wahgazab.com/rothe-petrol-pumps-owner-license-is-cancelled-when-things-are-not-accepted-for-free-by-the-customers/" "Mozilla/5.0 (compatible; SeekportBot; +https://bot.seekport.com)"
52.71.216.196 - - [20/Oct/2025:17:58:03 -0400] "GET /tag/chacha-choudhary-news/ HTTP/1.1" 200 122272 "-" "Mozilla/5.0 AppleWebKit/537.36 (KHTML, like Gecko; compatible; Amazonbot/0.1; +https://developer.amazon.com/support/amazonbot) Chrome/119.0.6045.214 Safari/537.36"
135.181.137.59 - - [20/Oct/2025:17:58:04 -0400] "GET /tag/petrol-pump/ HTTP/1.1" 200 128420 "http://wahgazab.com/rothe-petrol-pumps-owner-license-is-cancelled-when-things-are-not-accepted-for-free-by-the-customers/" "Mozilla/5.0 (compatible; SeekportBot; +https://bot.seekport.com)"
135.181.137.59 - - [20/Oct/2025:17:58:05 -0400] "GET /tag/%E0%A4%AA%E0%A5%87%E0%A4%9F%E0%A5%8D%E0%A4%B0%E0%A5%8B%E0%A4%B2/ HTTP/1.1" 200 134675 "http://wahgazab.com/rothe-petrol-pumps-owner-license-is-cancelled-when-things-are-not-accepted-for-free-by-the-customers/" "Mozilla/5.0 (compatible; SeekportBot; +https://bot.seekport.com)"
95.134.219.24 - - [20/Oct/2025:17:58:07 -0400] "GET /wp-content/uploads/2016/06/namaaz-benefits-4.jpg HTTP/1.1" 404 136514 "-" "Mozilla/5.0 (Macintosh; Intel Mac OS X 10_15_7) AppleWebKit/537.36 (KHTML, like Gecko) Chrome/122.0.0.0 Safari/537.36"
135.181.137.59 - - [20/Oct/2025:17:58:07 -0400] "GET /tag/17-acres/ HTTP/1.1" 200 121786 "http://wahgazab.com/17-acres-of-farmland-catches-fire-due-to-bird-helicopter-comes-to-extinguish/" "Mozilla/5.0 (compatible; SeekportBot; +https://bot.seekport.com)"
216.73.216.129 - - [20/Oct/2025:17:58:08 -0400] "GET /tag/ottery-girls-news HTTP/1.1" 301 - "-" "Mozilla/5.0 AppleWebKit/537.36 (KHTML, like Gecko; compatible; ClaudeBot/1.0; [email protected])"
135.181.137.59 - - [20/Oct/2025:17:58:09 -0400] "GET /tag/bird/ HTTP/1.1" 200 128146 "http://wahgazab.com/17-acres-of-farmland-catches-fire-due-to-bird-helicopter-comes-to-extinguish/" "Mozilla/5.0 (compatible; SeekportBot; +https://bot.seekport.com)"
216.73.216.129 - - [20/Oct/2025:17:58:09 -0400] "GET /tag/ottery-girls-news/ HTTP/1.1" 200 122077 "http://wahgazab.com/tag/ottery-girls-news" "Mozilla/5.0 AppleWebKit/537.36 (KHTML, like Gecko; compatible; ClaudeBot/1.0; [email protected])"
66.249.79.170 - - [20/Oct/2025:17:58:11 -0400] "GET /?a=90817119313602&channel=6d8b4a&from=goods.php%3Fid%3D1193136-2593%26name%3D%E3%80%90%E3%83%AC%E3%83%93%E3%83%A5%E3%83%BC%E7%89%B9%E5%85%B8%E4%BB%98%E3%80%91%E9%89%84+%E3%83%95%E3%83%A9%E3%82%A4%E3%83%91%E3%83%B3+%E3%83%AA%E3%83%90%E3%83%BC%E3%83%A9%E3%82%A4%E3%83%88+%E6%A5%B5+JAPAN+%E3%83%95%E3%83%A9%E3%82%A4%E3%83%91%E3%83%B3+24cm+IH%E5%AF%BE%E5%BF%9C+%E3%82%AA%E3%83%95%E3%82%A3%E3%82%B7%E3%83%A3%E3%83%AB%E3%82%B7%E3%83%A7%E3%83%83%E3%83%97+%E6%A5%B5%E3%82%B8%E3%83%A3%E3%83%91%E3%83%B3+KIWAME+JAPAN+RIVER+LIGHT+%E9%8C%86%E3%81%B3%E3%81%AB%E3%81%8F%E3%81%84+%E7%84%A6%E3%81%92%E4%BB%98%E3%81%8D%E3%81%AB%E3%81%8F%E3%81%84+%E3%81%8A%E6%89%8B%E5%85%A5%E3%82%8C%E7%B0%A1%E5%8D%98+%E6%97%A5%E6%9C%AC%E8%A3%BD++%E9%9B%91%E8%B2%A8+%E5%8C%97%E6%AC%A7+ih HTTP/1.1" 301 - "-" "Mozilla/5.0 (Linux; Android 6.0.1; Nexus 5X Build/MMB29P) AppleWebKit/537.36 (KHTML, like Gecko) Chrome/140.0.7339.207 Mobile Safari/537.36 (compatible; Googlebot/2.1; +http://www.google.com/bot.html)"
135.181.137.59 - - [20/Oct/2025:17:58:11 -0400] "GET /tag/helicopter/ HTTP/1.1" 200 131028 "http://wahgazab.com/17-acres-of-farmland-catches-fire-due-to-bird-helicopter-comes-to-extinguish/" "Mozilla/5.0 (compatible; SeekportBot; +https://bot.seekport.com)"
66.249.79.169 - - [20/Oct/2025:17:58:12 -0400] "GET /?a=90817119313602&channel=6d8b4a&from=goods.php%3Fid%3D1193136-2593%26name%3D%E3%80%90%E3%83%AC%E3%83%93%E3%83%A5%E3%83%BC%E7%89%B9%E5%85%B8%E4%BB%98%E3%80%91%E9%89%84%20%E3%83%95%E3%83%A9%E3%82%A4%E3%83%91%E3%83%B3%20%E3%83%AA%E3%83%90%E3%83%BC%E3%83%A9%E3%82%A4%E3%83%88%20%E6%A5%B5%20JAPAN%20%E3%83%95%E3%83%A9%E3%82%A4%E3%83%91%E3%83%B3%2024cm%20IH%E5%AF%BE%E5%BF%9C%20%E3%82%AA%E3%83%95%E3%82%A3%E3%82%B7%E3%83%A3%E3%83%AB%E3%82%B7%E3%83%A7%E3%83%83%E3%83%97%20%E6%A5%B5%E3%82%B8%E3%83%A3%E3%83%91%E3%83%B3%20KIWAME%20JAPAN%20RIVER%20LIGHT%20%E9%8C%86%E3%81%B3%E3%81%AB%E3%81%8F%E3%81%84%20%E7%84%A6%E3%81%92%E4%BB%98%E3%81%8D%E3%81%AB%E3%81%8F%E3%81%84%20%E3%81%8A%E6%89%8B%E5%85%A5%E3%82%8C%E7%B0%A1%E5%8D%98%20%E6%97%A5%E6%9C%AC%E8%A3%BD%20%20%E9%9B%91%E8%B2%A8%20%E5%8C%97%E6%AC%A7%20ih HTTP/1.1" 200 200962 "-" "Mozilla/5.0 (Linux; Android 6.0.1; Nexus 5X Build/MMB29P) AppleWebKit/537.36 (KHTML, like Gecko) Chrome/140.0.7339.207 Mobile Safari/537.36 (compatible; Googlebot/2.1; +http://www.google.com/bot.html)"
52.204.71.8 - - [20/Oct/2025:17:58:12 -0400] "GET /miraculous-coins-found-in-the-stomach-of-this-tortoise-that-bring-good-luck/ HTTP/1.1" 200 282316 "-" "Mozilla/5.0 AppleWebKit/537.36 (KHTML, like Gecko; compatible; Amazonbot/0.1; +https://developer.amazon.com/support/amazonbot) Chrome/119.0.6045.214 Safari/537.36"
135.181.137.59 - - [20/Oct/2025:17:58:13 -0400] "GET /tag/%E0%A4%9C%E0%A4%B0%E0%A5%8D%E0%A4%AE%E0%A4%A8%E0%A5%80/ HTTP/1.1" 200 121915 "http://wahgazab.com/17-acres-of-farmland-catches-fire-due-to-bird-helicopter-comes-to-extinguish/" "Mozilla/5.0 (compatible; SeekportBot; +https://bot.seekport.com)"
135.181.137.59 - - [20/Oct/2025:17:58:14 -0400] "GET /tag/applications/ HTTP/1.1" 200 164975 "http://wahgazab.com/top-10-free-android-apps-for-your-smartphones-and-its-will-give-you-better-so-download-now/" "Mozilla/5.0 (compatible; SeekportBot; +https://bot.seekport.com)"
114.119.140.84 - - [20/Oct/2025:17:58:15 -0400] "GET /boys-have-impaired-hearing-when-turn-20/mandla-madhya-pradesh-2/ HTTP/1.1" 200 121542 "http://wahgazab.com/attachment-sitemap15.xml" "Mozilla/5.0 (Linux; Android 7.0;) AppleWebKit/537.36 (KHTML, like Gecko) Mobile Safari/537.36 (compatible; PetalBot;+https://webmaster.petalsearch.com/site/petalbot)"
135.181.137.59 - - [20/Oct/2025:17:58:16 -0400] "GET /tag/technology/ HTTP/1.1" 200 176975 "http://wahgazab.com/top-10-free-android-apps-for-your-smartphones-and-its-will-give-you-better-so-download-now/" "Mozilla/5.0 (compatible; SeekportBot; +https://bot.seekport.com)"
135.181.137.59 - - [20/Oct/2025:17:58:18 -0400] "GET /explosive-batsman-yusuf-pathan-celebrate-30th-birthday/ HTTP/1.1" 200 279512 "http://wahgazab.com/top-10-free-android-apps-for-your-smartphones-and-its-will-give-you-better-so-download-now/" "Mozilla/5.0 (compatible; SeekportBot; +https://bot.seekport.com)"
135.181.137.59 - - [20/Oct/2025:17:58:21 -0400] "GET /who-got-the-first-love-kiss-by-salman-khan/ HTTP/1.1" 200 280934 "http://wahgazab.com/top-10-free-android-apps-for-your-smartphones-and-its-will-give-you-better-so-download-now/" "Mozilla/5.0 (compatible; SeekportBot; +https://bot.seekport.com)"
135.181.137.59 - - [20/Oct/2025:17:58:23 -0400] "GET /tag/diwali/ HTTP/1.1" 200 150664 "http://wahgazab.com/nasa-sent-a-special-view-of-diwali/" "Mozilla/5.0 (compatible; SeekportBot; +https://bot.seekport.com)"
135.181.137.59 - - [20/Oct/2025:17:58:24 -0400] "GET /tag/festivals/ HTTP/1.1" 200 177072 "http://wahgazab.com/nasa-sent-a-special-view-of-diwali/" "Mozilla/5.0 (compatible; SeekportBot; +https://bot.seekport.com)"
17.241.75.144 - - [20/Oct/2025:17:58:26 -0400] "GET /tag/overtoun-bridge/ HTTP/1.1" 200 121488 "-" "Mozilla/5.0 (Macintosh; Intel Mac OS X 10_15_7) AppleWebKit/605.1.15 (KHTML, like Gecko) Version/17.4 Safari/605.1.15 (Applebot/0.1; +http://www.apple.com/go/applebot)"
135.181.137.59 - - [20/Oct/2025:17:58:27 -0400] "GET /tag/nasa/ HTTP/1.1" 200 171741 "http://wahgazab.com/nasa-sent-a-special-view-of-diwali/" "Mozilla/5.0 (compatible; SeekportBot; +https://bot.seekport.com)"
135.181.137.59 - - [20/Oct/2025:17:58:29 -0400] "GET /govardhan-puja-importance-and-stories/ HTTP/1.1" 200 283837 "http://wahgazab.com/nasa-sent-a-special-view-of-diwali/" "Mozilla/5.0 (compatible; SeekportBot; +https://bot.seekport.com)"
135.181.137.59 - - [20/Oct/2025:17:58:31 -0400] "GET /akshay-enjoy-with-his-daughter/ HTTP/1.1" 200 278073 "http://wahgazab.com/nasa-sent-a-special-view-of-diwali/" "Mozilla/5.0 (compatible; SeekportBot; +https://bot.seekport.com)"
5.39.1.239 - - [20/Oct/2025:17:58:32 -0400] "GET /tag/musk-melon-farms/ HTTP/1.1" 200 121793 "-" "Mozilla/5.0 (compatible; AhrefsBot/7.0; +http://ahrefs.com/robot/)"
135.181.137.59 - - [20/Oct/2025:17:58:33 -0400] "GET /tag/people/ HTTP/1.1" 200 181348 "http://wahgazab.com/see-what-people-do-for-physical-relationships-around-the-world/" "Mozilla/5.0 (compatible; SeekportBot; +https://bot.seekport.com)"
216.73.216.129 - - [20/Oct/2025:17:58:34 -0400] "GET /burglar-offered-dozens-of-bananas-to-recover-a-golden-necklace HTTP/1.1" 301 - "-" "Mozilla/5.0 AppleWebKit/537.36 (KHTML, like Gecko; compatible; ClaudeBot/1.0; [email protected])"
216.73.216.129 - - [20/Oct/2025:17:58:34 -0400] "GET /this-dance-video-of-a-girl-gets-millions-of-likes HTTP/1.1" 301 - "-" "Mozilla/5.0 AppleWebKit/537.36 (KHTML, like Gecko; compatible; ClaudeBot/1.0; [email protected])"
216.73.216.129 - - [20/Oct/2025:17:58:34 -0400] "GET /burglar-offered-dozens-of-bananas-to-recover-a-golden-necklace/ HTTP/1.1" 200 279144 "http://wahgazab.com/burglar-offered-dozens-of-bananas-to-recover-a-golden-necklace" "Mozilla/5.0 AppleWebKit/537.36 (KHTML, like Gecko; compatible; ClaudeBot/1.0; [email protected])"
135.181.137.59 - - [20/Oct/2025:17:58:35 -0400] "GET /tag/physical-relationship/ HTTP/1.1" 200 125328 "http://wahgazab.com/see-what-people-do-for-physical-relationships-around-the-world/" "Mozilla/5.0 (compatible; SeekportBot; +https://bot.seekport.com)"
216.73.216.129 - - [20/Oct/2025:17:58:35 -0400] "GET /this-dance-video-of-a-girl-gets-millions-of-likes/ HTTP/1.1" 200 279712 "http://wahgazab.com/this-dance-video-of-a-girl-gets-millions-of-likes" "Mozilla/5.0 AppleWebKit/537.36 (KHTML, like Gecko; compatible; ClaudeBot/1.0; [email protected])"
135.181.137.59 - - [20/Oct/2025:17:58:37 -0400] "GET /tag/world/ HTTP/1.1" 200 172448 "http://wahgazab.com/see-what-people-do-for-physical-relationships-around-the-world/" "Mozilla/5.0 (compatible; SeekportBot; +https://bot.seekport.com)"
135.181.137.59 - - [20/Oct/2025:17:58:39 -0400] "GET /tag/%E0%A4%B6%E0%A4%BE%E0%A4%B0%E0%A5%80%E0%A4%B0%E0%A4%BF%E0%A4%95-%E0%A4%B8%E0%A4%82%E0%A4%AC%E0%A4%82%E0%A4%A7/ HTTP/1.1" 200 125225 "http://wahgazab.com/see-what-people-do-for-physical-relationships-around-the-world/" "Mozilla/5.0 (compatible; SeekportBot; +https://bot.seekport.com)"
135.181.137.59 - - [20/Oct/2025:17:58:41 -0400] "GET /tag/bjp/ HTTP/1.1" 200 182542 "http://wahgazab.com/india-can-come-to-kohinoor-preparation-for-legal-revolt-against-queen-of-britain/" "Mozilla/5.0 (compatible; SeekportBot; +https://bot.seekport.com)"
135.181.137.59 - - [20/Oct/2025:17:58:43 -0400] "GET /tag/kohinoor/ HTTP/1.1" 200 134663 "http://wahgazab.com/india-can-come-to-kohinoor-preparation-for-legal-revolt-against-queen-of-britain/" "Mozilla/5.0 (compatible; SeekportBot; +https://bot.seekport.com)"
135.181.137.59 - - [20/Oct/2025:17:58:45 -0400] "GET /tag/narendra-modi/ HTTP/1.1" 200 184776 "http://wahgazab.com/india-can-come-to-kohinoor-preparation-for-legal-revolt-against-queen-of-britain/" "Mozilla/5.0 (compatible; SeekportBot; +https://bot.seekport.com)"
135.181.137.59 - - [20/Oct/2025:17:58:47 -0400] "GET /shahrukh-and-salman-gifted-each-other-a-diwali-gift/ HTTP/1.1" 200 279174 "http://wahgazab.com/india-can-come-to-kohinoor-preparation-for-legal-revolt-against-queen-of-britain/" "Mozilla/5.0 (compatible; SeekportBot; +https://bot.seekport.com)"
135.181.137.59 - - [20/Oct/2025:17:58:50 -0400] "GET /home-remedies-will-work-on-the-burns-caused-by-crackers/ HTTP/1.1" 200 279677 "http://wahgazab.com/india-can-come-to-kohinoor-preparation-for-legal-revolt-against-queen-of-britain/" "Mozilla/5.0 (compatible; SeekportBot; +https://bot.seekport.com)"
135.181.137.59 - - [20/Oct/2025:17:58:51 -0400] "GET /tag/after-ram-rahim-now-radhe-maa-will-also-appear-in-the-movie/ HTTP/1.1" 200 122136 "http://wahgazab.com/after-ram-rahim-now-radhe-maa-will-also-appear-in-the-movie/" "Mozilla/5.0 (compatible; SeekportBot; +https://bot.seekport.com)"
135.181.137.59 - - [20/Oct/2025:17:58:53 -0400] "GET /tag/movie/ HTTP/1.1" 200 151674 "http://wahgazab.com/after-ram-rahim-now-radhe-maa-will-also-appear-in-the-movie/" "Mozilla/5.0 (compatible; SeekportBot; +https://bot.seekport.com)"
135.181.137.59 - - [20/Oct/2025:17:58:55 -0400] "GET /tag/radhe-maa/ HTTP/1.1" 200 124646 "http://wahgazab.com/after-ram-rahim-now-radhe-maa-will-also-appear-in-the-movie/" "Mozilla/5.0 (compatible; SeekportBot; +https://bot.seekport.com)"
135.181.137.59 - - [20/Oct/2025:17:58:56 -0400] "GET /tag/ram-rahim/ HTTP/1.1" 200 128422 "http://wahgazab.com/after-ram-rahim-now-radhe-maa-will-also-appear-in-the-movie/" "Mozilla/5.0 (compatible; SeekportBot; +https://bot.seekport.com)"
135.181.137.59 - - [20/Oct/2025:17:58:57 -0400] "GET /tag/%E0%A4%B0%E0%A4%BE%E0%A4%A7%E0%A5%87-%E0%A4%AE%E0%A4%BE%E0%A4%82/ HTTP/1.1" 200 121897 "http://wahgazab.com/after-ram-rahim-now-radhe-maa-will-also-appear-in-the-movie/" "Mozilla/5.0 (compatible; SeekportBot; +https://bot.seekport.com)"
135.181.137.59 - - [20/Oct/2025:17:58:59 -0400] "GET /tag/crow-videos/ HTTP/1.1" 200 120897 "http://wahgazab.com/intelligence-of-a-crow/" "Mozilla/5.0 (compatible; SeekportBot; +https://bot.seekport.com)"
135.181.137.59 - - [20/Oct/2025:17:59:00 -0400] "GET /tag/intelligence/ HTTP/1.1" 200 124042 "http://wahgazab.com/intelligence-of-a-crow/" "Mozilla/5.0 (compatible; SeekportBot; +https://bot.seekport.com)"
135.181.137.59 - - [20/Oct/2025:17:59:02 -0400] "GET /tag/intelligence-of-a-crow/ HTTP/1.1" 200 120974 "http://wahgazab.com/intelligence-of-a-crow/" "Mozilla/5.0 (compatible; SeekportBot; +https://bot.seekport.com)"
135.181.137.59 - - [20/Oct/2025:17:59:04 -0400] "GET /hot-and-bold-actresses-from-bollywood/ HTTP/1.1" 200 291304 "http://wahgazab.com/intelligence-of-a-crow/" "Mozilla/5.0 (compatible; SeekportBot; +https://bot.seekport.com)"
135.181.137.59 - - [20/Oct/2025:17:59:05 -0400] "GET /dead-but-still-alivethis-will-be-our-future/ HTTP/1.1" 200 280991 "http://wahgazab.com/intelligence-of-a-crow/" "Mozilla/5.0 (compatible; SeekportBot; +https://bot.seekport.com)"
135.181.137.59 - - [20/Oct/2025:17:59:07 -0400] "GET /tag/color-of-the-palm/ HTTP/1.1" 200 121875 "http://wahgazab.com/seeing-the-color-of-the-palm-know-about-the-future-and-nature-of-a-person/" "Mozilla/5.0 (compatible; SeekportBot; +https://bot.seekport.com)"
66.249.79.169 - - [20/Oct/2025:17:59:09 -0400] "GET /?a=1141868958903&channel=c7fa27&from=form.php%3Fid%3D689589-3277%26name%3D%E4%BF%A1%E6%A5%BD%E7%84%BC+%E3%81%B8%E3%81%A1%E3%82%82%E3%82%93+%E8%8A%B1%E5%85%A5 HTTP/1.1" 301 - "-" "Mozilla/5.0 (Linux; Android 6.0.1; Nexus 5X Build/MMB29P) AppleWebKit/537.36 (KHTML, like Gecko) Chrome/140.0.7339.207 Mobile Safari/537.36 (compatible; Googlebot/2.1; +http://www.google.com/bot.html)"
135.181.137.59 - - [20/Oct/2025:17:59:09 -0400] "GET /tag/future-and-nature/ HTTP/1.1" 200 121875 "http://wahgazab.com/seeing-the-color-of-the-palm-know-about-the-future-and-nature-of-a-person/" "Mozilla/5.0 (compatible; SeekportBot; +https://bot.seekport.com)"
66.249.79.168 - - [20/Oct/2025:17:59:09 -0400] "GET /?a=1141868958903&channel=c7fa27&from=form.php%3Fid%3D689589-3277%26name%3D%E4%BF%A1%E6%A5%BD%E7%84%BC%20%E3%81%B8%E3%81%A1%E3%82%82%E3%82%93%20%E8%8A%B1%E5%85%A5 HTTP/1.1" 200 200962 "-" "Mozilla/5.0 (Linux; Android 6.0.1; Nexus 5X Build/MMB29P) AppleWebKit/537.36 (KHTML, like Gecko) Chrome/140.0.7339.207 Mobile Safari/537.36 (compatible; Googlebot/2.1; +http://www.google.com/bot.html)"
135.181.137.59 - - [20/Oct/2025:17:59:11 -0400] "GET /tag/person/ HTTP/1.1" 200 164997 "http://wahgazab.com/seeing-the-color-of-the-palm-know-about-the-future-and-nature-of-a-person/" "Mozilla/5.0 (compatible; SeekportBot; +https://bot.seekport.com)"
135.181.137.59 - - [20/Oct/2025:17:59:12 -0400] "GET /tag/%E0%A4%B8%E0%A4%BE%E0%A4%AE%E0%A5%81%E0%A4%A6%E0%A5%8D%E0%A4%B0%E0%A4%BF%E0%A4%95-%E0%A4%B6%E0%A4%BE%E0%A4%B8%E0%A5%8D%E0%A4%A4%E0%A5%8D%E0%A4%B0/ HTTP/1.1" 200 122269 "http://wahgazab.com/seeing-the-color-of-the-palm-know-about-the-future-and-nature-of-a-person/" "Mozilla/5.0 (compatible; SeekportBot; +https://bot.seekport.com)"
135.181.137.59 - - [20/Oct/2025:17:59:14 -0400] "GET /tag/canada/ HTTP/1.1" 200 167400 "http://wahgazab.com/punjabi-language-gets-importance-in-candian-parliment/" "Mozilla/5.0 (compatible; SeekportBot; +https://bot.seekport.com)"
66.249.79.169 - - [20/Oct/2025:17:59:15 -0400] "GET /?a=01193128043300&channel=7db209&from=goods.php%3Fid%3D1280433-15472%26name%3D%E6%96%AD%E7%86%B1+%E4%BA%8C%E9%87%8D%E7%AA%93%E3%83%91%E3%83%8D%E3%83%AB+12%E6%9E%9A%E5%85%A5%E3%82%8A+%E9%80%8F%E6%98%8E%E3%82%AF%E3%83%AA%E3%82%A2+UV%E3%82%AB%E3%83%83%E3%83%88 HTTP/1.1" 301 - "-" "Mozilla/5.0 (Linux; Android 6.0.1; Nexus 5X Build/MMB29P) AppleWebKit/537.36 (KHTML, like Gecko) Chrome/140.0.7339.207 Mobile Safari/537.36 (compatible; Googlebot/2.1; +http://www.google.com/bot.html)"
18.232.12.157 - - [20/Oct/2025:17:59:15 -0400] "GET /tag/various-laws-in-india/ HTTP/1.1" 200 122778 "-" "Mozilla/5.0 AppleWebKit/537.36 (KHTML, like Gecko; compatible; Amazonbot/0.1; +https://developer.amazon.com/support/amazonbot) Chrome/119.0.6045.214 Safari/537.36"
135.181.137.59 - - [20/Oct/2025:17:59:15 -0400] "GET /watch-some-dubsmash-video/ HTTP/1.1" 200 278151 "http://wahgazab.com/punjabi-language-gets-importance-in-candian-parliment/" "Mozilla/5.0 (compatible; SeekportBot; +https://bot.seekport.com)"
66.249.79.169 - - [20/Oct/2025:17:59:15 -0400] "GET /?a=01193128043300&channel=7db209&from=goods.php%3Fid%3D1280433-15472%26name%3D%E6%96%AD%E7%86%B1%20%E4%BA%8C%E9%87%8D%E7%AA%93%E3%83%91%E3%83%8D%E3%83%AB%2012%E6%9E%9A%E5%85%A5%E3%82%8A%20%E9%80%8F%E6%98%8E%E3%82%AF%E3%83%AA%E3%82%A2%20UV%E3%82%AB%E3%83%83%E3%83%88 HTTP/1.1" 200 200962 "-" "Mozilla/5.0 (Linux; Android 6.0.1; Nexus 5X Build/MMB29P) AppleWebKit/537.36 (KHTML, like Gecko) Chrome/140.0.7339.207 Mobile Safari/537.36 (compatible; Googlebot/2.1; +http://www.google.com/bot.html)"
135.181.137.59 - - [20/Oct/2025:17:59:17 -0400] "GET /tag/1947-independence/ HTTP/1.1" 200 122059 "http://wahgazab.com/according-to-1947-independence-time-jalabhishek-is-done-at-pashupatinath-temple/" "Mozilla/5.0 (compatible; SeekportBot; +https://bot.seekport.com)"
135.181.137.59 - - [20/Oct/2025:17:59:19 -0400] "GET /tag/pashupatinath-temple/ HTTP/1.1" 200 125336 "http://wahgazab.com/according-to-1947-independence-time-jalabhishek-is-done-at-pashupatinath-temple/" "Mozilla/5.0 (compatible; SeekportBot; +https://bot.seekport.com)"
135.181.137.59 - - [20/Oct/2025:17:59:20 -0400] "GET /tag/%E0%A4%AA%E0%A4%B6%E0%A5%81%E0%A4%AA%E0%A4%A4%E0%A4%BF%E0%A4%A8%E0%A4%BE%E0%A4%A5-%E0%A4%AE%E0%A4%82%E0%A4%A6%E0%A4%BF%E0%A4%B0/ HTTP/1.1" 200 122387 "http://wahgazab.com/according-to-1947-independence-time-jalabhishek-is-done-at-pashupatinath-temple/" "Mozilla/5.0 (compatible; SeekportBot; +https://bot.seekport.com)"
135.181.137.59 - - [20/Oct/2025:17:59:21 -0400] "GET /tag/akshardham/ HTTP/1.1" 200 121467 "http://wahgazab.com/blowing-up-akshardham-temple-the-mystery-behind-the-threat/" "Mozilla/5.0 (compatible; SeekportBot; +https://bot.seekport.com)"
135.181.137.59 - - [20/Oct/2025:17:59:23 -0400] "GET /tag/salman-khan/ HTTP/1.1" 200 182486 "http://wahgazab.com/salmans-agony-traces-revealed/" "Mozilla/5.0 (compatible; SeekportBot; +https://bot.seekport.com)"
135.181.137.59 - - [20/Oct/2025:17:59:24 -0400] "GET /tag/collaborator-of-swacchta-campaign/ HTTP/1.1" 200 122141 "http://wahgazab.com/this-dog-is-a-collaborator-of-swacchta-campaign-puts-waste-into-dustbin/" "Mozilla/5.0 (compatible; SeekportBot; +https://bot.seekport.com)"
135.181.137.59 - - [20/Oct/2025:17:59:26 -0400] "GET /tag/dog/ HTTP/1.1" 200 178980 "http://wahgazab.com/this-dog-is-a-collaborator-of-swacchta-campaign-puts-waste-into-dustbin/" "Mozilla/5.0 (compatible; SeekportBot; +https://bot.seekport.com)"
135.181.137.59 - - [20/Oct/2025:17:59:27 -0400] "GET /tag/dustbin/ HTTP/1.1" 200 125524 "http://wahgazab.com/this-dog-is-a-collaborator-of-swacchta-campaign-puts-waste-into-dustbin/" "Mozilla/5.0 (compatible; SeekportBot; +https://bot.seekport.com)"
135.181.137.59 - - [20/Oct/2025:17:59:30 -0400] "GET /tag/%E0%A4%95%E0%A5%81%E0%A4%A4%E0%A5%8D%E0%A4%A4%E0%A4%BE/ HTTP/1.1" 200 143036 "http://wahgazab.com/this-dog-is-a-collaborator-of-swacchta-campaign-puts-waste-into-dustbin/" "Mozilla/5.0 (compatible; SeekportBot; +https://bot.seekport.com)"
135.181.137.59 - - [20/Oct/2025:17:59:31 -0400] "GET /tag/bollywood-celebrities-friendship/ HTTP/1.1" 200 121648 "http://wahgazab.com/once-again-we-can-enjoy-the-fantastic-duo-sanjay-and-salman-working-together/" "Mozilla/5.0 (compatible; SeekportBot; +https://bot.seekport.com)"
52.203.68.145 - - [20/Oct/2025:17:59:32 -0400] "GET /tag/%E0%A4%B0%E0%A4%BE%E0%A4%AE%E0%A4%BE%E0%A4%AF%E0%A4%A3/ HTTP/1.1" 200 124592 "-" "Mozilla/5.0 AppleWebKit/537.36 (KHTML, like Gecko; compatible; Amazonbot/0.1; +https://developer.amazon.com/support/amazonbot) Chrome/119.0.6045.214 Safari/537.36"
135.181.137.59 - - [20/Oct/2025:17:59:33 -0400] "GET /tag/bollywood-friendship/ HTTP/1.1" 200 155328 "http://wahgazab.com/once-again-we-can-enjoy-the-fantastic-duo-sanjay-and-salman-working-together/" "Mozilla/5.0 (compatible; SeekportBot; +https://bot.seekport.com)"
135.181.137.59 - - [20/Oct/2025:17:59:35 -0400] "GET /tag/salman/ HTTP/1.1" 200 182721 "http://wahgazab.com/once-again-we-can-enjoy-the-fantastic-duo-sanjay-and-salman-working-together/" "Mozilla/5.0 (compatible; SeekportBot; +https://bot.seekport.com)"
135.181.137.59 - - [20/Oct/2025:17:59:37 -0400] "GET /tag/sanjay-dutt/ HTTP/1.1" 200 149794 "http://wahgazab.com/once-again-we-can-enjoy-the-fantastic-duo-sanjay-and-salman-working-together/" "Mozilla/5.0 (compatible; SeekportBot; +https://bot.seekport.com)"
135.181.137.59 - - [20/Oct/2025:17:59:38 -0400] "GET /tag/300-year-old-temple/ HTTP/1.1" 200 121890 "http://wahgazab.com/jageshwarnath-dham-300-year-old-temple-that-fulfill-all-your-wishes/" "Mozilla/5.0 (compatible; SeekportBot; +https://bot.seekport.com)"
135.181.137.59 - - [20/Oct/2025:17:59:40 -0400] "GET /tag/fulfill-all-your-wishes/ HTTP/1.1" 200 121922 "http://wahgazab.com/jageshwarnath-dham-300-year-old-temple-that-fulfill-all-your-wishes/" "Mozilla/5.0 (compatible; SeekportBot; +https://bot.seekport.com)"
135.181.137.59 - - [20/Oct/2025:17:59:41 -0400] "GET /tag/jageshwarnath-dham/ HTTP/1.1" 200 121882 "http://wahgazab.com/jageshwarnath-dham-300-year-old-temple-that-fulfill-all-your-wishes/" "Mozilla/5.0 (compatible; SeekportBot; +https://bot.seekport.com)"
135.181.137.59 - - [20/Oct/2025:17:59:43 -0400] "GET /tag/jageshwarnath-dham-300-year-old-temple-that-fulfill-all-your-wishes/ HTTP/1.1" 200 122308 "http://wahgazab.com/jageshwarnath-dham-300-year-old-temple-that-fulfill-all-your-wishes/" "Mozilla/5.0 (compatible; SeekportBot; +https://bot.seekport.com)"
135.181.137.59 - - [20/Oct/2025:17:59:44 -0400] "GET /tag/%E0%A4%9C%E0%A4%BE%E0%A4%97%E0%A5%87%E0%A4%B6%E0%A5%8D%E0%A4%B5%E0%A4%B0%E0%A4%A8%E0%A4%BE%E0%A4%A5-%E0%A4%A7%E0%A4%BE%E0%A4%AE/ HTTP/1.1" 200 122202 "http://wahgazab.com/jageshwarnath-dham-300-year-old-temple-that-fulfill-all-your-wishes/" "Mozilla/5.0 (compatible; SeekportBot; +https://bot.seekport.com)"
135.181.137.59 - - [20/Oct/2025:17:59:46 -0400] "GET /tag/5-friends/ HTTP/1.1" 200 121642 "http://wahgazab.com/5-friends-started-a-roti-bank-which-serves-many-poor-people/" "Mozilla/5.0 (compatible; SeekportBot; +https://bot.seekport.com)"
135.181.137.59 - - [20/Oct/2025:17:59:48 -0400] "GET /tag/odd-news-roti-bank/ HTTP/1.1" 200 121714 "http://wahgazab.com/5-friends-started-a-roti-bank-which-serves-many-poor-people/" "Mozilla/5.0 (compatible; SeekportBot; +https://bot.seekport.com)"
135.181.137.59 - - [20/Oct/2025:17:59:49 -0400] "GET /tag/poor-people/ HTTP/1.1" 200 121658 "http://wahgazab.com/5-friends-started-a-roti-bank-which-serves-many-poor-people/" "Mozilla/5.0 (compatible; SeekportBot; +https://bot.seekport.com)"
135.181.137.59 - - [20/Oct/2025:17:59:51 -0400] "GET /tag/%E0%A4%B0%E0%A5%8B%E0%A4%9F%E0%A5%80-%E0%A4%AC%E0%A5%88%E0%A4%82%E0%A4%95/ HTTP/1.1" 200 121836 "http://wahgazab.com/5-friends-started-a-roti-bank-which-serves-many-poor-people/" "Mozilla/5.0 (compatible; SeekportBot; +https://bot.seekport.com)"
135.181.137.59 - - [20/Oct/2025:17:59:54 -0400] "GET /tag/fashion-show/ HTTP/1.1" 200 121340 "http://wahgazab.com/the-amazing-pair-of-salman-and-sonam-looked-sizzling-in-the-fashion-show/" "Mozilla/5.0 (compatible; SeekportBot; +https://bot.seekport.com)"
193.223.103.54 - - [20/Oct/2025:17:59:56 -0400] "GET /wp-content/uploads/2016/01/herbal-tea.jpg HTTP/1.1" 404 136514 "-" "Mozilla/5.0 (X11; Ubuntu; Linux x86_64; rv:123.0) Gecko/20100101 Firefox/123.0"
135.181.137.59 - - [20/Oct/2025:17:59:57 -0400] "GET /tag/sonam-kapoor/ HTTP/1.1" 200 173203 "http://wahgazab.com/the-amazing-pair-of-salman-and-sonam-looked-sizzling-in-the-fashion-show/" "Mozilla/5.0 (compatible; SeekportBot; +https://bot.seekport.com)"
135.181.137.59 - - [20/Oct/2025:17:59:58 -0400] "GET /tag/64-%E0%A4%AF%E0%A5%8B%E0%A4%97%E0%A4%BF%E0%A4%A8%E0%A5%80-%E0%A4%AE%E0%A4%82%E0%A4%A6%E0%A4%BF%E0%A4%B0/ HTTP/1.1" 200 122264 "http://wahgazab.com/64-yogini-shiva-temple-has-an-old-tradition-of-not-offering-water-to-lord-shiva/" "Mozilla/5.0 (compatible; SeekportBot; +https://bot.seekport.com)"
135.181.137.59 - - [20/Oct/2025:17:59:58 -0400] "GET /tag/lord-shiva/ HTTP/1.1" 200 183411 "http://wahgazab.com/64-yogini-shiva-temple-has-an-old-tradition-of-not-offering-water-to-lord-shiva/" "Mozilla/5.0 (compatible; SeekportBot; +https://bot.seekport.com)"
178.171.96.165 - - [20/Oct/2025:18:00:00 -0400] "GET /wp-content/uploads/2016/01/herbal-tea.jpg HTTP/1.1" 404 136514 "-" "Mozilla/5.0 (Macintosh; Intel Mac OS X 10_15_7) AppleWebKit/537.36 (KHTML, like Gecko) Chrome/120.0.0.0 Safari/537.36"
135.181.137.59 - - [20/Oct/2025:18:00:00 -0400] "GET /tag/yogini-shiva-temple/ HTTP/1.1" 200 122021 "http://wahgazab.com/64-yogini-shiva-temple-has-an-old-tradition-of-not-offering-water-to-lord-shiva/" "Mozilla/5.0 (compatible; SeekportBot; +https://bot.seekport.com)"
135.181.137.59 - - [20/Oct/2025:18:00:02 -0400] "GET /tag/fashion-movie/ HTTP/1.1" 200 121636 "http://wahgazab.com/madhur-congratulated-his-team-from-fashion-on-completing-seven-years/" "Mozilla/5.0 (compatible; SeekportBot; +https://bot.seekport.com)"
135.181.137.59 - - [20/Oct/2025:18:00:04 -0400] "GET /tag/kangana-ranaut/ HTTP/1.1" 200 160081 "http://wahgazab.com/madhur-congratulated-his-team-from-fashion-on-completing-seven-years/" "Mozilla/5.0 (compatible; SeekportBot; +https://bot.seekport.com)"
135.181.137.59 - - [20/Oct/2025:18:00:06 -0400] "GET /tag/madhur-bhandarkar/ HTTP/1.1" 200 121668 "http://wahgazab.com/madhur-congratulated-his-team-from-fashion-on-completing-seven-years/" "Mozilla/5.0 (compatible; SeekportBot; +https://bot.seekport.com)"
178.171.63.248 - - [20/Oct/2025:18:00:06 -0400] "GET /wp-content/uploads/2016/01/herbal-tea.jpg HTTP/1.1" 404 136514 "-" "Mozilla/5.0 (X11; Linux x86_64) AppleWebKit/537.36 (KHTML, like Gecko) Chrome/121.0.0.0 Safari/537.36"
135.181.137.59 - - [20/Oct/2025:18:00:08 -0400] "GET /tag/priyanka-chopra/ HTTP/1.1" 200 184025 "http://wahgazab.com/madhur-congratulated-his-team-from-fashion-on-completing-seven-years/" "Mozilla/5.0 (compatible; SeekportBot; +https://bot.seekport.com)"
135.181.137.59 - - [20/Oct/2025:18:00:09 -0400] "GET /tag/diya-mirza/ HTTP/1.1" 200 121304 "http://wahgazab.com/diya-mirza-hit-the-ramp-for-social-cause/" "Mozilla/5.0 (compatible; SeekportBot; +https://bot.seekport.com)"
135.181.137.59 - - [20/Oct/2025:18:00:12 -0400] "GET /tag/fashion-style/ HTTP/1.1" 200 123809 "http://wahgazab.com/diya-mirza-hit-the-ramp-for-social-cause/" "Mozilla/5.0 (compatible; SeekportBot; +https://bot.seekport.com)"
135.181.137.59 - - [20/Oct/2025:18:00:13 -0400] "GET /tag/ramp-walk/ HTTP/1.1" 200 121296 "http://wahgazab.com/diya-mirza-hit-the-ramp-for-social-cause/" "Mozilla/5.0 (compatible; SeekportBot; +https://bot.seekport.com)"
135.181.137.59 - - [20/Oct/2025:18:00:15 -0400] "GET /pratyusha-refused-to-pay-her-birthday-party-bill/ HTTP/1.1" 200 281667 "http://wahgazab.com/diya-mirza-hit-the-ramp-for-social-cause/" "Mozilla/5.0 (compatible; SeekportBot; +https://bot.seekport.com)"
135.181.137.59 - - [20/Oct/2025:18:00:17 -0400] "GET /tag/a-person-become-millionaire-after-trapping-a-big-fish/ HTTP/1.1" 200 121768 "http://wahgazab.com/a-person-become-millionaire-after-trapping-a-big-fish/" "Mozilla/5.0 (compatible; SeekportBot; +https://bot.seekport.com)"
135.181.137.59 - - [20/Oct/2025:18:00:18 -0400] "GET /tag/big-fish/ HTTP/1.1" 200 124290 "http://wahgazab.com/a-person-become-millionaire-after-trapping-a-big-fish/" "Mozilla/5.0 (compatible; SeekportBot; +https://bot.seekport.com)"
135.181.137.59 - - [20/Oct/2025:18:00:20 -0400] "GET /tag/millionaire/ HTTP/1.1" 200 146280 "http://wahgazab.com/a-person-become-millionaire-after-trapping-a-big-fish/" "Mozilla/5.0 (compatible; SeekportBot; +https://bot.seekport.com)"
135.181.137.59 - - [20/Oct/2025:18:00:22 -0400] "GET /tag/trappping/ HTTP/1.1" 200 121416 "http://wahgazab.com/a-person-become-millionaire-after-trapping-a-big-fish/" "Mozilla/5.0 (compatible; SeekportBot; +https://bot.seekport.com)"
66.249.79.168 - - [20/Oct/2025:18:00:22 -0400] "GET /?a=3575827390401&channel=8e442f&from=blog.php%3Fid%3D273904-5054%26name%3D%E8%8A%B1%E6%9D%91%E6%83%B3%E5%A4%AA%20%E5%86%99%E7%9C%9F%E9%9B%86%E3%80%8CLEVEL%E3%80%8D HTTP/1.1" 200 200962 "-" "Mozilla/5.0 (Linux; Android 6.0.1; Nexus 5X Build/MMB29P) AppleWebKit/537.36 (KHTML, like Gecko) Chrome/140.0.7339.207 Mobile Safari/537.36 (compatible; Googlebot/2.1; +http://www.google.com/bot.html)"
135.181.137.59 - - [20/Oct/2025:18:00:23 -0400] "GET /tag/%E0%A4%AE%E0%A4%9B%E0%A4%B2%E0%A5%80/ HTTP/1.1" 200 124593 "http://wahgazab.com/a-person-become-millionaire-after-trapping-a-big-fish/" "Mozilla/5.0 (compatible; SeekportBot; +https://bot.seekport.com)"
216.73.216.129 - - [20/Oct/2025:18:00:23 -0400] "GET /reasons-behind-the-incomplete-idols-of-lord-jagannath/j3 HTTP/1.1" 301 - "-" "Mozilla/5.0 AppleWebKit/537.36 (KHTML, like Gecko; compatible; ClaudeBot/1.0; [email protected])"
216.73.216.129 - - [20/Oct/2025:18:00:24 -0400] "GET /reasons-behind-the-incomplete-idols-of-lord-jagannath/j2/feed HTTP/1.1" 301 - "-" "Mozilla/5.0 AppleWebKit/537.36 (KHTML, like Gecko; compatible; ClaudeBot/1.0; [email protected])"
216.73.216.129 - - [20/Oct/2025:18:00:24 -0400] "GET /reasons-behind-the-incomplete-idols-of-lord-jagannath/j3/ HTTP/1.1" 200 121526 "http://wahgazab.com/reasons-behind-the-incomplete-idols-of-lord-jagannath/j3" "Mozilla/5.0 AppleWebKit/537.36 (KHTML, like Gecko; compatible; ClaudeBot/1.0; [email protected])"
216.73.216.129 - - [20/Oct/2025:18:00:24 -0400] "GET /reasons-behind-the-incomplete-idols-of-lord-jagannath/j2/feed/ HTTP/1.1" 200 828 "http://wahgazab.com/reasons-behind-the-incomplete-idols-of-lord-jagannath/j2/feed" "Mozilla/5.0 AppleWebKit/537.36 (KHTML, like Gecko; compatible; ClaudeBot/1.0; [email protected])"
135.181.137.59 - - [20/Oct/2025:18:00:25 -0400] "GET /human-flesh-and-ethnic-conflict/ HTTP/1.1" 200 278833 "http://wahgazab.com/author/viraj/page/2/" "Mozilla/5.0 (compatible; SeekportBot; +https://bot.seekport.com)"
135.181.137.59 - - [20/Oct/2025:18:00:27 -0400] "GET /get-to-know-few-interesting-facts-about-cow/ HTTP/1.1" 200 279879 "http://wahgazab.com/author/viraj/page/2/" "Mozilla/5.0 (compatible; SeekportBot; +https://bot.seekport.com)"
135.181.137.59 - - [20/Oct/2025:18:00:29 -0400] "GET /reasons-for-earthquake/ HTTP/1.1" 200 283149 "http://wahgazab.com/author/viraj/page/2/" "Mozilla/5.0 (compatible; SeekportBot; +https://bot.seekport.com)"
135.181.137.59 - - [20/Oct/2025:18:00:30 -0400] "GET /here-are-10-power-couples/ HTTP/1.1" 200 278292 "http://wahgazab.com/author/viraj/page/2/" "Mozilla/5.0 (compatible; SeekportBot; +https://bot.seekport.com)"
135.181.137.59 - - [20/Oct/2025:18:00:32 -0400] "GET /pyar-ka-punchnama-best-scene/ HTTP/1.1" 200 275489 "http://wahgazab.com/author/viraj/page/2/" "Mozilla/5.0 (compatible; SeekportBot; +https://bot.seekport.com)"
135.181.137.59 - - [20/Oct/2025:18:00:33 -0400] "GET /use-these-trick-to-keep-your-skin-moisture-in-winters/ HTTP/1.1" 200 277249 "http://wahgazab.com/author/viraj/page/2/" "Mozilla/5.0 (compatible; SeekportBot; +https://bot.seekport.com)"
135.181.137.59 - - [20/Oct/2025:18:00:35 -0400] "GET /bollywood-best-comedy-scenes/ HTTP/1.1" 200 273612 "http://wahgazab.com/author/viraj/page/2/" "Mozilla/5.0 (compatible; SeekportBot; +https://bot.seekport.com)"
135.181.137.59 - - [20/Oct/2025:18:00:36 -0400] "GET /brahmos-indian-supersonic-missile-sends-shivers-to-america-too/ HTTP/1.1" 200 287902 "http://wahgazab.com/author/viraj/page/2/" "Mozilla/5.0 (compatible; SeekportBot; +https://bot.seekport.com)"
135.181.137.59 - - [20/Oct/2025:18:00:37 -0400] "GET /increasing-the-hair-tattoo-trend/ HTTP/1.1" 200 280932 "http://wahgazab.com/author/viraj/page/2/" "Mozilla/5.0 (compatible; SeekportBot; +https://bot.seekport.com)"
135.181.137.59 - - [20/Oct/2025:18:00:40 -0400] "GET /sexual-harassment-of-men-declared-a-crime-now-in-china/ HTTP/1.1" 200 280362 "http://wahgazab.com/author/viraj/page/2/" "Mozilla/5.0 (compatible; SeekportBot; +https://bot.seekport.com)"
135.181.137.59 - - [20/Oct/2025:18:00:42 -0400] "GET /need-approval-for-modis-visit/ HTTP/1.1" 200 281272 "http://wahgazab.com/author/viraj/page/2/" "Mozilla/5.0 (compatible; SeekportBot; +https://bot.seekport.com)"
135.181.137.59 - - [20/Oct/2025:18:00:44 -0400] "GET /firing-at-protesters-at-indo-nepal-border-one-killed/ HTTP/1.1" 200 280551 "http://wahgazab.com/author/viraj/page/2/" "Mozilla/5.0 (compatible; SeekportBot; +https://bot.seekport.com)"
135.181.137.59 - - [20/Oct/2025:18:00:46 -0400] "GET /varun-got-a-good-break-as-john-abraham-was-injured/ HTTP/1.1" 200 278767 "http://wahgazab.com/author/viraj/page/2/" "Mozilla/5.0 (compatible; SeekportBot; +https://bot.seekport.com)"
135.181.137.59 - - [20/Oct/2025:18:00:48 -0400] "GET /a-russian-plane-crashed-in-active-isis-area/ HTTP/1.1" 200 278891 "http://wahgazab.com/author/viraj/page/2/" "Mozilla/5.0 (compatible; SeekportBot; +https://bot.seekport.com)"
135.181.137.59 - - [20/Oct/2025:18:00:50 -0400] "GET /insensitivity-of-madhya-pradesh-cabinet-minister-an-open-show/ HTTP/1.1" 200 280680 "http://wahgazab.com/author/viraj/page/2/" "Mozilla/5.0 (compatible; SeekportBot; +https://bot.seekport.com)"
52.221.7.10 - - [20/Oct/2025:18:00:52 -0400] "GET /wp-content/uploads/2018/02/sa-3.jpg HTTP/1.1" 200 71969 "-" "Mozilla/5.0 (compatible; crawler)"
135.181.137.59 - - [20/Oct/2025:18:00:52 -0400] "GET /aamir-went-critical-in-a-lighter-way-for-shahrukh/ HTTP/1.1" 200 277992 "http://wahgazab.com/author/viraj/page/2/" "Mozilla/5.0 (compatible; SeekportBot; +https://bot.seekport.com)"
57.141.0.62 - - [20/Oct/2025:18:00:51 -0400] "GET /tag/now-you-will-be-shocked-to-see-this-artist-who-become-friend-of-aamir-khan-during-mela-movie/ HTTP/1.1" 200 122537 "-" "meta-externalagent/1.1 (+https://developers.facebook.com/docs/sharing/webmasters/crawler)"
135.181.137.59 - - [20/Oct/2025:18:00:54 -0400] "GET /hrithik-and-kangana-spotted-maintaining-distance-in-miami/ HTTP/1.1" 200 278713 "http://wahgazab.com/author/viraj/page/2/" "Mozilla/5.0 (compatible; SeekportBot; +https://bot.seekport.com)"
34.205.163.103 - - [20/Oct/2025:18:00:56 -0400] "GET /tag/patel-and-his-wife-of-90-years-to-95-years-kemla/ HTTP/1.1" 200 121785 "-" "Mozilla/5.0 AppleWebKit/537.36 (KHTML, like Gecko; compatible; Amazonbot/0.1; +https://developer.amazon.com/support/amazonbot) Chrome/119.0.6045.214 Safari/537.36"
135.181.137.59 - - [20/Oct/2025:18:00:56 -0400] "GET /this-total-desi-app-is-faster-and-better-than-whatsapp/ HTTP/1.1" 200 282758 "http://wahgazab.com/author/viraj/page/2/" "Mozilla/5.0 (compatible; SeekportBot; +https://bot.seekport.com)"
135.181.137.59 - - [20/Oct/2025:18:00:58 -0400] "GET /the-pain-sehwag-is-enduring/ HTTP/1.1" 200 280604 "http://wahgazab.com/author/viraj/page/2/" "Mozilla/5.0 (compatible; SeekportBot; +https://bot.seekport.com)"
54.225.81.20 - - [20/Oct/2025:18:00:59 -0400] "GET /tag/news-headlines-will-make-you-laugh-hard-news/ HTTP/1.1" 200 122054 "-" "Mozilla/5.0 AppleWebKit/537.36 (KHTML, like Gecko; compatible; Amazonbot/0.1; +https://developer.amazon.com/support/amazonbot) Chrome/119.0.6045.214 Safari/537.36"
135.181.137.59 - - [20/Oct/2025:18:01:00 -0400] "GET /hackers-hacked-vodafone-system-and-stole-information-of-about-2000-customers/ HTTP/1.1" 200 277214 "http://wahgazab.com/author/viraj/page/3/" "Mozilla/5.0 (compatible; SeekportBot; +https://bot.seekport.com)"
135.181.137.59 - - [20/Oct/2025:18:01:02 -0400] "GET /the-historical-record-of-test-cricket-can-never-be-broken/ HTTP/1.1" 200 280067 "http://wahgazab.com/author/viraj/page/3/" "Mozilla/5.0 (compatible; SeekportBot; +https://bot.seekport.com)"
135.181.137.59 - - [20/Oct/2025:18:01:03 -0400] "GET /envy-slim-and-fit-actresses-cow-milk-is-the-secret/ HTTP/1.1" 200 278304 "http://wahgazab.com/author/viraj/page/3/" "Mozilla/5.0 (compatible; SeekportBot; +https://bot.seekport.com)"
52.2.4.213 - - [20/Oct/2025:18:01:04 -0400] "GET /tag/william-cray-bengali-language-in-kolkata-news/ HTTP/1.1" 200 123197 "-" "Mozilla/5.0 AppleWebKit/537.36 (KHTML, like Gecko; compatible; Amazonbot/0.1; +https://developer.amazon.com/support/amazonbot) Chrome/119.0.6045.214 Safari/537.36"
135.181.137.59 - - [20/Oct/2025:18:01:05 -0400] "GET /returning-awards-what-kind-of-protest-is-that/ HTTP/1.1" 200 277666 "http://wahgazab.com/author/viraj/page/3/" "Mozilla/5.0 (compatible; SeekportBot; +https://bot.seekport.com)"
135.181.137.59 - - [20/Oct/2025:18:01:08 -0400] "GET /dhoni-safe-from-auction/ HTTP/1.1" 200 277927 "http://wahgazab.com/author/viraj/page/3/" "Mozilla/5.0 (compatible; SeekportBot; +https://bot.seekport.com)"
3.212.219.113 - - [20/Oct/2025:18:01:08 -0400] "GET /tag/eating-snake/ HTTP/1.1" 200 121342 "-" "Mozilla/5.0 AppleWebKit/537.36 (KHTML, like Gecko; compatible; Amazonbot/0.1; +https://developer.amazon.com/support/amazonbot) Chrome/119.0.6045.214 Safari/537.36"
135.181.137.59 - - [20/Oct/2025:18:01:10 -0400] "GET /abhijeet-bhattacharya-the-man-media-was-always-in-love-with/ HTTP/1.1" 200 284789 "http://wahgazab.com/author/viraj/page/3/" "Mozilla/5.0 (compatible; SeekportBot; +https://bot.seekport.com)"
135.181.137.59 - - [20/Oct/2025:18:01:12 -0400] "GET /shahrukh-khan-celebrates-50th-birthday/ HTTP/1.1" 200 277917 "http://wahgazab.com/author/viraj/page/3/" "Mozilla/5.0 (compatible; SeekportBot; +https://bot.seekport.com)"
135.181.137.59 - - [20/Oct/2025:18:01:14 -0400] "GET /this-diwali-enjoy-the-yoga-that-provides-you-enormous-wealth-and-happiness/ HTTP/1.1" 200 281285 "http://wahgazab.com/author/viraj/page/3/" "Mozilla/5.0 (compatible; SeekportBot; +https://bot.seekport.com)"
