66.249.79.168 - - [20/Oct/2025:12:58:29 -0400] "GET /?a=4369798900510&channel=97858d&from=pin.php%3Fid%3D989005-13879%26name%3D%E3%80%8CFRAMeWORK%E3%80%8D%20%E3%82%B9%E3%83%A9%E3%83%83%E3%82%AF%E3%82%B9%2038%20%E3%83%96%E3%83%A9%E3%83%83%E3%82%AF%20%E3%83%AC%E3%83%87%E3%82%A3%E3%83%BC%E3%82%B9 HTTP/1.1" 200 200962 "-" "Mozilla/5.0 (Linux; Android 6.0.1; Nexus 5X Build/MMB29P) AppleWebKit/537.36 (KHTML, like Gecko) Chrome/140.0.7339.207 Mobile Safari/537.36 (compatible; Googlebot/2.1; +http://www.google.com/bot.html)"
173.252.79.10 - - [20/Oct/2025:12:58:37 -0400] "GET /a-strange-fact-reveled-about-the-age-of-salman/ HTTP/1.1" 200 281576 "-" "facebookexternalhit/1.1 (+http://www.facebook.com/externalhit_uatext.php)"
116.179.32.240 - - [20/Oct/2025:12:58:38 -0400] "GET /this-crab-can-save-millions-of-lives-but-the-price-touches-the-sky/ HTTP/1.1" 200 285219 "-" "Mozilla/5.0 (compatible; Baiduspider/2.0; +http://www.baidu.com/search/spider.html)"
31.13.127.36 - - [20/Oct/2025:12:58:40 -0400] "GET /wp-content/uploads/2016/02/c28.jpg HTTP/1.1" 200 169525 "-" "facebookexternalhit/1.1 (+http://www.facebook.com/externalhit_uatext.php)"
116.179.37.189 - - [20/Oct/2025:12:58:48 -0400] "GET /wp-content/uploads/2020/11/%E0%A4%86%E0%A4%B8%E0%A4%AE%E0%A4%BE%E0%A4%A8-%E0%A4%B8%E0%A5%87-%E0%A4%97%E0%A4%BF%E0%A4%B0%E0%A5%80-%E0%A4%90%E0%A4%B8%E0%A5%80-%E0%A4%85%E0%A4%A6%E0%A5%8D%E0%A4%AD%E0%A5%81%E0%A4%A4-%E0%A4%9A%E0%A5%80%E0%A5%9B-%E0%A4%9C%E0%A4%BF%E0%A4%B8%E0%A5%87-%E0%A4%AA%E0%A4%BE%E0%A4%95%E0%A4%B0-%E0%A4%B0%E0%A4%BE%E0%A4%A4%E0%A5%8B%E0%A4%82-%E0%A4%B0%E0%A4%BE%E0%A4%A4-%E0%A4%95%E0%A4%B0%E0%A5%8B%E0%A5%9C%E0%A4%AA%E0%A4%A4%E0%A4%BF-696x348.jpg HTTP/1.1" 404 136514 "http://wahgazab.com/this-crab-can-save-millions-of-lives-but-the-price-touches-the-sky/" "Mozilla/5.0 (compatible; Baiduspider-render/2.0; +http://www.baidu.com/search/spider.html)"
57.141.0.21 - - [20/Oct/2025:12:58:52 -0400] "GET /lord-shiva-image-seen-in-this-video-of-kailash-parvat/ HTTP/1.1" 200 281134 "-" "meta-externalagent/1.1 (+https://developers.facebook.com/docs/sharing/webmasters/crawler)"
5.39.109.175 - - [20/Oct/2025:12:58:59 -0400] "GET /tag/puppuccino-news-in-hindi/ HTTP/1.1" 200 121672 "-" "Mozilla/5.0 (compatible; AhrefsBot/7.0; +http://ahrefs.com/robot/)"
167.172.41.47 - - [20/Oct/2025:12:59:02 -0400] "GET / HTTP/1.1" 200 201202 "https://www.google.com.hk" "Mozilla/5.0 (Windows NT 10.0; Win64; x64; rv:125.0.1) Gecko/20100101 Firefox/125.0.1"
167.172.41.47 - - [20/Oct/2025:12:59:04 -0400] "GET /index.php?rest_route=/wp/v2/users HTTP/1.1" 200 9495 "http://wahgazab.com" "Mozilla/5.0 (Windows NT 10.0; Win64; x64) AppleWebKit/537.36 (KHTML, like Gecko) Chrome/112.0.5615.138 Safari/537.36 Edg/112.0.1722.68"
57.141.0.40 - - [20/Oct/2025:12:59:04 -0400] "GET /tag/king-khan-in-police-custody-news/ HTTP/1.1" 200 121988 "-" "meta-externalagent/1.1 (+https://developers.facebook.com/docs/sharing/webmasters/crawler)"
66.249.79.169 - - [20/Oct/2025:12:59:19 -0400] "GET /beautiful-watches-made-up-of-cow-and-buffalo-dung/ HTTP/1.1" 200 281602 "-" "Mozilla/5.0 (Linux; Android 6.0.1; Nexus 5X Build/MMB29P) AppleWebKit/537.36 (KHTML, like Gecko) Chrome/140.0.7339.207 Mobile Safari/537.36 (compatible; GoogleOther)"
185.59.247.158 - - [20/Oct/2025:12:59:19 -0400] "GET /tinyfilemanager.php HTTP/1.1" 404 136514 "-" "Mozilla/5.0 (Windows NT 10.0; Win64; x64) AppleWebKit/537.36 (KHTML, like Gecko) Chrome/91.0.4472.124 Safari/537.36"
185.59.247.158 - - [20/Oct/2025:12:59:18 -0400] "GET /tinyfilemanager/tinyfilemanager.php HTTP/1.1" 404 136514 "-" "Mozilla/5.0 (Windows NT 10.0; Win64; x64) AppleWebKit/537.36 (KHTML, like Gecko) Chrome/91.0.4472.124 Safari/537.36"
57.141.0.42 - - [20/Oct/2025:12:59:22 -0400] "GET /mahesh-sawani-has-472-daughters-and-marry-them-all-on-fathers-day/ HTTP/1.1" 200 283935 "-" "meta-externalagent/1.1 (+https://developers.facebook.com/docs/sharing/webmasters/crawler)"
216.73.216.129 - - [20/Oct/2025:12:59:52 -0400] "GET /shahrukh-khan-celebrates-50th-birthday HTTP/1.1" 301 - "-" "Mozilla/5.0 AppleWebKit/537.36 (KHTML, like Gecko; compatible; ClaudeBot/1.0; [email protected])"
216.73.216.129 - - [20/Oct/2025:12:59:52 -0400] "GET /korowai-tribes-people-living-as-cannibals/korowai-tribes-people-living-as-cannibals-intro/feed HTTP/1.1" 301 - "-" "Mozilla/5.0 AppleWebKit/537.36 (KHTML, like Gecko; compatible; ClaudeBot/1.0; [email protected])"
216.73.216.129 - - [20/Oct/2025:12:59:53 -0400] "GET /korowai-tribes-people-living-as-cannibals/korowai-tribes-people-living-as-cannibals-intro/feed/ HTTP/1.1" 200 939 "http://wahgazab.com/korowai-tribes-people-living-as-cannibals/korowai-tribes-people-living-as-cannibals-intro/feed" "Mozilla/5.0 AppleWebKit/537.36 (KHTML, like Gecko; compatible; ClaudeBot/1.0; [email protected])"
216.73.216.129 - - [20/Oct/2025:12:59:52 -0400] "GET /shahrukh-khan-celebrates-50th-birthday/ HTTP/1.1" 200 277918 "http://wahgazab.com/shahrukh-khan-celebrates-50th-birthday" "Mozilla/5.0 AppleWebKit/537.36 (KHTML, like Gecko; compatible; ClaudeBot/1.0; [email protected])"
216.73.216.129 - - [20/Oct/2025:12:59:54 -0400] "GET /girl-eats-poison-for-the-sake-of-love-at-the-lover-grave HTTP/1.1" 301 - "-" "Mozilla/5.0 AppleWebKit/537.36 (KHTML, like Gecko; compatible; ClaudeBot/1.0; [email protected])"
216.73.216.129 - - [20/Oct/2025:12:59:54 -0400] "GET /girl-eats-poison-for-the-sake-of-love-at-the-lover-grave/ HTTP/1.1" 200 284085 "http://wahgazab.com/girl-eats-poison-for-the-sake-of-love-at-the-lover-grave" "Mozilla/5.0 AppleWebKit/537.36 (KHTML, like Gecko; compatible; ClaudeBot/1.0; [email protected])"
57.141.0.5 - - [20/Oct/2025:13:00:13 -0400] "GET /animals-offer-prasad-before-humans-at-this-devi-patan-temple/ HTTP/1.1" 200 285538 "-" "meta-externalagent/1.1 (+https://developers.facebook.com/docs/sharing/webmasters/crawler)"
57.141.0.33 - - [20/Oct/2025:13:00:32 -0400] "GET /today-in-history-a-robot-from-nasa-reaches-mars/ HTTP/1.1" 200 281940 "-" "meta-externalagent/1.1 (+https://developers.facebook.com/docs/sharing/webmasters/crawler)"
134.122.18.148 - - [20/Oct/2025:13:00:53 -0400] "GET /wp-login.php HTTP/1.1" 200 5415 "-" "Mozilla/5.0 (Windows NT 10.0; Win64; x64; rv:54.0) Gecko/20100101 Firefox/54.0"
37.59.204.144 - - [20/Oct/2025:13:00:53 -0400] "GET /tag/the-dog-cafe/ HTTP/1.1" 200 121576 "-" "Mozilla/5.0 (compatible; AhrefsBot/7.0; +http://ahrefs.com/robot/)"
216.244.66.247 - - [20/Oct/2025:13:00:42 -0400] "GET /ranbir-ready-to-quit-smoking-for-katrina/ HTTP/1.1" 200 280079 "-" "Mozilla/5.0 (compatible; DotBot/1.2; +https://opensiteexplorer.org/dotbot; [email protected])"
57.141.0.21 - - [20/Oct/2025:13:01:29 -0400] "GET /people-never-build-the-first-floor-in-this-strange-village/ HTTP/1.1" 200 282813 "-" "meta-externalagent/1.1 (+https://developers.facebook.com/docs/sharing/webmasters/crawler)"
66.249.79.169 - - [20/Oct/2025:13:01:32 -0400] "GET /beautiful-watches-made-up-of-cow-and-buffalo-dung/ HTTP/1.1" 200 281603 "-" "Mozilla/5.0 (Linux; Android 6.0.1; Nexus 5X Build/MMB29P) AppleWebKit/537.36 (KHTML, like Gecko) Chrome/140.0.7339.207 Mobile Safari/537.36 (compatible; Googlebot/2.1; +http://www.google.com/bot.html)"
216.73.216.129 - - [20/Oct/2025:13:01:47 -0400] "GET /maruti-offers-diwali-gift HTTP/1.1" 301 - "-" "Mozilla/5.0 AppleWebKit/537.36 (KHTML, like Gecko; compatible; ClaudeBot/1.0; [email protected])"
216.73.216.129 - - [20/Oct/2025:13:01:48 -0400] "GET /korowai-tribes-people-living-as-cannibals/korowai-tribes-people-living-as-cannibals-2 HTTP/1.1" 301 - "-" "Mozilla/5.0 AppleWebKit/537.36 (KHTML, like Gecko; compatible; ClaudeBot/1.0; [email protected])"
216.73.216.129 - - [20/Oct/2025:13:01:48 -0400] "GET /maruti-offers-diwali-gift/ HTTP/1.1" 200 283718 "http://wahgazab.com/maruti-offers-diwali-gift" "Mozilla/5.0 AppleWebKit/537.36 (KHTML, like Gecko; compatible; ClaudeBot/1.0; [email protected])"
216.73.216.129 - - [20/Oct/2025:13:01:48 -0400] "GET /korowai-tribes-people-living-as-cannibals/korowai-tribes-people-living-as-cannibals-2/ HTTP/1.1" 200 122013 "http://wahgazab.com/korowai-tribes-people-living-as-cannibals/korowai-tribes-people-living-as-cannibals-2" "Mozilla/5.0 AppleWebKit/537.36 (KHTML, like Gecko; compatible; ClaudeBot/1.0; [email protected])"
216.73.216.129 - - [20/Oct/2025:13:01:50 -0400] "GET /girls-does-these-7-promises-to-her-future-husbands/couple-3 HTTP/1.1" 301 - "-" "Mozilla/5.0 AppleWebKit/537.36 (KHTML, like Gecko; compatible; ClaudeBot/1.0; [email protected])"
216.73.216.129 - - [20/Oct/2025:13:01:50 -0400] "GET /girls-does-these-7-promises-to-her-future-husbands/couple-3/ HTTP/1.1" 200 121581 "http://wahgazab.com/girls-does-these-7-promises-to-her-future-husbands/couple-3" "Mozilla/5.0 AppleWebKit/537.36 (KHTML, like Gecko; compatible; ClaudeBot/1.0; [email protected])"
176.117.66.130 - - [20/Oct/2025:13:02:00 -0400] "GET /wp-content/uploads/2015/10/Swine-Flu3..jpg HTTP/1.1" 200 74816 "-" "Mozilla/5.0 (X11; Linux x86_64) AppleWebKit/537.36 (KHTML, like Gecko) Chrome/121.0.0.0 Safari/537.36"
114.119.145.169 - - [20/Oct/2025:13:02:28 -0400] "GET /this-is-the-only-temple-where-headless-goddess-worshiped/chhinnamastachhinnamasta-templerajrappa2/ HTTP/1.1" 200 122085 "http://wahgazab.com/attachment-sitemap16.xml" "Mozilla/5.0 (Linux; Android 7.0;) AppleWebKit/537.36 (KHTML, like Gecko) Mobile Safari/537.36 (compatible; PetalBot;+https://webmaster.petalsearch.com/site/petalbot)"
57.141.0.11 - - [20/Oct/2025:13:02:51 -0400] "GET /these-pictures-of-pakistan-will-make-you-lmao/ HTTP/1.1" 200 283691 "-" "meta-externalagent/1.1 (+https://developers.facebook.com/docs/sharing/webmasters/crawler)"
37.59.204.135 - - [20/Oct/2025:13:02:58 -0400] "GET /tag/puppuccino/ HTTP/1.1" 200 121560 "-" "Mozilla/5.0 (compatible; AhrefsBot/7.0; +http://ahrefs.com/robot/)"
57.141.0.10 - - [20/Oct/2025:13:03:07 -0400] "GET /today-in-history-bhu-was-setup/ HTTP/1.1" 200 283443 "-" "meta-externalagent/1.1 (+https://developers.facebook.com/docs/sharing/webmasters/crawler)"
178.25.244.124 - - [20/Oct/2025:13:03:14 -0400] "GET /robots.txt HTTP/1.1" 200 112 "-" "Mozilla/5.0 (compatible; MJ12bot/v1.4.8; http://mj12bot.com/)"
178.25.244.124 - - [20/Oct/2025:13:03:15 -0400] "GET /tag/%E0%A4%B5%E0%A4%BF%E0%A4%A6%E0%A5%87%E0%A4%B6%E0%A5%80-%E0%A4%9C%E0%A5%8B%E0%A4%A1%E0%A4%BC%E0%A4%BE/ HTTP/1.1" 200 122176 "-" "Mozilla/5.0 (compatible; MJ12bot/v1.4.8; http://mj12bot.com/)"
178.25.244.124 - - [20/Oct/2025:13:03:18 -0400] "GET /tag/%E0%A4%93%E0%A4%B8%E0%A4%BE%E0%A4%AE%E0%A4%BE-%E0%A4%AC%E0%A4%BF%E0%A4%A8-%E0%A4%B2%E0%A4%BE%E0%A4%A6%E0%A5%87%E0%A4%A8/ HTTP/1.1" 200 121980 "-" "Mozilla/5.0 (compatible; MJ12bot/v1.4.8; http://mj12bot.com/)"
66.249.79.170 - - [20/Oct/2025:13:03:23 -0400] "GET /?a=3592959973303&channel=cc1b0f&from=form.php%3Fid%3D599733-10874%26name%3D%E3%82%AA%E3%83%BC%E3%83%A0%E9%9B%BB%E6%A9%9F+%E5%A4%96%E7%8E%84%E9%96%A2%E7%81%AF+%E3%83%9D%E3%83%BC%E3%83%81%E3%83%A9%E3%82%A4%E3%83%88+%E3%83%96%E3%83%A9%E3%82%B1%E3%83%83%E3%83%88%E3%83%A9%E3%82%A4%E3%83%88+LED+%E9%98%B2%E9%9B%A8%E5%9E%8B+LED%E9%9B%BB%E7%90%83%E5%B0%82%E7%94%A8+%E9%9B%BB%E6%B0%97%E5%B7%A5%E4%BA%8B%E3%82%BF%E3%82%A4%E3%83%97+%E3%83%96%E3%83%A9%E3%83%83%E3%82%AF+LT-SE26-T+06-4046+O HTTP/1.1" 301 - "-" "Mozilla/5.0 (Linux; Android 6.0.1; Nexus 5X Build/MMB29P) AppleWebKit/537.36 (KHTML, like Gecko) Chrome/140.0.7339.207 Mobile Safari/537.36 (compatible; Googlebot/2.1; +http://www.google.com/bot.html)"
66.249.79.169 - - [20/Oct/2025:13:03:24 -0400] "GET /?a=3592959973303&channel=cc1b0f&from=form.php%3Fid%3D599733-10874%26name%3D%E3%82%AA%E3%83%BC%E3%83%A0%E9%9B%BB%E6%A9%9F%20%E5%A4%96%E7%8E%84%E9%96%A2%E7%81%AF%20%E3%83%9D%E3%83%BC%E3%83%81%E3%83%A9%E3%82%A4%E3%83%88%20%E3%83%96%E3%83%A9%E3%82%B1%E3%83%83%E3%83%88%E3%83%A9%E3%82%A4%E3%83%88%20LED%20%E9%98%B2%E9%9B%A8%E5%9E%8B%20LED%E9%9B%BB%E7%90%83%E5%B0%82%E7%94%A8%20%E9%9B%BB%E6%B0%97%E5%B7%A5%E4%BA%8B%E3%82%BF%E3%82%A4%E3%83%97%20%E3%83%96%E3%83%A9%E3%83%83%E3%82%AF%20LT-SE26-T%2006-4046%20O HTTP/1.1" 200 200962 "-" "Mozilla/5.0 (Linux; Android 6.0.1; Nexus 5X Build/MMB29P) AppleWebKit/537.36 (KHTML, like Gecko) Chrome/140.0.7339.207 Mobile Safari/537.36 (compatible; Googlebot/2.1; +http://www.google.com/bot.html)"
178.25.244.124 - - [20/Oct/2025:13:03:25 -0400] "GET /this-golmaal-motorbike-made-up-of-scrap-materials-and-runs-with-kerosene-and-cng/ HTTP/1.1" 200 282391 "-" "Mozilla/5.0 (compatible; MJ12bot/v1.4.8; http://mj12bot.com/)"
216.73.216.129 - - [20/Oct/2025:13:03:41 -0400] "GET /people-worship-the-goddess-of-breast-at-this-weird-temple HTTP/1.1" 301 - "-" "Mozilla/5.0 AppleWebKit/537.36 (KHTML, like Gecko; compatible; ClaudeBot/1.0; [email protected])"
216.73.216.129 - - [20/Oct/2025:13:03:42 -0400] "GET /people-worship-the-goddess-of-breast-at-this-weird-temple/ HTTP/1.1" 200 283394 "http://wahgazab.com/people-worship-the-goddess-of-breast-at-this-weird-temple" "Mozilla/5.0 AppleWebKit/537.36 (KHTML, like Gecko; compatible; ClaudeBot/1.0; [email protected])"
216.73.216.129 - - [20/Oct/2025:13:03:43 -0400] "GET /this-giraffe-comes-here-daily-to-drink-beer/giraffe1 HTTP/1.1" 301 - "-" "Mozilla/5.0 AppleWebKit/537.36 (KHTML, like Gecko; compatible; ClaudeBot/1.0; [email protected])"
216.73.216.129 - - [20/Oct/2025:13:03:44 -0400] "GET /this-giraffe-comes-here-daily-to-drink-beer/giraffe1/ HTTP/1.1" 200 121531 "http://wahgazab.com/this-giraffe-comes-here-daily-to-drink-beer/giraffe1" "Mozilla/5.0 AppleWebKit/537.36 (KHTML, like Gecko; compatible; ClaudeBot/1.0; [email protected])"
17.241.227.211 - - [20/Oct/2025:13:03:51 -0400] "GET /tag/make-your-teddy-day-special/ HTTP/1.1" 200 121647 "-" "Mozilla/5.0 (Macintosh; Intel Mac OS X 10_15_7) AppleWebKit/605.1.15 (KHTML, like Gecko) Version/17.4 Safari/605.1.15 (Applebot/0.1; +http://www.apple.com/go/applebot)"
114.119.137.105 - - [20/Oct/2025:13:03:52 -0400] "GET /soldier-ranjeet-singh-and-kashmiri-girl-heart-wrenching-love-story/img_prem-kahani_2019_06/ HTTP/1.1" 200 120321 "http://wahgazab.com/attachment-sitemap26.xml" "Mozilla/5.0 (Linux; Android 7.0;) AppleWebKit/537.36 (KHTML, like Gecko) Mobile Safari/537.36 (compatible; PetalBot;+https://webmaster.petalsearch.com/site/petalbot)"
66.249.79.170 - - [20/Oct/2025:13:04:02 -0400] "GET /tag/male-goat/feed/ HTTP/1.1" 200 10115 "-" "Mozilla/5.0 (Linux; Android 6.0.1; Nexus 5X Build/MMB29P) AppleWebKit/537.36 (KHTML, like Gecko) Chrome/140.0.7339.207 Mobile Safari/537.36 (compatible; Googlebot/2.1; +http://www.google.com/bot.html)"
66.249.79.168 - - [20/Oct/2025:13:04:10 -0400] "GET /?a=75381181545501&channel=8e8f7c&from=brands.php%3Fid%3D1815455-267%26name%3D%E3%83%87%E3%82%A3%E3%82%BA%E3%83%8B%E3%83%BC%E3%80%80%E3%82%B9%E3%83%86%E3%83%A9%E3%83%AB%E3%83%BC%E3%80%80%E3%82%AF%E3%83%AA%E3%82%B9%E3%83%9E%E3%82%B9+2017+%E3%81%AC%E3%81%84%E3%81%90%E3%82%8B%E3%81%BF%E3%83%90%E3%83%83%E3%82%B8%E3%80%80%E3%83%9E%E3%82%B9%E3%82%B3%E3%83%83%E3%83%88 HTTP/1.1" 301 - "-" "Mozilla/5.0 (Linux; Android 6.0.1; Nexus 5X Build/MMB29P) AppleWebKit/537.36 (KHTML, like Gecko) Chrome/140.0.7339.207 Mobile Safari/537.36 (compatible; Googlebot/2.1; +http://www.google.com/bot.html)"
116.179.32.207 - - [20/Oct/2025:13:04:10 -0400] "GET /rohit-and-ritika-made-one-tied-a-knot-in-mumbai/ HTTP/1.1" 200 281849 "-" "Mozilla/5.0 (compatible; Baiduspider/2.0; +http://www.baidu.com/search/spider.html)"
66.249.79.169 - - [20/Oct/2025:13:04:11 -0400] "GET /?a=75381181545501&channel=8e8f7c&from=brands.php%3Fid%3D1815455-267%26name%3D%E3%83%87%E3%82%A3%E3%82%BA%E3%83%8B%E3%83%BC%E3%80%80%E3%82%B9%E3%83%86%E3%83%A9%E3%83%AB%E3%83%BC%E3%80%80%E3%82%AF%E3%83%AA%E3%82%B9%E3%83%9E%E3%82%B9%202017%20%E3%81%AC%E3%81%84%E3%81%90%E3%82%8B%E3%81%BF%E3%83%90%E3%83%83%E3%82%B8%E3%80%80%E3%83%9E%E3%82%B9%E3%82%B3%E3%83%83%E3%83%88 HTTP/1.1" 200 200962 "-" "Mozilla/5.0 (Linux; Android 6.0.1; Nexus 5X Build/MMB29P) AppleWebKit/537.36 (KHTML, like Gecko) Chrome/140.0.7339.207 Mobile Safari/537.36 (compatible; Googlebot/2.1; +http://www.google.com/bot.html)"
57.141.0.1 - - [20/Oct/2025:13:04:23 -0400] "GET /tag/work-at-home-will-make-you-a-millionaire-tips/ HTTP/1.1" 200 122259 "-" "meta-externalagent/1.1 (+https://developers.facebook.com/docs/sharing/webmasters/crawler)"
17.241.227.212 - - [20/Oct/2025:13:04:26 -0400] "GET /this-divine-tree-witnessed-the-virat-roop-of-lord-krishna/sony-dsc-5/ HTTP/1.1" 200 122278 "-" "Mozilla/5.0 (Macintosh; Intel Mac OS X 10_15_7) AppleWebKit/605.1.15 (KHTML, like Gecko) Version/17.4 Safari/605.1.15 (Applebot/0.1; +http://www.apple.com/go/applebot)"
37.139.53.253 - - [20/Oct/2025:13:04:39 -0400] "GET /never-plant-these-inauspicious-plant-in-your-house-as-it-can-cause-damage/ HTTP/1.0" 200 286281 "http://wahgazab.com/never-plant-these-inauspicious-plant-in-your-house-as-it-can-cause-damage/" "Mozilla/5.0 (Windows NT 10.0; Win64; x64) AppleWebKit/537.36 (KHTML, like Gecko) Chrome/130.0.0.0 Safari/537.36 CCleaner/130.0.0.0"
176.31.139.0 - - [20/Oct/2025:13:04:49 -0400] "GET /tag/things-when-having-differences-with-partner/ HTTP/1.1" 200 122084 "-" "Mozilla/5.0 (compatible; AhrefsBot/7.0; +http://ahrefs.com/robot/)"
37.139.53.253 - - [20/Oct/2025:13:04:40 -0400] "POST /wp-comments-post.php HTTP/1.0" 302 - "http://wahgazab.com/never-plant-these-inauspicious-plant-in-your-house-as-it-can-cause-damage/" "Mozilla/5.0 (Windows NT 10.0; Win64; x64) AppleWebKit/537.36 (KHTML, like Gecko) Chrome/130.0.0.0 Safari/537.36 CCleaner/130.0.0.0"
37.139.53.253 - - [20/Oct/2025:13:04:56 -0400] "GET /never-plant-these-inauspicious-plant-in-your-house-as-it-can-cause-damage/ HTTP/1.0" 200 355624 "http://wahgazab.com/never-plant-these-inauspicious-plant-in-your-house-as-it-can-cause-damage/#comment-20272" "Mozilla/5.0 (Windows NT 10.0; Win64; x64) AppleWebKit/537.36 (KHTML, like Gecko) Chrome/130.0.0.0 Safari/537.36 CCleaner/130.0.0.0"
114.119.137.105 - - [20/Oct/2025:13:05:17 -0400] "GET /know-about-the-real-annabelle-doll-who-has-taken-lives-of-many-people/doll-cove/ HTTP/1.1" 200 121538 "http://wahgazab.com/attachment-sitemap24.xml" "Mozilla/5.0 (Linux; Android 7.0;) AppleWebKit/537.36 (KHTML, like Gecko) Mobile Safari/537.36 (compatible; PetalBot;+https://webmaster.petalsearch.com/site/petalbot)"
121.91.170.21 - - [20/Oct/2025:13:05:31 -0400] "GET /tag/virat-kohli-and-sachin-tendulkar-asked-people-to-support-footballer-sunil-chhetris-plea/ HTTP/2.0" 200 122603 "http://wahgazab.com/tag/virat-kohli-and-sachin-tendulkar-asked-people-to-support-footballer-sunil-chhetris-plea/" "Mozilla/5.0 (Windows NT 10.0; Win64; x64) AppleWebKit/537.36 (KHTML, like Gecko) Chrome/116.0.0.0 Safari/537.36"
66.249.79.169 - - [20/Oct/2025:13:05:58 -0400] "GET /first-karva-chauth-in-bollywood-actress/harshdeep-kaurmankeet-singh/ HTTP/1.1" 200 122054 "-" "Mozilla/5.0 (Linux; Android 6.0.1; Nexus 5X Build/MMB29P) AppleWebKit/537.36 (KHTML, like Gecko) Chrome/140.0.7339.207 Mobile Safari/537.36 (compatible; Googlebot/2.1; +http://www.google.com/bot.html)"
121.91.170.21 - - [20/Oct/2025:13:05:31 -0400] "GET /tag/virat-kohli-and-sachin-tendulkar-asked-people-to-support-footballer-sunil-chhetris-plea/ HTTP/1.1" 101 - "http://wahgazab.com/tag/virat-kohli-and-sachin-tendulkar-asked-people-to-support-footballer-sunil-chhetris-plea/" "Mozilla/5.0 (Windows NT 10.0; Win64; x64) AppleWebKit/537.36 (KHTML, like Gecko) Chrome/116.0.0.0 Safari/537.36"
111.202.18.220 - - [20/Oct/2025:13:06:14 -0400] "GET /wp-content/uploads/2015/11/Umme-Ahmed-Shishir2.jpg HTTP/1.1" 200 76908 "-" "python-requests/2.31.0"
216.73.216.129 - - [20/Oct/2025:13:06:25 -0400] "GET /tag/1956-the-right-to-vote-to-women-in-egypt HTTP/1.1" 301 - "-" "Mozilla/5.0 AppleWebKit/537.36 (KHTML, like Gecko; compatible; ClaudeBot/1.0; [email protected])"
216.73.216.129 - - [20/Oct/2025:13:06:25 -0400] "GET /tag/1956-the-right-to-vote-to-women-in-egypt/ HTTP/1.1" 200 122460 "http://wahgazab.com/tag/1956-the-right-to-vote-to-women-in-egypt" "Mozilla/5.0 AppleWebKit/537.36 (KHTML, like Gecko; compatible; ClaudeBot/1.0; [email protected])"
216.73.216.129 - - [20/Oct/2025:13:06:25 -0400] "GET /wp-sitemap.xml HTTP/1.1" 200 3427 "-" "Mozilla/5.0 AppleWebKit/537.36 (KHTML, like Gecko; compatible; ClaudeBot/1.0; [email protected])"
216.73.216.129 - - [20/Oct/2025:13:06:26 -0400] "GET /korowai-tribes-people-living-as-cannibals/korowai-tribes-people-living-as-cannibals-content HTTP/1.1" 301 - "-" "Mozilla/5.0 AppleWebKit/537.36 (KHTML, like Gecko; compatible; ClaudeBot/1.0; [email protected])"
216.73.216.129 - - [20/Oct/2025:13:06:27 -0400] "GET /korowai-tribes-people-living-as-cannibals/korowai-tribes-people-living-as-cannibals-content/ HTTP/1.1" 200 122117 "http://wahgazab.com/korowai-tribes-people-living-as-cannibals/korowai-tribes-people-living-as-cannibals-content" "Mozilla/5.0 AppleWebKit/537.36 (KHTML, like Gecko; compatible; ClaudeBot/1.0; [email protected])"
114.119.140.84 - - [20/Oct/2025:13:06:41 -0400] "GET /6-things-do-not-eat-on-empty-stomach/spicy-food/ HTTP/1.1" 200 121699 "http://wahgazab.com/attachment-sitemap2.xml" "Mozilla/5.0 (Linux; Android 7.0;) AppleWebKit/537.36 (KHTML, like Gecko) Mobile Safari/537.36 (compatible; PetalBot;+https://webmaster.petalsearch.com/site/petalbot)"
94.23.188.193 - - [20/Oct/2025:13:06:44 -0400] "GET /tag/102-76-crore-airlift-yet/ HTTP/1.1" 200 121804 "-" "Mozilla/5.0 (compatible; AhrefsBot/7.0; +http://ahrefs.com/robot/)"
216.244.66.247 - - [20/Oct/2025:13:06:48 -0400] "GET /here-are-the-benefits-of-living-in-a-joint-family/ HTTP/1.1" 200 283338 "-" "Mozilla/5.0 (compatible; DotBot/1.2; +https://opensiteexplorer.org/dotbot; [email protected])"
216.73.216.129 - - [20/Oct/2025:13:06:52 -0400] "GET /horrible-and-weird-islands-in-the-world/5-68 HTTP/1.1" 301 - "-" "Mozilla/5.0 AppleWebKit/537.36 (KHTML, like Gecko; compatible; ClaudeBot/1.0; [email protected])"
216.73.216.129 - - [20/Oct/2025:13:06:53 -0400] "GET /horrible-and-weird-islands-in-the-world/5-68/ HTTP/1.1" 200 121921 "http://wahgazab.com/horrible-and-weird-islands-in-the-world/5-68" "Mozilla/5.0 AppleWebKit/537.36 (KHTML, like Gecko; compatible; ClaudeBot/1.0; [email protected])"
216.73.216.129 - - [20/Oct/2025:13:06:55 -0400] "GET /paneer-ki-imarti/paneer-ki-imarti1/feed HTTP/1.1" 301 - "-" "Mozilla/5.0 AppleWebKit/537.36 (KHTML, like Gecko; compatible; ClaudeBot/1.0; [email protected])"
216.73.216.129 - - [20/Oct/2025:13:06:55 -0400] "GET /unknown-facts-about-amitabh-bachhan/amitabhbhachhan4_14592268/feed HTTP/1.1" 301 - "-" "Mozilla/5.0 AppleWebKit/537.36 (KHTML, like Gecko; compatible; ClaudeBot/1.0; [email protected])"
216.73.216.129 - - [20/Oct/2025:13:06:55 -0400] "GET /paneer-ki-imarti/paneer-ki-imarti1/feed/ HTTP/1.1" 200 799 "http://wahgazab.com/paneer-ki-imarti/paneer-ki-imarti1/feed" "Mozilla/5.0 AppleWebKit/537.36 (KHTML, like Gecko; compatible; ClaudeBot/1.0; [email protected])"
216.73.216.129 - - [20/Oct/2025:13:06:56 -0400] "GET /unknown-facts-about-amitabh-bachhan/amitabhbhachhan4_14592268/feed/ HTTP/1.1" 200 861 "http://wahgazab.com/unknown-facts-about-amitabh-bachhan/amitabhbhachhan4_14592268/feed" "Mozilla/5.0 AppleWebKit/537.36 (KHTML, like Gecko; compatible; ClaudeBot/1.0; [email protected])"
66.249.79.168 - - [20/Oct/2025:13:07:30 -0400] "GET /wp-content/uploads/2018/04/Desh-2.jpg HTTP/1.1" 304 - "-" "Googlebot-Image/1.0"
216.244.66.247 - - [20/Oct/2025:13:07:25 -0400] "GET /post-your-picture-here-and-earn-thousands/ HTTP/1.1" 200 281546 "-" "Mozilla/5.0 (compatible; DotBot/1.2; +https://opensiteexplorer.org/dotbot; [email protected])"
57.141.0.63 - - [20/Oct/2025:13:07:42 -0400] "GET /visiting-us-becomes-easier-with-visa-temple/ HTTP/1.1" 200 281778 "-" "meta-externalagent/1.1 (+https://developers.facebook.com/docs/sharing/webmasters/crawler)"
111.202.18.220 - - [20/Oct/2025:13:08:00 -0400] "GET /wp-content/uploads/2016/03/virat6-150x150.jpg HTTP/1.1" 200 10567 "-" "python-requests/2.31.0"
114.119.142.37 - - [20/Oct/2025:13:08:03 -0400] "GET /a-man-makes-shopkeeper-fool-returning-a-packet-filling-with-dung-instead-of-ghee/a-man-makes-shopkeeper-fool-returning-a-packet-filling-with-dung-instead-of-ghee-content/ HTTP/1.1" 200 123120 "http://wahgazab.com/attachment-sitemap21.xml" "Mozilla/5.0 (Linux; Android 7.0;) AppleWebKit/537.36 (KHTML, like Gecko) Mobile Safari/537.36 (compatible; PetalBot;+https://webmaster.petalsearch.com/site/petalbot)"
66.249.79.169 - - [20/Oct/2025:13:08:10 -0400] "GET /lord-shiva-idol-placed-at-baba-badam-shah-dargah/lord-shiva-idol-placed-at-baba-badam-shah-dargah-2/ HTTP/1.1" 200 122330 "-" "Mozilla/5.0 (Linux; Android 6.0.1; Nexus 5X Build/MMB29P) AppleWebKit/537.36 (KHTML, like Gecko) Chrome/140.0.7339.207 Mobile Safari/537.36 (compatible; Googlebot/2.1; +http://www.google.com/bot.html)"
216.244.66.247 - - [20/Oct/2025:13:08:16 -0400] "GET /this-library-is-managed-by-donkeys/ HTTP/1.1" 200 284250 "-" "Mozilla/5.0 (compatible; DotBot/1.2; +https://opensiteexplorer.org/dotbot; [email protected])"
5.39.1.245 - - [20/Oct/2025:13:08:41 -0400] "GET /tag/dinosaurs/ HTTP/1.1" 200 125071 "-" "Mozilla/5.0 (compatible; AhrefsBot/7.0; +http://ahrefs.com/robot/)"
82.102.18.124 - - [20/Oct/2025:13:09:09 -0400] "GET / HTTP/1.1" 200 201202 "-" "Mozilla/5.0 (Windows NT 10.0; Win64; x64) AppleWebKit/537.36 (KHTML, like Gecko) Chrome/78.0.3904.108 Safari/537.36"
82.102.18.124 - - [20/Oct/2025:13:09:11 -0400] "GET /?author=1 HTTP/1.1" 301 - "-" "Mozilla/5.0 (Windows NT 10.0; Win64; x64) AppleWebKit/537.36 (KHTML, like Gecko) Chrome/78.0.3904.108 Safari/537.36"
82.102.18.124 - - [20/Oct/2025:13:09:12 -0400] "GET /?author=2 HTTP/1.1" 301 - "-" "Mozilla/5.0 (Windows NT 10.0; Win64; x64) AppleWebKit/537.36 (KHTML, like Gecko) Chrome/78.0.3904.108 Safari/537.36"
82.102.18.124 - - [20/Oct/2025:13:09:12 -0400] "GET /wp-json/wp/v2/users/ HTTP/1.1" 200 9495 "-" "Mozilla/5.0 (Windows NT 10.0; Win64; x64) AppleWebKit/537.36 (KHTML, like Gecko) Chrome/78.0.3904.108 Safari/537.36"
82.102.18.124 - - [20/Oct/2025:13:09:13 -0400] "POST /xmlrpc.php HTTP/1.1" 200 401 "-" "Mozilla/5.0 (Windows NT 10.0; Win64; x64) AppleWebKit/537.36 (KHTML, like Gecko) Chrome/78.0.3904.108 Safari/537.36"
82.102.18.124 - - [20/Oct/2025:13:09:17 -0400] "POST /xmlrpc.php HTTP/1.1" 200 401 "-" "Mozilla/5.0 (Windows NT 10.0; Win64; x64) AppleWebKit/537.36 (KHTML, like Gecko) Chrome/78.0.3904.108 Safari/537.36"
82.102.18.124 - - [20/Oct/2025:13:09:17 -0400] "POST /xmlrpc.php HTTP/1.1" 200 401 "-" "Mozilla/5.0 (Windows NT 10.0; Win64; x64) AppleWebKit/537.36 (KHTML, like Gecko) Chrome/78.0.3904.108 Safari/537.36"
82.102.18.124 - - [20/Oct/2025:13:09:18 -0400] "POST /xmlrpc.php HTTP/1.1" 200 401 "-" "Mozilla/5.0 (Windows NT 10.0; Win64; x64) AppleWebKit/537.36 (KHTML, like Gecko) Chrome/78.0.3904.108 Safari/537.36"
82.102.18.124 - - [20/Oct/2025:13:09:22 -0400] "POST /xmlrpc.php HTTP/1.1" 200 401 "-" "Mozilla/5.0 (Windows NT 10.0; Win64; x64) AppleWebKit/537.36 (KHTML, like Gecko) Chrome/78.0.3904.108 Safari/537.36"
82.102.18.124 - - [20/Oct/2025:13:09:26 -0400] "POST /xmlrpc.php HTTP/1.1" 200 401 "-" "Mozilla/5.0 (Windows NT 10.0; Win64; x64) AppleWebKit/537.36 (KHTML, like Gecko) Chrome/78.0.3904.108 Safari/537.36"
114.119.142.37 - - [20/Oct/2025:13:09:26 -0400] "GET /a-12-inches-long-aubergine-was-found-in-a-chinese-person-know-the-reason-behind-it/h-1-2/ HTTP/1.1" 200 121617 "http://wahgazab.com/attachment-sitemap25.xml" "Mozilla/5.0 (Linux; Android 7.0;) AppleWebKit/537.36 (KHTML, like Gecko) Mobile Safari/537.36 (compatible; PetalBot;+https://webmaster.petalsearch.com/site/petalbot)"
82.102.18.124 - - [20/Oct/2025:13:09:30 -0400] "POST /xmlrpc.php HTTP/1.1" 200 401 "-" "Mozilla/5.0 (Windows NT 10.0; Win64; x64) AppleWebKit/537.36 (KHTML, like Gecko) Chrome/78.0.3904.108 Safari/537.36"
82.102.18.124 - - [20/Oct/2025:13:09:32 -0400] "POST /xmlrpc.php HTTP/1.1" 200 401 "-" "Mozilla/5.0 (Windows NT 10.0; Win64; x64) AppleWebKit/537.36 (KHTML, like Gecko) Chrome/78.0.3904.108 Safari/537.36"
82.102.18.124 - - [20/Oct/2025:13:09:33 -0400] "POST /xmlrpc.php HTTP/1.1" 200 401 "-" "Mozilla/5.0 (Windows NT 10.0; Win64; x64) AppleWebKit/537.36 (KHTML, like Gecko) Chrome/78.0.3904.108 Safari/537.36"
82.102.18.124 - - [20/Oct/2025:13:09:34 -0400] "POST /xmlrpc.php HTTP/1.1" 200 401 "-" "Mozilla/5.0 (Windows NT 10.0; Win64; x64) AppleWebKit/537.36 (KHTML, like Gecko) Chrome/78.0.3904.108 Safari/537.36"
82.102.18.124 - - [20/Oct/2025:13:09:35 -0400] "POST /xmlrpc.php HTTP/1.1" 200 401 "-" "Mozilla/5.0 (Windows NT 10.0; Win64; x64) AppleWebKit/537.36 (KHTML, like Gecko) Chrome/78.0.3904.108 Safari/537.36"
82.102.18.124 - - [20/Oct/2025:13:09:37 -0400] "POST /xmlrpc.php HTTP/1.1" 200 401 "-" "Mozilla/5.0 (Windows NT 10.0; Win64; x64) AppleWebKit/537.36 (KHTML, like Gecko) Chrome/78.0.3904.108 Safari/537.36"
216.73.216.129 - - [20/Oct/2025:13:09:37 -0400] "GET /how-did-the-stars-look-in-their-childhood/%e0%a4%b0%e0%a4%bf%e0%a4%a4%e0%a4%b5%e0%a4%bf%e0%a4%95-%e0%a4%a7%e0%a4%a8%e0%a4%9c%e0%a4%be%e0%a4%a8%e0%a5%80/feed HTTP/1.1" 301 - "-" "Mozilla/5.0 AppleWebKit/537.36 (KHTML, like Gecko; compatible; ClaudeBot/1.0; [email protected])"
82.102.18.124 - - [20/Oct/2025:13:09:38 -0400] "POST /xmlrpc.php HTTP/1.1" 200 401 "-" "Mozilla/5.0 (Windows NT 10.0; Win64; x64) AppleWebKit/537.36 (KHTML, like Gecko) Chrome/78.0.3904.108 Safari/537.36"
216.73.216.129 - - [20/Oct/2025:13:09:38 -0400] "GET /the-son-of-a-laborer-gains-high-profile-in-google/ramchandra1/feed HTTP/1.1" 301 - "-" "Mozilla/5.0 AppleWebKit/537.36 (KHTML, like Gecko; compatible; ClaudeBot/1.0; [email protected])"
216.73.216.129 - - [20/Oct/2025:13:09:38 -0400] "GET /how-did-the-stars-look-in-their-childhood/%e0%a4%b0%e0%a4%bf%e0%a4%a4%e0%a4%b5%e0%a4%bf%e0%a4%95-%e0%a4%a7%e0%a4%a8%e0%a4%9c%e0%a4%be%e0%a4%a8%e0%a5%80/feed/ HTTP/1.1" 200 1053 "http://wahgazab.com/how-did-the-stars-look-in-their-childhood/%e0%a4%b0%e0%a4%bf%e0%a4%a4%e0%a4%b5%e0%a4%bf%e0%a4%95-%e0%a4%a7%e0%a4%a8%e0%a4%9c%e0%a4%be%e0%a4%a8%e0%a5%80/feed" "Mozilla/5.0 AppleWebKit/537.36 (KHTML, like Gecko; compatible; ClaudeBot/1.0; [email protected])"
216.73.216.129 - - [20/Oct/2025:13:09:39 -0400] "GET /the-son-of-a-laborer-gains-high-profile-in-google/ramchandra1/feed/ HTTP/1.1" 200 847 "http://wahgazab.com/the-son-of-a-laborer-gains-high-profile-in-google/ramchandra1/feed" "Mozilla/5.0 AppleWebKit/537.36 (KHTML, like Gecko; compatible; ClaudeBot/1.0; [email protected])"
82.102.18.124 - - [20/Oct/2025:13:09:39 -0400] "POST /xmlrpc.php HTTP/1.1" 200 401 "-" "Mozilla/5.0 (Windows NT 10.0; Win64; x64) AppleWebKit/537.36 (KHTML, like Gecko) Chrome/78.0.3904.108 Safari/537.36"
82.102.18.124 - - [20/Oct/2025:13:09:45 -0400] "POST /xmlrpc.php HTTP/1.1" 200 401 "-" "Mozilla/5.0 (Windows NT 10.0; Win64; x64) AppleWebKit/537.36 (KHTML, like Gecko) Chrome/78.0.3904.108 Safari/537.36"
82.102.18.124 - - [20/Oct/2025:13:09:46 -0400] "POST /xmlrpc.php HTTP/1.1" 200 401 "-" "Mozilla/5.0 (Windows NT 10.0; Win64; x64) AppleWebKit/537.36 (KHTML, like Gecko) Chrome/78.0.3904.108 Safari/537.36"
82.102.18.124 - - [20/Oct/2025:13:09:47 -0400] "POST /xmlrpc.php HTTP/1.1" 200 401 "-" "Mozilla/5.0 (Windows NT 10.0; Win64; x64) AppleWebKit/537.36 (KHTML, like Gecko) Chrome/78.0.3904.108 Safari/537.36"
82.102.18.124 - - [20/Oct/2025:13:09:48 -0400] "POST /xmlrpc.php HTTP/1.1" 200 401 "-" "Mozilla/5.0 (Windows NT 10.0; Win64; x64) AppleWebKit/537.36 (KHTML, like Gecko) Chrome/78.0.3904.108 Safari/537.36"
82.102.18.124 - - [20/Oct/2025:13:09:48 -0400] "POST /xmlrpc.php HTTP/1.1" 200 401 "-" "Mozilla/5.0 (Windows NT 10.0; Win64; x64) AppleWebKit/537.36 (KHTML, like Gecko) Chrome/78.0.3904.108 Safari/537.36"
82.102.18.124 - - [20/Oct/2025:13:09:49 -0400] "POST /xmlrpc.php HTTP/1.1" 200 401 "-" "Mozilla/5.0 (Windows NT 10.0; Win64; x64) AppleWebKit/537.36 (KHTML, like Gecko) Chrome/78.0.3904.108 Safari/537.36"
82.102.18.124 - - [20/Oct/2025:13:09:50 -0400] "POST /xmlrpc.php HTTP/1.1" 200 401 "-" "Mozilla/5.0 (Windows NT 10.0; Win64; x64) AppleWebKit/537.36 (KHTML, like Gecko) Chrome/78.0.3904.108 Safari/537.36"
82.102.18.124 - - [20/Oct/2025:13:09:52 -0400] "POST /xmlrpc.php HTTP/1.1" 200 401 "-" "Mozilla/5.0 (Windows NT 10.0; Win64; x64) AppleWebKit/537.36 (KHTML, like Gecko) Chrome/78.0.3904.108 Safari/537.36"
82.102.18.124 - - [20/Oct/2025:13:09:52 -0400] "POST /xmlrpc.php HTTP/1.1" 200 401 "-" "Mozilla/5.0 (Windows NT 10.0; Win64; x64) AppleWebKit/537.36 (KHTML, like Gecko) Chrome/78.0.3904.108 Safari/537.36"
82.102.18.124 - - [20/Oct/2025:13:09:53 -0400] "POST /xmlrpc.php HTTP/1.1" 200 401 "-" "Mozilla/5.0 (Windows NT 10.0; Win64; x64) AppleWebKit/537.36 (KHTML, like Gecko) Chrome/78.0.3904.108 Safari/537.36"
82.102.18.124 - - [20/Oct/2025:13:09:54 -0400] "POST /xmlrpc.php HTTP/1.1" 200 401 "-" "Mozilla/5.0 (Windows NT 10.0; Win64; x64) AppleWebKit/537.36 (KHTML, like Gecko) Chrome/78.0.3904.108 Safari/537.36"
82.102.18.124 - - [20/Oct/2025:13:09:55 -0400] "POST /xmlrpc.php HTTP/1.1" 200 401 "-" "Mozilla/5.0 (Windows NT 10.0; Win64; x64) AppleWebKit/537.36 (KHTML, like Gecko) Chrome/78.0.3904.108 Safari/537.36"
82.102.18.124 - - [20/Oct/2025:13:09:56 -0400] "POST /xmlrpc.php HTTP/1.1" 200 401 "-" "Mozilla/5.0 (Windows NT 10.0; Win64; x64) AppleWebKit/537.36 (KHTML, like Gecko) Chrome/78.0.3904.108 Safari/537.36"
82.102.18.124 - - [20/Oct/2025:13:09:58 -0400] "POST /xmlrpc.php HTTP/1.1" 200 401 "-" "Mozilla/5.0 (Windows NT 10.0; Win64; x64) AppleWebKit/537.36 (KHTML, like Gecko) Chrome/78.0.3904.108 Safari/537.36"
82.102.18.124 - - [20/Oct/2025:13:10:03 -0400] "POST /xmlrpc.php HTTP/1.1" 200 401 "-" "Mozilla/5.0 (Windows NT 10.0; Win64; x64) AppleWebKit/537.36 (KHTML, like Gecko) Chrome/78.0.3904.108 Safari/537.36"
82.102.18.124 - - [20/Oct/2025:13:10:04 -0400] "POST /xmlrpc.php HTTP/1.1" 200 401 "-" "Mozilla/5.0 (Windows NT 10.0; Win64; x64) AppleWebKit/537.36 (KHTML, like Gecko) Chrome/78.0.3904.108 Safari/537.36"
82.102.18.124 - - [20/Oct/2025:13:10:04 -0400] "POST /xmlrpc.php HTTP/1.1" 200 401 "-" "Mozilla/5.0 (Windows NT 10.0; Win64; x64) AppleWebKit/537.36 (KHTML, like Gecko) Chrome/78.0.3904.108 Safari/537.36"
82.102.18.124 - - [20/Oct/2025:13:10:07 -0400] "POST /xmlrpc.php HTTP/1.1" 200 401 "-" "Mozilla/5.0 (Windows NT 10.0; Win64; x64) AppleWebKit/537.36 (KHTML, like Gecko) Chrome/78.0.3904.108 Safari/537.36"
57.141.0.17 - - [20/Oct/2025:13:10:09 -0400] "GET /use-these-methods-to-mitigate-the-effects-of-snake-poison/ HTTP/1.1" 200 281426 "-" "meta-externalagent/1.1 (+https://developers.facebook.com/docs/sharing/webmasters/crawler)"
57.141.0.10 - - [20/Oct/2025:13:10:18 -0400] "GET /decent-boys-get-cheated-in-love/1428_6c81b1d08883e67c3f871ec9ccc5570f/ HTTP/1.1" 200 122117 "-" "meta-externalagent/1.1 (+https://developers.facebook.com/docs/sharing/webmasters/crawler)"
17.246.23.215 - - [20/Oct/2025:13:10:45 -0400] "GET /tag/all-problems/ HTTP/1.1" 200 121647 "-" "Mozilla/5.0 (Macintosh; Intel Mac OS X 10_15_7) AppleWebKit/605.1.15 (KHTML, like Gecko) Version/17.4 Safari/605.1.15 (Applebot/0.1; +http://www.apple.com/go/applebot)"
82.102.18.124 - - [20/Oct/2025:13:10:55 -0400] "POST /xmlrpc.php HTTP/1.1" 200 401 "-" "Mozilla/5.0 (Windows NT 10.0; Win64; x64) AppleWebKit/537.36 (KHTML, like Gecko) Chrome/78.0.3904.108 Safari/537.36"
82.102.18.124 - - [20/Oct/2025:13:10:56 -0400] "POST /xmlrpc.php HTTP/1.1" 200 401 "-" "Mozilla/5.0 (Windows NT 10.0; Win64; x64) AppleWebKit/537.36 (KHTML, like Gecko) Chrome/78.0.3904.108 Safari/537.36"
82.102.18.124 - - [20/Oct/2025:13:10:57 -0400] "POST /xmlrpc.php HTTP/1.1" 200 401 "-" "Mozilla/5.0 (Windows NT 10.0; Win64; x64) AppleWebKit/537.36 (KHTML, like Gecko) Chrome/78.0.3904.108 Safari/537.36"
82.102.18.124 - - [20/Oct/2025:13:11:00 -0400] "POST /xmlrpc.php HTTP/1.1" 200 401 "-" "Mozilla/5.0 (Windows NT 10.0; Win64; x64) AppleWebKit/537.36 (KHTML, like Gecko) Chrome/78.0.3904.108 Safari/537.36"
82.102.18.124 - - [20/Oct/2025:13:11:01 -0400] "POST /xmlrpc.php HTTP/1.1" 200 401 "-" "Mozilla/5.0 (Windows NT 10.0; Win64; x64) AppleWebKit/537.36 (KHTML, like Gecko) Chrome/78.0.3904.108 Safari/537.36"
82.102.18.124 - - [20/Oct/2025:13:11:02 -0400] "POST /xmlrpc.php HTTP/1.1" 200 401 "-" "Mozilla/5.0 (Windows NT 10.0; Win64; x64) AppleWebKit/537.36 (KHTML, like Gecko) Chrome/78.0.3904.108 Safari/537.36"
82.102.18.124 - - [20/Oct/2025:13:11:04 -0400] "POST /xmlrpc.php HTTP/1.1" 200 401 "-" "Mozilla/5.0 (Windows NT 10.0; Win64; x64) AppleWebKit/537.36 (KHTML, like Gecko) Chrome/78.0.3904.108 Safari/537.36"
82.102.18.124 - - [20/Oct/2025:13:11:04 -0400] "POST /xmlrpc.php HTTP/1.1" 200 401 "-" "Mozilla/5.0 (Windows NT 10.0; Win64; x64) AppleWebKit/537.36 (KHTML, like Gecko) Chrome/78.0.3904.108 Safari/537.36"
82.102.18.124 - - [20/Oct/2025:13:11:05 -0400] "POST /xmlrpc.php HTTP/1.1" 200 401 "-" "Mozilla/5.0 (Windows NT 10.0; Win64; x64) AppleWebKit/537.36 (KHTML, like Gecko) Chrome/78.0.3904.108 Safari/537.36"
82.102.18.124 - - [20/Oct/2025:13:11:06 -0400] "POST /xmlrpc.php HTTP/1.1" 200 401 "-" "Mozilla/5.0 (Windows NT 10.0; Win64; x64) AppleWebKit/537.36 (KHTML, like Gecko) Chrome/78.0.3904.108 Safari/537.36"
82.102.18.124 - - [20/Oct/2025:13:11:07 -0400] "POST /xmlrpc.php HTTP/1.1" 200 401 "-" "Mozilla/5.0 (Windows NT 10.0; Win64; x64) AppleWebKit/537.36 (KHTML, like Gecko) Chrome/78.0.3904.108 Safari/537.36"
82.102.18.124 - - [20/Oct/2025:13:11:08 -0400] "POST /xmlrpc.php HTTP/1.1" 200 401 "-" "Mozilla/5.0 (Windows NT 10.0; Win64; x64) AppleWebKit/537.36 (KHTML, like Gecko) Chrome/78.0.3904.108 Safari/537.36"
82.102.18.124 - - [20/Oct/2025:13:11:10 -0400] "POST /xmlrpc.php HTTP/1.1" 200 401 "-" "Mozilla/5.0 (Windows NT 10.0; Win64; x64) AppleWebKit/537.36 (KHTML, like Gecko) Chrome/78.0.3904.108 Safari/537.36"
82.102.18.124 - - [20/Oct/2025:13:11:11 -0400] "POST /xmlrpc.php HTTP/1.1" 200 401 "-" "Mozilla/5.0 (Windows NT 10.0; Win64; x64) AppleWebKit/537.36 (KHTML, like Gecko) Chrome/78.0.3904.108 Safari/537.36"
82.102.18.124 - - [20/Oct/2025:13:11:12 -0400] "POST /xmlrpc.php HTTP/1.1" 200 401 "-" "Mozilla/5.0 (Windows NT 10.0; Win64; x64) AppleWebKit/537.36 (KHTML, like Gecko) Chrome/78.0.3904.108 Safari/537.36"
82.102.18.124 - - [20/Oct/2025:13:11:12 -0400] "POST /xmlrpc.php HTTP/1.1" 200 401 "-" "Mozilla/5.0 (Windows NT 10.0; Win64; x64) AppleWebKit/537.36 (KHTML, like Gecko) Chrome/78.0.3904.108 Safari/537.36"
82.102.18.124 - - [20/Oct/2025:13:11:13 -0400] "POST /xmlrpc.php HTTP/1.1" 200 401 "-" "Mozilla/5.0 (Windows NT 10.0; Win64; x64) AppleWebKit/537.36 (KHTML, like Gecko) Chrome/78.0.3904.108 Safari/537.36"
66.249.79.169 - - [20/Oct/2025:13:11:15 -0400] "GET /lord-shiva-idol-placed-at-baba-badam-shah-dargah/lord-shiva-idol-placed-at-baba-badam-shah-dargah-2/ HTTP/1.1" 200 122330 "-" "Mozilla/5.0 (Linux; Android 6.0.1; Nexus 5X Build/MMB29P) AppleWebKit/537.36 (KHTML, like Gecko) Chrome/140.0.7339.207 Mobile Safari/537.36 (compatible; GoogleOther)"
57.141.0.31 - - [20/Oct/2025:13:11:15 -0400] "GET /woman-weighs-200-kgs-earns-lakhs/ HTTP/1.1" 200 281067 "-" "meta-externalagent/1.1 (+https://developers.facebook.com/docs/sharing/webmasters/crawler)"
82.102.18.124 - - [20/Oct/2025:13:11:17 -0400] "POST /xmlrpc.php HTTP/1.1" 200 401 "-" "Mozilla/5.0 (Windows NT 10.0; Win64; x64) AppleWebKit/537.36 (KHTML, like Gecko) Chrome/78.0.3904.108 Safari/537.36"
216.73.216.129 - - [20/Oct/2025:13:11:19 -0400] "GET /a-fox-frozen-in-this-chilling-cold/fox-frozen-ice HTTP/1.1" 301 - "-" "Mozilla/5.0 AppleWebKit/537.36 (KHTML, like Gecko; compatible; ClaudeBot/1.0; [email protected])"
216.73.216.129 - - [20/Oct/2025:13:11:19 -0400] "GET /roaming-spirits-scream-in-this-fort-since-ages/talbehat2 HTTP/1.1" 301 - "-" "Mozilla/5.0 AppleWebKit/537.36 (KHTML, like Gecko; compatible; ClaudeBot/1.0; [email protected])"
216.73.216.129 - - [20/Oct/2025:13:11:19 -0400] "GET /a-fox-frozen-in-this-chilling-cold/fox-frozen-ice/ HTTP/1.1" 200 121673 "http://wahgazab.com/a-fox-frozen-in-this-chilling-cold/fox-frozen-ice" "Mozilla/5.0 AppleWebKit/537.36 (KHTML, like Gecko; compatible; ClaudeBot/1.0; [email protected])"
216.73.216.129 - - [20/Oct/2025:13:11:20 -0400] "GET /roaming-spirits-scream-in-this-fort-since-ages/talbehat2/ HTTP/1.1" 200 122166 "http://wahgazab.com/roaming-spirits-scream-in-this-fort-since-ages/talbehat2" "Mozilla/5.0 AppleWebKit/537.36 (KHTML, like Gecko; compatible; ClaudeBot/1.0; [email protected])"
82.102.18.124 - - [20/Oct/2025:13:11:29 -0400] "POST /xmlrpc.php HTTP/1.1" 200 401 "-" "Mozilla/5.0 (Windows NT 10.0; Win64; x64) AppleWebKit/537.36 (KHTML, like Gecko) Chrome/78.0.3904.108 Safari/537.36"
82.102.18.124 - - [20/Oct/2025:13:11:29 -0400] "POST /xmlrpc.php HTTP/1.1" 200 401 "-" "Mozilla/5.0 (Windows NT 10.0; Win64; x64) AppleWebKit/537.36 (KHTML, like Gecko) Chrome/78.0.3904.108 Safari/537.36"
82.102.18.124 - - [20/Oct/2025:13:11:30 -0400] "POST /xmlrpc.php HTTP/1.1" 200 401 "-" "Mozilla/5.0 (Windows NT 10.0; Win64; x64) AppleWebKit/537.36 (KHTML, like Gecko) Chrome/78.0.3904.108 Safari/537.36"
82.102.18.124 - - [20/Oct/2025:13:11:32 -0400] "POST /xmlrpc.php HTTP/1.1" 200 401 "-" "Mozilla/5.0 (Windows NT 10.0; Win64; x64) AppleWebKit/537.36 (KHTML, like Gecko) Chrome/78.0.3904.108 Safari/537.36"
82.102.18.124 - - [20/Oct/2025:13:11:37 -0400] "POST /xmlrpc.php HTTP/1.1" 200 401 "-" "Mozilla/5.0 (Windows NT 10.0; Win64; x64) AppleWebKit/537.36 (KHTML, like Gecko) Chrome/78.0.3904.108 Safari/537.36"
82.102.18.124 - - [20/Oct/2025:13:11:38 -0400] "POST /xmlrpc.php HTTP/1.1" 200 401 "-" "Mozilla/5.0 (Windows NT 10.0; Win64; x64) AppleWebKit/537.36 (KHTML, like Gecko) Chrome/78.0.3904.108 Safari/537.36"
82.102.18.124 - - [20/Oct/2025:13:11:39 -0400] "POST /xmlrpc.php HTTP/1.1" 200 401 "-" "Mozilla/5.0 (Windows NT 10.0; Win64; x64) AppleWebKit/537.36 (KHTML, like Gecko) Chrome/78.0.3904.108 Safari/537.36"
82.102.18.124 - - [20/Oct/2025:13:11:39 -0400] "POST /xmlrpc.php HTTP/1.1" 200 401 "-" "Mozilla/5.0 (Windows NT 10.0; Win64; x64) AppleWebKit/537.36 (KHTML, like Gecko) Chrome/78.0.3904.108 Safari/537.36"
82.102.18.124 - - [20/Oct/2025:13:11:40 -0400] "POST /xmlrpc.php HTTP/1.1" 200 401 "-" "Mozilla/5.0 (Windows NT 10.0; Win64; x64) AppleWebKit/537.36 (KHTML, like Gecko) Chrome/78.0.3904.108 Safari/537.36"
82.102.18.124 - - [20/Oct/2025:13:11:41 -0400] "POST /xmlrpc.php HTTP/1.1" 200 401 "-" "Mozilla/5.0 (Windows NT 10.0; Win64; x64) AppleWebKit/537.36 (KHTML, like Gecko) Chrome/78.0.3904.108 Safari/537.36"
82.102.18.124 - - [20/Oct/2025:13:11:42 -0400] "POST /xmlrpc.php HTTP/1.1" 200 401 "-" "Mozilla/5.0 (Windows NT 10.0; Win64; x64) AppleWebKit/537.36 (KHTML, like Gecko) Chrome/78.0.3904.108 Safari/537.36"
82.102.18.124 - - [20/Oct/2025:13:11:43 -0400] "POST /xmlrpc.php HTTP/1.1" 200 401 "-" "Mozilla/5.0 (Windows NT 10.0; Win64; x64) AppleWebKit/537.36 (KHTML, like Gecko) Chrome/78.0.3904.108 Safari/537.36"
82.102.18.124 - - [20/Oct/2025:13:11:43 -0400] "POST /xmlrpc.php HTTP/1.1" 200 401 "-" "Mozilla/5.0 (Windows NT 10.0; Win64; x64) AppleWebKit/537.36 (KHTML, like Gecko) Chrome/78.0.3904.108 Safari/537.36"
82.102.18.124 - - [20/Oct/2025:13:11:44 -0400] "POST /xmlrpc.php HTTP/1.1" 200 401 "-" "Mozilla/5.0 (Windows NT 10.0; Win64; x64) AppleWebKit/537.36 (KHTML, like Gecko) Chrome/78.0.3904.108 Safari/537.36"
82.102.18.124 - - [20/Oct/2025:13:11:50 -0400] "POST /xmlrpc.php HTTP/1.1" 200 401 "-" "Mozilla/5.0 (Windows NT 10.0; Win64; x64) AppleWebKit/537.36 (KHTML, like Gecko) Chrome/78.0.3904.108 Safari/537.36"
82.102.18.124 - - [20/Oct/2025:13:11:52 -0400] "POST /xmlrpc.php HTTP/1.1" 200 401 "-" "Mozilla/5.0 (Windows NT 10.0; Win64; x64) AppleWebKit/537.36 (KHTML, like Gecko) Chrome/78.0.3904.108 Safari/537.36"
82.102.18.124 - - [20/Oct/2025:13:11:54 -0400] "POST /xmlrpc.php HTTP/1.1" 200 401 "-" "Mozilla/5.0 (Windows NT 10.0; Win64; x64) AppleWebKit/537.36 (KHTML, like Gecko) Chrome/78.0.3904.108 Safari/537.36"
82.102.18.124 - - [20/Oct/2025:13:11:56 -0400] "POST /xmlrpc.php HTTP/1.1" 200 401 "-" "Mozilla/5.0 (Windows NT 10.0; Win64; x64) AppleWebKit/537.36 (KHTML, like Gecko) Chrome/78.0.3904.108 Safari/537.36"
82.102.18.124 - - [20/Oct/2025:13:11:57 -0400] "POST /xmlrpc.php HTTP/1.1" 200 401 "-" "Mozilla/5.0 (Windows NT 10.0; Win64; x64) AppleWebKit/537.36 (KHTML, like Gecko) Chrome/78.0.3904.108 Safari/537.36"
82.102.18.124 - - [20/Oct/2025:13:11:58 -0400] "POST /xmlrpc.php HTTP/1.1" 200 401 "-" "Mozilla/5.0 (Windows NT 10.0; Win64; x64) AppleWebKit/537.36 (KHTML, like Gecko) Chrome/78.0.3904.108 Safari/537.36"
163.177.34.40 - - [20/Oct/2025:13:12:01 -0400] "GET /bjp-exploited-me-for-their-political-gain-rakhi-sawant HTTP/1.0" 301 - "http://m.baidu.com/s?wd=purposejsv" "Mozilla/5.0 (Windows NT 6.1; WOW64; rv:43.0) Gecko/20100101 Firefox/43.0"
82.102.18.124 - - [20/Oct/2025:13:12:02 -0400] "POST /xmlrpc.php HTTP/1.1" 200 401 "-" "Mozilla/5.0 (Windows NT 10.0; Win64; x64) AppleWebKit/537.36 (KHTML, like Gecko) Chrome/78.0.3904.108 Safari/537.36"
163.177.34.63 - - [20/Oct/2025:13:12:02 -0400] "GET /bjp-exploited-me-for-their-political-gain-rakhi-sawant/ HTTP/1.0" 200 281946 "-" "Mozilla/5.0 (Windows NT 6.1; WOW64; rv:43.0) Gecko/20100101 Firefox/43.0"
163.177.34.43 - - [20/Oct/2025:13:12:03 -0400] "GET /wp-content/plugins/td-composer/td-multi-purpose/style.css?ver=492e3cf54bd42df3b24a3de8e2307cafx HTTP/1.0" 200 38952 "http://wahgazab.com/bjp-exploited-me-for-their-political-gain-rakhi-sawant/" "Mozilla/5.0 (Windows NT 6.1; WOW64; rv:43.0) Gecko/20100101 Firefox/43.0"
163.177.34.67 - - [20/Oct/2025:13:12:03 -0400] "GET /wp-includes/css/dist/block-library/style.min.css?ver=6.8.3 HTTP/1.0" 200 116345 "http://wahgazab.com/bjp-exploited-me-for-their-political-gain-rakhi-sawant/" "Mozilla/5.0 (Windows NT 6.1; WOW64; rv:43.0) Gecko/20100101 Firefox/43.0"
163.177.34.73 - - [20/Oct/2025:13:12:03 -0400] "GET /wp-content/themes/Newspaper/style.css?ver=12.7.1 HTTP/1.0" 200 158737 "http://wahgazab.com/bjp-exploited-me-for-their-political-gain-rakhi-sawant/" "Mozilla/5.0 (Windows NT 6.1; WOW64; rv:43.0) Gecko/20100101 Firefox/43.0"
163.177.34.42 - - [20/Oct/2025:13:12:04 -0400] "GET /wp-content/plugins/td-cloud-library/assets/css/tdb_main.css?ver=d578089f160957352b9b4ca6d880fd8f HTTP/1.0" 200 48249 "http://wahgazab.com/bjp-exploited-me-for-their-political-gain-rakhi-sawant/" "Mozilla/5.0 (Windows NT 6.1; WOW64; rv:43.0) Gecko/20100101 Firefox/43.0"
82.102.18.124 - - [20/Oct/2025:13:12:03 -0400] "POST /xmlrpc.php HTTP/1.1" 200 401 "-" "Mozilla/5.0 (Windows NT 10.0; Win64; x64) AppleWebKit/537.36 (KHTML, like Gecko) Chrome/78.0.3904.108 Safari/537.36"
163.177.34.78 - - [20/Oct/2025:13:12:03 -0400] "GET /wp-content/plugins/td-composer/legacy/Newspaper/assets/css/td_legacy_main.css?ver=492e3cf54bd42df3b24a3de8e2307cafx HTTP/1.0" 200 173151 "http://wahgazab.com/bjp-exploited-me-for-their-political-gain-rakhi-sawant/" "Mozilla/5.0 (Windows NT 6.1; WOW64; rv:43.0) Gecko/20100101 Firefox/43.0"
163.177.34.67 - - [20/Oct/2025:13:12:04 -0400] "GET /wp-includes/js/jquery/jquery.min.js?ver=3.7.1 HTTP/1.0" 200 87553 "http://wahgazab.com/bjp-exploited-me-for-their-political-gain-rakhi-sawant/" "Mozilla/5.0 (Windows NT 6.1; WOW64; rv:43.0) Gecko/20100101 Firefox/43.0"
163.177.34.53 - - [20/Oct/2025:13:12:04 -0400] "GET /wp-includes/js/jquery/jquery-migrate.min.js?ver=3.4.1 HTTP/1.0" 200 13577 "http://wahgazab.com/bjp-exploited-me-for-their-political-gain-rakhi-sawant/" "Mozilla/5.0 (Windows NT 6.1; WOW64; rv:43.0) Gecko/20100101 Firefox/43.0"
163.177.34.64 - - [20/Oct/2025:13:12:05 -0400] "GET /wp-content/plugins/td-composer/legacy/Newspaper/js/tdSmartSidebar.js?ver=12.7.1 HTTP/1.0" 200 9966 "http://wahgazab.com/bjp-exploited-me-for-their-political-gain-rakhi-sawant/" "Mozilla/5.0 (Windows NT 6.1; WOW64; rv:43.0) Gecko/20100101 Firefox/43.0"
163.177.34.63 - - [20/Oct/2025:13:12:05 -0400] "GET /wp-content/plugins/td-composer/legacy/Newspaper/js/tdPostImages.js?ver=12.7.1 HTTP/1.0" 200 2449 "http://wahgazab.com/bjp-exploited-me-for-their-political-gain-rakhi-sawant/" "Mozilla/5.0 (Windows NT 6.1; WOW64; rv:43.0) Gecko/20100101 Firefox/43.0"
163.177.34.81 - - [20/Oct/2025:13:12:05 -0400] "GET /wp-content/plugins/td-composer/legacy/Newspaper/js/tdSocialSharing.js?ver=12.7.1 HTTP/1.0" 200 2632 "http://wahgazab.com/bjp-exploited-me-for-their-political-gain-rakhi-sawant/" "Mozilla/5.0 (Windows NT 6.1; WOW64; rv:43.0) Gecko/20100101 Firefox/43.0"
163.177.34.45 - - [20/Oct/2025:13:12:05 -0400] "GET /wp-content/plugins/td-composer/legacy/Newspaper/js/tdModalPostImages.js?ver=12.7.1 HTTP/1.0" 200 8892 "http://wahgazab.com/bjp-exploited-me-for-their-political-gain-rakhi-sawant/" "Mozilla/5.0 (Windows NT 6.1; WOW64; rv:43.0) Gecko/20100101 Firefox/43.0"
163.177.34.50 - - [20/Oct/2025:13:12:05 -0400] "GET /wp-content/plugins/td-composer/legacy/Newspaper/js/tagdiv_theme.min.js?ver=12.7.1 HTTP/1.0" 200 160112 "http://wahgazab.com/bjp-exploited-me-for-their-political-gain-rakhi-sawant/" "Mozilla/5.0 (Windows NT 6.1; WOW64; rv:43.0) Gecko/20100101 Firefox/43.0"
82.102.18.124 - - [20/Oct/2025:13:12:04 -0400] "POST /xmlrpc.php HTTP/1.1" 200 401 "-" "Mozilla/5.0 (Windows NT 10.0; Win64; x64) AppleWebKit/537.36 (KHTML, like Gecko) Chrome/78.0.3904.108 Safari/537.36"
163.177.34.75 - - [20/Oct/2025:13:12:05 -0400] "GET /wp-content/plugins/td-composer/legacy/Newspaper/js/tdToTop.js?ver=12.7.1 HTTP/1.0" 200 1426 "http://wahgazab.com/bjp-exploited-me-for-their-political-gain-rakhi-sawant/" "Mozilla/5.0 (Windows NT 6.1; WOW64; rv:43.0) Gecko/20100101 Firefox/43.0"
163.177.34.38 - - [20/Oct/2025:13:12:05 -0400] "GET /wp-includes/js/comment-reply.min.js?ver=6.8.3 HTTP/1.0" 200 3026 "http://wahgazab.com/bjp-exploited-me-for-their-political-gain-rakhi-sawant/" "Mozilla/5.0 (Windows NT 6.1; WOW64; rv:43.0) Gecko/20100101 Firefox/43.0"
163.177.34.44 - - [20/Oct/2025:13:12:05 -0400] "GET /wp-content/plugins/td-cloud-library/assets/js/js_files_for_front.min.js?ver=d578089f160957352b9b4ca6d880fd8f HTTP/1.0" 200 29694 "http://wahgazab.com/bjp-exploited-me-for-their-political-gain-rakhi-sawant/" "Mozilla/5.0 (Windows NT 6.1; WOW64; rv:43.0) Gecko/20100101 Firefox/43.0"
