216.244.66.247 - - [20/Oct/2025:12:24:16 -0400] "GET /5-home-remedies-to-remove-specs/ HTTP/1.1" 200 284446 "-" "Mozilla/5.0 (compatible; DotBot/1.2; +https://opensiteexplorer.org/dotbot; [email protected])"
54.37.118.79 - - [20/Oct/2025:12:24:50 -0400] "GET /tag/dog-cafe-in-delhi-news-in-hindi/ HTTP/1.1" 200 121728 "-" "Mozilla/5.0 (compatible; AhrefsBot/7.0; +http://ahrefs.com/robot/)"
116.179.32.208 - - [20/Oct/2025:12:25:24 -0400] "GET /dead-man-gets-alive/ HTTP/1.1" 200 280272 "-" "Mozilla/5.0 (compatible; Baiduspider/2.0; +http://www.baidu.com/search/spider.html)"
116.179.37.98 - - [20/Oct/2025:12:25:29 -0400] "GET /wp-content/uploads/2016/08/man-alive-after-death.jpeg HTTP/1.1" 404 136514 "http://wahgazab.com/dead-man-gets-alive/" "Mozilla/5.0 (compatible; Baiduspider-render/2.0; +http://www.baidu.com/search/spider.html)"
116.179.37.88 - - [20/Oct/2025:12:25:29 -0400] "GET /wp-content/uploads/2016/08/man-alive-after-death1.jpg HTTP/1.1" 404 136514 "http://wahgazab.com/dead-man-gets-alive/" "Mozilla/5.0 (compatible; Baiduspider-render/2.0; +http://www.baidu.com/search/spider.html)"
114.119.154.203 - - [20/Oct/2025:12:25:57 -0400] "GET /lord-shiva-gets-caged-for-the-rains-to-come-at-this-temple/shivalay-pic/ HTTP/1.1" 200 121807 "http://wahgazab.com/attachment-sitemap20.xml" "Mozilla/5.0 (Linux; Android 7.0;) AppleWebKit/537.36 (KHTML, like Gecko) Mobile Safari/537.36 (compatible; PetalBot;+https://webmaster.petalsearch.com/site/petalbot)"
3.1.232.118 - - [20/Oct/2025:12:26:03 -0400] "GET /wp-content/uploads/2017/08/tips-to-spread-positive-energy-and-success-at-your-home-2.jpg HTTP/1.1" 200 80956 "-" "Mozilla/5.0 (compatible; crawler)"
66.249.79.168 - - [20/Oct/2025:12:26:04 -0400] "GET /adopt-stylish-footwear-to-look-fashionable-in-winter/ HTTP/1.1" 200 284149 "-" "Mozilla/5.0 (Linux; Android 6.0.1; Nexus 5X Build/MMB29P) AppleWebKit/537.36 (KHTML, like Gecko) Chrome/140.0.7339.207 Mobile Safari/537.36 (compatible; Googlebot/2.1; +http://www.google.com/bot.html)"
216.73.216.129 - - [20/Oct/2025:12:26:16 -0400] "GET /amazing-facts-about-goddess-durga-temples/karni-mata-mandr_14601964/feed HTTP/1.1" 301 - "-" "Mozilla/5.0 AppleWebKit/537.36 (KHTML, like Gecko; compatible; ClaudeBot/1.0; [email protected])"
216.73.216.129 - - [20/Oct/2025:12:26:17 -0400] "GET /this-lizard-costs-more-than-40-lakhs HTTP/1.1" 301 - "-" "Mozilla/5.0 AppleWebKit/537.36 (KHTML, like Gecko; compatible; ClaudeBot/1.0; [email protected])"
216.73.216.129 - - [20/Oct/2025:12:26:17 -0400] "GET /amazing-facts-about-goddess-durga-temples/karni-mata-mandr_14601964/feed/ HTTP/1.1" 200 873 "http://wahgazab.com/amazing-facts-about-goddess-durga-temples/karni-mata-mandr_14601964/feed" "Mozilla/5.0 AppleWebKit/537.36 (KHTML, like Gecko; compatible; ClaudeBot/1.0; [email protected])"
216.73.216.129 - - [20/Oct/2025:12:26:17 -0400] "GET /this-lizard-costs-more-than-40-lakhs/ HTTP/1.1" 200 281102 "http://wahgazab.com/this-lizard-costs-more-than-40-lakhs" "Mozilla/5.0 AppleWebKit/537.36 (KHTML, like Gecko; compatible; ClaudeBot/1.0; [email protected])"
94.23.188.202 - - [20/Oct/2025:12:26:28 -0400] "GET /tag/advance-over-sunny-leone/ HTTP/1.1" 200 122019 "-" "Mozilla/5.0 (compatible; AhrefsBot/7.0; +http://ahrefs.com/robot/)"
114.119.142.37 - - [20/Oct/2025:12:27:21 -0400] "GET /health-and-fitness-secrets-of-prime-minister-narendra-modi/prime-minister-narendra-modi5/ HTTP/1.1" 200 122445 "http://wahgazab.com/attachment-sitemap16.xml" "Mozilla/5.0 (Linux; Android 7.0;) AppleWebKit/537.36 (KHTML, like Gecko) Mobile Safari/537.36 (compatible; PetalBot;+https://webmaster.petalsearch.com/site/petalbot)"
216.73.216.129 - - [20/Oct/2025:12:27:36 -0400] "GET /india-gets-ashamed-of-its-won-people/1-520/feed HTTP/1.1" 301 - "-" "Mozilla/5.0 AppleWebKit/537.36 (KHTML, like Gecko; compatible; ClaudeBot/1.0; [email protected])"
216.73.216.129 - - [20/Oct/2025:12:27:36 -0400] "GET /amazing-facts-about-goddess-durga-temples/simsa-mata-temple_1460196 HTTP/1.1" 301 - "-" "Mozilla/5.0 AppleWebKit/537.36 (KHTML, like Gecko; compatible; ClaudeBot/1.0; [email protected])"
216.73.216.129 - - [20/Oct/2025:12:27:36 -0400] "GET /india-gets-ashamed-of-its-won-people/1-520/feed/ HTTP/1.1" 200 799 "http://wahgazab.com/india-gets-ashamed-of-its-won-people/1-520/feed" "Mozilla/5.0 AppleWebKit/537.36 (KHTML, like Gecko; compatible; ClaudeBot/1.0; [email protected])"
216.73.216.129 - - [20/Oct/2025:12:27:37 -0400] "GET /amazing-facts-about-goddess-durga-temples/simsa-mata-temple_1460196/ HTTP/1.1" 200 122334 "http://wahgazab.com/amazing-facts-about-goddess-durga-temples/simsa-mata-temple_1460196" "Mozilla/5.0 AppleWebKit/537.36 (KHTML, like Gecko; compatible; ClaudeBot/1.0; [email protected])"
92.222.108.122 - - [20/Oct/2025:12:27:57 -0400] "GET /tag/dog-cafe-in-delhi-news/ HTTP/1.1" 200 121656 "-" "Mozilla/5.0 (compatible; AhrefsBot/7.0; +http://ahrefs.com/robot/)"
66.249.79.169 - - [20/Oct/2025:12:28:17 -0400] "GET /man-gets-pregnant-at-facebook-and-set-to-give-birth-a-baby-soon/boy1/ HTTP/1.1" 200 121350 "-" "Mozilla/5.0 (Linux; Android 6.0.1; Nexus 5X Build/MMB29P) AppleWebKit/537.36 (KHTML, like Gecko) Chrome/140.0.7339.207 Mobile Safari/537.36 (compatible; Googlebot/2.1; +http://www.google.com/bot.html)"
66.249.79.168 - - [20/Oct/2025:12:28:18 -0400] "GET /tag/69-year-old-bangladesh-rail-minister-with-38-years-younger-wife/ HTTP/1.1" 200 122725 "-" "Mozilla/5.0 (Linux; Android 6.0.1; Nexus 5X Build/MMB29P) AppleWebKit/537.36 (KHTML, like Gecko) Chrome/140.0.7339.207 Mobile Safari/537.36 (compatible; Googlebot/2.1; +http://www.google.com/bot.html)"
66.249.93.169 - - [20/Oct/2025:12:28:28 -0400] "HEAD /feed/ HTTP/1.1" 200 - "-" "FeedBurner/1.0 (http://www.FeedBurner.com)"
114.119.142.37 - - [20/Oct/2025:12:28:44 -0400] "GET /half-body-of-this-girl-is-plastic-bowl/half-body-of-this-girl-is-plastic-bowl-2/ HTTP/1.1" 200 122529 "http://wahgazab.com/attachment-sitemap15.xml" "Mozilla/5.0 (Linux; Android 7.0;) AppleWebKit/537.36 (KHTML, like Gecko) Mobile Safari/537.36 (compatible; PetalBot;+https://webmaster.petalsearch.com/site/petalbot)"
66.249.79.169 - - [20/Oct/2025:12:29:22 -0400] "GET /watch-and-reveal-the-shaking-car-mystery/pk/ HTTP/1.1" 200 120734 "-" "Mozilla/5.0 (Linux; Android 6.0.1; Nexus 5X Build/MMB29P) AppleWebKit/537.36 (KHTML, like Gecko) Chrome/140.0.7339.207 Mobile Safari/537.36 (compatible; Googlebot/2.1; +http://www.google.com/bot.html)"
216.73.216.129 - - [20/Oct/2025:12:29:31 -0400] "GET /india-gets-ashamed-of-its-won-people/cover-318 HTTP/1.1" 301 - "-" "Mozilla/5.0 AppleWebKit/537.36 (KHTML, like Gecko; compatible; ClaudeBot/1.0; [email protected])"
216.73.216.129 - - [20/Oct/2025:12:29:31 -0400] "GET /india-gets-ashamed-of-its-won-people/cover-318/ HTTP/1.1" 200 121463 "http://wahgazab.com/india-gets-ashamed-of-its-won-people/cover-318" "Mozilla/5.0 AppleWebKit/537.36 (KHTML, like Gecko; compatible; ClaudeBot/1.0; [email protected])"
57.141.0.20 - - [20/Oct/2025:12:29:32 -0400] "GET /mystery-behind-haji-ali-dargah-why-it-doesnt-sink/ HTTP/1.1" 200 281974 "-" "meta-externalagent/1.1 (+https://developers.facebook.com/docs/sharing/webmasters/crawler)"
92.222.108.116 - - [20/Oct/2025:12:29:36 -0400] "GET /tag/dog-cafe-in-delhi/ HTTP/1.1" 200 121616 "-" "Mozilla/5.0 (compatible; AhrefsBot/7.0; +http://ahrefs.com/robot/)"
111.202.18.220 - - [20/Oct/2025:12:29:45 -0400] "GET /wp-content/uploads/2015/12/police1-150x150.jpg HTTP/1.1" 200 7895 "-" "python-requests/2.31.0"
66.249.79.169 - - [20/Oct/2025:12:30:24 -0400] "GET /know-how-5-rupee-coin-can-earn-you-15-thousand-rupees/ HTTP/1.1" 200 283248 "-" "Mozilla/5.0 (Linux; Android 6.0.1; Nexus 5X Build/MMB29P) AppleWebKit/537.36 (KHTML, like Gecko) Chrome/140.0.7339.207 Mobile Safari/537.36 (compatible; Googlebot/2.1; +http://www.google.com/bot.html)"
66.249.79.169 - - [20/Oct/2025:12:30:30 -0400] "GET /man-gets-pregnant-at-facebook-and-set-to-give-birth-a-baby-soon/boy1/ HTTP/1.1" 200 121350 "-" "Mozilla/5.0 (Linux; Android 6.0.1; Nexus 5X Build/MMB29P) AppleWebKit/537.36 (KHTML, like Gecko) Chrome/140.0.7339.207 Mobile Safari/537.36 (compatible; GoogleOther)"
57.141.0.56 - - [20/Oct/2025:12:31:19 -0400] "GET /tag/india-to-choose-the-most-powerful-person-news-in-hindi/ HTTP/1.1" 200 122404 "-" "meta-externalagent/1.1 (+https://developers.facebook.com/docs/sharing/webmasters/crawler)"
94.23.188.217 - - [20/Oct/2025:12:31:24 -0400] "GET /tag/support-footballer/ HTTP/1.1" 200 122017 "-" "Mozilla/5.0 (compatible; AhrefsBot/7.0; +http://ahrefs.com/robot/)"
57.141.0.32 - - [20/Oct/2025:12:31:31 -0400] "GET /lord-rama-got-rid-of-all-sins-caused-by-the-murder-of-ravana-taking-a-bath-here/ HTTP/1.1" 200 283747 "-" "meta-externalagent/1.1 (+https://developers.facebook.com/docs/sharing/webmasters/crawler)"
66.249.79.169 - - [20/Oct/2025:12:32:05 -0400] "GET /?a=9827761213200&channel=32e925&from=pin.php%3Fid%3D612132-560%26name%3D%E3%80%90%E4%B8%AD%E5%8F%A4%E3%80%91Nikon+Coolpix+b700+20.2+MP+60+x+Opt%E3%82%B9%E3%83%BC%E3%83%91%E3%83%BC%E6%9C%9B%E9%81%A0%E3%82%BA%E3%83%BC%E3%83%A0Nikkor%E3%83%87%E3%82%B8%E3%82%BF%E3%83%AB%E3%82%AB%E3%83%A1%E3%83%A9%28%E3%83%96%E3%83%A9%E3%83%83%E3%82%AF%29+26510b+%3F+%28%E8%AA%8D%E5%AE%9ARefurbished%29 HTTP/1.1" 301 - "-" "Mozilla/5.0 (Linux; Android 6.0.1; Nexus 5X Build/MMB29P) AppleWebKit/537.36 (KHTML, like Gecko) Chrome/140.0.7339.207 Mobile Safari/537.36 (compatible; Googlebot/2.1; +http://www.google.com/bot.html)"
66.249.79.170 - - [20/Oct/2025:12:32:06 -0400] "GET /?a=9827761213200&channel=32e925&from=pin.php%3Fid%3D612132-560%26name%3D%E3%80%90%E4%B8%AD%E5%8F%A4%E3%80%91Nikon%20Coolpix%20b700%2020.2%20MP%2060%20x%20Opt%E3%82%B9%E3%83%BC%E3%83%91%E3%83%BC%E6%9C%9B%E9%81%A0%E3%82%BA%E3%83%BC%E3%83%A0Nikkor%E3%83%87%E3%82%B8%E3%82%BF%E3%83%AB%E3%82%AB%E3%83%A1%E3%83%A9%28%E3%83%96%E3%83%A9%E3%83%83%E3%82%AF%29%2026510b%20%3F%20%28%E8%AA%8D%E5%AE%9ARefurbished%29 HTTP/1.1" 200 200962 "-" "Mozilla/5.0 (Linux; Android 6.0.1; Nexus 5X Build/MMB29P) AppleWebKit/537.36 (KHTML, like Gecko) Chrome/140.0.7339.207 Mobile Safari/537.36 (compatible; Googlebot/2.1; +http://www.google.com/bot.html)"
57.141.0.53 - - [20/Oct/2025:12:32:19 -0400] "GET /tag/young-girl-rushed-to-hospital-after-drinking/ HTTP/1.1" 200 122360 "-" "meta-externalagent/1.1 (+https://developers.facebook.com/docs/sharing/webmasters/crawler)"
216.73.216.129 - - [20/Oct/2025:12:32:26 -0400] "GET /tag/sales-of-us-weekly-magazine-people HTTP/1.1" 301 - "-" "Mozilla/5.0 AppleWebKit/537.36 (KHTML, like Gecko; compatible; ClaudeBot/1.0; [email protected])"
216.73.216.129 - - [20/Oct/2025:12:32:27 -0400] "GET /tag/sales-of-us-weekly-magazine-people/ HTTP/1.1" 200 122412 "http://wahgazab.com/tag/sales-of-us-weekly-magazine-people" "Mozilla/5.0 AppleWebKit/537.36 (KHTML, like Gecko; compatible; ClaudeBot/1.0; [email protected])"
185.89.104.79 - - [20/Oct/2025:12:33:05 -0400] "GET /wp-content/uploads/2017/11/A-great-surprise-for-experts-huge-Crab-found-at-sea-shore-content.jpeg HTTP/1.1" 200 75830 "-" "Mozilla/5.0 (Macintosh; Intel Mac OS X 14_3_1) AppleWebKit/605.1.15 (KHTML, like Gecko) Version/17.2 Safari/605.1.15"
94.23.188.207 - - [20/Oct/2025:12:33:06 -0400] "GET /tag/dog-cafe-news/ HTTP/1.1" 200 121584 "-" "Mozilla/5.0 (compatible; AhrefsBot/7.0; +http://ahrefs.com/robot/)"
216.73.216.129 - - [20/Oct/2025:12:33:21 -0400] "GET /wp-sitemap.xml HTTP/1.1" 200 3427 "-" "Mozilla/5.0 AppleWebKit/537.36 (KHTML, like Gecko; compatible; ClaudeBot/1.0; [email protected])"
54.151.185.30 - - [20/Oct/2025:12:33:48 -0400] "GET /wp-content/uploads/2017/11/Here-is-how-birbal-died-150x150.jpg HTTP/1.1" 200 4323 "-" "Mozilla/5.0 (compatible; crawler)"
66.249.79.168 - - [20/Oct/2025:12:34:06 -0400] "GET /?a=8188145654000&channel=e65e01&from=brands.php%3Fid%3D456540-1037%26name%3DNANA+%E3%83%8A%E3%83%8A+%E5%85%A8%E5%B7%BB+%E3%82%BB%E3%83%83%E3%83%88+%E5%85%A821%E8%A9%B1+%E7%9F%A2%E6%B2%A2%E3%81%82%E3%81%84+%E3%81%BE%E3%81%A8%E3%82%81+%E3%82%A2%E3%83%8B%E3%83%A1+%E5%B0%91%E5%A5%B3%E6%BC%AB%E7%94%BB+%E5%AE%8C%E7%B5%90 HTTP/1.1" 301 - "-" "Mozilla/5.0 (Linux; Android 6.0.1; Nexus 5X Build/MMB29P) AppleWebKit/537.36 (KHTML, like Gecko) Chrome/140.0.7339.207 Mobile Safari/537.36 (compatible; Googlebot/2.1; +http://www.google.com/bot.html)"
66.249.79.169 - - [20/Oct/2025:12:34:07 -0400] "GET /?a=8188145654000&channel=e65e01&from=brands.php%3Fid%3D456540-1037%26name%3DNANA%20%E3%83%8A%E3%83%8A%20%E5%85%A8%E5%B7%BB%20%E3%82%BB%E3%83%83%E3%83%88%20%E5%85%A821%E8%A9%B1%20%E7%9F%A2%E6%B2%A2%E3%81%82%E3%81%84%20%E3%81%BE%E3%81%A8%E3%82%81%20%E3%82%A2%E3%83%8B%E3%83%A1%20%E5%B0%91%E5%A5%B3%E6%BC%AB%E7%94%BB%20%E5%AE%8C%E7%B5%90 HTTP/1.1" 200 200962 "-" "Mozilla/5.0 (Linux; Android 6.0.1; Nexus 5X Build/MMB29P) AppleWebKit/537.36 (KHTML, like Gecko) Chrome/140.0.7339.207 Mobile Safari/537.36 (compatible; Googlebot/2.1; +http://www.google.com/bot.html)"
17.246.15.101 - - [20/Oct/2025:12:34:09 -0400] "GET /miraculous-reunion-at-india-pakistan-border-with-an-ancient-hanuman-sculpture/ HTTP/1.1" 200 281687 "-" "Mozilla/5.0 (Macintosh; Intel Mac OS X 10_15_7) AppleWebKit/605.1.15 (KHTML, like Gecko) Version/17.4 Safari/605.1.15 (Applebot/0.1; +http://www.apple.com/go/applebot)"
66.249.93.169 - - [20/Oct/2025:12:34:22 -0400] "HEAD /feed/ HTTP/1.1" 200 - "-" "FeedBurner/1.0 (http://www.FeedBurner.com)"
66.249.79.168 - - [20/Oct/2025:12:34:29 -0400] "GET /the-amazing-pair-of-salman-and-sonam-looked-sizzling-in-the-fashion-show/feed/ HTTP/1.1" 200 948 "-" "Mozilla/5.0 (Linux; Android 6.0.1; Nexus 5X Build/MMB29P) AppleWebKit/537.36 (KHTML, like Gecko) Chrome/140.0.7339.207 Mobile Safari/537.36 (compatible; Googlebot/2.1; +http://www.google.com/bot.html)"
5.39.109.169 - - [20/Oct/2025:12:34:36 -0400] "GET /wp-content/uploads/2018/04/wah-4-pic-1-1.jpg HTTP/1.1" 200 73674 "-" "Mozilla/5.0 (compatible; AhrefsBot/7.0; +http://ahrefs.com/robot/)"
176.31.139.22 - - [20/Oct/2025:12:34:54 -0400] "GET /tag/dog-cafe/ HTTP/1.1" 200 121544 "-" "Mozilla/5.0 (compatible; AhrefsBot/7.0; +http://ahrefs.com/robot/)"
66.249.79.168 - - [20/Oct/2025:12:34:56 -0400] "GET /today-in-history-darul-uloom-deoband-was-established/ HTTP/1.1" 200 284599 "-" "Mozilla/5.0 (Linux; Android 6.0.1; Nexus 5X Build/MMB29P) AppleWebKit/537.36 (KHTML, like Gecko) Chrome/140.0.7339.207 Mobile Safari/537.36 (compatible; GoogleOther)"
17.246.23.205 - - [20/Oct/2025:12:35:41 -0400] "GET /tag/raviraj-foils-managing-director/ HTTP/1.1" 200 122065 "-" "Mozilla/5.0 (Macintosh; Intel Mac OS X 10_15_7) AppleWebKit/605.1.15 (KHTML, like Gecko) Version/17.4 Safari/605.1.15 (Applebot/0.1; +http://www.apple.com/go/applebot)"
92.112.76.11 - - [20/Oct/2025:12:35:43 -0400] "GET /wp-content/uploads/2017/06/This-man-gets-pregnant-second-time-and-soon-to-deliver-a-baby-cover.jpg HTTP/1.1" 200 44208 "-" "Mozilla/5.0 (Windows NT 10.0; Win64; x64; rv:123.0) Gecko/20100101 Firefox/123.0"
57.141.0.41 - - [20/Oct/2025:12:35:59 -0400] "GET /today-in-history-mughal-emperor-aurangzeb-died/ HTTP/1.1" 200 282874 "-" "meta-externalagent/1.1 (+https://developers.facebook.com/docs/sharing/webmasters/crawler)"
43.157.52.37 - - [20/Oct/2025:12:36:11 -0400] "GET / HTTP/1.1" 301 - "-" "Mozilla/5.0 (iPhone; CPU iPhone OS 13_2_3 like Mac OS X) AppleWebKit/605.1.15 (KHTML, like Gecko) Version/13.0.3 Mobile/15E148 Safari/604.1"
43.157.52.37 - - [20/Oct/2025:12:36:11 -0400] "GET / HTTP/1.1" 200 200962 "http://www.wahgazab.com" "Mozilla/5.0 (iPhone; CPU iPhone OS 13_2_3 like Mac OS X) AppleWebKit/605.1.15 (KHTML, like Gecko) Version/13.0.3 Mobile/15E148 Safari/604.1"
116.179.32.49 - - [20/Oct/2025:12:36:28 -0400] "GET /a-dog-takes-rounds-around-this-temple-sets-an-example-to-people/ HTTP/1.1" 200 284523 "-" "Mozilla/5.0 (compatible; Baiduspider/2.0; +http://www.baidu.com/search/spider.html)"
5.39.109.165 - - [20/Oct/2025:12:36:31 -0400] "GET /wp-content/uploads/2016/03/Ram-Gopal-Varma-Sunny-Leone.jpg HTTP/1.1" 200 170648 "-" "Mozilla/5.0 (compatible; AhrefsBot/7.0; +http://ahrefs.com/robot/)"
116.179.37.55 - - [20/Oct/2025:12:36:33 -0400] "GET /wp-content/uploads/2016/07/dog2.jpg HTTP/1.1" 200 115771 "http://wahgazab.com/a-dog-takes-rounds-around-this-temple-sets-an-example-to-people/" "Mozilla/5.0 (compatible; Baiduspider-render/2.0; +http://www.baidu.com/search/spider.html)"
116.179.37.137 - - [20/Oct/2025:12:36:33 -0400] "GET /wp-content/uploads/2016/07/dog1.jpg HTTP/1.1" 200 128745 "http://wahgazab.com/a-dog-takes-rounds-around-this-temple-sets-an-example-to-people/" "Mozilla/5.0 (compatible; Baiduspider-render/2.0; +http://www.baidu.com/search/spider.html)"
116.179.37.150 - - [20/Oct/2025:12:36:34 -0400] "GET /wp-content/uploads/2016/07/dog.jpg HTTP/1.1" 200 136779 "http://wahgazab.com/a-dog-takes-rounds-around-this-temple-sets-an-example-to-people/" "Mozilla/5.0 (compatible; Baiduspider-render/2.0; +http://www.baidu.com/search/spider.html)"
85.28.32.142 - - [20/Oct/2025:12:36:37 -0400] "GET /wp-content/uploads/2018/08/img-%E0%A4%B0%E0%A4%BF%E0%A4%B8%E0%A4%B0%E0%A5%8D%E0%A4%9A-%E0%A4%B8%E0%A5%8D%E0%A4%95%E0%A5%89%E0%A4%B2%E0%A4%B0%E0%A5%8D%E0%A4%B8-%E0%A4%95%E0%A5%8B-%E0%A4%9B%E0%A5%82%E0%A4%9F-2018-08.jpg HTTP/1.1" 200 77935 "-" "Mozilla/5.0 (Windows NT 10.0; Win64; x64) AppleWebKit/537.36 (KHTML, like Gecko) Chrome/123.0.0.0 Safari/537.36"
92.222.108.116 - - [20/Oct/2025:12:36:41 -0400] "GET /tag/first-dog-cafe-in-delhi-news/ HTTP/1.1" 200 121704 "-" "Mozilla/5.0 (compatible; AhrefsBot/7.0; +http://ahrefs.com/robot/)"
66.249.79.168 - - [20/Oct/2025:12:37:20 -0400] "GET /?a=2518538782611&channel=3baef1&from=blog.php%3Fid%3D387826-7730%26name%3DBOGAZY+%E3%83%97%E3%83%AA%E3%83%B3%E3%82%BF%E3%83%BC%E6%A3%9A+%E3%83%97%E3%83%AA%E3%83%B3%E3%82%BF%E3%83%BC%E3%82%B9%E3%82%BF%E3%83%B3%E3%83%89+%E3%83%97%E3%83%AA%E3%83%B3%E3%82%BF%E3%83%BC%E3%82%B9%E3%82%BF%E3%83%B3%E3%83%89%E3%82%B7%E3%82%A7%E3%83%AB%E3%83%95+%E3%83%87%E3%82%B9%E3%82%AF%E3%83%88%E3%83%83%E3%83%97%E5%8F%8E%E7%B4%8D%E3%83%A9%E3%83%83%E3%82%AF+3%E5%B1%A4%E3%83%97%E3%83%AA%E3%83%B3%E3%82%BF%E3%83%BC%E3%82%B9%E3%82%BF%E3%83%B3%E3%83%89+%E3%82%AA%E3%83%95%E3%82%A3%E3%82%B9 HTTP/1.1" 301 - "-" "Mozilla/5.0 (Linux; Android 6.0.1; Nexus 5X Build/MMB29P) AppleWebKit/537.36 (KHTML, like Gecko) Chrome/140.0.7339.207 Mobile Safari/537.36 (compatible; Googlebot/2.1; +http://www.google.com/bot.html)"
216.244.66.247 - - [20/Oct/2025:12:37:40 -0400] "GET /robots.txt HTTP/1.1" 200 112 "-" "Mozilla/5.0 (compatible; DotBot/1.2; +https://opensiteexplorer.org/dotbot; [email protected])"
216.73.216.129 - - [20/Oct/2025:12:37:52 -0400] "GET /robots.txt HTTP/1.1" 200 112 "-" "Mozilla/5.0 AppleWebKit/537.36 (KHTML, like Gecko; compatible; ClaudeBot/1.0; [email protected])"
216.73.216.129 - - [20/Oct/2025:12:37:52 -0400] "GET /how-a-working-woman-keeps-balance-between-personal-and-professional-life/200551236-002 HTTP/1.1" 301 - "-" "Mozilla/5.0 AppleWebKit/537.36 (KHTML, like Gecko; compatible; ClaudeBot/1.0; [email protected])"
216.73.216.129 - - [20/Oct/2025:12:37:53 -0400] "GET /this-100-meter-weird-creature-found-from-the-sea-people-get-horrified/alien-1 HTTP/1.1" 301 - "-" "Mozilla/5.0 AppleWebKit/537.36 (KHTML, like Gecko; compatible; ClaudeBot/1.0; [email protected])"
216.73.216.129 - - [20/Oct/2025:12:37:53 -0400] "GET /how-a-working-woman-keeps-balance-between-personal-and-professional-life/200551236-002/ HTTP/1.1" 200 122384 "http://wahgazab.com/how-a-working-woman-keeps-balance-between-personal-and-professional-life/200551236-002" "Mozilla/5.0 AppleWebKit/537.36 (KHTML, like Gecko; compatible; ClaudeBot/1.0; [email protected])"
216.73.216.129 - - [20/Oct/2025:12:37:53 -0400] "GET /this-100-meter-weird-creature-found-from-the-sea-people-get-horrified/alien-1/ HTTP/1.1" 200 121747 "http://wahgazab.com/this-100-meter-weird-creature-found-from-the-sea-people-get-horrified/alien-1" "Mozilla/5.0 AppleWebKit/537.36 (KHTML, like Gecko; compatible; ClaudeBot/1.0; [email protected])"
92.222.108.113 - - [20/Oct/2025:12:39:00 -0400] "GET /category/bollywood/page/27/ HTTP/1.1" 200 199200 "-" "Mozilla/5.0 (compatible; AhrefsBot/7.0; +http://ahrefs.com/robot/)"
66.249.79.168 - - [20/Oct/2025:12:39:21 -0400] "GET /?a=8526832700000&channel=c6cfac&from=goods.php%3Fid%3D327000-7758%26name%3DTRUSCO%28%E3%83%88%E3%83%A9%E3%82%B9%E3%82%B3%29+%E3%82%B9%E3%83%91%E3%83%83%E3%82%BF%E3%82%B7%E3%83%BC%E3%83%88DX+%E3%83%8F%E3%83%88%E3%83%A1%E3%81%AA%E3%81%97+1%E5%8F%B7+920%C3%97920+SPS-1HN HTTP/1.1" 301 - "-" "Mozilla/5.0 (Linux; Android 6.0.1; Nexus 5X Build/MMB29P) AppleWebKit/537.36 (KHTML, like Gecko) Chrome/140.0.7339.207 Mobile Safari/537.36 (compatible; Googlebot/2.1; +http://www.google.com/bot.html)"
66.249.79.169 - - [20/Oct/2025:12:39:22 -0400] "GET /?a=8526832700000&channel=c6cfac&from=goods.php%3Fid%3D327000-7758%26name%3DTRUSCO%28%E3%83%88%E3%83%A9%E3%82%B9%E3%82%B3%29%20%E3%82%B9%E3%83%91%E3%83%83%E3%82%BF%E3%82%B7%E3%83%BC%E3%83%88DX%20%E3%83%8F%E3%83%88%E3%83%A1%E3%81%AA%E3%81%97%201%E5%8F%B7%20920%C3%97920%20SPS-1HN HTTP/1.1" 200 200962 "-" "Mozilla/5.0 (Linux; Android 6.0.1; Nexus 5X Build/MMB29P) AppleWebKit/537.36 (KHTML, like Gecko) Chrome/140.0.7339.207 Mobile Safari/537.36 (compatible; Googlebot/2.1; +http://www.google.com/bot.html)"
57.141.0.66 - - [20/Oct/2025:12:39:48 -0400] "GET /why-women-want-their-husbands-to-cook/ HTTP/1.1" 200 286768 "-" "meta-externalagent/1.1 (+https://developers.facebook.com/docs/sharing/webmasters/crawler)"
216.73.216.129 - - [20/Oct/2025:12:40:43 -0400] "GET /a-farmer-finds-4-thousand-crores-rupees-during-farming-in-his-land/s3-3 HTTP/1.1" 301 - "-" "Mozilla/5.0 AppleWebKit/537.36 (KHTML, like Gecko; compatible; ClaudeBot/1.0; [email protected])"
216.73.216.129 - - [20/Oct/2025:12:40:44 -0400] "GET /a-farmer-finds-4-thousand-crores-rupees-during-farming-in-his-land/s3-3/ HTTP/1.1" 200 121602 "http://wahgazab.com/a-farmer-finds-4-thousand-crores-rupees-during-farming-in-his-land/s3-3" "Mozilla/5.0 AppleWebKit/537.36 (KHTML, like Gecko; compatible; ClaudeBot/1.0; [email protected])"
17.246.15.212 - - [20/Oct/2025:12:40:56 -0400] "GET /tag/aishwarya-rai-family/ HTTP/1.1" 200 121945 "-" "Mozilla/5.0 (Macintosh; Intel Mac OS X 10_15_7) AppleWebKit/605.1.15 (KHTML, like Gecko) Version/17.4 Safari/605.1.15 (Applebot/0.1; +http://www.apple.com/go/applebot)"
199.47.82.19 - - [20/Oct/2025:12:41:36 -0400] "GET /robots.txt HTTP/1.1" 200 112 "-" "Turnitin (https://bit.ly/2UvnfoQ)"
199.47.82.19 - - [20/Oct/2025:12:41:37 -0400] "GET /know-why-sivakasi-known-as-patakha-city-or-mini-japan/know-why-sivakasi-known-as-patakha-city-or-mini-japan-3/ HTTP/1.1" 200 122678 "-" "Turnitin (https://bit.ly/2UvnfoQ)"
199.47.82.19 - - [20/Oct/2025:12:41:38 -0400] "GET /know-why-sivakasi-known-as-patakha-city-or-mini-japan/know-why-sivakasi-known-as-patakha-city-or-mini-japan-cover/ HTTP/1.1" 200 122742 "-" "Turnitin (https://bit.ly/2UvnfoQ)"
199.47.82.19 - - [20/Oct/2025:12:41:38 -0400] "GET /know-why-the-bride-became-groom-and-the-groom-became-bride-in-this-wedding/dulha-cover/ HTTP/1.1" 200 121832 "-" "Turnitin (https://bit.ly/2UvnfoQ)"
199.47.82.19 - - [20/Oct/2025:12:41:39 -0400] "GET /know-why-the-bride-became-groom-and-the-groom-became-bride-in-this-wedding/wah-2-pic-5/ HTTP/1.1" 200 121820 "-" "Turnitin (https://bit.ly/2UvnfoQ)"
199.47.82.19 - - [20/Oct/2025:12:41:39 -0400] "GET /know-why-the-groom-reached-court-to-get-a-divorce-after-seeing-the-bride/ HTTP/1.1" 200 284108 "-" "Turnitin (https://bit.ly/2UvnfoQ)"
199.47.82.19 - - [20/Oct/2025:12:41:40 -0400] "GET /know-why-the-groom-reached-court-to-get-a-divorce-after-seeing-the-bride/dulhan-1-2/ HTTP/1.1" 200 121865 "-" "Turnitin (https://bit.ly/2UvnfoQ)"
199.47.82.19 - - [20/Oct/2025:12:41:41 -0400] "GET /know-why-the-groom-reached-court-to-get-a-divorce-after-seeing-the-bride/dulhan-cover-2/ HTTP/1.1" 200 121852 "-" "Turnitin (https://bit.ly/2UvnfoQ)"
199.47.82.19 - - [20/Oct/2025:12:41:41 -0400] "GET /know-why-the-pics-of-this-lady-police-officer-is-getting-viral-everywhere/ HTTP/1.1" 200 285776 "-" "Turnitin (https://bit.ly/2UvnfoQ)"
199.47.82.19 - - [20/Oct/2025:12:41:42 -0400] "GET /know-why-the-pics-of-this-lady-police-officer-is-getting-viral-everywhere/fdffsfdfd/ HTTP/1.1" 200 121880 "-" "Turnitin (https://bit.ly/2UvnfoQ)"
199.47.82.19 - - [20/Oct/2025:12:41:43 -0400] "GET /know-why-the-pics-of-this-lady-police-officer-is-getting-viral-everywhere/se2/ HTTP/1.1" 200 122280 "-" "Turnitin (https://bit.ly/2UvnfoQ)"
199.47.82.19 - - [20/Oct/2025:12:41:44 -0400] "GET /know-why-the-pics-of-this-lady-police-officer-is-getting-viral-everywhere/se3/ HTTP/1.1" 200 121747 "-" "Turnitin (https://bit.ly/2UvnfoQ)"
199.47.82.19 - - [20/Oct/2025:12:41:44 -0400] "GET /know-why-the-pics-of-this-lady-police-officer-is-getting-viral-everywhere/wah-1-pic-4-4/ HTTP/1.1" 200 122412 "-" "Turnitin (https://bit.ly/2UvnfoQ)"
199.47.82.19 - - [20/Oct/2025:12:41:44 -0400] "GET /know-why-the-teaser-of-johns-film-parmanu-deleted-because-of-copyright-issues/ HTTP/1.1" 200 282663 "-" "Turnitin (https://bit.ly/2UvnfoQ)"
199.47.82.19 - - [20/Oct/2025:12:41:45 -0400] "GET /know-why-the-teaser-of-johns-film-parmanu-deleted-because-of-copyright-issues/parmanu-1/ HTTP/1.1" 200 121846 "-" "Turnitin (https://bit.ly/2UvnfoQ)"
199.47.82.19 - - [20/Oct/2025:12:41:45 -0400] "GET /know-why-the-teaser-of-johns-film-parmanu-deleted-because-of-copyright-issues/parmanu-2/ HTTP/1.1" 200 121846 "-" "Turnitin (https://bit.ly/2UvnfoQ)"
199.47.82.19 - - [20/Oct/2025:12:41:46 -0400] "GET /know-why-the-teaser-of-johns-film-parmanu-deleted-because-of-copyright-issues/parmanu-cover/ HTTP/1.1" 200 122409 "-" "Turnitin (https://bit.ly/2UvnfoQ)"
199.47.82.19 - - [20/Oct/2025:12:41:46 -0400] "GET /know-why-the-trains-are-painted-with-blue-and-red-color/ HTTP/1.1" 200 284617 "-" "Turnitin (https://bit.ly/2UvnfoQ)"
199.47.82.19 - - [20/Oct/2025:12:41:47 -0400] "GET /know-why-the-trains-are-painted-with-blue-and-red-color/know-why-the-trains-are-painted-with-blue-and-red-color-2/ HTTP/1.1" 200 122701 "-" "Turnitin (https://bit.ly/2UvnfoQ)"
199.47.82.19 - - [20/Oct/2025:12:41:47 -0400] "GET /know-why-the-trains-are-painted-with-blue-and-red-color/know-why-the-trains-are-painted-with-blue-and-red-color-intro/ HTTP/1.1" 200 122753 "-" "Turnitin (https://bit.ly/2UvnfoQ)"
199.47.82.19 - - [20/Oct/2025:12:41:48 -0400] "GET /know-why-these-muslim-bollywood-actresses-have-hindu-names/ HTTP/1.1" 200 284285 "-" "Turnitin (https://bit.ly/2UvnfoQ)"
199.47.82.19 - - [20/Oct/2025:12:41:49 -0400] "GET /know-why-these-muslim-bollywood-actresses-have-hindu-names/bollywood-1/ HTTP/1.1" 200 122307 "-" "Turnitin (https://bit.ly/2UvnfoQ)"
199.47.82.19 - - [20/Oct/2025:12:41:49 -0400] "GET /know-why-these-muslim-bollywood-actresses-have-hindu-names/bollywood-2-2/ HTTP/1.1" 200 122307 "-" "Turnitin (https://bit.ly/2UvnfoQ)"
199.47.82.19 - - [20/Oct/2025:12:41:50 -0400] "GET /know-why-these-muslim-bollywood-actresses-have-hindu-names/bollywood-3-2/ HTTP/1.1" 200 121800 "-" "Turnitin (https://bit.ly/2UvnfoQ)"
199.47.82.19 - - [20/Oct/2025:12:41:50 -0400] "GET /know-why-these-muslim-bollywood-actresses-have-hindu-names/wah-2-pic-1-7/ HTTP/1.1" 200 121811 "-" "Turnitin (https://bit.ly/2UvnfoQ)"
199.47.82.19 - - [20/Oct/2025:12:41:51 -0400] "GET /know-why-this-7-year-old-kid-became-mumbai-police-inspector/ HTTP/1.1" 200 283635 "-" "Turnitin (https://bit.ly/2UvnfoQ)"
199.47.82.19 - - [20/Oct/2025:12:41:52 -0400] "GET /know-why-this-7-year-old-kid-became-mumbai-police-inspector/wah-1-pic-6/ HTTP/1.1" 200 121281 "-" "Turnitin (https://bit.ly/2UvnfoQ)"
199.47.82.19 - - [20/Oct/2025:12:41:52 -0400] "GET /know-why-this-guy-was-eating-iron-nails-wire-and-batteries-from-last-6-months/djlaaffff-%c2%b8fzo-%c2%b7ffee-aaf%c2%b9fu-aff%c2%a6fs%c2%aff/ HTTP/1.1" 200 122129 "-" "Turnitin (https://bit.ly/2UvnfoQ)"
199.47.82.19 - - [20/Oct/2025:12:41:52 -0400] "GET /know-why-this-guy-was-eating-iron-nails-wire-and-batteries-from-last-6-months/ HTTP/1.1" 200 283677 "-" "Turnitin (https://bit.ly/2UvnfoQ)"
199.47.82.19 - - [20/Oct/2025:12:41:53 -0400] "GET /know-why-this-guy-was-eating-iron-nails-wire-and-batteries-from-last-6-months/wah-4-pic-1-3/ HTTP/1.1" 200 121917 "-" "Turnitin (https://bit.ly/2UvnfoQ)"
199.47.82.19 - - [20/Oct/2025:12:41:53 -0400] "GET /know-why-this-lady-eats-the-ashes-left-after-funeral-of-dead-bodies/ HTTP/1.1" 200 285417 "-" "Turnitin (https://bit.ly/2UvnfoQ)"
199.47.82.19 - - [20/Oct/2025:12:41:54 -0400] "GET /know-why-this-lady-eats-the-ashes-left-after-funeral-of-dead-bodies/image-1-8/ HTTP/1.1" 200 121790 "-" "Turnitin (https://bit.ly/2UvnfoQ)"
57.141.0.14 - - [20/Oct/2025:12:41:53 -0400] "GET /lord-ganesha-statue-starts-growing-automatically-at-kanipakam-vinayaka-vari-devasthanam-temple/ HTTP/1.1" 200 282916 "-" "meta-externalagent/1.1 (+https://developers.facebook.com/docs/sharing/webmasters/crawler)"
199.47.82.19 - - [20/Oct/2025:12:41:54 -0400] "GET /know-why-this-lady-eats-the-ashes-left-after-funeral-of-dead-bodies/wah-1-pic-1-6/ HTTP/1.1" 200 121844 "-" "Turnitin (https://bit.ly/2UvnfoQ)"
199.47.82.19 - - [20/Oct/2025:12:41:55 -0400] "GET /know-why-this-man-didnt-eat-food-for-39-years-since-his-birth/f-1/ HTTP/1.1" 200 122111 "-" "Turnitin (https://bit.ly/2UvnfoQ)"
199.47.82.19 - - [20/Oct/2025:12:41:56 -0400] "GET /know-why-this-man-didnt-eat-food-for-39-years-since-his-birth/ff-1/ HTTP/1.1" 200 121612 "-" "Turnitin (https://bit.ly/2UvnfoQ)"
199.47.82.19 - - [20/Oct/2025:12:41:57 -0400] "GET /know-why-this-marriage-card-is-precious/ HTTP/1.1" 200 284254 "-" "Turnitin (https://bit.ly/2UvnfoQ)"
199.47.82.19 - - [20/Oct/2025:12:41:57 -0400] "GET /know-why-this-man-didnt-eat-food-for-39-years-since-his-birth/wah-2-pic-6/ HTTP/1.1" 200 121697 "-" "Turnitin (https://bit.ly/2UvnfoQ)"
199.47.82.19 - - [20/Oct/2025:12:41:58 -0400] "GET /know-why-this-marriage-card-is-precious/know-why-this-marriage-card-is-precious-2/ HTTP/1.1" 200 122268 "-" "Turnitin (https://bit.ly/2UvnfoQ)"
199.47.82.19 - - [20/Oct/2025:12:41:58 -0400] "GET /know-why-this-marriage-card-is-precious/know-why-this-marriage-card-is-precious-cover/ HTTP/1.1" 200 122326 "-" "Turnitin (https://bit.ly/2UvnfoQ)"
199.47.82.19 - - [20/Oct/2025:12:41:59 -0400] "GET /know-why-this-person-keeps-human-meat-in-a-jar-just-like-pickles/ HTTP/1.1" 200 283620 "-" "Turnitin (https://bit.ly/2UvnfoQ)"
199.47.82.19 - - [20/Oct/2025:12:41:59 -0400] "GET /know-why-this-person-keeps-human-meat-in-a-jar-just-like-pickles/meat-cover/ HTTP/1.1" 200 121794 "-" "Turnitin (https://bit.ly/2UvnfoQ)"
199.47.82.19 - - [20/Oct/2025:12:42:00 -0400] "GET /know-why-this-person-keeps-human-meat-in-a-jar-just-like-pickles/wah-2-pic-10/ HTTP/1.1" 200 121794 "-" "Turnitin (https://bit.ly/2UvnfoQ)"
199.47.82.19 - - [20/Oct/2025:12:42:00 -0400] "GET /know-why-this-potato-was-sold-for-7-crore-rupees/ HTTP/1.1" 200 282446 "-" "Turnitin (https://bit.ly/2UvnfoQ)"
199.47.82.19 - - [20/Oct/2025:12:42:01 -0400] "GET /know-why-this-potato-was-sold-for-7-crore-rupees/img-%e0%a4%b2%e0%a5%87%e0%a4%a8%e0%a5%8d%e0%a4%b8%e0%a4%ae%e0%a5%88%e0%a4%a8-%e0%a4%95%e0%a5%87%e0%a4%b5%e0%a4%bf%e0%a4%a8-%e0%a4%a8%e0%a5%87-%e0%a4%ac%e0%a4%a8%e0%a4%be%e0%a4%88-%e0%a4%a5%e0%a5%80/ HTTP/1.1" 200 121597 "-" "Turnitin (https://bit.ly/2UvnfoQ)"
116.179.32.144 - - [20/Oct/2025:12:42:01 -0400] "GET /you-wont-able-to-control-your-laughter-after-seeing-these-sign-boards-on-the-road/ HTTP/1.1" 200 285383 "-" "Mozilla/5.0 (compatible; Baiduspider/2.0; +http://www.baidu.com/search/spider.html)"
199.47.82.19 - - [20/Oct/2025:12:42:02 -0400] "GET /know-why-this-potato-was-sold-for-7-crore-rupees/img-20/ HTTP/1.1" 200 120784 "-" "Turnitin (https://bit.ly/2UvnfoQ)"
199.47.82.19 - - [20/Oct/2025:12:42:02 -0400] "GET /know-why-this-snake-got-personal-bed-in-hospital-and-is-being-served-eggs/ HTTP/1.1" 200 284859 "-" "Turnitin (https://bit.ly/2UvnfoQ)"
199.47.82.19 - - [20/Oct/2025:12:42:03 -0400] "GET /know-why-this-snake-got-personal-bed-in-hospital-and-is-being-served-eggs/snake-1-6/ HTTP/1.1" 200 122329 "-" "Turnitin (https://bit.ly/2UvnfoQ)"
199.47.82.19 - - [20/Oct/2025:12:42:03 -0400] "GET /know-why-this-snake-got-personal-bed-in-hospital-and-is-being-served-eggs/snake-2-2/ HTTP/1.1" 200 121800 "-" "Turnitin (https://bit.ly/2UvnfoQ)"
199.47.82.19 - - [20/Oct/2025:12:42:04 -0400] "GET /know-why-this-snake-got-personal-bed-in-hospital-and-is-being-served-eggs/snake-cover/ HTTP/1.1" 200 121850 "-" "Turnitin (https://bit.ly/2UvnfoQ)"
199.47.82.19 - - [20/Oct/2025:12:42:04 -0400] "GET /know-why-two-girls-marry-each-other-in-this-country/ HTTP/1.1" 200 282863 "-" "Turnitin (https://bit.ly/2UvnfoQ)"
199.47.82.19 - - [20/Oct/2025:12:42:05 -0400] "GET /know-why-two-girls-marry-each-other-in-this-country/word-cover/ HTTP/1.1" 200 121769 "-" "Turnitin (https://bit.ly/2UvnfoQ)"
199.47.82.19 - - [20/Oct/2025:12:42:05 -0400] "GET /know-why-two-girls-marry-each-other-in-this-country/word-cpver/ HTTP/1.1" 200 121687 "-" "Turnitin (https://bit.ly/2UvnfoQ)"
199.47.82.19 - - [20/Oct/2025:12:42:06 -0400] "GET /know-why-wearing-high-heel-can-be-dangerous/ HTTP/1.1" 200 283038 "-" "Turnitin (https://bit.ly/2UvnfoQ)"
116.179.37.86 - - [20/Oct/2025:12:42:07 -0400] "GET /wp-content/uploads/2018/02/bear-5.jpg HTTP/1.1" 200 54742 "http://wahgazab.com/you-wont-able-to-control-your-laughter-after-seeing-these-sign-boards-on-the-road/" "Mozilla/5.0 (compatible; Baiduspider-render/2.0; +http://www.baidu.com/search/spider.html)"
199.47.82.19 - - [20/Oct/2025:12:42:07 -0400] "GET /know-why-wearing-high-heel-can-be-dangerous/viddeo-2/ HTTP/1.1" 200 121644 "-" "Turnitin (https://bit.ly/2UvnfoQ)"
116.179.37.43 - - [20/Oct/2025:12:42:07 -0400] "GET /wp-content/uploads/2018/02/funny-pic-3.jpg HTTP/1.1" 200 133152 "http://wahgazab.com/you-wont-able-to-control-your-laughter-after-seeing-these-sign-boards-on-the-road/" "Mozilla/5.0 (compatible; Baiduspider-render/2.0; +http://www.baidu.com/search/spider.html)"
116.179.37.151 - - [20/Oct/2025:12:42:07 -0400] "GET /wp-content/uploads/2018/02/bear-1.png HTTP/1.1" 200 274567 "http://wahgazab.com/you-wont-able-to-control-your-laughter-after-seeing-these-sign-boards-on-the-road/" "Mozilla/5.0 (compatible; Baiduspider-render/2.0; +http://www.baidu.com/search/spider.html)"
199.47.82.19 - - [20/Oct/2025:12:42:07 -0400] "GET /know-why-wearing-high-heel-can-be-dangerous/viddeo1/ HTTP/1.1" 200 122085 "-" "Turnitin (https://bit.ly/2UvnfoQ)"
116.179.37.171 - - [20/Oct/2025:12:42:07 -0400] "GET /wp-content/uploads/2018/02/bear-3.png HTTP/1.1" 200 332399 "http://wahgazab.com/you-wont-able-to-control-your-laughter-after-seeing-these-sign-boards-on-the-road/" "Mozilla/5.0 (compatible; Baiduspider-render/2.0; +http://www.baidu.com/search/spider.html)"
116.179.37.247 - - [20/Oct/2025:12:42:07 -0400] "GET /wp-content/uploads/2018/02/bear-2.png HTTP/1.1" 200 430367 "http://wahgazab.com/you-wont-able-to-control-your-laughter-after-seeing-these-sign-boards-on-the-road/" "Mozilla/5.0 (compatible; Baiduspider-render/2.0; +http://www.baidu.com/search/spider.html)"
116.179.37.248 - - [20/Oct/2025:12:42:07 -0400] "GET /wp-content/uploads/2018/02/bear-4.png HTTP/1.1" 200 364984 "http://wahgazab.com/you-wont-able-to-control-your-laughter-after-seeing-these-sign-boards-on-the-road/" "Mozilla/5.0 (compatible; Baiduspider-render/2.0; +http://www.baidu.com/search/spider.html)"
199.47.82.19 - - [20/Oct/2025:12:42:08 -0400] "GET /know-why-wearing-high-heel-can-be-dangerous/video-9/ HTTP/1.1" 200 121542 "-" "Turnitin (https://bit.ly/2UvnfoQ)"
57.141.0.25 - - [20/Oct/2025:12:42:07 -0400] "GET /this-restaurant-serves-free-food-to-army-jawans-and-their-families/ HTTP/1.1" 200 284572 "-" "meta-externalagent/1.1 (+https://developers.facebook.com/docs/sharing/webmasters/crawler)"
199.47.82.19 - - [20/Oct/2025:12:42:08 -0400] "GET /know-with-whom-to-fall-in-love-and-whom-to-marry/ HTTP/1.1" 200 282300 "-" "Turnitin (https://bit.ly/2UvnfoQ)"
199.47.82.19 - - [20/Oct/2025:12:42:09 -0400] "GET /know-with-whom-to-fall-in-love-and-whom-to-marry/1-506/ HTTP/1.1" 200 121439 "-" "Turnitin (https://bit.ly/2UvnfoQ)"
199.47.82.19 - - [20/Oct/2025:12:42:10 -0400] "GET /know-with-whom-to-fall-in-love-and-whom-to-marry/2-284/ HTTP/1.1" 200 121910 "-" "Turnitin (https://bit.ly/2UvnfoQ)"
199.47.82.19 - - [20/Oct/2025:12:42:10 -0400] "GET /know-with-whom-to-fall-in-love-and-whom-to-marry/love-5/ HTTP/1.1" 200 121472 "-" "Turnitin (https://bit.ly/2UvnfoQ)"
199.47.82.19 - - [20/Oct/2025:12:42:11 -0400] "GET /know-your-constitutional-rights/ HTTP/1.1" 200 284903 "-" "Turnitin (https://bit.ly/2UvnfoQ)"
199.47.82.19 - - [20/Oct/2025:12:42:11 -0400] "GET /know-your-constitutional-rights/know-your-constitutional-rights-2/ HTTP/1.1" 200 122103 "-" "Turnitin (https://bit.ly/2UvnfoQ)"
199.47.82.19 - - [20/Oct/2025:12:42:12 -0400] "GET /know-your-constitutional-rights/know-your-constitutional-rights-content/ HTTP/1.1" 200 122212 "-" "Turnitin (https://bit.ly/2UvnfoQ)"
199.47.82.19 - - [20/Oct/2025:12:42:12 -0400] "GET /know-your-constitutional-rights/know-your-constitutional-rights-intro/ HTTP/1.1" 200 122782 "-" "Turnitin (https://bit.ly/2UvnfoQ)"
199.47.82.19 - - [20/Oct/2025:12:42:13 -0400] "GET /known-about-the-special-features-of-this-first-bullet-train-of-our-country/ HTTP/1.1" 200 285270 "-" "Turnitin (https://bit.ly/2UvnfoQ)"
199.47.82.19 - - [20/Oct/2025:12:42:13 -0400] "GET /known-about-the-special-features-of-this-first-bullet-train-of-our-country/file-photo-of-a-worker-walking-between-two-bullet-trains-at-a-high-speed-railway-maintenance-station-in-xian/ HTTP/1.1" 200 123095 "-" "Turnitin (https://bit.ly/2UvnfoQ)"
199.47.82.19 - - [20/Oct/2025:12:42:14 -0400] "GET /known-about-the-special-features-of-this-first-bullet-train-of-our-country/hn-2/ HTTP/1.1" 200 121709 "-" "Turnitin (https://bit.ly/2UvnfoQ)"
199.47.82.19 - - [20/Oct/2025:12:42:14 -0400] "GET /known-about-the-special-features-of-this-first-bullet-train-of-our-country/hn-3/ HTTP/1.1" 200 122204 "-" "Turnitin (https://bit.ly/2UvnfoQ)"
199.47.82.19 - - [20/Oct/2025:12:42:15 -0400] "GET /known-about-the-special-features-of-this-first-bullet-train-of-our-country/hn-4/ HTTP/1.1" 200 122441 "-" "Turnitin (https://bit.ly/2UvnfoQ)"
199.47.82.19 - - [20/Oct/2025:12:42:15 -0400] "GET /known-up-snapdeal-com-nagar/snapdeal-com-nagar/ HTTP/1.1" 200 121623 "-" "Turnitin (https://bit.ly/2UvnfoQ)"
199.47.82.19 - - [20/Oct/2025:12:42:16 -0400] "GET /known-up-snapdeal-com-nagar/snapdeal-com-nagar1/ HTTP/1.1" 200 122156 "-" "Turnitin (https://bit.ly/2UvnfoQ)"
199.47.82.19 - - [20/Oct/2025:12:42:16 -0400] "GET /known-up-snapdeal-com-nagar/snapdeal-com-nagar2/ HTTP/1.1" 200 122161 "-" "Turnitin (https://bit.ly/2UvnfoQ)"
199.47.82.19 - - [20/Oct/2025:12:42:17 -0400] "GET /known-up-snapdeal-com-nagar/snapdeal-com-nagar3/ HTTP/1.1" 200 121638 "-" "Turnitin (https://bit.ly/2UvnfoQ)"
199.47.82.19 - - [20/Oct/2025:12:42:18 -0400] "GET /kohinoor-dispute-continues/article-rsnubbmcoa-1447683146/ HTTP/1.1" 200 121805 "-" "Turnitin (https://bit.ly/2UvnfoQ)"
199.47.82.19 - - [20/Oct/2025:12:42:18 -0400] "GET /kohinoor-dispute-continues/kohinoor-580x357/ HTTP/1.1" 200 122222 "-" "Turnitin (https://bit.ly/2UvnfoQ)"
199.47.82.19 - - [20/Oct/2025:12:42:19 -0400] "GET /kohinoor-dispute-continues/ohmyindia_kohinoor1/ HTTP/1.1" 200 121655 "-" "Turnitin (https://bit.ly/2UvnfoQ)"
199.47.82.19 - - [20/Oct/2025:12:42:19 -0400] "GET /kohli-a-superman-and-just-unstoppable/183004-453378-kohli-rcb-4-afp1/ HTTP/1.1" 200 121824 "-" "Turnitin (https://bit.ly/2UvnfoQ)"
199.47.82.19 - - [20/Oct/2025:12:42:20 -0400] "GET /kohli-a-superman-and-just-unstoppable/kohli-m/ HTTP/1.1" 200 122112 "-" "Turnitin (https://bit.ly/2UvnfoQ)"
199.47.82.19 - - [20/Oct/2025:12:42:20 -0400] "GET /kohli-a-superman-and-just-unstoppable/virat-kohlikohli/ HTTP/1.1" 200 121614 "-" "Turnitin (https://bit.ly/2UvnfoQ)"
199.47.82.19 - - [20/Oct/2025:12:42:21 -0400] "GET /kohli-becomes-fastest-to-hit-25-odi-centuries/virat-2/ HTTP/1.1" 200 121526 "-" "Turnitin (https://bit.ly/2UvnfoQ)"
199.47.82.19 - - [20/Oct/2025:12:42:21 -0400] "GET /kohli-becomes-fastest-to-hit-25-odi-centuries/virat-kohli-3/ HTTP/1.1" 200 121616 "-" "Turnitin (https://bit.ly/2UvnfoQ)"
199.47.82.19 - - [20/Oct/2025:12:42:22 -0400] "GET /kohli-becomes-fastest-to-hit-25-odi-centuries/virat1/ HTTP/1.1" 200 122004 "-" "Turnitin (https://bit.ly/2UvnfoQ)"
199.47.82.19 - - [20/Oct/2025:12:42:22 -0400] "GET /kohli-becomes-fastest-to-hit-25-odi-centuries/virat2/ HTTP/1.1" 200 122034 "-" "Turnitin (https://bit.ly/2UvnfoQ)"
199.47.82.19 - - [20/Oct/2025:12:42:23 -0400] "GET /kohli-breaks-a-huge-ipl-record-despite-being-injured/kohli-3/ HTTP/1.1" 200 121626 "-" "Turnitin (https://bit.ly/2UvnfoQ)"
199.47.82.19 - - [20/Oct/2025:12:42:23 -0400] "GET /kohli-breaks-a-huge-ipl-record-despite-being-injured/kohligayleab/ HTTP/1.1" 200 122201 "-" "Turnitin (https://bit.ly/2UvnfoQ)"
199.47.82.19 - - [20/Oct/2025:12:42:24 -0400] "GET /kohli-breaks-a-huge-ipl-record-despite-being-injured/virat-15/ HTTP/1.1" 200 121633 "-" "Turnitin (https://bit.ly/2UvnfoQ)"
199.47.82.19 - - [20/Oct/2025:12:42:24 -0400] "GET /kohli-breaks-a-huge-ipl-record-despite-being-injured/viratkohli50/ HTTP/1.1" 200 122205 "-" "Turnitin (https://bit.ly/2UvnfoQ)"
199.47.82.19 - - [20/Oct/2025:12:42:25 -0400] "GET /kohli-made-a-century/virat-kohli/ HTTP/1.1" 200 120914 "-" "Turnitin (https://bit.ly/2UvnfoQ)"
199.47.82.19 - - [20/Oct/2025:12:42:25 -0400] "GET /kohli-on-the-top-slot-in-google-search/ HTTP/1.1" 200 278960 "-" "Turnitin (https://bit.ly/2UvnfoQ)"
199.47.82.19 - - [20/Oct/2025:12:42:26 -0400] "GET /kohli-on-the-top-slot-in-google-search/masi/ HTTP/1.1" 200 121452 "-" "Turnitin (https://bit.ly/2UvnfoQ)"
199.47.82.19 - - [20/Oct/2025:12:42:26 -0400] "GET /kohli-on-the-top-slot-in-google-search/sachin-tendulkar-3/ HTTP/1.1" 200 122206 "-" "Turnitin (https://bit.ly/2UvnfoQ)"
199.47.82.19 - - [20/Oct/2025:12:42:27 -0400] "GET /kohli-on-the-top-slot-in-google-search/virat-kohli-trentbridge-2014-nets-1416488050/ HTTP/1.1" 200 121788 "-" "Turnitin (https://bit.ly/2UvnfoQ)"
199.47.82.19 - - [20/Oct/2025:12:42:27 -0400] "GET /kohli-or-gayle-who-is-better/ HTTP/1.1" 200 284083 "-" "Turnitin (https://bit.ly/2UvnfoQ)"
199.47.82.19 - - [20/Oct/2025:12:42:28 -0400] "GET /kohli-or-gayle-who-is-better/chris-gayle-virat-kohli/ HTTP/1.1" 200 121646 "-" "Turnitin (https://bit.ly/2UvnfoQ)"
199.47.82.19 - - [20/Oct/2025:12:42:28 -0400] "GET /kohli-or-gayle-who-is-better/virat-9/ HTTP/1.1" 200 121388 "-" "Turnitin (https://bit.ly/2UvnfoQ)"
199.47.82.19 - - [20/Oct/2025:12:42:29 -0400] "GET /kohli-or-gayle-who-is-better/virat-k/ HTTP/1.1" 200 121945 "-" "Turnitin (https://bit.ly/2UvnfoQ)"
199.47.82.19 - - [20/Oct/2025:12:42:29 -0400] "GET /kohli-sets-another-new-record/ HTTP/1.1" 200 279914 "-" "Turnitin (https://bit.ly/2UvnfoQ)"
199.47.82.19 - - [20/Oct/2025:12:42:30 -0400] "GET /kohli-sets-another-new-record/1-361/ HTTP/1.1" 200 121345 "-" "Turnitin (https://bit.ly/2UvnfoQ)"
199.47.82.19 - - [20/Oct/2025:12:42:30 -0400] "GET /kohli-sets-another-new-record/virat-4/ HTTP/1.1" 200 121378 "-" "Turnitin (https://bit.ly/2UvnfoQ)"
199.47.82.19 - - [20/Oct/2025:12:42:31 -0400] "GET /kolaveri-di-song-crossed-the-figure-of-10-million-on-youtube/kolaveri-d/ HTTP/1.1" 200 121709 "-" "Turnitin (https://bit.ly/2UvnfoQ)"
199.47.82.19 - - [20/Oct/2025:12:42:31 -0400] "GET /kolaveri-di-song-crossed-the-figure-of-10-million-on-youtube/kolaveri-di/ HTTP/1.1" 200 121719 "-" "Turnitin (https://bit.ly/2UvnfoQ)"
199.47.82.19 - - [20/Oct/2025:12:42:32 -0400] "GET /kolkata-flyover-collapse-accident-may-affect-ipl/image-15/ HTTP/1.1" 200 121639 "-" "Turnitin (https://bit.ly/2UvnfoQ)"
199.47.82.19 - - [20/Oct/2025:12:42:33 -0400] "GET /kolkata-flyover-collapse-accident-may-affect-ipl/kolkata-bridge-collapse/ HTTP/1.1" 200 121808 "-" "Turnitin (https://bit.ly/2UvnfoQ)"
199.47.82.19 - - [20/Oct/2025:12:42:34 -0400] "GET /korean-people-believe-that-ayodhya-of-lord-rama-their-maternal-home/3-196/ HTTP/1.1" 200 122179 "-" "Turnitin (https://bit.ly/2UvnfoQ)"
199.47.82.19 - - [20/Oct/2025:12:42:34 -0400] "GET /korean-people-believe-that-ayodhya-of-lord-rama-their-maternal-home/4-116/ HTTP/1.1" 200 122179 "-" "Turnitin (https://bit.ly/2UvnfoQ)"
199.47.82.19 - - [20/Oct/2025:12:42:35 -0400] "GET /korean-people-believe-that-ayodhya-of-lord-rama-their-maternal-home/5-85/ HTTP/1.1" 200 121692 "-" "Turnitin (https://bit.ly/2UvnfoQ)"
199.47.82.19 - - [20/Oct/2025:12:42:35 -0400] "GET /korean-people-believe-that-ayodhya-of-lord-rama-their-maternal-home/6-35/ HTTP/1.1" 200 121692 "-" "Turnitin (https://bit.ly/2UvnfoQ)"
199.47.82.19 - - [20/Oct/2025:12:42:36 -0400] "GET /korowai-tribes-people-living-as-cannibals/korowai-tribes-people-living-as-cannibals-2/ HTTP/1.1" 200 122013 "-" "Turnitin (https://bit.ly/2UvnfoQ)"
199.47.82.19 - - [20/Oct/2025:12:42:36 -0400] "GET /korowai-tribes-people-living-as-cannibals/korowai-tribes-people-living-as-cannibals-content/ HTTP/1.1" 200 122117 "-" "Turnitin (https://bit.ly/2UvnfoQ)"
199.47.82.19 - - [20/Oct/2025:12:42:37 -0400] "GET /korowai-tribes-people-living-as-cannibals/korowai-tribes-people-living-as-cannibals-intro/ HTTP/1.1" 200 122470 "-" "Turnitin (https://bit.ly/2UvnfoQ)"
199.47.82.19 - - [20/Oct/2025:12:42:38 -0400] "GET /krishna-mocked-kapil-received-abuses/1-79/ HTTP/1.1" 200 121383 "-" "Turnitin (https://bit.ly/2UvnfoQ)"
199.47.82.19 - - [20/Oct/2025:12:42:38 -0400] "GET /krishna-mocked-kapil-received-abuses/2-44/ HTTP/1.1" 200 121383 "-" "Turnitin (https://bit.ly/2UvnfoQ)"
199.47.82.19 - - [20/Oct/2025:12:42:39 -0400] "GET /krishnam-raju-thokachichu-wins-a-lottery-of-whopping-5-million-dirham-in-uae/ HTTP/1.1" 200 284726 "-" "Turnitin (https://bit.ly/2UvnfoQ)"
199.47.82.19 - - [20/Oct/2025:12:42:40 -0400] "GET /krishnam-raju-thokachichu-wins-a-lottery-of-whopping-5-million-dirham-in-uae/krishnam-raju-thokachichu-wins-a-lottery-of-whopping-5-million-dirham-in-uae-cover/ HTTP/1.1" 200 123074 "-" "Turnitin (https://bit.ly/2UvnfoQ)"
199.47.82.19 - - [20/Oct/2025:12:42:40 -0400] "GET /krishnam-raju-thokachichu-wins-a-lottery-of-whopping-5-million-dirham-in-uae/krishnam-raju-thokachichu-wins-a-lottery-of-whopping-5-million-dirham-in-uae/ HTTP/1.1" 200 122996 "-" "Turnitin (https://bit.ly/2UvnfoQ)"
199.47.82.19 - - [20/Oct/2025:12:42:41 -0400] "GET /krishnapriya-a-6-year-old-girl-memorizes-700-shlokas-of-shrimad-bhagwat-geeta/krishnapriya-a-6-year-old-girl-memorizes-700-shlokas-of-shrimad-bhagwat-geeta-2/ HTTP/1.1" 200 123286 "-" "Turnitin (https://bit.ly/2UvnfoQ)"
199.47.82.19 - - [20/Oct/2025:12:42:42 -0400] "GET /krishnapriya-a-6-year-old-girl-memorizes-700-shlokas-of-shrimad-bhagwat-geeta/krishnapriya-a-6-year-old-girl-memorizes-700-shlokas-of-shrimad-bhagwat-geeta-content/ HTTP/1.1" 200 123358 "-" "Turnitin (https://bit.ly/2UvnfoQ)"
199.47.82.19 - - [20/Oct/2025:12:42:42 -0400] "GET /krubera-cave-deeper-than-the-eiffel-tower-height/krubera-cave/ HTTP/1.1" 200 121662 "-" "Turnitin (https://bit.ly/2UvnfoQ)"
57.141.0.72 - - [20/Oct/2025:12:42:42 -0400] "GET /tag/j-y-pillay-is-singapores-acting-president-for-the-next-23-days/ HTTP/1.1" 200 123018 "-" "meta-externalagent/1.1 (+https://developers.facebook.com/docs/sharing/webmasters/crawler)"
199.47.82.19 - - [20/Oct/2025:12:42:43 -0400] "GET /krubera-cave-deeper-than-the-eiffel-tower-height/krubera-cave1/ HTTP/1.1" 200 122187 "-" "Turnitin (https://bit.ly/2UvnfoQ)"
199.47.82.19 - - [20/Oct/2025:12:42:43 -0400] "GET /krubera-cave-deeper-than-the-eiffel-tower-height/krubera-cave2/ HTTP/1.1" 200 121678 "-" "Turnitin (https://bit.ly/2UvnfoQ)"
199.47.82.19 - - [20/Oct/2025:12:42:44 -0400] "GET /kukke-subramanya-temple-in-karnataka-and-brings-good-luck-for-its-followers/ HTTP/1.1" 200 284603 "-" "Turnitin (https://bit.ly/2UvnfoQ)"
199.47.82.19 - - [20/Oct/2025:12:42:45 -0400] "GET /kukke-subramanya-temple-in-karnataka-and-brings-good-luck-for-its-followers/kukke-subramanya-temple-in-karnataka-and-brings-good-luck-for-its-followers-2/ HTTP/1.1" 200 123234 "-" "Turnitin (https://bit.ly/2UvnfoQ)"
199.47.82.19 - - [20/Oct/2025:12:42:45 -0400] "GET /kukke-subramanya-temple-in-karnataka-and-brings-good-luck-for-its-followers/kukke-subramanya-temple-in-karnataka-and-brings-good-luck-for-its-followers/ HTTP/1.1" 200 123232 "-" "Turnitin (https://bit.ly/2UvnfoQ)"
199.47.82.19 - - [20/Oct/2025:12:42:46 -0400] "GET /kumar-vishwas-land-into-a-sexual-harassment-case/girl-10/ HTTP/1.1" 200 121543 "-" "Turnitin (https://bit.ly/2UvnfoQ)"
199.47.82.19 - - [20/Oct/2025:12:42:46 -0400] "GET /kumar-vishwas-land-into-a-sexual-harassment-case/kumar1/ HTTP/1.1" 200 121552 "-" "Turnitin (https://bit.ly/2UvnfoQ)"
199.47.82.19 - - [20/Oct/2025:12:42:47 -0400] "GET /kumari-venkatswamy-stabbed-21-times-in-karnataka-and-still-alive/ HTTP/1.1" 200 281347 "-" "Turnitin (https://bit.ly/2UvnfoQ)"
199.47.82.19 - - [20/Oct/2025:12:42:47 -0400] "GET /kumari-venkatswamy-stabbed-21-times-in-karnataka-and-still-alive/lady-attack/ HTTP/1.1" 200 121221 "-" "Turnitin (https://bit.ly/2UvnfoQ)"
199.47.82.19 - - [20/Oct/2025:12:42:48 -0400] "GET /kunal-explains-his-divorce-with-soha-in-sally-style/kunal-khemu-black-and-white-wallpaper-770x472/ HTTP/1.1" 200 122848 "-" "Turnitin (https://bit.ly/2UvnfoQ)"
199.47.82.19 - - [20/Oct/2025:12:42:48 -0400] "GET /kunal-explains-his-divorce-with-soha-in-sally-style/kunal_650_072314074830/ HTTP/1.1" 200 122006 "-" "Turnitin (https://bit.ly/2UvnfoQ)"
199.47.82.19 - - [20/Oct/2025:12:42:49 -0400] "GET /kunal-explains-his-divorce-with-soha-in-sally-style/o-soha-kunal-khemu-facebook/ HTTP/1.1" 200 122081 "-" "Turnitin (https://bit.ly/2UvnfoQ)"
199.47.82.19 - - [20/Oct/2025:12:42:49 -0400] "GET /kushmanda-fourth-form-of-goddess-durga/kushmanda/ HTTP/1.1" 200 121019 "-" "Turnitin (https://bit.ly/2UvnfoQ)"
199.47.82.19 - - [20/Oct/2025:12:42:50 -0400] "GET /kusumbhi-devi-temple-where-black-colored-bangles-are-offered/ HTTP/1.1" 200 285225 "-" "Turnitin (https://bit.ly/2UvnfoQ)"
