135.181.137.59 - - [20/Oct/2025:18:11:12 -0400] "GET /jawans-of-security-forces-are-the-real-heroes-of-the-country/ HTTP/1.1" 200 283759 "http://wahgazab.com/tag/sachin-tendulkar/" "Mozilla/5.0 (compatible; SeekportBot; +https://bot.seekport.com)"
135.181.137.59 - - [20/Oct/2025:18:11:14 -0400] "GET /know-ponting-who-is-matriculate-and-qualifications-of-other-veteran-cricketers-2/ HTTP/1.1" 200 287562 "http://wahgazab.com/tag/sachin-tendulkar/" "Mozilla/5.0 (compatible; SeekportBot; +https://bot.seekport.com)"
135.181.137.59 - - [20/Oct/2025:18:11:16 -0400] "GET /sachin-tendulkar-disappointed-to-british-airways/ HTTP/1.1" 200 281378 "http://wahgazab.com/tag/sachin-tendulkar/" "Mozilla/5.0 (compatible; SeekportBot; +https://bot.seekport.com)"
135.181.137.59 - - [20/Oct/2025:18:11:18 -0400] "GET /tendulkar-blasters-defeated-by-shane-warne-warriors/ HTTP/1.1" 200 284204 "http://wahgazab.com/tag/sachin-tendulkar/" "Mozilla/5.0 (compatible; SeekportBot; +https://bot.seekport.com)"
135.181.137.59 - - [20/Oct/2025:18:11:20 -0400] "GET /what-does-saurav-ganguly-propose-to-sachin/ HTTP/1.1" 200 278643 "http://wahgazab.com/tag/sachin-tendulkar/" "Mozilla/5.0 (compatible; SeekportBot; +https://bot.seekport.com)"
135.181.137.59 - - [20/Oct/2025:18:11:23 -0400] "GET /shane-warne-and-tendulkar-are-in-new-york-city-field-base-ball-stadium/ HTTP/1.1" 200 280195 "http://wahgazab.com/tag/sachin-tendulkar/" "Mozilla/5.0 (compatible; SeekportBot; +https://bot.seekport.com)"
119.12.165.236 - - [20/Oct/2025:18:11:24 -0400] "GET /tag/diamond-cutting-industry-located-in-india HTTP/2.0" 301 - "http://wahgazab.com/tag/diamond-cutting-industry-located-in-india" "Mozilla/5.0 (Macintosh; Intel Mac OS X 10_15_7) AppleWebKit/537.36 (KHTML, like Gecko) Chrome/120.0.0.0 Safari/537.36"
135.181.137.59 - - [20/Oct/2025:18:11:24 -0400] "GET /tag/sachin-tendulkar/page/2/ HTTP/1.1" 200 121559 "http://wahgazab.com/tag/sachin-tendulkar/" "Mozilla/5.0 (compatible; SeekportBot; +https://bot.seekport.com)"
119.12.165.236 - - [20/Oct/2025:18:11:25 -0400] "GET /tag/diamond-cutting-industry-located-in-india/ HTTP/1.1" 200 122510 "-" "Mozilla/5.0 (Macintosh; Intel Mac OS X 10_15_7) AppleWebKit/537.36 (KHTML, like Gecko) Chrome/120.0.0.0 Safari/537.36"
135.181.137.59 - - [20/Oct/2025:18:11:26 -0400] "GET /tag/bride-kept-on-waiting-for-groom/ HTTP/1.1" 200 122101 "http://wahgazab.com/groom-along-with-the-female-horse-jumps-into-well-and-bride-kept-on-waiting/" "Mozilla/5.0 (compatible; SeekportBot; +https://bot.seekport.com)"
135.181.137.59 - - [20/Oct/2025:18:11:28 -0400] "GET /tag/gonda-district/ HTTP/1.1" 200 121965 "http://wahgazab.com/groom-along-with-the-female-horse-jumps-into-well-and-bride-kept-on-waiting/" "Mozilla/5.0 (compatible; SeekportBot; +https://bot.seekport.com)"
135.181.137.59 - - [20/Oct/2025:18:11:30 -0400] "GET /tag/groom-along-with-the-female-horse-jumps-into-well/ HTTP/1.1" 200 122245 "http://wahgazab.com/groom-along-with-the-female-horse-jumps-into-well-and-bride-kept-on-waiting/" "Mozilla/5.0 (compatible; SeekportBot; +https://bot.seekport.com)"
135.181.137.59 - - [20/Oct/2025:18:11:32 -0400] "GET /tag/jcb-machine/ HTTP/1.1" 200 128201 "http://wahgazab.com/groom-along-with-the-female-horse-jumps-into-well-and-bride-kept-on-waiting/" "Mozilla/5.0 (compatible; SeekportBot; +https://bot.seekport.com)"
135.181.137.59 - - [20/Oct/2025:18:11:34 -0400] "GET /tag/uttar-pradesh/ HTTP/1.1" 200 184089 "http://wahgazab.com/groom-along-with-the-female-horse-jumps-into-well-and-bride-kept-on-waiting/" "Mozilla/5.0 (compatible; SeekportBot; +https://bot.seekport.com)"
135.181.137.59 - - [20/Oct/2025:18:11:35 -0400] "GET /tag/uttar-pradesh-news/ HTTP/1.1" 200 169737 "http://wahgazab.com/groom-along-with-the-female-horse-jumps-into-well-and-bride-kept-on-waiting/" "Mozilla/5.0 (compatible; SeekportBot; +https://bot.seekport.com)"
135.181.137.59 - - [20/Oct/2025:18:11:38 -0400] "GET /tag/uttar-pradesh-weird-news/ HTTP/1.1" 200 122045 "http://wahgazab.com/groom-along-with-the-female-horse-jumps-into-well-and-bride-kept-on-waiting/" "Mozilla/5.0 (compatible; SeekportBot; +https://bot.seekport.com)"
66.249.79.169 - - [20/Oct/2025:18:11:38 -0400] "GET /post-offices-soon-to-follow-banks/ HTTP/1.1" 200 280961 "-" "Mozilla/5.0 (Linux; Android 6.0.1; Nexus 5X Build/MMB29P) AppleWebKit/537.36 (KHTML, like Gecko) Chrome/140.0.7339.207 Mobile Safari/537.36 (compatible; Googlebot/2.1; +http://www.google.com/bot.html)"
135.181.137.59 - - [20/Oct/2025:18:11:40 -0400] "GET /tag/%E0%A4%A6%E0%A5%82%E0%A4%B2%E0%A5%8D%E0%A4%B9%E0%A4%BE/ HTTP/1.1" 200 122046 "http://wahgazab.com/groom-along-with-the-female-horse-jumps-into-well-and-bride-kept-on-waiting/" "Mozilla/5.0 (compatible; SeekportBot; +https://bot.seekport.com)"
135.181.137.59 - - [20/Oct/2025:18:11:42 -0400] "GET /this-man-quits-his-job-from-google-now-making-samosa-and-earning-so-big/ HTTP/1.1" 200 284577 "http://wahgazab.com/groom-along-with-the-female-horse-jumps-into-well-and-bride-kept-on-waiting/" "Mozilla/5.0 (compatible; SeekportBot; +https://bot.seekport.com)"
135.181.137.59 - - [20/Oct/2025:18:11:43 -0400] "GET /tag/dth/ HTTP/1.1" 200 121691 "http://wahgazab.com/reliance-jio-to-launch-dth-offer-for-6-months-free-welcome-offer/" "Mozilla/5.0 (compatible; SeekportBot; +https://bot.seekport.com)"
37.59.204.135 - - [20/Oct/2025:18:11:45 -0400] "GET /tag/thar-gold-in-them-thar-vault/ HTTP/1.1" 200 121558 "-" "Mozilla/5.0 (compatible; AhrefsBot/7.0; +http://ahrefs.com/robot/)"
135.181.137.59 - - [20/Oct/2025:18:11:46 -0400] "GET /tag/dth-offer-for-6-months-free-welcome-offer/ HTTP/1.1" 200 121995 "http://wahgazab.com/reliance-jio-to-launch-dth-offer-for-6-months-free-welcome-offer/" "Mozilla/5.0 (compatible; SeekportBot; +https://bot.seekport.com)"
119.12.165.236 - - [20/Oct/2025:18:11:24 -0400] "GET /tag/diamond-cutting-industry-located-in-india HTTP/1.1" 101 - "http://wahgazab.com/tag/diamond-cutting-industry-located-in-india" "Mozilla/5.0 (Macintosh; Intel Mac OS X 10_15_7) AppleWebKit/537.36 (KHTML, like Gecko) Chrome/120.0.0.0 Safari/537.36"
135.181.137.59 - - [20/Oct/2025:18:11:47 -0400] "GET /tag/dth-registration-begins/ HTTP/1.1" 200 121851 "http://wahgazab.com/reliance-jio-to-launch-dth-offer-for-6-months-free-welcome-offer/" "Mozilla/5.0 (compatible; SeekportBot; +https://bot.seekport.com)"
135.181.137.59 - - [20/Oct/2025:18:11:49 -0400] "GET /tag/free-internet-offer/ HTTP/1.1" 200 121819 "http://wahgazab.com/reliance-jio-to-launch-dth-offer-for-6-months-free-welcome-offer/" "Mozilla/5.0 (compatible; SeekportBot; +https://bot.seekport.com)"
135.181.137.59 - - [20/Oct/2025:18:11:51 -0400] "GET /tag/high-definition-hd-quality/ HTTP/1.1" 200 121885 "http://wahgazab.com/reliance-jio-to-launch-dth-offer-for-6-months-free-welcome-offer/" "Mozilla/5.0 (compatible; SeekportBot; +https://bot.seekport.com)"
135.181.137.59 - - [20/Oct/2025:18:11:54 -0400] "GET /tag/jio/ HTTP/1.1" 200 124561 "http://wahgazab.com/reliance-jio-to-launch-dth-offer-for-6-months-free-welcome-offer/" "Mozilla/5.0 (compatible; SeekportBot; +https://bot.seekport.com)"
135.181.137.59 - - [20/Oct/2025:18:11:57 -0400] "GET /tag/jio-dth/ HTTP/1.1" 200 121723 "http://wahgazab.com/reliance-jio-to-launch-dth-offer-for-6-months-free-welcome-offer/" "Mozilla/5.0 (compatible; SeekportBot; +https://bot.seekport.com)"
135.181.137.59 - - [20/Oct/2025:18:11:58 -0400] "GET /tag/reliance-jio/ HTTP/1.1" 200 131005 "http://wahgazab.com/reliance-jio-to-launch-dth-offer-for-6-months-free-welcome-offer/" "Mozilla/5.0 (compatible; SeekportBot; +https://bot.seekport.com)"
135.181.137.59 - - [20/Oct/2025:18:12:00 -0400] "GET /tag/reliance-jio-to-launch-dth/ HTTP/1.1" 200 121875 "http://wahgazab.com/reliance-jio-to-launch-dth-offer-for-6-months-free-welcome-offer/" "Mozilla/5.0 (compatible; SeekportBot; +https://bot.seekport.com)"
135.181.137.59 - - [20/Oct/2025:18:12:02 -0400] "GET /tag/telecom-industry/ HTTP/1.1" 200 121795 "http://wahgazab.com/reliance-jio-to-launch-dth-offer-for-6-months-free-welcome-offer/" "Mozilla/5.0 (compatible; SeekportBot; +https://bot.seekport.com)"
135.181.137.59 - - [20/Oct/2025:18:12:04 -0400] "GET /tag/%E0%A4%9C%E0%A4%BF%E0%A4%93/ HTTP/1.1" 200 121761 "http://wahgazab.com/reliance-jio-to-launch-dth-offer-for-6-months-free-welcome-offer/" "Mozilla/5.0 (compatible; SeekportBot; +https://bot.seekport.com)"
135.181.137.59 - - [20/Oct/2025:18:12:07 -0400] "GET /female-politicians-in-india/ HTTP/1.1" 200 283897 "http://wahgazab.com/reliance-jio-to-launch-dth-offer-for-6-months-free-welcome-offer/" "Mozilla/5.0 (compatible; SeekportBot; +https://bot.seekport.com)"
135.181.137.59 - - [20/Oct/2025:18:12:09 -0400] "GET /tag/fine-for-talking-on-mobiles/ HTTP/1.1" 200 121951 "http://wahgazab.com/women-forbidden-to-talk-on-their-mobile-phones-here-at-this-place/" "Mozilla/5.0 (compatible; SeekportBot; +https://bot.seekport.com)"
17.241.227.113 - - [20/Oct/2025:18:12:09 -0400] "GET /tag/monday/ HTTP/1.1" 200 127561 "-" "Mozilla/5.0 (Macintosh; Intel Mac OS X 10_15_7) AppleWebKit/605.1.15 (KHTML, like Gecko) Version/17.4 Safari/605.1.15 (Applebot/0.1; +http://www.apple.com/go/applebot)"
135.181.137.59 - - [20/Oct/2025:18:12:11 -0400] "GET /tag/madora-village/ HTTP/1.1" 200 121847 "http://wahgazab.com/women-forbidden-to-talk-on-their-mobile-phones-here-at-this-place/" "Mozilla/5.0 (compatible; SeekportBot; +https://bot.seekport.com)"
135.181.137.59 - - [20/Oct/2025:18:12:12 -0400] "GET /tag/mathura/ HTTP/1.1" 200 136895 "http://wahgazab.com/women-forbidden-to-talk-on-their-mobile-phones-here-at-this-place/" "Mozilla/5.0 (compatible; SeekportBot; +https://bot.seekport.com)"
135.181.137.59 - - [20/Oct/2025:18:12:13 -0400] "GET /tag/mobile/ HTTP/1.1" 200 181461 "http://wahgazab.com/women-forbidden-to-talk-on-their-mobile-phones-here-at-this-place/" "Mozilla/5.0 (compatible; SeekportBot; +https://bot.seekport.com)"
135.181.137.59 - - [20/Oct/2025:18:12:15 -0400] "GET /tag/women-forbidden-to-talk-on-their-mobile-phones/ HTTP/1.1" 200 122103 "http://wahgazab.com/women-forbidden-to-talk-on-their-mobile-phones-here-at-this-place/" "Mozilla/5.0 (compatible; SeekportBot; +https://bot.seekport.com)"
135.181.137.59 - - [20/Oct/2025:18:12:16 -0400] "GET /tag/%E0%A4%AE%E0%A5%8B%E0%A4%AC%E0%A4%BE%E0%A4%87%E0%A4%B2/ HTTP/1.1" 200 152434 "http://wahgazab.com/women-forbidden-to-talk-on-their-mobile-phones-here-at-this-place/" "Mozilla/5.0 (compatible; SeekportBot; +https://bot.seekport.com)"
135.181.137.59 - - [20/Oct/2025:18:12:18 -0400] "GET /how-to-play-online-games-for-free-using-these-websites/ HTTP/1.1" 200 282916 "http://wahgazab.com/women-forbidden-to-talk-on-their-mobile-phones-here-at-this-place/" "Mozilla/5.0 (compatible; SeekportBot; +https://bot.seekport.com)"
135.181.137.59 - - [20/Oct/2025:18:12:20 -0400] "GET /follow-these-tips-to-get-rid-of-debts/ HTTP/1.1" 200 281354 "http://wahgazab.com/women-forbidden-to-talk-on-their-mobile-phones-here-at-this-place/" "Mozilla/5.0 (compatible; SeekportBot; +https://bot.seekport.com)"
135.181.137.59 - - [20/Oct/2025:18:12:21 -0400] "GET /tag/beautiful-girl/ HTTP/1.1" 200 121821 "http://wahgazab.com/this-eleven-year-old-girl-looks-more-beautiful-than-many-beauties/" "Mozilla/5.0 (compatible; SeekportBot; +https://bot.seekport.com)"
135.181.137.59 - - [20/Oct/2025:18:12:23 -0400] "GET /tag/christina-piemenova/ HTTP/1.1" 200 121861 "http://wahgazab.com/this-eleven-year-old-girl-looks-more-beautiful-than-many-beauties/" "Mozilla/5.0 (compatible; SeekportBot; +https://bot.seekport.com)"
135.181.137.59 - - [20/Oct/2025:18:12:24 -0400] "GET /tag/eleven-year-old/ HTTP/1.1" 200 121829 "http://wahgazab.com/this-eleven-year-old-girl-looks-more-beautiful-than-many-beauties/" "Mozilla/5.0 (compatible; SeekportBot; +https://bot.seekport.com)"
135.181.137.59 - - [20/Oct/2025:18:12:25 -0400] "GET /tag/girl/ HTTP/1.1" 200 181298 "http://wahgazab.com/this-eleven-year-old-girl-looks-more-beautiful-than-many-beauties/" "Mozilla/5.0 (compatible; SeekportBot; +https://bot.seekport.com)"
135.181.137.59 - - [20/Oct/2025:18:12:27 -0400] "GET /tag/modelling/ HTTP/1.1" 200 121781 "http://wahgazab.com/this-eleven-year-old-girl-looks-more-beautiful-than-many-beauties/" "Mozilla/5.0 (compatible; SeekportBot; +https://bot.seekport.com)"
135.181.137.59 - - [20/Oct/2025:18:12:29 -0400] "GET /tag/most-beautiful-girl/ HTTP/1.1" 200 121861 "http://wahgazab.com/this-eleven-year-old-girl-looks-more-beautiful-than-many-beauties/" "Mozilla/5.0 (compatible; SeekportBot; +https://bot.seekport.com)"
135.181.137.59 - - [20/Oct/2025:18:12:31 -0400] "GET /tag/popular-girl/ HTTP/1.1" 200 121805 "http://wahgazab.com/this-eleven-year-old-girl-looks-more-beautiful-than-many-beauties/" "Mozilla/5.0 (compatible; SeekportBot; +https://bot.seekport.com)"
135.181.137.59 - - [20/Oct/2025:18:12:33 -0400] "GET /tag/russia/ HTTP/1.1" 200 182507 "http://wahgazab.com/this-eleven-year-old-girl-looks-more-beautiful-than-many-beauties/" "Mozilla/5.0 (compatible; SeekportBot; +https://bot.seekport.com)"
135.181.137.59 - - [20/Oct/2025:18:12:34 -0400] "GET /tag/social-media-account/ HTTP/1.1" 200 121869 "http://wahgazab.com/this-eleven-year-old-girl-looks-more-beautiful-than-many-beauties/" "Mozilla/5.0 (compatible; SeekportBot; +https://bot.seekport.com)"
135.181.137.59 - - [20/Oct/2025:18:12:37 -0400] "GET /tag/%E0%A4%96%E0%A5%82%E0%A4%AC%E0%A4%B8%E0%A5%82%E0%A4%B0%E0%A4%A4%E0%A5%80/ HTTP/1.1" 200 121968 "http://wahgazab.com/this-eleven-year-old-girl-looks-more-beautiful-than-many-beauties/" "Mozilla/5.0 (compatible; SeekportBot; +https://bot.seekport.com)"
135.181.137.59 - - [20/Oct/2025:18:12:38 -0400] "GET /pm-modi-inaugurates-the-apj-kalam-memorial-on-his-death-anniversary/ HTTP/1.1" 200 284133 "http://wahgazab.com/this-eleven-year-old-girl-looks-more-beautiful-than-many-beauties/" "Mozilla/5.0 (compatible; SeekportBot; +https://bot.seekport.com)"
135.181.137.59 - - [20/Oct/2025:18:12:40 -0400] "GET /humans-on-earth-to-come-to-end-soon/ HTTP/1.1" 200 283381 "http://wahgazab.com/this-eleven-year-old-girl-looks-more-beautiful-than-many-beauties/" "Mozilla/5.0 (compatible; SeekportBot; +https://bot.seekport.com)"
135.181.137.59 - - [20/Oct/2025:18:12:42 -0400] "GET /tag/gun-security-guard/ HTTP/1.1" 200 121584 "http://wahgazab.com/tomatoes-get-costlier-than-ever-before/" "Mozilla/5.0 (compatible; SeekportBot; +https://bot.seekport.com)"
135.181.137.59 - - [20/Oct/2025:18:12:44 -0400] "GET /tag/indore/ HTTP/1.1" 200 180883 "http://wahgazab.com/tomatoes-get-costlier-than-ever-before/" "Mozilla/5.0 (compatible; SeekportBot; +https://bot.seekport.com)"
135.181.137.59 - - [20/Oct/2025:18:12:46 -0400] "GET /tag/tomato/ HTTP/1.1" 200 127899 "http://wahgazab.com/tomatoes-get-costlier-than-ever-before/" "Mozilla/5.0 (compatible; SeekportBot; +https://bot.seekport.com)"
135.181.137.59 - - [20/Oct/2025:18:12:47 -0400] "GET /tag/tomato-news/ HTTP/1.1" 200 121528 "http://wahgazab.com/tomatoes-get-costlier-than-ever-before/" "Mozilla/5.0 (compatible; SeekportBot; +https://bot.seekport.com)"
135.181.137.59 - - [20/Oct/2025:18:12:49 -0400] "GET /tag/tomato-theft-incident/ HTTP/1.1" 200 121608 "http://wahgazab.com/tomatoes-get-costlier-than-ever-before/" "Mozilla/5.0 (compatible; SeekportBot; +https://bot.seekport.com)"
216.244.66.247 - - [20/Oct/2025:18:12:49 -0400] "GET /robots.txt HTTP/1.1" 200 112 "-" "Mozilla/5.0 (compatible; DotBot/1.2; +https://opensiteexplorer.org/dotbot; [email protected])"
135.181.137.59 - - [20/Oct/2025:18:12:50 -0400] "GET /tag/tomatoes/ HTTP/1.1" 200 127554 "http://wahgazab.com/tomatoes-get-costlier-than-ever-before/" "Mozilla/5.0 (compatible; SeekportBot; +https://bot.seekport.com)"
135.181.137.59 - - [20/Oct/2025:18:12:51 -0400] "GET /tag/tomatoes-get-costlier/ HTTP/1.1" 200 121608 "http://wahgazab.com/tomatoes-get-costlier-than-ever-before/" "Mozilla/5.0 (compatible; SeekportBot; +https://bot.seekport.com)"
135.181.137.59 - - [20/Oct/2025:18:12:52 -0400] "GET /tag/tomatoes-get-costlier-than-ever-before/ HTTP/1.1" 200 121744 "http://wahgazab.com/tomatoes-get-costlier-than-ever-before/" "Mozilla/5.0 (compatible; SeekportBot; +https://bot.seekport.com)"
135.181.137.59 - - [20/Oct/2025:18:12:54 -0400] "GET /tag/%E0%A4%9F%E0%A4%AE%E0%A4%BE%E0%A4%9F%E0%A4%B0%E0%A5%8B%E0%A4%82/ HTTP/1.1" 200 121666 "http://wahgazab.com/tomatoes-get-costlier-than-ever-before/" "Mozilla/5.0 (compatible; SeekportBot; +https://bot.seekport.com)"
135.181.137.59 - - [20/Oct/2025:18:12:56 -0400] "GET /historical-facts-prove-tajmahal-a-hindu-temple/ HTTP/1.1" 200 289491 "http://wahgazab.com/tomatoes-get-costlier-than-ever-before/" "Mozilla/5.0 (compatible; SeekportBot; +https://bot.seekport.com)"
135.181.137.59 - - [20/Oct/2025:18:12:58 -0400] "GET /a-child-found-a-millions-year-old-human-skull/ HTTP/1.1" 200 283572 "http://wahgazab.com/tomatoes-get-costlier-than-ever-before/" "Mozilla/5.0 (compatible; SeekportBot; +https://bot.seekport.com)"
135.181.137.59 - - [20/Oct/2025:18:13:00 -0400] "GET /tag/27-contact-lenses/ HTTP/1.1" 200 121927 "http://wahgazab.com/this-woman-wearing-27-contact-lenses-doctors-shocked/" "Mozilla/5.0 (compatible; SeekportBot; +https://bot.seekport.com)"
135.181.137.59 - - [20/Oct/2025:18:13:02 -0400] "GET /tag/contact-lens/ HTTP/1.1" 200 121887 "http://wahgazab.com/this-woman-wearing-27-contact-lenses-doctors-shocked/" "Mozilla/5.0 (compatible; SeekportBot; +https://bot.seekport.com)"
135.181.137.59 - - [20/Oct/2025:18:13:04 -0400] "GET /tag/doctors-shocked/ HTTP/1.1" 200 121911 "http://wahgazab.com/this-woman-wearing-27-contact-lenses-doctors-shocked/" "Mozilla/5.0 (compatible; SeekportBot; +https://bot.seekport.com)"
135.181.137.59 - - [20/Oct/2025:18:13:06 -0400] "GET /tag/west-midlands/ HTTP/1.1" 200 121895 "http://wahgazab.com/this-woman-wearing-27-contact-lenses-doctors-shocked/" "Mozilla/5.0 (compatible; SeekportBot; +https://bot.seekport.com)"
135.181.137.59 - - [20/Oct/2025:18:13:09 -0400] "GET /tag/woman-wearing-27-contact-lenses/ HTTP/1.1" 200 122039 "http://wahgazab.com/this-woman-wearing-27-contact-lenses-doctors-shocked/" "Mozilla/5.0 (compatible; SeekportBot; +https://bot.seekport.com)"
135.181.137.59 - - [20/Oct/2025:18:13:12 -0400] "GET /tag/%E0%A4%95%E0%A5%89%E0%A4%A8%E0%A5%8D%E0%A4%9F%E0%A5%87%E0%A4%95%E0%A5%8D%E0%A4%9F-%E0%A4%B2%E0%A5%87%E0%A4%82%E0%A4%B8/ HTTP/1.1" 200 122222 "http://wahgazab.com/this-woman-wearing-27-contact-lenses-doctors-shocked/" "Mozilla/5.0 (compatible; SeekportBot; +https://bot.seekport.com)"
135.181.137.59 - - [20/Oct/2025:18:13:13 -0400] "GET /once-the-baby-born-in-this-hospital-gets-graduated-at-the-moment/ HTTP/1.1" 200 284093 "http://wahgazab.com/this-woman-wearing-27-contact-lenses-doctors-shocked/" "Mozilla/5.0 (compatible; SeekportBot; +https://bot.seekport.com)"
135.181.137.59 - - [20/Oct/2025:18:13:15 -0400] "GET /lord-rama-spent-4-months-at-this-temple-of-lord-shiva/ HTTP/1.1" 200 284070 "http://wahgazab.com/this-woman-wearing-27-contact-lenses-doctors-shocked/" "Mozilla/5.0 (compatible; SeekportBot; +https://bot.seekport.com)"
135.181.137.59 - - [20/Oct/2025:18:13:17 -0400] "GET /tag/argentina/ HTTP/1.1" 200 150105 "http://wahgazab.com/villagers-have-great-fear-of-this-little-lamb/" "Mozilla/5.0 (compatible; SeekportBot; +https://bot.seekport.com)"
135.181.137.59 - - [20/Oct/2025:18:13:19 -0400] "GET /tag/argentina-news/ HTTP/1.1" 200 121604 "http://wahgazab.com/villagers-have-great-fear-of-this-little-lamb/" "Mozilla/5.0 (compatible; SeekportBot; +https://bot.seekport.com)"
135.181.137.59 - - [20/Oct/2025:18:13:22 -0400] "GET /tag/argentina-weird-news/ HTTP/1.1" 200 121652 "http://wahgazab.com/villagers-have-great-fear-of-this-little-lamb/" "Mozilla/5.0 (compatible; SeekportBot; +https://bot.seekport.com)"
135.181.137.59 - - [20/Oct/2025:18:13:23 -0400] "GET /tag/central-argentina/ HTTP/1.1" 200 121628 "http://wahgazab.com/villagers-have-great-fear-of-this-little-lamb/" "Mozilla/5.0 (compatible; SeekportBot; +https://bot.seekport.com)"
135.181.137.59 - - [20/Oct/2025:18:13:24 -0400] "GET /tag/little-lamb/ HTTP/1.1" 200 121580 "http://wahgazab.com/villagers-have-great-fear-of-this-little-lamb/" "Mozilla/5.0 (compatible; SeekportBot; +https://bot.seekport.com)"
135.181.137.59 - - [20/Oct/2025:18:13:26 -0400] "GET /tag/san-luis/ HTTP/1.1" 200 121556 "http://wahgazab.com/villagers-have-great-fear-of-this-little-lamb/" "Mozilla/5.0 (compatible; SeekportBot; +https://bot.seekport.com)"
135.181.137.59 - - [20/Oct/2025:18:13:27 -0400] "GET /tag/villagers-have-great-fear-of-this-little-lamb/ HTTP/1.1" 200 121852 "http://wahgazab.com/villagers-have-great-fear-of-this-little-lamb/" "Mozilla/5.0 (compatible; SeekportBot; +https://bot.seekport.com)"
135.181.137.59 - - [20/Oct/2025:18:13:28 -0400] "GET /tag/%E0%A4%AE%E0%A5%87%E0%A4%AE%E0%A4%A8%E0%A5%87/ HTTP/1.1" 200 121652 "http://wahgazab.com/villagers-have-great-fear-of-this-little-lamb/" "Mozilla/5.0 (compatible; SeekportBot; +https://bot.seekport.com)"
135.181.137.59 - - [20/Oct/2025:18:13:30 -0400] "GET /how-to-spend-your-vacations-at-these-affordable-places/ HTTP/1.1" 200 285748 "http://wahgazab.com/villagers-have-great-fear-of-this-little-lamb/" "Mozilla/5.0 (compatible; SeekportBot; +https://bot.seekport.com)"
135.181.137.59 - - [20/Oct/2025:18:13:32 -0400] "GET /reliance-announces-giving-free-4g-lte-smartphone-to-customers/ HTTP/1.1" 200 283436 "http://wahgazab.com/villagers-have-great-fear-of-this-little-lamb/" "Mozilla/5.0 (compatible; SeekportBot; +https://bot.seekport.com)"
135.181.137.59 - - [20/Oct/2025:18:13:34 -0400] "GET /tag/america/ HTTP/1.1" 200 183961 "http://wahgazab.com/people-come-to-see-these-shoes-made-up-of-the-skin-of-criminals/" "Mozilla/5.0 (compatible; SeekportBot; +https://bot.seekport.com)"
135.181.137.59 - - [20/Oct/2025:18:13:36 -0400] "GET /tag/criminal/ HTTP/1.1" 200 124699 "http://wahgazab.com/people-come-to-see-these-shoes-made-up-of-the-skin-of-criminals/" "Mozilla/5.0 (compatible; SeekportBot; +https://bot.seekport.com)"
37.59.204.143 - - [20/Oct/2025:18:13:37 -0400] "GET /tag/thar-treasures-to-be-exposed/ HTTP/1.1" 200 121558 "-" "Mozilla/5.0 (compatible; AhrefsBot/7.0; +http://ahrefs.com/robot/)"
135.181.137.59 - - [20/Oct/2025:18:13:38 -0400] "GET /tag/famous-robber/ HTTP/1.1" 200 121918 "http://wahgazab.com/people-come-to-see-these-shoes-made-up-of-the-skin-of-criminals/" "Mozilla/5.0 (compatible; SeekportBot; +https://bot.seekport.com)"
135.181.137.59 - - [20/Oct/2025:18:13:40 -0400] "GET /tag/george-parrot/ HTTP/1.1" 200 121918 "http://wahgazab.com/people-come-to-see-these-shoes-made-up-of-the-skin-of-criminals/" "Mozilla/5.0 (compatible; SeekportBot; +https://bot.seekport.com)"
216.73.216.129 - - [20/Oct/2025:18:13:42 -0400] "GET /virat-anushka-come-together-again-after-dinner-date/virat-and-anushka6-600x400 HTTP/1.1" 301 - "-" "Mozilla/5.0 AppleWebKit/537.36 (KHTML, like Gecko; compatible; ClaudeBot/1.0; [email protected])"
135.181.137.59 - - [20/Oct/2025:18:13:42 -0400] "GET /tag/museum-in-rawlins/ HTTP/1.1" 200 121950 "http://wahgazab.com/people-come-to-see-these-shoes-made-up-of-the-skin-of-criminals/" "Mozilla/5.0 (compatible; SeekportBot; +https://bot.seekport.com)"
216.73.216.129 - - [20/Oct/2025:18:13:43 -0400] "GET /virat-anushka-come-together-again-after-dinner-date/virat-and-anushka6-600x400/ HTTP/1.1" 200 121995 "http://wahgazab.com/virat-anushka-come-together-again-after-dinner-date/virat-and-anushka6-600x400" "Mozilla/5.0 AppleWebKit/537.36 (KHTML, like Gecko; compatible; ClaudeBot/1.0; [email protected])"
135.181.137.59 - - [20/Oct/2025:18:13:44 -0400] "GET /tag/people-come-to-see-these-shoes/ HTTP/1.1" 200 122054 "http://wahgazab.com/people-come-to-see-these-shoes-made-up-of-the-skin-of-criminals/" "Mozilla/5.0 (compatible; SeekportBot; +https://bot.seekport.com)"
135.181.137.59 - - [20/Oct/2025:18:13:46 -0400] "GET /tag/rattlesnake-canyon/ HTTP/1.1" 200 121958 "http://wahgazab.com/people-come-to-see-these-shoes-made-up-of-the-skin-of-criminals/" "Mozilla/5.0 (compatible; SeekportBot; +https://bot.seekport.com)"
135.181.137.59 - - [20/Oct/2025:18:13:47 -0400] "GET /tag/shoes/ HTTP/1.1" 200 130551 "http://wahgazab.com/people-come-to-see-these-shoes-made-up-of-the-skin-of-criminals/" "Mozilla/5.0 (compatible; SeekportBot; +https://bot.seekport.com)"
135.181.137.59 - - [20/Oct/2025:18:13:50 -0400] "GET /tag/shoes-made-up-of-the-skin-of-criminals/ HTTP/1.1" 200 122118 "http://wahgazab.com/people-come-to-see-these-shoes-made-up-of-the-skin-of-criminals/" "Mozilla/5.0 (compatible; SeekportBot; +https://bot.seekport.com)"
135.181.137.59 - - [20/Oct/2025:18:13:51 -0400] "GET /tag/union-pacific-train/ HTTP/1.1" 200 121966 "http://wahgazab.com/people-come-to-see-these-shoes-made-up-of-the-skin-of-criminals/" "Mozilla/5.0 (compatible; SeekportBot; +https://bot.seekport.com)"
135.181.137.59 - - [20/Oct/2025:18:13:53 -0400] "GET /tag/wyoming/ HTTP/1.1" 200 124894 "http://wahgazab.com/people-come-to-see-these-shoes-made-up-of-the-skin-of-criminals/" "Mozilla/5.0 (compatible; SeekportBot; +https://bot.seekport.com)"
135.181.137.59 - - [20/Oct/2025:18:13:54 -0400] "GET /tag/%E0%A4%9C%E0%A5%82%E0%A4%A4%E0%A5%87/ HTTP/1.1" 200 121941 "http://wahgazab.com/people-come-to-see-these-shoes-made-up-of-the-skin-of-criminals/" "Mozilla/5.0 (compatible; SeekportBot; +https://bot.seekport.com)"
135.181.137.59 - - [20/Oct/2025:18:13:56 -0400] "GET /this-bicycle-controls-pollution/ HTTP/1.1" 200 283320 "http://wahgazab.com/people-come-to-see-these-shoes-made-up-of-the-skin-of-criminals/" "Mozilla/5.0 (compatible; SeekportBot; +https://bot.seekport.com)"
135.181.137.59 - - [20/Oct/2025:18:13:58 -0400] "GET /doing-this-one-thing-during-saavan-makes-you-happier/ HTTP/1.1" 200 283512 "http://wahgazab.com/people-come-to-see-these-shoes-made-up-of-the-skin-of-criminals/" "Mozilla/5.0 (compatible; SeekportBot; +https://bot.seekport.com)"
135.181.137.59 - - [20/Oct/2025:18:13:59 -0400] "GET /tag/fukushima-daiichi-nuclear-plant/ HTTP/1.1" 200 121948 "http://wahgazab.com/only-one-man-lives-in-this-city-for-some-strange-reasons/" "Mozilla/5.0 (compatible; SeekportBot; +https://bot.seekport.com)"
135.181.137.59 - - [20/Oct/2025:18:14:01 -0400] "GET /tag/monovi/ HTTP/1.1" 200 121748 "http://wahgazab.com/only-one-man-lives-in-this-city-for-some-strange-reasons/" "Mozilla/5.0 (compatible; SeekportBot; +https://bot.seekport.com)"
135.181.137.59 - - [20/Oct/2025:18:14:03 -0400] "GET /tag/naoto-matsumura/ HTTP/1.1" 200 121820 "http://wahgazab.com/only-one-man-lives-in-this-city-for-some-strange-reasons/" "Mozilla/5.0 (compatible; SeekportBot; +https://bot.seekport.com)"
135.181.137.59 - - [20/Oct/2025:18:14:05 -0400] "GET /tag/nebraska/ HTTP/1.1" 200 121764 "http://wahgazab.com/only-one-man-lives-in-this-city-for-some-strange-reasons/" "Mozilla/5.0 (compatible; SeekportBot; +https://bot.seekport.com)"
66.249.79.170 - - [20/Oct/2025:18:14:06 -0400] "GET /?a=4790488040000&channel=176531&from=pin.php%3Fid%3D880400-1932%26name%3DLIXIL+%E3%81%B5%E3%82%8D%E3%81%B5%E3%81%9F+%E7%B5%84%E3%81%BF%E3%81%B5%E3%81%9F+3%E6%9E%9A%E7%B5%84+720mm%C3%97487mm+%E3%83%9B%E3%83%AF%E3%82%A4%E3%83%88+%E3%82%A2%E3%83%BC%E3%83%90%E3%83%B3%E3%82%B7%E3%83%AA%E3%83%BC%E3%82%BA%E7%94%A8+%E6%B4%8B%E9%A2%A8%E3%83%90%E3%82%B9%E7%94%A8+%E6%B5%B4%E6%A7%BD%E9%83%A8%E6%9D%90+YFK-1575C%281%29 HTTP/1.1" 301 - "-" "Mozilla/5.0 (Linux; Android 6.0.1; Nexus 5X Build/MMB29P) AppleWebKit/537.36 (KHTML, like Gecko) Chrome/140.0.7339.207 Mobile Safari/537.36 (compatible; Googlebot/2.1; +http://www.google.com/bot.html)"
135.181.137.59 - - [20/Oct/2025:18:14:07 -0400] "GET /tag/only-one-man-lives-in-this-city/ HTTP/1.1" 200 121948 "http://wahgazab.com/only-one-man-lives-in-this-city-for-some-strange-reasons/" "Mozilla/5.0 (compatible; SeekportBot; +https://bot.seekport.com)"
66.249.79.169 - - [20/Oct/2025:18:14:07 -0400] "GET /?a=4790488040000&channel=176531&from=pin.php%3Fid%3D880400-1932%26name%3DLIXIL%20%E3%81%B5%E3%82%8D%E3%81%B5%E3%81%9F%20%E7%B5%84%E3%81%BF%E3%81%B5%E3%81%9F%203%E6%9E%9A%E7%B5%84%20720mm%C3%97487mm%20%E3%83%9B%E3%83%AF%E3%82%A4%E3%83%88%20%E3%82%A2%E3%83%BC%E3%83%90%E3%83%B3%E3%82%B7%E3%83%AA%E3%83%BC%E3%82%BA%E7%94%A8%20%E6%B4%8B%E9%A2%A8%E3%83%90%E3%82%B9%E7%94%A8%20%E6%B5%B4%E6%A7%BD%E9%83%A8%E6%9D%90%20YFK-1575C%281%29 HTTP/1.1" 200 200962 "-" "Mozilla/5.0 (Linux; Android 6.0.1; Nexus 5X Build/MMB29P) AppleWebKit/537.36 (KHTML, like Gecko) Chrome/140.0.7339.207 Mobile Safari/537.36 (compatible; Googlebot/2.1; +http://www.google.com/bot.html)"
135.181.137.59 - - [20/Oct/2025:18:14:09 -0400] "GET /tag/only-one-man-lives-in-this-city-for-some-strange-reasons/ HTTP/1.1" 200 122148 "http://wahgazab.com/only-one-man-lives-in-this-city-for-some-strange-reasons/" "Mozilla/5.0 (compatible; SeekportBot; +https://bot.seekport.com)"
135.181.137.59 - - [20/Oct/2025:18:14:10 -0400] "GET /tag/strange-reasons/ HTTP/1.1" 200 121820 "http://wahgazab.com/only-one-man-lives-in-this-city-for-some-strange-reasons/" "Mozilla/5.0 (compatible; SeekportBot; +https://bot.seekport.com)"
135.181.137.59 - - [20/Oct/2025:18:14:12 -0400] "GET /tag/tomiaca/ HTTP/1.1" 200 121756 "http://wahgazab.com/only-one-man-lives-in-this-city-for-some-strange-reasons/" "Mozilla/5.0 (compatible; SeekportBot; +https://bot.seekport.com)"
135.181.137.59 - - [20/Oct/2025:18:14:14 -0400] "GET /tag/unique-city/ HTTP/1.1" 200 121788 "http://wahgazab.com/only-one-man-lives-in-this-city-for-some-strange-reasons/" "Mozilla/5.0 (compatible; SeekportBot; +https://bot.seekport.com)"
135.181.137.59 - - [20/Oct/2025:18:14:16 -0400] "GET /tag/united-states/ HTTP/1.1" 200 133951 "http://wahgazab.com/only-one-man-lives-in-this-city-for-some-strange-reasons/" "Mozilla/5.0 (compatible; SeekportBot; +https://bot.seekport.com)"
135.181.137.59 - - [20/Oct/2025:18:14:18 -0400] "GET /tag/%E0%A4%85%E0%A4%A8%E0%A5%8B%E0%A4%96%E0%A5%87-%E0%A4%B6%E0%A4%B9%E0%A4%B0/ HTTP/1.1" 200 121966 "http://wahgazab.com/only-one-man-lives-in-this-city-for-some-strange-reasons/" "Mozilla/5.0 (compatible; SeekportBot; +https://bot.seekport.com)"
135.181.137.59 - - [20/Oct/2025:18:14:20 -0400] "GET /bhawani-mandi-railway-station-divides-two-states-madhya-pradesh-and-rajasthan/ HTTP/1.1" 200 284283 "http://wahgazab.com/only-one-man-lives-in-this-city-for-some-strange-reasons/" "Mozilla/5.0 (compatible; SeekportBot; +https://bot.seekport.com)"
135.181.137.59 - - [20/Oct/2025:18:14:21 -0400] "GET /terrorist-attack-on-pilgrims-of-amarnath-yatra/ HTTP/1.1" 200 288046 "http://wahgazab.com/only-one-man-lives-in-this-city-for-some-strange-reasons/" "Mozilla/5.0 (compatible; SeekportBot; +https://bot.seekport.com)"
220.181.108.157 - - [20/Oct/2025:18:14:21 -0400] "GET /these-punishments-are-worse-than-death/ HTTP/1.1" 200 283423 "-" "Mozilla/5.0 (compatible; Baiduspider/2.0; +http://www.baidu.com/search/spider.html)"
135.181.137.59 - - [20/Oct/2025:18:14:24 -0400] "GET /tag/defense-force/ HTTP/1.1" 200 121469 "http://wahgazab.com/these-people-prepares-passport-to-go-to-the-heaven/" "Mozilla/5.0 (compatible; SeekportBot; +https://bot.seekport.com)"
135.181.137.59 - - [20/Oct/2025:18:14:26 -0400] "GET /tag/isis/ HTTP/1.1" 200 181544 "http://wahgazab.com/these-people-prepares-passport-to-go-to-the-heaven/" "Mozilla/5.0 (compatible; SeekportBot; +https://bot.seekport.com)"
116.179.37.36 - - [20/Oct/2025:18:14:27 -0400] "GET /wp-content/uploads/2015/12/It-was-also-sentenced-to-death-creepy1.jpg HTTP/1.1" 200 96893 "http://wahgazab.com/these-punishments-are-worse-than-death/" "Mozilla/5.0 (compatible; Baiduspider-render/2.0; +http://www.baidu.com/search/spider.html)"
116.179.37.78 - - [20/Oct/2025:18:14:27 -0400] "GET /wp-content/uploads/2015/12/It-was-also-sentenced-to-death-creepy2.jpg HTTP/1.1" 200 65499 "http://wahgazab.com/these-punishments-are-worse-than-death/" "Mozilla/5.0 (compatible; Baiduspider-render/2.0; +http://www.baidu.com/search/spider.html)"
116.179.37.39 - - [20/Oct/2025:18:14:27 -0400] "GET /wp-content/uploads/2015/12/It-was-also-sentenced-to-death-creepy3.jpg HTTP/1.1" 200 97828 "http://wahgazab.com/these-punishments-are-worse-than-death/" "Mozilla/5.0 (compatible; Baiduspider-render/2.0; +http://www.baidu.com/search/spider.html)"
116.179.37.112 - - [20/Oct/2025:18:14:27 -0400] "GET /wp-content/uploads/2015/12/It-was-also-sentenced-to-death-creepy4.jpg HTTP/1.1" 200 97613 "http://wahgazab.com/these-punishments-are-worse-than-death/" "Mozilla/5.0 (compatible; Baiduspider-render/2.0; +http://www.baidu.com/search/spider.html)"
116.179.37.182 - - [20/Oct/2025:18:14:27 -0400] "GET /wp-content/uploads/2015/12/It-was-also-sentenced-to-death-creepy6.jpg HTTP/1.1" 200 66781 "http://wahgazab.com/these-punishments-are-worse-than-death/" "Mozilla/5.0 (compatible; Baiduspider-render/2.0; +http://www.baidu.com/search/spider.html)"
116.179.37.237 - - [20/Oct/2025:18:14:27 -0400] "GET /wp-content/uploads/2015/12/It-was-also-sentenced-to-death-creepy5.jpg HTTP/1.1" 200 88010 "http://wahgazab.com/these-punishments-are-worse-than-death/" "Mozilla/5.0 (compatible; Baiduspider-render/2.0; +http://www.baidu.com/search/spider.html)"
116.179.37.176 - - [20/Oct/2025:18:14:27 -0400] "GET /wp-content/uploads/2015/12/It-was-also-sentenced-to-death-creepy7.jpg HTTP/1.1" 200 61526 "http://wahgazab.com/these-punishments-are-worse-than-death/" "Mozilla/5.0 (compatible; Baiduspider-render/2.0; +http://www.baidu.com/search/spider.html)"
116.179.37.234 - - [20/Oct/2025:18:14:27 -0400] "GET /wp-content/uploads/2015/12/It-was-also-sentenced-to-death-creepy.jpg HTTP/1.1" 200 116183 "http://wahgazab.com/these-punishments-are-worse-than-death/" "Mozilla/5.0 (compatible; Baiduspider-render/2.0; +http://www.baidu.com/search/spider.html)"
135.181.137.59 - - [20/Oct/2025:18:14:28 -0400] "GET /tag/passport-to-paradise/ HTTP/1.1" 200 121525 "http://wahgazab.com/these-people-prepares-passport-to-go-to-the-heaven/" "Mozilla/5.0 (compatible; SeekportBot; +https://bot.seekport.com)"
135.181.137.59 - - [20/Oct/2025:18:14:30 -0400] "GET /tag/syria/ HTTP/1.1" 200 133922 "http://wahgazab.com/these-people-prepares-passport-to-go-to-the-heaven/" "Mozilla/5.0 (compatible; SeekportBot; +https://bot.seekport.com)"
135.181.137.59 - - [20/Oct/2025:18:14:31 -0400] "GET /beau-greaves-caught-a-giant-crab-in-australia/ HTTP/1.1" 200 280284 "http://wahgazab.com/these-people-prepares-passport-to-go-to-the-heaven/" "Mozilla/5.0 (compatible; SeekportBot; +https://bot.seekport.com)"
135.181.137.59 - - [20/Oct/2025:18:14:33 -0400] "GET /gst-born-in-chhattisgarh-people-gathered-to-witness-her/ HTTP/1.1" 200 283041 "http://wahgazab.com/these-people-prepares-passport-to-go-to-the-heaven/" "Mozilla/5.0 (compatible; SeekportBot; +https://bot.seekport.com)"
116.179.37.120 - - [20/Oct/2025:18:14:33 -0400] "GET /wp-content/uploads/2020/11/%E0%A4%86%E0%A4%B8%E0%A4%AE%E0%A4%BE%E0%A4%A8-%E0%A4%B8%E0%A5%87-%E0%A4%97%E0%A4%BF%E0%A4%B0%E0%A5%80-%E0%A4%90%E0%A4%B8%E0%A5%80-%E0%A4%85%E0%A4%A6%E0%A5%8D%E0%A4%AD%E0%A5%81%E0%A4%A4-%E0%A4%9A%E0%A5%80%E0%A5%9B-%E0%A4%9C%E0%A4%BF%E0%A4%B8%E0%A5%87-%E0%A4%AA%E0%A4%BE%E0%A4%95%E0%A4%B0-%E0%A4%B0%E0%A4%BE%E0%A4%A4%E0%A5%8B%E0%A4%82-%E0%A4%B0%E0%A4%BE%E0%A4%A4-%E0%A4%95%E0%A4%B0%E0%A5%8B%E0%A5%9C%E0%A4%AA%E0%A4%A4%E0%A4%BF-696x348.jpg HTTP/1.1" 404 136514 "http://wahgazab.com/these-punishments-are-worse-than-death/" "Mozilla/5.0 (compatible; Baiduspider-render/2.0; +http://www.baidu.com/search/spider.html)"
135.181.137.59 - - [20/Oct/2025:18:14:35 -0400] "GET /tag/can-a-google-search-be-illegal/ HTTP/1.1" 200 122018 "http://wahgazab.com/searching-this-keyword-on-google-gets-you-into-jail/" "Mozilla/5.0 (compatible; SeekportBot; +https://bot.seekport.com)"
135.181.137.59 - - [20/Oct/2025:18:14:38 -0400] "GET /tag/can-police-see-what-you-search-on-the-internet/ HTTP/1.1" 200 122146 "http://wahgazab.com/searching-this-keyword-on-google-gets-you-into-jail/" "Mozilla/5.0 (compatible; SeekportBot; +https://bot.seekport.com)"
135.181.137.59 - - [20/Oct/2025:18:14:40 -0400] "GET /tag/does-google-report-illegal-searches/ HTTP/1.1" 200 122058 "http://wahgazab.com/searching-this-keyword-on-google-gets-you-into-jail/" "Mozilla/5.0 (compatible; SeekportBot; +https://bot.seekport.com)"
135.181.137.59 - - [20/Oct/2025:18:14:41 -0400] "GET /tag/does-google-report-your-searches/ HTTP/1.1" 200 122034 "http://wahgazab.com/searching-this-keyword-on-google-gets-you-into-jail/" "Mozilla/5.0 (compatible; SeekportBot; +https://bot.seekport.com)"
135.181.137.59 - - [20/Oct/2025:18:14:43 -0400] "GET /tag/does-the-government-monitor-internet-searches/ HTTP/1.1" 200 122138 "http://wahgazab.com/searching-this-keyword-on-google-gets-you-into-jail/" "Mozilla/5.0 (compatible; SeekportBot; +https://bot.seekport.com)"
216.73.216.129 - - [20/Oct/2025:18:14:45 -0400] "GET /career-of-women-makeup-artist-tough-to-pursue HTTP/1.1" 301 - "-" "Mozilla/5.0 AppleWebKit/537.36 (KHTML, like Gecko; compatible; ClaudeBot/1.0; [email protected])"
135.181.137.59 - - [20/Oct/2025:18:14:45 -0400] "GET /tag/illegal-search-terms/ HTTP/1.1" 200 121938 "http://wahgazab.com/searching-this-keyword-on-google-gets-you-into-jail/" "Mozilla/5.0 (compatible; SeekportBot; +https://bot.seekport.com)"
216.73.216.129 - - [20/Oct/2025:18:14:45 -0400] "GET /career-of-women-makeup-artist-tough-to-pursue/ HTTP/1.1" 200 286404 "http://wahgazab.com/career-of-women-makeup-artist-tough-to-pursue" "Mozilla/5.0 AppleWebKit/537.36 (KHTML, like Gecko; compatible; ClaudeBot/1.0; [email protected])"
135.181.137.59 - - [20/Oct/2025:18:14:48 -0400] "GET /tag/what-google-searches-are-monitored/ HTTP/1.1" 200 122050 "http://wahgazab.com/searching-this-keyword-on-google-gets-you-into-jail/" "Mozilla/5.0 (compatible; SeekportBot; +https://bot.seekport.com)"
135.181.137.59 - - [20/Oct/2025:18:14:51 -0400] "GET /tag/whats-illegal-to-look-at-on-internet/ HTTP/1.1" 200 122100 "http://wahgazab.com/searching-this-keyword-on-google-gets-you-into-jail/" "Mozilla/5.0 (compatible; SeekportBot; +https://bot.seekport.com)"
135.181.137.59 - - [20/Oct/2025:18:14:52 -0400] "GET /these-women-bring-good-luck-in-life/ HTTP/1.1" 200 283432 "http://wahgazab.com/searching-this-keyword-on-google-gets-you-into-jail/" "Mozilla/5.0 (compatible; SeekportBot; +https://bot.seekport.com)"
135.181.137.59 - - [20/Oct/2025:18:14:54 -0400] "GET /monsoon-brings-gold-delight-along-with-the-rains-here/ HTTP/1.1" 200 283788 "http://wahgazab.com/searching-this-keyword-on-google-gets-you-into-jail/" "Mozilla/5.0 (compatible; SeekportBot; +https://bot.seekport.com)"
135.181.137.59 - - [20/Oct/2025:18:14:56 -0400] "GET /tag/black-magic/ HTTP/1.1" 200 133907 "http://wahgazab.com/some-invisible-spirit-cuts-the-hair-of-girls-here-while-sleeping/" "Mozilla/5.0 (compatible; SeekportBot; +https://bot.seekport.com)"
17.246.23.203 - - [20/Oct/2025:18:14:57 -0400] "GET /tag/solution-of-all-money-problem/ HTTP/1.1" 200 121908 "-" "Mozilla/5.0 (Macintosh; Intel Mac OS X 10_15_7) AppleWebKit/605.1.15 (KHTML, like Gecko) Version/17.4 Safari/605.1.15 (Applebot/0.1; +http://www.apple.com/go/applebot)"
135.181.137.59 - - [20/Oct/2025:18:14:58 -0400] "GET /tag/invisible-spirit/ HTTP/1.1" 200 121939 "http://wahgazab.com/some-invisible-spirit-cuts-the-hair-of-girls-here-while-sleeping/" "Mozilla/5.0 (compatible; SeekportBot; +https://bot.seekport.com)"
135.181.137.59 - - [20/Oct/2025:18:15:00 -0400] "GET /tag/invisible-spirit-cuts-hair-at-night/ HTTP/1.1" 200 122091 "http://wahgazab.com/some-invisible-spirit-cuts-the-hair-of-girls-here-while-sleeping/" "Mozilla/5.0 (compatible; SeekportBot; +https://bot.seekport.com)"
66.249.79.168 - - [20/Oct/2025:18:15:01 -0400] "GET /tag/four-year-old-son/ HTTP/1.1" 200 121429 "-" "Mozilla/5.0 (Linux; Android 6.0.1; Nexus 5X Build/MMB29P) AppleWebKit/537.36 (KHTML, like Gecko) Chrome/140.0.7339.207 Mobile Safari/537.36 (compatible; Googlebot/2.1; +http://www.google.com/bot.html)"
135.181.137.59 - - [20/Oct/2025:18:15:02 -0400] "GET /tag/jodhpur/ HTTP/1.1" 200 128112 "http://wahgazab.com/some-invisible-spirit-cuts-the-hair-of-girls-here-while-sleeping/" "Mozilla/5.0 (compatible; SeekportBot; +https://bot.seekport.com)"
135.181.137.59 - - [20/Oct/2025:18:15:04 -0400] "GET /tag/jodhpur-news/ HTTP/1.1" 200 121907 "http://wahgazab.com/some-invisible-spirit-cuts-the-hair-of-girls-here-while-sleeping/" "Mozilla/5.0 (compatible; SeekportBot; +https://bot.seekport.com)"
135.181.137.59 - - [20/Oct/2025:18:15:06 -0400] "GET /tag/magic/ HTTP/1.1" 200 127816 "http://wahgazab.com/some-invisible-spirit-cuts-the-hair-of-girls-here-while-sleeping/" "Mozilla/5.0 (compatible; SeekportBot; +https://bot.seekport.com)"
135.181.137.59 - - [20/Oct/2025:18:15:08 -0400] "GET /tag/phalodi/ HTTP/1.1" 200 121867 "http://wahgazab.com/some-invisible-spirit-cuts-the-hair-of-girls-here-while-sleeping/" "Mozilla/5.0 (compatible; SeekportBot; +https://bot.seekport.com)"
135.181.137.59 - - [20/Oct/2025:18:15:09 -0400] "GET /tag/rajasthan/ HTTP/1.1" 200 185310 "http://wahgazab.com/some-invisible-spirit-cuts-the-hair-of-girls-here-while-sleeping/" "Mozilla/5.0 (compatible; SeekportBot; +https://bot.seekport.com)"
135.181.137.59 - - [20/Oct/2025:18:15:11 -0400] "GET /tag/rajasthan-news/ HTTP/1.1" 200 182628 "http://wahgazab.com/some-invisible-spirit-cuts-the-hair-of-girls-here-while-sleeping/" "Mozilla/5.0 (compatible; SeekportBot; +https://bot.seekport.com)"
135.181.137.59 - - [20/Oct/2025:18:15:13 -0400] "GET /tag/spirit-cuts-hair-of-girls/ HTTP/1.1" 200 122011 "http://wahgazab.com/some-invisible-spirit-cuts-the-hair-of-girls-here-while-sleeping/" "Mozilla/5.0 (compatible; SeekportBot; +https://bot.seekport.com)"
135.181.137.59 - - [20/Oct/2025:18:15:15 -0400] "GET /tag/%E0%A4%AC%E0%A4%BE%E0%A4%B2/ HTTP/1.1" 200 121905 "http://wahgazab.com/some-invisible-spirit-cuts-the-hair-of-girls-here-while-sleeping/" "Mozilla/5.0 (compatible; SeekportBot; +https://bot.seekport.com)"
135.181.137.59 - - [20/Oct/2025:18:15:16 -0400] "GET /lord-ram-regrets-after-india-loses-pakistan-final/ HTTP/1.1" 200 286533 "http://wahgazab.com/some-invisible-spirit-cuts-the-hair-of-girls-here-while-sleeping/" "Mozilla/5.0 (compatible; SeekportBot; +https://bot.seekport.com)"
135.181.137.59 - - [20/Oct/2025:18:15:18 -0400] "GET /government-bans-this-actress-for-her-extreme-beauty/ HTTP/1.1" 200 282414 "http://wahgazab.com/some-invisible-spirit-cuts-the-hair-of-girls-here-while-sleeping/" "Mozilla/5.0 (compatible; SeekportBot; +https://bot.seekport.com)"
51.75.236.152 - - [20/Oct/2025:18:15:20 -0400] "GET /tag/treasures-to-be-exposed/ HTTP/1.1" 200 121518 "-" "Mozilla/5.0 (compatible; AhrefsBot/7.0; +http://ahrefs.com/robot/)"
135.181.137.59 - - [20/Oct/2025:18:15:20 -0400] "GET /tag/balliyapur/ HTTP/1.1" 200 121938 "http://wahgazab.com/wedding-invitation-card-of-a-son-of-farmer-making-headlines/" "Mozilla/5.0 (compatible; SeekportBot; +https://bot.seekport.com)"
135.181.137.59 - - [20/Oct/2025:18:15:22 -0400] "GET /tag/balliyapur-news/ HTTP/1.1" 200 121978 "http://wahgazab.com/wedding-invitation-card-of-a-son-of-farmer-making-headlines/" "Mozilla/5.0 (compatible; SeekportBot; +https://bot.seekport.com)"
135.181.137.59 - - [20/Oct/2025:18:15:25 -0400] "GET /tag/kailash-prasad/ HTTP/1.1" 200 121970 "http://wahgazab.com/wedding-invitation-card-of-a-son-of-farmer-making-headlines/" "Mozilla/5.0 (compatible; SeekportBot; +https://bot.seekport.com)"
57.141.0.62 - - [20/Oct/2025:18:15:26 -0400] "GET /angoori-bhabhi-throws-tantrums-on-and-off-set/ HTTP/1.1" 200 282235 "-" "meta-externalagent/1.1 (+https://developers.facebook.com/docs/sharing/webmasters/crawler)"
135.181.137.59 - - [20/Oct/2025:18:15:28 -0400] "GET /tag/marriage-card/ HTTP/1.1" 200 121962 "http://wahgazab.com/wedding-invitation-card-of-a-son-of-farmer-making-headlines/" "Mozilla/5.0 (compatible; SeekportBot; +https://bot.seekport.com)"
135.181.137.59 - - [20/Oct/2025:18:15:29 -0400] "GET /tag/wedding-card/ HTTP/1.1" 200 121954 "http://wahgazab.com/wedding-invitation-card-of-a-son-of-farmer-making-headlines/" "Mozilla/5.0 (compatible; SeekportBot; +https://bot.seekport.com)"
135.181.137.59 - - [20/Oct/2025:18:15:31 -0400] "GET /tag/wedding-card-with-slogan/ HTTP/1.1" 200 122050 "http://wahgazab.com/wedding-invitation-card-of-a-son-of-farmer-making-headlines/" "Mozilla/5.0 (compatible; SeekportBot; +https://bot.seekport.com)"
135.181.137.59 - - [20/Oct/2025:18:15:33 -0400] "GET /tag/wedding-invitation-card/ HTTP/1.1" 200 122042 "http://wahgazab.com/wedding-invitation-card-of-a-son-of-farmer-making-headlines/" "Mozilla/5.0 (compatible; SeekportBot; +https://bot.seekport.com)"
135.181.137.59 - - [20/Oct/2025:18:15:34 -0400] "GET /tag/wedding-invitation-card-of-a-son-of-farmer-making-headlines/ HTTP/1.1" 200 122330 "http://wahgazab.com/wedding-invitation-card-of-a-son-of-farmer-making-headlines/" "Mozilla/5.0 (compatible; SeekportBot; +https://bot.seekport.com)"
135.181.137.59 - - [20/Oct/2025:18:15:36 -0400] "GET /tag/%E0%A4%B6%E0%A4%BE%E0%A4%A6%E0%A5%80-%E0%A4%95%E0%A4%BE-%E0%A4%95%E0%A4%BE%E0%A4%B0%E0%A5%8D%E0%A4%A1/ HTTP/1.1" 200 122230 "http://wahgazab.com/wedding-invitation-card-of-a-son-of-farmer-making-headlines/" "Mozilla/5.0 (compatible; SeekportBot; +https://bot.seekport.com)"
135.181.137.59 - - [20/Oct/2025:18:15:38 -0400] "GET /here-are-a-few-weird-traditions-in-the-world/ HTTP/1.1" 200 286276 "http://wahgazab.com/wedding-invitation-card-of-a-son-of-farmer-making-headlines/" "Mozilla/5.0 (compatible; SeekportBot; +https://bot.seekport.com)"
135.181.137.59 - - [20/Oct/2025:18:15:39 -0400] "GET /tag/connaught-place/ HTTP/1.1" 200 128632 "http://wahgazab.com/humans-are-everywhere-instead-of-books-in-this-human-library/" "Mozilla/5.0 (compatible; SeekportBot; +https://bot.seekport.com)"
135.181.137.59 - - [20/Oct/2025:18:15:42 -0400] "GET /tag/copenhagen/ HTTP/1.1" 200 128214 "http://wahgazab.com/humans-are-everywhere-instead-of-books-in-this-human-library/" "Mozilla/5.0 (compatible; SeekportBot; +https://bot.seekport.com)"
135.181.137.59 - - [20/Oct/2025:18:15:43 -0400] "GET /tag/delhi/ HTTP/1.1" 200 186116 "http://wahgazab.com/humans-are-everywhere-instead-of-books-in-this-human-library/" "Mozilla/5.0 (compatible; SeekportBot; +https://bot.seekport.com)"
135.181.137.59 - - [20/Oct/2025:18:15:45 -0400] "GET /tag/delhi-interesting-news/ HTTP/1.1" 200 121920 "http://wahgazab.com/humans-are-everywhere-instead-of-books-in-this-human-library/" "Mozilla/5.0 (compatible; SeekportBot; +https://bot.seekport.com)"
135.181.137.59 - - [20/Oct/2025:18:15:47 -0400] "GET /tag/delhi-news/ HTTP/1.1" 200 159887 "http://wahgazab.com/humans-are-everywhere-instead-of-books-in-this-human-library/" "Mozilla/5.0 (compatible; SeekportBot; +https://bot.seekport.com)"
135.181.137.59 - - [20/Oct/2025:18:15:49 -0400] "GET /tag/denmark/ HTTP/1.1" 200 140294 "http://wahgazab.com/humans-are-everywhere-instead-of-books-in-this-human-library/" "Mozilla/5.0 (compatible; SeekportBot; +https://bot.seekport.com)"
135.181.137.59 - - [20/Oct/2025:18:15:51 -0400] "GET /tag/human-library/ HTTP/1.1" 200 121848 "http://wahgazab.com/humans-are-everywhere-instead-of-books-in-this-human-library/" "Mozilla/5.0 (compatible; SeekportBot; +https://bot.seekport.com)"
135.181.137.59 - - [20/Oct/2025:18:15:53 -0400] "GET /tag/hyderabad/ HTTP/1.1" 200 171526 "http://wahgazab.com/humans-are-everywhere-instead-of-books-in-this-human-library/" "Mozilla/5.0 (compatible; SeekportBot; +https://bot.seekport.com)"
135.181.137.59 - - [20/Oct/2025:18:15:55 -0400] "GET /tag/library/ HTTP/1.1" 200 127913 "http://wahgazab.com/humans-are-everywhere-instead-of-books-in-this-human-library/" "Mozilla/5.0 (compatible; SeekportBot; +https://bot.seekport.com)"
135.181.137.59 - - [20/Oct/2025:18:15:57 -0400] "GET /tag/mumbai/ HTTP/1.1" 200 183167 "http://wahgazab.com/humans-are-everywhere-instead-of-books-in-this-human-library/" "Mozilla/5.0 (compatible; SeekportBot; +https://bot.seekport.com)"
144.91.108.40 - - [20/Oct/2025:18:15:58 -0400] "GET /?p=3232&wp_automatic=download&link=file%3A%2F%2F%2Fetc%2Fpasswd HTTP/1.1" 404 136514 "-" "Mozilla/5.0 (Windows NT 10.0; Win64; x64) AppleWebKit/537.36"
135.181.137.59 - - [20/Oct/2025:18:15:59 -0400] "GET /tag/%E0%A4%B9%E0%A5%8D%E0%A4%AF%E0%A5%81%E0%A4%AE%E0%A4%A8-%E0%A4%B2%E0%A4%BE%E0%A4%87%E0%A4%AC%E0%A5%8D%E0%A4%B0%E0%A5%87%E0%A4%B0%E0%A5%80/ HTTP/1.1" 200 122241 "http://wahgazab.com/humans-are-everywhere-instead-of-books-in-this-human-library/" "Mozilla/5.0 (compatible; SeekportBot; +https://bot.seekport.com)"
135.181.137.59 - - [20/Oct/2025:18:16:02 -0400] "GET /salman-khan-diagnosed-with-this-severe-disease/ HTTP/1.1" 200 281363 "http://wahgazab.com/humans-are-everywhere-instead-of-books-in-this-human-library/" "Mozilla/5.0 (compatible; SeekportBot; +https://bot.seekport.com)"
135.181.137.59 - - [20/Oct/2025:18:16:03 -0400] "GET /tag/allahabad/ HTTP/1.1" 200 162826 "http://wahgazab.com/a-boy-discovers-something-just-like-that-and-it-will-benefit-millions/" "Mozilla/5.0 (compatible; SeekportBot; +https://bot.seekport.com)"
135.181.137.59 - - [20/Oct/2025:18:16:05 -0400] "GET /tag/boy-discovers-something/ HTTP/1.1" 200 122011 "http://wahgazab.com/a-boy-discovers-something-just-like-that-and-it-will-benefit-millions/" "Mozilla/5.0 (compatible; SeekportBot; +https://bot.seekport.com)"
135.181.137.59 - - [20/Oct/2025:18:16:08 -0400] "GET /tag/boy-discovers-something-useful/ HTTP/1.1" 200 122067 "http://wahgazab.com/a-boy-discovers-something-just-like-that-and-it-will-benefit-millions/" "Mozilla/5.0 (compatible; SeekportBot; +https://bot.seekport.com)"
135.181.137.59 - - [20/Oct/2025:18:16:09 -0400] "GET /tag/kaushambi-district/ HTTP/1.1" 200 121971 "http://wahgazab.com/a-boy-discovers-something-just-like-that-and-it-will-benefit-millions/" "Mozilla/5.0 (compatible; SeekportBot; +https://bot.seekport.com)"
135.181.137.59 - - [20/Oct/2025:18:16:11 -0400] "GET /tag/motilal-nehru-national-institute-of-technology/ HTTP/1.1" 200 122195 "http://wahgazab.com/a-boy-discovers-something-just-like-that-and-it-will-benefit-millions/" "Mozilla/5.0 (compatible; SeekportBot; +https://bot.seekport.com)"
