199.47.82.19 - - [20/Oct/2025:12:42:50 -0400] "GET /kusumbhi-devi-temple-where-black-colored-bangles-are-offered/kusumbhi-devi-temple-where-black-colored-bangles-are-offered-1/ HTTP/1.1" 200 122868 "-" "Turnitin (https://bit.ly/2UvnfoQ)"
199.47.82.19 - - [20/Oct/2025:12:42:51 -0400] "GET /kusumbhi-devi-temple-where-black-colored-bangles-are-offered/kusumbhi-devi-temple-where-black-colored-bangles-are-offered-2/ HTTP/1.1" 200 123659 "-" "Turnitin (https://bit.ly/2UvnfoQ)"
199.47.82.19 - - [20/Oct/2025:12:42:51 -0400] "GET /kusumbhi-devi-temple-where-black-colored-bangles-are-offered/kusumbhi-devi-temple-where-black-colored-bangles-are-offered-cover/ HTTP/1.1" 200 122932 "-" "Turnitin (https://bit.ly/2UvnfoQ)"
199.47.82.19 - - [20/Oct/2025:12:42:52 -0400] "GET /la-rinconada-peru-a-gold-mine-where-30-thousand-people-reside/la-rinconada-peru-a-gold-mine-where-30-thousand-people-reside-2/ HTTP/1.1" 200 122570 "-" "Turnitin (https://bit.ly/2UvnfoQ)"
199.47.82.19 - - [20/Oct/2025:12:42:52 -0400] "GET /la-rinconada-peru-a-gold-mine-where-30-thousand-people-reside/la-rinconada-peru-a-gold-mine-where-30-thousand-people-reside-content/ HTTP/1.1" 200 122658 "-" "Turnitin (https://bit.ly/2UvnfoQ)"
199.47.82.19 - - [20/Oct/2025:12:42:53 -0400] "GET /labors-become-billionaire-overnight/ HTTP/1.1" 200 280555 "-" "Turnitin (https://bit.ly/2UvnfoQ)"
199.47.82.19 - - [20/Oct/2025:12:42:53 -0400] "GET /labors-become-billionaire-overnight/khajana/ HTTP/1.1" 200 121483 "-" "Turnitin (https://bit.ly/2UvnfoQ)"
199.47.82.19 - - [20/Oct/2025:12:42:54 -0400] "GET /labors-become-billionaire-overnight/khajana1/ HTTP/1.1" 200 121969 "-" "Turnitin (https://bit.ly/2UvnfoQ)"
199.47.82.19 - - [20/Oct/2025:12:42:54 -0400] "GET /labors-become-billionaire-overnight/khajana2-2/ HTTP/1.1" 200 121510 "-" "Turnitin (https://bit.ly/2UvnfoQ)"
199.47.82.19 - - [20/Oct/2025:12:42:55 -0400] "GET /labors-become-billionaire-overnight/khajana2/ HTTP/1.1" 200 121974 "-" "Turnitin (https://bit.ly/2UvnfoQ)"
199.47.82.19 - - [20/Oct/2025:12:42:55 -0400] "GET /labors-become-billionaire-overnight/khajana3/ HTTP/1.1" 200 121979 "-" "Turnitin (https://bit.ly/2UvnfoQ)"
199.47.82.19 - - [20/Oct/2025:12:42:56 -0400] "GET /ladies-washroom-mystery-revealed-through-this-video/ladies-room/ HTTP/1.1" 200 121188 "-" "Turnitin (https://bit.ly/2UvnfoQ)"
199.47.82.19 - - [20/Oct/2025:12:42:56 -0400] "GET /lady-dsp-who-is-a-mother-too-fulfills-her-duties/1-345/ HTTP/1.1" 200 121488 "-" "Turnitin (https://bit.ly/2UvnfoQ)"
199.47.82.19 - - [20/Oct/2025:12:42:57 -0400] "GET /lady-dsp-who-is-a-mother-too-fulfills-her-duties/2-174/ HTTP/1.1" 200 121948 "-" "Turnitin (https://bit.ly/2UvnfoQ)"
199.47.82.19 - - [20/Oct/2025:12:42:57 -0400] "GET /lady-dsp-who-is-a-mother-too-fulfills-her-duties/3-92/ HTTP/1.1" 200 121940 "-" "Turnitin (https://bit.ly/2UvnfoQ)"
199.47.82.19 - - [20/Oct/2025:12:42:58 -0400] "GET /lady-dsp-who-is-a-mother-too-fulfills-her-duties/4-42/ HTTP/1.1" 200 121937 "-" "Turnitin (https://bit.ly/2UvnfoQ)"
199.47.82.19 - - [20/Oct/2025:12:42:58 -0400] "GET /lady-dsp-who-is-a-mother-too-fulfills-her-duties/5-41/ HTTP/1.1" 200 121958 "-" "Turnitin (https://bit.ly/2UvnfoQ)"
199.47.82.19 - - [20/Oct/2025:12:42:59 -0400] "GET /lady-dsp-who-is-a-mother-too-fulfills-her-duties/cover-168/ HTTP/1.1" 200 121544 "-" "Turnitin (https://bit.ly/2UvnfoQ)"
199.47.82.19 - - [20/Oct/2025:12:42:59 -0400] "GET /lady-gaga-opened-the-biggest-secret-of-her-life/ HTTP/1.1" 200 280007 "-" "Turnitin (https://bit.ly/2UvnfoQ)"
199.47.82.19 - - [20/Oct/2025:12:43:00 -0400] "GET /lady-gaga-opened-the-biggest-secret-of-her-life/57th-grammy-awards-arrivals/ HTTP/1.1" 200 121677 "-" "Turnitin (https://bit.ly/2UvnfoQ)"
199.47.82.19 - - [20/Oct/2025:12:43:00 -0400] "GET /lady-gaga-opened-the-biggest-secret-of-her-life/lady-gaga/ HTTP/1.1" 200 121604 "-" "Turnitin (https://bit.ly/2UvnfoQ)"
199.47.82.19 - - [20/Oct/2025:12:43:01 -0400] "GET /lady-luck-favors-yuvraj/yuvi-and-hazel_12-1_647_040616071600/ HTTP/1.1" 200 121855 "-" "Turnitin (https://bit.ly/2UvnfoQ)"
199.47.82.19 - - [20/Oct/2025:12:43:02 -0400] "GET /lady-luck-favors-yuvraj/yuvraj_getty1511/ HTTP/1.1" 200 122143 "-" "Turnitin (https://bit.ly/2UvnfoQ)"
199.47.82.19 - - [20/Oct/2025:12:43:02 -0400] "GET /lady-luck-favors-yuvraj/yuvraj_hazel_b/ HTTP/1.1" 200 121515 "-" "Turnitin (https://bit.ly/2UvnfoQ)"
199.47.82.19 - - [20/Oct/2025:12:43:03 -0400] "GET /lady-of-the-harley-death-mystery-revealed/ HTTP/1.1" 200 283120 "-" "Turnitin (https://bit.ly/2UvnfoQ)"
199.47.82.19 - - [20/Oct/2025:12:43:03 -0400] "GET /lady-of-the-harley-death-mystery-revealed/849_10154318123591165_890/ HTTP/1.1" 200 121836 "-" "Turnitin (https://bit.ly/2UvnfoQ)"
199.47.82.19 - - [20/Oct/2025:12:43:04 -0400] "GET /lady-of-the-harley-death-mystery-revealed/veena-paliwal_1460481939/ HTTP/1.1" 200 122293 "-" "Turnitin (https://bit.ly/2UvnfoQ)"
199.47.82.19 - - [20/Oct/2025:12:43:04 -0400] "GET /lady-of-the-harley-death-mystery-revealed/veenu/ HTTP/1.1" 200 121536 "-" "Turnitin (https://bit.ly/2UvnfoQ)"
199.47.82.19 - - [20/Oct/2025:12:43:05 -0400] "GET /lady-roaming-in-the-midst-of-tigers-fearlessly/marlice/ HTTP/1.1" 200 121029 "-" "Turnitin (https://bit.ly/2UvnfoQ)"
199.47.82.19 - - [20/Oct/2025:12:43:06 -0400] "GET /lady-singham-of-india/ HTTP/1.1" 200 284390 "-" "Turnitin (https://bit.ly/2UvnfoQ)"
199.47.82.19 - - [20/Oct/2025:12:43:06 -0400] "GET /lady-singham-of-india/p-4_1463427835-1/ HTTP/1.1" 200 121545 "-" "Turnitin (https://bit.ly/2UvnfoQ)"
199.47.82.19 - - [20/Oct/2025:12:43:06 -0400] "GET /lady-singham-of-india/p1_1463427798/ HTTP/1.1" 200 121983 "-" "Turnitin (https://bit.ly/2UvnfoQ)"
199.47.82.19 - - [20/Oct/2025:12:43:07 -0400] "GET /lady-singham-of-india/p_1463427157/ HTTP/1.1" 200 121469 "-" "Turnitin (https://bit.ly/2UvnfoQ)"
199.47.82.19 - - [20/Oct/2025:12:43:07 -0400] "GET /lady-singham-terror-in-up/%e0%a4%87%e0%a4%b8-%e0%a4%ae%e0%a4%b9%e0%a4%bf%e0%a4%b2%e0%a4%be-%e0%a4%aa%e0%a5%81%e0%a4%b2%e0%a4%bf%e0%a4%b8-%e0%a4%a8%e0%a5%87-%e0%a4%af%e0%a5%82%e0%a4%aa%e0%a5%80-%e0%a4%ae%e0%a5%87%e0%a4%82-2/ HTTP/1.1" 200 125368 "-" "Turnitin (https://bit.ly/2UvnfoQ)"
199.47.82.19 - - [20/Oct/2025:12:43:08 -0400] "GET /lady-singham-terror-in-up/%e0%a4%87%e0%a4%b8-%e0%a4%ae%e0%a4%b9%e0%a4%bf%e0%a4%b2%e0%a4%be-%e0%a4%aa%e0%a5%81%e0%a4%b2%e0%a4%bf%e0%a4%b8-%e0%a4%a8%e0%a5%87-%e0%a4%af%e0%a5%82%e0%a4%aa%e0%a5%80-%e0%a4%ae%e0%a5%87%e0%a4%82/ HTTP/1.1" 200 125374 "-" "Turnitin (https://bit.ly/2UvnfoQ)"
199.47.82.19 - - [20/Oct/2025:12:43:08 -0400] "GET /lake-where-unmarried-girls-are-sacrificed-whoever-resolves-the-mystery-dies/ HTTP/1.1" 200 285019 "-" "Turnitin (https://bit.ly/2UvnfoQ)"
199.47.82.19 - - [20/Oct/2025:12:43:09 -0400] "GET /lake-where-unmarried-girls-are-sacrificed-whoever-resolves-the-mystery-dies/img_%e0%a4%8f%e0%a4%95-%e0%a4%9d%e0%a5%80%e0%a4%b2_01_2018_11/ HTTP/1.1" 200 120924 "-" "Turnitin (https://bit.ly/2UvnfoQ)"
199.47.82.19 - - [20/Oct/2025:12:43:10 -0400] "GET /lake-where-unmarried-girls-are-sacrificed-whoever-resolves-the-mystery-dies/img_%e0%a4%8f%e0%a4%95-%e0%a4%9d%e0%a5%80%e0%a4%b2_01_cover_2018_11/ HTTP/1.1" 200 121572 "-" "Turnitin (https://bit.ly/2UvnfoQ)"
199.47.82.19 - - [20/Oct/2025:12:43:10 -0400] "GET /lake-where-unmarried-girls-are-sacrificed-whoever-resolves-the-mystery-dies/img_%e0%a4%8f%e0%a4%95-%e0%a4%9d%e0%a5%80%e0%a4%b2_02_2018_11/ HTTP/1.1" 200 120924 "-" "Turnitin (https://bit.ly/2UvnfoQ)"
199.47.82.19 - - [20/Oct/2025:12:43:11 -0400] "GET /lakhs-of-animals-sacrificed-for-the-good-luck/2392ab2f00000578-2852739-image-36_1417193774937/ HTTP/1.1" 200 122218 "-" "Turnitin (https://bit.ly/2UvnfoQ)"
17.246.15.17 - - [20/Oct/2025:12:43:12 -0400] "GET /wp-content/themes/Newspaper/style.css?ver=12.7.1 HTTP/1.1" 200 158737 "http://wahgazab.com/tag/raviraj-foils-managing-director/" "Mozilla/5.0 (Macintosh; Intel Mac OS X 10_15_7) AppleWebKit/605.1.15 (KHTML, like Gecko) Version/17.4 Safari/605.1.15 (Applebot/0.1; +http://www.apple.com/go/applebot)"
199.47.82.19 - - [20/Oct/2025:12:43:12 -0400] "GET /lakhs-of-animals-sacrificed-for-the-good-luck/main_2015_4_29_182740/ HTTP/1.1" 200 121828 "-" "Turnitin (https://bit.ly/2UvnfoQ)"
17.246.23.113 - - [20/Oct/2025:12:43:12 -0400] "GET /wp-content/plugins/td-composer/legacy/Newspaper/assets/css/td_legacy_main.css?ver=492e3cf54bd42df3b24a3de8e2307cafx HTTP/1.1" 200 173151 "http://wahgazab.com/tag/raviraj-foils-managing-director/" "Mozilla/5.0 (Macintosh; Intel Mac OS X 10_15_7) AppleWebKit/605.1.15 (KHTML, like Gecko) Version/17.4 Safari/605.1.15 (Applebot/0.1; +http://www.apple.com/go/applebot)"
199.47.82.19 - - [20/Oct/2025:12:43:12 -0400] "GET /lakhs-of-animals-sacrificed-for-the-good-luck/ne-1_2015_4_29_182916/ HTTP/1.1" 200 122379 "-" "Turnitin (https://bit.ly/2UvnfoQ)"
17.246.15.87 - - [20/Oct/2025:12:43:13 -0400] "GET /wp-includes/js/jquery/jquery.min.js?ver=3.7.1 HTTP/1.1" 200 87553 "http://wahgazab.com/tag/raviraj-foils-managing-director/" "Mozilla/5.0 (Macintosh; Intel Mac OS X 10_15_7) AppleWebKit/605.1.15 (KHTML, like Gecko) Version/17.4 Safari/605.1.15 (Applebot/0.1; +http://www.apple.com/go/applebot)"
17.246.23.177 - - [20/Oct/2025:12:43:13 -0400] "GET /wp-content/plugins/td-cloud-library/assets/css/tdb_main.css?ver=d578089f160957352b9b4ca6d880fd8f HTTP/1.1" 200 48249 "http://wahgazab.com/tag/raviraj-foils-managing-director/" "Mozilla/5.0 (Macintosh; Intel Mac OS X 10_15_7) AppleWebKit/605.1.15 (KHTML, like Gecko) Version/17.4 Safari/605.1.15 (Applebot/0.1; +http://www.apple.com/go/applebot)"
199.47.82.19 - - [20/Oct/2025:12:43:13 -0400] "GET /lakhs-of-animals-sacrificed-for-the-good-luck/ne-4_2015_4_29_183049/ HTTP/1.1" 200 122509 "-" "Turnitin (https://bit.ly/2UvnfoQ)"
199.47.82.19 - - [20/Oct/2025:12:43:13 -0400] "GET /lakhs-of-people-burnt-alive-at-this-deadly-island/10275621726_3914c7f063_z/ HTTP/1.1" 200 122360 "-" "Turnitin (https://bit.ly/2UvnfoQ)"
17.246.19.15 - - [20/Oct/2025:12:43:14 -0400] "GET /wp-content/plugins/td-composer/td-multi-purpose/style.css?ver=492e3cf54bd42df3b24a3de8e2307cafx HTTP/1.1" 200 38952 "http://wahgazab.com/tag/raviraj-foils-managing-director/" "Mozilla/5.0 (Macintosh; Intel Mac OS X 10_15_7) AppleWebKit/605.1.15 (KHTML, like Gecko) Version/17.4 Safari/605.1.15 (Applebot/0.1; +http://www.apple.com/go/applebot)"
17.246.15.247 - - [20/Oct/2025:12:43:14 -0400] "GET /wp-includes/js/jquery/jquery-migrate.min.js?ver=3.4.1 HTTP/1.1" 200 13577 "http://wahgazab.com/tag/raviraj-foils-managing-director/" "Mozilla/5.0 (Macintosh; Intel Mac OS X 10_15_7) AppleWebKit/605.1.15 (KHTML, like Gecko) Version/17.4 Safari/605.1.15 (Applebot/0.1; +http://www.apple.com/go/applebot)"
199.47.82.19 - - [20/Oct/2025:12:43:14 -0400] "GET /lakhs-of-people-burnt-alive-at-this-deadly-island/2997944_orig/ HTTP/1.1" 200 121715 "-" "Turnitin (https://bit.ly/2UvnfoQ)"
17.246.15.17 - - [20/Oct/2025:12:43:15 -0400] "GET /wp-content/plugins/td-composer/legacy/Newspaper/js/tagdiv_theme.min.js?ver=12.7.1 HTTP/1.1" 200 160112 "http://wahgazab.com/tag/raviraj-foils-managing-director/" "Mozilla/5.0 (Macintosh; Intel Mac OS X 10_15_7) AppleWebKit/605.1.15 (KHTML, like Gecko) Version/17.4 Safari/605.1.15 (Applebot/0.1; +http://www.apple.com/go/applebot)"
199.47.82.19 - - [20/Oct/2025:12:43:14 -0400] "GET /lakhs-of-people-burnt-alive-at-this-deadly-island/hqdefault-5/ HTTP/1.1" 200 122170 "-" "Turnitin (https://bit.ly/2UvnfoQ)"
17.246.15.87 - - [20/Oct/2025:12:43:15 -0400] "GET /wp-content/plugins/td-cloud-library/assets/js/js_files_for_front.min.js?ver=d578089f160957352b9b4ca6d880fd8f HTTP/1.1" 200 29694 "http://wahgazab.com/tag/raviraj-foils-managing-director/" "Mozilla/5.0 (Macintosh; Intel Mac OS X 10_15_7) AppleWebKit/605.1.15 (KHTML, like Gecko) Version/17.4 Safari/605.1.15 (Applebot/0.1; +http://www.apple.com/go/applebot)"
199.47.82.19 - - [20/Oct/2025:12:43:15 -0400] "GET /lakhs-of-people-burnt-alive-at-this-deadly-island/poveglia-island/ HTTP/1.1" 200 122257 "-" "Turnitin (https://bit.ly/2UvnfoQ)"
199.47.82.19 - - [20/Oct/2025:12:43:15 -0400] "GET /lakhs-of-people-burnt-alive-at-this-deadly-island/poveglia-islanddd/ HTTP/1.1" 200 121717 "-" "Turnitin (https://bit.ly/2UvnfoQ)"
17.246.15.7 - - [20/Oct/2025:12:43:16 -0400] "GET /wp-content/plugins/td-composer/legacy/Newspaper/js/tdToTop.js?ver=12.7.1 HTTP/1.1" 200 1426 "http://wahgazab.com/tag/raviraj-foils-managing-director/" "Mozilla/5.0 (Macintosh; Intel Mac OS X 10_15_7) AppleWebKit/605.1.15 (KHTML, like Gecko) Version/17.4 Safari/605.1.15 (Applebot/0.1; +http://www.apple.com/go/applebot)"
199.47.82.19 - - [20/Oct/2025:12:43:16 -0400] "GET /lakhs-of-rupees-found-in-the-stomach-of-woman-doctors-shocked/ HTTP/1.1" 200 282953 "-" "Turnitin (https://bit.ly/2UvnfoQ)"
17.246.15.189 - - [20/Oct/2025:12:43:16 -0400] "GET /wp-content/plugins/td-composer/legacy/Newspaper/js/tdLoginMobile.js?ver=12.7.1 HTTP/1.1" 200 6347 "http://wahgazab.com/tag/raviraj-foils-managing-director/" "Mozilla/5.0 (Macintosh; Intel Mac OS X 10_15_7) AppleWebKit/605.1.15 (KHTML, like Gecko) Version/17.4 Safari/605.1.15 (Applebot/0.1; +http://www.apple.com/go/applebot)"
199.47.82.19 - - [20/Oct/2025:12:43:16 -0400] "GET /lakhs-of-rupees-found-in-the-stomach-of-woman-doctors-shocked/woman-swallow-cash/ HTTP/1.1" 200 121926 "-" "Turnitin (https://bit.ly/2UvnfoQ)"
17.246.23.144 - - [20/Oct/2025:12:43:17 -0400] "GET /wp-content/plugins/td-composer/legacy/Newspaper/js/tdAjaxSearch.js?ver=12.7.1 HTTP/1.1" 200 6145 "http://wahgazab.com/tag/raviraj-foils-managing-director/" "Mozilla/5.0 (Macintosh; Intel Mac OS X 10_15_7) AppleWebKit/605.1.15 (KHTML, like Gecko) Version/17.4 Safari/605.1.15 (Applebot/0.1; +http://www.apple.com/go/applebot)"
17.246.15.17 - - [20/Oct/2025:12:43:17 -0400] "GET /wp-content/plugins/td-cloud-library/assets/js/tdbSearch.js?ver=d578089f160957352b9b4ca6d880fd8f HTTP/1.1" 200 5945 "http://wahgazab.com/tag/raviraj-foils-managing-director/" "Mozilla/5.0 (Macintosh; Intel Mac OS X 10_15_7) AppleWebKit/605.1.15 (KHTML, like Gecko) Version/17.4 Safari/605.1.15 (Applebot/0.1; +http://www.apple.com/go/applebot)"
199.47.82.19 - - [20/Oct/2025:12:43:17 -0400] "GET /lakhs-of-rupees-found-in-the-stomach-of-woman-doctors-shocked/woman-swallow-cash1/ HTTP/1.1" 200 121936 "-" "Turnitin (https://bit.ly/2UvnfoQ)"
199.47.82.19 - - [20/Oct/2025:12:43:17 -0400] "GET /lakshman-rao-as-a-tea-vendor-sets-an-example-of-humility-for-others/laxman-rao-1/ HTTP/1.1" 200 121804 "-" "Turnitin (https://bit.ly/2UvnfoQ)"
17.246.15.247 - - [20/Oct/2025:12:43:18 -0400] "GET /wp-content/plugins/td-composer/legacy/Newspaper/js/tdSmartSidebar.js?ver=12.7.1 HTTP/1.1" 200 9966 "http://wahgazab.com/tag/raviraj-foils-managing-director/" "Mozilla/5.0 (Macintosh; Intel Mac OS X 10_15_7) AppleWebKit/605.1.15 (KHTML, like Gecko) Version/17.4 Safari/605.1.15 (Applebot/0.1; +http://www.apple.com/go/applebot)"
199.47.82.19 - - [20/Oct/2025:12:43:18 -0400] "GET /lakshman-rao-as-a-tea-vendor-sets-an-example-of-humility-for-others/laxman-rao-2/ HTTP/1.1" 200 122323 "-" "Turnitin (https://bit.ly/2UvnfoQ)"
17.246.19.55 - - [20/Oct/2025:12:43:18 -0400] "GET /wp-content/plugins/td-cloud-library/assets/js/tdbMenu.js?ver=d578089f160957352b9b4ca6d880fd8f HTTP/1.1" 200 10781 "http://wahgazab.com/tag/raviraj-foils-managing-director/" "Mozilla/5.0 (Macintosh; Intel Mac OS X 10_15_7) AppleWebKit/605.1.15 (KHTML, like Gecko) Version/17.4 Safari/605.1.15 (Applebot/0.1; +http://www.apple.com/go/applebot)"
199.47.82.19 - - [20/Oct/2025:12:43:18 -0400] "GET /lakshman-rao-as-a-tea-vendor-sets-an-example-of-humility-for-others/laxman-rao/ HTTP/1.1" 200 121774 "-" "Turnitin (https://bit.ly/2UvnfoQ)"
17.246.15.175 - - [20/Oct/2025:12:43:19 -0400] "GET /wp-content/plugins/td-composer/legacy/Newspaper/js/tdMenu.js?ver=12.7.1 HTTP/1.1" 200 4530 "http://wahgazab.com/tag/raviraj-foils-managing-director/" "Mozilla/5.0 (Macintosh; Intel Mac OS X 10_15_7) AppleWebKit/605.1.15 (KHTML, like Gecko) Version/17.4 Safari/605.1.15 (Applebot/0.1; +http://www.apple.com/go/applebot)"
199.47.82.19 - - [20/Oct/2025:12:43:19 -0400] "GET /lalu-says-he-will-not-let-saffron-overcome-the-tricolor/2-289/ HTTP/1.1" 200 121533 "-" "Turnitin (https://bit.ly/2UvnfoQ)"
17.246.15.36 - - [20/Oct/2025:12:43:20 -0400] "GET /wp-includes/js/wp-emoji-release.min.js?ver=6.8.3 HTTP/1.1" 200 19251 "http://wahgazab.com/tag/raviraj-foils-managing-director/" "Mozilla/5.0 (Macintosh; Intel Mac OS X 10_15_7) AppleWebKit/605.1.15 (KHTML, like Gecko) Version/17.4 Safari/605.1.15 (Applebot/0.1; +http://www.apple.com/go/applebot)"
199.47.82.19 - - [20/Oct/2025:12:43:19 -0400] "GET /lalu-says-he-will-not-let-saffron-overcome-the-tricolor/bjp1/ HTTP/1.1" 200 122025 "-" "Turnitin (https://bit.ly/2UvnfoQ)"
199.47.82.19 - - [20/Oct/2025:12:43:20 -0400] "GET /lalu-says-he-will-not-let-saffron-overcome-the-tricolor/lalu/ HTTP/1.1" 200 121554 "-" "Turnitin (https://bit.ly/2UvnfoQ)"
199.47.82.19 - - [20/Oct/2025:12:43:21 -0400] "GET /land-produces-gold-everyday-here-and-people-steal-it/land-produces-gold-everyday-here-and-people-steal-it-cover/ HTTP/1.1" 200 122635 "-" "Turnitin (https://bit.ly/2UvnfoQ)"
199.47.82.19 - - [20/Oct/2025:12:43:22 -0400] "GET /land-produces-gold-everyday-here-and-people-steal-it/land-produces-gold-everyday-here-and-people-steal-it/ HTTP/1.1" 200 122569 "-" "Turnitin (https://bit.ly/2UvnfoQ)"
199.47.82.19 - - [20/Oct/2025:12:43:22 -0400] "GET /landless-farmers-will-get-2-cows-under-the-government-scheme/desh-c/ HTTP/1.1" 200 121700 "-" "Turnitin (https://bit.ly/2UvnfoQ)"
17.246.23.68 - - [20/Oct/2025:12:43:23 -0400] "GET /know-about-the-events-that-happened-in-june-2017/know-about-the-events-that-happened-in-june-2017-3/ HTTP/1.1" 200 123175 "-" "Mozilla/5.0 (Macintosh; Intel Mac OS X 10_15_7) AppleWebKit/605.1.15 (KHTML, like Gecko) Version/17.4 Safari/605.1.15 (Applebot/0.1; +http://www.apple.com/go/applebot)"
199.47.82.19 - - [20/Oct/2025:12:43:23 -0400] "GET /landless-farmers-will-get-2-cows-under-the-government-scheme/yogi-1-2/ HTTP/1.1" 200 121754 "-" "Turnitin (https://bit.ly/2UvnfoQ)"
199.47.82.19 - - [20/Oct/2025:12:43:23 -0400] "GET /landless-farmers-will-get-2-cows-under-the-government-scheme/yogi-2-2/ HTTP/1.1" 200 122279 "-" "Turnitin (https://bit.ly/2UvnfoQ)"
199.47.82.19 - - [20/Oct/2025:12:43:24 -0400] "GET /large-number-of-villages-in-indian-named-after-grandparents-know-about-them/ HTTP/1.1" 200 285704 "-" "Turnitin (https://bit.ly/2UvnfoQ)"
17.246.23.68 - - [20/Oct/2025:12:43:24 -0400] "GET /online-company-send-the-real-snake-instead-of-snake-toy/online-company-send-the-real-snake-instead-of-snake-toy-cover/ HTTP/1.1" 200 122786 "-" "Mozilla/5.0 (Macintosh; Intel Mac OS X 10_15_7) AppleWebKit/605.1.15 (KHTML, like Gecko) Version/17.4 Safari/605.1.15 (Applebot/0.1; +http://www.apple.com/go/applebot)"
199.47.82.19 - - [20/Oct/2025:12:43:24 -0400] "GET /large-number-of-villages-in-indian-named-after-grandparents-know-about-them/large-number-of-villages-in-indian-named-after-grandparents-know-about-them-2/ HTTP/1.1" 200 123250 "-" "Turnitin (https://bit.ly/2UvnfoQ)"
199.47.82.19 - - [20/Oct/2025:12:43:25 -0400] "GET /large-number-of-villages-in-indian-named-after-grandparents-know-about-them/large-number-of-villages-in-indian-named-after-grandparents-know-about-them-content/ HTTP/1.1" 200 123360 "-" "Turnitin (https://bit.ly/2UvnfoQ)"
199.47.82.19 - - [20/Oct/2025:12:43:25 -0400] "GET /large-number-of-villages-in-indian-named-after-grandparents-know-about-them/large-number-of-villages-in-indian-named-after-grandparents-know-about-them-intro/ HTTP/1.1" 200 124194 "-" "Turnitin (https://bit.ly/2UvnfoQ)"
199.47.82.19 - - [20/Oct/2025:12:43:26 -0400] "GET /largest-airplane-in-the-world-to-come-in-india/ HTTP/1.1" 200 281436 "-" "Turnitin (https://bit.ly/2UvnfoQ)"
199.47.82.19 - - [20/Oct/2025:12:43:26 -0400] "GET /largest-airplane-in-the-world-to-come-in-india/flight-2/ HTTP/1.1" 200 121665 "-" "Turnitin (https://bit.ly/2UvnfoQ)"
199.47.82.19 - - [20/Oct/2025:12:43:27 -0400] "GET /largest-airplane-in-the-world-to-come-in-india/hyderabadmap_360x270-328x2461/ HTTP/1.1" 200 121912 "-" "Turnitin (https://bit.ly/2UvnfoQ)"
199.47.82.19 - - [20/Oct/2025:12:43:27 -0400] "GET /largest-bicycle-in-the-world-weighs-960-kilograms/ HTTP/1.1" 200 281004 "-" "Turnitin (https://bit.ly/2UvnfoQ)"
199.47.82.19 - - [20/Oct/2025:12:43:28 -0400] "GET /largest-bicycle-in-the-world-weighs-960-kilograms/largest-bicycle-in-the-world/ HTTP/1.1" 200 121986 "-" "Turnitin (https://bit.ly/2UvnfoQ)"
199.47.82.19 - - [20/Oct/2025:12:43:29 -0400] "GET /largest-bicycle-in-the-world-weighs-960-kilograms/largest-bicycle-in-the-world1/ HTTP/1.1" 200 122591 "-" "Turnitin (https://bit.ly/2UvnfoQ)"
199.47.82.19 - - [20/Oct/2025:12:43:30 -0400] "GET /largest-bicycle-in-the-world-weighs-960-kilograms/largest-bicycle-in-the-world2/ HTTP/1.1" 200 122001 "-" "Turnitin (https://bit.ly/2UvnfoQ)"
199.47.82.19 - - [20/Oct/2025:12:43:30 -0400] "GET /largest-pearl-in-the-world-found-weighs-34-kilos-and-costs-670-crores/ HTTP/1.1" 200 280303 "-" "Turnitin (https://bit.ly/2UvnfoQ)"
199.47.82.19 - - [20/Oct/2025:12:43:30 -0400] "GET /largest-pearl-in-the-world-found-weighs-34-kilos-and-costs-670-crores/world-biggest-pearl/ HTTP/1.1" 200 121952 "-" "Turnitin (https://bit.ly/2UvnfoQ)"
199.47.82.19 - - [20/Oct/2025:12:43:31 -0400] "GET /largest-pearl-in-the-world-found-weighs-34-kilos-and-costs-670-crores/world-biggest-pearl1/ HTTP/1.1" 200 121962 "-" "Turnitin (https://bit.ly/2UvnfoQ)"
199.47.82.19 - - [20/Oct/2025:12:43:31 -0400] "GET /largest-ship-in-the-world/ HTTP/1.1" 200 283435 "-" "Turnitin (https://bit.ly/2UvnfoQ)"
199.47.82.19 - - [20/Oct/2025:12:43:32 -0400] "GET /largest-ship-in-the-world/13436_608/ HTTP/1.1" 200 121505 "-" "Turnitin (https://bit.ly/2UvnfoQ)"
199.47.82.19 - - [20/Oct/2025:12:43:32 -0400] "GET /largest-ship-in-the-world/capture_1463385572/ HTTP/1.1" 200 122051 "-" "Turnitin (https://bit.ly/2UvnfoQ)"
199.47.82.19 - - [20/Oct/2025:12:43:33 -0400] "GET /largest-ship-in-the-world/ship-1/ HTTP/1.1" 200 121460 "-" "Turnitin (https://bit.ly/2UvnfoQ)"
199.47.82.19 - - [20/Oct/2025:12:43:33 -0400] "GET /largest-statue-of-lord-buddha-is-here-to-bless-you-heavens/largest-statue-of-lord-buddha-is-here-to-bless-you-heavens-cover/ HTTP/1.1" 200 122880 "-" "Turnitin (https://bit.ly/2UvnfoQ)"
199.47.82.19 - - [20/Oct/2025:12:43:34 -0400] "GET /largest-statue-of-lord-buddha-is-here-to-bless-you-heavens/largest-statue-of-lord-buddha-is-here-to-bless-you-heavens/ HTTP/1.1" 200 122813 "-" "Turnitin (https://bit.ly/2UvnfoQ)"
199.47.82.19 - - [20/Oct/2025:12:43:34 -0400] "GET /last-rites-done-of-atm-for-not-dispensing-cash-in-this-demonetization-phase/atm-machine/ HTTP/1.1" 200 121310 "-" "Turnitin (https://bit.ly/2UvnfoQ)"
199.47.82.19 - - [20/Oct/2025:12:43:35 -0400] "GET /late-night-chatting-harmful-for-kids/ HTTP/1.1" 200 284418 "-" "Turnitin (https://bit.ly/2UvnfoQ)"
199.47.82.19 - - [20/Oct/2025:12:43:35 -0400] "GET /late-night-chatting-harmful-for-kids/1-35/ HTTP/1.1" 200 121402 "-" "Turnitin (https://bit.ly/2UvnfoQ)"
199.47.82.19 - - [20/Oct/2025:12:43:36 -0400] "GET /late-night-chatting-harmful-for-kids/2-17/ HTTP/1.1" 200 121853 "-" "Turnitin (https://bit.ly/2UvnfoQ)"
199.47.82.19 - - [20/Oct/2025:12:43:36 -0400] "GET /late-night-chatting-harmful-for-kids/c-14/ HTTP/1.1" 200 121402 "-" "Turnitin (https://bit.ly/2UvnfoQ)"
199.47.82.19 - - [20/Oct/2025:12:43:37 -0400] "GET /laugh-with-mr-bean/mr-bean/ HTTP/1.1" 200 120859 "-" "Turnitin (https://bit.ly/2UvnfoQ)"
199.47.82.19 - - [20/Oct/2025:12:43:37 -0400] "GET /laughing-while-walking/jokes/ HTTP/1.1" 200 120823 "-" "Turnitin (https://bit.ly/2UvnfoQ)"
199.47.82.19 - - [20/Oct/2025:12:43:38 -0400] "GET /laughter-filled-jokes/ HTTP/1.1" 200 282688 "-" "Turnitin (https://bit.ly/2UvnfoQ)"
199.47.82.19 - - [20/Oct/2025:12:43:39 -0400] "GET /laughter-filled-jokes/laughing/ HTTP/1.1" 200 120894 "-" "Turnitin (https://bit.ly/2UvnfoQ)"
17.241.219.253 - - [20/Oct/2025:12:43:39 -0400] "GET /these-measures-increase-eyesight-learn-about-them/aankhe-3/ HTTP/1.1" 200 121662 "-" "Mozilla/5.0 (Macintosh; Intel Mac OS X 10_15_7) AppleWebKit/605.1.15 (KHTML, like Gecko) Version/17.4 Safari/605.1.15 (Applebot/0.1; +http://www.apple.com/go/applebot)"
199.47.82.19 - - [20/Oct/2025:12:43:39 -0400] "GET /law-against-rape-is-really-horrible/indonesia-caning-96254167/ HTTP/1.1" 200 121885 "-" "Turnitin (https://bit.ly/2UvnfoQ)"
199.47.82.19 - - [20/Oct/2025:12:43:40 -0400] "GET /law-against-rape-is-really-horrible/xwcdlvjwlgefpoodbjqxzslrpxa/ HTTP/1.1" 200 121905 "-" "Turnitin (https://bit.ly/2UvnfoQ)"
199.47.82.19 - - [20/Oct/2025:12:43:41 -0400] "GET /law-to-kill-women-in-pakistan-to-be-applied/maxresdefault-22/ HTTP/1.1" 200 121923 "-" "Turnitin (https://bit.ly/2UvnfoQ)"
199.47.82.19 - - [20/Oct/2025:12:43:41 -0400] "GET /law-to-kill-women-in-pakistan-to-be-applied/pakistan-army-ladies-officer-helping-baloch-earthquake-victim/ HTTP/1.1" 200 122906 "-" "Turnitin (https://bit.ly/2UvnfoQ)"
199.47.82.19 - - [20/Oct/2025:12:43:42 -0400] "GET /law-to-kill-women-in-pakistan-to-be-applied/women_b_090416/ HTTP/1.1" 200 121921 "-" "Turnitin (https://bit.ly/2UvnfoQ)"
199.47.82.19 - - [20/Oct/2025:12:43:42 -0400] "GET /laws-to-guide-you-properly/hfhfhj/ HTTP/1.1" 200 121523 "-" "Turnitin (https://bit.ly/2UvnfoQ)"
199.47.82.19 - - [20/Oct/2025:12:43:43 -0400] "GET /laws-to-guide-you-properly/hotel_highlights_detalle_big3_0/ HTTP/1.1" 200 122275 "-" "Turnitin (https://bit.ly/2UvnfoQ)"
199.47.82.19 - - [20/Oct/2025:12:43:43 -0400] "GET /laws-to-guide-you-properly/indiaflag_final/ HTTP/1.1" 200 122125 "-" "Turnitin (https://bit.ly/2UvnfoQ)"
199.47.82.19 - - [20/Oct/2025:12:43:44 -0400] "GET /laws-to-guide-you-properly/police_3/ HTTP/1.1" 200 121473 "-" "Turnitin (https://bit.ly/2UvnfoQ)"
199.47.82.19 - - [20/Oct/2025:12:43:44 -0400] "GET /lead-found-in-maggi-and-nestle-admits-it/ HTTP/1.1" 200 284845 "-" "Turnitin (https://bit.ly/2UvnfoQ)"
199.47.82.19 - - [20/Oct/2025:12:43:45 -0400] "GET /lead-found-in-maggi-and-nestle-admits-it/img_%e0%a4%b8%e0%a4%bf%e0%a4%b0%e0%a5%8d%e0%a4%ab-2-%e0%a4%ae%e0%a4%bf%e0%a4%a8%e0%a4%bf%e0%a4%9f-%e0%a4%ae%e0%a5%88%e0%a4%97%e0%a5%80_01_2019_01/ HTTP/1.1" 200 121422 "-" "Turnitin (https://bit.ly/2UvnfoQ)"
199.47.82.19 - - [20/Oct/2025:12:43:46 -0400] "GET /lead-found-in-maggi-and-nestle-admits-it/img_%e0%a4%b8%e0%a4%bf%e0%a4%b0%e0%a5%8d%e0%a4%ab-2-%e0%a4%ae%e0%a4%bf%e0%a4%a8%e0%a4%bf%e0%a4%9f-%e0%a4%ae%e0%a5%88%e0%a4%97%e0%a5%80_02_2019_01/ HTTP/1.1" 200 122203 "-" "Turnitin (https://bit.ly/2UvnfoQ)"
199.47.82.19 - - [20/Oct/2025:12:43:46 -0400] "GET /lead-found-in-maggi-and-nestle-admits-it/img_%e0%a4%b8%e0%a4%bf%e0%a4%b0%e0%a5%8d%e0%a4%ab-2-%e0%a4%ae%e0%a4%bf%e0%a4%a8%e0%a4%bf%e0%a4%9f-%e0%a4%ae%e0%a5%88%e0%a4%97%e0%a5%80_cover_2019_01/ HTTP/1.1" 200 121443 "-" "Turnitin (https://bit.ly/2UvnfoQ)"
199.47.82.19 - - [20/Oct/2025:12:43:47 -0400] "GET /lean-patch-of-sanjay-salman-friendship/%e0%a4%85%e0%a4%ac-%e0%a4%b9%e0%a4%ae-%e0%a4%86%e0%a4%aa%e0%a4%95%e0%a5%8b-%e0%a4%ac%e0%a4%a4%e0%a4%be%e0%a4%a4%e0%a5%87-%e0%a4%b9%e0%a5%88%e0%a4%82-%e0%a4%95%e0%a4%bf-%e0%a4%87%e0%a4%a8-%e0%a4%a6/ HTTP/1.1" 200 125015 "-" "Turnitin (https://bit.ly/2UvnfoQ)"
199.47.82.19 - - [20/Oct/2025:12:43:48 -0400] "GET /lean-patch-of-sanjay-salman-friendship/%e0%a4%86%e0%a4%96%e0%a4%bf%e0%a4%b0-%e0%a4%95%e0%a5%8d%e0%a4%af%e0%a5%8b%e0%a4%82-%e0%a4%aa%e0%a4%a1%e0%a4%bc%e0%a5%80-%e0%a4%b8%e0%a4%82%e0%a4%9c%e0%a4%af-%e0%a4%b8%e0%a4%b2%e0%a4%ae%e0%a4%be/ HTTP/1.1" 200 124327 "-" "Turnitin (https://bit.ly/2UvnfoQ)"
66.249.79.168 - - [20/Oct/2025:12:43:48 -0400] "GET /category/international/page/53/ HTTP/1.1" 200 200887 "-" "Mozilla/5.0 (Linux; Android 6.0.1; Nexus 5X Build/MMB29P) AppleWebKit/537.36 (KHTML, like Gecko) Chrome/140.0.7339.207 Mobile Safari/537.36 (compatible; Googlebot/2.1; +http://www.google.com/bot.html)"
199.47.82.19 - - [20/Oct/2025:12:43:48 -0400] "GET /lean-patch-of-sanjay-salman-friendship/06_03_2016-sanjay-salman06/ HTTP/1.1" 200 122491 "-" "Turnitin (https://bit.ly/2UvnfoQ)"
199.47.82.19 - - [20/Oct/2025:12:43:49 -0400] "GET /learn-about-the-big-changes-made-by-the-railways/img-%e0%a4%aa%e0%a5%8d%e0%a4%af%e0%a5%82%e0%a4%b0%e0%a4%bf%e0%a4%ab%e0%a4%be%e0%a4%87%e0%a4%a1-%e0%a4%b5%e0%a5%89%e0%a4%9f%e0%a4%b0-%e0%a4%95%e0%a5%80-%e0%a4%b8%e0%a5%81%e0%a4%b5%e0%a4%bf%e0%a4%a7/ HTTP/1.1" 200 122644 "-" "Turnitin (https://bit.ly/2UvnfoQ)"
199.47.82.19 - - [20/Oct/2025:12:43:50 -0400] "GET /learn-about-the-big-changes-made-by-the-railways/img-%e0%a4%ab%e0%a5%8d%e0%a4%b0%e0%a5%80-%e0%a4%b5%e0%a4%be%e0%a4%88-%e0%a4%ab%e0%a4%be%e0%a4%88-%e0%a4%95%e0%a5%80-%e0%a4%b8%e0%a5%81%e0%a4%b5%e0%a4%bf%e0%a4%a7%e0%a4%be-2018-07/ HTTP/1.1" 200 122924 "-" "Turnitin (https://bit.ly/2UvnfoQ)"
199.47.82.19 - - [20/Oct/2025:12:43:50 -0400] "GET /learn-about-the-big-changes-made-by-the-railways/img-%e0%a4%ac%e0%a4%a6%e0%a4%ac%e0%a5%82%e0%a4%a6%e0%a4%be%e0%a4%b0-%e0%a4%95%e0%a4%82%e0%a4%ac%e0%a4%b2-%e0%a4%b9%e0%a4%9f%e0%a4%be%e0%a4%8f%e0%a4%82-%e0%a4%97%e0%a4%8f-2018-07/ HTTP/1.1" 200 122667 "-" "Turnitin (https://bit.ly/2UvnfoQ)"
199.47.82.19 - - [20/Oct/2025:12:43:51 -0400] "GET /learn-about-the-big-changes-made-by-the-railways/img-%e0%a4%ac%e0%a4%be%e0%a4%af%e0%a5%8b-%e0%a4%9f%e0%a5%89%e0%a4%af%e0%a4%b2%e0%a5%87%e0%a4%9f%e0%a5%8d%e0%a4%b8-%e0%a4%b2%e0%a4%97%e0%a4%be%e0%a4%8f-%e0%a4%97%e0%a4%8f-2018-07/ HTTP/1.1" 200 121830 "-" "Turnitin (https://bit.ly/2UvnfoQ)"
199.47.82.19 - - [20/Oct/2025:12:43:51 -0400] "GET /learn-about-the-big-changes-made-by-the-railways/img-%e0%a4%ad%e0%a5%8b%e0%a4%9c%e0%a4%a8-%e0%a4%95%e0%a5%80-%e0%a4%95%e0%a5%8d%e0%a4%b5%e0%a4%be%e0%a4%b2%e0%a4%bf%e0%a4%9f%e0%a5%80-%e0%a4%ae%e0%a5%87%e0%a4%82-%e0%a4%ac%e0%a4%a6%e0%a4%b2%e0%a4%be/ HTTP/1.1" 200 122752 "-" "Turnitin (https://bit.ly/2UvnfoQ)"
199.47.82.19 - - [20/Oct/2025:12:43:52 -0400] "GET /learn-about-the-big-changes-made-by-the-railways/img-%e0%a4%b0%e0%a5%80%e0%a4%a1%e0%a4%bf%e0%a4%82%e0%a4%97-%e0%a4%b2%e0%a4%be%e0%a4%87%e0%a4%9f%e0%a5%8d%e0%a4%b8-%e0%a4%b2%e0%a4%97%e0%a4%be%e0%a4%88%e0%a4%82-%e0%a4%97%e0%a4%88-2018-07/ HTTP/1.1" 200 122758 "-" "Turnitin (https://bit.ly/2UvnfoQ)"
199.47.82.19 - - [20/Oct/2025:12:43:52 -0400] "GET /learn-about-the-big-changes-made-by-the-railways/img-%e0%a4%b0%e0%a5%87%e0%a4%b2%e0%a4%b5%e0%a5%87-%e0%a4%a8%e0%a5%87-%e0%a4%95%e0%a4%bf%e0%a4%af%e0%a5%87-%e0%a4%af%e0%a5%87-%e0%a4%ac%e0%a5%9c%e0%a5%87-%e0%a4%ac%e0%a4%a6%e0%a4%b2%e0%a4%be%e0%a4%b5/ HTTP/1.1" 200 122864 "-" "Turnitin (https://bit.ly/2UvnfoQ)"
199.47.82.19 - - [20/Oct/2025:12:43:53 -0400] "GET /learn-about-the-big-changes-made-by-the-railways/img-%e0%a4%b0%e0%a5%87%e0%a4%b2-%e0%a4%95%e0%a5%87-%e0%a4%b2%e0%a5%87%e0%a4%9f-%e0%a4%b9%e0%a5%8b%e0%a4%a8%e0%a5%87-%e0%a4%95%e0%a5%80-sms-%e0%a4%b8%e0%a5%87-%e0%a4%9c%e0%a4%be%e0%a4%a8%e0%a4%95/ HTTP/1.1" 200 122761 "-" "Turnitin (https://bit.ly/2UvnfoQ)"
199.47.82.19 - - [20/Oct/2025:12:43:53 -0400] "GET /learn-about-the-big-changes-made-by-the-railways/img-%e0%a4%b5%e0%a5%87%e0%a4%9f%e0%a4%bf%e0%a4%82%e0%a4%97-%e0%a4%95%e0%a4%a8%e0%a5%8d%e0%a4%ab%e0%a4%b0%e0%a5%8d%e0%a4%ae-%e0%a4%a8%e0%a4%b9%e0%a5%80%e0%a4%82-%e0%a4%b9%e0%a5%8b%e0%a4%a8%e0%a5%87/ HTTP/1.1" 200 122115 "-" "Turnitin (https://bit.ly/2UvnfoQ)"
199.47.82.19 - - [20/Oct/2025:12:43:54 -0400] "GET /learn-about-the-big-changes-made-by-the-railways/img-learn-about-the-big-changes-made-by-the-railways-2018-07/ HTTP/1.1" 200 122010 "-" "Turnitin (https://bit.ly/2UvnfoQ)"
199.47.82.19 - - [20/Oct/2025:12:43:54 -0400] "GET /learn-about-the-big-changes-made-by-the-railways/img-rac-%e0%a4%95%e0%a5%8b%e0%a4%9f%e0%a5%87-%e0%a4%95%e0%a5%80-%e0%a4%b8%e0%a5%80%e0%a4%9f-%e0%a4%ac%e0%a5%9d%e0%a4%be%e0%a4%88-%e0%a4%b9%e0%a5%88%e0%a4%82-2018-07/ HTTP/1.1" 200 122925 "-" "Turnitin (https://bit.ly/2UvnfoQ)"
199.47.82.19 - - [20/Oct/2025:12:43:55 -0400] "GET /learn-few-usage-of-salt/broom/ HTTP/1.1" 200 121876 "-" "Turnitin (https://bit.ly/2UvnfoQ)"
199.47.82.19 - - [20/Oct/2025:12:43:55 -0400] "GET /learn-few-usage-of-salt/clothes/ HTTP/1.1" 200 121858 "-" "Turnitin (https://bit.ly/2UvnfoQ)"
199.47.82.19 - - [20/Oct/2025:12:43:56 -0400] "GET /learn-few-usage-of-salt/coffee/ HTTP/1.1" 200 121379 "-" "Turnitin (https://bit.ly/2UvnfoQ)"
199.47.82.19 - - [20/Oct/2025:12:43:56 -0400] "GET /learn-few-usage-of-salt/egg-testing/ HTTP/1.1" 200 121918 "-" "Turnitin (https://bit.ly/2UvnfoQ)"
199.47.82.19 - - [20/Oct/2025:12:43:57 -0400] "GET /learn-few-usage-of-salt/flower/ HTTP/1.1" 200 121866 "-" "Turnitin (https://bit.ly/2UvnfoQ)"
199.47.82.19 - - [20/Oct/2025:12:43:57 -0400] "GET /learn-few-usage-of-salt/footwears/ HTTP/1.1" 200 121908 "-" "Turnitin (https://bit.ly/2UvnfoQ)"
199.47.82.19 - - [20/Oct/2025:12:43:58 -0400] "GET /learn-few-usage-of-salt/rasa-spa-august/ HTTP/1.1" 200 121933 "-" "Turnitin (https://bit.ly/2UvnfoQ)"
199.47.82.19 - - [20/Oct/2025:12:43:58 -0400] "GET /learn-few-usage-of-salt/salad/ HTTP/1.1" 200 121813 "-" "Turnitin (https://bit.ly/2UvnfoQ)"
199.47.82.19 - - [20/Oct/2025:12:43:59 -0400] "GET /learn-few-usage-of-salt/salt/ HTTP/1.1" 200 121344 "-" "Turnitin (https://bit.ly/2UvnfoQ)"
199.47.82.19 - - [20/Oct/2025:12:43:59 -0400] "GET /learn-here-how-to-say-jalebi-in-english-language/jalebi-c/ HTTP/1.1" 200 121704 "-" "Turnitin (https://bit.ly/2UvnfoQ)"
199.47.82.19 - - [20/Oct/2025:12:44:00 -0400] "GET /learn-here-how-to-say-jalebi-in-english-language/jalebi1/ HTTP/1.1" 200 121631 "-" "Turnitin (https://bit.ly/2UvnfoQ)"
199.47.82.19 - - [20/Oct/2025:12:44:00 -0400] "GET /learn-here-how-to-say-jalebi-in-english-language/jalebi2/ HTTP/1.1" 200 122165 "-" "Turnitin (https://bit.ly/2UvnfoQ)"
199.47.82.19 - - [20/Oct/2025:12:44:01 -0400] "GET /learn-how-to-book-gas-cylinders-on-facebook-and-twitter/ HTTP/1.1" 200 284975 "-" "Turnitin (https://bit.ly/2UvnfoQ)"
199.47.82.19 - - [20/Oct/2025:12:44:02 -0400] "GET /learn-how-to-book-gas-cylinders-on-facebook-and-twitter/learn-how-to-book-gas-cylinders-on-facebook-and-twitter-2/ HTTP/1.1" 200 122680 "-" "Turnitin (https://bit.ly/2UvnfoQ)"
199.47.82.19 - - [20/Oct/2025:12:44:02 -0400] "GET /learn-how-to-book-gas-cylinders-on-facebook-and-twitter/learn-how-to-book-gas-cylinders-on-facebook-and-twitter-content/ HTTP/1.1" 200 122790 "-" "Turnitin (https://bit.ly/2UvnfoQ)"
199.47.82.19 - - [20/Oct/2025:12:44:03 -0400] "GET /learn-how-to-book-gas-cylinders-on-facebook-and-twitter/learn-how-to-book-gas-cylinders-on-facebook-and-twitter-intro/ HTTP/1.1" 200 123503 "-" "Turnitin (https://bit.ly/2UvnfoQ)"
199.47.82.19 - - [20/Oct/2025:12:44:03 -0400] "GET /learn-how-to-stay-happy-and-young-by-heart-from-granny/ HTTP/1.1" 200 281287 "-" "Turnitin (https://bit.ly/2UvnfoQ)"
199.47.82.19 - - [20/Oct/2025:12:44:04 -0400] "GET /learn-how-to-stay-happy-and-young-by-heart-from-granny/grandma-covr/ HTTP/1.1" 200 121213 "-" "Turnitin (https://bit.ly/2UvnfoQ)"
199.47.82.19 - - [20/Oct/2025:12:44:05 -0400] "GET /learn-more-about-surya-kund-associated-chhath-puja/hindu-devotees-offer-prayers-to-the-sun-god-during-the-hindu-religious-festival-chhat-puja-in-chandigarh/ HTTP/1.1" 200 122091 "-" "Turnitin (https://bit.ly/2UvnfoQ)"
199.47.82.19 - - [20/Oct/2025:12:44:05 -0400] "GET /learn-more-about-surya-kund-associated-chhath-puja/surajkund/ HTTP/1.1" 200 121707 "-" "Turnitin (https://bit.ly/2UvnfoQ)"
199.47.82.19 - - [20/Oct/2025:12:44:06 -0400] "GET /learn-ways-to-find-free-wi-fi/ HTTP/1.1" 200 283435 "-" "Turnitin (https://bit.ly/2UvnfoQ)"
199.47.82.19 - - [20/Oct/2025:12:44:07 -0400] "GET /learn-ways-to-find-free-wi-fi/img_%e0%a4%ab%e0%a5%87%e0%a4%b8%e0%a4%ac%e0%a5%81%e0%a4%95_2018_11/ HTTP/1.1" 200 121483 "-" "Turnitin (https://bit.ly/2UvnfoQ)"
199.47.82.19 - - [20/Oct/2025:12:44:07 -0400] "GET /learn-ways-to-find-free-wi-fi/img_%e0%a4%ab%e0%a5%8d%e0%a4%b0%e0%a5%80-%e0%a4%b5%e0%a4%be%e0%a4%88-%e0%a4%ab%e0%a4%be%e0%a4%88_01_2018_11/ HTTP/1.1" 200 121460 "-" "Turnitin (https://bit.ly/2UvnfoQ)"
199.47.82.19 - - [20/Oct/2025:12:44:08 -0400] "GET /learn-ways-to-find-free-wi-fi/img_%e0%a4%ab%e0%a5%8d%e0%a4%b0%e0%a5%80-%e0%a4%b5%e0%a4%be%e0%a4%88-%e0%a4%ab%e0%a4%be%e0%a4%88_cover_2018_11/ HTTP/1.1" 200 120987 "-" "Turnitin (https://bit.ly/2UvnfoQ)"
199.47.82.19 - - [20/Oct/2025:12:44:09 -0400] "GET /learn-ways-to-find-free-wi-fi/img_instabridge_2018_11/ HTTP/1.1" 200 120355 "-" "Turnitin (https://bit.ly/2UvnfoQ)"
199.47.82.19 - - [20/Oct/2025:12:44:09 -0400] "GET /learn-ways-to-find-free-wi-fi/img_wefi_2018_11/ HTTP/1.1" 200 121006 "-" "Turnitin (https://bit.ly/2UvnfoQ)"
199.47.82.19 - - [20/Oct/2025:12:44:09 -0400] "GET /led-bulb-policy-proves-very-effective/ HTTP/1.1" 200 277551 "-" "Turnitin (https://bit.ly/2UvnfoQ)"
199.47.82.19 - - [20/Oct/2025:12:44:10 -0400] "GET /led-bulb-policy-proves-very-effective/led-bulbs/ HTTP/1.1" 200 121522 "-" "Turnitin (https://bit.ly/2UvnfoQ)"
199.47.82.19 - - [20/Oct/2025:12:44:10 -0400] "GET /led-bulb-policy-proves-very-effective/led-bulbs1/ HTTP/1.1" 200 121532 "-" "Turnitin (https://bit.ly/2UvnfoQ)"
199.47.82.19 - - [20/Oct/2025:12:44:11 -0400] "GET /led-bulb-to-access-free-internet/cover-246/ HTTP/1.1" 200 121448 "-" "Turnitin (https://bit.ly/2UvnfoQ)"
199.47.82.19 - - [20/Oct/2025:12:44:11 -0400] "GET /led-bulb-to-access-free-internet/light-2/ HTTP/1.1" 200 121442 "-" "Turnitin (https://bit.ly/2UvnfoQ)"
199.47.82.19 - - [20/Oct/2025:12:44:12 -0400] "GET /left-behind-jio-offer-this-startup-of-bangalore-giving-50-mbps-speed-net-in-just-rs-2-rupees/ HTTP/1.1" 200 284936 "-" "Turnitin (https://bit.ly/2UvnfoQ)"
199.47.82.19 - - [20/Oct/2025:12:44:12 -0400] "GET /left-behind-jio-offer-this-startup-of-bangalore-giving-50-mbps-speed-net-in-just-rs-2-rupees/cover-pic-2/ HTTP/1.1" 200 122012 "-" "Turnitin (https://bit.ly/2UvnfoQ)"
199.47.82.19 - - [20/Oct/2025:12:44:13 -0400] "GET /left-behind-jio-offer-this-startup-of-bangalore-giving-50-mbps-speed-net-in-just-rs-2-rupees/lower-middle-pic-2/ HTTP/1.1" 200 122636 "-" "Turnitin (https://bit.ly/2UvnfoQ)"
199.47.82.19 - - [20/Oct/2025:12:44:13 -0400] "GET /left-behind-jio-offer-this-startup-of-bangalore-giving-50-mbps-speed-net-in-just-rs-2-rupees/middle-pic/ HTTP/1.1" 200 122022 "-" "Turnitin (https://bit.ly/2UvnfoQ)"
199.47.82.19 - - [20/Oct/2025:12:44:14 -0400] "GET /left-the-job-as-an-engineer-and-started-a-guava-farm-prices-will-leave-you-shocked/ HTTP/1.1" 200 285216 "-" "Turnitin (https://bit.ly/2UvnfoQ)"
199.47.82.19 - - [20/Oct/2025:12:44:15 -0400] "GET /left-the-job-as-an-engineer-and-started-a-guava-farm-prices-will-leave-you-shocked/left-the-job-as-an-engineer-and-started-a-guava-farm-prices-will-leave-you-shocked-2/ HTTP/1.1" 200 123473 "-" "Turnitin (https://bit.ly/2UvnfoQ)"
199.47.82.19 - - [20/Oct/2025:12:44:15 -0400] "GET /left-the-job-as-an-engineer-and-started-a-guava-farm-prices-will-leave-you-shocked/left-the-job-as-an-engineer-and-started-a-guava-farm-prices-will-leave-you-shocked-cover/ HTTP/1.1" 200 123531 "-" "Turnitin (https://bit.ly/2UvnfoQ)"
199.47.82.19 - - [20/Oct/2025:12:44:16 -0400] "GET /lemon-thief-held-after-40-years/dashrath/ HTTP/1.1" 200 121445 "-" "Turnitin (https://bit.ly/2UvnfoQ)"
199.47.82.19 - - [20/Oct/2025:12:44:17 -0400] "GET /lemon-thief-held-after-40-years/lemon-2/ HTTP/1.1" 200 121423 "-" "Turnitin (https://bit.ly/2UvnfoQ)"
199.47.82.19 - - [20/Oct/2025:12:44:18 -0400] "GET /let-us-remember-our-beloved-atal-bihari-vajpayee-fondly-on-his-birthday-today/2-327/ HTTP/1.1" 200 122394 "-" "Turnitin (https://bit.ly/2UvnfoQ)"
199.47.82.19 - - [20/Oct/2025:12:44:18 -0400] "GET /let-us-remember-our-beloved-atal-bihari-vajpayee-fondly-on-his-birthday-today/3-167/ HTTP/1.1" 200 122237 "-" "Turnitin (https://bit.ly/2UvnfoQ)"
199.47.82.19 - - [20/Oct/2025:12:44:19 -0400] "GET /let-us-remember-our-beloved-atal-bihari-vajpayee-fondly-on-his-birthday-today/4-90/ HTTP/1.1" 200 121745 "-" "Turnitin (https://bit.ly/2UvnfoQ)"
199.47.82.19 - - [20/Oct/2025:12:44:20 -0400] "GET /let-us-remember-our-beloved-atal-bihari-vajpayee-fondly-on-his-birthday-today/atal-bihari-vajpayee-2/ HTTP/1.1" 200 122122 "-" "Turnitin (https://bit.ly/2UvnfoQ)"
199.47.82.19 - - [20/Oct/2025:12:44:20 -0400] "GET /let-us-remember-our-beloved-atal-bihari-vajpayee-fondly-on-his-birthday-today/atal-bihari-vajpayee1/ HTTP/1.1" 200 122707 "-" "Turnitin (https://bit.ly/2UvnfoQ)"
199.47.82.19 - - [20/Oct/2025:12:44:20 -0400] "GET /let-us-remember-our-beloved-atal-bihari-vajpayee-fondly-on-his-birthday-today/atal-bihari-vajpayee2/ HTTP/1.1" 200 122770 "-" "Turnitin (https://bit.ly/2UvnfoQ)"
199.47.82.19 - - [20/Oct/2025:12:44:21 -0400] "GET /let-us-remember-our-beloved-atal-bihari-vajpayee-fondly-on-his-birthday-today/biography-of-atal-bihari-vajpayee/ HTTP/1.1" 200 122794 "-" "Turnitin (https://bit.ly/2UvnfoQ)"
199.47.82.19 - - [20/Oct/2025:12:44:22 -0400] "GET /lets-celebrate-and-wish-neilnitin-mukesh-a-very-happy-birthday/mumbai-celebrity-sightings-2/ HTTP/1.1" 200 121894 "-" "Turnitin (https://bit.ly/2UvnfoQ)"
199.47.82.19 - - [20/Oct/2025:12:44:22 -0400] "GET /lets-celebrate-and-wish-neilnitin-mukesh-a-very-happy-birthday/neil-nitin-mukesh-cute/ HTTP/1.1" 200 121862 "-" "Turnitin (https://bit.ly/2UvnfoQ)"
199.47.82.19 - - [20/Oct/2025:12:44:23 -0400] "GET /lets-celebrate-and-wish-neilnitin-mukesh-a-very-happy-birthday/neil-nitin-mukesh1/ HTTP/1.1" 200 122414 "-" "Turnitin (https://bit.ly/2UvnfoQ)"
199.47.82.19 - - [20/Oct/2025:12:44:24 -0400] "GET /li-fi-will-give-tough-competition-to-wi-fi/li-fi/ HTTP/1.1" 200 121447 "-" "Turnitin (https://bit.ly/2UvnfoQ)"
199.47.82.19 - - [20/Oct/2025:12:44:24 -0400] "GET /lets-us-see-the-difference-between-antics-of-native-and-foreign-people/lets-us-see-the-difference-between-antics-of-native-and-foreign-people/ HTTP/1.1" 200 122175 "-" "Turnitin (https://bit.ly/2UvnfoQ)"
199.47.82.19 - - [20/Oct/2025:12:44:24 -0400] "GET /li-fi-will-give-tough-competition-to-wi-fi/li-fi1/ HTTP/1.1" 200 121930 "-" "Turnitin (https://bit.ly/2UvnfoQ)"
199.47.82.19 - - [20/Oct/2025:12:44:25 -0400] "GET /li-fi-will-give-tough-competition-to-wi-fi/li-fi2/ HTTP/1.1" 200 121935 "-" "Turnitin (https://bit.ly/2UvnfoQ)"
199.47.82.19 - - [20/Oct/2025:12:44:25 -0400] "GET /li-fi-will-give-tough-competition-to-wi-fi/li-fi3/ HTTP/1.1" 200 121935 "-" "Turnitin (https://bit.ly/2UvnfoQ)"
199.47.82.19 - - [20/Oct/2025:12:44:26 -0400] "GET /li-fi-will-give-tough-competition-to-wi-fi/li-fi4/ HTTP/1.1" 200 121935 "-" "Turnitin (https://bit.ly/2UvnfoQ)"
199.47.82.19 - - [20/Oct/2025:12:44:26 -0400] "GET /li-fi-will-give-tough-competition-to-wi-fi/li-fi5/ HTTP/1.1" 200 121935 "-" "Turnitin (https://bit.ly/2UvnfoQ)"
199.47.82.19 - - [20/Oct/2025:12:44:27 -0400] "GET /li-fi-will-give-tough-competition-to-wi-fi/li-fi6/ HTTP/1.1" 200 121935 "-" "Turnitin (https://bit.ly/2UvnfoQ)"
199.47.82.19 - - [20/Oct/2025:12:44:27 -0400] "GET /li-fi-will-give-tough-competition-to-wi-fi/li-fi7/ HTTP/1.1" 200 121462 "-" "Turnitin (https://bit.ly/2UvnfoQ)"
199.47.82.19 - - [20/Oct/2025:12:44:28 -0400] "GET /life-could-be-saved-now-even-after-plane-crash/plain/ HTTP/1.1" 200 121508 "-" "Turnitin (https://bit.ly/2UvnfoQ)"
199.47.82.19 - - [20/Oct/2025:12:44:28 -0400] "GET /life-could-be-saved-now-even-after-plane-crash/plain1/ HTTP/1.1" 200 121518 "-" "Turnitin (https://bit.ly/2UvnfoQ)"
104.28.202.179 - - [20/Oct/2025:12:44:29 -0400] "POST /wp-login.php HTTP/1.1" 200 5876 "http://wahgazab.com/wp-admin/" "Mozilla/5.0 (Windows NT 10.0; Win64; x64) AppleWebKit/537.36 (KHTML, like Gecko) Chrome/90.0.4430.85 Safari/537.36"
104.28.202.179 - - [20/Oct/2025:12:44:29 -0400] "GET /wp-admin/ HTTP/1.1" 302 - "www.google.com" "Mozilla/5.0 (Windows NT 10.0; Win64; x64) AppleWebKit/537.36 (KHTML, like Gecko) Chrome/90.0.4430.85 Safari/537.36"
199.47.82.19 - - [20/Oct/2025:12:44:29 -0400] "GET /life-of-21st-century-woman-costs-10-shoes-only/%e0%a4%aa%e0%a4%82%e0%a4%9a%e0%a4%be%e0%a4%af%e0%a4%a4-%e0%a4%a8%e0%a5%87-%e0%a4%ae%e0%a4%b9%e0%a4%bf%e0%a4%b2%e0%a4%be-%e0%a4%95%e0%a5%87-%e0%a4%b9%e0%a4%a4%e0%a5%8d%e0%a4%af%e0%a4%be%e0%a4%b0/ HTTP/1.1" 200 123906 "-" "Turnitin (https://bit.ly/2UvnfoQ)"
104.28.202.179 - - [20/Oct/2025:12:44:30 -0400] "GET /wp-login.php?redirect_to=http%3A%2F%2Fwahgazab.com%2Fwp-admin%2F&reauth=1 HTTP/1.1" 200 5415 "www.google.com" "Mozilla/5.0 (Windows NT 10.0; Win64; x64) AppleWebKit/537.36 (KHTML, like Gecko) Chrome/90.0.4430.85 Safari/537.36"
199.47.82.19 - - [20/Oct/2025:12:44:30 -0400] "GET /life-of-21st-century-woman-costs-10-shoes-only/21st/ HTTP/1.1" 200 122235 "-" "Turnitin (https://bit.ly/2UvnfoQ)"
199.47.82.19 - - [20/Oct/2025:12:44:30 -0400] "GET /lifestyle-of-bihar-people-after-alcohol-ban-seems-funny/ HTTP/1.1" 200 277767 "-" "Turnitin (https://bit.ly/2UvnfoQ)"
199.47.82.19 - - [20/Oct/2025:12:44:31 -0400] "GET /lifestyle-of-bihar-people-after-alcohol-ban-seems-funny/alcohal/ HTTP/1.1" 200 121154 "-" "Turnitin (https://bit.ly/2UvnfoQ)"
199.47.82.19 - - [20/Oct/2025:12:44:31 -0400] "GET /lightening-strikes-at-this-shiva-linga/sivling/ HTTP/1.1" 200 121000 "-" "Turnitin (https://bit.ly/2UvnfoQ)"
199.47.82.19 - - [20/Oct/2025:12:44:32 -0400] "GET /like-daughter-sita-her-father-king-janak-has-the-mystery-behind-his-birth/janakakings-of-videhamaithiljanakpur-nepal/ HTTP/1.1" 200 122440 "-" "Turnitin (https://bit.ly/2UvnfoQ)"
199.47.82.19 - - [20/Oct/2025:12:44:32 -0400] "GET /like-daughter-sita-her-father-king-janak-has-the-mystery-behind-his-birth/janakakings-of-videhamaithiljanakpur-nepal1/ HTTP/1.1" 200 122450 "-" "Turnitin (https://bit.ly/2UvnfoQ)"
199.47.82.19 - - [20/Oct/2025:12:44:33 -0400] "GET /like-son-like-father-oh-my-god/ HTTP/1.1" 200 278484 "-" "Turnitin (https://bit.ly/2UvnfoQ)"
199.47.82.19 - - [20/Oct/2025:12:44:33 -0400] "GET /like-son-like-father-oh-my-god/1-87/ HTTP/1.1" 200 120862 "-" "Turnitin (https://bit.ly/2UvnfoQ)"
199.47.82.19 - - [20/Oct/2025:12:44:34 -0400] "GET /lion-tiger-and-bear-are-good-friends/lion/ HTTP/1.1" 200 120934 "-" "Turnitin (https://bit.ly/2UvnfoQ)"
199.47.82.19 - - [20/Oct/2025:12:44:34 -0400] "GET /lion-tiger-and-crocodile-as-pets/ HTTP/1.1" 200 288428 "-" "Turnitin (https://bit.ly/2UvnfoQ)"
199.47.82.19 - - [20/Oct/2025:12:44:35 -0400] "GET /lion-tiger-and-crocodile-as-pets/%e0%a4%85%e0%a4%9c%e0%a4%97%e0%a4%b0/ HTTP/1.1" 200 121806 "-" "Turnitin (https://bit.ly/2UvnfoQ)"
199.47.82.19 - - [20/Oct/2025:12:44:35 -0400] "GET /lion-tiger-and-crocodile-as-pets/%e0%a4%95%e0%a4%9b%e0%a5%81%e0%a4%8f/ HTTP/1.1" 200 122154 "-" "Turnitin (https://bit.ly/2UvnfoQ)"
199.47.82.19 - - [20/Oct/2025:12:44:36 -0400] "GET /lion-tiger-and-crocodile-as-pets/%e0%a4%9a%e0%a5%80%e0%a4%a4%e0%a4%be/ HTTP/1.1" 200 122281 "-" "Turnitin (https://bit.ly/2UvnfoQ)"
199.47.82.19 - - [20/Oct/2025:12:44:36 -0400] "GET /lion-tiger-and-crocodile-as-pets/%e0%a4%a4%e0%a5%87%e0%a4%82%e0%a4%a6%e0%a5%81%e0%a4%86/ HTTP/1.1" 200 123014 "-" "Turnitin (https://bit.ly/2UvnfoQ)"
199.47.82.19 - - [20/Oct/2025:12:44:37 -0400] "GET /lion-tiger-and-crocodile-as-pets/%e0%a4%ae%e0%a4%97%e0%a4%b0%e0%a4%ae%e0%a4%9a%e0%a5%8d%e0%a4%9b/ HTTP/1.1" 200 122625 "-" "Turnitin (https://bit.ly/2UvnfoQ)"
199.47.82.19 - - [20/Oct/2025:12:44:37 -0400] "GET /lion-tiger-and-crocodile-as-pets/%e0%a4%ae%e0%a5%89%e0%a4%a8%e0%a5%80%e0%a4%9f%e0%a4%b0-%e0%a4%b2%e0%a4%bf%e0%a4%9c%e0%a4%b0%e0%a5%8d%e0%a4%a1/ HTTP/1.1" 200 122920 "-" "Turnitin (https://bit.ly/2UvnfoQ)"
199.47.82.19 - - [20/Oct/2025:12:44:38 -0400] "GET /lion-tiger-and-crocodile-as-pets/%e0%a4%b2%e0%a4%95%e0%a4%a1%e0%a4%bc%e0%a4%ac%e0%a4%97%e0%a5%8d%e0%a4%98%e0%a4%be/ HTTP/1.1" 200 122650 "-" "Turnitin (https://bit.ly/2UvnfoQ)"
199.47.82.19 - - [20/Oct/2025:12:44:38 -0400] "GET /lion-tiger-and-crocodile-as-pets/%e0%a4%b6%e0%a5%87%e0%a4%b0-%e0%a4%9a%e0%a5%80%e0%a4%a4%e0%a4%be-%e0%a4%94%e0%a4%b0-%e0%a4%ae%e0%a4%97%e0%a4%b0%e0%a4%ae%e0%a4%9a%e0%a5%8d%e0%a4%9b-%e0%a4%b9%e0%a5%88%e0%a4%82-%e0%a4%87%e0%a4%a8/ HTTP/1.1" 200 124049 "-" "Turnitin (https://bit.ly/2UvnfoQ)"
199.47.82.19 - - [20/Oct/2025:12:44:39 -0400] "GET /lion-tiger-and-crocodile-as-pets/%e0%a4%b8%e0%a4%be%e0%a4%82%e0%a4%aa/ HTTP/1.1" 200 122926 "-" "Turnitin (https://bit.ly/2UvnfoQ)"
199.47.82.19 - - [20/Oct/2025:12:44:39 -0400] "GET /lion-tiger-and-crocodile-as-pets/loin/ HTTP/1.1" 200 121449 "-" "Turnitin (https://bit.ly/2UvnfoQ)"
199.47.82.19 - - [20/Oct/2025:12:44:40 -0400] "GET /lions-and-bears-and-other-deadly-animals-have-fun-with-humans-here/australia-zoo-resortjamala-wildlife-lodgeaustralianational-zoo-aquarium/ HTTP/1.1" 200 123031 "-" "Turnitin (https://bit.ly/2UvnfoQ)"
199.47.82.19 - - [20/Oct/2025:12:44:40 -0400] "GET /lions-and-bears-and-other-deadly-animals-have-fun-with-humans-here/australia-zoo-resortjamala-wildlife-lodgeaustralianational-zoo-aquarium1/ HTTP/1.1" 200 123041 "-" "Turnitin (https://bit.ly/2UvnfoQ)"
199.47.82.19 - - [20/Oct/2025:12:44:41 -0400] "GET /lisa-sparxxx-having-sex-with-919-men-in-one-day/lisa-sparxxx-having-sex-with-919-men-in-one-day/ HTTP/1.1" 200 122376 "-" "Turnitin (https://bit.ly/2UvnfoQ)"
199.47.82.19 - - [20/Oct/2025:12:44:41 -0400] "GET /lisa-sparxxx-having-sex-with-919-men-in-one-day/lisa-sparxxx-having-sex-with-919-men-in-one-day1/ HTTP/1.1" 200 122386 "-" "Turnitin (https://bit.ly/2UvnfoQ)"
199.47.82.19 - - [20/Oct/2025:12:44:42 -0400] "GET /lisas-comeback-through-ishq-forever/ishq-forever/ HTTP/1.1" 200 121044 "-" "Turnitin (https://bit.ly/2UvnfoQ)"
199.47.82.19 - - [20/Oct/2025:12:44:43 -0400] "GET /list-of-chief-guests-for-republic-day-so-far/ HTTP/1.1" 200 293597 "-" "Turnitin (https://bit.ly/2UvnfoQ)"
199.47.82.19 - - [20/Oct/2025:12:44:44 -0400] "GET /list-of-chief-guests-for-republic-day-so-far/%e0%a4%aa%e0%a5%8d%e0%a4%b0%e0%a4%a4%e0%a4%bf%e0%a4%a8%e0%a4%bf%e0%a4%a7%e0%a4%bf/ HTTP/1.1" 200 123788 "-" "Turnitin (https://bit.ly/2UvnfoQ)"
199.47.82.19 - - [20/Oct/2025:12:44:45 -0400] "GET /list-of-chief-guests-for-republic-day-so-far/%e0%a4%b5%e0%a4%b9%e0%a5%80%e0%a4%82-%e0%a4%86%e0%a4%aa%e0%a4%95%e0%a5%8b-%e0%a4%af%e0%a4%b9-%e0%a4%9c%e0%a4%be%e0%a4%a8%e0%a4%95%e0%a4%b0-%e0%a4%b9%e0%a5%88%e0%a4%b0%e0%a4%be%e0%a4%a8%e0%a5%80/ HTTP/1.1" 200 125051 "-" "Turnitin (https://bit.ly/2UvnfoQ)"
