72.14.199.41 - - [20/Oct/2025:15:12:46 -0400] "GET /wp-content/plugins/td-composer/legacy/Newspaper/js/tdMenu.js?ver=12.7.1 HTTP/1.1" 200 4530 "http://wahgazab.com/this-101-year-old-woman-gave-birth-to-a-baby/" "Mozilla/5.0 (Macintosh; Intel Mac OS X 10_7_3) AppleWebKit/537.36 (KHTML, like Gecko, Mediapartners-Google) Chrome/140.0.7339.207 Safari/537.36"
72.14.199.41 - - [20/Oct/2025:15:12:46 -0400] "GET /wp-includes/js/comment-reply.min.js?ver=6.8.3 HTTP/1.1" 200 3026 "http://wahgazab.com/this-101-year-old-woman-gave-birth-to-a-baby/" "Mozilla/5.0 (Linux; Android 4.0.4; Galaxy Nexus Build/IMM76B) AppleWebKit/537.36 (KHTML, like Gecko; Mediapartners-Google) Chrome/140.0.7339.207 Mobile Safari/537.36"
72.14.199.41 - - [20/Oct/2025:15:12:46 -0400] "GET /wp-content/plugins/td-composer/legacy/Newspaper/js/tdToTop.js?ver=12.7.1 HTTP/1.1" 200 1426 "http://wahgazab.com/this-101-year-old-woman-gave-birth-to-a-baby/" "Mozilla/5.0 (Macintosh; Intel Mac OS X 10_7_3) AppleWebKit/537.36 (KHTML, like Gecko, Mediapartners-Google) Chrome/140.0.7339.207 Safari/537.36"
72.14.199.41 - - [20/Oct/2025:15:12:46 -0400] "GET /wp-content/plugins/td-cloud-library/assets/js/tdbMenu.js?ver=d578089f160957352b9b4ca6d880fd8f HTTP/1.1" 200 10781 "http://wahgazab.com/this-101-year-old-woman-gave-birth-to-a-baby/" "Mozilla/5.0 (Macintosh; Intel Mac OS X 10_7_3) AppleWebKit/537.36 (KHTML, like Gecko, Mediapartners-Google) Chrome/140.0.7339.207 Safari/537.36"
72.14.199.41 - - [20/Oct/2025:15:12:46 -0400] "GET /wp-content/plugins/td-composer/legacy/Newspaper/js/tdAjaxSearch.js?ver=12.7.1 HTTP/1.1" 200 6145 "http://wahgazab.com/this-101-year-old-woman-gave-birth-to-a-baby/" "Mozilla/5.0 (Macintosh; Intel Mac OS X 10_7_3) AppleWebKit/537.36 (KHTML, like Gecko, Mediapartners-Google) Chrome/140.0.7339.207 Safari/537.36"
72.14.199.40 - - [20/Oct/2025:15:12:46 -0400] "GET /wp-content/plugins/td-composer/legacy/Newspaper/js/tdModalPostImages.js?ver=12.7.1 HTTP/1.1" 200 8892 "http://wahgazab.com/this-101-year-old-woman-gave-birth-to-a-baby/" "Mozilla/5.0 (Macintosh; Intel Mac OS X 10_7_3) AppleWebKit/537.36 (KHTML, like Gecko, Mediapartners-Google) Chrome/140.0.7339.207 Safari/537.36"
72.14.199.41 - - [20/Oct/2025:15:12:46 -0400] "GET /wp-content/plugins/td-cloud-library/assets/js/js_files_for_front.min.js?ver=d578089f160957352b9b4ca6d880fd8f HTTP/1.1" 200 29694 "http://wahgazab.com/this-101-year-old-woman-gave-birth-to-a-baby/" "Mozilla/5.0 (Macintosh; Intel Mac OS X 10_7_3) AppleWebKit/537.36 (KHTML, like Gecko, Mediapartners-Google) Chrome/140.0.7339.207 Safari/537.36"
72.14.199.40 - - [20/Oct/2025:15:12:46 -0400] "GET /wp-includes/js/comment-reply.min.js?ver=6.8.3 HTTP/1.1" 200 3026 "http://wahgazab.com/this-101-year-old-woman-gave-birth-to-a-baby/" "Mozilla/5.0 (Macintosh; Intel Mac OS X 10_7_3) AppleWebKit/537.36 (KHTML, like Gecko, Mediapartners-Google) Chrome/140.0.7339.207 Safari/537.36"
72.14.199.41 - - [20/Oct/2025:15:12:46 -0400] "GET /wp-content/themes/Newspaper/images/icons/newspaper.woff?24 HTTP/1.1" 200 34896 "http://wahgazab.com/wp-content/themes/Newspaper/style.css?ver=12.7.1" "Mozilla/5.0 (Macintosh; Intel Mac OS X 10_7_3) AppleWebKit/537.36 (KHTML, like Gecko, Mediapartners-Google) Chrome/140.0.7339.207 Safari/537.36"
72.14.199.41 - - [20/Oct/2025:15:12:46 -0400] "GET /wp-content/plugins/td-composer/legacy/Newspaper/js/tdLoginMobile.js?ver=12.7.1 HTTP/1.1" 200 6347 "http://wahgazab.com/this-101-year-old-woman-gave-birth-to-a-baby/" "Mozilla/5.0 (Macintosh; Intel Mac OS X 10_7_3) AppleWebKit/537.36 (KHTML, like Gecko, Mediapartners-Google) Chrome/140.0.7339.207 Safari/537.36"
72.14.199.40 - - [20/Oct/2025:15:12:46 -0400] "GET /wp-content/uploads/2016/06/this-101-year-old-woman-gave-birth-to-a-baby.jpg HTTP/1.1" 404 136274 "http://wahgazab.com/this-101-year-old-woman-gave-birth-to-a-baby/" "Mozilla/5.0 (Linux; Android 4.0.4; Galaxy Nexus Build/IMM76B) AppleWebKit/537.36 (KHTML, like Gecko; Mediapartners-Google) Chrome/140.0.7339.207 Mobile Safari/537.36"
72.14.199.41 - - [20/Oct/2025:15:12:46 -0400] "GET /wp-content/themes/Newspaper/style.css?ver=12.7.1 HTTP/1.1" 200 158737 "http://wahgazab.com/this-101-year-old-woman-gave-birth-to-a-baby/" "Mozilla/5.0 (Macintosh; Intel Mac OS X 10_7_3) AppleWebKit/537.36 (KHTML, like Gecko, Mediapartners-Google) Chrome/140.0.7339.207 Safari/537.36"
72.14.199.41 - - [20/Oct/2025:15:12:47 -0400] "GET /wp-content/uploads/2016/06/this-101-year-old-woman-gave-birth-to-a-baby.jpg HTTP/1.1" 404 136514 "http://wahgazab.com/this-101-year-old-woman-gave-birth-to-a-baby/" "Mozilla/5.0 (Macintosh; Intel Mac OS X 10_7_3) AppleWebKit/537.36 (KHTML, like Gecko, Mediapartners-Google) Chrome/140.0.7339.207 Safari/537.36"
72.14.199.41 - - [20/Oct/2025:15:12:48 -0400] "GET /exceptional-journey-of-phoolan-devi-from-a-dacoit-to-a-politician/ HTTP/1.1" 200 291335 "-" "Mozilla/5.0 (Linux; Android 4.0.4; Galaxy Nexus Build/IMM76B) AppleWebKit/[WEBKIT_VERSION] (KHTML, like Gecko; Mediapartners-Google) Chrome/[CHROME_VERSION] Mobile Safari/[WEBKIT_VERSION]"
72.14.199.43 - - [20/Oct/2025:15:12:51 -0400] "GET /father-gifts-a-precious-present-to-daughter/ HTTP/1.1" 200 286012 "-" "Mozilla/5.0 (Linux; Android 4.0.4; Galaxy Nexus Build/IMM76B) AppleWebKit/[WEBKIT_VERSION] (KHTML, like Gecko; Mediapartners-Google) Chrome/[CHROME_VERSION] Mobile Safari/[WEBKIT_VERSION]"
72.14.199.42 - - [20/Oct/2025:15:12:54 -0400] "GET /exceptional-journey-of-phoolan-devi-from-a-dacoit-to-a-politician/ HTTP/1.1" 200 291575 "-" "Mozilla/5.0 (Macintosh; Intel Mac OS X 10_7_3) AppleWebKit/[WEBKIT_VERSION] (KHTML, like Gecko, Mediapartners-Google) Chrome/[CHROME_VERSION] Safari/[WEBKIT_VERSION]"
72.14.199.40 - - [20/Oct/2025:15:12:56 -0400] "GET /this-101-year-old-woman-gave-birth-to-a-baby/ HTTP/1.1" 200 282704 "-" "Mozilla/5.0 (Macintosh; Intel Mac OS X 10_7_3) AppleWebKit/[WEBKIT_VERSION] (KHTML, like Gecko, Mediapartners-Google) Chrome/[CHROME_VERSION] Safari/[WEBKIT_VERSION]"
72.14.199.41 - - [20/Oct/2025:15:12:56 -0400] "GET /father-gifts-a-precious-present-to-daughter/ HTTP/1.1" 200 286253 "-" "Mozilla/5.0 (Macintosh; Intel Mac OS X 10_7_3) AppleWebKit/[WEBKIT_VERSION] (KHTML, like Gecko, Mediapartners-Google) Chrome/[CHROME_VERSION] Safari/[WEBKIT_VERSION]"
72.14.199.42 - - [20/Oct/2025:15:12:58 -0400] "GET /this-mysterious-state-have-talking-stones-and-snakes-from-the-mystical-era/ HTTP/1.1" 200 285019 "-" "Mozilla/5.0 (Linux; Android 4.0.4; Galaxy Nexus Build/IMM76B) AppleWebKit/537.36 (KHTML, like Gecko; Mediapartners-Google) Chrome/140.0.7339.207 Mobile Safari/537.36"
72.14.199.42 - - [20/Oct/2025:15:12:59 -0400] "GET /this-mysterious-state-have-talking-stones-and-snakes-from-the-mystical-era/ HTTP/1.1" 200 285259 "-" "Mozilla/5.0 (Macintosh; Intel Mac OS X 10_7_3) AppleWebKit/537.36 (KHTML, like Gecko, Mediapartners-Google) Chrome/140.0.7339.207 Safari/537.36"
72.14.199.44 - - [20/Oct/2025:15:12:59 -0400] "GET /this-mysterious-state-have-talking-stones-and-snakes-from-the-mystical-era/ HTTP/1.1" 200 285260 "-" "Mozilla/5.0 (Macintosh; Intel Mac OS X 10_7_3) AppleWebKit/[WEBKIT_VERSION] (KHTML, like Gecko, Mediapartners-Google) Chrome/[CHROME_VERSION] Safari/[WEBKIT_VERSION]"
72.14.199.41 - - [20/Oct/2025:15:13:00 -0400] "GET /wp-content/uploads/2016/06/chhattisgarh2.jpg HTTP/1.1" 404 136274 "http://wahgazab.com/this-mysterious-state-have-talking-stones-and-snakes-from-the-mystical-era/" "Mozilla/5.0 (Linux; Android 4.0.4; Galaxy Nexus Build/IMM76B) AppleWebKit/537.36 (KHTML, like Gecko; Mediapartners-Google) Chrome/140.0.7339.207 Mobile Safari/537.36"
72.14.199.45 - - [20/Oct/2025:15:13:00 -0400] "GET /wp-content/uploads/2016/06/chhattisgarh.jpg HTTP/1.1" 404 136274 "http://wahgazab.com/this-mysterious-state-have-talking-stones-and-snakes-from-the-mystical-era/" "Mozilla/5.0 (Linux; Android 4.0.4; Galaxy Nexus Build/IMM76B) AppleWebKit/537.36 (KHTML, like Gecko; Mediapartners-Google) Chrome/140.0.7339.207 Mobile Safari/537.36"
72.14.199.40 - - [20/Oct/2025:15:13:01 -0400] "GET /wp-content/uploads/2016/06/chhattisgarh.jpg HTTP/1.1" 404 136514 "http://wahgazab.com/this-mysterious-state-have-talking-stones-and-snakes-from-the-mystical-era/" "Mozilla/5.0 (Macintosh; Intel Mac OS X 10_7_3) AppleWebKit/537.36 (KHTML, like Gecko, Mediapartners-Google) Chrome/140.0.7339.207 Safari/537.36"
72.14.199.33 - - [20/Oct/2025:15:13:01 -0400] "GET /wp-content/uploads/2016/06/chhattisgarh1.jpg HTTP/1.1" 404 136274 "http://wahgazab.com/this-mysterious-state-have-talking-stones-and-snakes-from-the-mystical-era/" "Mozilla/5.0 (Linux; Android 4.0.4; Galaxy Nexus Build/IMM76B) AppleWebKit/537.36 (KHTML, like Gecko; Mediapartners-Google) Chrome/140.0.7339.207 Mobile Safari/537.36"
72.14.199.42 - - [20/Oct/2025:15:13:01 -0400] "GET /wp-content/uploads/2016/06/chhattisgarh1.jpg HTTP/1.1" 404 136514 "http://wahgazab.com/this-mysterious-state-have-talking-stones-and-snakes-from-the-mystical-era/" "Mozilla/5.0 (Macintosh; Intel Mac OS X 10_7_3) AppleWebKit/537.36 (KHTML, like Gecko, Mediapartners-Google) Chrome/140.0.7339.207 Safari/537.36"
72.14.199.34 - - [20/Oct/2025:15:13:01 -0400] "GET /wp-content/uploads/2016/06/chhattisgarh2.jpg HTTP/1.1" 404 136514 "http://wahgazab.com/this-mysterious-state-have-talking-stones-and-snakes-from-the-mystical-era/" "Mozilla/5.0 (Macintosh; Intel Mac OS X 10_7_3) AppleWebKit/537.36 (KHTML, like Gecko, Mediapartners-Google) Chrome/140.0.7339.207 Safari/537.36"
72.14.199.43 - - [20/Oct/2025:15:13:01 -0400] "GET /wp-content/uploads/2016/06/chhattisgarh-snakes.jpg HTTP/1.1" 404 136274 "http://wahgazab.com/this-mysterious-state-have-talking-stones-and-snakes-from-the-mystical-era/" "Mozilla/5.0 (Linux; Android 4.0.4; Galaxy Nexus Build/IMM76B) AppleWebKit/537.36 (KHTML, like Gecko; Mediapartners-Google) Chrome/140.0.7339.207 Mobile Safari/537.36"
72.14.199.43 - - [20/Oct/2025:15:13:02 -0400] "GET /wp-includes/js/wp-emoji-release.min.js?ver=6.8.3 HTTP/1.1" 200 19251 "http://wahgazab.com/this-101-year-old-woman-gave-birth-to-a-baby/" "Mozilla/5.0 (Linux; Android 4.0.4; Galaxy Nexus Build/IMM76B) AppleWebKit/537.36 (KHTML, like Gecko; Mediapartners-Google) Chrome/140.0.7339.207 Mobile Safari/537.36"
72.14.199.34 - - [20/Oct/2025:15:13:02 -0400] "GET /wp-includes/js/wp-emoji-release.min.js?ver=6.8.3 HTTP/1.1" 200 19251 "http://wahgazab.com/this-101-year-old-woman-gave-birth-to-a-baby/" "Mozilla/5.0 (Macintosh; Intel Mac OS X 10_7_3) AppleWebKit/537.36 (KHTML, like Gecko, Mediapartners-Google) Chrome/140.0.7339.207 Safari/537.36"
72.14.199.41 - - [20/Oct/2025:15:13:02 -0400] "GET /wp-content/uploads/2016/06/this-101-year-old-woman-gave-birth-to-a-baby.jpg HTTP/1.1" 404 136514 "http://wahgazab.com/this-101-year-old-woman-gave-birth-to-a-baby/" "Mozilla/5.0 (Macintosh; Intel Mac OS X 10_7_3) AppleWebKit/537.36 (KHTML, like Gecko, Mediapartners-Google) Chrome/140.0.7339.207 Safari/537.36"
72.14.199.42 - - [20/Oct/2025:15:13:02 -0400] "GET /wp-content/uploads/2016/06/chhattisgarh2.jpg HTTP/1.1" 404 136274 "http://wahgazab.com/this-mysterious-state-have-talking-stones-and-snakes-from-the-mystical-era/" "Mozilla/5.0 (Linux; Android 4.0.4; Galaxy Nexus Build/IMM76B) AppleWebKit/537.36 (KHTML, like Gecko; Mediapartners-Google) Chrome/140.0.7339.207 Mobile Safari/537.36"
72.14.199.41 - - [20/Oct/2025:15:13:01 -0400] "GET /this-101-year-old-woman-gave-birth-to-a-baby/ HTTP/1.1" 200 282465 "-" "Mozilla/5.0 (Linux; Android 4.0.4; Galaxy Nexus Build/IMM76B) AppleWebKit/[WEBKIT_VERSION] (KHTML, like Gecko; Mediapartners-Google) Chrome/[CHROME_VERSION] Mobile Safari/[WEBKIT_VERSION]"
72.14.199.44 - - [20/Oct/2025:15:13:02 -0400] "GET /wp-content/uploads/2016/06/chhattisgarh.jpg HTTP/1.1" 404 136514 "http://wahgazab.com/this-mysterious-state-have-talking-stones-and-snakes-from-the-mystical-era/" "Mozilla/5.0 (Macintosh; Intel Mac OS X 10_7_3) AppleWebKit/537.36 (KHTML, like Gecko, Mediapartners-Google) Chrome/140.0.7339.207 Safari/537.36"
72.14.199.33 - - [20/Oct/2025:15:13:02 -0400] "GET /wp-content/uploads/2016/06/chhattisgarh1.jpg HTTP/1.1" 404 136514 "http://wahgazab.com/this-mysterious-state-have-talking-stones-and-snakes-from-the-mystical-era/" "Mozilla/5.0 (Macintosh; Intel Mac OS X 10_7_3) AppleWebKit/537.36 (KHTML, like Gecko, Mediapartners-Google) Chrome/140.0.7339.207 Safari/537.36"
72.14.199.32 - - [20/Oct/2025:15:13:02 -0400] "GET /wp-content/uploads/2016/06/chhattisgarh.jpg HTTP/1.1" 404 136274 "http://wahgazab.com/this-mysterious-state-have-talking-stones-and-snakes-from-the-mystical-era/" "Mozilla/5.0 (Linux; Android 4.0.4; Galaxy Nexus Build/IMM76B) AppleWebKit/537.36 (KHTML, like Gecko; Mediapartners-Google) Chrome/140.0.7339.207 Mobile Safari/537.36"
72.14.199.43 - - [20/Oct/2025:15:13:03 -0400] "GET /wp-content/uploads/2016/06/chhattisgarh1.jpg HTTP/1.1" 404 136274 "http://wahgazab.com/this-mysterious-state-have-talking-stones-and-snakes-from-the-mystical-era/" "Mozilla/5.0 (Linux; Android 4.0.4; Galaxy Nexus Build/IMM76B) AppleWebKit/537.36 (KHTML, like Gecko; Mediapartners-Google) Chrome/140.0.7339.207 Mobile Safari/537.36"
72.14.199.41 - - [20/Oct/2025:15:13:03 -0400] "GET /wp-content/uploads/2016/06/chhattisgarh2.jpg HTTP/1.1" 404 136514 "http://wahgazab.com/this-mysterious-state-have-talking-stones-and-snakes-from-the-mystical-era/" "Mozilla/5.0 (Macintosh; Intel Mac OS X 10_7_3) AppleWebKit/537.36 (KHTML, like Gecko, Mediapartners-Google) Chrome/140.0.7339.207 Safari/537.36"
72.14.199.42 - - [20/Oct/2025:15:13:03 -0400] "GET /wp-content/uploads/2016/06/chhattisgarh-snakes.jpg HTTP/1.1" 404 136514 "http://wahgazab.com/this-mysterious-state-have-talking-stones-and-snakes-from-the-mystical-era/" "Mozilla/5.0 (Macintosh; Intel Mac OS X 10_7_3) AppleWebKit/537.36 (KHTML, like Gecko, Mediapartners-Google) Chrome/140.0.7339.207 Safari/537.36"
72.14.199.32 - - [20/Oct/2025:15:13:03 -0400] "GET /wp-content/uploads/2016/06/chhattisgarh-snakes.jpg HTTP/1.1" 404 136274 "http://wahgazab.com/this-mysterious-state-have-talking-stones-and-snakes-from-the-mystical-era/" "Mozilla/5.0 (Linux; Android 4.0.4; Galaxy Nexus Build/IMM76B) AppleWebKit/537.36 (KHTML, like Gecko; Mediapartners-Google) Chrome/140.0.7339.207 Mobile Safari/537.36"
72.14.199.45 - - [20/Oct/2025:15:13:03 -0400] "GET /wp-content/uploads/2016/06/this-101-year-old-woman-gave-birth-to-a-baby.jpg HTTP/1.1" 404 136514 "http://wahgazab.com/this-101-year-old-woman-gave-birth-to-a-baby/" "Mozilla/5.0 (Macintosh; Intel Mac OS X 10_7_3) AppleWebKit/537.36 (KHTML, like Gecko, Mediapartners-Google) Chrome/140.0.7339.207 Safari/537.36"
72.14.199.32 - - [20/Oct/2025:15:13:04 -0400] "GET /wp-content/uploads/2016/06/this-101-year-old-woman-gave-birth-to-a-baby.jpg HTTP/1.1" 404 136274 "http://wahgazab.com/this-101-year-old-woman-gave-birth-to-a-baby/" "Mozilla/5.0 (Linux; Android 4.0.4; Galaxy Nexus Build/IMM76B) AppleWebKit/537.36 (KHTML, like Gecko; Mediapartners-Google) Chrome/140.0.7339.207 Mobile Safari/537.36"
72.14.199.41 - - [20/Oct/2025:15:13:05 -0400] "GET /wp-content/uploads/2016/06/chhattisgarh-snakes.jpg HTTP/1.1" 404 136274 "http://wahgazab.com/this-mysterious-state-have-talking-stones-and-snakes-from-the-mystical-era/" "Mozilla/5.0 (Linux; Android 4.0.4; Galaxy Nexus Build/IMM76B) AppleWebKit/537.36 (KHTML, like Gecko; Mediapartners-Google) Chrome/140.0.7339.207 Mobile Safari/537.36"
72.14.199.42 - - [20/Oct/2025:15:13:05 -0400] "GET /wp-content/uploads/2016/06/this-101-year-old-woman-gave-birth-to-a-baby.jpg HTTP/1.1" 404 136514 "http://wahgazab.com/this-101-year-old-woman-gave-birth-to-a-baby/" "Mozilla/5.0 (Macintosh; Intel Mac OS X 10_7_3) AppleWebKit/537.36 (KHTML, like Gecko, Mediapartners-Google) Chrome/140.0.7339.207 Safari/537.36"
72.14.199.45 - - [20/Oct/2025:15:13:06 -0400] "GET /wp-content/uploads/2016/06/this-101-year-old-woman-gave-birth-to-a-baby.jpg HTTP/1.1" 404 136274 "http://wahgazab.com/this-101-year-old-woman-gave-birth-to-a-baby/" "Mozilla/5.0 (Linux; Android 4.0.4; Galaxy Nexus Build/IMM76B) AppleWebKit/537.36 (KHTML, like Gecko; Mediapartners-Google) Chrome/140.0.7339.207 Mobile Safari/537.36"
72.14.199.41 - - [20/Oct/2025:15:13:06 -0400] "GET /wp-content/uploads/2020/11/%E0%A4%95%E0%A5%81%E0%A4%82%E0%A4%B5%E0%A4%BE%E0%A4%B0%E0%A5%80-%E0%A4%B2%E0%A4%A1%E0%A4%BC%E0%A4%95%E0%A4%BF%E0%A4%AF%E0%A5%8B%E0%A4%82-%E0%A4%95%E0%A5%87-%E0%A4%96%E0%A5%82%E0%A4%A8-%E0%A4%B8%E0%A5%87-%E0%A4%A8%E0%A4%B9%E0%A4%BE%E0%A4%A4%E0%A5%80-%E0%A4%A5%E0%A5%80-%E0%A4%AF%E0%A5%87-%E0%A4%AE%E0%A4%B9%E0%A4%BF%E0%A4%B2%E0%A4%BE-%E0%A4%B5%E0%A4%9C%E0%A4%B9-%E0%A4%9C%E0%A4%BE%E0%A4%A8-%E0%A4%B9%E0%A5%88%E0%A4%B0%E0%A4%BE%E0%A4%A8-%E0%A4%B9%E0%A5%8B-%E0%A4%9C%E0%A4%BE%E0%A4%8F%E0%A4%97%E0%A5%87%E0%A4%82-%E0%A4%86%E0%A4%AA-696x348.jpg HTTP/1.1" 200 42425 "http://wahgazab.com/this-101-year-old-woman-gave-birth-to-a-baby/" "Mozilla/5.0 (Macintosh; Intel Mac OS X 10_7_3) AppleWebKit/537.36 (KHTML, like Gecko, Mediapartners-Google) Chrome/140.0.7339.207 Safari/537.36"
72.14.199.43 - - [20/Oct/2025:15:13:07 -0400] "GET /wp-content/uploads/2020/11/%E0%A4%86%E0%A4%B8%E0%A4%AE%E0%A4%BE%E0%A4%A8-%E0%A4%B8%E0%A5%87-%E0%A4%97%E0%A4%BF%E0%A4%B0%E0%A5%80-%E0%A4%90%E0%A4%B8%E0%A5%80-%E0%A4%85%E0%A4%A6%E0%A5%8D%E0%A4%AD%E0%A5%81%E0%A4%A4-%E0%A4%9A%E0%A5%80%E0%A5%9B-%E0%A4%9C%E0%A4%BF%E0%A4%B8%E0%A5%87-%E0%A4%AA%E0%A4%BE%E0%A4%95%E0%A4%B0-%E0%A4%B0%E0%A4%BE%E0%A4%A4%E0%A5%8B%E0%A4%82-%E0%A4%B0%E0%A4%BE%E0%A4%A4-%E0%A4%95%E0%A4%B0%E0%A5%8B%E0%A5%9C%E0%A4%AA%E0%A4%A4%E0%A4%BF-696x348.jpg HTTP/1.1" 404 136514 "http://wahgazab.com/this-101-year-old-woman-gave-birth-to-a-baby/" "Mozilla/5.0 (Macintosh; Intel Mac OS X 10_7_3) AppleWebKit/537.36 (KHTML, like Gecko, Mediapartners-Google) Chrome/140.0.7339.207 Safari/537.36"
72.14.199.45 - - [20/Oct/2025:15:13:07 -0400] "GET /wp-content/uploads/2016/06/this-101-year-old-woman-gave-birth-to-a-baby.jpg HTTP/1.1" 404 136514 "http://wahgazab.com/this-101-year-old-woman-gave-birth-to-a-baby/" "Mozilla/5.0 (Macintosh; Intel Mac OS X 10_7_3) AppleWebKit/537.36 (KHTML, like Gecko, Mediapartners-Google) Chrome/140.0.7339.207 Safari/537.36"
72.14.199.43 - - [20/Oct/2025:15:13:07 -0400] "GET /wp-content/uploads/2016/06/chhattisgarh-snakes.jpg HTTP/1.1" 404 136514 "http://wahgazab.com/this-mysterious-state-have-talking-stones-and-snakes-from-the-mystical-era/" "Mozilla/5.0 (Macintosh; Intel Mac OS X 10_7_3) AppleWebKit/537.36 (KHTML, like Gecko, Mediapartners-Google) Chrome/140.0.7339.207 Safari/537.36"
66.249.79.168 - - [20/Oct/2025:15:13:08 -0400] "GET /tag/p-k-mahanandia/?amp HTTP/1.1" 200 121556 "-" "Mozilla/5.0 (Linux; Android 6.0.1; Nexus 5X Build/MMB29P) AppleWebKit/537.36 (KHTML, like Gecko) Chrome/140.0.7339.207 Mobile Safari/537.36 (compatible; Googlebot/2.1; +http://www.google.com/bot.html)"
72.14.199.45 - - [20/Oct/2025:15:13:08 -0400] "GET /wp-content/uploads/2020/11/%E0%A4%86%E0%A4%B8%E0%A4%AE%E0%A4%BE%E0%A4%A8-%E0%A4%B8%E0%A5%87-%E0%A4%97%E0%A4%BF%E0%A4%B0%E0%A5%80-%E0%A4%90%E0%A4%B8%E0%A5%80-%E0%A4%85%E0%A4%A6%E0%A5%8D%E0%A4%AD%E0%A5%81%E0%A4%A4-%E0%A4%9A%E0%A5%80%E0%A5%9B-%E0%A4%9C%E0%A4%BF%E0%A4%B8%E0%A5%87-%E0%A4%AA%E0%A4%BE%E0%A4%95%E0%A4%B0-%E0%A4%B0%E0%A4%BE%E0%A4%A4%E0%A5%8B%E0%A4%82-%E0%A4%B0%E0%A4%BE%E0%A4%A4-%E0%A4%95%E0%A4%B0%E0%A5%8B%E0%A5%9C%E0%A4%AA%E0%A4%A4%E0%A4%BF-696x348.jpg HTTP/1.1" 404 136514 "http://wahgazab.com/this-101-year-old-woman-gave-birth-to-a-baby/" "Mozilla/5.0 (Macintosh; Intel Mac OS X 10_7_3) AppleWebKit/537.36 (KHTML, like Gecko, Mediapartners-Google) Chrome/140.0.7339.207 Safari/537.36"
72.14.199.40 - - [20/Oct/2025:15:13:08 -0400] "GET /wp-content/uploads/2020/08/japan-transparent-toilet-4.jpg HTTP/1.1" 200 247638 "http://wahgazab.com/this-101-year-old-woman-gave-birth-to-a-baby/" "Mozilla/5.0 (Macintosh; Intel Mac OS X 10_7_3) AppleWebKit/537.36 (KHTML, like Gecko, Mediapartners-Google) Chrome/140.0.7339.207 Safari/537.36"
72.14.199.44 - - [20/Oct/2025:15:13:09 -0400] "GET /wp-content/uploads/2020/11/43-chinese-apps-banned-in-India-696x348.jpg HTTP/1.1" 200 33358 "http://wahgazab.com/this-mysterious-state-have-talking-stones-and-snakes-from-the-mystical-era/" "Mozilla/5.0 (Macintosh; Intel Mac OS X 10_7_3) AppleWebKit/537.36 (KHTML, like Gecko, Mediapartners-Google) Chrome/140.0.7339.207 Safari/537.36"
72.14.199.41 - - [20/Oct/2025:15:13:10 -0400] "GET /wp-content/uploads/2020/11/%E0%A4%95%E0%A4%BE%E0%A4%AE%E0%A4%BE%E0%A4%96%E0%A5%8D%E0%A4%AF%E0%A4%BE-%E0%A4%AE%E0%A4%82%E0%A4%A6%E0%A4%BF%E0%A4%B0-%E0%A4%AE%E0%A5%87%E0%A4%82-%E0%A4%AE%E0%A5%81%E0%A4%95%E0%A5%87%E0%A4%B6-%E0%A4%85%E0%A4%82%E0%A4%AC%E0%A4%BE%E0%A4%A8%E0%A5%80-%E0%A4%A8%E0%A5%87-%E0%A4%A6%E0%A4%BE%E0%A4%A8-%E0%A4%95%E0%A4%BF%E0%A4%8F-%E0%A4%B8%E0%A5%8B%E0%A4%A8%E0%A5%87-%E0%A4%95%E0%A5%87-%E0%A4%95%E0%A4%B2%E0%A4%B6-696x348.jpg HTTP/1.1" 200 19916 "http://wahgazab.com/this-mysterious-state-have-talking-stones-and-snakes-from-the-mystical-era/" "Mozilla/5.0 (Macintosh; Intel Mac OS X 10_7_3) AppleWebKit/537.36 (KHTML, like Gecko, Mediapartners-Google) Chrome/140.0.7339.207 Safari/537.36"
72.14.199.44 - - [20/Oct/2025:15:13:10 -0400] "GET /wp-content/uploads/2020/11/%E0%A4%9C%E0%A4%A8%E0%A5%8D%E0%A4%AE-%E0%A4%B2%E0%A5%87%E0%A4%A4%E0%A5%87-%E0%A4%B9%E0%A5%80-%E0%A4%AC%E0%A4%9A%E0%A5%8D%E0%A4%9A%E0%A5%8B%E0%A4%82-%E0%A4%95%E0%A5%80-%E0%A4%95%E0%A4%B0-%E0%A4%A6%E0%A5%80-%E0%A4%9C%E0%A4%BE%E0%A4%A4%E0%A5%80-%E0%A4%B9%E0%A5%88-%E0%A4%B6%E0%A4%BE%E0%A4%A6%E0%A5%80-%E0%A4%B6%E0%A4%BE%E0%A4%A6%E0%A5%80-%E0%A4%A4%E0%A5%8B%E0%A4%A1%E0%A4%BC-%E0%A4%A6%E0%A5%87%E0%A4%A8%E0%A5%87-%E0%A4%AA%E0%A4%B0-%E0%A4%AE%E0%A4%BF%E0%A4%B2%E0%A4%A4%E0%A5%80-%E0%A4%B9%E0%A5%88-%E0%A4%AD%E0%A4%BE%E0%A4%B0%E0%A5%80-%E0%A4%B8%E0%A4%9C%E0%A4%BE-696x348.jpg HTTP/1.1" 200 60159 "http://wahgazab.com/this-mysterious-state-have-talking-stones-and-snakes-from-the-mystical-era/" "Mozilla/5.0 (Macintosh; Intel Mac OS X 10_7_3) AppleWebKit/537.36 (KHTML, like Gecko, Mediapartners-Google) Chrome/140.0.7339.207 Safari/537.36"
72.14.199.45 - - [20/Oct/2025:15:13:20 -0400] "GET /wp-content/uploads/2016/06/chhattisgarh-snakes.jpg HTTP/1.1" 404 136514 "http://wahgazab.com/this-mysterious-state-have-talking-stones-and-snakes-from-the-mystical-era/" "Mozilla/5.0 (Macintosh; Intel Mac OS X 10_7_3) AppleWebKit/537.36 (KHTML, like Gecko, Mediapartners-Google) Chrome/140.0.7339.207 Safari/537.36"
72.14.199.41 - - [20/Oct/2025:15:13:21 -0400] "GET /wp-content/uploads/2016/06/chhattisgarh-snakes.jpg HTTP/1.1" 404 136274 "http://wahgazab.com/this-mysterious-state-have-talking-stones-and-snakes-from-the-mystical-era/" "Mozilla/5.0 (Linux; Android 4.0.4; Galaxy Nexus Build/IMM76B) AppleWebKit/537.36 (KHTML, like Gecko; Mediapartners-Google) Chrome/140.0.7339.207 Mobile Safari/537.36"
72.14.199.44 - - [20/Oct/2025:15:13:22 -0400] "GET /wp-content/uploads/2016/06/chhattisgarh-snakes.jpg HTTP/1.1" 404 136514 "http://wahgazab.com/this-mysterious-state-have-talking-stones-and-snakes-from-the-mystical-era/" "Mozilla/5.0 (Macintosh; Intel Mac OS X 10_7_3) AppleWebKit/537.36 (KHTML, like Gecko, Mediapartners-Google) Chrome/140.0.7339.207 Safari/537.36"
72.14.199.43 - - [20/Oct/2025:15:13:22 -0400] "GET /father-gifts-a-precious-present-to-daughter/ HTTP/1.1" 200 286253 "-" "Mozilla/5.0 (Macintosh; Intel Mac OS X 10_7_3) AppleWebKit/537.36 (KHTML, like Gecko, Mediapartners-Google) Chrome/140.0.7339.207 Safari/537.36"
72.14.199.44 - - [20/Oct/2025:15:13:23 -0400] "GET /father-gifts-a-precious-present-to-daughter/ HTTP/1.1" 200 286012 "-" "Mozilla/5.0 (Linux; Android 4.0.4; Galaxy Nexus Build/IMM76B) AppleWebKit/537.36 (KHTML, like Gecko; Mediapartners-Google) Chrome/140.0.7339.207 Mobile Safari/537.36"
72.14.199.45 - - [20/Oct/2025:15:13:24 -0400] "GET /wp-content/uploads/2016/01/%E0%A4%90%E0%A4%B8%E0%A4%BE-%E0%A4%95%E0%A4%B9%E0%A4%BE-%E0%A4%9C%E0%A4%BE%E0%A4%A4%E0%A4%BE-%E0%A4%B9%E0%A5%88-%E0%A4%AC%E0%A5%87%E0%A4%9F%E0%A4%BF%E0%A4%AF%E0%A4%BE%E0%A4%82-%E0%A4%85%E0%A4%AA%E0%A4%A8%E0%A5%87-%E0%A4%AA%E0%A4%BF%E0%A4%A4%E0%A4%BE-%E0%A4%95%E0%A5%87-%E0%A4%9C%E0%A5%8D%E0%A4%AF%E0%A4%BE%E0%A4%A6%E0%A4%BE-%E0%A4%95%E0%A4%B0%E0%A5%80%E0%A4%AC-%E0%A4%B9%E0%A5%8B%E0%A4%A4%E0%A5%80.jpg HTTP/1.1" 404 136514 "http://wahgazab.com/father-gifts-a-precious-present-to-daughter/" "Mozilla/5.0 (Macintosh; Intel Mac OS X 10_7_3) AppleWebKit/537.36 (KHTML, like Gecko, Mediapartners-Google) Chrome/140.0.7339.207 Safari/537.36"
72.14.199.42 - - [20/Oct/2025:15:13:25 -0400] "GET /wp-content/uploads/2016/01/%E0%A4%A6%E0%A4%B0%E0%A4%85%E0%A4%B8%E0%A4%B2-%E0%A4%B2%E0%A4%BF%E0%A4%86-%E0%A4%A8%E0%A5%87-%E0%A4%85%E0%A4%AA%E0%A4%A8%E0%A5%87-%E0%A4%AA%E0%A4%BF%E0%A4%A4%E0%A4%BE-%E0%A4%B8%E0%A5%87-%E0%A4%9C%E0%A4%BF%E0%A4%A6-%E0%A4%95%E0%A5%80-%E0%A4%A5%E0%A5%80-%E0%A4%89%E0%A4%B8%E0%A5%87-%E0%A4%89%E0%A4%B8%E0%A4%95%E0%A5%87-%E0%A4%AC%E0%A5%87%E0%A4%A1%E0%A4%B0%E0%A5%82%E0%A4%AE-%E0%A4%AE%E0%A5%87%E0%A4%82-%E0%A4%8F%E0%A4%95-%E0%A4%90%E0%A4%B8%E0%A4%BE-%E0%A4%AA%E0%A5%87%E0%A5%9C.jpg HTTP/1.1" 404 136514 "http://wahgazab.com/father-gifts-a-precious-present-to-daughter/" "Mozilla/5.0 (Macintosh; Intel Mac OS X 10_7_3) AppleWebKit/537.36 (KHTML, like Gecko, Mediapartners-Google) Chrome/140.0.7339.207 Safari/537.36"
72.14.199.40 - - [20/Oct/2025:15:13:25 -0400] "GET /wp-content/uploads/2016/01/%E0%A4%87%E0%A4%B8-%E0%A4%95%E0%A4%BE%E0%A4%AE-%E0%A4%95%E0%A5%87-%E0%A4%B2%E0%A4%BF%E0%A4%8F-%E0%A4%89%E0%A4%A8%E0%A5%8D%E0%A4%B9%E0%A5%8B%E0%A4%82%E0%A4%A8%E0%A5%87-%E0%A4%B8%E0%A4%AC%E0%A4%B8%E0%A5%87-%E0%A4%AA%E0%A4%B9%E0%A4%B2%E0%A5%87-%E0%A4%B2%E0%A5%8B%E0%A4%B9%E0%A5%87-%E0%A4%95%E0%A4%BE-%E0%A4%A2%E0%A4%BE%E0%A4%82%E0%A4%9A%E0%A4%BE.jpg HTTP/1.1" 404 136514 "http://wahgazab.com/father-gifts-a-precious-present-to-daughter/" "Mozilla/5.0 (Macintosh; Intel Mac OS X 10_7_3) AppleWebKit/537.36 (KHTML, like Gecko, Mediapartners-Google) Chrome/140.0.7339.207 Safari/537.36"
72.14.199.33 - - [20/Oct/2025:15:13:25 -0400] "GET /wp-content/uploads/2016/01/%E0%A4%A6%E0%A4%B0%E0%A4%85%E0%A4%B8%E0%A4%B2-%E0%A4%B2%E0%A4%BF%E0%A4%86-%E0%A4%A8%E0%A5%87-%E0%A4%85%E0%A4%AA%E0%A4%A8%E0%A5%87-%E0%A4%AA%E0%A4%BF%E0%A4%A4%E0%A4%BE-%E0%A4%B8%E0%A5%87-%E0%A4%9C%E0%A4%BF%E0%A4%A6-%E0%A4%95%E0%A5%80-%E0%A4%A5%E0%A5%80-%E0%A4%89%E0%A4%B8%E0%A5%87-%E0%A4%89%E0%A4%B8%E0%A4%95%E0%A5%87-%E0%A4%AC%E0%A5%87%E0%A4%A1%E0%A4%B0%E0%A5%82%E0%A4%AE-%E0%A4%AE%E0%A5%87%E0%A4%82-%E0%A4%8F%E0%A4%95-%E0%A4%90%E0%A4%B8%E0%A4%BE-%E0%A4%AA%E0%A5%87%E0%A5%9C.jpg HTTP/1.1" 404 136274 "http://wahgazab.com/father-gifts-a-precious-present-to-daughter/" "Mozilla/5.0 (Linux; Android 4.0.4; Galaxy Nexus Build/IMM76B) AppleWebKit/537.36 (KHTML, like Gecko; Mediapartners-Google) Chrome/140.0.7339.207 Mobile Safari/537.36"
72.14.199.40 - - [20/Oct/2025:15:13:25 -0400] "GET /wp-content/uploads/2016/01/%E0%A4%90%E0%A4%B8%E0%A4%BE-%E0%A4%95%E0%A4%B9%E0%A4%BE-%E0%A4%9C%E0%A4%BE%E0%A4%A4%E0%A4%BE-%E0%A4%B9%E0%A5%88-%E0%A4%AC%E0%A5%87%E0%A4%9F%E0%A4%BF%E0%A4%AF%E0%A4%BE%E0%A4%82-%E0%A4%85%E0%A4%AA%E0%A4%A8%E0%A5%87-%E0%A4%AA%E0%A4%BF%E0%A4%A4%E0%A4%BE-%E0%A4%95%E0%A5%87-%E0%A4%9C%E0%A5%8D%E0%A4%AF%E0%A4%BE%E0%A4%A6%E0%A4%BE-%E0%A4%95%E0%A4%B0%E0%A5%80%E0%A4%AC-%E0%A4%B9%E0%A5%8B%E0%A4%A4%E0%A5%80.jpg HTTP/1.1" 404 136274 "http://wahgazab.com/father-gifts-a-precious-present-to-daughter/" "Mozilla/5.0 (Linux; Android 4.0.4; Galaxy Nexus Build/IMM76B) AppleWebKit/537.36 (KHTML, like Gecko; Mediapartners-Google) Chrome/140.0.7339.207 Mobile Safari/537.36"
72.14.199.40 - - [20/Oct/2025:15:13:25 -0400] "GET /wp-content/uploads/2016/01/%E0%A4%87%E0%A4%B8-%E0%A4%95%E0%A4%BE%E0%A4%AE-%E0%A4%95%E0%A5%87-%E0%A4%B2%E0%A4%BF%E0%A4%8F-%E0%A4%89%E0%A4%A8%E0%A5%8D%E0%A4%B9%E0%A5%8B%E0%A4%82%E0%A4%A8%E0%A5%87-%E0%A4%B8%E0%A4%AC%E0%A4%B8%E0%A5%87-%E0%A4%AA%E0%A4%B9%E0%A4%B2%E0%A5%87-%E0%A4%B2%E0%A5%8B%E0%A4%B9%E0%A5%87-%E0%A4%95%E0%A4%BE-%E0%A4%A2%E0%A4%BE%E0%A4%82%E0%A4%9A%E0%A4%BE.jpg HTTP/1.1" 404 136274 "http://wahgazab.com/father-gifts-a-precious-present-to-daughter/" "Mozilla/5.0 (Linux; Android 4.0.4; Galaxy Nexus Build/IMM76B) AppleWebKit/537.36 (KHTML, like Gecko; Mediapartners-Google) Chrome/140.0.7339.207 Mobile Safari/537.36"
72.14.199.42 - - [20/Oct/2025:15:13:25 -0400] "GET /wp-content/uploads/2016/01/Leeya.jpg HTTP/1.1" 404 136274 "http://wahgazab.com/father-gifts-a-precious-present-to-daughter/" "Mozilla/5.0 (Linux; Android 4.0.4; Galaxy Nexus Build/IMM76B) AppleWebKit/537.36 (KHTML, like Gecko; Mediapartners-Google) Chrome/140.0.7339.207 Mobile Safari/537.36"
72.14.199.42 - - [20/Oct/2025:15:13:26 -0400] "GET /wp-content/uploads/2016/01/%E0%A4%87%E0%A4%B8-%E0%A4%95%E0%A4%BE%E0%A4%AE-%E0%A4%95%E0%A5%87-%E0%A4%B2%E0%A4%BF%E0%A4%8F-%E0%A4%89%E0%A4%A8%E0%A5%8D%E0%A4%B9%E0%A5%8B%E0%A4%82%E0%A4%A8%E0%A5%87-%E0%A4%B8%E0%A4%AC%E0%A4%B8%E0%A5%87-%E0%A4%AA%E0%A4%B9%E0%A4%B2%E0%A5%87-%E0%A4%B2%E0%A5%8B%E0%A4%B9%E0%A5%87-%E0%A4%95%E0%A4%BE-%E0%A4%A2%E0%A4%BE%E0%A4%82%E0%A4%9A%E0%A4%BE.jpg HTTP/1.1" 404 136514 "http://wahgazab.com/father-gifts-a-precious-present-to-daughter/" "Mozilla/5.0 (Macintosh; Intel Mac OS X 10_7_3) AppleWebKit/537.36 (KHTML, like Gecko, Mediapartners-Google) Chrome/140.0.7339.207 Safari/537.36"
72.14.199.45 - - [20/Oct/2025:15:13:26 -0400] "GET /wp-content/uploads/2016/01/%E0%A4%90%E0%A4%B8%E0%A4%BE-%E0%A4%95%E0%A4%B9%E0%A4%BE-%E0%A4%9C%E0%A4%BE%E0%A4%A4%E0%A4%BE-%E0%A4%B9%E0%A5%88-%E0%A4%AC%E0%A5%87%E0%A4%9F%E0%A4%BF%E0%A4%AF%E0%A4%BE%E0%A4%82-%E0%A4%85%E0%A4%AA%E0%A4%A8%E0%A5%87-%E0%A4%AA%E0%A4%BF%E0%A4%A4%E0%A4%BE-%E0%A4%95%E0%A5%87-%E0%A4%9C%E0%A5%8D%E0%A4%AF%E0%A4%BE%E0%A4%A6%E0%A4%BE-%E0%A4%95%E0%A4%B0%E0%A5%80%E0%A4%AC-%E0%A4%B9%E0%A5%8B%E0%A4%A4%E0%A5%80.jpg HTTP/1.1" 404 136514 "http://wahgazab.com/father-gifts-a-precious-present-to-daughter/" "Mozilla/5.0 (Macintosh; Intel Mac OS X 10_7_3) AppleWebKit/537.36 (KHTML, like Gecko, Mediapartners-Google) Chrome/140.0.7339.207 Safari/537.36"
72.14.199.41 - - [20/Oct/2025:15:13:27 -0400] "GET /wp-content/uploads/2016/01/%E0%A4%A6%E0%A4%B0%E0%A4%85%E0%A4%B8%E0%A4%B2-%E0%A4%B2%E0%A4%BF%E0%A4%86-%E0%A4%A8%E0%A5%87-%E0%A4%85%E0%A4%AA%E0%A4%A8%E0%A5%87-%E0%A4%AA%E0%A4%BF%E0%A4%A4%E0%A4%BE-%E0%A4%B8%E0%A5%87-%E0%A4%9C%E0%A4%BF%E0%A4%A6-%E0%A4%95%E0%A5%80-%E0%A4%A5%E0%A5%80-%E0%A4%89%E0%A4%B8%E0%A5%87-%E0%A4%89%E0%A4%B8%E0%A4%95%E0%A5%87-%E0%A4%AC%E0%A5%87%E0%A4%A1%E0%A4%B0%E0%A5%82%E0%A4%AE-%E0%A4%AE%E0%A5%87%E0%A4%82-%E0%A4%8F%E0%A4%95-%E0%A4%90%E0%A4%B8%E0%A4%BE-%E0%A4%AA%E0%A5%87%E0%A5%9C.jpg HTTP/1.1" 404 136514 "http://wahgazab.com/father-gifts-a-precious-present-to-daughter/" "Mozilla/5.0 (Macintosh; Intel Mac OS X 10_7_3) AppleWebKit/537.36 (KHTML, like Gecko, Mediapartners-Google) Chrome/140.0.7339.207 Safari/537.36"
72.14.199.32 - - [20/Oct/2025:15:13:27 -0400] "GET /wp-content/uploads/2016/01/%E0%A4%A6%E0%A4%B0%E0%A4%85%E0%A4%B8%E0%A4%B2-%E0%A4%B2%E0%A4%BF%E0%A4%86-%E0%A4%A8%E0%A5%87-%E0%A4%85%E0%A4%AA%E0%A4%A8%E0%A5%87-%E0%A4%AA%E0%A4%BF%E0%A4%A4%E0%A4%BE-%E0%A4%B8%E0%A5%87-%E0%A4%9C%E0%A4%BF%E0%A4%A6-%E0%A4%95%E0%A5%80-%E0%A4%A5%E0%A5%80-%E0%A4%89%E0%A4%B8%E0%A5%87-%E0%A4%89%E0%A4%B8%E0%A4%95%E0%A5%87-%E0%A4%AC%E0%A5%87%E0%A4%A1%E0%A4%B0%E0%A5%82%E0%A4%AE-%E0%A4%AE%E0%A5%87%E0%A4%82-%E0%A4%8F%E0%A4%95-%E0%A4%90%E0%A4%B8%E0%A4%BE-%E0%A4%AA%E0%A5%87%E0%A5%9C.jpg HTTP/1.1" 404 136274 "http://wahgazab.com/father-gifts-a-precious-present-to-daughter/" "Mozilla/5.0 (Linux; Android 4.0.4; Galaxy Nexus Build/IMM76B) AppleWebKit/537.36 (KHTML, like Gecko; Mediapartners-Google) Chrome/140.0.7339.207 Mobile Safari/537.36"
72.14.199.42 - - [20/Oct/2025:15:13:27 -0400] "GET /wp-content/uploads/2016/01/%E0%A4%87%E0%A4%B8-%E0%A4%95%E0%A4%BE%E0%A4%AE-%E0%A4%95%E0%A5%87-%E0%A4%B2%E0%A4%BF%E0%A4%8F-%E0%A4%89%E0%A4%A8%E0%A5%8D%E0%A4%B9%E0%A5%8B%E0%A4%82%E0%A4%A8%E0%A5%87-%E0%A4%B8%E0%A4%AC%E0%A4%B8%E0%A5%87-%E0%A4%AA%E0%A4%B9%E0%A4%B2%E0%A5%87-%E0%A4%B2%E0%A5%8B%E0%A4%B9%E0%A5%87-%E0%A4%95%E0%A4%BE-%E0%A4%A2%E0%A4%BE%E0%A4%82%E0%A4%9A%E0%A4%BE.jpg HTTP/1.1" 404 136274 "http://wahgazab.com/father-gifts-a-precious-present-to-daughter/" "Mozilla/5.0 (Linux; Android 4.0.4; Galaxy Nexus Build/IMM76B) AppleWebKit/537.36 (KHTML, like Gecko; Mediapartners-Google) Chrome/140.0.7339.207 Mobile Safari/537.36"
72.14.199.41 - - [20/Oct/2025:15:13:27 -0400] "GET /wp-content/uploads/2016/01/%E0%A4%90%E0%A4%B8%E0%A4%BE-%E0%A4%95%E0%A4%B9%E0%A4%BE-%E0%A4%9C%E0%A4%BE%E0%A4%A4%E0%A4%BE-%E0%A4%B9%E0%A5%88-%E0%A4%AC%E0%A5%87%E0%A4%9F%E0%A4%BF%E0%A4%AF%E0%A4%BE%E0%A4%82-%E0%A4%85%E0%A4%AA%E0%A4%A8%E0%A5%87-%E0%A4%AA%E0%A4%BF%E0%A4%A4%E0%A4%BE-%E0%A4%95%E0%A5%87-%E0%A4%9C%E0%A5%8D%E0%A4%AF%E0%A4%BE%E0%A4%A6%E0%A4%BE-%E0%A4%95%E0%A4%B0%E0%A5%80%E0%A4%AC-%E0%A4%B9%E0%A5%8B%E0%A4%A4%E0%A5%80.jpg HTTP/1.1" 404 136274 "http://wahgazab.com/father-gifts-a-precious-present-to-daughter/" "Mozilla/5.0 (Linux; Android 4.0.4; Galaxy Nexus Build/IMM76B) AppleWebKit/537.36 (KHTML, like Gecko; Mediapartners-Google) Chrome/140.0.7339.207 Mobile Safari/537.36"
72.14.199.32 - - [20/Oct/2025:15:13:27 -0400] "GET /wp-content/uploads/2016/01/Leeya.jpg HTTP/1.1" 404 136274 "http://wahgazab.com/father-gifts-a-precious-present-to-daughter/" "Mozilla/5.0 (Linux; Android 4.0.4; Galaxy Nexus Build/IMM76B) AppleWebKit/537.36 (KHTML, like Gecko; Mediapartners-Google) Chrome/140.0.7339.207 Mobile Safari/537.36"
72.14.199.43 - - [20/Oct/2025:15:13:30 -0400] "GET /exceptional-journey-of-phoolan-devi-from-a-dacoit-to-a-politician/ HTTP/1.1" 200 291575 "-" "Mozilla/5.0 (Macintosh; Intel Mac OS X 10_7_3) AppleWebKit/537.36 (KHTML, like Gecko, Mediapartners-Google) Chrome/140.0.7339.207 Safari/537.36"
72.14.199.43 - - [20/Oct/2025:15:13:32 -0400] "GET /wp-content/uploads/2017/08/exceptional-journey-of-phoolan-devi-from-a-dacoit-to-a-politician-2.jpg HTTP/1.1" 200 92170 "http://wahgazab.com/exceptional-journey-of-phoolan-devi-from-a-dacoit-to-a-politician/" "Mozilla/5.0 (Macintosh; Intel Mac OS X 10_7_3) AppleWebKit/537.36 (KHTML, like Gecko, Mediapartners-Google) Chrome/140.0.7339.207 Safari/537.36"
72.14.199.33 - - [20/Oct/2025:15:13:33 -0400] "GET /wp-content/uploads/2017/08/exceptional-journey-of-phoolan-devi-from-a-dacoit-to-a-politician-3.jpg HTTP/1.1" 200 80590 "http://wahgazab.com/exceptional-journey-of-phoolan-devi-from-a-dacoit-to-a-politician/" "Mozilla/5.0 (Macintosh; Intel Mac OS X 10_7_3) AppleWebKit/537.36 (KHTML, like Gecko, Mediapartners-Google) Chrome/140.0.7339.207 Safari/537.36"
17.241.219.134 - - [20/Oct/2025:15:13:33 -0400] "GET /tag/hajj-for-disabled-people/ HTTP/1.1" 200 122080 "-" "Mozilla/5.0 (Macintosh; Intel Mac OS X 10_15_7) AppleWebKit/605.1.15 (KHTML, like Gecko) Version/17.4 Safari/605.1.15 (Applebot/0.1; +http://www.apple.com/go/applebot)"
72.14.199.43 - - [20/Oct/2025:15:13:34 -0400] "GET /wp-content/uploads/2017/08/exceptional-journey-of-phoolan-devi-from-a-dacoit-to-a-politician-1.jpg HTTP/1.1" 200 92185 "http://wahgazab.com/exceptional-journey-of-phoolan-devi-from-a-dacoit-to-a-politician/" "Mozilla/5.0 (Macintosh; Intel Mac OS X 10_7_3) AppleWebKit/537.36 (KHTML, like Gecko, Mediapartners-Google) Chrome/140.0.7339.207 Safari/537.36"
72.14.199.42 - - [20/Oct/2025:15:13:35 -0400] "GET /wp-content/uploads/2016/01/Leeya.jpg HTTP/1.1" 404 136514 "http://wahgazab.com/father-gifts-a-precious-present-to-daughter/" "Mozilla/5.0 (Macintosh; Intel Mac OS X 10_7_3) AppleWebKit/537.36 (KHTML, like Gecko, Mediapartners-Google) Chrome/140.0.7339.207 Safari/537.36"
72.14.199.41 - - [20/Oct/2025:15:13:35 -0400] "GET /wp-content/uploads/2017/08/exceptional-journey-of-phoolan-devi-from-a-dacoit-to-a-politician-cover.jpg HTTP/1.1" 200 138462 "http://wahgazab.com/exceptional-journey-of-phoolan-devi-from-a-dacoit-to-a-politician/" "Mozilla/5.0 (Macintosh; Intel Mac OS X 10_7_3) AppleWebKit/537.36 (KHTML, like Gecko, Mediapartners-Google) Chrome/140.0.7339.207 Safari/537.36"
72.14.199.40 - - [20/Oct/2025:15:13:36 -0400] "GET /wp-content/uploads/2016/01/%E0%A4%9C%E0%A5%88%E0%A4%B8%E0%A5%87-%E0%A4%B9%E0%A5%80-%E0%A4%B2%E0%A4%BF%E0%A4%86-%E0%A4%85%E0%A4%AA%E0%A4%A8%E0%A5%87-%E0%A4%95%E0%A4%AE%E0%A4%B0%E0%A5%87-%E0%A4%AE%E0%A5%87%E0%A4%82-%E0%A4%AA%E0%A4%B9%E0%A5%81%E0%A4%82%E0%A4%9A%E0%A5%80-%E0%A4%87%E0%A4%B8-%E0%A4%B8%E0%A5%81%E0%A4%A8%E0%A5%8D%E0%A4%A6%E0%A4%B0-%E0%A4%AA%E0%A5%87%E0%A5%9C-%E0%A4%95%E0%A5%8B-%E0%A4%A6%E0%A5%87%E0%A4%96%E0%A4%95%E0%A4%B0.jpg HTTP/1.1" 404 136274 "http://wahgazab.com/father-gifts-a-precious-present-to-daughter/" "Mozilla/5.0 (Linux; Android 4.0.4; Galaxy Nexus Build/IMM76B) AppleWebKit/537.36 (KHTML, like Gecko; Mediapartners-Google) Chrome/140.0.7339.207 Mobile Safari/537.36"
72.14.199.41 - - [20/Oct/2025:15:13:37 -0400] "GET /wp-content/uploads/2017/08/exceptional-journey-of-phoolan-devi-from-a-dacoit-to-a-politician-5.jpg HTTP/1.1" 200 136876 "http://wahgazab.com/exceptional-journey-of-phoolan-devi-from-a-dacoit-to-a-politician/" "Mozilla/5.0 (Macintosh; Intel Mac OS X 10_7_3) AppleWebKit/537.36 (KHTML, like Gecko, Mediapartners-Google) Chrome/140.0.7339.207 Safari/537.36"
72.14.199.33 - - [20/Oct/2025:15:13:37 -0400] "GET /wp-content/uploads/2017/08/exceptional-journey-of-phoolan-devi-from-a-dacoit-to-a-politician-4.jpg HTTP/1.1" 200 107279 "http://wahgazab.com/exceptional-journey-of-phoolan-devi-from-a-dacoit-to-a-politician/" "Mozilla/5.0 (Macintosh; Intel Mac OS X 10_7_3) AppleWebKit/537.36 (KHTML, like Gecko, Mediapartners-Google) Chrome/140.0.7339.207 Safari/537.36"
72.14.199.44 - - [20/Oct/2025:15:13:37 -0400] "GET /wp-content/uploads/2016/01/Leeya.jpg HTTP/1.1" 404 136514 "http://wahgazab.com/father-gifts-a-precious-present-to-daughter/" "Mozilla/5.0 (Macintosh; Intel Mac OS X 10_7_3) AppleWebKit/537.36 (KHTML, like Gecko, Mediapartners-Google) Chrome/140.0.7339.207 Safari/537.36"
72.14.199.35 - - [20/Oct/2025:15:13:37 -0400] "GET /wp-content/uploads/2016/01/%E0%A4%9C%E0%A5%88%E0%A4%B8%E0%A5%87-%E0%A4%B9%E0%A5%80-%E0%A4%B2%E0%A4%BF%E0%A4%86-%E0%A4%85%E0%A4%AA%E0%A4%A8%E0%A5%87-%E0%A4%95%E0%A4%AE%E0%A4%B0%E0%A5%87-%E0%A4%AE%E0%A5%87%E0%A4%82-%E0%A4%AA%E0%A4%B9%E0%A5%81%E0%A4%82%E0%A4%9A%E0%A5%80-%E0%A4%87%E0%A4%B8-%E0%A4%B8%E0%A5%81%E0%A4%A8%E0%A5%8D%E0%A4%A6%E0%A4%B0-%E0%A4%AA%E0%A5%87%E0%A5%9C-%E0%A4%95%E0%A5%8B-%E0%A4%A6%E0%A5%87%E0%A4%96%E0%A4%95%E0%A4%B0.jpg HTTP/1.1" 404 136274 "http://wahgazab.com/father-gifts-a-precious-present-to-daughter/" "Mozilla/5.0 (Linux; Android 4.0.4; Galaxy Nexus Build/IMM76B) AppleWebKit/537.36 (KHTML, like Gecko; Mediapartners-Google) Chrome/140.0.7339.207 Mobile Safari/537.36"
72.14.199.35 - - [20/Oct/2025:15:13:38 -0400] "GET /wp-content/uploads/2016/01/Leeya.jpg HTTP/1.1" 404 136274 "http://wahgazab.com/father-gifts-a-precious-present-to-daughter/" "Mozilla/5.0 (Linux; Android 4.0.4; Galaxy Nexus Build/IMM76B) AppleWebKit/537.36 (KHTML, like Gecko; Mediapartners-Google) Chrome/140.0.7339.207 Mobile Safari/537.36"
72.14.199.32 - - [20/Oct/2025:15:13:30 -0400] "GET /exceptional-journey-of-phoolan-devi-from-a-dacoit-to-a-politician/ HTTP/1.1" 200 291335 "-" "Mozilla/5.0 (Linux; Android 4.0.4; Galaxy Nexus Build/IMM76B) AppleWebKit/537.36 (KHTML, like Gecko; Mediapartners-Google) Chrome/140.0.7339.207 Mobile Safari/537.36"
72.14.199.41 - - [20/Oct/2025:15:13:39 -0400] "GET /wp-content/uploads/2016/01/%E0%A4%9C%E0%A5%88%E0%A4%B8%E0%A5%87-%E0%A4%B9%E0%A5%80-%E0%A4%B2%E0%A4%BF%E0%A4%86-%E0%A4%85%E0%A4%AA%E0%A4%A8%E0%A5%87-%E0%A4%95%E0%A4%AE%E0%A4%B0%E0%A5%87-%E0%A4%AE%E0%A5%87%E0%A4%82-%E0%A4%AA%E0%A4%B9%E0%A5%81%E0%A4%82%E0%A4%9A%E0%A5%80-%E0%A4%87%E0%A4%B8-%E0%A4%B8%E0%A5%81%E0%A4%A8%E0%A5%8D%E0%A4%A6%E0%A4%B0-%E0%A4%AA%E0%A5%87%E0%A5%9C-%E0%A4%95%E0%A5%8B-%E0%A4%A6%E0%A5%87%E0%A4%96%E0%A4%95%E0%A4%B0.jpg HTTP/1.1" 404 136514 "http://wahgazab.com/father-gifts-a-precious-present-to-daughter/" "Mozilla/5.0 (Macintosh; Intel Mac OS X 10_7_3) AppleWebKit/537.36 (KHTML, like Gecko, Mediapartners-Google) Chrome/140.0.7339.207 Safari/537.36"
72.14.199.35 - - [20/Oct/2025:15:13:39 -0400] "GET /wp-content/uploads/2016/01/Leeya.jpg HTTP/1.1" 404 136274 "http://wahgazab.com/father-gifts-a-precious-present-to-daughter/" "Mozilla/5.0 (Linux; Android 4.0.4; Galaxy Nexus Build/IMM76B) AppleWebKit/537.36 (KHTML, like Gecko; Mediapartners-Google) Chrome/140.0.7339.207 Mobile Safari/537.36"
72.14.199.40 - - [20/Oct/2025:15:13:40 -0400] "GET /wp-content/uploads/2017/08/exceptional-journey-of-phoolan-devi-from-a-dacoit-to-a-politician-1.jpg HTTP/1.1" 200 92185 "http://wahgazab.com/exceptional-journey-of-phoolan-devi-from-a-dacoit-to-a-politician/" "Mozilla/5.0 (Linux; Android 4.0.4; Galaxy Nexus Build/IMM76B) AppleWebKit/537.36 (KHTML, like Gecko; Mediapartners-Google) Chrome/140.0.7339.207 Mobile Safari/537.36"
72.14.199.45 - - [20/Oct/2025:15:13:40 -0400] "GET /wp-content/uploads/2017/08/exceptional-journey-of-phoolan-devi-from-a-dacoit-to-a-politician-2.jpg HTTP/1.1" 200 92170 "http://wahgazab.com/exceptional-journey-of-phoolan-devi-from-a-dacoit-to-a-politician/" "Mozilla/5.0 (Linux; Android 4.0.4; Galaxy Nexus Build/IMM76B) AppleWebKit/537.36 (KHTML, like Gecko; Mediapartners-Google) Chrome/140.0.7339.207 Mobile Safari/537.36"
72.14.199.36 - - [20/Oct/2025:15:13:40 -0400] "GET /wp-content/uploads/2017/08/exceptional-journey-of-phoolan-devi-from-a-dacoit-to-a-politician-3.jpg HTTP/1.1" 200 80590 "http://wahgazab.com/exceptional-journey-of-phoolan-devi-from-a-dacoit-to-a-politician/" "Mozilla/5.0 (Linux; Android 4.0.4; Galaxy Nexus Build/IMM76B) AppleWebKit/537.36 (KHTML, like Gecko; Mediapartners-Google) Chrome/140.0.7339.207 Mobile Safari/537.36"
72.14.199.45 - - [20/Oct/2025:15:13:40 -0400] "GET /wp-content/uploads/2017/08/exceptional-journey-of-phoolan-devi-from-a-dacoit-to-a-politician-cover.jpg HTTP/1.1" 200 138462 "http://wahgazab.com/exceptional-journey-of-phoolan-devi-from-a-dacoit-to-a-politician/" "Mozilla/5.0 (Linux; Android 4.0.4; Galaxy Nexus Build/IMM76B) AppleWebKit/537.36 (KHTML, like Gecko; Mediapartners-Google) Chrome/140.0.7339.207 Mobile Safari/537.36"
72.14.199.42 - - [20/Oct/2025:15:13:40 -0400] "GET /wp-content/uploads/2016/01/Leeya.jpg HTTP/1.1" 404 136514 "http://wahgazab.com/father-gifts-a-precious-present-to-daughter/" "Mozilla/5.0 (Macintosh; Intel Mac OS X 10_7_3) AppleWebKit/537.36 (KHTML, like Gecko, Mediapartners-Google) Chrome/140.0.7339.207 Safari/537.36"
72.14.199.35 - - [20/Oct/2025:15:13:42 -0400] "GET /wp-content/uploads/2017/08/exceptional-journey-of-phoolan-devi-from-a-dacoit-to-a-politician-5.jpg HTTP/1.1" 200 136876 "http://wahgazab.com/exceptional-journey-of-phoolan-devi-from-a-dacoit-to-a-politician/" "Mozilla/5.0 (Linux; Android 4.0.4; Galaxy Nexus Build/IMM76B) AppleWebKit/537.36 (KHTML, like Gecko; Mediapartners-Google) Chrome/140.0.7339.207 Mobile Safari/537.36"
72.14.199.45 - - [20/Oct/2025:15:13:42 -0400] "GET /wp-content/uploads/2017/08/exceptional-journey-of-phoolan-devi-from-a-dacoit-to-a-politician-4.jpg HTTP/1.1" 200 107279 "http://wahgazab.com/exceptional-journey-of-phoolan-devi-from-a-dacoit-to-a-politician/" "Mozilla/5.0 (Linux; Android 4.0.4; Galaxy Nexus Build/IMM76B) AppleWebKit/537.36 (KHTML, like Gecko; Mediapartners-Google) Chrome/140.0.7339.207 Mobile Safari/537.36"
72.14.199.44 - - [20/Oct/2025:15:13:42 -0400] "GET /wp-content/uploads/2020/11/%E0%A4%86%E0%A4%B8%E0%A4%AE%E0%A4%BE%E0%A4%A8-%E0%A4%B8%E0%A5%87-%E0%A4%97%E0%A4%BF%E0%A4%B0%E0%A5%80-%E0%A4%90%E0%A4%B8%E0%A5%80-%E0%A4%85%E0%A4%A6%E0%A5%8D%E0%A4%AD%E0%A5%81%E0%A4%A4-%E0%A4%9A%E0%A5%80%E0%A5%9B-%E0%A4%9C%E0%A4%BF%E0%A4%B8%E0%A5%87-%E0%A4%AA%E0%A4%BE%E0%A4%95%E0%A4%B0-%E0%A4%B0%E0%A4%BE%E0%A4%A4%E0%A5%8B%E0%A4%82-%E0%A4%B0%E0%A4%BE%E0%A4%A4-%E0%A4%95%E0%A4%B0%E0%A5%8B%E0%A5%9C%E0%A4%AA%E0%A4%A4%E0%A4%BF-696x348.jpg HTTP/1.1" 404 136514 "http://wahgazab.com/father-gifts-a-precious-present-to-daughter/" "Mozilla/5.0 (Macintosh; Intel Mac OS X 10_7_3) AppleWebKit/537.36 (KHTML, like Gecko, Mediapartners-Google) Chrome/140.0.7339.207 Safari/537.36"
72.14.199.37 - - [20/Oct/2025:15:13:57 -0400] "GET /wp-content/uploads/2016/01/%E0%A4%9C%E0%A5%88%E0%A4%B8%E0%A5%87-%E0%A4%B9%E0%A5%80-%E0%A4%B2%E0%A4%BF%E0%A4%86-%E0%A4%85%E0%A4%AA%E0%A4%A8%E0%A5%87-%E0%A4%95%E0%A4%AE%E0%A4%B0%E0%A5%87-%E0%A4%AE%E0%A5%87%E0%A4%82-%E0%A4%AA%E0%A4%B9%E0%A5%81%E0%A4%82%E0%A4%9A%E0%A5%80-%E0%A4%87%E0%A4%B8-%E0%A4%B8%E0%A5%81%E0%A4%A8%E0%A5%8D%E0%A4%A6%E0%A4%B0-%E0%A4%AA%E0%A5%87%E0%A5%9C-%E0%A4%95%E0%A5%8B-%E0%A4%A6%E0%A5%87%E0%A4%96%E0%A4%95%E0%A4%B0.jpg HTTP/1.1" 404 136514 "http://wahgazab.com/father-gifts-a-precious-present-to-daughter/" "Mozilla/5.0 (Macintosh; Intel Mac OS X 10_7_3) AppleWebKit/537.36 (KHTML, like Gecko, Mediapartners-Google) Chrome/140.0.7339.207 Safari/537.36"
5.39.1.230 - - [20/Oct/2025:15:13:57 -0400] "GET /tag/google-wifi/ HTTP/1.1" 200 121680 "-" "Mozilla/5.0 (compatible; AhrefsBot/7.0; +http://ahrefs.com/robot/)"
72.14.199.39 - - [20/Oct/2025:15:14:01 -0400] "GET /wp-content/uploads/2016/06/this-101-year-old-woman-gave-birth-to-a-baby.jpg HTTP/1.1" 404 136274 "http://wahgazab.com/this-101-year-old-woman-gave-birth-to-a-baby/" "Mozilla/5.0 (Linux; Android 4.0.4; Galaxy Nexus Build/IMM76B) AppleWebKit/537.36 (KHTML, like Gecko; Mediapartners-Google) Chrome/140.0.7339.207 Mobile Safari/537.36"
72.14.199.34 - - [20/Oct/2025:15:14:01 -0400] "GET /this-101-year-old-woman-gave-birth-to-a-baby/images/icons/newspaper.woff?24 HTTP/1.1" 404 136274 "http://wahgazab.com/this-101-year-old-woman-gave-birth-to-a-baby/" "Mozilla/5.0 (Linux; Android 4.0.4; Galaxy Nexus Build/IMM76B) AppleWebKit/537.36 (KHTML, like Gecko; Mediapartners-Google) Chrome/140.0.7339.207 Mobile Safari/537.36"
72.14.199.45 - - [20/Oct/2025:15:14:03 -0400] "GET /this-101-year-old-woman-gave-birth-to-a-baby/images/icons/newspaper.ttf?24 HTTP/1.1" 404 136274 "http://wahgazab.com/this-101-year-old-woman-gave-birth-to-a-baby/" "Mozilla/5.0 (Linux; Android 4.0.4; Galaxy Nexus Build/IMM76B) AppleWebKit/537.36 (KHTML, like Gecko; Mediapartners-Google) Chrome/140.0.7339.207 Mobile Safari/537.36"
72.14.199.45 - - [20/Oct/2025:15:14:05 -0400] "GET /this-mysterious-state-have-talking-stones-and-snakes-from-the-mystical-era/images/icons/newspaper.woff?24 HTTP/1.1" 404 136274 "http://wahgazab.com/this-mysterious-state-have-talking-stones-and-snakes-from-the-mystical-era/" "Mozilla/5.0 (Linux; Android 4.0.4; Galaxy Nexus Build/IMM76B) AppleWebKit/537.36 (KHTML, like Gecko; Mediapartners-Google) Chrome/140.0.7339.207 Mobile Safari/537.36"
72.14.199.37 - - [20/Oct/2025:15:14:05 -0400] "GET /wp-content/uploads/2016/06/chhattisgarh-snakes.jpg HTTP/1.1" 404 136274 "http://wahgazab.com/this-mysterious-state-have-talking-stones-and-snakes-from-the-mystical-era/" "Mozilla/5.0 (Linux; Android 4.0.4; Galaxy Nexus Build/IMM76B) AppleWebKit/537.36 (KHTML, like Gecko; Mediapartners-Google) Chrome/140.0.7339.207 Mobile Safari/537.36"
72.14.199.34 - - [20/Oct/2025:15:14:06 -0400] "GET /this-mysterious-state-have-talking-stones-and-snakes-from-the-mystical-era/images/icons/newspaper.ttf?24 HTTP/1.1" 404 136274 "http://wahgazab.com/this-mysterious-state-have-talking-stones-and-snakes-from-the-mystical-era/" "Mozilla/5.0 (Linux; Android 4.0.4; Galaxy Nexus Build/IMM76B) AppleWebKit/537.36 (KHTML, like Gecko; Mediapartners-Google) Chrome/140.0.7339.207 Mobile Safari/537.36"
17.241.227.23 - - [20/Oct/2025:15:14:07 -0400] "GET /tag/lalji-moot-chand-gupta/ HTTP/1.1" 200 121934 "-" "Mozilla/5.0 (Macintosh; Intel Mac OS X 10_15_7) AppleWebKit/605.1.15 (KHTML, like Gecko) Version/17.4 Safari/605.1.15 (Applebot/0.1; +http://www.apple.com/go/applebot)"
72.14.199.33 - - [20/Oct/2025:15:14:10 -0400] "GET /wp-content/uploads/2016/01/Leeya.jpg HTTP/1.1" 404 136274 "http://wahgazab.com/father-gifts-a-precious-present-to-daughter/" "Mozilla/5.0 (Linux; Android 4.0.4; Galaxy Nexus Build/IMM76B) AppleWebKit/537.36 (KHTML, like Gecko; Mediapartners-Google) Chrome/140.0.7339.207 Mobile Safari/537.36"
17.241.227.56 - - [20/Oct/2025:15:14:11 -0400] "GET /wp-content/plugins/td-composer/td-multi-purpose/style.css?ver=492e3cf54bd42df3b24a3de8e2307cafx HTTP/1.1" 200 38952 "http://wahgazab.com/tag/khedapati-temple-kanpur/" "Mozilla/5.0 (Macintosh; Intel Mac OS X 10_15_7) AppleWebKit/605.1.15 (KHTML, like Gecko) Version/17.4 Safari/605.1.15 (Applebot/0.1; +http://www.apple.com/go/applebot)"
72.14.199.32 - - [20/Oct/2025:15:14:10 -0400] "GET /father-gifts-a-precious-present-to-daughter/images/icons/newspaper.woff?24 HTTP/1.1" 404 136274 "http://wahgazab.com/father-gifts-a-precious-present-to-daughter/" "Mozilla/5.0 (Linux; Android 4.0.4; Galaxy Nexus Build/IMM76B) AppleWebKit/537.36 (KHTML, like Gecko; Mediapartners-Google) Chrome/140.0.7339.207 Mobile Safari/537.36"
17.241.75.86 - - [20/Oct/2025:15:14:11 -0400] "GET /wp-content/plugins/td-composer/legacy/Newspaper/assets/css/td_legacy_main.css?ver=492e3cf54bd42df3b24a3de8e2307cafx HTTP/1.1" 200 173151 "http://wahgazab.com/tag/khedapati-temple-kanpur/" "Mozilla/5.0 (Macintosh; Intel Mac OS X 10_15_7) AppleWebKit/605.1.15 (KHTML, like Gecko) Version/17.4 Safari/605.1.15 (Applebot/0.1; +http://www.apple.com/go/applebot)"
17.241.219.30 - - [20/Oct/2025:15:14:12 -0400] "GET /wp-content/plugins/td-cloud-library/assets/css/tdb_main.css?ver=d578089f160957352b9b4ca6d880fd8f HTTP/1.1" 200 48249 "http://wahgazab.com/tag/khedapati-temple-kanpur/" "Mozilla/5.0 (Macintosh; Intel Mac OS X 10_15_7) AppleWebKit/605.1.15 (KHTML, like Gecko) Version/17.4 Safari/605.1.15 (Applebot/0.1; +http://www.apple.com/go/applebot)"
17.241.75.17 - - [20/Oct/2025:15:14:12 -0400] "GET /wp-content/themes/Newspaper/style.css?ver=12.7.1 HTTP/1.1" 200 158737 "http://wahgazab.com/tag/khedapati-temple-kanpur/" "Mozilla/5.0 (Macintosh; Intel Mac OS X 10_15_7) AppleWebKit/605.1.15 (KHTML, like Gecko) Version/17.4 Safari/605.1.15 (Applebot/0.1; +http://www.apple.com/go/applebot)"
72.14.199.45 - - [20/Oct/2025:15:14:12 -0400] "GET /father-gifts-a-precious-present-to-daughter/images/icons/newspaper.ttf?24 HTTP/1.1" 404 136274 "http://wahgazab.com/father-gifts-a-precious-present-to-daughter/" "Mozilla/5.0 (Linux; Android 4.0.4; Galaxy Nexus Build/IMM76B) AppleWebKit/537.36 (KHTML, like Gecko; Mediapartners-Google) Chrome/140.0.7339.207 Mobile Safari/537.36"
