34.204.150.196 - - [20/Oct/2025:09:59:06 -0400] "GET /this-thrilling-video-in-which-a-woman-jumps-before-a-train-goes-viral/ HTTP/1.1" 200 280309 "-" "Mozilla/5.0 AppleWebKit/537.36 (KHTML, like Gecko; compatible; Amazonbot/0.1; +https://developer.amazon.com/support/amazonbot) Chrome/119.0.6045.214 Safari/537.36"
52.200.142.199 - - [20/Oct/2025:09:59:14 -0400] "GET /tag/overprotected-child-will-tend-to-display/ HTTP/1.1" 200 122578 "-" "Mozilla/5.0 AppleWebKit/537.36 (KHTML, like Gecko; compatible; Amazonbot/0.1; +https://developer.amazon.com/support/amazonbot) Chrome/119.0.6045.214 Safari/537.36"
114.119.137.105 - - [20/Oct/2025:09:59:18 -0400] "GET /mysterious-places-that-will-take-you-to-another-world/skaftafell-iceland/ HTTP/1.1" 200 122245 "http://wahgazab.com/attachment-sitemap4.xml" "Mozilla/5.0 (Linux; Android 7.0;) AppleWebKit/537.36 (KHTML, like Gecko) Mobile Safari/537.36 (compatible; PetalBot;+https://webmaster.petalsearch.com/site/petalbot)"
23.23.212.212 - - [20/Oct/2025:09:59:38 -0400] "GET /tag/is-cramming-for-a-test-effective/ HTTP/1.1" 200 122082 "-" "Mozilla/5.0 AppleWebKit/537.36 (KHTML, like Gecko; compatible; Amazonbot/0.1; +https://developer.amazon.com/support/amazonbot) Chrome/119.0.6045.214 Safari/537.36"
216.73.216.129 - - [20/Oct/2025:09:59:45 -0400] "GET /tag/spicejet-dubai-kochi-flight-news-in-hindi HTTP/1.1" 301 - "-" "Mozilla/5.0 AppleWebKit/537.36 (KHTML, like Gecko; compatible; ClaudeBot/1.0; [email protected])"
216.73.216.129 - - [20/Oct/2025:09:59:45 -0400] "GET /tag/spicejet-dubai-kochi-flight-news HTTP/1.1" 301 - "-" "Mozilla/5.0 AppleWebKit/537.36 (KHTML, like Gecko; compatible; ClaudeBot/1.0; [email protected])"
216.73.216.129 - - [20/Oct/2025:09:59:45 -0400] "GET /tag/spicejet-dubai-kochi-flight-news-in-hindi/ HTTP/1.1" 200 122288 "http://wahgazab.com/tag/spicejet-dubai-kochi-flight-news-in-hindi" "Mozilla/5.0 AppleWebKit/537.36 (KHTML, like Gecko; compatible; ClaudeBot/1.0; [email protected])"
216.73.216.129 - - [20/Oct/2025:09:59:46 -0400] "GET /tag/spicejet-dubai-kochi-flight-news/ HTTP/1.1" 200 122216 "http://wahgazab.com/tag/spicejet-dubai-kochi-flight-news" "Mozilla/5.0 AppleWebKit/537.36 (KHTML, like Gecko; compatible; ClaudeBot/1.0; [email protected])"
116.179.32.173 - - [20/Oct/2025:09:59:45 -0400] "GET /varun-chakravarthy-emerges-most-expensive-buy-in-ipl-auction/ HTTP/1.1" 200 287355 "-" "Mozilla/5.0 (compatible; Baiduspider/2.0; +http://www.baidu.com/search/spider.html)"
216.73.216.129 - - [20/Oct/2025:09:59:47 -0400] "GET /tag/one-kg-gold-news HTTP/1.1" 301 - "-" "Mozilla/5.0 AppleWebKit/537.36 (KHTML, like Gecko; compatible; ClaudeBot/1.0; [email protected])"
216.73.216.129 - - [20/Oct/2025:09:59:48 -0400] "GET /tag/one-kg-gold-news/ HTTP/1.1" 200 122088 "http://wahgazab.com/tag/one-kg-gold-news" "Mozilla/5.0 AppleWebKit/537.36 (KHTML, like Gecko; compatible; ClaudeBot/1.0; [email protected])"
45.61.185.156 - - [20/Oct/2025:09:59:55 -0400] "GET /wp-login.php HTTP/1.1" 200 5415 "-" "Mozilla/5.0 (Windows NT 5.1) AppleWebKit/537.36 (KHTML, like Gecko) Chrome/36.0.1985.125 Safari/537.36"
45.61.185.156 - - [20/Oct/2025:09:59:59 -0400] "POST /wp-login.php HTTP/1.1" 200 5886 "-" "Mozilla/5.0 (Windows NT 5.1) AppleWebKit/537.36 (KHTML, like Gecko) Chrome/36.0.1985.125 Safari/537.36"
52.3.156.186 - - [20/Oct/2025:09:59:59 -0400] "GET /tag/struck-by-lightning-effects/ HTTP/1.1" 200 122015 "-" "Mozilla/5.0 AppleWebKit/537.36 (KHTML, like Gecko; compatible; Amazonbot/0.1; +https://developer.amazon.com/support/amazonbot) Chrome/119.0.6045.214 Safari/537.36"
168.158.229.125 - - [20/Oct/2025:10:00:04 -0400] "GET /wp-content/uploads/2015/12/delhi-police.jpg HTTP/1.1" 200 105831 "-" "Mozilla/5.0 (X11; Ubuntu; Linux x86_64; rv:123.0) Gecko/20100101 Firefox/123.0"
178.218.172.132 - - [20/Oct/2025:10:00:10 -0400] "POST /wp-login.php HTTP/1.1" 200 5841 "http://wahgazab.com" "Mozilla/5.0 (Windows NT 10.0; Win64; x64) AppleWebKit/537.36 (KHTML, like Gecko) Chrome/115.0.5790.171 Safari/537.36 Edg/115.0.1901.203"
89.248.172.183 - - [20/Oct/2025:10:00:15 -0400] "POST /wp-json/tdw/save_css HTTP/1.1" 401 98 "-" "Mozilla/5.0 (Windows NT 10.0) AppleWebKit/537.36 (KHTML, like Gecko) Chrome/104.0.0.0 Safari/537.36"
34.195.60.66 - - [20/Oct/2025:10:00:22 -0400] "GET /tag/christian-missionary-in-1871/ HTTP/1.1" 200 121955 "-" "Mozilla/5.0 AppleWebKit/537.36 (KHTML, like Gecko; compatible; Amazonbot/0.1; +https://developer.amazon.com/support/amazonbot) Chrome/119.0.6045.214 Safari/537.36"
37.139.53.253 - - [20/Oct/2025:10:01:03 -0400] "GET /never-plant-these-inauspicious-plant-in-your-house-as-it-can-cause-damage/ HTTP/1.0" 200 286282 "http://wahgazab.com/never-plant-these-inauspicious-plant-in-your-house-as-it-can-cause-damage/" "Mozilla/5.0 (Windows NT 10.0; Win64; x64) AppleWebKit/537.36 (KHTML, like Gecko) Chrome/130.0.0.0 Safari/537.36"
94.23.188.199 - - [20/Oct/2025:10:01:17 -0400] "GET /tag/rajbli/ HTTP/1.1" 200 121424 "-" "Mozilla/5.0 (compatible; AhrefsBot/7.0; +http://ahrefs.com/robot/)"
37.139.53.253 - - [20/Oct/2025:10:01:04 -0400] "POST /wp-comments-post.php HTTP/1.0" 302 - "http://wahgazab.com/never-plant-these-inauspicious-plant-in-your-house-as-it-can-cause-damage/" "Mozilla/5.0 (Windows NT 10.0; Win64; x64) AppleWebKit/537.36 (KHTML, like Gecko) Chrome/130.0.0.0 Safari/537.36"
37.139.53.253 - - [20/Oct/2025:10:01:20 -0400] "GET /never-plant-these-inauspicious-plant-in-your-house-as-it-can-cause-damage/ HTTP/1.0" 200 353868 "http://wahgazab.com/never-plant-these-inauspicious-plant-in-your-house-as-it-can-cause-damage/#comment-20260" "Mozilla/5.0 (Windows NT 10.0; Win64; x64) AppleWebKit/537.36 (KHTML, like Gecko) Chrome/130.0.0.0 Safari/537.36"
57.141.0.45 - - [20/Oct/2025:10:01:25 -0400] "GET /tag/i-would-love-to-play-apj-abdul-kalam/ HTTP/1.1" 200 122290 "-" "meta-externalagent/1.1 (+https://developers.facebook.com/docs/sharing/webmasters/crawler)"
216.73.216.129 - - [20/Oct/2025:10:02:27 -0400] "GET /tag/united-states-of-america HTTP/1.1" 301 - "-" "Mozilla/5.0 AppleWebKit/537.36 (KHTML, like Gecko; compatible; ClaudeBot/1.0; [email protected])"
216.73.216.129 - - [20/Oct/2025:10:02:27 -0400] "GET /no-celebrity-participation-in-bigg-boss-season-10/bigg-boss-10 HTTP/1.1" 301 - "-" "Mozilla/5.0 AppleWebKit/537.36 (KHTML, like Gecko; compatible; ClaudeBot/1.0; [email protected])"
216.73.216.129 - - [20/Oct/2025:10:02:27 -0400] "GET /tag/united-states-of-america/ HTTP/1.1" 200 180139 "http://wahgazab.com/tag/united-states-of-america" "Mozilla/5.0 AppleWebKit/537.36 (KHTML, like Gecko; compatible; ClaudeBot/1.0; [email protected])"
216.73.216.129 - - [20/Oct/2025:10:02:28 -0400] "GET /no-celebrity-participation-in-bigg-boss-season-10/bigg-boss-10/ HTTP/1.1" 200 121701 "http://wahgazab.com/no-celebrity-participation-in-bigg-boss-season-10/bigg-boss-10" "Mozilla/5.0 AppleWebKit/537.36 (KHTML, like Gecko; compatible; ClaudeBot/1.0; [email protected])"
86.50.228.95 - - [20/Oct/2025:10:02:29 -0400] "GET /robots.txt HTTP/1.1" 200 112 "-" "Owler (ows.eu/owler)"
216.73.216.129 - - [20/Oct/2025:10:02:29 -0400] "GET /happy-birthday-sunny-leone/0_1431593079 HTTP/1.1" 301 - "-" "Mozilla/5.0 AppleWebKit/537.36 (KHTML, like Gecko; compatible; ClaudeBot/1.0; [email protected])"
86.50.228.95 - - [20/Oct/2025:10:02:29 -0400] "GET /corpses-are-coming-out-of-grave/ HTTP/1.1" 200 281473 "-" "Owler (ows.eu/owler)"
216.73.216.129 - - [20/Oct/2025:10:02:29 -0400] "GET /happy-birthday-sunny-leone/0_1431593079/ HTTP/1.1" 200 121469 "http://wahgazab.com/happy-birthday-sunny-leone/0_1431593079" "Mozilla/5.0 AppleWebKit/537.36 (KHTML, like Gecko; compatible; ClaudeBot/1.0; [email protected])"
104.244.76.157 - - [20/Oct/2025:10:02:51 -0400] "GET /wp-login.php HTTP/1.1" 200 5415 "-" "Mozilla/5.0 (iPad; CPU OS 7_1_1 like Mac OS X) AppleWebKit/537.51.2 (KHTML, like Gecko) Version/7.0 Mobile/11D201 Safari/9537.53"
104.244.76.157 - - [20/Oct/2025:10:02:51 -0400] "POST /wp-login.php HTTP/1.1" 200 5886 "-" "Mozilla/5.0 (iPad; CPU OS 7_1_1 like Mac OS X) AppleWebKit/537.51.2 (KHTML, like Gecko) Version/7.0 Mobile/11D201 Safari/9537.53"
51.68.247.211 - - [20/Oct/2025:10:03:16 -0400] "GET /wp-content/uploads/2016/05/yourfile.jpg HTTP/1.1" 200 230066 "-" "Mozilla/5.0 (compatible; AhrefsBot/7.0; +http://ahrefs.com/robot/)"
54.37.118.84 - - [20/Oct/2025:10:03:18 -0400] "GET /tag/under-the-1970-sco/ HTTP/1.1" 200 121520 "-" "Mozilla/5.0 (compatible; AhrefsBot/7.0; +http://ahrefs.com/robot/)"
89.248.172.183 - - [20/Oct/2025:10:03:20 -0400] "POST /wp-json/tdw/save_css HTTP/1.1" 401 98 "-" "Mozilla/5.0 (Windows NT 10.0) AppleWebKit/537.36 (KHTML, like Gecko) Chrome/104.0.0.0 Safari/537.36"
216.73.216.129 - - [20/Oct/2025:10:03:22 -0400] "GET /tag/1-kg-gold-in-spicejet-flight HTTP/1.1" 301 - "-" "Mozilla/5.0 AppleWebKit/537.36 (KHTML, like Gecko; compatible; ClaudeBot/1.0; [email protected])"
216.73.216.129 - - [20/Oct/2025:10:03:23 -0400] "GET /tag/1-kg-gold-hidden-in-lavatory-of-spicejet-news HTTP/1.1" 301 - "-" "Mozilla/5.0 AppleWebKit/537.36 (KHTML, like Gecko; compatible; ClaudeBot/1.0; [email protected])"
216.73.216.129 - - [20/Oct/2025:10:03:23 -0400] "GET /tag/1-kg-gold-in-spicejet-flight/ HTTP/1.1" 200 122184 "http://wahgazab.com/tag/1-kg-gold-in-spicejet-flight" "Mozilla/5.0 AppleWebKit/537.36 (KHTML, like Gecko; compatible; ClaudeBot/1.0; [email protected])"
216.73.216.129 - - [20/Oct/2025:10:03:23 -0400] "GET /tag/1-kg-gold-hidden-in-lavatory-of-spicejet-news/ HTTP/1.1" 200 122320 "http://wahgazab.com/tag/1-kg-gold-hidden-in-lavatory-of-spicejet-news" "Mozilla/5.0 AppleWebKit/537.36 (KHTML, like Gecko; compatible; ClaudeBot/1.0; [email protected])"
216.73.216.129 - - [20/Oct/2025:10:03:24 -0400] "GET /some-amazing-mysteries-about-egypt/showimage/feed HTTP/1.1" 301 - "-" "Mozilla/5.0 AppleWebKit/537.36 (KHTML, like Gecko; compatible; ClaudeBot/1.0; [email protected])"
216.73.216.129 - - [20/Oct/2025:10:03:25 -0400] "GET /gold-of-worth-millions-found-in-airplane-toilet/feed HTTP/1.1" 301 - "-" "Mozilla/5.0 AppleWebKit/537.36 (KHTML, like Gecko; compatible; ClaudeBot/1.0; [email protected])"
216.73.216.129 - - [20/Oct/2025:10:03:25 -0400] "GET /some-amazing-mysteries-about-egypt/showimage/feed/ HTTP/1.1" 200 811 "http://wahgazab.com/some-amazing-mysteries-about-egypt/showimage/feed" "Mozilla/5.0 AppleWebKit/537.36 (KHTML, like Gecko; compatible; ClaudeBot/1.0; [email protected])"
216.73.216.129 - - [20/Oct/2025:10:03:25 -0400] "GET /gold-of-worth-millions-found-in-airplane-toilet/feed/ HTTP/1.1" 200 918 "http://wahgazab.com/gold-of-worth-millions-found-in-airplane-toilet/feed" "Mozilla/5.0 AppleWebKit/537.36 (KHTML, like Gecko; compatible; ClaudeBot/1.0; [email protected])"
34.233.53.209 - - [20/Oct/2025:10:03:41 -0400] "POST /wp-login.php HTTP/1.1" 200 5840 "http://wahgazab.com" "Mozilla/5.0 (Windows NT 10.0; Win64; x64) AppleWebKit/537.36 (KHTML, like Gecko) Chrome/112.0.5615.138 Safari/537.36 Edg/112.0.1722.68"
57.141.0.29 - - [20/Oct/2025:10:03:51 -0400] "GET /know-about-this-place-which-is-also-known-as-switzerland-of-india/ HTTP/1.1" 200 284732 "-" "meta-externalagent/1.1 (+https://developers.facebook.com/docs/sharing/webmasters/crawler)"
57.141.0.39 - - [20/Oct/2025:10:04:41 -0400] "GET /mysterious-tunnel-found-on-excavation-a-water-pot-found-inside/tunnel-found-on-excavation-a-water-pot-found-inside1/ HTTP/1.1" 200 123305 "-" "meta-externalagent/1.1 (+https://developers.facebook.com/docs/sharing/webmasters/crawler)"
220.181.108.80 - - [20/Oct/2025:10:05:04 -0400] "GET /hindu-and-muslim-people-worship-at-this-kalka-devi-temple-together/ HTTP/1.1" 200 285251 "-" "Mozilla/5.0 (compatible; Baiduspider/2.0; +http://www.baidu.com/search/spider.html)"
57.141.0.65 - - [20/Oct/2025:10:05:16 -0400] "GET /this-mughal-emperor-killed-more-than-2-crores-of-people-in-the-name-of-his-pride/ HTTP/1.1" 200 285944 "-" "meta-externalagent/1.1 (+https://developers.facebook.com/docs/sharing/webmasters/crawler)"
92.222.104.212 - - [20/Oct/2025:10:05:17 -0400] "GET /tag/the-man-alive-news-in-hindi/ HTTP/1.1" 200 121592 "-" "Mozilla/5.0 (compatible; AhrefsBot/7.0; +http://ahrefs.com/robot/)"
178.20.47.39 - - [20/Oct/2025:10:05:22 -0400] "GET /bank-employee-from-pune-sets-an-example/ HTTP/1.0" 200 281137 "http://wahgazab.com/bank-employee-from-pune-sets-an-example/" "Mozilla/5.0 (Windows NT 10.0; Win64; x64) AppleWebKit/537.36 (KHTML, like Gecko) Chrome/131.0.0.0 Safari/537.36"
178.20.47.39 - - [20/Oct/2025:10:05:24 -0400] "POST /wp-comments-post.php HTTP/1.0" 302 - "http://wahgazab.com/bank-employee-from-pune-sets-an-example/" "Mozilla/5.0 (Windows NT 10.0; Win64; x64) AppleWebKit/537.36 (KHTML, like Gecko) Chrome/131.0.0.0 Safari/537.36"
216.73.216.129 - - [20/Oct/2025:10:05:25 -0400] "GET /no-celebrity-participation-in-bigg-boss-season-10/bigg-1-1459859253/feed HTTP/1.1" 301 - "-" "Mozilla/5.0 AppleWebKit/537.36 (KHTML, like Gecko; compatible; ClaudeBot/1.0; [email protected])"
216.73.216.129 - - [20/Oct/2025:10:05:25 -0400] "GET /tag/spicejet-dubai-kochi-flight HTTP/1.1" 301 - "-" "Mozilla/5.0 AppleWebKit/537.36 (KHTML, like Gecko; compatible; ClaudeBot/1.0; [email protected])"
178.20.47.39 - - [20/Oct/2025:10:05:25 -0400] "GET /bank-employee-from-pune-sets-an-example/ HTTP/1.0" 200 204776 "http://wahgazab.com/bank-employee-from-pune-sets-an-example/#comment-20261" "Mozilla/5.0 (Windows NT 10.0; Win64; x64) AppleWebKit/537.36 (KHTML, like Gecko) Chrome/131.0.0.0 Safari/537.36"
116.179.37.98 - - [20/Oct/2025:10:05:25 -0400] "GET /wp-content/uploads/2017/08/hindu-and-muslim-people-worship-at-this-kalka-devi-temple-together.jpg HTTP/1.1" 200 75569 "http://wahgazab.com/hindu-and-muslim-people-worship-at-this-kalka-devi-temple-together/" "Mozilla/5.0 (compatible; Baiduspider-render/2.0; +http://www.baidu.com/search/spider.html)"
216.73.216.129 - - [20/Oct/2025:10:05:25 -0400] "GET /no-celebrity-participation-in-bigg-boss-season-10/bigg-1-1459859253/feed/ HTTP/1.1" 200 865 "http://wahgazab.com/no-celebrity-participation-in-bigg-boss-season-10/bigg-1-1459859253/feed" "Mozilla/5.0 AppleWebKit/537.36 (KHTML, like Gecko; compatible; ClaudeBot/1.0; [email protected])"
116.179.37.99 - - [20/Oct/2025:10:05:25 -0400] "GET /wp-content/uploads/2017/08/hindu-and-muslim-people-worship-at-this-kalka-devi-temple-together-content.jpg HTTP/1.1" 200 86747 "http://wahgazab.com/hindu-and-muslim-people-worship-at-this-kalka-devi-temple-together/" "Mozilla/5.0 (compatible; Baiduspider-render/2.0; +http://www.baidu.com/search/spider.html)"
216.73.216.129 - - [20/Oct/2025:10:05:26 -0400] "GET /tag/1-kg-gold-in-spicejet-flight-news-in-hindi HTTP/1.1" 301 - "-" "Mozilla/5.0 AppleWebKit/537.36 (KHTML, like Gecko; compatible; ClaudeBot/1.0; [email protected])"
216.73.216.129 - - [20/Oct/2025:10:05:25 -0400] "GET /tag/spicejet-dubai-kochi-flight/ HTTP/1.1" 200 122176 "http://wahgazab.com/tag/spicejet-dubai-kochi-flight" "Mozilla/5.0 AppleWebKit/537.36 (KHTML, like Gecko; compatible; ClaudeBot/1.0; [email protected])"
216.73.216.129 - - [20/Oct/2025:10:05:26 -0400] "GET /tag/1-kg-gold-in-spicejet-flight-news-in-hindi/ HTTP/1.1" 200 122296 "http://wahgazab.com/tag/1-kg-gold-in-spicejet-flight-news-in-hindi" "Mozilla/5.0 AppleWebKit/537.36 (KHTML, like Gecko; compatible; ClaudeBot/1.0; [email protected])"
66.249.79.168 - - [20/Oct/2025:10:05:38 -0400] "GET /first-karva-chauth-in-bollywood-actress/harshdeep-kaurmankeet-singh/ HTTP/1.1" 200 122054 "-" "Mozilla/5.0 (Linux; Android 6.0.1; Nexus 5X Build/MMB29P) AppleWebKit/537.36 (KHTML, like Gecko) Chrome/140.0.7339.207 Mobile Safari/537.36 (compatible; Googlebot/2.1; +http://www.google.com/bot.html)"
66.249.79.170 - - [20/Oct/2025:10:06:06 -0400] "GET /?a=709279105602&channel=141a83&from=brands.php%3Fid%3D91056-3631%26name%3D%E3%83%AF%E3%83%BC%E3%82%AF%E3%82%A8%E3%83%97%E3%83%AD%E3%83%B3+%E4%BD%9C%E6%A5%AD%E6%9C%8D+CAREAN+%E3%82%AD%E3%83%A3%E3%83%AA%E3%83%BC%E3%83%B3+%E3%82%A8%E3%83%97%E3%83%AD%E3%83%B3+CAE164+KARSEE+%E3%82%AB%E3%83%BC%E3%82%B7%E3%83%BC%E3%82%AB%E3%82%B7%E3%83%9E+%E9%80%9A%E5%B9%B4+%E7%94%B7%E5%A5%B3%E5%85%BC%E7%94%A8 HTTP/1.1" 301 - "-" "Mozilla/5.0 (Linux; Android 6.0.1; Nexus 5X Build/MMB29P) AppleWebKit/537.36 (KHTML, like Gecko) Chrome/140.0.7339.207 Mobile Safari/537.36 (compatible; Googlebot/2.1; +http://www.google.com/bot.html)"
66.249.79.170 - - [20/Oct/2025:10:06:07 -0400] "GET /?a=709279105602&channel=141a83&from=brands.php%3Fid%3D91056-3631%26name%3D%E3%83%AF%E3%83%BC%E3%82%AF%E3%82%A8%E3%83%97%E3%83%AD%E3%83%B3%20%E4%BD%9C%E6%A5%AD%E6%9C%8D%20CAREAN%20%E3%82%AD%E3%83%A3%E3%83%AA%E3%83%BC%E3%83%B3%20%E3%82%A8%E3%83%97%E3%83%AD%E3%83%B3%20CAE164%20KARSEE%20%E3%82%AB%E3%83%BC%E3%82%B7%E3%83%BC%E3%82%AB%E3%82%B7%E3%83%9E%20%E9%80%9A%E5%B9%B4%20%E7%94%B7%E5%A5%B3%E5%85%BC%E7%94%A8 HTTP/1.1" 200 200962 "-" "Mozilla/5.0 (Linux; Android 6.0.1; Nexus 5X Build/MMB29P) AppleWebKit/537.36 (KHTML, like Gecko) Chrome/140.0.7339.207 Mobile Safari/537.36 (compatible; Googlebot/2.1; +http://www.google.com/bot.html)"
91.108.196.12 - - [20/Oct/2025:10:06:09 -0400] "GET /wp-content/uploads/2017/11/lord-shiva-opened-his-third-eye-in-anger-to-burn-kamdeva-here-at-this-place-intro.jpg HTTP/1.1" 200 81569 "-" "Mozilla/5.0 (Macintosh; Intel Mac OS X 10_15_7) AppleWebKit/537.36 (KHTML, like Gecko) Chrome/122.0.0.0 Safari/537.36"
216.73.216.129 - - [20/Oct/2025:10:06:34 -0400] "GET /tag/1-kg-gold-in-spicejet HTTP/1.1" 301 - "-" "Mozilla/5.0 AppleWebKit/537.36 (KHTML, like Gecko; compatible; ClaudeBot/1.0; [email protected])"
216.73.216.129 - - [20/Oct/2025:10:06:35 -0400] "GET /father-saves-the-life-of-his-son-in-this-incredible-way/ninja-dad/feed HTTP/1.1" 301 - "-" "Mozilla/5.0 AppleWebKit/537.36 (KHTML, like Gecko; compatible; ClaudeBot/1.0; [email protected])"
216.73.216.129 - - [20/Oct/2025:10:06:35 -0400] "GET /tag/1-kg-gold-in-spicejet/ HTTP/1.1" 200 122128 "http://wahgazab.com/tag/1-kg-gold-in-spicejet" "Mozilla/5.0 AppleWebKit/537.36 (KHTML, like Gecko; compatible; ClaudeBot/1.0; [email protected])"
216.73.216.129 - - [20/Oct/2025:10:06:36 -0400] "GET /father-saves-the-life-of-his-son-in-this-incredible-way/ninja-dad/feed/ HTTP/1.1" 200 853 "http://wahgazab.com/father-saves-the-life-of-his-son-in-this-incredible-way/ninja-dad/feed" "Mozilla/5.0 AppleWebKit/537.36 (KHTML, like Gecko; compatible; ClaudeBot/1.0; [email protected])"
216.73.216.129 - - [20/Oct/2025:10:06:36 -0400] "GET /tag/one-kg-gold-in-spicejet HTTP/1.1" 301 - "-" "Mozilla/5.0 AppleWebKit/537.36 (KHTML, like Gecko; compatible; ClaudeBot/1.0; [email protected])"
216.73.216.129 - - [20/Oct/2025:10:06:37 -0400] "GET /only-ghosts-live-here-in-this-village HTTP/1.1" 301 - "-" "Mozilla/5.0 AppleWebKit/537.36 (KHTML, like Gecko; compatible; ClaudeBot/1.0; [email protected])"
216.73.216.129 - - [20/Oct/2025:10:06:37 -0400] "GET /tag/one-kg-gold-in-spicejet/ HTTP/1.1" 200 122144 "http://wahgazab.com/tag/one-kg-gold-in-spicejet" "Mozilla/5.0 AppleWebKit/537.36 (KHTML, like Gecko; compatible; ClaudeBot/1.0; [email protected])"
216.73.216.129 - - [20/Oct/2025:10:06:37 -0400] "GET /only-ghosts-live-here-in-this-village/ HTTP/1.1" 200 280830 "http://wahgazab.com/only-ghosts-live-here-in-this-village" "Mozilla/5.0 AppleWebKit/537.36 (KHTML, like Gecko; compatible; ClaudeBot/1.0; [email protected])"
94.23.188.202 - - [20/Oct/2025:10:07:05 -0400] "GET /tag/alive-news-in-hindi/ HTTP/1.1" 200 121528 "-" "Mozilla/5.0 (compatible; AhrefsBot/7.0; +http://ahrefs.com/robot/)"
103.166.182.115 - - [20/Oct/2025:10:07:07 -0400] "POST /wp-login.php HTTP/1.1" 200 5840 "http://wahgazab.com" "Mozilla/5.0 (Windows NT 10.0; Win64; x64) AppleWebKit/537.36 (KHTML, like Gecko) Chrome/114.0.5735.199 Safari/537.36 Edg/114.0.1823.67"
178.171.80.211 - - [20/Oct/2025:10:07:35 -0400] "GET /wp-content/uploads/2016/12/CD-SPACE-2.jpg HTTP/1.1" 404 136514 "-" "Mozilla/5.0 (X11; Linux x86_64) AppleWebKit/537.36 (KHTML, like Gecko) Chrome/121.0.0.0 Safari/537.36"
79.135.134.246 - - [20/Oct/2025:10:07:41 -0400] "GET /wp-content/uploads/2016/12/CD-SPACE-2.jpg HTTP/1.1" 404 136514 "-" "Mozilla/5.0 (X11; Ubuntu; Linux x86_64; rv:123.0) Gecko/20100101 Firefox/123.0"
66.249.79.168 - - [20/Oct/2025:10:07:51 -0400] "GET /this-dog-looks-like-humans-watch-the-pictures/?amp HTTP/1.1" 200 285057 "-" "Mozilla/5.0 (Linux; Android 6.0.1; Nexus 5X Build/MMB29P) AppleWebKit/537.36 (KHTML, like Gecko) Chrome/140.0.7339.207 Mobile Safari/537.36 (compatible; Googlebot/2.1; +http://www.google.com/bot.html)"
216.73.216.129 - - [20/Oct/2025:10:08:56 -0400] "GET /?p=4802 HTTP/1.1" 301 - "-" "Mozilla/5.0 AppleWebKit/537.36 (KHTML, like Gecko; compatible; ClaudeBot/1.0; [email protected])"
216.73.216.129 - - [20/Oct/2025:10:08:57 -0400] "GET /kejriwal-wore-muffler-is-it-onset-of-winter/car-free-day3/ HTTP/1.1" 200 122164 "http://wahgazab.com/?p=4802" "Mozilla/5.0 AppleWebKit/537.36 (KHTML, like Gecko; compatible; ClaudeBot/1.0; [email protected])"
216.73.216.129 - - [20/Oct/2025:10:08:58 -0400] "GET /today-in-history-mahatma-gandhi-started-off-dandi-march/1-516 HTTP/1.1" 301 - "-" "Mozilla/5.0 AppleWebKit/537.36 (KHTML, like Gecko; compatible; ClaudeBot/1.0; [email protected])"
216.73.216.129 - - [20/Oct/2025:10:08:58 -0400] "GET /?p=5602 HTTP/1.1" 301 - "-" "Mozilla/5.0 AppleWebKit/537.36 (KHTML, like Gecko; compatible; ClaudeBot/1.0; [email protected])"
216.73.216.129 - - [20/Oct/2025:10:08:58 -0400] "GET /today-in-history-mahatma-gandhi-started-off-dandi-march/1-516/ HTTP/1.1" 200 121530 "http://wahgazab.com/today-in-history-mahatma-gandhi-started-off-dandi-march/1-516" "Mozilla/5.0 AppleWebKit/537.36 (KHTML, like Gecko; compatible; ClaudeBot/1.0; [email protected])"
216.73.216.129 - - [20/Oct/2025:10:08:59 -0400] "GET /withdrawing-pf-money-got-easier/pf1/ HTTP/1.1" 200 121320 "http://wahgazab.com/?p=5602" "Mozilla/5.0 AppleWebKit/537.36 (KHTML, like Gecko; compatible; ClaudeBot/1.0; [email protected])"
209.141.61.31 - - [20/Oct/2025:10:08:59 -0400] "GET /wp-login.php HTTP/1.1" 200 5415 "-" "Mozilla/5.0 (X11; Linux x86_64) AppleWebKit/537.36 (KHTML, like Gecko) Ubuntu Chromium/34.0.1847.116 Chrome/34.0.1847.116 Safari/537.36"
216.73.216.129 - - [20/Oct/2025:10:09:00 -0400] "GET /tag/try-these-tips-to-avoid-any-false-case-imposed-by-police HTTP/1.1" 301 - "-" "Mozilla/5.0 AppleWebKit/537.36 (KHTML, like Gecko; compatible; ClaudeBot/1.0; [email protected])"
216.73.216.129 - - [20/Oct/2025:10:09:00 -0400] "GET /tag/try-these-tips-to-avoid-any-false-case-imposed-by-police/ HTTP/1.1" 200 121894 "http://wahgazab.com/tag/try-these-tips-to-avoid-any-false-case-imposed-by-police" "Mozilla/5.0 AppleWebKit/537.36 (KHTML, like Gecko; compatible; ClaudeBot/1.0; [email protected])"
5.39.1.241 - - [20/Oct/2025:10:09:15 -0400] "GET /tag/the-man-alive-news/ HTTP/1.1" 200 121520 "-" "Mozilla/5.0 (compatible; AhrefsBot/7.0; +http://ahrefs.com/robot/)"
35.94.35.2 - - [20/Oct/2025:10:09:19 -0400] "GET / HTTP/1.1" 200 201202 "-" "Mozilla/5.0 (Macintosh; PPC Mac OS X 10.8; rv:49.0) Gecko/20100101 Firefox/49.0"
89.248.172.183 - - [20/Oct/2025:10:09:31 -0400] "POST /wp-json/tdw/save_css HTTP/1.1" 401 98 "-" "Mozilla/5.0 (Windows NT 10.0) AppleWebKit/537.36 (KHTML, like Gecko) Chrome/104.0.0.0 Safari/537.36"
212.30.36.10 - - [20/Oct/2025:10:09:57 -0400] "GET /wp-json/wp/v2/posts?per_page=5&_fields=id,slug,comment_status HTTP/1.1" 200 505 "-" "-"
18.138.91.172 - - [20/Oct/2025:10:10:16 -0400] "GET /wp-content/uploads/2016/02/%E0%A4%B6%E0%A4%BE%E0%A4%B8%E0%A5%8D%E0%A4%A4%E0%A5%8D%E0%A4%B0%E0%A5%8B%E0%A4%82-%E0%A4%95%E0%A5%87-%E0%A4%85%E0%A4%A8%E0%A5%81%E0%A4%B8%E0%A4%BE%E0%A4%B0-%E0%A4%AF%E0%A4%A6%E0%A4%BF-%E0%A4%86%E0%A4%AA%E0%A4%95%E0%A5%87-%E0%A4%A6%E0%A4%BE%E0%A4%B9%E0%A4%BF%E0%A4%A8%E0%A5%87-%E0%A4%B9%E0%A4%BE%E0%A4%A5-%E0%A4%95%E0%A5%80-%E0%A4%B9%E0%A4%A5%E0%A5%87%E0%A4%B2%E0%A5%80-%E0%A4%AE%E0%A5%87%E0%A4%82.jpg HTTP/1.1" 200 118042 "-" "Mozilla/5.0 (compatible; crawler)"
220.181.108.84 - - [20/Oct/2025:10:10:21 -0400] "GET /garbage-from-ambani-house-used-for-producing-electricity/ HTTP/1.1" 200 282584 "-" "Mozilla/5.0 (compatible; Baiduspider/2.0; +http://www.baidu.com/search/spider.html)"
116.179.37.175 - - [20/Oct/2025:10:10:29 -0400] "GET /wp-content/uploads/2019/07/img_Antilia_2019_06.jpg HTTP/1.1" 200 42322 "http://wahgazab.com/garbage-from-ambani-house-used-for-producing-electricity/" "Mozilla/5.0 (compatible; Baiduspider-render/2.0; +http://www.baidu.com/search/spider.html)"
202.174.110.119 - - [20/Oct/2025:10:10:34 -0400] "POST /wp-login.php HTTP/1.1" 200 5834 "http://wahgazab.com" "Mozilla/5.0 (Macintosh; Intel Mac OS X 14_4_1) AppleWebKit/605.1.15 (KHTML, like Gecko) Version/17.3.1 Safari/605.1.15"
34.174.29.242 - - [20/Oct/2025:10:10:51 -0400] "GET /wp-content/uploads/2017/05/giraffe1.jpg HTTP/1.1" 200 87817 "-" "Mozilla/5.0 (Windows NT 10.0; Win64; x64; rv:123.0) Gecko/20100101 Firefox/123.0"
178.20.47.39 - - [20/Oct/2025:10:10:56 -0400] "GET /bank-employee-from-pune-sets-an-example/ HTTP/1.0" 200 281137 "http://wahgazab.com/bank-employee-from-pune-sets-an-example/" "Mozilla/5.0 (Windows NT 10.0; Win64; x64) AppleWebKit/537.36 (KHTML, like Gecko) Chrome/131.0.0.0 Safari/537.36 Avast/131.0.0.0"
178.20.47.39 - - [20/Oct/2025:10:10:57 -0400] "POST /wp-comments-post.php HTTP/1.0" 302 - "http://wahgazab.com/bank-employee-from-pune-sets-an-example/" "Mozilla/5.0 (Windows NT 10.0; Win64; x64) AppleWebKit/537.36 (KHTML, like Gecko) Chrome/131.0.0.0 Safari/537.36 Avast/131.0.0.0"
178.20.47.39 - - [20/Oct/2025:10:10:58 -0400] "GET /bank-employee-from-pune-sets-an-example/ HTTP/1.0" 200 204776 "http://wahgazab.com/bank-employee-from-pune-sets-an-example/#comment-20262" "Mozilla/5.0 (Windows NT 10.0; Win64; x64) AppleWebKit/537.36 (KHTML, like Gecko) Chrome/131.0.0.0 Safari/537.36 Avast/131.0.0.0"
51.75.236.153 - - [20/Oct/2025:10:11:08 -0400] "GET /tag/corpses-are-coming-out-of-grave/ HTTP/1.1" 200 121274 "-" "Mozilla/5.0 (compatible; AhrefsBot/7.0; +http://ahrefs.com/robot/)"
52.76.105.201 - - [20/Oct/2025:10:11:20 -0400] "GET /wp-content/uploads/2018/08/img_2_2018_08.jpg HTTP/1.1" 200 42960 "-" "Mozilla/5.0 (compatible; crawler)"
216.73.216.129 - - [20/Oct/2025:10:11:34 -0400] "GET /working-in-night-shifts-is-not-healthy-for-women/why-must-use-iphone-ipad-night-shift-mode-001-720x455 HTTP/1.1" 301 - "-" "Mozilla/5.0 AppleWebKit/537.36 (KHTML, like Gecko; compatible; ClaudeBot/1.0; [email protected])"
216.73.216.129 - - [20/Oct/2025:10:11:35 -0400] "GET /people-buy-tickets-of-lakhs-to-get-a-glimpse-of-someone/pramukh-swami-maharajgurupramukh3/feed HTTP/1.1" 301 - "-" "Mozilla/5.0 AppleWebKit/537.36 (KHTML, like Gecko; compatible; ClaudeBot/1.0; [email protected])"
216.73.216.129 - - [20/Oct/2025:10:11:35 -0400] "GET /working-in-night-shifts-is-not-healthy-for-women/why-must-use-iphone-ipad-night-shift-mode-001-720x455/ HTTP/1.1" 200 122850 "http://wahgazab.com/working-in-night-shifts-is-not-healthy-for-women/why-must-use-iphone-ipad-night-shift-mode-001-720x455" "Mozilla/5.0 AppleWebKit/537.36 (KHTML, like Gecko; compatible; ClaudeBot/1.0; [email protected])"
216.73.216.129 - - [20/Oct/2025:10:11:35 -0400] "GET /people-buy-tickets-of-lakhs-to-get-a-glimpse-of-someone/pramukh-swami-maharajgurupramukh3/feed/ HTTP/1.1" 200 928 "http://wahgazab.com/people-buy-tickets-of-lakhs-to-get-a-glimpse-of-someone/pramukh-swami-maharajgurupramukh3/feed" "Mozilla/5.0 AppleWebKit/537.36 (KHTML, like Gecko; compatible; ClaudeBot/1.0; [email protected])"
216.73.216.129 - - [20/Oct/2025:10:11:36 -0400] "GET /daisy-shah-wants-to-romance-with-salman-khan/daisy-shah-with-salman6 HTTP/1.1" 301 - "-" "Mozilla/5.0 AppleWebKit/537.36 (KHTML, like Gecko; compatible; ClaudeBot/1.0; [email protected])"
216.73.216.129 - - [20/Oct/2025:10:11:36 -0400] "GET /daisy-shah-wants-to-romance-with-salman-khan/daisy-shah-with-salman6/ HTTP/1.1" 200 121839 "http://wahgazab.com/daisy-shah-wants-to-romance-with-salman-khan/daisy-shah-with-salman6" "Mozilla/5.0 AppleWebKit/537.36 (KHTML, like Gecko; compatible; ClaudeBot/1.0; [email protected])"
91.142.73.116 - - [20/Oct/2025:10:11:53 -0400] "GET /bank-employee-from-pune-sets-an-example/ HTTP/1.0" 200 281137 "http://wahgazab.com/bank-employee-from-pune-sets-an-example/#comment-22106/" "Mozilla/5.0 (Windows NT 10.0; Win64; x64) AppleWebKit/537.36 (KHTML, like Gecko) Chrome/131.0.0.0 Safari/537.36 Avast/131.0.0.0"
91.142.73.116 - - [20/Oct/2025:10:11:55 -0400] "POST /wp-comments-post.php HTTP/1.0" 302 - "http://wahgazab.com/bank-employee-from-pune-sets-an-example/#comment-22106/" "Mozilla/5.0 (Windows NT 10.0; Win64; x64) AppleWebKit/537.36 (KHTML, like Gecko) Chrome/131.0.0.0 Safari/537.36 Avast/131.0.0.0"
91.142.73.116 - - [20/Oct/2025:10:11:56 -0400] "GET /bank-employee-from-pune-sets-an-example/ HTTP/1.0" 200 212968 "http://wahgazab.com/bank-employee-from-pune-sets-an-example/#comment-20263" "Mozilla/5.0 (Windows NT 10.0; Win64; x64) AppleWebKit/537.36 (KHTML, like Gecko) Chrome/131.0.0.0 Safari/537.36 Avast/131.0.0.0"
216.73.216.129 - - [20/Oct/2025:10:12:07 -0400] "GET /ankita-has-still-few-love-left-for-sushant/sushant-s-rajput/feed HTTP/1.1" 301 - "-" "Mozilla/5.0 AppleWebKit/537.36 (KHTML, like Gecko; compatible; ClaudeBot/1.0; [email protected])"
216.73.216.129 - - [20/Oct/2025:10:12:08 -0400] "GET /ankita-has-still-few-love-left-for-sushant/sushant-s-rajput/feed/ HTTP/1.1" 200 848 "http://wahgazab.com/ankita-has-still-few-love-left-for-sushant/sushant-s-rajput/feed" "Mozilla/5.0 AppleWebKit/537.36 (KHTML, like Gecko; compatible; ClaudeBot/1.0; [email protected])"
216.73.216.129 - - [20/Oct/2025:10:12:08 -0400] "GET /things-to-take-care-of-while-getting-affectionate-to-dogs/istock_000068947339_medium_wide-d281af87008ebd62d2862a60d9394f4b37097160-s900-c85/feed HTTP/1.1" 301 - "-" "Mozilla/5.0 AppleWebKit/537.36 (KHTML, like Gecko; compatible; ClaudeBot/1.0; [email protected])"
216.73.216.129 - - [20/Oct/2025:10:12:08 -0400] "GET /?p=5242 HTTP/1.1" 301 - "-" "Mozilla/5.0 AppleWebKit/537.36 (KHTML, like Gecko; compatible; ClaudeBot/1.0; [email protected])"
216.73.216.129 - - [20/Oct/2025:10:12:08 -0400] "GET /things-to-take-care-of-while-getting-affectionate-to-dogs/istock_000068947339_medium_wide-d281af87008ebd62d2862a60d9394f4b37097160-s900-c85/feed/ HTTP/1.1" 200 1073 "http://wahgazab.com/things-to-take-care-of-while-getting-affectionate-to-dogs/istock_000068947339_medium_wide-d281af87008ebd62d2862a60d9394f4b37097160-s900-c85/feed" "Mozilla/5.0 AppleWebKit/537.36 (KHTML, like Gecko; compatible; ClaudeBot/1.0; [email protected])"
216.73.216.129 - - [20/Oct/2025:10:12:09 -0400] "GET /daisy-shah-wants-to-romance-with-salman-khan/daisy-shah-with-salman5/ HTTP/1.1" 200 122399 "http://wahgazab.com/?p=5242" "Mozilla/5.0 AppleWebKit/537.36 (KHTML, like Gecko; compatible; ClaudeBot/1.0; [email protected])"
216.73.216.129 - - [20/Oct/2025:10:12:09 -0400] "GET /daisy-shah-wants-to-romance-with-salman-khan/daisy-shah-with-salman5/feed HTTP/1.1" 301 - "-" "Mozilla/5.0 AppleWebKit/537.36 (KHTML, like Gecko; compatible; ClaudeBot/1.0; [email protected])"
216.73.216.129 - - [20/Oct/2025:10:12:10 -0400] "GET /daisy-shah-wants-to-romance-with-salman-khan/daisy-shah-with-salman5/feed/ HTTP/1.1" 200 873 "http://wahgazab.com/daisy-shah-wants-to-romance-with-salman-khan/daisy-shah-with-salman5/feed" "Mozilla/5.0 AppleWebKit/537.36 (KHTML, like Gecko; compatible; ClaudeBot/1.0; [email protected])"
216.73.216.129 - - [20/Oct/2025:10:12:30 -0400] "GET /the-historical-record-of-test-cricket-can-never-be-broken/cricket HTTP/1.1" 301 - "-" "Mozilla/5.0 AppleWebKit/537.36 (KHTML, like Gecko; compatible; ClaudeBot/1.0; [email protected])"
216.73.216.129 - - [20/Oct/2025:10:12:30 -0400] "GET /tag/baby-bumps-with-ramp-model-carol-gracias HTTP/1.1" 301 - "-" "Mozilla/5.0 AppleWebKit/537.36 (KHTML, like Gecko; compatible; ClaudeBot/1.0; [email protected])"
216.73.216.129 - - [20/Oct/2025:10:12:30 -0400] "GET /the-historical-record-of-test-cricket-can-never-be-broken/cricket/ HTTP/1.1" 200 121132 "http://wahgazab.com/the-historical-record-of-test-cricket-can-never-be-broken/cricket" "Mozilla/5.0 AppleWebKit/537.36 (KHTML, like Gecko; compatible; ClaudeBot/1.0; [email protected])"
216.73.216.129 - - [20/Oct/2025:10:12:31 -0400] "GET /tag/baby-bumps-with-ramp-model-carol-gracias/ HTTP/1.1" 200 122415 "http://wahgazab.com/tag/baby-bumps-with-ramp-model-carol-gracias" "Mozilla/5.0 AppleWebKit/537.36 (KHTML, like Gecko; compatible; ClaudeBot/1.0; [email protected])"
216.73.216.129 - - [20/Oct/2025:10:12:32 -0400] "GET /women-getting-crazy-for-these-saree-sale-where-a-saree-costs-a-rupee/shaadi-in-one-rupee HTTP/1.1" 301 - "-" "Mozilla/5.0 AppleWebKit/537.36 (KHTML, like Gecko; compatible; ClaudeBot/1.0; [email protected])"
216.73.216.129 - - [20/Oct/2025:10:12:32 -0400] "GET /things-to-take-care-of-while-getting-affectionate-to-dogs/dog_love-671x470 HTTP/1.1" 301 - "-" "Mozilla/5.0 AppleWebKit/537.36 (KHTML, like Gecko; compatible; ClaudeBot/1.0; [email protected])"
216.73.216.129 - - [20/Oct/2025:10:12:32 -0400] "GET /women-getting-crazy-for-these-saree-sale-where-a-saree-costs-a-rupee/shaadi-in-one-rupee/ HTTP/1.1" 200 121978 "http://wahgazab.com/women-getting-crazy-for-these-saree-sale-where-a-saree-costs-a-rupee/shaadi-in-one-rupee" "Mozilla/5.0 AppleWebKit/537.36 (KHTML, like Gecko; compatible; ClaudeBot/1.0; [email protected])"
216.73.216.129 - - [20/Oct/2025:10:12:33 -0400] "GET /things-to-take-care-of-while-getting-affectionate-to-dogs/dog_love-671x470/ HTTP/1.1" 200 121781 "http://wahgazab.com/things-to-take-care-of-while-getting-affectionate-to-dogs/dog_love-671x470" "Mozilla/5.0 AppleWebKit/537.36 (KHTML, like Gecko; compatible; ClaudeBot/1.0; [email protected])"
178.20.47.39 - - [20/Oct/2025:10:12:33 -0400] "GET /bank-employee-from-pune-sets-an-example/ HTTP/1.0" 200 281138 "http://wahgazab.com/bank-employee-from-pune-sets-an-example/" "Mozilla/5.0 (Windows NT 10.0; Win64; x64) AppleWebKit/537.36 (KHTML, like Gecko) Chrome/130.0.0.0 Safari/537.36"
178.20.47.39 - - [20/Oct/2025:10:12:35 -0400] "POST /wp-comments-post.php HTTP/1.0" 302 - "http://wahgazab.com/bank-employee-from-pune-sets-an-example/" "Mozilla/5.0 (Windows NT 10.0; Win64; x64) AppleWebKit/537.36 (KHTML, like Gecko) Chrome/130.0.0.0 Safari/537.36"
178.20.47.39 - - [20/Oct/2025:10:12:36 -0400] "GET /bank-employee-from-pune-sets-an-example/ HTTP/1.0" 200 204776 "http://wahgazab.com/bank-employee-from-pune-sets-an-example/#comment-20264" "Mozilla/5.0 (Windows NT 10.0; Win64; x64) AppleWebKit/537.36 (KHTML, like Gecko) Chrome/130.0.0.0 Safari/537.36"
178.20.47.39 - - [20/Oct/2025:10:12:59 -0400] "GET /bank-employee-from-pune-sets-an-example/ HTTP/1.0" 200 281137 "http://wahgazab.com/bank-employee-from-pune-sets-an-example/" "Mozilla/5.0 (Windows NT 10.0; Win64; x64) AppleWebKit/537.36 (KHTML, like Gecko) Chrome/129.0.0.0 Safari/537.36"
178.20.47.39 - - [20/Oct/2025:10:13:03 -0400] "POST /wp-comments-post.php HTTP/1.0" 302 - "http://wahgazab.com/bank-employee-from-pune-sets-an-example/" "Mozilla/5.0 (Windows NT 10.0; Win64; x64) AppleWebKit/537.36 (KHTML, like Gecko) Chrome/129.0.0.0 Safari/537.36"
178.20.47.39 - - [20/Oct/2025:10:13:04 -0400] "GET /bank-employee-from-pune-sets-an-example/ HTTP/1.0" 200 204776 "http://wahgazab.com/bank-employee-from-pune-sets-an-example/#comment-20265" "Mozilla/5.0 (Windows NT 10.0; Win64; x64) AppleWebKit/537.36 (KHTML, like Gecko) Chrome/129.0.0.0 Safari/537.36"
92.222.108.121 - - [20/Oct/2025:10:13:14 -0400] "GET /tag/rajbli-declared-deceased/ HTTP/1.1" 200 121568 "-" "Mozilla/5.0 (compatible; AhrefsBot/7.0; +http://ahrefs.com/robot/)"
185.25.117.32 - - [20/Oct/2025:10:13:58 -0400] "POST /wp-login.php HTTP/1.1" 200 5834 "http://wahgazab.com" "Mozilla/5.0 (Macintosh; Intel Mac OS X 10_15_7; rv:128.0) Gecko/20100101 Firefox/128.0"
66.249.79.170 - - [20/Oct/2025:10:14:02 -0400] "GET /tag/cartoon-of-freida/feed/ HTTP/1.1" 200 7572 "-" "Mozilla/5.0 (Linux; Android 6.0.1; Nexus 5X Build/MMB29P) AppleWebKit/537.36 (KHTML, like Gecko) Chrome/140.0.7339.207 Mobile Safari/537.36 (compatible; GoogleOther)"
209.141.61.31 - - [20/Oct/2025:10:14:23 -0400] "POST /wp-login.php HTTP/1.1" 200 5886 "-" "Mozilla/5.0 (X11; Linux x86_64) AppleWebKit/537.36 (KHTML, like Gecko) Ubuntu Chromium/34.0.1847.116 Chrome/34.0.1847.116 Safari/537.36"
216.244.66.247 - - [20/Oct/2025:10:14:35 -0400] "GET /robots.txt HTTP/1.1" 200 112 "-" "Mozilla/5.0 (compatible; DotBot/1.2; +https://opensiteexplorer.org/dotbot; [email protected])"
216.73.216.129 - - [20/Oct/2025:10:14:41 -0400] "GET /things-to-take-care-of-while-getting-affectionate-to-dogs/doggy/feed HTTP/1.1" 301 - "-" "Mozilla/5.0 AppleWebKit/537.36 (KHTML, like Gecko; compatible; ClaudeBot/1.0; [email protected])"
216.73.216.129 - - [20/Oct/2025:10:14:42 -0400] "GET /patanjali-noodles-were-launched-on-kader-khans-birthday/ramdev-maggi HTTP/1.1" 301 - "-" "Mozilla/5.0 AppleWebKit/537.36 (KHTML, like Gecko; compatible; ClaudeBot/1.0; [email protected])"
216.73.216.129 - - [20/Oct/2025:10:14:42 -0400] "GET /things-to-take-care-of-while-getting-affectionate-to-dogs/doggy/feed/ HTTP/1.1" 200 845 "http://wahgazab.com/things-to-take-care-of-while-getting-affectionate-to-dogs/doggy/feed" "Mozilla/5.0 AppleWebKit/537.36 (KHTML, like Gecko; compatible; ClaudeBot/1.0; [email protected])"
216.73.216.129 - - [20/Oct/2025:10:14:42 -0400] "GET /patanjali-noodles-were-launched-on-kader-khans-birthday/ramdev-maggi/ HTTP/1.1" 200 121696 "http://wahgazab.com/patanjali-noodles-were-launched-on-kader-khans-birthday/ramdev-maggi" "Mozilla/5.0 AppleWebKit/537.36 (KHTML, like Gecko; compatible; ClaudeBot/1.0; [email protected])"
216.73.216.129 - - [20/Oct/2025:10:14:43 -0400] "GET /kejriwal-wore-muffler-is-it-onset-of-winter/car-free-day3/feed HTTP/1.1" 301 - "-" "Mozilla/5.0 AppleWebKit/537.36 (KHTML, like Gecko; compatible; ClaudeBot/1.0; [email protected])"
216.73.216.129 - - [20/Oct/2025:10:14:43 -0400] "GET /kejriwal-wore-muffler-is-it-onset-of-winter/car-free-day3/feed/ HTTP/1.1" 200 841 "http://wahgazab.com/kejriwal-wore-muffler-is-it-onset-of-winter/car-free-day3/feed" "Mozilla/5.0 AppleWebKit/537.36 (KHTML, like Gecko; compatible; ClaudeBot/1.0; [email protected])"
216.73.216.129 - - [20/Oct/2025:10:14:44 -0400] "GET /giriraj-disclosed-nitishs-love-for-black-magic/giriraj-singh/feed HTTP/1.1" 301 - "-" "Mozilla/5.0 AppleWebKit/537.36 (KHTML, like Gecko; compatible; ClaudeBot/1.0; [email protected])"
216.73.216.129 - - [20/Oct/2025:10:14:44 -0400] "GET /giriraj-disclosed-nitishs-love-for-black-magic/giriraj-singh/feed/ HTTP/1.1" 200 847 "http://wahgazab.com/giriraj-disclosed-nitishs-love-for-black-magic/giriraj-singh/feed" "Mozilla/5.0 AppleWebKit/537.36 (KHTML, like Gecko; compatible; ClaudeBot/1.0; [email protected])"
216.73.216.129 - - [20/Oct/2025:10:15:02 -0400] "GET /shameful-humanity-exposed-again-at-this-deed-with-a-dog HTTP/1.1" 301 - "-" "Mozilla/5.0 AppleWebKit/537.36 (KHTML, like Gecko; compatible; ClaudeBot/1.0; [email protected])"
216.73.216.129 - - [20/Oct/2025:10:15:02 -0400] "GET /ankita-has-still-few-love-left-for-sushant/1-538 HTTP/1.1" 301 - "-" "Mozilla/5.0 AppleWebKit/537.36 (KHTML, like Gecko; compatible; ClaudeBot/1.0; [email protected])"
216.73.216.129 - - [20/Oct/2025:10:15:02 -0400] "GET /shameful-humanity-exposed-again-at-this-deed-with-a-dog/ HTTP/1.1" 200 278249 "http://wahgazab.com/shameful-humanity-exposed-again-at-this-deed-with-a-dog" "Mozilla/5.0 AppleWebKit/537.36 (KHTML, like Gecko; compatible; ClaudeBot/1.0; [email protected])"
216.73.216.129 - - [20/Oct/2025:10:15:03 -0400] "GET /ankita-has-still-few-love-left-for-sushant/1-538/ HTTP/1.1" 200 121488 "http://wahgazab.com/ankita-has-still-few-love-left-for-sushant/1-538" "Mozilla/5.0 AppleWebKit/537.36 (KHTML, like Gecko; compatible; ClaudeBot/1.0; [email protected])"
216.73.216.129 - - [20/Oct/2025:10:15:04 -0400] "GET /working-in-night-shifts-is-not-healthy-for-women/night-shifttt/feed HTTP/1.1" 301 - "-" "Mozilla/5.0 AppleWebKit/537.36 (KHTML, like Gecko; compatible; ClaudeBot/1.0; [email protected])"
216.73.216.129 - - [20/Oct/2025:10:15:05 -0400] "GET /women-getting-crazy-for-these-saree-sale-where-a-saree-costs-a-rupee/shaadi-in-one-rupee1/feed HTTP/1.1" 301 - "-" "Mozilla/5.0 AppleWebKit/537.36 (KHTML, like Gecko; compatible; ClaudeBot/1.0; [email protected])"
216.73.216.129 - - [20/Oct/2025:10:15:05 -0400] "GET /working-in-night-shifts-is-not-healthy-for-women/night-shifttt/feed/ HTTP/1.1" 200 851 "http://wahgazab.com/working-in-night-shifts-is-not-healthy-for-women/night-shifttt/feed" "Mozilla/5.0 AppleWebKit/537.36 (KHTML, like Gecko; compatible; ClaudeBot/1.0; [email protected])"
216.73.216.129 - - [20/Oct/2025:10:15:05 -0400] "GET /women-getting-crazy-for-these-saree-sale-where-a-saree-costs-a-rupee/shaadi-in-one-rupee1/feed/ HTTP/1.1" 200 912 "http://wahgazab.com/women-getting-crazy-for-these-saree-sale-where-a-saree-costs-a-rupee/shaadi-in-one-rupee1/feed" "Mozilla/5.0 AppleWebKit/537.36 (KHTML, like Gecko; compatible; ClaudeBot/1.0; [email protected])"
37.59.204.155 - - [20/Oct/2025:10:15:09 -0400] "GET /tag/azamgarh/ HTTP/1.1" 200 121440 "-" "Mozilla/5.0 (compatible; AhrefsBot/7.0; +http://ahrefs.com/robot/)"
116.179.32.176 - - [20/Oct/2025:10:15:39 -0400] "GET /mobile-sharpens-your-mind/ HTTP/1.1" 200 280831 "-" "Mozilla/5.0 (compatible; Baiduspider/2.0; +http://www.baidu.com/search/spider.html)"
116.179.37.109 - - [20/Oct/2025:10:15:44 -0400] "GET /wp-content/uploads/2016/02/mobile2.jpg HTTP/1.1" 200 68260 "http://wahgazab.com/mobile-sharpens-your-mind/" "Mozilla/5.0 (compatible; Baiduspider-render/2.0; +http://www.baidu.com/search/spider.html)"
116.179.37.220 - - [20/Oct/2025:10:15:44 -0400] "GET /wp-content/uploads/2016/02/cover47.jpg HTTP/1.1" 200 79105 "http://wahgazab.com/mobile-sharpens-your-mind/" "Mozilla/5.0 (compatible; Baiduspider-render/2.0; +http://www.baidu.com/search/spider.html)"
66.249.79.168 - - [20/Oct/2025:10:16:03 -0400] "GET /advantages-of-having-sex/sex2/ HTTP/1.1" 301 - "-" "Mozilla/5.0 (Linux; Android 6.0.1; Nexus 5X Build/MMB29P) AppleWebKit/537.36 (KHTML, like Gecko) Chrome/140.0.7339.207 Mobile Safari/537.36 (compatible; Googlebot/2.1; +http://www.google.com/bot.html)"
66.249.79.168 - - [20/Oct/2025:10:16:04 -0400] "GET /sex2/ HTTP/1.1" 200 120239 "-" "Mozilla/5.0 (Linux; Android 6.0.1; Nexus 5X Build/MMB29P) AppleWebKit/537.36 (KHTML, like Gecko) Chrome/140.0.7339.207 Mobile Safari/537.36 (compatible; Googlebot/2.1; +http://www.google.com/bot.html)"
104.244.76.157 - - [20/Oct/2025:10:16:06 -0400] "GET /wp-login.php HTTP/1.1" 200 5415 "-" "Mozilla/5.0 (Macintosh; Intel Mac OS X 10_9_2) AppleWebKit/537.75.14 (KHTML, like Gecko) Version/7.0.3 Safari/537.75.14"
104.244.76.157 - - [20/Oct/2025:10:16:07 -0400] "POST /wp-login.php HTTP/1.1" 200 5886 "-" "Mozilla/5.0 (Macintosh; Intel Mac OS X 10_9_2) AppleWebKit/537.75.14 (KHTML, like Gecko) Version/7.0.3 Safari/537.75.14"
57.141.0.11 - - [20/Oct/2025:10:16:57 -0400] "GET /tag/why-dont-birds-get-electrocuted-when-they-stand-on-power-lines/ HTTP/1.1" 200 122453 "-" "meta-externalagent/1.1 (+https://developers.facebook.com/docs/sharing/webmasters/crawler)"
92.222.108.118 - - [20/Oct/2025:10:17:04 -0400] "GET /tag/fir-sun-news/ HTTP/1.1" 200 121806 "-" "Mozilla/5.0 (compatible; AhrefsBot/7.0; +http://ahrefs.com/robot/)"
146.190.140.214 - - [20/Oct/2025:10:17:24 -0400] "POST /wp-login.php HTTP/1.1" 200 5834 "http://wahgazab.com" "Mozilla/5.0 (Windows NT 10.0; Win64; x64) AppleWebKit/537.36 (KHTML, like Gecko) Chrome/115.0.5790.102 Safari/537.36"
216.73.216.129 - - [20/Oct/2025:10:17:47 -0400] "GET /10-days-after-the-death-the-woman-gave-birth-to-the-child HTTP/1.1" 301 - "-" "Mozilla/5.0 AppleWebKit/537.36 (KHTML, like Gecko; compatible; ClaudeBot/1.0; [email protected])"
216.73.216.129 - - [20/Oct/2025:10:17:48 -0400] "GET /10-days-after-the-death-the-woman-gave-birth-to-the-child/ HTTP/1.1" 200 285026 "http://wahgazab.com/10-days-after-the-death-the-woman-gave-birth-to-the-child" "Mozilla/5.0 AppleWebKit/537.36 (KHTML, like Gecko; compatible; ClaudeBot/1.0; [email protected])"
216.73.216.129 - - [20/Oct/2025:10:17:49 -0400] "GET /prabhu-helped-a-girl-meet-her-parents-through-twitter HTTP/1.1" 301 - "-" "Mozilla/5.0 AppleWebKit/537.36 (KHTML, like Gecko; compatible; ClaudeBot/1.0; [email protected])"
216.73.216.129 - - [20/Oct/2025:10:17:49 -0400] "GET /here-is-why-pakistan-celebrates-its-independence-a-day-before-indian-independence HTTP/1.1" 301 - "-" "Mozilla/5.0 AppleWebKit/537.36 (KHTML, like Gecko; compatible; ClaudeBot/1.0; [email protected])"
216.73.216.129 - - [20/Oct/2025:10:17:49 -0400] "GET /prabhu-helped-a-girl-meet-her-parents-through-twitter/ HTTP/1.1" 200 284537 "http://wahgazab.com/prabhu-helped-a-girl-meet-her-parents-through-twitter" "Mozilla/5.0 AppleWebKit/537.36 (KHTML, like Gecko; compatible; ClaudeBot/1.0; [email protected])"
216.73.216.129 - - [20/Oct/2025:10:17:50 -0400] "GET /here-is-why-pakistan-celebrates-its-independence-a-day-before-indian-independence/ HTTP/1.1" 200 283928 "http://wahgazab.com/here-is-why-pakistan-celebrates-its-independence-a-day-before-indian-independence" "Mozilla/5.0 AppleWebKit/537.36 (KHTML, like Gecko; compatible; ClaudeBot/1.0; [email protected])"
66.249.79.170 - - [20/Oct/2025:10:18:06 -0400] "GET /this-medicine-considered-as-goddess-brahmacharini/?amp HTTP/1.1" 200 284984 "-" "Mozilla/5.0 (Linux; Android 6.0.1; Nexus 5X Build/MMB29P) AppleWebKit/537.36 (KHTML, like Gecko) Chrome/140.0.7339.207 Mobile Safari/537.36 (compatible; Googlebot/2.1; +http://www.google.com/bot.html)"
216.73.216.129 - - [20/Oct/2025:10:18:13 -0400] "GET /women-have-fight-over-water-in-delhi/women-have-fight-over-water-in-delhi-2 HTTP/1.1" 301 - "-" "Mozilla/5.0 AppleWebKit/537.36 (KHTML, like Gecko; compatible; ClaudeBot/1.0; [email protected])"
216.73.216.129 - - [20/Oct/2025:10:18:13 -0400] "GET /women-have-fight-over-water-in-delhi/women-have-fight-over-water-in-delhi-2/ HTTP/1.1" 200 122107 "http://wahgazab.com/women-have-fight-over-water-in-delhi/women-have-fight-over-water-in-delhi-2" "Mozilla/5.0 AppleWebKit/537.36 (KHTML, like Gecko; compatible; ClaudeBot/1.0; [email protected])"
216.73.216.129 - - [20/Oct/2025:10:18:14 -0400] "GET /tag/woman-disappears-news HTTP/1.1" 301 - "-" "Mozilla/5.0 AppleWebKit/537.36 (KHTML, like Gecko; compatible; ClaudeBot/1.0; [email protected])"
216.73.216.129 - - [20/Oct/2025:10:18:14 -0400] "GET /tag/woman-disappears-news/ HTTP/1.1" 200 122044 "http://wahgazab.com/tag/woman-disappears-news" "Mozilla/5.0 AppleWebKit/537.36 (KHTML, like Gecko; compatible; ClaudeBot/1.0; [email protected])"
216.73.216.129 - - [20/Oct/2025:10:18:15 -0400] "GET /women-have-fight-over-water-in-delhi/women-have-fight-over-water-in-delhi-jpg1/feed HTTP/1.1" 301 - "-" "Mozilla/5.0 AppleWebKit/537.36 (KHTML, like Gecko; compatible; ClaudeBot/1.0; [email protected])"
216.73.216.129 - - [20/Oct/2025:10:18:15 -0400] "GET /women-have-fight-over-water-in-delhi/women-have-fight-over-water-in-delhi-jpg1/feed/ HTTP/1.1" 200 911 "http://wahgazab.com/women-have-fight-over-water-in-delhi/women-have-fight-over-water-in-delhi-jpg1/feed" "Mozilla/5.0 AppleWebKit/537.36 (KHTML, like Gecko; compatible; ClaudeBot/1.0; [email protected])"
216.73.216.129 - - [20/Oct/2025:10:18:16 -0400] "GET /tag/azhar-maqsusi HTTP/1.1" 301 - "-" "Mozilla/5.0 AppleWebKit/537.36 (KHTML, like Gecko; compatible; ClaudeBot/1.0; [email protected])"
216.73.216.129 - - [20/Oct/2025:10:18:16 -0400] "GET /tag/azhar-maqsusi/ HTTP/1.1" 200 121623 "http://wahgazab.com/tag/azhar-maqsusi" "Mozilla/5.0 AppleWebKit/537.36 (KHTML, like Gecko; compatible; ClaudeBot/1.0; [email protected])"
66.249.79.168 - - [20/Oct/2025:10:19:08 -0400] "GET /chandragupta-pratham-became-emperor-of-patliputra/?noamp=mobile& HTTP/1.1" 200 284657 "-" "Mozilla/5.0 (Linux; Android 6.0.1; Nexus 5X Build/MMB29P) AppleWebKit/537.36 (KHTML, like Gecko) Chrome/140.0.7339.207 Mobile Safari/537.36 (compatible; Googlebot/2.1; +http://www.google.com/bot.html)"
57.141.0.33 - - [20/Oct/2025:10:19:08 -0400] "GET /tag/an-8-years-old-girl-was-sexually-assaulted-by-six-men/ HTTP/1.1" 200 121828 "-" "meta-externalagent/1.1 (+https://developers.facebook.com/docs/sharing/webmasters/crawler)"
92.222.104.197 - - [20/Oct/2025:10:19:14 -0400] "GET /wishing-lara-dutta-a-very-happy-birthday/feed/ HTTP/1.1" 200 1013 "-" "Mozilla/5.0 (compatible; AhrefsBot/7.0; +http://ahrefs.com/robot/)"
216.73.216.129 - - [20/Oct/2025:10:20:34 -0400] "GET /shrimad-bhagwat-geeta-has-got-the-solutions-to-all-your-problems/shrimad-bhagwat-geetabhagwat-geetalessons-from-the-bhagavad-gitalord-krishna HTTP/1.1" 301 - "-" "Mozilla/5.0 AppleWebKit/537.36 (KHTML, like Gecko; compatible; ClaudeBot/1.0; [email protected])"
216.73.216.129 - - [20/Oct/2025:10:20:34 -0400] "GET /shrimad-bhagwat-geeta-has-got-the-solutions-to-all-your-problems/shrimad-bhagwat-geetabhagwat-geetalessons-from-the-bhagavad-gitalord-krishna/ HTTP/1.1" 200 123128 "http://wahgazab.com/shrimad-bhagwat-geeta-has-got-the-solutions-to-all-your-problems/shrimad-bhagwat-geetabhagwat-geetalessons-from-the-bhagavad-gitalord-krishna" "Mozilla/5.0 AppleWebKit/537.36 (KHTML, like Gecko; compatible; ClaudeBot/1.0; [email protected])"
216.73.216.129 - - [20/Oct/2025:10:20:35 -0400] "GET /withdrawing-pf-money-got-easier/pf1/feed HTTP/1.1" 301 - "-" "Mozilla/5.0 AppleWebKit/537.36 (KHTML, like Gecko; compatible; ClaudeBot/1.0; [email protected])"
216.73.216.129 - - [20/Oct/2025:10:20:35 -0400] "GET /withdrawing-pf-money-got-easier/pf1/feed/ HTTP/1.1" 200 787 "http://wahgazab.com/withdrawing-pf-money-got-easier/pf1/feed" "Mozilla/5.0 AppleWebKit/537.36 (KHTML, like Gecko; compatible; ClaudeBot/1.0; [email protected])"
216.73.216.129 - - [20/Oct/2025:10:20:36 -0400] "GET /these-unseen-weird-animals-all-around-the-world/bizarre-animals2/feed HTTP/1.1" 301 - "-" "Mozilla/5.0 AppleWebKit/537.36 (KHTML, like Gecko; compatible; ClaudeBot/1.0; [email protected])"
