135.181.137.59 - - [20/Oct/2025:17:25:54 -0400] "GET /see-this-hilarious-video-of-a-bride-crying-on-her-farewell/ HTTP/1.1" 200 282443 "http://wahgazab.com/category/videos/" "Mozilla/5.0 (compatible; SeekportBot; +https://bot.seekport.com)"
135.181.137.59 - - [20/Oct/2025:17:25:56 -0400] "GET /why-the-bride-sits-on-the-left-side-of-the-groom-during-the-wedding/ HTTP/1.1" 200 286201 "http://wahgazab.com/category/relationship-tips/" "Mozilla/5.0 (compatible; SeekportBot; +https://bot.seekport.com)"
135.181.137.59 - - [20/Oct/2025:17:25:57 -0400] "GET /indian-celebs-with-the-most-expensive-cars/ HTTP/1.1" 200 285309 "http://wahgazab.com/category/jeevan-mantra/" "Mozilla/5.0 (compatible; SeekportBot; +https://bot.seekport.com)"
135.181.137.59 - - [20/Oct/2025:17:25:59 -0400] "GET /try-these-tips-to-avoid-any-false-case-imposed-by-police/ HTTP/1.1" 200 284718 "http://wahgazab.com/category/crime/" "Mozilla/5.0 (compatible; SeekportBot; +https://bot.seekport.com)"
135.181.137.59 - - [20/Oct/2025:17:26:01 -0400] "GET /know-about-the-nipah-virus-and-its-prevention-methods/ HTTP/1.1" 200 284831 "http://wahgazab.com/category/beauty-fitness/" "Mozilla/5.0 (compatible; SeekportBot; +https://bot.seekport.com)"
135.181.137.59 - - [20/Oct/2025:17:26:02 -0400] "GET /know-what-do-girls-expect-in-love-from-guys/ HTTP/1.1" 200 285714 "http://wahgazab.com/category/relationship-tips/" "Mozilla/5.0 (compatible; SeekportBot; +https://bot.seekport.com)"
135.181.137.59 - - [20/Oct/2025:17:26:04 -0400] "GET /see-the-viral-video-of-obscene-dance-in-tribute-assemble-of-an-elderly-man/ HTTP/1.1" 200 281290 "http://wahgazab.com/category/videos/" "Mozilla/5.0 (compatible; SeekportBot; +https://bot.seekport.com)"
135.181.137.59 - - [20/Oct/2025:17:26:06 -0400] "GET /garbage-from-ambani-house-used-for-producing-electricity/ HTTP/1.1" 200 282585 "http://wahgazab.com/category/jeevan-mantra/" "Mozilla/5.0 (compatible; SeekportBot; +https://bot.seekport.com)"
135.181.137.59 - - [20/Oct/2025:17:26:07 -0400] "GET /girls-like-these-boys-more/ HTTP/1.1" 200 285244 "http://wahgazab.com/category/relationship-tips/" "Mozilla/5.0 (compatible; SeekportBot; +https://bot.seekport.com)"
135.181.137.59 - - [20/Oct/2025:17:26:09 -0400] "GET /study-says-men-get-mature-after-forty/ HTTP/1.1" 200 282173 "http://wahgazab.com/category/funny-news/" "Mozilla/5.0 (compatible; SeekportBot; +https://bot.seekport.com)"
135.181.137.59 - - [20/Oct/2025:17:26:10 -0400] "GET /category/crime/page/2/ HTTP/1.1" 200 200241 "http://wahgazab.com/category/crime/" "Mozilla/5.0 (compatible; SeekportBot; +https://bot.seekport.com)"
135.181.137.59 - - [20/Oct/2025:17:26:12 -0400] "GET /keep-these-things-in-mind-to-protect-yourself-from-diseases-in-summer/ HTTP/1.1" 200 284031 "http://wahgazab.com/category/beauty-fitness/" "Mozilla/5.0 (compatible; SeekportBot; +https://bot.seekport.com)"
135.181.137.59 - - [20/Oct/2025:17:26:14 -0400] "GET /category/crime/page/3/ HTTP/1.1" 200 200087 "http://wahgazab.com/category/crime/" "Mozilla/5.0 (compatible; SeekportBot; +https://bot.seekport.com)"
135.181.137.59 - - [20/Oct/2025:17:26:14 -0400] "GET /thieves-did-dance-before-stealing-see-viral-video/ HTTP/1.1" 200 281482 "http://wahgazab.com/category/videos/" "Mozilla/5.0 (compatible; SeekportBot; +https://bot.seekport.com)"
135.181.137.59 - - [20/Oct/2025:17:26:15 -0400] "GET /category/crime/page/35/ HTTP/1.1" 200 192635 "http://wahgazab.com/category/crime/" "Mozilla/5.0 (compatible; SeekportBot; +https://bot.seekport.com)"
135.181.137.59 - - [20/Oct/2025:17:26:17 -0400] "GET /ape-taking-lessons-for-past-a-few-days-in-this-school/ HTTP/1.1" 200 282437 "http://wahgazab.com/category/funny-news/" "Mozilla/5.0 (compatible; SeekportBot; +https://bot.seekport.com)"
135.181.137.59 - - [20/Oct/2025:17:26:19 -0400] "GET /iconic-yoga-teachers-in-india/ HTTP/1.1" 200 291491 "http://wahgazab.com/category/jeevan-mantra/" "Mozilla/5.0 (compatible; SeekportBot; +https://bot.seekport.com)"
135.181.137.59 - - [20/Oct/2025:17:26:20 -0400] "GET /this-juice-to-enhance-your-body-power/ HTTP/1.1" 200 283517 "http://wahgazab.com/category/relationship-tips/" "Mozilla/5.0 (compatible; SeekportBot; +https://bot.seekport.com)"
135.181.137.59 - - [20/Oct/2025:17:26:22 -0400] "GET /under-this-government-scheme-an-sms-will-be-able-to-detect-fake-drug/ HTTP/1.1" 200 282320 "http://wahgazab.com/category/beauty-fitness/" "Mozilla/5.0 (compatible; SeekportBot; +https://bot.seekport.com)"
135.181.137.59 - - [20/Oct/2025:17:26:23 -0400] "GET /all-were-amazed-to-see-the-woman-when-her-makeup-was-removed/ HTTP/1.1" 200 281474 "http://wahgazab.com/category/videos/" "Mozilla/5.0 (compatible; SeekportBot; +https://bot.seekport.com)"
135.181.137.59 - - [20/Oct/2025:17:26:25 -0400] "GET /political-funny-memes/ HTTP/1.1" 200 287396 "http://wahgazab.com/category/funny-news/" "Mozilla/5.0 (compatible; SeekportBot; +https://bot.seekport.com)"
135.181.137.59 - - [20/Oct/2025:17:26:26 -0400] "GET /egyptian-princess-cleopatra-betrayed-so-many-emperors-with-her-sheer-beauty/ HTTP/1.1" 200 294242 "http://wahgazab.com/category/jeevan-mantra/" "Mozilla/5.0 (compatible; SeekportBot; +https://bot.seekport.com)"
135.181.137.59 - - [20/Oct/2025:17:26:28 -0400] "GET /here-are-some-weirdest-laws-all-around-the-world/ HTTP/1.1" 200 287300 "http://wahgazab.com/category/relationship-tips/" "Mozilla/5.0 (compatible; SeekportBot; +https://bot.seekport.com)"
135.181.137.59 - - [20/Oct/2025:17:26:29 -0400] "GET /men-who-want-to-look-attractive-should-adopt-these-tips/ HTTP/1.1" 200 286593 "http://wahgazab.com/category/beauty-fitness/" "Mozilla/5.0 (compatible; SeekportBot; +https://bot.seekport.com)"
135.181.137.59 - - [20/Oct/2025:17:26:31 -0400] "GET /category/videos/page/2/ HTTP/1.1" 200 200244 "http://wahgazab.com/category/videos/" "Mozilla/5.0 (compatible; SeekportBot; +https://bot.seekport.com)"
135.181.137.59 - - [20/Oct/2025:17:26:33 -0400] "GET /category/videos/page/3/ HTTP/1.1" 200 200462 "http://wahgazab.com/category/videos/" "Mozilla/5.0 (compatible; SeekportBot; +https://bot.seekport.com)"
135.181.137.59 - - [20/Oct/2025:17:26:34 -0400] "GET /funny-pics-which-make-you-laugh-hard/ HTTP/1.1" 200 285934 "http://wahgazab.com/category/funny-news/" "Mozilla/5.0 (compatible; SeekportBot; +https://bot.seekport.com)"
135.181.137.59 - - [20/Oct/2025:17:26:36 -0400] "GET /category/videos/page/85/ HTTP/1.1" 200 188517 "http://wahgazab.com/category/videos/" "Mozilla/5.0 (compatible; SeekportBot; +https://bot.seekport.com)"
135.181.137.59 - - [20/Oct/2025:17:26:37 -0400] "GET /this-rcb-fan-girl-goes-viral-overnight/ HTTP/1.1" 200 282192 "http://wahgazab.com/category/jeevan-mantra/" "Mozilla/5.0 (compatible; SeekportBot; +https://bot.seekport.com)"
135.181.137.59 - - [20/Oct/2025:17:26:39 -0400] "GET /what-is-in-the-mind-of-people-who-go-through-betrayal-phase-in-love/ HTTP/1.1" 200 281642 "http://wahgazab.com/category/relationship-tips/" "Mozilla/5.0 (compatible; SeekportBot; +https://bot.seekport.com)"
135.181.137.59 - - [20/Oct/2025:17:26:40 -0400] "GET /know-the-benefits-of-rubbing-onion-on-your-hands/ HTTP/1.1" 200 283620 "http://wahgazab.com/category/beauty-fitness/" "Mozilla/5.0 (compatible; SeekportBot; +https://bot.seekport.com)"
135.181.137.59 - - [20/Oct/2025:17:26:42 -0400] "GET /hilariously-timed-pics/ HTTP/1.1" 200 288897 "http://wahgazab.com/category/funny-news/" "Mozilla/5.0 (compatible; SeekportBot; +https://bot.seekport.com)"
135.181.137.59 - - [20/Oct/2025:17:26:43 -0400] "GET /sonal-kapoor-opens-ngo-at-the-age-of-23-to-give-another-life-to-helpless-kids/ HTTP/1.1" 200 286248 "http://wahgazab.com/category/jeevan-mantra/" "Mozilla/5.0 (compatible; SeekportBot; +https://bot.seekport.com)"
135.181.137.59 - - [20/Oct/2025:17:26:45 -0400] "GET /how-to-say-no-to-your-partner-to-make-physical-relations-2/ HTTP/1.1" 200 281274 "http://wahgazab.com/category/relationship-tips/" "Mozilla/5.0 (compatible; SeekportBot; +https://bot.seekport.com)"
135.181.137.59 - - [20/Oct/2025:17:26:46 -0400] "GET /category/beauty-fitness/page/2/ HTTP/1.1" 200 201649 "http://wahgazab.com/category/beauty-fitness/" "Mozilla/5.0 (compatible; SeekportBot; +https://bot.seekport.com)"
5.39.109.187 - - [20/Oct/2025:17:26:47 -0400] "GET /wp-content/uploads/2017/03/child.jpg HTTP/1.1" 200 55045 "-" "Mozilla/5.0 (compatible; AhrefsBot/7.0; +http://ahrefs.com/robot/)"
135.181.137.59 - - [20/Oct/2025:17:26:48 -0400] "GET /category/beauty-fitness/page/3/ HTTP/1.1" 200 200264 "http://wahgazab.com/category/beauty-fitness/" "Mozilla/5.0 (compatible; SeekportBot; +https://bot.seekport.com)"
135.181.137.59 - - [20/Oct/2025:17:26:49 -0400] "GET /category/beauty-fitness/page/27/ HTTP/1.1" 200 185427 "http://wahgazab.com/category/beauty-fitness/" "Mozilla/5.0 (compatible; SeekportBot; +https://bot.seekport.com)"
135.181.137.59 - - [20/Oct/2025:17:26:51 -0400] "GET /brides-elopes-with-the-pujari/ HTTP/1.1" 200 281272 "http://wahgazab.com/category/funny-news/" "Mozilla/5.0 (compatible; SeekportBot; +https://bot.seekport.com)"
135.181.137.59 - - [20/Oct/2025:17:26:52 -0400] "GET /these-changes-in-body-are-signs-of-approaching-death/ HTTP/1.1" 200 285327 "http://wahgazab.com/category/jeevan-mantra/" "Mozilla/5.0 (compatible; SeekportBot; +https://bot.seekport.com)"
135.181.137.59 - - [20/Oct/2025:17:26:53 -0400] "GET /how-to-find-out-the-commitment-of-your-partner-towards-you/ HTTP/1.1" 200 283149 "http://wahgazab.com/category/relationship-tips/" "Mozilla/5.0 (compatible; SeekportBot; +https://bot.seekport.com)"
135.181.137.59 - - [20/Oct/2025:17:26:55 -0400] "GET /funny-memes-about-modi-flooded-all-over-internet/ HTTP/1.1" 200 292821 "http://wahgazab.com/category/funny-news/" "Mozilla/5.0 (compatible; SeekportBot; +https://bot.seekport.com)"
18.205.213.231 - - [20/Oct/2025:17:26:55 -0400] "GET /tag/these-foods-can-give-you-cancer/ HTTP/1.1" 200 121985 "-" "Mozilla/5.0 AppleWebKit/537.36 (KHTML, like Gecko; compatible; Amazonbot/0.1; +https://developer.amazon.com/support/amazonbot) Chrome/119.0.6045.214 Safari/537.36"
135.181.137.59 - - [20/Oct/2025:17:26:56 -0400] "GET /category/jeevan-mantra/page/2/ HTTP/1.1" 200 200457 "http://wahgazab.com/category/jeevan-mantra/" "Mozilla/5.0 (compatible; SeekportBot; +https://bot.seekport.com)"
135.181.137.59 - - [20/Oct/2025:17:26:57 -0400] "GET /how-to-express-your-love-to-your-partner/ HTTP/1.1" 200 281667 "http://wahgazab.com/category/relationship-tips/" "Mozilla/5.0 (compatible; SeekportBot; +https://bot.seekport.com)"
135.181.137.59 - - [20/Oct/2025:17:26:59 -0400] "GET /category/jeevan-mantra/page/3/ HTTP/1.1" 200 200024 "http://wahgazab.com/category/jeevan-mantra/" "Mozilla/5.0 (compatible; SeekportBot; +https://bot.seekport.com)"
135.181.137.59 - - [20/Oct/2025:17:27:00 -0400] "GET /category/jeevan-mantra/page/68/ HTTP/1.1" 200 178493 "http://wahgazab.com/category/jeevan-mantra/" "Mozilla/5.0 (compatible; SeekportBot; +https://bot.seekport.com)"
135.181.137.59 - - [20/Oct/2025:17:27:01 -0400] "GET /tag/bank/ HTTP/1.1" 200 142346 "http://wahgazab.com/bank-employee-from-pune-sets-an-example/" "Mozilla/5.0 (compatible; SeekportBot; +https://bot.seekport.com)"
135.181.137.59 - - [20/Oct/2025:17:27:02 -0400] "GET /gujarat-man-had-a-wedding-but-no-bride/ HTTP/1.1" 200 282207 "http://wahgazab.com/category/funny-news/" "Mozilla/5.0 (compatible; SeekportBot; +https://bot.seekport.com)"
135.181.137.59 - - [20/Oct/2025:17:27:04 -0400] "GET /tag/bank-employee/ HTTP/1.1" 200 121452 "http://wahgazab.com/bank-employee-from-pune-sets-an-example/" "Mozilla/5.0 (compatible; SeekportBot; +https://bot.seekport.com)"
135.181.137.59 - - [20/Oct/2025:17:27:05 -0400] "GET /get-married-soon-if-you-are-crossing-35/ HTTP/1.1" 200 280569 "http://wahgazab.com/category/relationship-tips/" "Mozilla/5.0 (compatible; SeekportBot; +https://bot.seekport.com)"
135.181.137.59 - - [20/Oct/2025:17:27:06 -0400] "GET /tag/government-bank/ HTTP/1.1" 200 121468 "http://wahgazab.com/bank-employee-from-pune-sets-an-example/" "Mozilla/5.0 (compatible; SeekportBot; +https://bot.seekport.com)"
135.181.137.59 - - [20/Oct/2025:17:27:08 -0400] "GET /tag/government-bank-employe/ HTTP/1.1" 200 121532 "http://wahgazab.com/bank-employee-from-pune-sets-an-example/" "Mozilla/5.0 (compatible; SeekportBot; +https://bot.seekport.com)"
135.181.137.59 - - [20/Oct/2025:17:27:09 -0400] "GET /tag/maharashtra/ HTTP/1.1" 200 182873 "http://wahgazab.com/bank-employee-from-pune-sets-an-example/" "Mozilla/5.0 (compatible; SeekportBot; +https://bot.seekport.com)"
135.181.137.59 - - [20/Oct/2025:17:27:10 -0400] "GET /tag/pune-working-mom/ HTTP/1.1" 200 121476 "http://wahgazab.com/bank-employee-from-pune-sets-an-example/" "Mozilla/5.0 (compatible; SeekportBot; +https://bot.seekport.com)"
135.181.137.59 - - [20/Oct/2025:17:27:12 -0400] "GET /a-dog-playing-piano-video-goes-viral/ HTTP/1.1" 200 279684 "http://wahgazab.com/category/funny-news/" "Mozilla/5.0 (compatible; SeekportBot; +https://bot.seekport.com)"
135.181.137.59 - - [20/Oct/2025:17:27:14 -0400] "GET /category/relationship-tips/page/2/ HTTP/1.1" 200 199925 "http://wahgazab.com/category/relationship-tips/" "Mozilla/5.0 (compatible; SeekportBot; +https://bot.seekport.com)"
135.181.137.59 - - [20/Oct/2025:17:27:15 -0400] "GET /category/relationship-tips/page/3/ HTTP/1.1" 200 199917 "http://wahgazab.com/category/relationship-tips/" "Mozilla/5.0 (compatible; SeekportBot; +https://bot.seekport.com)"
34.231.45.47 - - [20/Oct/2025:17:27:15 -0400] "GET /tag/bad-time-quotes-in-hindi/ HTTP/1.1" 200 122075 "-" "Mozilla/5.0 AppleWebKit/537.36 (KHTML, like Gecko; compatible; Amazonbot/0.1; +https://developer.amazon.com/support/amazonbot) Chrome/119.0.6045.214 Safari/537.36"
135.181.137.59 - - [20/Oct/2025:17:27:17 -0400] "GET /category/relationship-tips/page/11/ HTTP/1.1" 200 195598 "http://wahgazab.com/category/relationship-tips/" "Mozilla/5.0 (compatible; SeekportBot; +https://bot.seekport.com)"
135.181.137.59 - - [20/Oct/2025:17:27:18 -0400] "GET /tag/43-apps-banned-in-india/ HTTP/1.1" 200 121761 "http://wahgazab.com/indian-govt-banned-forty-three-apps/" "Mozilla/5.0 (compatible; SeekportBot; +https://bot.seekport.com)"
135.181.137.59 - - [20/Oct/2025:17:27:19 -0400] "GET /these-pet-dogs-live-luxurious-lives/ HTTP/1.1" 200 285327 "http://wahgazab.com/category/funny-news/" "Mozilla/5.0 (compatible; SeekportBot; +https://bot.seekport.com)"
100.29.160.53 - - [20/Oct/2025:17:27:20 -0400] "GET /tag/sushant-news/ HTTP/1.1" 200 121590 "-" "Mozilla/5.0 AppleWebKit/537.36 (KHTML, like Gecko; compatible; Amazonbot/0.1; +https://developer.amazon.com/support/amazonbot) Chrome/119.0.6045.214 Safari/537.36"
135.181.137.59 - - [20/Oct/2025:17:27:20 -0400] "GET /tag/apps-banned-in-india/ HTTP/1.1" 200 121737 "http://wahgazab.com/indian-govt-banned-forty-three-apps/" "Mozilla/5.0 (compatible; SeekportBot; +https://bot.seekport.com)"
135.181.137.59 - - [20/Oct/2025:17:27:22 -0400] "GET /tag/banned-list-apps-in-india/ HTTP/1.1" 200 121777 "http://wahgazab.com/indian-govt-banned-forty-three-apps/" "Mozilla/5.0 (compatible; SeekportBot; +https://bot.seekport.com)"
135.181.137.59 - - [20/Oct/2025:17:27:23 -0400] "GET /tag/chines-apps-banned-in-india/ HTTP/1.1" 200 121793 "http://wahgazab.com/indian-govt-banned-forty-three-apps/" "Mozilla/5.0 (compatible; SeekportBot; +https://bot.seekport.com)"
135.181.137.59 - - [20/Oct/2025:17:27:24 -0400] "GET /category/funny-news/page/2/ HTTP/1.1" 200 200546 "http://wahgazab.com/category/funny-news/" "Mozilla/5.0 (compatible; SeekportBot; +https://bot.seekport.com)"
135.181.137.59 - - [20/Oct/2025:17:27:26 -0400] "GET /category/funny-news/page/3/ HTTP/1.1" 200 201255 "http://wahgazab.com/category/funny-news/" "Mozilla/5.0 (compatible; SeekportBot; +https://bot.seekport.com)"
135.181.137.59 - - [20/Oct/2025:17:27:27 -0400] "GET /category/funny-news/page/11/ HTTP/1.1" 200 197652 "http://wahgazab.com/category/funny-news/" "Mozilla/5.0 (compatible; SeekportBot; +https://bot.seekport.com)"
52.7.13.143 - - [20/Oct/2025:17:27:28 -0400] "GET /tag/bardoli-satyagraha-in-hindi/ HTTP/1.1" 200 121947 "-" "Mozilla/5.0 AppleWebKit/537.36 (KHTML, like Gecko; compatible; Amazonbot/0.1; +https://developer.amazon.com/support/amazonbot) Chrome/119.0.6045.214 Safari/537.36"
135.181.137.59 - - [20/Oct/2025:17:27:29 -0400] "GET /male-goat-gives-milk-in-this-village/ HTTP/1.1" 200 279342 "http://wahgazab.com/bank-employee-from-pune-sets-an-example/" "Mozilla/5.0 (compatible; SeekportBot; +https://bot.seekport.com)"
135.181.137.59 - - [20/Oct/2025:17:27:31 -0400] "GET /animals-flying-in-the-sky-after-death/ HTTP/1.1" 200 280379 "http://wahgazab.com/bank-employee-from-pune-sets-an-example/" "Mozilla/5.0 (compatible; SeekportBot; +https://bot.seekport.com)"
135.181.137.59 - - [20/Oct/2025:17:27:33 -0400] "GET /tag/emmy-awards-2020/ HTTP/1.1" 200 121745 "http://wahgazab.com/web-series-delhi-crime-wins-international-emmy-awards/" "Mozilla/5.0 (compatible; SeekportBot; +https://bot.seekport.com)"
135.181.137.59 - - [20/Oct/2025:17:27:35 -0400] "GET /tag/nirbhaya-case/ HTTP/1.1" 200 143325 "http://wahgazab.com/web-series-delhi-crime-wins-international-emmy-awards/" "Mozilla/5.0 (compatible; SeekportBot; +https://bot.seekport.com)"
135.181.137.59 - - [20/Oct/2025:17:27:36 -0400] "GET /tag/nirbhaya-case-web-series/ HTTP/1.1" 200 121809 "http://wahgazab.com/web-series-delhi-crime-wins-international-emmy-awards/" "Mozilla/5.0 (compatible; SeekportBot; +https://bot.seekport.com)"
135.181.137.59 - - [20/Oct/2025:17:27:37 -0400] "GET /tag/nirbhaya-case-web-series-winner/ HTTP/1.1" 200 121865 "http://wahgazab.com/web-series-delhi-crime-wins-international-emmy-awards/" "Mozilla/5.0 (compatible; SeekportBot; +https://bot.seekport.com)"
135.181.137.59 - - [20/Oct/2025:17:27:39 -0400] "GET /navjot-singh-sidhu-is-still-in-critical-condition/ HTTP/1.1" 200 278227 "http://wahgazab.com/bank-employee-from-pune-sets-an-example/" "Mozilla/5.0 (compatible; SeekportBot; +https://bot.seekport.com)"
34.225.87.80 - - [20/Oct/2025:17:27:40 -0400] "GET /tag/mysterious-cave-news-in-hindi/ HTTP/1.1" 200 121811 "-" "Mozilla/5.0 AppleWebKit/537.36 (KHTML, like Gecko; compatible; Amazonbot/0.1; +https://developer.amazon.com/support/amazonbot) Chrome/119.0.6045.214 Safari/537.36"
135.181.137.59 - - [20/Oct/2025:17:27:41 -0400] "GET /tag/kamakhya-temple/ HTTP/1.1" 200 134321 "http://wahgazab.com/mukesh-ambani-donates-kilos-of-gold-to-kamkhya-temple/" "Mozilla/5.0 (compatible; SeekportBot; +https://bot.seekport.com)"
135.181.137.59 - - [20/Oct/2025:17:27:42 -0400] "GET /uttar-pradesh-muslim-youth-save-cow-into-well-lucknow-2/ HTTP/1.1" 200 278784 "http://wahgazab.com/bank-employee-from-pune-sets-an-example/" "Mozilla/5.0 (compatible; SeekportBot; +https://bot.seekport.com)"
135.181.137.59 - - [20/Oct/2025:17:27:44 -0400] "GET /tag/mukesh-ambani-give-gift-to-kamakhya-temple/ HTTP/1.1" 200 122260 "http://wahgazab.com/mukesh-ambani-donates-kilos-of-gold-to-kamkhya-temple/" "Mozilla/5.0 (compatible; SeekportBot; +https://bot.seekport.com)"
135.181.137.59 - - [20/Oct/2025:17:27:45 -0400] "GET /how-to-read-womens-body-language-before-flirting-hindi/ HTTP/1.1" 200 291935 "http://wahgazab.com/bank-employee-from-pune-sets-an-example/" "Mozilla/5.0 (compatible; SeekportBot; +https://bot.seekport.com)"
135.181.137.59 - - [20/Oct/2025:17:27:47 -0400] "GET /tag/mukesh-ambani-give-money/ HTTP/1.1" 200 122116 "http://wahgazab.com/mukesh-ambani-donates-kilos-of-gold-to-kamkhya-temple/" "Mozilla/5.0 (compatible; SeekportBot; +https://bot.seekport.com)"
54.37.118.86 - - [20/Oct/2025:17:27:48 -0400] "GET /tag/app-to-play-kbc-live/ HTTP/1.1" 200 121931 "-" "Mozilla/5.0 (compatible; AhrefsBot/7.0; +http://ahrefs.com/robot/)"
135.181.137.59 - - [20/Oct/2025:17:27:48 -0400] "GET /tag/mukesh-ambani-give-money-to-temple/ HTTP/1.1" 200 122196 "http://wahgazab.com/mukesh-ambani-donates-kilos-of-gold-to-kamkhya-temple/" "Mozilla/5.0 (compatible; SeekportBot; +https://bot.seekport.com)"
135.181.137.59 - - [20/Oct/2025:17:27:50 -0400] "GET /first-look-of-salmans-next-film-sultan/ HTTP/1.1" 200 279562 "http://wahgazab.com/bank-employee-from-pune-sets-an-example/" "Mozilla/5.0 (compatible; SeekportBot; +https://bot.seekport.com)"
18.232.36.1 - - [20/Oct/2025:17:27:51 -0400] "GET /tag/pavitra-rishta-news/ HTTP/1.1" 200 121646 "-" "Mozilla/5.0 AppleWebKit/537.36 (KHTML, like Gecko; compatible; Amazonbot/0.1; +https://developer.amazon.com/support/amazonbot) Chrome/119.0.6045.214 Safari/537.36"
135.181.137.59 - - [20/Oct/2025:17:27:51 -0400] "GET /kapil-ignored-by-aishwarya-in-her-vanity-van/ HTTP/1.1" 200 280324 "http://wahgazab.com/bank-employee-from-pune-sets-an-example/" "Mozilla/5.0 (compatible; SeekportBot; +https://bot.seekport.com)"
135.181.137.59 - - [20/Oct/2025:17:27:53 -0400] "GET /salmaan-khans-harsh-words-filled-aamir-khans-eyes-with-tears/ HTTP/1.1" 200 278688 "http://wahgazab.com/bank-employee-from-pune-sets-an-example/" "Mozilla/5.0 (compatible; SeekportBot; +https://bot.seekport.com)"
135.181.137.59 - - [20/Oct/2025:17:27:54 -0400] "GET /tag/bath-with-bachelor-women/ HTTP/1.1" 200 122032 "http://wahgazab.com/this-woman-takes-bath-with-blood-of-unmarried-girls/" "Mozilla/5.0 (compatible; SeekportBot; +https://bot.seekport.com)"
135.181.137.59 - - [20/Oct/2025:17:27:56 -0400] "GET /tag/lady-bath-with-bachelor-women-blood/ HTTP/1.1" 200 122120 "http://wahgazab.com/this-woman-takes-bath-with-blood-of-unmarried-girls/" "Mozilla/5.0 (compatible; SeekportBot; +https://bot.seekport.com)"
135.181.137.59 - - [20/Oct/2025:17:27:57 -0400] "GET /tag/lady-bath-with-blood/ HTTP/1.1" 200 122000 "http://wahgazab.com/this-woman-takes-bath-with-blood-of-unmarried-girls/" "Mozilla/5.0 (compatible; SeekportBot; +https://bot.seekport.com)"
135.181.137.59 - - [20/Oct/2025:17:27:58 -0400] "GET /tag/amazing-thing-fell-from-sky/ HTTP/1.1" 200 122038 "http://wahgazab.com/man-becomes-billionaire-finding-something-precious-falling-from-sky/" "Mozilla/5.0 (compatible; SeekportBot; +https://bot.seekport.com)"
135.181.137.59 - - [20/Oct/2025:17:28:00 -0400] "GET /tag/man-made-rich-in-a-minute/ HTTP/1.1" 200 122022 "http://wahgazab.com/man-becomes-billionaire-finding-something-precious-falling-from-sky/" "Mozilla/5.0 (compatible; SeekportBot; +https://bot.seekport.com)"
135.181.137.59 - - [20/Oct/2025:17:28:01 -0400] "GET /tag/bal-vivah/ HTTP/1.1" 200 121936 "http://wahgazab.com/babies-get-married-once-they-re-born-here/" "Mozilla/5.0 (compatible; SeekportBot; +https://bot.seekport.com)"
135.181.137.59 - - [20/Oct/2025:17:28:02 -0400] "GET /tag/bal-vivah-news/ HTTP/1.1" 200 121976 "http://wahgazab.com/babies-get-married-once-they-re-born-here/" "Mozilla/5.0 (compatible; SeekportBot; +https://bot.seekport.com)"
135.181.137.59 - - [20/Oct/2025:17:28:04 -0400] "GET /tag/child-marriage/ HTTP/1.1" 200 131619 "http://wahgazab.com/babies-get-married-once-they-re-born-here/" "Mozilla/5.0 (compatible; SeekportBot; +https://bot.seekport.com)"
34.224.9.144 - - [20/Oct/2025:17:28:04 -0400] "GET /tag/latest-news-on-priyanka-chopra-news-in-hindi/ HTTP/1.1" 200 122280 "-" "Mozilla/5.0 AppleWebKit/537.36 (KHTML, like Gecko; compatible; Amazonbot/0.1; +https://developer.amazon.com/support/amazonbot) Chrome/119.0.6045.214 Safari/537.36"
135.181.137.59 - - [20/Oct/2025:17:28:05 -0400] "GET /tag/female-up-police/ HTTP/1.1" 200 122168 "http://wahgazab.com/lady-singham-terror-in-up/" "Mozilla/5.0 (compatible; SeekportBot; +https://bot.seekport.com)"
135.181.137.59 - - [20/Oct/2025:17:28:06 -0400] "GET /tag/lady-singham/ HTTP/1.1" 200 122136 "http://wahgazab.com/lady-singham-terror-in-up/" "Mozilla/5.0 (compatible; SeekportBot; +https://bot.seekport.com)"
216.73.216.129 - - [20/Oct/2025:17:28:07 -0400] "GET /dacoit-escaped-due-to-electricity-bill HTTP/1.1" 301 - "-" "Mozilla/5.0 AppleWebKit/537.36 (KHTML, like Gecko; compatible; ClaudeBot/1.0; [email protected])"
135.181.137.59 - - [20/Oct/2025:17:28:07 -0400] "GET /tag/strict-women-police/ HTTP/1.1" 200 122192 "http://wahgazab.com/lady-singham-terror-in-up/" "Mozilla/5.0 (compatible; SeekportBot; +https://bot.seekport.com)"
216.73.216.129 - - [20/Oct/2025:17:28:07 -0400] "GET /dacoit-escaped-due-to-electricity-bill/ HTTP/1.1" 200 283320 "http://wahgazab.com/dacoit-escaped-due-to-electricity-bill" "Mozilla/5.0 AppleWebKit/537.36 (KHTML, like Gecko; compatible; ClaudeBot/1.0; [email protected])"
135.181.137.59 - - [20/Oct/2025:17:28:08 -0400] "GET /tag/up-police-news/ HTTP/1.1" 200 125369 "http://wahgazab.com/lady-singham-terror-in-up/" "Mozilla/5.0 (compatible; SeekportBot; +https://bot.seekport.com)"
216.73.216.129 - - [20/Oct/2025:17:28:08 -0400] "GET /roaming-spirits-scream-in-this-fort-since-ages/talbehat-fort_146285 HTTP/1.1" 301 - "-" "Mozilla/5.0 AppleWebKit/537.36 (KHTML, like Gecko; compatible; ClaudeBot/1.0; [email protected])"
216.73.216.129 - - [20/Oct/2025:17:28:09 -0400] "GET /roaming-spirits-scream-in-this-fort-since-ages/talbehat-fort_146285/ HTTP/1.1" 200 122346 "http://wahgazab.com/roaming-spirits-scream-in-this-fort-since-ages/talbehat-fort_146285" "Mozilla/5.0 AppleWebKit/537.36 (KHTML, like Gecko; compatible; ClaudeBot/1.0; [email protected])"
135.181.137.59 - - [20/Oct/2025:17:28:10 -0400] "GET /tag/indian-army-latest-news/ HTTP/1.1" 200 122209 "http://wahgazab.com/indian-army-builds-special-tent-in-ladakh/" "Mozilla/5.0 (compatible; SeekportBot; +https://bot.seekport.com)"
135.181.137.59 - - [20/Oct/2025:17:28:11 -0400] "GET /tag/indian-army-ready-for-china/ HTTP/1.1" 200 122241 "http://wahgazab.com/indian-army-builds-special-tent-in-ladakh/" "Mozilla/5.0 (compatible; SeekportBot; +https://bot.seekport.com)"
135.181.137.59 - - [20/Oct/2025:17:28:12 -0400] "GET /tag/indian-army-ready-for-war-with-china/ HTTP/1.1" 200 122313 "http://wahgazab.com/indian-army-builds-special-tent-in-ladakh/" "Mozilla/5.0 (compatible; SeekportBot; +https://bot.seekport.com)"
135.181.137.59 - - [20/Oct/2025:17:28:13 -0400] "GET /tag/mahatma-gandhi/ HTTP/1.1" 200 180567 "http://wahgazab.com/saint-vinoba-bhave-savior-for-landless-people/" "Mozilla/5.0 (compatible; SeekportBot; +https://bot.seekport.com)"
135.181.137.59 - - [20/Oct/2025:17:28:14 -0400] "GET /tag/mahatma-gandhi-history/ HTTP/1.1" 200 125172 "http://wahgazab.com/saint-vinoba-bhave-savior-for-landless-people/" "Mozilla/5.0 (compatible; SeekportBot; +https://bot.seekport.com)"
44.205.74.196 - - [20/Oct/2025:17:28:15 -0400] "GET /tag/mughal-warnews/ HTTP/1.1" 200 121691 "-" "Mozilla/5.0 AppleWebKit/537.36 (KHTML, like Gecko; compatible; Amazonbot/0.1; +https://developer.amazon.com/support/amazonbot) Chrome/119.0.6045.214 Safari/537.36"
135.181.137.59 - - [20/Oct/2025:17:28:16 -0400] "GET /tag/mahatma-gandhi-history-in-hindi/ HTTP/1.1" 200 125244 "http://wahgazab.com/saint-vinoba-bhave-savior-for-landless-people/" "Mozilla/5.0 (compatible; SeekportBot; +https://bot.seekport.com)"
135.181.137.59 - - [20/Oct/2025:17:28:17 -0400] "GET /tag/mahatma-gandhi-news/ HTTP/1.1" 200 128487 "http://wahgazab.com/saint-vinoba-bhave-savior-for-landless-people/" "Mozilla/5.0 (compatible; SeekportBot; +https://bot.seekport.com)"
135.181.137.59 - - [20/Oct/2025:17:28:19 -0400] "GET /tag/1994-cricketer-kapil-dev/ HTTP/1.1" 200 125382 "http://wahgazab.com/kapil-dev-record-remains-unbroken/" "Mozilla/5.0 (compatible; SeekportBot; +https://bot.seekport.com)"
135.181.137.59 - - [20/Oct/2025:17:28:20 -0400] "GET /tag/cricket-history-of-kapil-dev/ HTTP/1.1" 200 121905 "http://wahgazab.com/kapil-dev-record-remains-unbroken/" "Mozilla/5.0 (compatible; SeekportBot; +https://bot.seekport.com)"
135.181.137.59 - - [20/Oct/2025:17:28:21 -0400] "GET /tag/kapil-dev/ HTTP/1.1" 200 127935 "http://wahgazab.com/kapil-dev-record-remains-unbroken/" "Mozilla/5.0 (compatible; SeekportBot; +https://bot.seekport.com)"
135.181.137.59 - - [20/Oct/2025:17:28:23 -0400] "GET /tag/15th-august-1947/ HTTP/1.1" 200 125202 "http://wahgazab.com/how-the-last-night-spent-just-before-declaring-indian-independence/" "Mozilla/5.0 (compatible; SeekportBot; +https://bot.seekport.com)"
135.181.137.59 - - [20/Oct/2025:17:28:24 -0400] "GET /statue-of-unity-is-the-worlds-tallest-statue/ HTTP/1.1" 200 282457 "http://wahgazab.com/author/viraj/" "Mozilla/5.0 (compatible; SeekportBot; +https://bot.seekport.com)"
135.181.137.59 - - [20/Oct/2025:17:28:25 -0400] "GET /tag/indian-tricolor/ HTTP/1.1" 200 125194 "http://wahgazab.com/how-the-last-night-spent-just-before-declaring-indian-independence/" "Mozilla/5.0 (compatible; SeekportBot; +https://bot.seekport.com)"
135.181.137.59 - - [20/Oct/2025:17:28:27 -0400] "GET /diamond-baron-gifts-cars-to-his-employees/ HTTP/1.1" 200 282036 "http://wahgazab.com/author/viraj/" "Mozilla/5.0 (compatible; SeekportBot; +https://bot.seekport.com)"
135.181.137.59 - - [20/Oct/2025:17:28:28 -0400] "GET /farmers-daughter-tops-the-up-board-exams-with-flying-colors/ HTTP/1.1" 200 284780 "http://wahgazab.com/author/wah6/" "Mozilla/5.0 (compatible; SeekportBot; +https://bot.seekport.com)"
135.181.137.59 - - [20/Oct/2025:17:28:30 -0400] "GET /rs-1-note-can-make-you-billionaire/ HTTP/1.1" 200 276222 "http://wahgazab.com/author/viraj/" "Mozilla/5.0 (compatible; SeekportBot; +https://bot.seekport.com)"
135.181.137.59 - - [20/Oct/2025:17:28:31 -0400] "GET /snake-enters-the-temple-once-a-year/ HTTP/1.1" 200 283471 "http://wahgazab.com/author/wah6/" "Mozilla/5.0 (compatible; SeekportBot; +https://bot.seekport.com)"
135.181.137.59 - - [20/Oct/2025:17:28:33 -0400] "GET /play-of-death-in-between-the-snake/ HTTP/1.1" 200 280172 "http://wahgazab.com/author/viraj/" "Mozilla/5.0 (compatible; SeekportBot; +https://bot.seekport.com)"
135.181.137.59 - - [20/Oct/2025:17:28:34 -0400] "GET /fire-brigade-unable-to-extinguish-fire-continuously-bursting-out-of-a-tree/ HTTP/1.1" 200 281804 "http://wahgazab.com/author/wah6/" "Mozilla/5.0 (compatible; SeekportBot; +https://bot.seekport.com)"
44.208.223.68 - - [20/Oct/2025:17:28:35 -0400] "GET /tag/labour-laws-in-hotel-industry-in-india/ HTTP/1.1" 200 122914 "-" "Mozilla/5.0 AppleWebKit/537.36 (KHTML, like Gecko; compatible; Amazonbot/0.1; +https://developer.amazon.com/support/amazonbot) Chrome/119.0.6045.214 Safari/537.36"
135.181.137.59 - - [20/Oct/2025:17:28:36 -0400] "GET /enjoy-driving-even-in-abroad-using-indian-driving-license/ HTTP/1.1" 200 277482 "http://wahgazab.com/author/viraj/" "Mozilla/5.0 (compatible; SeekportBot; +https://bot.seekport.com)"
216.73.216.129 - - [20/Oct/2025:17:28:37 -0400] "GET /korowai-tribes-people-living-as-cannibals/korowai-tribes-people-living-as-cannibals-content/feed HTTP/1.1" 301 - "-" "Mozilla/5.0 AppleWebKit/537.36 (KHTML, like Gecko; compatible; ClaudeBot/1.0; [email protected])"
135.181.137.59 - - [20/Oct/2025:17:28:37 -0400] "GET /rothe-petrol-pumps-owner-license-is-cancelled-when-things-are-not-accepted-for-free-by-the-customers/ HTTP/1.1" 200 288013 "http://wahgazab.com/author/wah6/" "Mozilla/5.0 (compatible; SeekportBot; +https://bot.seekport.com)"
216.73.216.129 - - [20/Oct/2025:17:28:38 -0400] "GET /name-of-lord-rama-enchanted-here-at-these-strange-mosques/rama HTTP/1.1" 301 - "-" "Mozilla/5.0 AppleWebKit/537.36 (KHTML, like Gecko; compatible; ClaudeBot/1.0; [email protected])"
216.73.216.129 - - [20/Oct/2025:17:28:38 -0400] "GET /korowai-tribes-people-living-as-cannibals/korowai-tribes-people-living-as-cannibals-content/feed/ HTTP/1.1" 200 945 "http://wahgazab.com/korowai-tribes-people-living-as-cannibals/korowai-tribes-people-living-as-cannibals-content/feed" "Mozilla/5.0 AppleWebKit/537.36 (KHTML, like Gecko; compatible; ClaudeBot/1.0; [email protected])"
216.73.216.129 - - [20/Oct/2025:17:28:38 -0400] "GET /name-of-lord-rama-enchanted-here-at-these-strange-mosques/rama/ HTTP/1.1" 200 121591 "http://wahgazab.com/name-of-lord-rama-enchanted-here-at-these-strange-mosques/rama" "Mozilla/5.0 AppleWebKit/537.36 (KHTML, like Gecko; compatible; ClaudeBot/1.0; [email protected])"
216.73.216.129 - - [20/Oct/2025:17:28:39 -0400] "GET /tag/smriti-irani-degree HTTP/1.1" 301 - "-" "Mozilla/5.0 AppleWebKit/537.36 (KHTML, like Gecko; compatible; ClaudeBot/1.0; [email protected])"
135.181.137.59 - - [20/Oct/2025:17:28:39 -0400] "GET /17-acres-of-farmland-catches-fire-due-to-bird-helicopter-comes-to-extinguish/ HTTP/1.1" 200 282700 "http://wahgazab.com/author/wah6/" "Mozilla/5.0 (compatible; SeekportBot; +https://bot.seekport.com)"
216.73.216.129 - - [20/Oct/2025:17:28:39 -0400] "GET /tag/smriti-irani-degree/ HTTP/1.1" 200 121629 "http://wahgazab.com/tag/smriti-irani-degree" "Mozilla/5.0 AppleWebKit/537.36 (KHTML, like Gecko; compatible; ClaudeBot/1.0; [email protected])"
135.181.137.59 - - [20/Oct/2025:17:28:41 -0400] "GET /top-10-free-android-apps-for-your-smartphones-and-its-will-give-you-better-so-download-now/ HTTP/1.1" 200 301177 "http://wahgazab.com/author/viraj/" "Mozilla/5.0 (compatible; SeekportBot; +https://bot.seekport.com)"
135.181.137.59 - - [20/Oct/2025:17:28:42 -0400] "GET /nasa-sent-a-special-view-of-diwali/ HTTP/1.1" 200 277878 "http://wahgazab.com/author/viraj/" "Mozilla/5.0 (compatible; SeekportBot; +https://bot.seekport.com)"
135.181.137.59 - - [20/Oct/2025:17:28:44 -0400] "GET /see-what-people-do-for-physical-relationships-around-the-world/ HTTP/1.1" 200 287853 "http://wahgazab.com/author/wah6/" "Mozilla/5.0 (compatible; SeekportBot; +https://bot.seekport.com)"
57.141.0.25 - - [20/Oct/2025:17:28:44 -0400] "GET /wife-beats-her-husband-daily-tying-him-with-a-tree-as-a-punishment-of-saas-bahu-tiff/ HTTP/1.1" 200 283463 "-" "meta-externalagent/1.1 (+https://developers.facebook.com/docs/sharing/webmasters/crawler)"
135.181.137.59 - - [20/Oct/2025:17:28:46 -0400] "GET /india-can-come-to-kohinoor-preparation-for-legal-revolt-against-queen-of-britain/ HTTP/1.1" 200 282290 "http://wahgazab.com/author/viraj/" "Mozilla/5.0 (compatible; SeekportBot; +https://bot.seekport.com)"
135.181.137.59 - - [20/Oct/2025:17:28:47 -0400] "GET /after-ram-rahim-now-radhe-maa-will-also-appear-in-the-movie/ HTTP/1.1" 200 284299 "http://wahgazab.com/author/wah6/" "Mozilla/5.0 (compatible; SeekportBot; +https://bot.seekport.com)"
135.181.137.59 - - [20/Oct/2025:17:28:49 -0400] "GET /intelligence-of-a-crow/ HTTP/1.1" 200 275457 "http://wahgazab.com/author/viraj/" "Mozilla/5.0 (compatible; SeekportBot; +https://bot.seekport.com)"
135.181.137.59 - - [20/Oct/2025:17:28:50 -0400] "GET /seeing-the-color-of-the-palm-know-about-the-future-and-nature-of-a-person/ HTTP/1.1" 200 287610 "http://wahgazab.com/author/wah6/" "Mozilla/5.0 (compatible; SeekportBot; +https://bot.seekport.com)"
135.181.137.59 - - [20/Oct/2025:17:28:52 -0400] "GET /punjabi-language-gets-importance-in-candian-parliment/ HTTP/1.1" 200 278628 "http://wahgazab.com/author/viraj/" "Mozilla/5.0 (compatible; SeekportBot; +https://bot.seekport.com)"
135.181.137.59 - - [20/Oct/2025:17:28:53 -0400] "GET /according-to-1947-independence-time-jalabhishek-is-done-at-pashupatinath-temple/ HTTP/1.1" 200 284418 "http://wahgazab.com/author/wah6/" "Mozilla/5.0 (compatible; SeekportBot; +https://bot.seekport.com)"
135.181.137.59 - - [20/Oct/2025:17:28:55 -0400] "GET /blowing-up-akshardham-temple-the-mystery-behind-the-threat/ HTTP/1.1" 200 279757 "http://wahgazab.com/author/viraj/" "Mozilla/5.0 (compatible; SeekportBot; +https://bot.seekport.com)"
135.181.137.59 - - [20/Oct/2025:17:28:57 -0400] "GET /salmans-agony-traces-revealed/ HTTP/1.1" 200 277837 "http://wahgazab.com/author/viraj/" "Mozilla/5.0 (compatible; SeekportBot; +https://bot.seekport.com)"
135.181.137.59 - - [20/Oct/2025:17:28:58 -0400] "GET /this-dog-is-a-collaborator-of-swacchta-campaign-puts-waste-into-dustbin/ HTTP/1.1" 200 284216 "http://wahgazab.com/author/wah6/" "Mozilla/5.0 (compatible; SeekportBot; +https://bot.seekport.com)"
135.181.137.59 - - [20/Oct/2025:17:29:00 -0400] "GET /once-again-we-can-enjoy-the-fantastic-duo-sanjay-and-salman-working-together/ HTTP/1.1" 200 278947 "http://wahgazab.com/author/viraj/" "Mozilla/5.0 (compatible; SeekportBot; +https://bot.seekport.com)"
135.181.137.59 - - [20/Oct/2025:17:29:01 -0400] "GET /jageshwarnath-dham-300-year-old-temple-that-fulfill-all-your-wishes/ HTTP/1.1" 200 283214 "http://wahgazab.com/author/wah6/" "Mozilla/5.0 (compatible; SeekportBot; +https://bot.seekport.com)"
135.181.137.59 - - [20/Oct/2025:17:29:03 -0400] "GET /decrease-ten-years-of-your-skin-age-by-just-applying-this-face-pack/ HTTP/1.1" 200 276744 "http://wahgazab.com/author/viraj/" "Mozilla/5.0 (compatible; SeekportBot; +https://bot.seekport.com)"
135.181.137.59 - - [20/Oct/2025:17:29:05 -0400] "GET /5-friends-started-a-roti-bank-which-serves-many-poor-people/ HTTP/1.1" 200 285785 "http://wahgazab.com/author/wah6/" "Mozilla/5.0 (compatible; SeekportBot; +https://bot.seekport.com)"
17.246.15.56 - - [20/Oct/2025:17:29:06 -0400] "GET /wp-content/plugins/td-composer/td-multi-purpose/style.css?ver=492e3cf54bd42df3b24a3de8e2307cafx HTTP/1.1" 200 38952 "http://wahgazab.com/tag/cow-catwalk-in-beauty-event/" "Mozilla/5.0 (Macintosh; Intel Mac OS X 10_15_7) AppleWebKit/605.1.15 (KHTML, like Gecko) Version/17.4 Safari/605.1.15 (Applebot/0.1; +http://www.apple.com/go/applebot)"
135.181.137.59 - - [20/Oct/2025:17:29:06 -0400] "GET /the-amazing-pair-of-salman-and-sonam-looked-sizzling-in-the-fashion-show/ HTTP/1.1" 200 277431 "http://wahgazab.com/author/viraj/" "Mozilla/5.0 (compatible; SeekportBot; +https://bot.seekport.com)"
17.246.19.63 - - [20/Oct/2025:17:29:07 -0400] "GET /wp-includes/js/jquery/jquery.min.js?ver=3.7.1 HTTP/1.1" 200 87553 "http://wahgazab.com/tag/cow-catwalk-in-beauty-event/" "Mozilla/5.0 (Macintosh; Intel Mac OS X 10_15_7) AppleWebKit/605.1.15 (KHTML, like Gecko) Version/17.4 Safari/605.1.15 (Applebot/0.1; +http://www.apple.com/go/applebot)"
17.246.15.23 - - [20/Oct/2025:17:29:07 -0400] "GET /wp-content/plugins/td-cloud-library/assets/css/tdb_main.css?ver=d578089f160957352b9b4ca6d880fd8f HTTP/1.1" 200 48249 "http://wahgazab.com/tag/cow-catwalk-in-beauty-event/" "Mozilla/5.0 (Macintosh; Intel Mac OS X 10_15_7) AppleWebKit/605.1.15 (KHTML, like Gecko) Version/17.4 Safari/605.1.15 (Applebot/0.1; +http://www.apple.com/go/applebot)"
17.246.19.77 - - [20/Oct/2025:17:29:08 -0400] "GET /wp-content/themes/Newspaper/style.css?ver=12.7.1 HTTP/1.1" 200 158737 "http://wahgazab.com/tag/cow-catwalk-in-beauty-event/" "Mozilla/5.0 (Macintosh; Intel Mac OS X 10_15_7) AppleWebKit/605.1.15 (KHTML, like Gecko) Version/17.4 Safari/605.1.15 (Applebot/0.1; +http://www.apple.com/go/applebot)"
17.246.19.23 - - [20/Oct/2025:17:29:08 -0400] "GET /wp-content/plugins/td-composer/legacy/Newspaper/assets/css/td_legacy_main.css?ver=492e3cf54bd42df3b24a3de8e2307cafx HTTP/1.1" 200 173151 "http://wahgazab.com/tag/cow-catwalk-in-beauty-event/" "Mozilla/5.0 (Macintosh; Intel Mac OS X 10_15_7) AppleWebKit/605.1.15 (KHTML, like Gecko) Version/17.4 Safari/605.1.15 (Applebot/0.1; +http://www.apple.com/go/applebot)"
135.181.137.59 - - [20/Oct/2025:17:29:08 -0400] "GET /64-yogini-shiva-temple-has-an-old-tradition-of-not-offering-water-to-lord-shiva/ HTTP/1.1" 200 285699 "http://wahgazab.com/author/wah6/" "Mozilla/5.0 (compatible; SeekportBot; +https://bot.seekport.com)"
17.246.19.129 - - [20/Oct/2025:17:29:09 -0400] "GET /wp-includes/js/jquery/jquery-migrate.min.js?ver=3.4.1 HTTP/1.1" 200 13577 "http://wahgazab.com/tag/cow-catwalk-in-beauty-event/" "Mozilla/5.0 (Macintosh; Intel Mac OS X 10_15_7) AppleWebKit/605.1.15 (KHTML, like Gecko) Version/17.4 Safari/605.1.15 (Applebot/0.1; +http://www.apple.com/go/applebot)"
17.246.15.150 - - [20/Oct/2025:17:29:09 -0400] "GET /wp-content/plugins/td-composer/legacy/Newspaper/js/tagdiv_theme.min.js?ver=12.7.1 HTTP/1.1" 200 160112 "http://wahgazab.com/tag/cow-catwalk-in-beauty-event/" "Mozilla/5.0 (Macintosh; Intel Mac OS X 10_15_7) AppleWebKit/605.1.15 (KHTML, like Gecko) Version/17.4 Safari/605.1.15 (Applebot/0.1; +http://www.apple.com/go/applebot)"
17.246.19.63 - - [20/Oct/2025:17:29:10 -0400] "GET /wp-content/plugins/td-composer/legacy/Newspaper/js/tdSmartSidebar.js?ver=12.7.1 HTTP/1.1" 200 9966 "http://wahgazab.com/tag/cow-catwalk-in-beauty-event/" "Mozilla/5.0 (Macintosh; Intel Mac OS X 10_15_7) AppleWebKit/605.1.15 (KHTML, like Gecko) Version/17.4 Safari/605.1.15 (Applebot/0.1; +http://www.apple.com/go/applebot)"
135.181.137.59 - - [20/Oct/2025:17:29:10 -0400] "GET /madhur-congratulated-his-team-from-fashion-on-completing-seven-years/ HTTP/1.1" 200 279480 "http://wahgazab.com/author/viraj/" "Mozilla/5.0 (compatible; SeekportBot; +https://bot.seekport.com)"
17.246.23.223 - - [20/Oct/2025:17:29:10 -0400] "GET /wp-content/plugins/td-cloud-library/assets/js/js_files_for_front.min.js?ver=d578089f160957352b9b4ca6d880fd8f HTTP/1.1" 200 29694 "http://wahgazab.com/tag/cow-catwalk-in-beauty-event/" "Mozilla/5.0 (Macintosh; Intel Mac OS X 10_15_7) AppleWebKit/605.1.15 (KHTML, like Gecko) Version/17.4 Safari/605.1.15 (Applebot/0.1; +http://www.apple.com/go/applebot)"
17.246.19.129 - - [20/Oct/2025:17:29:11 -0400] "GET /wp-content/plugins/td-composer/legacy/Newspaper/js/tdLoginMobile.js?ver=12.7.1 HTTP/1.1" 200 6347 "http://wahgazab.com/tag/cow-catwalk-in-beauty-event/" "Mozilla/5.0 (Macintosh; Intel Mac OS X 10_15_7) AppleWebKit/605.1.15 (KHTML, like Gecko) Version/17.4 Safari/605.1.15 (Applebot/0.1; +http://www.apple.com/go/applebot)"
17.246.23.33 - - [20/Oct/2025:17:29:11 -0400] "GET /wp-content/plugins/td-composer/legacy/Newspaper/js/tdToTop.js?ver=12.7.1 HTTP/1.1" 200 1426 "http://wahgazab.com/tag/cow-catwalk-in-beauty-event/" "Mozilla/5.0 (Macintosh; Intel Mac OS X 10_15_7) AppleWebKit/605.1.15 (KHTML, like Gecko) Version/17.4 Safari/605.1.15 (Applebot/0.1; +http://www.apple.com/go/applebot)"
17.246.19.23 - - [20/Oct/2025:17:29:12 -0400] "GET /wp-content/plugins/td-composer/legacy/Newspaper/js/tdAjaxSearch.js?ver=12.7.1 HTTP/1.1" 200 6145 "http://wahgazab.com/tag/cow-catwalk-in-beauty-event/" "Mozilla/5.0 (Macintosh; Intel Mac OS X 10_15_7) AppleWebKit/605.1.15 (KHTML, like Gecko) Version/17.4 Safari/605.1.15 (Applebot/0.1; +http://www.apple.com/go/applebot)"
17.246.19.63 - - [20/Oct/2025:17:29:12 -0400] "GET /wp-content/plugins/td-cloud-library/assets/js/tdbSearch.js?ver=d578089f160957352b9b4ca6d880fd8f HTTP/1.1" 200 5945 "http://wahgazab.com/tag/cow-catwalk-in-beauty-event/" "Mozilla/5.0 (Macintosh; Intel Mac OS X 10_15_7) AppleWebKit/605.1.15 (KHTML, like Gecko) Version/17.4 Safari/605.1.15 (Applebot/0.1; +http://www.apple.com/go/applebot)"
135.181.137.59 - - [20/Oct/2025:17:29:11 -0400] "GET /diya-mirza-hit-the-ramp-for-social-cause/ HTTP/1.1" 200 277493 "http://wahgazab.com/author/viraj/" "Mozilla/5.0 (compatible; SeekportBot; +https://bot.seekport.com)"
17.246.19.123 - - [20/Oct/2025:17:29:13 -0400] "GET /wp-content/plugins/td-cloud-library/assets/js/tdbMenu.js?ver=d578089f160957352b9b4ca6d880fd8f HTTP/1.1" 200 10781 "http://wahgazab.com/tag/cow-catwalk-in-beauty-event/" "Mozilla/5.0 (Macintosh; Intel Mac OS X 10_15_7) AppleWebKit/605.1.15 (KHTML, like Gecko) Version/17.4 Safari/605.1.15 (Applebot/0.1; +http://www.apple.com/go/applebot)"
17.246.19.129 - - [20/Oct/2025:17:29:13 -0400] "GET /wp-content/plugins/td-composer/legacy/Newspaper/js/tdMenu.js?ver=12.7.1 HTTP/1.1" 200 4530 "http://wahgazab.com/tag/cow-catwalk-in-beauty-event/" "Mozilla/5.0 (Macintosh; Intel Mac OS X 10_15_7) AppleWebKit/605.1.15 (KHTML, like Gecko) Version/17.4 Safari/605.1.15 (Applebot/0.1; +http://www.apple.com/go/applebot)"
135.181.137.59 - - [20/Oct/2025:17:29:13 -0400] "GET /a-person-become-millionaire-after-trapping-a-big-fish/ HTTP/1.1" 200 283531 "http://wahgazab.com/author/wah6/" "Mozilla/5.0 (compatible; SeekportBot; +https://bot.seekport.com)"
17.246.19.129 - - [20/Oct/2025:17:29:14 -0400] "GET /wp-includes/js/wp-emoji-release.min.js?ver=6.8.3 HTTP/1.1" 200 19251 "http://wahgazab.com/tag/cow-catwalk-in-beauty-event/" "Mozilla/5.0 (Macintosh; Intel Mac OS X 10_15_7) AppleWebKit/605.1.15 (KHTML, like Gecko) Version/17.4 Safari/605.1.15 (Applebot/0.1; +http://www.apple.com/go/applebot)"
135.181.137.59 - - [20/Oct/2025:17:29:14 -0400] "GET /author/viraj/page/2/ HTTP/1.1" 200 173557 "http://wahgazab.com/author/viraj/" "Mozilla/5.0 (compatible; SeekportBot; +https://bot.seekport.com)"
135.181.137.59 - - [20/Oct/2025:17:29:16 -0400] "GET /author/viraj/page/3/ HTTP/1.1" 200 176235 "http://wahgazab.com/author/viraj/" "Mozilla/5.0 (compatible; SeekportBot; +https://bot.seekport.com)"
135.181.137.59 - - [20/Oct/2025:17:29:18 -0400] "GET /according-to-a-government-scheme-people-who-dont-have-a-house-will-get-land-worth-75-lakhs/ HTTP/1.1" 200 285276 "http://wahgazab.com/author/wah6/" "Mozilla/5.0 (compatible; SeekportBot; +https://bot.seekport.com)"
135.181.137.59 - - [20/Oct/2025:17:29:20 -0400] "GET /author/viraj/page/19/ HTTP/1.1" 200 123162 "http://wahgazab.com/author/viraj/" "Mozilla/5.0 (compatible; SeekportBot; +https://bot.seekport.com)"
135.181.137.59 - - [20/Oct/2025:17:29:22 -0400] "GET /this-village-of-india-does-not-have-any-tea-shop-and-consider-selling-milk-as-a-sin/ HTTP/1.1" 200 283755 "http://wahgazab.com/author/wah6/" "Mozilla/5.0 (compatible; SeekportBot; +https://bot.seekport.com)"
135.181.137.59 - - [20/Oct/2025:17:29:23 -0400] "GET /author/wah6/page/2/ HTTP/1.1" 200 183796 "http://wahgazab.com/author/wah6/" "Mozilla/5.0 (compatible; SeekportBot; +https://bot.seekport.com)"
135.181.137.59 - - [20/Oct/2025:17:29:24 -0400] "GET /author/wah6/page/3/ HTTP/1.1" 200 184715 "http://wahgazab.com/author/wah6/" "Mozilla/5.0 (compatible; SeekportBot; +https://bot.seekport.com)"
135.181.137.59 - - [20/Oct/2025:17:29:26 -0400] "GET /author/wah6/page/222/ HTTP/1.1" 200 165723 "http://wahgazab.com/author/wah6/" "Mozilla/5.0 (compatible; SeekportBot; +https://bot.seekport.com)"
135.181.137.59 - - [20/Oct/2025:17:29:28 -0400] "GET /tag/rahat-indori/ HTTP/1.1" 200 121395 "http://wahgazab.com/poet-rahat-indori-undergoing-covid-treatment-dies-of-cardiac-arrest/" "Mozilla/5.0 (compatible; SeekportBot; +https://bot.seekport.com)"
135.181.137.59 - - [20/Oct/2025:17:29:30 -0400] "GET /tag/%E0%A4%9C%E0%A5%8D%E0%A4%AF%E0%A5%8B%E0%A4%A4%E0%A4%BF-%E0%A4%97%E0%A4%BF%E0%A4%B0%E0%A4%BF/ HTTP/1.1" 200 121735 "http://wahgazab.com/another-so-called-godman-baba-jyoti-giri-maharaj-gets-caught-in-obscene-video/" "Mozilla/5.0 (compatible; SeekportBot; +https://bot.seekport.com)"
135.181.137.59 - - [20/Oct/2025:17:29:31 -0400] "GET /javed-miandad-warns-india-to-attack-with-nuclear-weapons/ HTTP/1.1" 200 283517 "http://wahgazab.com/author/wah2/" "Mozilla/5.0 (compatible; SeekportBot; +https://bot.seekport.com)"
135.181.137.59 - - [20/Oct/2025:17:29:32 -0400] "GET /zomato-delivery-boy-singing-a-melodious-song-goes-viral/ HTTP/1.1" 200 281485 "http://wahgazab.com/author/wah2/" "Mozilla/5.0 (compatible; SeekportBot; +https://bot.seekport.com)"
135.181.137.59 - - [20/Oct/2025:17:29:34 -0400] "GET /tag/%E0%A4%A1%E0%A4%BE%E0%A4%82%E0%A4%B8/ HTTP/1.1" 200 121739 "http://wahgazab.com/g-suryanarayan-moves-his-legs-and-becomes-a-dancing-sensation-all-over-the-internet/" "Mozilla/5.0 (compatible; SeekportBot; +https://bot.seekport.com)"
18.205.127.11 - - [20/Oct/2025:17:29:34 -0400] "GET /tag/india-tajmahal/ HTTP/1.1" 200 121817 "-" "Mozilla/5.0 AppleWebKit/537.36 (KHTML, like Gecko; compatible; Amazonbot/0.1; +https://developer.amazon.com/support/amazonbot) Chrome/119.0.6045.214 Safari/537.36"
135.181.137.59 - - [20/Oct/2025:17:29:35 -0400] "GET /here-is-why-jcb-machine-comes-in-yellow/ HTTP/1.1" 200 283407 "http://wahgazab.com/author/wah2/" "Mozilla/5.0 (compatible; SeekportBot; +https://bot.seekport.com)"
135.181.137.59 - - [20/Oct/2025:17:29:36 -0400] "GET /incredible-architectural-masterpieces-in-india-famous-all-around-the-world/ HTTP/1.1" 200 285425 "http://wahgazab.com/author/wah2/" "Mozilla/5.0 (compatible; SeekportBot; +https://bot.seekport.com)"
54.255.26.49 - - [20/Oct/2025:17:29:38 -0400] "GET /wp-content/uploads/2015/11/Peepal-Tree.jpg HTTP/1.1" 404 136514 "-" "Mozilla/5.0 (compatible; crawler)"
135.181.137.59 - - [20/Oct/2025:17:29:38 -0400] "GET /vicky-roy-being-a-ragpicker-to-celebrity-photographer/ HTTP/1.1" 200 285607 "http://wahgazab.com/author/wah2/" "Mozilla/5.0 (compatible; SeekportBot; +https://bot.seekport.com)"
135.181.137.59 - - [20/Oct/2025:17:29:40 -0400] "GET /here-is-why-trains-do-not-stop-if-a-human-or-animal-comes-across/ HTTP/1.1" 200 282892 "http://wahgazab.com/category/national/page/2/" "Mozilla/5.0 (compatible; SeekportBot; +https://bot.seekport.com)"
135.181.137.59 - - [20/Oct/2025:17:29:40 -0400] "GET /here-is-how-pm-modi-spends-his-salary/ HTTP/1.1" 200 282655 "http://wahgazab.com/category/national/page/2/" "Mozilla/5.0 (compatible; SeekportBot; +https://bot.seekport.com)"
135.181.137.59 - - [20/Oct/2025:17:29:42 -0400] "GET /princess-diya-kumari-claims-her-family-is-descended-from-lord-rama-clan/ HTTP/1.1" 200 281943 "http://wahgazab.com/category/national/page/2/" "Mozilla/5.0 (compatible; SeekportBot; +https://bot.seekport.com)"
135.181.137.59 - - [20/Oct/2025:17:29:43 -0400] "GET /crocodile-spotted-on-the-rooftop-in-flood-affected-belgaum-district-of-karnataka/ HTTP/1.1" 200 283267 "http://wahgazab.com/category/national/page/3/" "Mozilla/5.0 (compatible; SeekportBot; +https://bot.seekport.com)"
135.181.137.59 - - [20/Oct/2025:17:29:45 -0400] "GET /dmrc-employee-commits-suicide-and-makes-it-go-live-on-facebook/ HTTP/1.1" 200 282859 "http://wahgazab.com/category/national/page/3/" "Mozilla/5.0 (compatible; SeekportBot; +https://bot.seekport.com)"
135.181.137.59 - - [20/Oct/2025:17:29:47 -0400] "GET /elderly-couple-fights-off-armed-robbers-in-tamilnadu/ HTTP/1.1" 200 283641 "http://wahgazab.com/category/national/page/3/" "Mozilla/5.0 (compatible; SeekportBot; +https://bot.seekport.com)"
135.181.137.59 - - [20/Oct/2025:17:29:48 -0400] "GET /bjp-mp-from-laddakh-jamyang-tsering-namagyan-gets-praise-from-all-around/ HTTP/1.1" 200 285368 "http://wahgazab.com/category/national/page/3/" "Mozilla/5.0 (compatible; SeekportBot; +https://bot.seekport.com)"
