135.181.137.59 - - [20/Oct/2025:17:42:05 -0400] "GET /tag/shaving-and-waxing-for-boy-leg-tips-in-hidni/ HTTP/1.1" 200 122339 "http://wahgazab.com/why-should-boys-shave-their-legs/" "Mozilla/5.0 (compatible; SeekportBot; +https://bot.seekport.com)"
135.181.137.59 - - [20/Oct/2025:17:42:07 -0400] "GET /tag/shaving-legs/ HTTP/1.1" 200 122083 "http://wahgazab.com/why-should-boys-shave-their-legs/" "Mozilla/5.0 (compatible; SeekportBot; +https://bot.seekport.com)"
135.181.137.59 - - [20/Oct/2025:17:42:08 -0400] "GET /tag/shaving-legs-tips/ HTTP/1.1" 200 122123 "http://wahgazab.com/why-should-boys-shave-their-legs/" "Mozilla/5.0 (compatible; SeekportBot; +https://bot.seekport.com)"
135.181.137.59 - - [20/Oct/2025:17:42:10 -0400] "GET /tag/shaving-legs-tips-in-hindi/ HTTP/1.1" 200 122195 "http://wahgazab.com/why-should-boys-shave-their-legs/" "Mozilla/5.0 (compatible; SeekportBot; +https://bot.seekport.com)"
135.181.137.59 - - [20/Oct/2025:17:42:12 -0400] "GET /tag/should-men-shave-their-legs/ HTTP/1.1" 200 122203 "http://wahgazab.com/why-should-boys-shave-their-legs/" "Mozilla/5.0 (compatible; SeekportBot; +https://bot.seekport.com)"
135.181.137.59 - - [20/Oct/2025:17:42:13 -0400] "GET /tag/should-men-shave-their-legs-tips/ HTTP/1.1" 200 122243 "http://wahgazab.com/why-should-boys-shave-their-legs/" "Mozilla/5.0 (compatible; SeekportBot; +https://bot.seekport.com)"
135.181.137.59 - - [20/Oct/2025:17:42:14 -0400] "GET /tag/undergo-shaving-legs/ HTTP/1.1" 200 122147 "http://wahgazab.com/why-should-boys-shave-their-legs/" "Mozilla/5.0 (compatible; SeekportBot; +https://bot.seekport.com)"
135.181.137.59 - - [20/Oct/2025:17:42:16 -0400] "GET /tag/undergo-shaving-legs-tips/ HTTP/1.1" 200 122187 "http://wahgazab.com/why-should-boys-shave-their-legs/" "Mozilla/5.0 (compatible; SeekportBot; +https://bot.seekport.com)"
135.181.137.59 - - [20/Oct/2025:17:42:17 -0400] "GET /tag/why-should-boys-shave-their-legs/ HTTP/1.1" 200 122243 "http://wahgazab.com/why-should-boys-shave-their-legs/" "Mozilla/5.0 (compatible; SeekportBot; +https://bot.seekport.com)"
135.181.137.59 - - [20/Oct/2025:17:42:19 -0400] "GET /tag/why-should-boys-shave-their-legs-tips/ HTTP/1.1" 200 122283 "http://wahgazab.com/why-should-boys-shave-their-legs/" "Mozilla/5.0 (compatible; SeekportBot; +https://bot.seekport.com)"
135.181.137.59 - - [20/Oct/2025:17:42:20 -0400] "GET /tag/why-should-boys-shave-their-legs-tips-in-hindi/ HTTP/1.1" 200 122355 "http://wahgazab.com/why-should-boys-shave-their-legs/" "Mozilla/5.0 (compatible; SeekportBot; +https://bot.seekport.com)"
135.181.137.59 - - [20/Oct/2025:17:42:22 -0400] "GET /pakistan-seeks-help-of-women-to-find-army-details/ HTTP/1.1" 200 284692 "http://wahgazab.com/why-should-boys-shave-their-legs/" "Mozilla/5.0 (compatible; SeekportBot; +https://bot.seekport.com)"
135.181.137.59 - - [20/Oct/2025:17:42:23 -0400] "GET /this-video-shows-the-fight-of-a-kid-with-police/ HTTP/1.1" 200 282045 "http://wahgazab.com/why-should-boys-shave-their-legs/" "Mozilla/5.0 (compatible; SeekportBot; +https://bot.seekport.com)"
135.181.137.59 - - [20/Oct/2025:17:42:25 -0400] "GET /this-indian-lives-in-the-most-luxurious-house/ HTTP/1.1" 200 286671 "http://wahgazab.com/author/wah1/" "Mozilla/5.0 (compatible; SeekportBot; +https://bot.seekport.com)"
135.181.137.59 - - [20/Oct/2025:17:42:27 -0400] "GET /you-will-be-shocked-to-see-6-pack-abs-at-61/ HTTP/1.1" 200 282513 "http://wahgazab.com/author/wah1/" "Mozilla/5.0 (compatible; SeekportBot; +https://bot.seekport.com)"
135.181.137.59 - - [20/Oct/2025:17:42:29 -0400] "GET /propose-your-partner-in-bollywood-style/ HTTP/1.1" 200 285176 "http://wahgazab.com/author/wah1/" "Mozilla/5.0 (compatible; SeekportBot; +https://bot.seekport.com)"
135.181.137.59 - - [20/Oct/2025:17:42:30 -0400] "GET /pear-to-control-blood-pressure-and-heart-problems/ HTTP/1.1" 200 282128 "http://wahgazab.com/author/wah1/" "Mozilla/5.0 (compatible; SeekportBot; +https://bot.seekport.com)"
135.181.137.59 - - [20/Oct/2025:17:42:32 -0400] "GET /5-health-benefits-of-curry-leaves/ HTTP/1.1" 200 281521 "http://wahgazab.com/author/wah1/" "Mozilla/5.0 (compatible; SeekportBot; +https://bot.seekport.com)"
135.181.137.59 - - [20/Oct/2025:17:42:34 -0400] "GET /sunny-leone-is-a-writer-now/ HTTP/1.1" 200 280889 "http://wahgazab.com/author/wah1/" "Mozilla/5.0 (compatible; SeekportBot; +https://bot.seekport.com)"
135.181.137.59 - - [20/Oct/2025:17:42:36 -0400] "GET /bsnl-introduces-amazing-3g-internet-data-offer/ HTTP/1.1" 200 282932 "http://wahgazab.com/author/wah1/" "Mozilla/5.0 (compatible; SeekportBot; +https://bot.seekport.com)"
135.181.137.59 - - [20/Oct/2025:17:42:38 -0400] "GET /longest-movie-in-the-world-to-last-one-month/ HTTP/1.1" 200 282391 "http://wahgazab.com/author/wah1/" "Mozilla/5.0 (compatible; SeekportBot; +https://bot.seekport.com)"
135.181.137.59 - - [20/Oct/2025:17:42:39 -0400] "GET /salman-violates-the-toll-tax-rule/ HTTP/1.1" 200 283535 "http://wahgazab.com/author/wah1/" "Mozilla/5.0 (compatible; SeekportBot; +https://bot.seekport.com)"
135.181.137.59 - - [20/Oct/2025:17:42:41 -0400] "GET /restaurant-where-meals-served-with-love-and-kindness/ HTTP/1.1" 200 289820 "http://wahgazab.com/author/wah1/" "Mozilla/5.0 (compatible; SeekportBot; +https://bot.seekport.com)"
135.181.137.59 - - [20/Oct/2025:17:42:43 -0400] "GET /3-home-remedies-to-cure-headache/ HTTP/1.1" 200 282190 "http://wahgazab.com/author/wah1/" "Mozilla/5.0 (compatible; SeekportBot; +https://bot.seekport.com)"
5.39.109.160 - - [20/Oct/2025:17:42:45 -0400] "GET /3-women-fighter-pilots-to-challenge-rivals/feed/ HTTP/1.1" 200 941 "-" "Mozilla/5.0 (compatible; AhrefsBot/7.0; +http://ahrefs.com/robot/)"
135.181.137.59 - - [20/Oct/2025:17:42:45 -0400] "GET /flights-land-over-the-bridge-and-vehicles-run-under-it-here/ HTTP/1.1" 200 283098 "http://wahgazab.com/author/wah1/" "Mozilla/5.0 (compatible; SeekportBot; +https://bot.seekport.com)"
135.181.137.59 - - [20/Oct/2025:17:42:47 -0400] "GET /effective-cooking-tips/ HTTP/1.1" 200 279995 "http://wahgazab.com/author/wah1/" "Mozilla/5.0 (compatible; SeekportBot; +https://bot.seekport.com)"
135.181.137.59 - - [20/Oct/2025:17:42:49 -0400] "GET /make-your-home-summer-proof-in-summers/ HTTP/1.1" 200 286349 "http://wahgazab.com/author/wah1/" "Mozilla/5.0 (compatible; SeekportBot; +https://bot.seekport.com)"
216.73.216.129 - - [20/Oct/2025:17:42:50 -0400] "GET /bipasha-basu-is-engaged HTTP/1.1" 301 - "-" "Mozilla/5.0 AppleWebKit/537.36 (KHTML, like Gecko; compatible; ClaudeBot/1.0; [email protected])"
135.181.137.59 - - [20/Oct/2025:17:42:50 -0400] "GET /puppuccino-the-first-dog-cafe-on-delhi/ HTTP/1.1" 200 282130 "http://wahgazab.com/author/wah1/" "Mozilla/5.0 (compatible; SeekportBot; +https://bot.seekport.com)"
216.73.216.129 - - [20/Oct/2025:17:42:51 -0400] "GET /bipasha-basu-is-engaged/ HTTP/1.1" 200 280792 "http://wahgazab.com/bipasha-basu-is-engaged" "Mozilla/5.0 AppleWebKit/537.36 (KHTML, like Gecko; compatible; ClaudeBot/1.0; [email protected])"
216.73.216.129 - - [20/Oct/2025:17:42:52 -0400] "GET /person-has-a-bullet-in-head-and-still-alive-for-years HTTP/1.1" 301 - "-" "Mozilla/5.0 AppleWebKit/537.36 (KHTML, like Gecko; compatible; ClaudeBot/1.0; [email protected])"
135.181.137.59 - - [20/Oct/2025:17:42:52 -0400] "GET /tasty-tomato-pickle/ HTTP/1.1" 200 280142 "http://wahgazab.com/author/wah1/" "Mozilla/5.0 (compatible; SeekportBot; +https://bot.seekport.com)"
216.73.216.129 - - [20/Oct/2025:17:42:53 -0400] "GET /person-has-a-bullet-in-head-and-still-alive-for-years/ HTTP/1.1" 200 278985 "http://wahgazab.com/person-has-a-bullet-in-head-and-still-alive-for-years" "Mozilla/5.0 AppleWebKit/537.36 (KHTML, like Gecko; compatible; ClaudeBot/1.0; [email protected])"
135.181.137.59 - - [20/Oct/2025:17:42:54 -0400] "GET /this-girl-child-sets-a-world-record-by-writing-in-reverse-order/ HTTP/1.1" 200 284297 "http://wahgazab.com/author/wah1/" "Mozilla/5.0 (compatible; SeekportBot; +https://bot.seekport.com)"
135.181.137.59 - - [20/Oct/2025:17:42:56 -0400] "GET /amitabh-bachchan-may-not-remain-ambassador-of-incredible-india/ HTTP/1.1" 200 284345 "http://wahgazab.com/author/wah1/" "Mozilla/5.0 (compatible; SeekportBot; +https://bot.seekport.com)"
135.181.137.59 - - [20/Oct/2025:17:42:58 -0400] "GET /chandramukhi-chautala-to-be-seen-in-army-uniform-now/ HTTP/1.1" 200 282260 "http://wahgazab.com/author/wah1/" "Mozilla/5.0 (compatible; SeekportBot; +https://bot.seekport.com)"
135.181.137.59 - - [20/Oct/2025:17:43:00 -0400] "GET /pratyusha-suicide-case-has-got-a-new-twist-now/ HTTP/1.1" 200 285092 "http://wahgazab.com/author/wah1/" "Mozilla/5.0 (compatible; SeekportBot; +https://bot.seekport.com)"
135.181.137.59 - - [20/Oct/2025:17:43:02 -0400] "GET /author/wah1/page/2/ HTTP/1.1" 200 187346 "http://wahgazab.com/author/wah1/" "Mozilla/5.0 (compatible; SeekportBot; +https://bot.seekport.com)"
135.181.137.59 - - [20/Oct/2025:17:43:04 -0400] "GET /author/wah1/page/3/ HTTP/1.1" 200 187133 "http://wahgazab.com/author/wah1/" "Mozilla/5.0 (compatible; SeekportBot; +https://bot.seekport.com)"
135.181.137.59 - - [20/Oct/2025:17:43:06 -0400] "GET /author/wah1/page/25/ HTTP/1.1" 200 123314 "http://wahgazab.com/author/wah1/" "Mozilla/5.0 (compatible; SeekportBot; +https://bot.seekport.com)"
135.181.137.59 - - [20/Oct/2025:17:43:08 -0400] "GET /tag/coloured-stripes-on-toothpaste-tube/ HTTP/1.1" 200 121598 "http://wahgazab.com/meaning-of-coloured-stripes-made-on-toothpaste-tube/" "Mozilla/5.0 (compatible; SeekportBot; +https://bot.seekport.com)"
135.181.137.59 - - [20/Oct/2025:17:43:09 -0400] "GET /tag/toothpaste/ HTTP/1.1" 200 124287 "http://wahgazab.com/meaning-of-coloured-stripes-made-on-toothpaste-tube/" "Mozilla/5.0 (compatible; SeekportBot; +https://bot.seekport.com)"
135.181.137.59 - - [20/Oct/2025:17:43:11 -0400] "GET /tag/%E0%A4%9F%E0%A5%82%E0%A4%A5%E0%A4%AA%E0%A5%87%E0%A4%B8%E0%A5%8D%E0%A4%9F/ HTTP/1.1" 200 124466 "http://wahgazab.com/meaning-of-coloured-stripes-made-on-toothpaste-tube/" "Mozilla/5.0 (compatible; SeekportBot; +https://bot.seekport.com)"
135.181.137.59 - - [20/Oct/2025:17:43:13 -0400] "GET /tag/chintus-good-news/ HTTP/1.1" 200 121216 "http://wahgazab.com/hilarious-jokes-2/" "Mozilla/5.0 (compatible; SeekportBot; +https://bot.seekport.com)"
135.181.137.59 - - [20/Oct/2025:17:43:15 -0400] "GET /tag/chintus-good-news-jokes/ HTTP/1.1" 200 121264 "http://wahgazab.com/hilarious-jokes-2/" "Mozilla/5.0 (compatible; SeekportBot; +https://bot.seekport.com)"
135.181.137.59 - - [20/Oct/2025:17:43:15 -0400] "GET /tag/chintus-good-news-jokes-news-in-hindi/ HTTP/1.1" 200 121376 "http://wahgazab.com/hilarious-jokes-2/" "Mozilla/5.0 (compatible; SeekportBot; +https://bot.seekport.com)"
114.119.129.50 - - [20/Oct/2025:17:43:16 -0400] "GET /things-to-keep-in-mind-and-make-maa-laxmi-happy-this-year/sunrise/ HTTP/1.1" 200 121884 "http://wahgazab.com/attachment-sitemap2.xml" "Mozilla/5.0 (Linux; Android 7.0;) AppleWebKit/537.36 (KHTML, like Gecko) Mobile Safari/537.36 (compatible; PetalBot;+https://webmaster.petalsearch.com/site/petalbot)"
135.181.137.59 - - [20/Oct/2025:17:43:16 -0400] "GET /tag/flirtatious-jokes/ HTTP/1.1" 200 121216 "http://wahgazab.com/hilarious-jokes-2/" "Mozilla/5.0 (compatible; SeekportBot; +https://bot.seekport.com)"
135.181.137.59 - - [20/Oct/2025:17:43:18 -0400] "GET /tag/flirtatious-jokes-in-hindi/ HTTP/1.1" 200 121288 "http://wahgazab.com/hilarious-jokes-2/" "Mozilla/5.0 (compatible; SeekportBot; +https://bot.seekport.com)"
135.181.137.59 - - [20/Oct/2025:17:43:19 -0400] "GET /tag/radio-and-newspaper-jokes/ HTTP/1.1" 200 121246 "http://wahgazab.com/hilarious-jokes-2/" "Mozilla/5.0 (compatible; SeekportBot; +https://bot.seekport.com)"
135.181.137.59 - - [20/Oct/2025:17:43:20 -0400] "GET /tag/radio-and-newspaper-jokes-in-hindi/ HTTP/1.1" 200 121318 "http://wahgazab.com/hilarious-jokes-2/" "Mozilla/5.0 (compatible; SeekportBot; +https://bot.seekport.com)"
17.241.75.102 - - [20/Oct/2025:17:43:21 -0400] "GET /wp-content/plugins/td-composer/legacy/Newspaper/js/tdPostImages.js?ver=12.7.1 HTTP/1.1" 200 2449 "http://wahgazab.com/know-the-remedy-to-please-the-god-of-sun-that-will-help-you-to-progress-in-life/sun1-5/" "Mozilla/5.0 (Macintosh; Intel Mac OS X 10_15_7) AppleWebKit/605.1.15 (KHTML, like Gecko) Version/17.4 Safari/605.1.15 (Applebot/0.1; +http://www.apple.com/go/applebot)"
17.241.219.21 - - [20/Oct/2025:17:43:22 -0400] "GET /wp-content/plugins/td-composer/legacy/Newspaper/js/tdSocialSharing.js?ver=12.7.1 HTTP/1.1" 200 2632 "http://wahgazab.com/know-the-remedy-to-please-the-god-of-sun-that-will-help-you-to-progress-in-life/sun1-5/" "Mozilla/5.0 (Macintosh; Intel Mac OS X 10_15_7) AppleWebKit/605.1.15 (KHTML, like Gecko) Version/17.4 Safari/605.1.15 (Applebot/0.1; +http://www.apple.com/go/applebot)"
17.241.219.252 - - [20/Oct/2025:17:43:22 -0400] "GET /wp-content/plugins/td-composer/legacy/Newspaper/js/tdModalPostImages.js?ver=12.7.1 HTTP/1.1" 200 8892 "http://wahgazab.com/know-the-remedy-to-please-the-god-of-sun-that-will-help-you-to-progress-in-life/sun1-5/" "Mozilla/5.0 (Macintosh; Intel Mac OS X 10_15_7) AppleWebKit/605.1.15 (KHTML, like Gecko) Version/17.4 Safari/605.1.15 (Applebot/0.1; +http://www.apple.com/go/applebot)"
135.181.137.59 - - [20/Oct/2025:17:43:21 -0400] "GET /deficient-people-to-get-free-of-cost-cure-in-300-private-hospitals/ HTTP/1.1" 200 283370 "http://wahgazab.com/hilarious-jokes-2/" "Mozilla/5.0 (compatible; SeekportBot; +https://bot.seekport.com)"
17.241.219.246 - - [20/Oct/2025:17:43:23 -0400] "GET /wp-includes/js/comment-reply.min.js?ver=6.8.3 HTTP/1.1" 200 3026 "http://wahgazab.com/know-the-remedy-to-please-the-god-of-sun-that-will-help-you-to-progress-in-life/sun1-5/" "Mozilla/5.0 (Macintosh; Intel Mac OS X 10_15_7) AppleWebKit/605.1.15 (KHTML, like Gecko) Version/17.4 Safari/605.1.15 (Applebot/0.1; +http://www.apple.com/go/applebot)"
135.181.137.59 - - [20/Oct/2025:17:43:23 -0400] "GET /these-habits-prevent-skin-cancer/ HTTP/1.1" 200 284175 "http://wahgazab.com/hilarious-jokes-2/" "Mozilla/5.0 (compatible; SeekportBot; +https://bot.seekport.com)"
135.181.137.59 - - [20/Oct/2025:17:43:25 -0400] "GET /tag/apology-letter/ HTTP/1.1" 200 121655 "http://wahgazab.com/thief-returned-the-stolen-jewels-with-an-apology-letter/" "Mozilla/5.0 (compatible; SeekportBot; +https://bot.seekport.com)"
135.181.137.59 - - [20/Oct/2025:17:43:27 -0400] "GET /tag/stolen-jewels/ HTTP/1.1" 200 121647 "http://wahgazab.com/thief-returned-the-stolen-jewels-with-an-apology-letter/" "Mozilla/5.0 (compatible; SeekportBot; +https://bot.seekport.com)"
135.181.137.59 - - [20/Oct/2025:17:43:28 -0400] "GET /tag/thief/ HTTP/1.1" 200 136876 "http://wahgazab.com/thief-returned-the-stolen-jewels-with-an-apology-letter/" "Mozilla/5.0 (compatible; SeekportBot; +https://bot.seekport.com)"
135.181.137.59 - - [20/Oct/2025:17:43:30 -0400] "GET /tag/thief-returned-the-stolen-jewels-with-an-apology-letter/ HTTP/1.1" 200 121983 "http://wahgazab.com/thief-returned-the-stolen-jewels-with-an-apology-letter/" "Mozilla/5.0 (compatible; SeekportBot; +https://bot.seekport.com)"
135.181.137.59 - - [20/Oct/2025:17:43:32 -0400] "GET /tag/weuird-news/ HTTP/1.1" 200 121631 "http://wahgazab.com/thief-returned-the-stolen-jewels-with-an-apology-letter/" "Mozilla/5.0 (compatible; SeekportBot; +https://bot.seekport.com)"
135.181.137.59 - - [20/Oct/2025:17:43:33 -0400] "GET /tag/%E0%A4%9A%E0%A5%8B%E0%A4%B0/ HTTP/1.1" 200 127917 "http://wahgazab.com/thief-returned-the-stolen-jewels-with-an-apology-letter/" "Mozilla/5.0 (compatible; SeekportBot; +https://bot.seekport.com)"
135.181.137.59 - - [20/Oct/2025:17:43:35 -0400] "GET /know-the-tips-to-make-more-money/ HTTP/1.1" 200 283717 "http://wahgazab.com/thief-returned-the-stolen-jewels-with-an-apology-letter/" "Mozilla/5.0 (compatible; SeekportBot; +https://bot.seekport.com)"
135.181.137.59 - - [20/Oct/2025:17:43:37 -0400] "GET /tag/after-naagin-dance-and-murga-dance-enjoy-bagula-dance/ HTTP/1.1" 200 122280 "http://wahgazab.com/after-naagin-dance-and-murga-dance-enjoy-bagula-dance/" "Mozilla/5.0 (compatible; SeekportBot; +https://bot.seekport.com)"
135.181.137.59 - - [20/Oct/2025:17:43:38 -0400] "GET /tag/enjoy-bagula-dance/ HTTP/1.1" 200 122000 "http://wahgazab.com/after-naagin-dance-and-murga-dance-enjoy-bagula-dance/" "Mozilla/5.0 (compatible; SeekportBot; +https://bot.seekport.com)"
135.181.137.59 - - [20/Oct/2025:17:43:40 -0400] "GET /tag/murga-dance/ HTTP/1.1" 200 128024 "http://wahgazab.com/after-naagin-dance-and-murga-dance-enjoy-bagula-dance/" "Mozilla/5.0 (compatible; SeekportBot; +https://bot.seekport.com)"
135.181.137.59 - - [20/Oct/2025:17:43:41 -0400] "GET /tag/nagin-dance/ HTTP/1.1" 200 128024 "http://wahgazab.com/after-naagin-dance-and-murga-dance-enjoy-bagula-dance/" "Mozilla/5.0 (compatible; SeekportBot; +https://bot.seekport.com)"
135.181.137.59 - - [20/Oct/2025:17:43:43 -0400] "GET /tag/%E0%A4%A8%E0%A4%BE%E0%A4%97%E0%A4%BF%E0%A4%A8-%E0%A4%A1%E0%A4%BE%E0%A4%82%E0%A4%B8-%E0%A4%94%E0%A4%B0-%E0%A4%AE%E0%A5%81%E0%A4%B0%E0%A5%8D%E0%A4%97%E0%A4%BE-%E0%A4%A1%E0%A4%BE%E0%A4%82%E0%A4%B8/ HTTP/1.1" 200 125510 "http://wahgazab.com/after-naagin-dance-and-murga-dance-enjoy-bagula-dance/" "Mozilla/5.0 (compatible; SeekportBot; +https://bot.seekport.com)"
135.181.137.59 - - [20/Oct/2025:17:43:44 -0400] "GET /adopt-these-tips-related-to-mahadev-that-will-fill-your-life-with-happiness-and-prosperity/ HTTP/1.1" 200 288069 "http://wahgazab.com/after-naagin-dance-and-murga-dance-enjoy-bagula-dance/" "Mozilla/5.0 (compatible; SeekportBot; +https://bot.seekport.com)"
135.181.137.59 - - [20/Oct/2025:17:43:46 -0400] "GET /dog-lost-68-crores-the-one-who-finds-it-will-get-50-lakhs-prize/ HTTP/1.1" 200 283173 "http://wahgazab.com/after-naagin-dance-and-murga-dance-enjoy-bagula-dance/" "Mozilla/5.0 (compatible; SeekportBot; +https://bot.seekport.com)"
135.181.137.59 - - [20/Oct/2025:17:43:48 -0400] "GET /tag/cyanide/ HTTP/1.1" 200 121284 "http://wahgazab.com/this-indian-fruit-is-more-dangerous-than-cyanide/" "Mozilla/5.0 (compatible; SeekportBot; +https://bot.seekport.com)"
135.181.137.59 - - [20/Oct/2025:17:43:50 -0400] "GET /tag/dangerous/ HTTP/1.1" 200 137206 "http://wahgazab.com/this-indian-fruit-is-more-dangerous-than-cyanide/" "Mozilla/5.0 (compatible; SeekportBot; +https://bot.seekport.com)"
135.181.137.59 - - [20/Oct/2025:17:43:51 -0400] "GET /tag/indian-fruit/ HTTP/1.1" 200 121324 "http://wahgazab.com/this-indian-fruit-is-more-dangerous-than-cyanide/" "Mozilla/5.0 (compatible; SeekportBot; +https://bot.seekport.com)"
135.181.137.59 - - [20/Oct/2025:17:43:53 -0400] "GET /tag/this-indian-fruit-is-more-dangerous-than-cyanide/ HTTP/1.1" 200 121612 "http://wahgazab.com/this-indian-fruit-is-more-dangerous-than-cyanide/" "Mozilla/5.0 (compatible; SeekportBot; +https://bot.seekport.com)"
135.181.137.59 - - [20/Oct/2025:17:43:54 -0400] "GET /tag/%E0%A4%AE%E0%A5%8C%E0%A4%A4/ HTTP/1.1" 200 157463 "http://wahgazab.com/this-indian-fruit-is-more-dangerous-than-cyanide/" "Mozilla/5.0 (compatible; SeekportBot; +https://bot.seekport.com)"
216.73.216.129 - - [20/Oct/2025:17:43:55 -0400] "GET /robots.txt HTTP/1.1" 200 112 "-" "Mozilla/5.0 AppleWebKit/537.36 (KHTML, like Gecko; compatible; ClaudeBot/1.0; [email protected])"
216.73.216.129 - - [20/Oct/2025:17:43:55 -0400] "GET /how-did-the-stars-look-in-their-childhood/%e0%a4%b8%e0%a4%bf%e0%a4%a6%e0%a5%8d%e0%a4%a7%e0%a4%be%e0%a4%b0%e0%a5%8d%e0%a4%a5-%e0%a4%ae%e0%a4%b2%e0%a5%8d%e0%a4%b9%e0%a5%8b%e0%a4%a4%e0%a5%8d%e0%a4%b0%e0%a4%be HTTP/1.1" 301 - "-" "Mozilla/5.0 AppleWebKit/537.36 (KHTML, like Gecko; compatible; ClaudeBot/1.0; [email protected])"
135.181.137.59 - - [20/Oct/2025:17:43:56 -0400] "GET /these-gestures-of-crow-tell-about-your-good-times/ HTTP/1.1" 200 284892 "http://wahgazab.com/this-indian-fruit-is-more-dangerous-than-cyanide/" "Mozilla/5.0 (compatible; SeekportBot; +https://bot.seekport.com)"
216.73.216.129 - - [20/Oct/2025:17:43:56 -0400] "GET /how-did-the-stars-look-in-their-childhood/%e0%a4%b8%e0%a4%bf%e0%a4%a6%e0%a5%8d%e0%a4%a7%e0%a4%be%e0%a4%b0%e0%a5%8d%e0%a4%a5-%e0%a4%ae%e0%a4%b2%e0%a5%8d%e0%a4%b9%e0%a5%8b%e0%a4%a4%e0%a5%8d%e0%a4%b0%e0%a4%be/ HTTP/1.1" 200 123599 "http://wahgazab.com/how-did-the-stars-look-in-their-childhood/%e0%a4%b8%e0%a4%bf%e0%a4%a6%e0%a5%8d%e0%a4%a7%e0%a4%be%e0%a4%b0%e0%a5%8d%e0%a4%a5-%e0%a4%ae%e0%a4%b2%e0%a5%8d%e0%a4%b9%e0%a5%8b%e0%a4%a4%e0%a5%8d%e0%a4%b0%e0%a4%be" "Mozilla/5.0 AppleWebKit/537.36 (KHTML, like Gecko; compatible; ClaudeBot/1.0; [email protected])"
216.73.216.129 - - [20/Oct/2025:17:43:56 -0400] "GET /how-did-the-stars-look-in-their-childhood/%e0%a4%b0%e0%a4%a3%e0%a4%ac%e0%a5%80%e0%a4%b0-%e0%a4%95%e0%a4%aa%e0%a5%82%e0%a4%b0/feed HTTP/1.1" 301 - "-" "Mozilla/5.0 AppleWebKit/537.36 (KHTML, like Gecko; compatible; ClaudeBot/1.0; [email protected])"
216.73.216.129 - - [20/Oct/2025:17:43:57 -0400] "GET /how-did-the-stars-look-in-their-childhood/%e0%a4%b0%e0%a4%a3%e0%a4%ac%e0%a5%80%e0%a4%b0-%e0%a4%95%e0%a4%aa%e0%a5%82%e0%a4%b0/feed/ HTTP/1.1" 200 990 "http://wahgazab.com/how-did-the-stars-look-in-their-childhood/%e0%a4%b0%e0%a4%a3%e0%a4%ac%e0%a5%80%e0%a4%b0-%e0%a4%95%e0%a4%aa%e0%a5%82%e0%a4%b0/feed" "Mozilla/5.0 AppleWebKit/537.36 (KHTML, like Gecko; compatible; ClaudeBot/1.0; [email protected])"
216.73.216.129 - - [20/Oct/2025:17:43:57 -0400] "GET /way-of-taking-bath-makes-you-rich-and-blissful/1-614/feed HTTP/1.1" 301 - "-" "Mozilla/5.0 AppleWebKit/537.36 (KHTML, like Gecko; compatible; ClaudeBot/1.0; [email protected])"
135.181.137.59 - - [20/Oct/2025:17:43:58 -0400] "GET /muslim-society-broke-the-mosque-to-make-space-for-kumbh-mela/ HTTP/1.1" 200 283166 "http://wahgazab.com/this-indian-fruit-is-more-dangerous-than-cyanide/" "Mozilla/5.0 (compatible; SeekportBot; +https://bot.seekport.com)"
216.73.216.129 - - [20/Oct/2025:17:43:58 -0400] "GET /way-of-taking-bath-makes-you-rich-and-blissful/1-614/feed/ HTTP/1.1" 200 819 "http://wahgazab.com/way-of-taking-bath-makes-you-rich-and-blissful/1-614/feed" "Mozilla/5.0 AppleWebKit/537.36 (KHTML, like Gecko; compatible; ClaudeBot/1.0; [email protected])"
135.181.137.59 - - [20/Oct/2025:17:44:00 -0400] "GET /how-to-use-glitters-in-makeup/ HTTP/1.1" 200 284863 "http://wahgazab.com/category/fashion/page/2/" "Mozilla/5.0 (compatible; SeekportBot; +https://bot.seekport.com)"
135.181.137.59 - - [20/Oct/2025:17:44:01 -0400] "GET /bell-bottom-is-again-in-trend/ HTTP/1.1" 200 287968 "http://wahgazab.com/category/fashion/page/2/" "Mozilla/5.0 (compatible; SeekportBot; +https://bot.seekport.com)"
135.181.137.59 - - [20/Oct/2025:17:44:03 -0400] "GET /have-your-beard-according-to-your-face-structure/ HTTP/1.1" 200 282424 "http://wahgazab.com/category/fashion/page/2/" "Mozilla/5.0 (compatible; SeekportBot; +https://bot.seekport.com)"
135.181.137.59 - - [20/Oct/2025:17:44:05 -0400] "GET /look-smart-with-chinos/ HTTP/1.1" 200 282157 "http://wahgazab.com/category/fashion/page/2/" "Mozilla/5.0 (compatible; SeekportBot; +https://bot.seekport.com)"
135.181.137.59 - - [20/Oct/2025:17:44:07 -0400] "GET /find-out-which-type-of-jeans-is-perfect-for-you/ HTTP/1.1" 200 284185 "http://wahgazab.com/category/fashion/page/2/" "Mozilla/5.0 (compatible; SeekportBot; +https://bot.seekport.com)"
135.181.137.59 - - [20/Oct/2025:17:44:09 -0400] "GET /these-five-hairstyles-for-men-will-give-them-a-stylish-look/ HTTP/1.1" 200 287532 "http://wahgazab.com/category/fashion/page/2/" "Mozilla/5.0 (compatible; SeekportBot; +https://bot.seekport.com)"
135.181.137.59 - - [20/Oct/2025:17:44:10 -0400] "GET /these-hairstyles-can-make-you-look-stylish/ HTTP/1.1" 200 282818 "http://wahgazab.com/category/fashion/page/2/" "Mozilla/5.0 (compatible; SeekportBot; +https://bot.seekport.com)"
135.181.137.59 - - [20/Oct/2025:17:44:11 -0400] "GET /apt-spectacle-to-look-smart/ HTTP/1.1" 200 281101 "http://wahgazab.com/category/fashion/page/2/" "Mozilla/5.0 (compatible; SeekportBot; +https://bot.seekport.com)"
135.181.137.59 - - [20/Oct/2025:17:44:13 -0400] "GET /beauty-products-that-men-must-have/ HTTP/1.1" 200 283729 "http://wahgazab.com/category/fashion/page/3/" "Mozilla/5.0 (compatible; SeekportBot; +https://bot.seekport.com)"
135.181.137.59 - - [20/Oct/2025:17:44:15 -0400] "GET /use-these-tips-to-grow-your-beard-fast/ HTTP/1.1" 200 284581 "http://wahgazab.com/category/fashion/page/3/" "Mozilla/5.0 (compatible; SeekportBot; +https://bot.seekport.com)"
135.181.137.59 - - [20/Oct/2025:17:44:16 -0400] "GET /know-about-your-best-perfume/ HTTP/1.1" 200 282395 "http://wahgazab.com/category/fashion/page/3/" "Mozilla/5.0 (compatible; SeekportBot; +https://bot.seekport.com)"
135.181.137.59 - - [20/Oct/2025:17:44:18 -0400] "GET /how-to-wear-shirt-perfectly/ HTTP/1.1" 200 282096 "http://wahgazab.com/category/fashion/page/3/" "Mozilla/5.0 (compatible; SeekportBot; +https://bot.seekport.com)"
37.59.204.128 - - [20/Oct/2025:17:44:19 -0400] "GET /tag/invitation-card-like-aadhar-card-printed-in-marriage/ HTTP/1.1" 200 122308 "-" "Mozilla/5.0 (compatible; AhrefsBot/7.0; +http://ahrefs.com/robot/)"
135.181.137.59 - - [20/Oct/2025:17:44:20 -0400] "GET /blazers-that-go-well-with-jeans/ HTTP/1.1" 200 283138 "http://wahgazab.com/category/fashion/page/3/" "Mozilla/5.0 (compatible; SeekportBot; +https://bot.seekport.com)"
135.181.137.59 - - [20/Oct/2025:17:44:22 -0400] "GET /5-accessories-for-college-going-girls/ HTTP/1.1" 200 285612 "http://wahgazab.com/category/fashion/page/3/" "Mozilla/5.0 (compatible; SeekportBot; +https://bot.seekport.com)"
135.181.137.59 - - [20/Oct/2025:17:44:24 -0400] "GET /ways-to-take-care-of-your-beautiful-and-costly-jewelry/ HTTP/1.1" 200 284590 "http://wahgazab.com/category/fashion/page/3/" "Mozilla/5.0 (compatible; SeekportBot; +https://bot.seekport.com)"
135.181.137.59 - - [20/Oct/2025:17:44:26 -0400] "GET /cool-and-attractive-dresses-for-summers/ HTTP/1.1" 200 283444 "http://wahgazab.com/category/fashion/page/3/" "Mozilla/5.0 (compatible; SeekportBot; +https://bot.seekport.com)"
57.141.0.46 - - [20/Oct/2025:17:44:26 -0400] "GET /tag/judge-breaks-pen-nib-after-giving-death-news/ HTTP/1.1" 200 122580 "-" "meta-externalagent/1.1 (+https://developers.facebook.com/docs/sharing/webmasters/crawler)"
135.181.137.59 - - [20/Oct/2025:17:44:27 -0400] "GET /category/fashion/page/4/ HTTP/1.1" 200 199062 "http://wahgazab.com/category/fashion/page/3/" "Mozilla/5.0 (compatible; SeekportBot; +https://bot.seekport.com)"
135.181.137.59 - - [20/Oct/2025:17:44:29 -0400] "GET /category/fashion/page/10/ HTTP/1.1" 200 199195 "http://wahgazab.com/category/fashion/page/11/" "Mozilla/5.0 (compatible; SeekportBot; +https://bot.seekport.com)"
135.181.137.59 - - [20/Oct/2025:17:44:31 -0400] "GET /category/fashion/page/9/ HTTP/1.1" 200 199264 "http://wahgazab.com/category/fashion/page/11/" "Mozilla/5.0 (compatible; SeekportBot; +https://bot.seekport.com)"
135.181.137.59 - - [20/Oct/2025:17:44:33 -0400] "GET /tag/teacherstudent-jokes/ HTTP/1.1" 200 121177 "http://wahgazab.com/hilarious-jokes/" "Mozilla/5.0 (compatible; SeekportBot; +https://bot.seekport.com)"
135.181.137.59 - - [20/Oct/2025:17:44:34 -0400] "GET /tag/teacherstudent-jokes-in-hindi/ HTTP/1.1" 200 121249 "http://wahgazab.com/hilarious-jokes/" "Mozilla/5.0 (compatible; SeekportBot; +https://bot.seekport.com)"
135.181.137.59 - - [20/Oct/2025:17:44:36 -0400] "GET /tag/the-extent-of-aashiqui-jokes/ HTTP/1.1" 200 121216 "http://wahgazab.com/hilarious-jokes/" "Mozilla/5.0 (compatible; SeekportBot; +https://bot.seekport.com)"
135.181.137.59 - - [20/Oct/2025:17:44:37 -0400] "GET /tag/the-extent-of-aashiqui-jokes-in-hindi/ HTTP/1.1" 200 121288 "http://wahgazab.com/hilarious-jokes/" "Mozilla/5.0 (compatible; SeekportBot; +https://bot.seekport.com)"
135.181.137.59 - - [20/Oct/2025:17:44:39 -0400] "GET /today-in-history-first-jumbo-train-ran-in-india/ HTTP/1.1" 200 286560 "http://wahgazab.com/hilarious-jokes/" "Mozilla/5.0 (compatible; SeekportBot; +https://bot.seekport.com)"
114.119.142.37 - - [20/Oct/2025:17:44:39 -0400] "GET /ranveer-singh-is-nervous-about-his-role-in-bajirao/ranveer-shing/ HTTP/1.1" 200 121478 "http://wahgazab.com/attachment-sitemap2.xml" "Mozilla/5.0 (Linux; Android 7.0;) AppleWebKit/537.36 (KHTML, like Gecko) Mobile Safari/537.36 (compatible; PetalBot;+https://webmaster.petalsearch.com/site/petalbot)"
135.181.137.59 - - [20/Oct/2025:17:44:40 -0400] "GET /surrendered-naxalites-receiving-special-gifts/ HTTP/1.1" 200 284556 "http://wahgazab.com/hilarious-jokes/" "Mozilla/5.0 (compatible; SeekportBot; +https://bot.seekport.com)"
135.181.137.59 - - [20/Oct/2025:17:44:42 -0400] "GET /tag/pastor-raped-a-woman/ HTTP/1.1" 200 121613 "http://wahgazab.com/pastor-raped-a-woman-in-the-name-of-religion/" "Mozilla/5.0 (compatible; SeekportBot; +https://bot.seekport.com)"
135.181.137.59 - - [20/Oct/2025:17:44:44 -0400] "GET /tag/religion/ HTTP/1.1" 200 171275 "http://wahgazab.com/pastor-raped-a-woman-in-the-name-of-religion/" "Mozilla/5.0 (compatible; SeekportBot; +https://bot.seekport.com)"
135.181.137.59 - - [20/Oct/2025:17:44:45 -0400] "GET /tag/%E0%A4%AA%E0%A4%BE%E0%A4%A6%E0%A4%B0%E0%A5%80/ HTTP/1.1" 200 121613 "http://wahgazab.com/pastor-raped-a-woman-in-the-name-of-religion/" "Mozilla/5.0 (compatible; SeekportBot; +https://bot.seekport.com)"
135.181.137.59 - - [20/Oct/2025:17:44:47 -0400] "GET /man-divorced-his-wife-when-she-insulted-messi/ HTTP/1.1" 200 283549 "http://wahgazab.com/pastor-raped-a-woman-in-the-name-of-religion/" "Mozilla/5.0 (compatible; SeekportBot; +https://bot.seekport.com)"
135.181.137.59 - - [20/Oct/2025:17:44:48 -0400] "GET /before-traveling-on-the-plane-know-about-this-secret-button/ HTTP/1.1" 200 284124 "http://wahgazab.com/pastor-raped-a-woman-in-the-name-of-religion/" "Mozilla/5.0 (compatible; SeekportBot; +https://bot.seekport.com)"
135.181.137.59 - - [20/Oct/2025:17:44:50 -0400] "GET /tag/strong-way/ HTTP/1.1" 200 121650 "http://wahgazab.com/the-tamarind-seeds-can-make-the-weaker-person-strong-in-this-way/" "Mozilla/5.0 (compatible; SeekportBot; +https://bot.seekport.com)"
135.181.137.59 - - [20/Oct/2025:17:44:52 -0400] "GET /tag/tamarind-seeds/ HTTP/1.1" 200 121682 "http://wahgazab.com/the-tamarind-seeds-can-make-the-weaker-person-strong-in-this-way/" "Mozilla/5.0 (compatible; SeekportBot; +https://bot.seekport.com)"
135.181.137.59 - - [20/Oct/2025:17:44:54 -0400] "GET /tag/the-tamarind-seeds-can-make-the-weaker-person-strong-in-this-way/ HTTP/1.1" 200 122082 "http://wahgazab.com/the-tamarind-seeds-can-make-the-weaker-person-strong-in-this-way/" "Mozilla/5.0 (compatible; SeekportBot; +https://bot.seekport.com)"
135.181.137.59 - - [20/Oct/2025:17:44:57 -0400] "GET /tag/weaker-person/ HTTP/1.1" 200 121674 "http://wahgazab.com/the-tamarind-seeds-can-make-the-weaker-person-strong-in-this-way/" "Mozilla/5.0 (compatible; SeekportBot; +https://bot.seekport.com)"
135.181.137.59 - - [20/Oct/2025:17:44:58 -0400] "GET /tag/%E0%A4%87%E0%A4%AE%E0%A4%B2%E0%A5%80-%E0%A4%95%E0%A5%87-%E0%A4%AC%E0%A5%80%E0%A4%9C/ HTTP/1.1" 200 121876 "http://wahgazab.com/the-tamarind-seeds-can-make-the-weaker-person-strong-in-this-way/" "Mozilla/5.0 (compatible; SeekportBot; +https://bot.seekport.com)"
135.181.137.59 - - [20/Oct/2025:17:44:59 -0400] "GET /know-why-these-muslim-bollywood-actresses-have-hindu-names/ HTTP/1.1" 200 284286 "http://wahgazab.com/the-tamarind-seeds-can-make-the-weaker-person-strong-in-this-way/" "Mozilla/5.0 (compatible; SeekportBot; +https://bot.seekport.com)"
135.181.137.59 - - [20/Oct/2025:17:45:01 -0400] "GET /know-why-this-lady-eats-the-ashes-left-after-funeral-of-dead-bodies/ HTTP/1.1" 200 285419 "http://wahgazab.com/the-tamarind-seeds-can-make-the-weaker-person-strong-in-this-way/" "Mozilla/5.0 (compatible; SeekportBot; +https://bot.seekport.com)"
135.181.137.59 - - [20/Oct/2025:17:45:03 -0400] "GET /tag/american-recited-sanskrit-mantras-that-will-leave-you-in-shock/ HTTP/1.1" 200 122306 "http://wahgazab.com/american-recited-sanskrit-mantras-that-will-leave-you-in-shock/" "Mozilla/5.0 (compatible; SeekportBot; +https://bot.seekport.com)"
135.181.137.59 - - [20/Oct/2025:17:45:05 -0400] "GET /tag/american-sanskrit/ HTTP/1.1" 200 121946 "http://wahgazab.com/american-recited-sanskrit-mantras-that-will-leave-you-in-shock/" "Mozilla/5.0 (compatible; SeekportBot; +https://bot.seekport.com)"
185.96.39.185 - - [20/Oct/2025:17:45:06 -0400] "GET /wp-content/uploads/2017/08/sage-parashuram-got-the-divine-axe-by-lord-shiva-here-at-this-cave.jpg HTTP/1.1" 200 177792 "-" "Mozilla/5.0 (Macintosh; Intel Mac OS X 10_15_7) AppleWebKit/537.36 (KHTML, like Gecko) Chrome/122.0.0.0 Safari/537.36"
135.181.137.59 - - [20/Oct/2025:17:45:06 -0400] "GET /tag/shock/ HTTP/1.1" 200 134274 "http://wahgazab.com/american-recited-sanskrit-mantras-that-will-leave-you-in-shock/" "Mozilla/5.0 (compatible; SeekportBot; +https://bot.seekport.com)"
135.181.137.59 - - [20/Oct/2025:17:45:08 -0400] "GET /tag/%E0%A4%B8%E0%A4%82%E0%A4%B8%E0%A5%8D%E0%A4%95%E0%A5%83%E0%A4%A4/ HTTP/1.1" 200 122036 "http://wahgazab.com/american-recited-sanskrit-mantras-that-will-leave-you-in-shock/" "Mozilla/5.0 (compatible; SeekportBot; +https://bot.seekport.com)"
135.181.137.59 - - [20/Oct/2025:17:45:09 -0400] "GET /jokes-flooded-on-internet-after-rahul-hugged-pm-modi/ HTTP/1.1" 200 284247 "http://wahgazab.com/american-recited-sanskrit-mantras-that-will-leave-you-in-shock/" "Mozilla/5.0 (compatible; SeekportBot; +https://bot.seekport.com)"
135.181.137.59 - - [20/Oct/2025:17:45:11 -0400] "GET /tag/%E0%A4%B8%E0%A4%BE%E0%A4%82%E0%A4%AA/ HTTP/1.1" 200 152958 "http://wahgazab.com/here-is-what-happens-when-you-see-snakes-in-your-dreams/" "Mozilla/5.0 (compatible; SeekportBot; +https://bot.seekport.com)"
135.181.137.59 - - [20/Oct/2025:17:45:13 -0400] "GET /tag/mobile-battery/ HTTP/1.1" 200 127991 "http://wahgazab.com/the-smile-on-your-face/" "Mozilla/5.0 (compatible; SeekportBot; +https://bot.seekport.com)"
135.181.137.59 - - [20/Oct/2025:17:45:15 -0400] "GET /tag/mobile-battery-jokes/ HTTP/1.1" 200 121334 "http://wahgazab.com/the-smile-on-your-face/" "Mozilla/5.0 (compatible; SeekportBot; +https://bot.seekport.com)"
17.246.23.116 - - [20/Oct/2025:17:45:16 -0400] "GET /tag/broadcasting-doordarshan-news/ HTTP/1.1" 200 122881 "-" "Mozilla/5.0 (Macintosh; Intel Mac OS X 10_15_7) AppleWebKit/605.1.15 (KHTML, like Gecko) Version/17.4 Safari/605.1.15 (Applebot/0.1; +http://www.apple.com/go/applebot)"
135.181.137.59 - - [20/Oct/2025:17:45:16 -0400] "GET /tag/mobile-battery-jokes-news-in-hindi/ HTTP/1.1" 200 121446 "http://wahgazab.com/the-smile-on-your-face/" "Mozilla/5.0 (compatible; SeekportBot; +https://bot.seekport.com)"
37.59.21.100 - - [20/Oct/2025:17:45:18 -0400] "GET /tag/rss-joint-general-secretary/feed/ HTTP/1.1" 200 10115 "-" "Mozilla/5.0 (X11; Linux i686) AppleWebKit/537.36 (KHTML, like Gecko) Chrome/30.0.1599.66 Safari/537.36"
135.181.137.59 - - [20/Oct/2025:17:45:18 -0400] "GET /tag/mobile-battery-news/ HTTP/1.1" 200 121326 "http://wahgazab.com/the-smile-on-your-face/" "Mozilla/5.0 (compatible; SeekportBot; +https://bot.seekport.com)"
135.181.137.59 - - [20/Oct/2025:17:45:20 -0400] "GET /tag/mobile-battery-news-in-hindi/ HTTP/1.1" 200 121398 "http://wahgazab.com/the-smile-on-your-face/" "Mozilla/5.0 (compatible; SeekportBot; +https://bot.seekport.com)"
135.181.137.59 - - [20/Oct/2025:17:45:21 -0400] "GET /tag/santas-shop/ HTTP/1.1" 200 121296 "http://wahgazab.com/the-smile-on-your-face/" "Mozilla/5.0 (compatible; SeekportBot; +https://bot.seekport.com)"
17.246.23.111 - - [20/Oct/2025:17:45:21 -0400] "GET /government-starts-discovering-the-hidden-treasure-following-a-dream/government-starts-discovering-the-hidden-treasure-following-a-dream-cover/ HTTP/1.1" 200 123087 "-" "Mozilla/5.0 (Macintosh; Intel Mac OS X 10_15_7) AppleWebKit/605.1.15 (KHTML, like Gecko) Version/17.4 Safari/605.1.15 (Applebot/0.1; +http://www.apple.com/go/applebot)"
135.181.137.59 - - [20/Oct/2025:17:45:23 -0400] "GET /tag/santas-shop-news/ HTTP/1.1" 200 121336 "http://wahgazab.com/the-smile-on-your-face/" "Mozilla/5.0 (compatible; SeekportBot; +https://bot.seekport.com)"
135.181.137.59 - - [20/Oct/2025:17:45:24 -0400] "GET /tag/santas-shop-news-in-hindi/ HTTP/1.1" 200 121408 "http://wahgazab.com/the-smile-on-your-face/" "Mozilla/5.0 (compatible; SeekportBot; +https://bot.seekport.com)"
135.181.137.59 - - [20/Oct/2025:17:45:25 -0400] "GET /tag/smile/ HTTP/1.1" 200 127096 "http://wahgazab.com/the-smile-on-your-face/" "Mozilla/5.0 (compatible; SeekportBot; +https://bot.seekport.com)"
135.181.137.59 - - [20/Oct/2025:17:45:27 -0400] "GET /tag/smile-news/ HTTP/1.1" 200 121254 "http://wahgazab.com/the-smile-on-your-face/" "Mozilla/5.0 (compatible; SeekportBot; +https://bot.seekport.com)"
135.181.137.59 - - [20/Oct/2025:17:45:29 -0400] "GET /tag/smile-news-in-hindi/ HTTP/1.1" 200 121326 "http://wahgazab.com/the-smile-on-your-face/" "Mozilla/5.0 (compatible; SeekportBot; +https://bot.seekport.com)"
135.181.137.59 - - [20/Oct/2025:17:45:30 -0400] "GET /little-kid-career/ HTTP/1.1" 200 278745 "http://wahgazab.com/the-smile-on-your-face/" "Mozilla/5.0 (compatible; SeekportBot; +https://bot.seekport.com)"
135.181.137.59 - - [20/Oct/2025:17:45:32 -0400] "GET /healthy-spinach-soup/ HTTP/1.1" 200 281406 "http://wahgazab.com/the-smile-on-your-face/" "Mozilla/5.0 (compatible; SeekportBot; +https://bot.seekport.com)"
135.181.137.59 - - [20/Oct/2025:17:45:33 -0400] "GET /tag/bride-returned-from-marriage-after-seeing-the-grrom-bride-returned-from-marriage/ HTTP/1.1" 200 122297 "http://wahgazab.com/bride-returned-from-marriage-after-seeing-the-groom/" "Mozilla/5.0 (compatible; SeekportBot; +https://bot.seekport.com)"
135.181.137.59 - - [20/Oct/2025:17:45:35 -0400] "GET /tag/groom/ HTTP/1.1" 200 181023 "http://wahgazab.com/bride-returned-from-marriage-after-seeing-the-groom/" "Mozilla/5.0 (compatible; SeekportBot; +https://bot.seekport.com)"
135.181.137.59 - - [20/Oct/2025:17:45:37 -0400] "GET /sc-restrains-people-from-reading-namaz-in-the-premise-of-taj-mahal/ HTTP/1.1" 200 283863 "http://wahgazab.com/bride-returned-from-marriage-after-seeing-the-groom/" "Mozilla/5.0 (compatible; SeekportBot; +https://bot.seekport.com)"
135.181.137.59 - - [20/Oct/2025:17:45:39 -0400] "GET /khajur-and-dry-fruit-barfi-recipe/ HTTP/1.1" 200 276685 "http://wahgazab.com/know-about-the-benefits-of-ajwa-dates-which-even-suger-patients-can-consume/" "Mozilla/5.0 (compatible; SeekportBot; +https://bot.seekport.com)"
135.181.137.59 - - [20/Oct/2025:17:45:40 -0400] "GET /tag/ajwa-dates/ HTTP/1.1" 200 121777 "http://wahgazab.com/know-about-the-benefits-of-ajwa-dates-which-even-suger-patients-can-consume/" "Mozilla/5.0 (compatible; SeekportBot; +https://bot.seekport.com)"
135.181.137.59 - - [20/Oct/2025:17:45:41 -0400] "GET /tag/benefits-of-ajwa/ HTTP/1.1" 200 121825 "http://wahgazab.com/know-about-the-benefits-of-ajwa-dates-which-even-suger-patients-can-consume/" "Mozilla/5.0 (compatible; SeekportBot; +https://bot.seekport.com)"
135.181.137.59 - - [20/Oct/2025:17:45:42 -0400] "GET /tag/know-about-the-benefits-of-ajwa-dates-which-even-suger-patients-can-consume/ HTTP/1.1" 200 122297 "http://wahgazab.com/know-about-the-benefits-of-ajwa-dates-which-even-suger-patients-can-consume/" "Mozilla/5.0 (compatible; SeekportBot; +https://bot.seekport.com)"
135.181.137.59 - - [20/Oct/2025:17:45:43 -0400] "GET /tag/sugar-patients/ HTTP/1.1" 200 121809 "http://wahgazab.com/know-about-the-benefits-of-ajwa-dates-which-even-suger-patients-can-consume/" "Mozilla/5.0 (compatible; SeekportBot; +https://bot.seekport.com)"
135.181.137.59 - - [20/Oct/2025:17:45:45 -0400] "GET /tag/%E0%A4%85%E0%A4%9C%E0%A4%B5%E0%A4%BE-%E0%A4%96%E0%A4%9C%E0%A5%82%E0%A4%B0/ HTTP/1.1" 200 121963 "http://wahgazab.com/know-about-the-benefits-of-ajwa-dates-which-even-suger-patients-can-consume/" "Mozilla/5.0 (compatible; SeekportBot; +https://bot.seekport.com)"
135.181.137.59 - - [20/Oct/2025:17:45:46 -0400] "GET /landless-farmers-will-get-2-cows-under-the-government-scheme/ HTTP/1.1" 200 284669 "http://wahgazab.com/know-about-the-benefits-of-ajwa-dates-which-even-suger-patients-can-consume/" "Mozilla/5.0 (compatible; SeekportBot; +https://bot.seekport.com)"
135.181.137.59 - - [20/Oct/2025:17:45:47 -0400] "GET /german-people-got-the-petrol-prices-lowered-down-this-way-after-the-price-increase/ HTTP/1.1" 200 284948 "http://wahgazab.com/know-about-the-benefits-of-ajwa-dates-which-even-suger-patients-can-consume/" "Mozilla/5.0 (compatible; SeekportBot; +https://bot.seekport.com)"
135.181.137.59 - - [20/Oct/2025:17:45:49 -0400] "GET /tag/%E0%A4%B8%E0%A5%81%E0%A4%B7%E0%A4%AE%E0%A4%BE-%E0%A4%B8%E0%A5%8D%E0%A4%B5%E0%A4%B0%E0%A4%BE%E0%A4%9C/ HTTP/1.1" 200 121768 "http://wahgazab.com/sushma-swaraj-last-tweet-melts-our-heart/" "Mozilla/5.0 (compatible; SeekportBot; +https://bot.seekport.com)"
135.181.137.59 - - [20/Oct/2025:17:45:51 -0400] "GET /tag/leader-of-animals/ HTTP/1.1" 200 122081 "http://wahgazab.com/this-man-is-the-leader-of-the-animals/" "Mozilla/5.0 (compatible; SeekportBot; +https://bot.seekport.com)"
135.181.137.59 - - [20/Oct/2025:17:45:53 -0400] "GET /tag/man/ HTTP/1.1" 200 155922 "http://wahgazab.com/this-man-is-the-leader-of-the-animals/" "Mozilla/5.0 (compatible; SeekportBot; +https://bot.seekport.com)"
135.181.137.59 - - [20/Oct/2025:17:45:55 -0400] "GET /tag/this-man-is-the-leader-of-the-animals/ HTTP/1.1" 200 122241 "http://wahgazab.com/this-man-is-the-leader-of-the-animals/" "Mozilla/5.0 (compatible; SeekportBot; +https://bot.seekport.com)"
216.73.216.129 - - [20/Oct/2025:17:45:56 -0400] "GET /a-tree-starts-growing-all-over-the-body-of-this-girl/shana-ill-tree-dhaka/feed HTTP/1.1" 301 - "-" "Mozilla/5.0 AppleWebKit/537.36 (KHTML, like Gecko; compatible; ClaudeBot/1.0; [email protected])"
135.181.137.59 - - [20/Oct/2025:17:45:56 -0400] "GET /tag/%E0%A4%B5%E0%A4%BE%E0%A4%AF%E0%A4%B0%E0%A4%B2-%E0%A4%B5%E0%A5%80%E0%A4%A1%E0%A4%BF%E0%A4%AF%E0%A5%8B/ HTTP/1.1" 200 181614 "http://wahgazab.com/this-man-is-the-leader-of-the-animals/" "Mozilla/5.0 (compatible; SeekportBot; +https://bot.seekport.com)"
216.73.216.129 - - [20/Oct/2025:17:45:56 -0400] "GET /3-madarsa-students-beaten-up-for-not-chanting-jai-bharat/mdarsa/feed HTTP/1.1" 301 - "-" "Mozilla/5.0 AppleWebKit/537.36 (KHTML, like Gecko; compatible; ClaudeBot/1.0; [email protected])"
216.73.216.129 - - [20/Oct/2025:17:45:56 -0400] "GET /a-tree-starts-growing-all-over-the-body-of-this-girl/shana-ill-tree-dhaka/feed/ HTTP/1.1" 200 880 "http://wahgazab.com/a-tree-starts-growing-all-over-the-body-of-this-girl/shana-ill-tree-dhaka/feed" "Mozilla/5.0 AppleWebKit/537.36 (KHTML, like Gecko; compatible; ClaudeBot/1.0; [email protected])"
216.73.216.129 - - [20/Oct/2025:17:45:57 -0400] "GET /3-madarsa-students-beaten-up-for-not-chanting-jai-bharat/mdarsa/feed/ HTTP/1.1" 200 846 "http://wahgazab.com/3-madarsa-students-beaten-up-for-not-chanting-jai-bharat/mdarsa/feed" "Mozilla/5.0 AppleWebKit/537.36 (KHTML, like Gecko; compatible; ClaudeBot/1.0; [email protected])"
216.73.216.129 - - [20/Oct/2025:17:45:57 -0400] "GET /first-karva-chauth-in-bollywood-actress/kunal-khemunaina-bachchan HTTP/1.1" 301 - "-" "Mozilla/5.0 AppleWebKit/537.36 (KHTML, like Gecko; compatible; ClaudeBot/1.0; [email protected])"
135.181.137.59 - - [20/Oct/2025:17:45:58 -0400] "GET /by-using-the-coins-of-one-rupee-you-can-become-millionaires/ HTTP/1.1" 200 283828 "http://wahgazab.com/this-man-is-the-leader-of-the-animals/" "Mozilla/5.0 (compatible; SeekportBot; +https://bot.seekport.com)"
216.73.216.129 - - [20/Oct/2025:17:45:58 -0400] "GET /first-karva-chauth-in-bollywood-actress/kunal-khemunaina-bachchan/ HTTP/1.1" 200 122310 "http://wahgazab.com/first-karva-chauth-in-bollywood-actress/kunal-khemunaina-bachchan" "Mozilla/5.0 AppleWebKit/537.36 (KHTML, like Gecko; compatible; ClaudeBot/1.0; [email protected])"
135.181.137.59 - - [20/Oct/2025:17:46:00 -0400] "GET /10-days-after-the-death-the-woman-gave-birth-to-the-child/ HTTP/1.1" 200 285026 "http://wahgazab.com/this-man-is-the-leader-of-the-animals/" "Mozilla/5.0 (compatible; SeekportBot; +https://bot.seekport.com)"
135.181.137.59 - - [20/Oct/2025:17:46:01 -0400] "GET /living-life-happily/ HTTP/1.1" 200 278807 "http://wahgazab.com/category/jokes/page/2/" "Mozilla/5.0 (compatible; SeekportBot; +https://bot.seekport.com)"
135.181.137.59 - - [20/Oct/2025:17:46:04 -0400] "GET /amazing-tricks-for-tickling/ HTTP/1.1" 200 276648 "http://wahgazab.com/category/jokes/page/2/" "Mozilla/5.0 (compatible; SeekportBot; +https://bot.seekport.com)"
114.119.150.95 - - [20/Oct/2025:17:46:04 -0400] "GET /kejriwal-got-attacked-with-chilli-powder/img_%E0%A4%95%E0%A5%87%E0%A4%9C%E0%A4%B0%E0%A5%80%E0%A4%B5%E0%A4%BE%E0%A4%B2-%E0%A4%AA%E0%A4%B0-%E0%A4%95%E0%A4%BF%E0%A4%AF%E0%A4%BE_01_2018_11/ HTTP/1.1" 200 121165 "http://wahgazab.com/attachment-sitemap25.xml" "Mozilla/5.0 (Linux; Android 7.0;) AppleWebKit/537.36 (KHTML, like Gecko) Mobile Safari/537.36 (compatible; PetalBot;+https://webmaster.petalsearch.com/site/petalbot)"
135.181.137.59 - - [20/Oct/2025:17:46:05 -0400] "GET /you-will-be-rolling-on-floor-laughing/ HTTP/1.1" 200 279385 "http://wahgazab.com/category/jokes/page/2/" "Mozilla/5.0 (compatible; SeekportBot; +https://bot.seekport.com)"
135.181.137.59 - - [20/Oct/2025:17:46:07 -0400] "GET /strange-jokes/ HTTP/1.1" 200 278742 "http://wahgazab.com/category/jokes/page/2/" "Mozilla/5.0 (compatible; SeekportBot; +https://bot.seekport.com)"
92.222.108.126 - - [20/Oct/2025:17:46:08 -0400] "GET /tag/this-wedding-invitation-resembles-aadhaar-card/ HTTP/1.1" 200 122192 "-" "Mozilla/5.0 (compatible; AhrefsBot/7.0; +http://ahrefs.com/robot/)"
135.181.137.59 - - [20/Oct/2025:17:46:09 -0400] "GET /jokes-2/ HTTP/1.1" 200 275969 "http://wahgazab.com/category/jokes/page/2/" "Mozilla/5.0 (compatible; SeekportBot; +https://bot.seekport.com)"
135.181.137.59 - - [20/Oct/2025:17:46:11 -0400] "GET /jokes/ HTTP/1.1" 200 273507 "http://wahgazab.com/category/jokes/page/2/" "Mozilla/5.0 (compatible; SeekportBot; +https://bot.seekport.com)"
17.246.23.225 - - [20/Oct/2025:17:46:12 -0400] "GET /tag/katappana-village/ HTTP/1.1" 200 121630 "-" "Mozilla/5.0 (Macintosh; Intel Mac OS X 10_15_7) AppleWebKit/605.1.15 (KHTML, like Gecko) Version/17.4 Safari/605.1.15 (Applebot/0.1; +http://www.apple.com/go/applebot)"
212.102.149.239 - - [20/Oct/2025:17:46:13 -0400] "GET /wp-content/uploads/2018/07/rose4.jpg HTTP/1.1" 200 79706 "-" "Mozilla/5.0 (Macintosh; Intel Mac OS X 14_3_1) AppleWebKit/605.1.15 (KHTML, like Gecko) Version/17.2 Safari/605.1.15"
135.181.137.59 - - [20/Oct/2025:17:46:13 -0400] "GET /the-pressure-of-work-in-office-is-limitless/ HTTP/1.1" 200 276838 "http://wahgazab.com/category/jokes/page/2/" "Mozilla/5.0 (compatible; SeekportBot; +https://bot.seekport.com)"
135.181.137.59 - - [20/Oct/2025:17:46:15 -0400] "GET /essay-on-marriage-jokes/ HTTP/1.1" 200 276464 "http://wahgazab.com/category/jokes/page/2/" "Mozilla/5.0 (compatible; SeekportBot; +https://bot.seekport.com)"
135.181.137.59 - - [20/Oct/2025:17:46:17 -0400] "GET /tag/%E0%A4%AB%E0%A5%87%E0%A4%B8-%E0%A4%90%E0%A4%AA/ HTTP/1.1" 200 121691 "http://wahgazab.com/faceapp-takes-overs-all-the-internet-across-the-globe/" "Mozilla/5.0 (compatible; SeekportBot; +https://bot.seekport.com)"
135.181.137.59 - - [20/Oct/2025:17:46:19 -0400] "GET /retired-army-man-donates-his-life-savings-to-indian-defense-ministry/ HTTP/1.1" 200 286977 "http://wahgazab.com/faceapp-takes-overs-all-the-internet-across-the-globe/" "Mozilla/5.0 (compatible; SeekportBot; +https://bot.seekport.com)"
135.181.137.59 - - [20/Oct/2025:17:46:20 -0400] "GET /pappu-went-to-doctor-jokes/ HTTP/1.1" 200 275457 "http://wahgazab.com/category/jokes/page/3/" "Mozilla/5.0 (compatible; SeekportBot; +https://bot.seekport.com)"
135.181.137.59 - - [20/Oct/2025:17:46:22 -0400] "GET /wife-says-to-her-husband-on-phone/ HTTP/1.1" 200 275411 "http://wahgazab.com/category/jokes/page/3/" "Mozilla/5.0 (compatible; SeekportBot; +https://bot.seekport.com)"
135.181.137.59 - - [20/Oct/2025:17:46:24 -0400] "GET /enjoy-these-five-interesting-situations-of-life/ HTTP/1.1" 200 276930 "http://wahgazab.com/category/jokes/page/3/" "Mozilla/5.0 (compatible; SeekportBot; +https://bot.seekport.com)"
135.181.137.59 - - [20/Oct/2025:17:46:26 -0400] "GET /funny-jokes-3/ HTTP/1.1" 200 273023 "http://wahgazab.com/category/jokes/page/3/" "Mozilla/5.0 (compatible; SeekportBot; +https://bot.seekport.com)"
135.181.137.59 - - [20/Oct/2025:17:46:28 -0400] "GET /santa-banta-jokes-2/ HTTP/1.1" 200 273361 "http://wahgazab.com/category/jokes/page/3/" "Mozilla/5.0 (compatible; SeekportBot; +https://bot.seekport.com)"
135.181.137.59 - - [20/Oct/2025:17:46:30 -0400] "GET /jokes-on-demand-for-girlfriends/ HTTP/1.1" 200 278646 "http://wahgazab.com/category/jokes/page/3/" "Mozilla/5.0 (compatible; SeekportBot; +https://bot.seekport.com)"
135.181.137.59 - - [20/Oct/2025:17:46:31 -0400] "GET /funny-jokes-2/ HTTP/1.1" 200 275847 "http://wahgazab.com/category/jokes/page/3/" "Mozilla/5.0 (compatible; SeekportBot; +https://bot.seekport.com)"
135.181.137.59 - - [20/Oct/2025:17:46:33 -0400] "GET /funny-jokes/ HTTP/1.1" 200 275492 "http://wahgazab.com/category/jokes/page/3/" "Mozilla/5.0 (compatible; SeekportBot; +https://bot.seekport.com)"
135.181.137.59 - - [20/Oct/2025:17:46:35 -0400] "GET /category/jokes/page/4/ HTTP/1.1" 200 196758 "http://wahgazab.com/category/jokes/page/3/" "Mozilla/5.0 (compatible; SeekportBot; +https://bot.seekport.com)"
216.73.216.129 - - [20/Oct/2025:17:46:36 -0400] "GET /cbi-will-get-lots-of-mufflers-at-my-home-during-their-raid-kejriwal HTTP/1.1" 301 - "-" "Mozilla/5.0 AppleWebKit/537.36 (KHTML, like Gecko; compatible; ClaudeBot/1.0; [email protected])"
17.241.75.222 - - [20/Oct/2025:17:46:37 -0400] "GET /tag/indian-batsman-news-in-hindi/ HTTP/1.1" 200 121909 "-" "Mozilla/5.0 (Macintosh; Intel Mac OS X 10_15_7) AppleWebKit/605.1.15 (KHTML, like Gecko) Version/17.4 Safari/605.1.15 (Applebot/0.1; +http://www.apple.com/go/applebot)"
