135.181.137.59 - - [20/Oct/2025:18:21:55 -0400] "GET /this-18-carat-gold-toilet-pot-creates-a-buzz-all-around-the-globe/ HTTP/1.1" 200 281118 "http://wahgazab.com/man-having-60-wives-eats-in-his-country-and-resided-in-india/" "Mozilla/5.0 (compatible; SeekportBot; +https://bot.seekport.com)"
135.181.137.59 - - [20/Oct/2025:18:21:57 -0400] "GET /tag/jwala-devi-temple/ HTTP/1.1" 200 121740 "http://wahgazab.com/mystery-behind-the-eternal-flame-at-this-jwala-devi-temple/" "Mozilla/5.0 (compatible; SeekportBot; +https://bot.seekport.com)"
135.181.137.59 - - [20/Oct/2025:18:21:59 -0400] "GET /tag/jwala-temple/ HTTP/1.1" 200 121700 "http://wahgazab.com/mystery-behind-the-eternal-flame-at-this-jwala-devi-temple/" "Mozilla/5.0 (compatible; SeekportBot; +https://bot.seekport.com)"
135.181.137.59 - - [20/Oct/2025:18:22:01 -0400] "GET /tag/mata-temple/ HTTP/1.1" 200 121692 "http://wahgazab.com/mystery-behind-the-eternal-flame-at-this-jwala-devi-temple/" "Mozilla/5.0 (compatible; SeekportBot; +https://bot.seekport.com)"
135.181.137.59 - - [20/Oct/2025:18:22:03 -0400] "GET /tag/temples/ HTTP/1.1" 200 179532 "http://wahgazab.com/mystery-behind-the-eternal-flame-at-this-jwala-devi-temple/" "Mozilla/5.0 (compatible; SeekportBot; +https://bot.seekport.com)"
135.181.137.59 - - [20/Oct/2025:18:22:05 -0400] "GET /india-to-become-the-richest-country-in-the-world-after-decoding-this-secret/ HTTP/1.1" 200 282879 "http://wahgazab.com/mystery-behind-the-eternal-flame-at-this-jwala-devi-temple/" "Mozilla/5.0 (compatible; SeekportBot; +https://bot.seekport.com)"
135.181.137.59 - - [20/Oct/2025:18:22:08 -0400] "GET /tag/couple/ HTTP/1.1" 200 139933 "http://wahgazab.com/this-couple-wears-the-same-dress-everyday-even-after-fifty-two-years-of-marriage/" "Mozilla/5.0 (compatible; SeekportBot; +https://bot.seekport.com)"
135.181.137.59 - - [20/Oct/2025:18:22:10 -0400] "GET /tag/matching-couple/ HTTP/1.1" 200 121797 "http://wahgazab.com/this-couple-wears-the-same-dress-everyday-even-after-fifty-two-years-of-marriage/" "Mozilla/5.0 (compatible; SeekportBot; +https://bot.seekport.com)"
135.181.137.59 - - [20/Oct/2025:18:22:12 -0400] "GET /tag/old-couple/ HTTP/1.1" 200 127645 "http://wahgazab.com/this-couple-wears-the-same-dress-everyday-even-after-fifty-two-years-of-marriage/" "Mozilla/5.0 (compatible; SeekportBot; +https://bot.seekport.com)"
135.181.137.59 - - [20/Oct/2025:18:22:14 -0400] "GET /tag/same-clothes-couple/ HTTP/1.1" 200 121829 "http://wahgazab.com/this-couple-wears-the-same-dress-everyday-even-after-fifty-two-years-of-marriage/" "Mozilla/5.0 (compatible; SeekportBot; +https://bot.seekport.com)"
135.181.137.59 - - [20/Oct/2025:18:22:16 -0400] "GET /dead-body-in-the-coffin-speaks-suddenly/ HTTP/1.1" 200 280244 "http://wahgazab.com/this-couple-wears-the-same-dress-everyday-even-after-fifty-two-years-of-marriage/" "Mozilla/5.0 (compatible; SeekportBot; +https://bot.seekport.com)"
51.75.236.145 - - [20/Oct/2025:18:22:18 -0400] "GET /tag/jaisalmer-news-in-hindi/ HTTP/1.1" 200 121518 "-" "Mozilla/5.0 (compatible; AhrefsBot/7.0; +http://ahrefs.com/robot/)"
135.181.137.59 - - [20/Oct/2025:18:22:18 -0400] "GET /sushil-kumar-recieved-huge-shock-from-high-court/ HTTP/1.1" 200 281815 "http://wahgazab.com/tag/indian-freestyle-wrestler/" "Mozilla/5.0 (compatible; SeekportBot; +https://bot.seekport.com)"
135.181.137.59 - - [20/Oct/2025:18:22:20 -0400] "GET /pv-sindhu-wins-silver-for-india-and-makes-us-all-proud-in-rio-olympic/ HTTP/1.1" 200 285131 "http://wahgazab.com/tag/olympic-2016/" "Mozilla/5.0 (compatible; SeekportBot; +https://bot.seekport.com)"
66.249.79.169 - - [20/Oct/2025:18:22:21 -0400] "GET /this-skyscraper-to-be-higher-than-burj-khalifa/ HTTP/1.1" 200 282425 "-" "Mozilla/5.0 (Linux; Android 6.0.1; Nexus 5X Build/MMB29P) AppleWebKit/537.36 (KHTML, like Gecko) Chrome/140.0.7339.207 Mobile Safari/537.36 (compatible; Googlebot/2.1; +http://www.google.com/bot.html)"
135.181.137.59 - - [20/Oct/2025:18:22:22 -0400] "GET /dipa-the-first-indian-gymnast-to-qualify-for-olympics/ HTTP/1.1" 200 282503 "http://wahgazab.com/tag/olympics/" "Mozilla/5.0 (compatible; SeekportBot; +https://bot.seekport.com)"
135.181.137.59 - - [20/Oct/2025:18:22:24 -0400] "GET /yogeshwar-dutt-had-to-leave-the-semifinal-of-pro-wrestling/ HTTP/1.1" 200 280419 "http://wahgazab.com/tag/olympics/" "Mozilla/5.0 (compatible; SeekportBot; +https://bot.seekport.com)"
66.249.79.168 - - [20/Oct/2025:18:22:25 -0400] "GET /wp-content/uploads/2017/11/central-government-announces-a-reward-of-2-lakh-rupees-on-the-demonetization-anniversary-cover.jpg HTTP/1.1" 200 94204 "-" "Googlebot-Image/1.0"
135.181.137.59 - - [20/Oct/2025:18:22:26 -0400] "GET /tag/alfredo-moser/ HTTP/1.1" 200 121622 "http://wahgazab.com/this-bulb-lights-up-without-electricity-know-how/" "Mozilla/5.0 (compatible; SeekportBot; +https://bot.seekport.com)"
135.181.137.59 - - [20/Oct/2025:18:22:28 -0400] "GET /tag/bottle-bulbs/ HTTP/1.1" 200 121614 "http://wahgazab.com/this-bulb-lights-up-without-electricity-know-how/" "Mozilla/5.0 (compatible; SeekportBot; +https://bot.seekport.com)"
135.181.137.59 - - [20/Oct/2025:18:22:30 -0400] "GET /tag/bulbs/ HTTP/1.1" 200 121558 "http://wahgazab.com/this-bulb-lights-up-without-electricity-know-how/" "Mozilla/5.0 (compatible; SeekportBot; +https://bot.seekport.com)"
135.181.137.59 - - [20/Oct/2025:18:22:32 -0400] "GET /tag/mechanic/ HTTP/1.1" 200 124774 "http://wahgazab.com/this-bulb-lights-up-without-electricity-know-how/" "Mozilla/5.0 (compatible; SeekportBot; +https://bot.seekport.com)"
216.73.216.129 - - [20/Oct/2025:18:22:34 -0400] "GET /ramdev-makes-statement-about-bhatat-mata-ki-jai-issue/baba-7 HTTP/1.1" 301 - "-" "Mozilla/5.0 AppleWebKit/537.36 (KHTML, like Gecko; compatible; ClaudeBot/1.0; [email protected])"
135.181.137.59 - - [20/Oct/2025:18:22:35 -0400] "GET /tag/moser-bulb/ HTTP/1.1" 200 121598 "http://wahgazab.com/this-bulb-lights-up-without-electricity-know-how/" "Mozilla/5.0 (compatible; SeekportBot; +https://bot.seekport.com)"
216.73.216.129 - - [20/Oct/2025:18:22:35 -0400] "GET /today-in-history-mahatma-gandhi-started-off-dandi-march/2-295/feed HTTP/1.1" 301 - "-" "Mozilla/5.0 AppleWebKit/537.36 (KHTML, like Gecko; compatible; ClaudeBot/1.0; [email protected])"
216.73.216.129 - - [20/Oct/2025:18:22:35 -0400] "GET /ramdev-makes-statement-about-bhatat-mata-ki-jai-issue/baba-7/ HTTP/1.1" 200 121537 "http://wahgazab.com/ramdev-makes-statement-about-bhatat-mata-ki-jai-issue/baba-7" "Mozilla/5.0 AppleWebKit/537.36 (KHTML, like Gecko; compatible; ClaudeBot/1.0; [email protected])"
216.73.216.129 - - [20/Oct/2025:18:22:36 -0400] "GET /today-in-history-mahatma-gandhi-started-off-dandi-march/2-295/feed/ HTTP/1.1" 200 837 "http://wahgazab.com/today-in-history-mahatma-gandhi-started-off-dandi-march/2-295/feed" "Mozilla/5.0 AppleWebKit/537.36 (KHTML, like Gecko; compatible; ClaudeBot/1.0; [email protected])"
216.73.216.129 - - [20/Oct/2025:18:22:36 -0400] "GET /ramdev-makes-statement-about-bhatat-mata-ki-jai-issue/4-84/feed HTTP/1.1" 301 - "-" "Mozilla/5.0 AppleWebKit/537.36 (KHTML, like Gecko; compatible; ClaudeBot/1.0; [email protected])"
135.181.137.59 - - [20/Oct/2025:18:22:36 -0400] "GET /tag/solar-water-bottle-bulbs/ HTTP/1.1" 200 121710 "http://wahgazab.com/this-bulb-lights-up-without-electricity-know-how/" "Mozilla/5.0 (compatible; SeekportBot; +https://bot.seekport.com)"
216.73.216.129 - - [20/Oct/2025:18:22:37 -0400] "GET /ramdev-makes-statement-about-bhatat-mata-ki-jai-issue/4-84/feed/ HTTP/1.1" 200 831 "http://wahgazab.com/ramdev-makes-statement-about-bhatat-mata-ki-jai-issue/4-84/feed" "Mozilla/5.0 AppleWebKit/537.36 (KHTML, like Gecko; compatible; ClaudeBot/1.0; [email protected])"
216.73.216.129 - - [20/Oct/2025:18:22:37 -0400] "GET /ramdev-makes-statement-about-bhatat-mata-ki-jai-issue/2-287/feed HTTP/1.1" 301 - "-" "Mozilla/5.0 AppleWebKit/537.36 (KHTML, like Gecko; compatible; ClaudeBot/1.0; [email protected])"
216.73.216.129 - - [20/Oct/2025:18:22:37 -0400] "GET /ramdev-makes-statement-about-bhatat-mata-ki-jai-issue/2-287/feed/ HTTP/1.1" 200 833 "http://wahgazab.com/ramdev-makes-statement-about-bhatat-mata-ki-jai-issue/2-287/feed" "Mozilla/5.0 AppleWebKit/537.36 (KHTML, like Gecko; compatible; ClaudeBot/1.0; [email protected])"
135.181.137.59 - - [20/Oct/2025:18:22:38 -0400] "GET /tag/water-bottle-bulbs/ HTTP/1.1" 200 121662 "http://wahgazab.com/this-bulb-lights-up-without-electricity-know-how/" "Mozilla/5.0 (compatible; SeekportBot; +https://bot.seekport.com)"
135.181.137.59 - - [20/Oct/2025:18:22:40 -0400] "GET /tag/female-barber/ HTTP/1.1" 200 121357 "http://wahgazab.com/first-female-barber-of-india/" "Mozilla/5.0 (compatible; SeekportBot; +https://bot.seekport.com)"
135.181.137.59 - - [20/Oct/2025:18:22:42 -0400] "GET /tag/first-female-barber/ HTTP/1.1" 200 121405 "http://wahgazab.com/first-female-barber-of-india/" "Mozilla/5.0 (compatible; SeekportBot; +https://bot.seekport.com)"
135.181.137.59 - - [20/Oct/2025:18:22:44 -0400] "GET /tag/first-female-barber-of-india/ HTTP/1.1" 200 121477 "http://wahgazab.com/first-female-barber-of-india/" "Mozilla/5.0 (compatible; SeekportBot; +https://bot.seekport.com)"
135.181.137.59 - - [20/Oct/2025:18:22:46 -0400] "GET /tag/indias-first-female-barber/ HTTP/1.1" 200 121495 "http://wahgazab.com/first-female-barber-of-india/" "Mozilla/5.0 (compatible; SeekportBot; +https://bot.seekport.com)"
135.181.137.59 - - [20/Oct/2025:18:22:48 -0400] "GET /treasure-found-in-the-stomach-of-this-mysterious-man/ HTTP/1.1" 200 281209 "http://wahgazab.com/first-female-barber-of-india/" "Mozilla/5.0 (compatible; SeekportBot; +https://bot.seekport.com)"
135.181.137.59 - - [20/Oct/2025:18:22:50 -0400] "GET /the-biggest-crocodiles-in-the-world-found-here/ HTTP/1.1" 200 280159 "http://wahgazab.com/akashay-kumar-reveals-something-about-his-relationship-with-priyanka-chopra/" "Mozilla/5.0 (compatible; SeekportBot; +https://bot.seekport.com)"
135.181.137.59 - - [20/Oct/2025:18:22:52 -0400] "GET /tag/bollywood-actor/ HTTP/1.1" 200 134081 "http://wahgazab.com/when-sanjay-dutt-meets-rishi-kapoor-to-teach-him-a-lesson/" "Mozilla/5.0 (compatible; SeekportBot; +https://bot.seekport.com)"
135.181.137.59 - - [20/Oct/2025:18:22:54 -0400] "GET /tag/rishi-kapoor/ HTTP/1.1" 200 147186 "http://wahgazab.com/when-sanjay-dutt-meets-rishi-kapoor-to-teach-him-a-lesson/" "Mozilla/5.0 (compatible; SeekportBot; +https://bot.seekport.com)"
135.181.137.59 - - [20/Oct/2025:18:22:56 -0400] "GET /tag/actress/ HTTP/1.1" 200 152975 "http://wahgazab.com/bollywood-actress-preity-zinta-alters-her-important-decision-with-her-husbands-advice/" "Mozilla/5.0 (compatible; SeekportBot; +https://bot.seekport.com)"
135.181.137.59 - - [20/Oct/2025:18:22:59 -0400] "GET /tag/bollywood/ HTTP/1.1" 200 183775 "http://wahgazab.com/bollywood-actress-preity-zinta-alters-her-important-decision-with-her-husbands-advice/" "Mozilla/5.0 (compatible; SeekportBot; +https://bot.seekport.com)"
135.181.137.59 - - [20/Oct/2025:18:23:01 -0400] "GET /tag/bollywood-actress/ HTTP/1.1" 200 181207 "http://wahgazab.com/bollywood-actress-preity-zinta-alters-her-important-decision-with-her-husbands-advice/" "Mozilla/5.0 (compatible; SeekportBot; +https://bot.seekport.com)"
135.181.137.59 - - [20/Oct/2025:18:23:02 -0400] "GET /tag/preity-zinta/ HTTP/1.1" 200 137268 "http://wahgazab.com/bollywood-actress-preity-zinta-alters-her-important-decision-with-her-husbands-advice/" "Mozilla/5.0 (compatible; SeekportBot; +https://bot.seekport.com)"
135.181.137.59 - - [20/Oct/2025:18:23:04 -0400] "GET /indian-jawans-cut-the-hands-of-a-chinese-soldier-for-touching-a-stone-in-indian-territory/ HTTP/1.1" 200 282589 "http://wahgazab.com/how-to-say-no-to-your-partner-to-make-physical-relations/" "Mozilla/5.0 (compatible; SeekportBot; +https://bot.seekport.com)"
107.189.28.233 - - [20/Oct/2025:18:23:06 -0400] "GET /wp-login.php HTTP/1.1" 200 5415 "-" "Mozilla/5.0 (Macintosh; Intel Mac OS X 10.7; rv:31.0) Gecko/20100101 Firefox/31.0"
107.189.28.233 - - [20/Oct/2025:18:23:06 -0400] "POST /wp-login.php HTTP/1.1" 200 5886 "-" "Mozilla/5.0 (Macintosh; Intel Mac OS X 10.7; rv:31.0) Gecko/20100101 Firefox/31.0"
135.181.137.59 - - [20/Oct/2025:18:23:06 -0400] "GET /tag/birthday/ HTTP/1.1" 200 154077 "http://wahgazab.com/avoid-doing-such-things-on-your-birthday/" "Mozilla/5.0 (compatible; SeekportBot; +https://bot.seekport.com)"
135.181.137.59 - - [20/Oct/2025:18:23:08 -0400] "GET /tag/celebrate-birthday/ HTTP/1.1" 200 124950 "http://wahgazab.com/avoid-doing-such-things-on-your-birthday/" "Mozilla/5.0 (compatible; SeekportBot; +https://bot.seekport.com)"
135.181.137.59 - - [20/Oct/2025:18:23:11 -0400] "GET /tag/celebrate-birthday-according-to-hindu-shastra/ HTTP/1.1" 200 121801 "http://wahgazab.com/avoid-doing-such-things-on-your-birthday/" "Mozilla/5.0 (compatible; SeekportBot; +https://bot.seekport.com)"
135.181.137.59 - - [20/Oct/2025:18:23:12 -0400] "GET /tag/hindu-shastra/ HTTP/1.1" 200 121545 "http://wahgazab.com/avoid-doing-such-things-on-your-birthday/" "Mozilla/5.0 (compatible; SeekportBot; +https://bot.seekport.com)"
135.181.137.59 - - [20/Oct/2025:18:23:14 -0400] "GET /5-year-old-girl-tuba-kidwai-from-dariyabad-barabanki-completes-reading-the-holy-quran/ HTTP/1.1" 200 280532 "http://wahgazab.com/avoid-doing-such-things-on-your-birthday/" "Mozilla/5.0 (compatible; SeekportBot; +https://bot.seekport.com)"
135.181.137.59 - - [20/Oct/2025:18:23:16 -0400] "GET /17-years-old-serial-killer-murders-over-30-minor-children/ HTTP/1.1" 200 279915 "http://wahgazab.com/harsh-discovers-a-sophisticated-drone/" "Mozilla/5.0 (compatible; SeekportBot; +https://bot.seekport.com)"
135.181.137.59 - - [20/Oct/2025:18:23:18 -0400] "GET /silver-coins-found-in-this-indian-pond/ HTTP/1.1" 200 280424 "http://wahgazab.com/this-monster-getting-physical-with-this-high-school-girl/" "Mozilla/5.0 (compatible; SeekportBot; +https://bot.seekport.com)"
135.181.137.59 - - [20/Oct/2025:18:23:20 -0400] "GET /this-saint-alive-for-thousand-years-at-himalaya/ HTTP/1.1" 200 282982 "http://wahgazab.com/this-monster-getting-physical-with-this-high-school-girl/" "Mozilla/5.0 (compatible; SeekportBot; +https://bot.seekport.com)"
135.181.137.59 - - [20/Oct/2025:18:23:22 -0400] "GET /tag/ipads/ HTTP/1.1" 200 121669 "http://wahgazab.com/food-served-on-the-ipads-instead-of-plates-in-this-restaurant-from-san-francisco/" "Mozilla/5.0 (compatible; SeekportBot; +https://bot.seekport.com)"
57.141.0.44 - - [20/Oct/2025:18:23:22 -0400] "GET /tag/anushka-sultan-shooting-news/ HTTP/1.1" 200 122079 "-" "meta-externalagent/1.1 (+https://developers.facebook.com/docs/sharing/webmasters/crawler)"
135.181.137.59 - - [20/Oct/2025:18:23:24 -0400] "GET /tag/ipads-used-as-plates/ HTTP/1.1" 200 121789 "http://wahgazab.com/food-served-on-the-ipads-instead-of-plates-in-this-restaurant-from-san-francisco/" "Mozilla/5.0 (compatible; SeekportBot; +https://bot.seekport.com)"
135.181.137.59 - - [20/Oct/2025:18:23:27 -0400] "GET /tag/restaurants/ HTTP/1.1" 200 127375 "http://wahgazab.com/food-served-on-the-ipads-instead-of-plates-in-this-restaurant-from-san-francisco/" "Mozilla/5.0 (compatible; SeekportBot; +https://bot.seekport.com)"
135.181.137.59 - - [20/Oct/2025:18:23:29 -0400] "GET /tag/san-francisco-restaurants/ HTTP/1.1" 200 121829 "http://wahgazab.com/food-served-on-the-ipads-instead-of-plates-in-this-restaurant-from-san-francisco/" "Mozilla/5.0 (compatible; SeekportBot; +https://bot.seekport.com)"
66.249.79.168 - - [20/Oct/2025:18:23:29 -0400] "GET /this-fisherman-caught-this-giant-fish-through-net/this-fisherman-caught-this-giant-fish-through-net-2/ HTTP/1.1" 200 122296 "-" "Mozilla/5.0 (Linux; Android 6.0.1; Nexus 5X Build/MMB29P) AppleWebKit/537.36 (KHTML, like Gecko) Chrome/140.0.7339.207 Mobile Safari/537.36 (compatible; Googlebot/2.1; +http://www.google.com/bot.html)"
135.181.137.59 - - [20/Oct/2025:18:23:32 -0400] "GET /here-is-the-proof-of-aliens-presence-on-earth/ HTTP/1.1" 200 280243 "http://wahgazab.com/food-served-on-the-ipads-instead-of-plates-in-this-restaurant-from-san-francisco/" "Mozilla/5.0 (compatible; SeekportBot; +https://bot.seekport.com)"
135.181.137.59 - - [20/Oct/2025:18:23:33 -0400] "GET /fugitive-terrorist-dawood-ibrahims-sister-haseena-ibrahim-known-as-underworld-queen/ HTTP/1.1" 200 285615 "http://wahgazab.com/sunny-leone-to-insure-this-body-part-soon/" "Mozilla/5.0 (compatible; SeekportBot; +https://bot.seekport.com)"
135.181.137.59 - - [20/Oct/2025:18:23:35 -0400] "GET /this-snake-offers-prayers-at-this-shiv-temple/ HTTP/1.1" 200 280214 "http://wahgazab.com/heres-why-peopel-call-this-kid-a-monster/" "Mozilla/5.0 (compatible; SeekportBot; +https://bot.seekport.com)"
135.181.137.59 - - [20/Oct/2025:18:23:37 -0400] "GET /you-will-get-68-lakh-rupees-for-feeding-birds-here/ HTTP/1.1" 200 282454 "http://wahgazab.com/heres-why-peopel-call-this-kid-a-monster/" "Mozilla/5.0 (compatible; SeekportBot; +https://bot.seekport.com)"
135.181.137.59 - - [20/Oct/2025:18:23:39 -0400] "GET /diamond-trader-savji-bhai-dholakia-gifts-1200-datsun-cars-to-his-employees/ HTTP/1.1" 200 282183 "http://wahgazab.com/a-female-ghost-comes-out-from-the-television-screen-in-this-prank/" "Mozilla/5.0 (compatible; SeekportBot; +https://bot.seekport.com)"
135.181.137.59 - - [20/Oct/2025:18:23:41 -0400] "GET /tag/bihar/ HTTP/1.1" 200 184464 "http://wahgazab.com/humans-offered-instead-of-male-goats-here-at-this-temple/" "Mozilla/5.0 (compatible; SeekportBot; +https://bot.seekport.com)"
135.181.137.59 - - [20/Oct/2025:18:23:43 -0400] "GET /tag/chhinnamasta-temple/ HTTP/1.1" 200 124748 "http://wahgazab.com/humans-offered-instead-of-male-goats-here-at-this-temple/" "Mozilla/5.0 (compatible; SeekportBot; +https://bot.seekport.com)"
135.181.137.59 - - [20/Oct/2025:18:23:45 -0400] "GET /tag/jharkhand/ HTTP/1.1" 200 181987 "http://wahgazab.com/humans-offered-instead-of-male-goats-here-at-this-temple/" "Mozilla/5.0 (compatible; SeekportBot; +https://bot.seekport.com)"
135.181.137.59 - - [20/Oct/2025:18:23:47 -0400] "GET /tag/rajrappa/ HTTP/1.1" 200 124660 "http://wahgazab.com/humans-offered-instead-of-male-goats-here-at-this-temple/" "Mozilla/5.0 (compatible; SeekportBot; +https://bot.seekport.com)"
17.22.237.18 - - [20/Oct/2025:18:23:49 -0400] "GET /spirits-of-rape-victims-roam-around-in-this-mysterious-palace/nam_koo_terrace_201205/ HTTP/1.1" 200 121992 "-" "Mozilla/5.0 (Macintosh; Intel Mac OS X 10_15_7) AppleWebKit/605.1.15 (KHTML, like Gecko) Version/17.4 Safari/605.1.15 (Applebot/0.1; +http://www.apple.com/go/applebot)"
135.181.137.59 - - [20/Oct/2025:18:23:52 -0400] "GET /tag/west-bengal/ HTTP/1.1" 200 156635 "http://wahgazab.com/humans-offered-instead-of-male-goats-here-at-this-temple/" "Mozilla/5.0 (compatible; SeekportBot; +https://bot.seekport.com)"
135.181.137.59 - - [20/Oct/2025:18:23:53 -0400] "GET /this-plant-starts-dancing-listening-the-tunes-of-songs/ HTTP/1.1" 200 280213 "http://wahgazab.com/humans-offered-instead-of-male-goats-here-at-this-temple/" "Mozilla/5.0 (compatible; SeekportBot; +https://bot.seekport.com)"
135.181.137.59 - - [20/Oct/2025:18:23:55 -0400] "GET /use-gold-to-be-blessed-with-a-child-besides-its-usage-in-jewelry/ HTTP/1.1" 200 281900 "http://wahgazab.com/wives-start-disliking-other-women-when-husbands-ignore-them/" "Mozilla/5.0 (compatible; SeekportBot; +https://bot.seekport.com)"
135.181.137.59 - - [20/Oct/2025:18:23:57 -0400] "GET /tag/henry-jeppesen/ HTTP/1.1" 200 121450 "http://wahgazab.com/henry-jeppesen-at-the-age-of-17-years-travels-193-countries-in-the-world/" "Mozilla/5.0 (compatible; SeekportBot; +https://bot.seekport.com)"
94.23.188.197 - - [20/Oct/2025:18:23:58 -0400] "GET /tag/jaisalmer-in-treasury/ HTTP/1.1" 200 121502 "-" "Mozilla/5.0 (compatible; AhrefsBot/7.0; +http://ahrefs.com/robot/)"
135.181.137.59 - - [20/Oct/2025:18:24:00 -0400] "GET /this-tree-stands-firmly-even-after-it-was-cut-in-pieces/ HTTP/1.1" 200 281223 "http://wahgazab.com/henry-jeppesen-at-the-age-of-17-years-travels-193-countries-in-the-world/" "Mozilla/5.0 (compatible; SeekportBot; +https://bot.seekport.com)"
135.181.137.59 - - [20/Oct/2025:18:24:02 -0400] "GET /tag/shirin-nobahari/ HTTP/1.1" 200 121599 "http://wahgazab.com/this-woman-gets-arrested-for-uploading-a-photo-on-social-media/" "Mozilla/5.0 (compatible; SeekportBot; +https://bot.seekport.com)"
212.102.149.23 - - [20/Oct/2025:18:24:04 -0400] "GET /wp-content/uploads/2017/10/women-play-garba-barefoot-on-glass-and-fire.jpg HTTP/1.1" 200 139686 "-" "Mozilla/5.0 (Macintosh; Intel Mac OS X 10_15_7) AppleWebKit/537.36 (KHTML, like Gecko) Chrome/120.0.0.0 Safari/537.36"
135.181.137.59 - - [20/Oct/2025:18:24:04 -0400] "GET /this-girl-turns-alive-even-after-the-5-weeks-of-her-death/ HTTP/1.1" 200 282553 "http://wahgazab.com/this-woman-gets-arrested-for-uploading-a-photo-on-social-media/" "Mozilla/5.0 (compatible; SeekportBot; +https://bot.seekport.com)"
135.181.137.59 - - [20/Oct/2025:18:24:07 -0400] "GET /eagles-of-this-country-travel-in-the-airplanes/ HTTP/1.1" 200 280625 "http://wahgazab.com/author/wah8/page/2/" "Mozilla/5.0 (compatible; SeekportBot; +https://bot.seekport.com)"
135.181.137.59 - - [20/Oct/2025:18:24:09 -0400] "GET /well-know-celebrities-of-bollywood-who-are-superstitious/ HTTP/1.1" 200 284108 "http://wahgazab.com/author/wah8/page/2/" "Mozilla/5.0 (compatible; SeekportBot; +https://bot.seekport.com)"
135.181.137.59 - - [20/Oct/2025:18:24:12 -0400] "GET /black-pepper-to-make-you-billionaire-now/ HTTP/1.1" 200 281123 "http://wahgazab.com/author/wah8/page/2/" "Mozilla/5.0 (compatible; SeekportBot; +https://bot.seekport.com)"
135.181.137.59 - - [20/Oct/2025:18:24:14 -0400] "GET /some-unknown-facts-about-maharana-pratap/ HTTP/1.1" 200 284309 "http://wahgazab.com/author/wah8/page/2/" "Mozilla/5.0 (compatible; SeekportBot; +https://bot.seekport.com)"
135.181.137.59 - - [20/Oct/2025:18:24:16 -0400] "GET /this-woman-has-husband-in-every-state/ HTTP/1.1" 200 280240 "http://wahgazab.com/author/wah8/page/2/" "Mozilla/5.0 (compatible; SeekportBot; +https://bot.seekport.com)"
135.181.137.59 - - [20/Oct/2025:18:24:18 -0400] "GET /this-man-turns-into-a-woman-within-4-hours/ HTTP/1.1" 200 281224 "http://wahgazab.com/author/wah8/page/2/" "Mozilla/5.0 (compatible; SeekportBot; +https://bot.seekport.com)"
17.241.75.187 - - [20/Oct/2025:18:24:18 -0400] "GET /tag/palwankar-vithal-news/ HTTP/1.1" 200 122556 "-" "Mozilla/5.0 (Macintosh; Intel Mac OS X 10_15_7) AppleWebKit/605.1.15 (KHTML, like Gecko) Version/17.4 Safari/605.1.15 (Applebot/0.1; +http://www.apple.com/go/applebot)"
135.181.137.59 - - [20/Oct/2025:18:24:20 -0400] "GET /this-mysterious-lake-looks-different-than-other-lakes/ HTTP/1.1" 200 282604 "http://wahgazab.com/author/wah8/page/2/" "Mozilla/5.0 (compatible; SeekportBot; +https://bot.seekport.com)"
135.181.137.59 - - [20/Oct/2025:18:24:22 -0400] "GET /this-cat-attacks-on-currency-notes-instead-of-rats-after-currency-ban/ HTTP/1.1" 200 280259 "http://wahgazab.com/author/wah8/page/2/" "Mozilla/5.0 (compatible; SeekportBot; +https://bot.seekport.com)"
135.181.137.59 - - [20/Oct/2025:18:24:24 -0400] "GET /airplanes-seek-help-from-trains-to-take-off-here-at-gisborne-airport-in-new-zealand/ HTTP/1.1" 200 281877 "http://wahgazab.com/author/wah8/page/2/" "Mozilla/5.0 (compatible; SeekportBot; +https://bot.seekport.com)"
135.181.137.59 - - [20/Oct/2025:18:24:27 -0400] "GET /this-man-from-germany-have-the-largest-and-heaviest-penis-in-the-world/ HTTP/1.1" 200 281995 "http://wahgazab.com/author/wah8/page/2/" "Mozilla/5.0 (compatible; SeekportBot; +https://bot.seekport.com)"
135.181.137.59 - - [20/Oct/2025:18:24:29 -0400] "GET /this-mysterious-wife-have-the-allergy-with-her-husband/ HTTP/1.1" 200 281139 "http://wahgazab.com/author/wah8/page/2/" "Mozilla/5.0 (compatible; SeekportBot; +https://bot.seekport.com)"
135.181.137.59 - - [20/Oct/2025:18:24:31 -0400] "GET /here-is-why-amitabh-bachhan-all-around-at-this-restaurant/ HTTP/1.1" 200 282720 "http://wahgazab.com/author/wah8/page/2/" "Mozilla/5.0 (compatible; SeekportBot; +https://bot.seekport.com)"
135.181.137.59 - - [20/Oct/2025:18:24:33 -0400] "GET /seven-year-old-shruti-chaurasiya-from-betul-mp-solves-182-questions-in-8-minutes-at-ucmas-international-competition/ HTTP/1.1" 200 283109 "http://wahgazab.com/author/wah8/page/2/" "Mozilla/5.0 (compatible; SeekportBot; +https://bot.seekport.com)"
135.181.137.59 - - [20/Oct/2025:18:24:36 -0400] "GET /this-anti-dandruff-comb-to-help-you-remove-dandruff/ HTTP/1.1" 200 282585 "http://wahgazab.com/author/wah8/page/2/" "Mozilla/5.0 (compatible; SeekportBot; +https://bot.seekport.com)"
135.181.137.59 - - [20/Oct/2025:18:24:39 -0400] "GET /this-is-why-few-people-have-holes-in-their-ears-here/ HTTP/1.1" 200 280463 "http://wahgazab.com/author/wah8/page/2/" "Mozilla/5.0 (compatible; SeekportBot; +https://bot.seekport.com)"
135.181.137.59 - - [20/Oct/2025:18:24:41 -0400] "GET /this-astrologer-foresees-the-future-by-touching-the-breasts-of-women/ HTTP/1.1" 200 280819 "http://wahgazab.com/author/wah8/page/2/" "Mozilla/5.0 (compatible; SeekportBot; +https://bot.seekport.com)"
135.181.137.59 - - [20/Oct/2025:18:24:43 -0400] "GET /this-dance-video-of-a-girl-gets-millions-of-likes/ HTTP/1.1" 200 279713 "http://wahgazab.com/author/wah8/page/2/" "Mozilla/5.0 (compatible; SeekportBot; +https://bot.seekport.com)"
45.61.185.156 - - [20/Oct/2025:18:24:44 -0400] "GET /wp-login.php HTTP/1.1" 200 5415 "-" "Mozilla/5.0 (Macintosh; Intel Mac OS X 10_9_2) AppleWebKit/537.75.14 (KHTML, like Gecko) Version/7.0.3 Safari/537.75.14"
52.204.253.129 - - [20/Oct/2025:18:24:45 -0400] "GET /husbands-on-sale-here/ HTTP/1.1" 200 279472 "-" "Mozilla/5.0 AppleWebKit/537.36 (KHTML, like Gecko; compatible; Amazonbot/0.1; +https://developer.amazon.com/support/amazonbot) Chrome/119.0.6045.214 Safari/537.36"
135.181.137.59 - - [20/Oct/2025:18:24:45 -0400] "GET /crocodile-runs-away-seeing-the-slippers-of-this-woman/ HTTP/1.1" 200 279231 "http://wahgazab.com/author/wah8/page/2/" "Mozilla/5.0 (compatible; SeekportBot; +https://bot.seekport.com)"
135.181.137.59 - - [20/Oct/2025:18:24:47 -0400] "GET /evil-spirits-enjoy-here-at-this-railway-crossing/ HTTP/1.1" 200 280631 "http://wahgazab.com/author/wah8/page/2/" "Mozilla/5.0 (compatible; SeekportBot; +https://bot.seekport.com)"
135.181.137.59 - - [20/Oct/2025:18:24:49 -0400] "GET /this-cursed-girl-grows-hair-when-committed-and-goes-bald-after-breakup/ HTTP/1.1" 200 281152 "http://wahgazab.com/author/wah8/page/2/" "Mozilla/5.0 (compatible; SeekportBot; +https://bot.seekport.com)"
135.181.137.59 - - [20/Oct/2025:18:24:52 -0400] "GET /delivery-boy-cons-with-tricks-at-the-time-of-delivery/ HTTP/1.1" 200 279304 "http://wahgazab.com/author/wah8/page/3/" "Mozilla/5.0 (compatible; SeekportBot; +https://bot.seekport.com)"
135.181.137.59 - - [20/Oct/2025:18:24:54 -0400] "GET /this-model-known-as-melanin-goddess-khoudia-diop-goes-viral-on-internet/ HTTP/1.1" 200 288646 "http://wahgazab.com/author/wah8/page/3/" "Mozilla/5.0 (compatible; SeekportBot; +https://bot.seekport.com)"
135.181.137.59 - - [20/Oct/2025:18:24:56 -0400] "GET /30-daughters-of-this-village-play-roles-in-the-ramleela/ HTTP/1.1" 200 282516 "http://wahgazab.com/author/wah8/page/3/" "Mozilla/5.0 (compatible; SeekportBot; +https://bot.seekport.com)"
135.181.137.59 - - [20/Oct/2025:18:24:58 -0400] "GET /this-is-why-thieves-smell-slippers-before-stealing-them/ HTTP/1.1" 200 279108 "http://wahgazab.com/author/wah8/page/3/" "Mozilla/5.0 (compatible; SeekportBot; +https://bot.seekport.com)"
135.181.137.59 - - [20/Oct/2025:18:25:01 -0400] "GET /this-overpriced-green-chili-shocking-everyone/ HTTP/1.1" 200 278503 "http://wahgazab.com/author/wah8/page/3/" "Mozilla/5.0 (compatible; SeekportBot; +https://bot.seekport.com)"
135.181.137.59 - - [20/Oct/2025:18:25:03 -0400] "GET /condom-myths-busted/ HTTP/1.1" 200 290708 "http://wahgazab.com/author/wah8/page/3/" "Mozilla/5.0 (compatible; SeekportBot; +https://bot.seekport.com)"
135.181.137.59 - - [20/Oct/2025:18:25:05 -0400] "GET /no-child-born-in-this-village-for-last-fifty-years/ HTTP/1.1" 200 279566 "http://wahgazab.com/author/wah8/page/3/" "Mozilla/5.0 (compatible; SeekportBot; +https://bot.seekport.com)"
135.181.137.59 - - [20/Oct/2025:18:25:08 -0400] "GET /the-story-of-the-oldest-and-the-most-valuable-clock/ HTTP/1.1" 200 279442 "http://wahgazab.com/author/wah8/page/3/" "Mozilla/5.0 (compatible; SeekportBot; +https://bot.seekport.com)"
135.181.137.59 - - [20/Oct/2025:18:25:10 -0400] "GET /queens-used-to-have-mustache-in-the-nineteenth-century/ HTTP/1.1" 200 281760 "http://wahgazab.com/author/wah8/page/3/" "Mozilla/5.0 (compatible; SeekportBot; +https://bot.seekport.com)"
135.181.137.59 - - [20/Oct/2025:18:25:12 -0400] "GET /thieves-get-caught-in-the-shop-where-went-for-robbing/ HTTP/1.1" 200 278741 "http://wahgazab.com/author/wah8/page/3/" "Mozilla/5.0 (compatible; SeekportBot; +https://bot.seekport.com)"
135.181.137.59 - - [20/Oct/2025:18:25:14 -0400] "GET /this-4-year-old-stays-alive-eating-sugar-only-after-death-of-his-mother/ HTTP/1.1" 200 279110 "http://wahgazab.com/author/wah8/page/3/" "Mozilla/5.0 (compatible; SeekportBot; +https://bot.seekport.com)"
135.181.137.59 - - [20/Oct/2025:18:25:16 -0400] "GET /millions-of-rupees-spent-at-this-dog-wedding/ HTTP/1.1" 200 281437 "http://wahgazab.com/author/wah8/page/3/" "Mozilla/5.0 (compatible; SeekportBot; +https://bot.seekport.com)"
135.181.137.59 - - [20/Oct/2025:18:25:18 -0400] "GET /boys-prove-their-manhood-before-getting-married-here/ HTTP/1.1" 200 277122 "http://wahgazab.com/author/wah8/page/3/" "Mozilla/5.0 (compatible; SeekportBot; +https://bot.seekport.com)"
135.181.137.59 - - [20/Oct/2025:18:25:21 -0400] "GET /penguin-becomes-brigadier-because-of-his-qualities/ HTTP/1.1" 200 280962 "http://wahgazab.com/author/wah8/page/3/" "Mozilla/5.0 (compatible; SeekportBot; +https://bot.seekport.com)"
135.181.137.59 - - [20/Oct/2025:18:25:23 -0400] "GET /this-glowing-road-to-show-you-the-way-in-the-the-dark-night/ HTTP/1.1" 200 281372 "http://wahgazab.com/author/wah8/page/3/" "Mozilla/5.0 (compatible; SeekportBot; +https://bot.seekport.com)"
135.181.137.59 - - [20/Oct/2025:18:25:25 -0400] "GET /no-land-for-burial-in-the-graveyards/ HTTP/1.1" 200 281197 "http://wahgazab.com/author/wah8/page/3/" "Mozilla/5.0 (compatible; SeekportBot; +https://bot.seekport.com)"
135.181.137.59 - - [20/Oct/2025:18:25:27 -0400] "GET /a-website-named-taobao-makes-two-thousands-people-millionaire/ HTTP/1.1" 200 281747 "http://wahgazab.com/author/wah8/page/3/" "Mozilla/5.0 (compatible; SeekportBot; +https://bot.seekport.com)"
135.181.137.59 - - [20/Oct/2025:18:25:29 -0400] "GET /reason-behind-the-giant-like-hands-of-this-woman/ HTTP/1.1" 200 280152 "http://wahgazab.com/author/wah8/page/3/" "Mozilla/5.0 (compatible; SeekportBot; +https://bot.seekport.com)"
135.181.137.59 - - [20/Oct/2025:18:25:31 -0400] "GET /know-more-about-this-millionaire-beggar/ HTTP/1.1" 200 280978 "http://wahgazab.com/author/wah8/page/3/" "Mozilla/5.0 (compatible; SeekportBot; +https://bot.seekport.com)"
220.181.108.90 - - [20/Oct/2025:18:25:31 -0400] "GET /love-letters-found-in-the-copies-of-up-board-examination-distressing-teachers/ HTTP/1.1" 200 285987 "-" "Mozilla/5.0 (compatible; Baiduspider/2.0; +http://www.baidu.com/search/spider.html)"
135.181.137.59 - - [20/Oct/2025:18:25:32 -0400] "GET /mystery-behind-haji-ali-dargah-why-it-doesnt-sink/ HTTP/1.1" 200 281973 "http://wahgazab.com/author/wah8/page/3/" "Mozilla/5.0 (compatible; SeekportBot; +https://bot.seekport.com)"
135.181.137.59 - - [20/Oct/2025:18:25:34 -0400] "GET /author/wah8/page/4/ HTTP/1.1" 200 179751 "http://wahgazab.com/author/wah8/page/3/" "Mozilla/5.0 (compatible; SeekportBot; +https://bot.seekport.com)"
135.181.137.59 - - [20/Oct/2025:18:25:36 -0400] "GET /we-wish-a-happy-birthday-to-pooja-bhatt/ HTTP/1.1" 200 282175 "http://wahgazab.com/author/wah8/page/22/" "Mozilla/5.0 (compatible; SeekportBot; +https://bot.seekport.com)"
116.179.37.152 - - [20/Oct/2025:18:25:36 -0400] "GET /wp-content/uploads/2018/04/paper-2.jpg HTTP/1.1" 200 79407 "http://wahgazab.com/love-letters-found-in-the-copies-of-up-board-examination-distressing-teachers/" "Mozilla/5.0 (compatible; Baiduspider-render/2.0; +http://www.baidu.com/search/spider.html)"
116.179.37.34 - - [20/Oct/2025:18:25:36 -0400] "GET /wp-content/plugins/td-composer/legacy/Newspaper/js/tdSmartSidebar.js?ver=12.7.1 HTTP/1.1" 200 9966 "http://wahgazab.com/love-letters-found-in-the-copies-of-up-board-examination-distressing-teachers/" "Mozilla/5.0 (compatible; Baiduspider-render/2.0; +http://www.baidu.com/search/spider.html)"
116.179.37.233 - - [20/Oct/2025:18:25:36 -0400] "GET /wp-content/uploads/2018/04/paper-1.jpg HTTP/1.1" 200 116222 "http://wahgazab.com/love-letters-found-in-the-copies-of-up-board-examination-distressing-teachers/" "Mozilla/5.0 (compatible; Baiduspider-render/2.0; +http://www.baidu.com/search/spider.html)"
116.179.37.114 - - [20/Oct/2025:18:25:36 -0400] "GET /wp-content/uploads/2018/04/pooja-cover.png HTTP/1.1" 200 292583 "http://wahgazab.com/love-letters-found-in-the-copies-of-up-board-examination-distressing-teachers/" "Mozilla/5.0 (compatible; Baiduspider-render/2.0; +http://www.baidu.com/search/spider.html)"
135.181.137.59 - - [20/Oct/2025:18:25:38 -0400] "GET /husbands-tend-to-cheat-on-their-higher-salaried-wives/ HTTP/1.1" 200 281654 "http://wahgazab.com/author/wah8/page/22/" "Mozilla/5.0 (compatible; SeekportBot; +https://bot.seekport.com)"
135.181.137.59 - - [20/Oct/2025:18:25:41 -0400] "GET /celebration-plans-of-sanju-baba-on-his-homecoming/ HTTP/1.1" 200 282037 "http://wahgazab.com/author/wah8/page/22/" "Mozilla/5.0 (compatible; SeekportBot; +https://bot.seekport.com)"
216.73.216.129 - - [20/Oct/2025:18:25:41 -0400] "GET /?p=21265 HTTP/1.1" 301 - "-" "Mozilla/5.0 AppleWebKit/537.36 (KHTML, like Gecko; compatible; ClaudeBot/1.0; [email protected])"
216.73.216.129 - - [20/Oct/2025:18:25:42 -0400] "GET /google-and-facebook-in-talks-for-laying-stones-of-ramanujan-foundation/ HTTP/1.1" 200 284656 "http://wahgazab.com/?p=21265" "Mozilla/5.0 AppleWebKit/537.36 (KHTML, like Gecko; compatible; ClaudeBot/1.0; [email protected])"
17.22.253.165 - - [20/Oct/2025:18:25:43 -0400] "GET /wp-content/plugins/td-composer/legacy/Newspaper/js/tdSocialSharing.js?ver=12.7.1 HTTP/1.1" 200 2632 "http://wahgazab.com/spirits-of-rape-victims-roam-around-in-this-mysterious-palace/nam_koo_terrace_201205/" "Mozilla/5.0 (Macintosh; Intel Mac OS X 10_15_7) AppleWebKit/605.1.15 (KHTML, like Gecko) Version/17.4 Safari/605.1.15 (Applebot/0.1; +http://www.apple.com/go/applebot)"
216.73.216.129 - - [20/Oct/2025:18:25:43 -0400] "GET /?p=18039 HTTP/1.1" 301 - "-" "Mozilla/5.0 AppleWebKit/537.36 (KHTML, like Gecko; compatible; ClaudeBot/1.0; [email protected])"
135.181.137.59 - - [20/Oct/2025:18:25:43 -0400] "GET /tips-to-become-center-of-attraction-in-college/ HTTP/1.1" 200 284851 "http://wahgazab.com/author/wah8/page/22/" "Mozilla/5.0 (compatible; SeekportBot; +https://bot.seekport.com)"
17.22.237.200 - - [20/Oct/2025:18:25:44 -0400] "GET /wp-content/plugins/td-composer/legacy/Newspaper/js/tdPostImages.js?ver=12.7.1 HTTP/1.1" 200 2449 "http://wahgazab.com/spirits-of-rape-victims-roam-around-in-this-mysterious-palace/nam_koo_terrace_201205/" "Mozilla/5.0 (Macintosh; Intel Mac OS X 10_15_7) AppleWebKit/605.1.15 (KHTML, like Gecko) Version/17.4 Safari/605.1.15 (Applebot/0.1; +http://www.apple.com/go/applebot)"
54.37.118.91 - - [20/Oct/2025:18:25:43 -0400] "GET /tag/treasury/ HTTP/1.1" 200 121398 "-" "Mozilla/5.0 (compatible; AhrefsBot/7.0; +http://ahrefs.com/robot/)"
17.22.253.185 - - [20/Oct/2025:18:25:44 -0400] "GET /wp-content/plugins/td-composer/legacy/Newspaper/js/tdModalPostImages.js?ver=12.7.1 HTTP/1.1" 200 8892 "http://wahgazab.com/spirits-of-rape-victims-roam-around-in-this-mysterious-palace/nam_koo_terrace_201205/" "Mozilla/5.0 (Macintosh; Intel Mac OS X 10_15_7) AppleWebKit/605.1.15 (KHTML, like Gecko) Version/17.4 Safari/605.1.15 (Applebot/0.1; +http://www.apple.com/go/applebot)"
216.73.216.129 - - [20/Oct/2025:18:25:44 -0400] "GET /her-55-feet-long-hair-weigh-20-kg/55-fit/ HTTP/1.1" 200 121473 "http://wahgazab.com/?p=18039" "Mozilla/5.0 AppleWebKit/537.36 (KHTML, like Gecko; compatible; ClaudeBot/1.0; [email protected])"
17.22.253.121 - - [20/Oct/2025:18:25:45 -0400] "GET /wp-includes/js/comment-reply.min.js?ver=6.8.3 HTTP/1.1" 200 3026 "http://wahgazab.com/spirits-of-rape-victims-roam-around-in-this-mysterious-palace/nam_koo_terrace_201205/" "Mozilla/5.0 (Macintosh; Intel Mac OS X 10_15_7) AppleWebKit/605.1.15 (KHTML, like Gecko) Version/17.4 Safari/605.1.15 (Applebot/0.1; +http://www.apple.com/go/applebot)"
135.181.137.59 - - [20/Oct/2025:18:25:45 -0400] "GET /today-in-history-russian-troops-conquered-lasi-island/ HTTP/1.1" 200 281113 "http://wahgazab.com/author/wah8/page/22/" "Mozilla/5.0 (compatible; SeekportBot; +https://bot.seekport.com)"
135.181.137.59 - - [20/Oct/2025:18:25:47 -0400] "GET /taxis-in-mumbai-get-a-new-look/ HTTP/1.1" 200 282175 "http://wahgazab.com/author/wah8/page/22/" "Mozilla/5.0 (compatible; SeekportBot; +https://bot.seekport.com)"
23.21.227.240 - - [20/Oct/2025:18:25:48 -0400] "GET /tag/precocious-puberty-symptoms/ HTTP/1.1" 200 121966 "-" "Mozilla/5.0 AppleWebKit/537.36 (KHTML, like Gecko; compatible; Amazonbot/0.1; +https://developer.amazon.com/support/amazonbot) Chrome/119.0.6045.214 Safari/537.36"
135.181.137.59 - - [20/Oct/2025:18:25:50 -0400] "GET /benefits-of-having-meals-with-family/ HTTP/1.1" 200 284158 "http://wahgazab.com/author/wah8/page/22/" "Mozilla/5.0 (compatible; SeekportBot; +https://bot.seekport.com)"
135.181.137.59 - - [20/Oct/2025:18:25:52 -0400] "GET /this-channel-has-gained-the-highest-trp/ HTTP/1.1" 200 281685 "http://wahgazab.com/author/wah8/page/22/" "Mozilla/5.0 (compatible; SeekportBot; +https://bot.seekport.com)"
135.181.137.59 - - [20/Oct/2025:18:25:55 -0400] "GET /sit-to-intervene-soon-in-pathankot-issue/ HTTP/1.1" 200 283395 "http://wahgazab.com/author/wah8/page/22/" "Mozilla/5.0 (compatible; SeekportBot; +https://bot.seekport.com)"
135.181.137.59 - - [20/Oct/2025:18:25:57 -0400] "GET /gauri-has-grudges-with-shahrukh/ HTTP/1.1" 200 280100 "http://wahgazab.com/author/wah8/page/22/" "Mozilla/5.0 (compatible; SeekportBot; +https://bot.seekport.com)"
135.181.137.59 - - [20/Oct/2025:18:26:00 -0400] "GET /happy-birthday-gurmeet-chaudhary/ HTTP/1.1" 200 281961 "http://wahgazab.com/author/wah8/page/22/" "Mozilla/5.0 (compatible; SeekportBot; +https://bot.seekport.com)"
43.173.177.139 - - [20/Oct/2025:18:26:00 -0400] "GET /tag/bokaro/ HTTP/1.1" 200 124051 "-" "Mozilla/5.0 (Windows NT 6.1; Win64; x64) AppleWebKit/537.36 (KHTML, like Gecko) Chrome/126.0.6478.114 Safari/537.36"
135.181.137.59 - - [20/Oct/2025:18:26:03 -0400] "GET /author/wah8/page/21/ HTTP/1.1" 200 182038 "http://wahgazab.com/author/wah8/page/22/" "Mozilla/5.0 (compatible; SeekportBot; +https://bot.seekport.com)"
135.181.137.59 - - [20/Oct/2025:18:26:05 -0400] "GET /author/wah8/page/20/ HTTP/1.1" 200 181223 "http://wahgazab.com/author/wah8/page/22/" "Mozilla/5.0 (compatible; SeekportBot; +https://bot.seekport.com)"
135.181.137.59 - - [20/Oct/2025:18:26:07 -0400] "GET /tag/%E0%A4%B5%E0%A5%80%E0%A4%B0-%E0%A4%B8%E0%A4%BF%E0%A4%AA%E0%A4%BE%E0%A4%B9%E0%A5%80/ HTTP/1.1" 200 122030 "http://wahgazab.com/soldier-ranjeet-singh-and-kashmiri-girl-heart-wrenching-love-story/" "Mozilla/5.0 (compatible; SeekportBot; +https://bot.seekport.com)"
135.181.137.59 - - [20/Oct/2025:18:26:10 -0400] "GET /tag/cup-of-tea/ HTTP/1.1" 200 121387 "http://wahgazab.com/woman-from-chhattisgarh-surviving-on-tea-for-30-years/" "Mozilla/5.0 (compatible; SeekportBot; +https://bot.seekport.com)"
135.181.137.59 - - [20/Oct/2025:18:26:12 -0400] "GET /nigerian-boy-hits-manoj-tiwari-song-rinkiya-ke-papa/ HTTP/1.1" 200 283763 "http://wahgazab.com/woman-from-chhattisgarh-surviving-on-tea-for-30-years/" "Mozilla/5.0 (compatible; SeekportBot; +https://bot.seekport.com)"
135.181.137.59 - - [20/Oct/2025:18:26:14 -0400] "GET /tag/deepak-kalal/ HTTP/1.1" 200 121392 "http://wahgazab.com/internet-sensation-deepak-kalal-beaten-publicly-in-delhi/" "Mozilla/5.0 (compatible; SeekportBot; +https://bot.seekport.com)"
135.181.137.59 - - [20/Oct/2025:18:26:16 -0400] "GET /tag/internet-sensation/ HTTP/1.1" 200 121440 "http://wahgazab.com/internet-sensation-deepak-kalal-beaten-publicly-in-delhi/" "Mozilla/5.0 (compatible; SeekportBot; +https://bot.seekport.com)"
135.181.137.59 - - [20/Oct/2025:18:26:18 -0400] "GET /tag/%E0%A4%A6%E0%A5%80%E0%A4%AA%E0%A4%95-%E0%A4%95%E0%A4%B2%E0%A4%BE%E0%A4%B2/ HTTP/1.1" 200 121562 "http://wahgazab.com/internet-sensation-deepak-kalal-beaten-publicly-in-delhi/" "Mozilla/5.0 (compatible; SeekportBot; +https://bot.seekport.com)"
135.181.137.59 - - [20/Oct/2025:18:26:20 -0400] "GET /kareena-kapoor-khan-to-contest-in-lok-sabha-elections-2019-from-bhopal/ HTTP/1.1" 200 286708 "http://wahgazab.com/internet-sensation-deepak-kalal-beaten-publicly-in-delhi/" "Mozilla/5.0 (compatible; SeekportBot; +https://bot.seekport.com)"
135.181.137.59 - - [20/Oct/2025:18:26:21 -0400] "GET /this-deadly-festival-celebrated-in-japan/ HTTP/1.1" 200 280131 "http://wahgazab.com/a-selfie-may-cause-the-death-to-an-athlete/" "Mozilla/5.0 (compatible; SeekportBot; +https://bot.seekport.com)"
135.181.137.59 - - [20/Oct/2025:18:26:23 -0400] "GET /indian-brave-heart-women-who-terrifies-the-british-government/ HTTP/1.1" 200 288760 "http://wahgazab.com/a-selfie-may-cause-the-death-to-an-athlete/" "Mozilla/5.0 (compatible; SeekportBot; +https://bot.seekport.com)"
34.192.125.239 - - [20/Oct/2025:18:26:23 -0400] "GET /tag/the-first-man-to-walk-in-space/ HTTP/1.1" 200 123077 "-" "Mozilla/5.0 AppleWebKit/537.36 (KHTML, like Gecko; compatible; Amazonbot/0.1; +https://developer.amazon.com/support/amazonbot) Chrome/119.0.6045.214 Safari/537.36"
135.181.137.59 - - [20/Oct/2025:18:26:25 -0400] "GET /tag/dipa-karmakar/ HTTP/1.1" 200 125362 "http://wahgazab.com/dipa-karmakar-creates-history-and-reaches-vault-finals-in-rio-olympics/" "Mozilla/5.0 (compatible; SeekportBot; +https://bot.seekport.com)"
135.181.137.59 - - [20/Oct/2025:18:26:27 -0400] "GET /tag/gymnast/ HTTP/1.1" 200 121883 "http://wahgazab.com/dipa-karmakar-creates-history-and-reaches-vault-finals-in-rio-olympics/" "Mozilla/5.0 (compatible; SeekportBot; +https://bot.seekport.com)"
216.73.216.129 - - [20/Oct/2025:18:26:27 -0400] "GET /mouth-of-the-lord-shiva-worshiped-at-this-rudranath-temple/mouth-of-the-lord-shiva-worshiped-at-this-rudranath-temple-cover/feed HTTP/1.1" 301 - "-" "Mozilla/5.0 AppleWebKit/537.36 (KHTML, like Gecko; compatible; ClaudeBot/1.0; [email protected])"
216.73.216.129 - - [20/Oct/2025:18:26:28 -0400] "GET /tag/%E0%A4%95%E0%A4%BE%E0%A4%B0 HTTP/1.1" 301 - "-" "Mozilla/5.0 AppleWebKit/537.36 (KHTML, like Gecko; compatible; ClaudeBot/1.0; [email protected])"
216.73.216.129 - - [20/Oct/2025:18:26:28 -0400] "GET /mouth-of-the-lord-shiva-worshiped-at-this-rudranath-temple/mouth-of-the-lord-shiva-worshiped-at-this-rudranath-temple-cover/feed/ HTTP/1.1" 200 1024 "http://wahgazab.com/mouth-of-the-lord-shiva-worshiped-at-this-rudranath-temple/mouth-of-the-lord-shiva-worshiped-at-this-rudranath-temple-cover/feed" "Mozilla/5.0 AppleWebKit/537.36 (KHTML, like Gecko; compatible; ClaudeBot/1.0; [email protected])"
216.73.216.129 - - [20/Oct/2025:18:26:28 -0400] "GET /tag/%E0%A4%95%E0%A4%BE%E0%A4%B0/ HTTP/1.1" 200 124676 "http://wahgazab.com/tag/%E0%A4%95%E0%A4%BE%E0%A4%B0" "Mozilla/5.0 AppleWebKit/537.36 (KHTML, like Gecko; compatible; ClaudeBot/1.0; [email protected])"
135.181.137.59 - - [20/Oct/2025:18:26:29 -0400] "GET /tag/indian-artistic-gymnast/ HTTP/1.1" 200 122011 "http://wahgazab.com/dipa-karmakar-creates-history-and-reaches-vault-finals-in-rio-olympics/" "Mozilla/5.0 (compatible; SeekportBot; +https://bot.seekport.com)"
216.73.216.129 - - [20/Oct/2025:18:26:29 -0400] "GET /tag/deshun-wang HTTP/1.1" 301 - "-" "Mozilla/5.0 AppleWebKit/537.36 (KHTML, like Gecko; compatible; ClaudeBot/1.0; [email protected])"
216.73.216.129 - - [20/Oct/2025:18:26:29 -0400] "GET /tag/deshun-wang/ HTTP/1.1" 200 121607 "http://wahgazab.com/tag/deshun-wang" "Mozilla/5.0 AppleWebKit/537.36 (KHTML, like Gecko; compatible; ClaudeBot/1.0; [email protected])"
135.181.137.59 - - [20/Oct/2025:18:26:31 -0400] "GET /tag/northeastern-indian-state-of-tripura/ HTTP/1.1" 200 122115 "http://wahgazab.com/dipa-karmakar-creates-history-and-reaches-vault-finals-in-rio-olympics/" "Mozilla/5.0 (compatible; SeekportBot; +https://bot.seekport.com)"
135.181.137.59 - - [20/Oct/2025:18:26:33 -0400] "GET /tag/olympic/ HTTP/1.1" 200 131176 "http://wahgazab.com/dipa-karmakar-creates-history-and-reaches-vault-finals-in-rio-olympics/" "Mozilla/5.0 (compatible; SeekportBot; +https://bot.seekport.com)"
135.181.137.59 - - [20/Oct/2025:18:26:35 -0400] "GET /tag/rio-olympics/ HTTP/1.1" 200 132588 "http://wahgazab.com/dipa-karmakar-creates-history-and-reaches-vault-finals-in-rio-olympics/" "Mozilla/5.0 (compatible; SeekportBot; +https://bot.seekport.com)"
135.181.137.59 - - [20/Oct/2025:18:26:37 -0400] "GET /why-thousand-of-dogs-killed-in-a-brutal-way-in-pakistan/ HTTP/1.1" 200 280612 "http://wahgazab.com/dipa-karmakar-creates-history-and-reaches-vault-finals-in-rio-olympics/" "Mozilla/5.0 (compatible; SeekportBot; +https://bot.seekport.com)"
135.181.137.59 - - [20/Oct/2025:18:26:39 -0400] "GET /how-this-boy-being-raised-in-a-plastic-bag/ HTTP/1.1" 200 280004 "http://wahgazab.com/dipa-karmakar-creates-history-and-reaches-vault-finals-in-rio-olympics/" "Mozilla/5.0 (compatible; SeekportBot; +https://bot.seekport.com)"
23.23.214.190 - - [20/Oct/2025:18:26:39 -0400] "GET /tag/child-hunger-stories/ HTTP/1.1" 200 122418 "-" "Mozilla/5.0 AppleWebKit/537.36 (KHTML, like Gecko; compatible; Amazonbot/0.1; +https://developer.amazon.com/support/amazonbot) Chrome/119.0.6045.214 Safari/537.36"
135.181.137.59 - - [20/Oct/2025:18:26:41 -0400] "GET /tag/field-hockey-player/ HTTP/1.1" 200 121528 "http://wahgazab.com/rani-rampal-braveheart-daughter-all-the-way-worth-all-the-praises/" "Mozilla/5.0 (compatible; SeekportBot; +https://bot.seekport.com)"
3.222.85.38 - - [20/Oct/2025:18:26:42 -0400] "GET /tag/free-treatment-news/ HTTP/1.1" 200 121909 "-" "Mozilla/5.0 AppleWebKit/537.36 (KHTML, like Gecko; compatible; Amazonbot/0.1; +https://developer.amazon.com/support/amazonbot) Chrome/119.0.6045.214 Safari/537.36"
135.181.137.59 - - [20/Oct/2025:18:26:43 -0400] "GET /tag/hockey/ HTTP/1.1" 200 127700 "http://wahgazab.com/rani-rampal-braveheart-daughter-all-the-way-worth-all-the-praises/" "Mozilla/5.0 (compatible; SeekportBot; +https://bot.seekport.com)"
135.181.137.59 - - [20/Oct/2025:18:26:45 -0400] "GET /tag/hockey-player/ HTTP/1.1" 200 121480 "http://wahgazab.com/rani-rampal-braveheart-daughter-all-the-way-worth-all-the-praises/" "Mozilla/5.0 (compatible; SeekportBot; +https://bot.seekport.com)"
135.181.137.59 - - [20/Oct/2025:18:26:49 -0400] "GET /tag/rani-rampal/ HTTP/1.1" 200 121464 "http://wahgazab.com/rani-rampal-braveheart-daughter-all-the-way-worth-all-the-praises/" "Mozilla/5.0 (compatible; SeekportBot; +https://bot.seekport.com)"
135.181.137.59 - - [20/Oct/2025:18:26:51 -0400] "GET /3-year-old-girl-earns-6-crore-rupees-from-youtube/ HTTP/1.1" 200 282184 "http://wahgazab.com/rani-rampal-braveheart-daughter-all-the-way-worth-all-the-praises/" "Mozilla/5.0 (compatible; SeekportBot; +https://bot.seekport.com)"
34.203.111.15 - - [20/Oct/2025:18:26:52 -0400] "GET /tag/sedan-made-its-constitution/ HTTP/1.1" 200 123053 "-" "Mozilla/5.0 AppleWebKit/537.36 (KHTML, like Gecko; compatible; Amazonbot/0.1; +https://developer.amazon.com/support/amazonbot) Chrome/119.0.6045.214 Safari/537.36"
135.181.137.59 - - [20/Oct/2025:18:26:52 -0400] "GET /tianjin-university-teaches-love-lessons-to-become-sexually-more-attractive/ HTTP/1.1" 200 282755 "http://wahgazab.com/rani-rampal-braveheart-daughter-all-the-way-worth-all-the-praises/" "Mozilla/5.0 (compatible; SeekportBot; +https://bot.seekport.com)"
135.181.137.59 - - [20/Oct/2025:18:26:55 -0400] "GET /tag/virat-anushka-come-together-again/ HTTP/1.1" 200 122169 "http://wahgazab.com/virat-anushka-come-together-again-after-dinner-date/" "Mozilla/5.0 (compatible; SeekportBot; +https://bot.seekport.com)"
135.181.137.59 - - [20/Oct/2025:18:26:57 -0400] "GET /tag/virat-anushka-come-together-again-news/ HTTP/1.1" 200 122209 "http://wahgazab.com/virat-anushka-come-together-again-after-dinner-date/" "Mozilla/5.0 (compatible; SeekportBot; +https://bot.seekport.com)"
135.181.137.59 - - [20/Oct/2025:18:26:59 -0400] "GET /tag/virat-anushka-come-together-again-news-in-hindi/ HTTP/1.1" 200 122281 "http://wahgazab.com/virat-anushka-come-together-again-after-dinner-date/" "Mozilla/5.0 (compatible; SeekportBot; +https://bot.seekport.com)"
135.181.137.59 - - [20/Oct/2025:18:27:01 -0400] "GET /tag/virat-kohli-anushka/ HTTP/1.1" 200 122057 "http://wahgazab.com/virat-anushka-come-together-again-after-dinner-date/" "Mozilla/5.0 (compatible; SeekportBot; +https://bot.seekport.com)"
135.181.137.59 - - [20/Oct/2025:18:27:03 -0400] "GET /tag/virat-kohli-anushka-sharma-dinner-date/ HTTP/1.1" 200 122209 "http://wahgazab.com/virat-anushka-come-together-again-after-dinner-date/" "Mozilla/5.0 (compatible; SeekportBot; +https://bot.seekport.com)"
135.181.137.59 - - [20/Oct/2025:18:27:05 -0400] "GET /tag/virat-kohli-anushka-sharma-dinner-date-news/ HTTP/1.1" 200 122249 "http://wahgazab.com/virat-anushka-come-together-again-after-dinner-date/" "Mozilla/5.0 (compatible; SeekportBot; +https://bot.seekport.com)"
135.181.137.59 - - [20/Oct/2025:18:27:07 -0400] "GET /tag/virat-kohli-anushka-sharma-dinner-date-news-in-hindi/ HTTP/1.1" 200 122321 "http://wahgazab.com/virat-anushka-come-together-again-after-dinner-date/" "Mozilla/5.0 (compatible; SeekportBot; +https://bot.seekport.com)"
57.141.0.48 - - [20/Oct/2025:18:27:07 -0400] "GET /this-pond-situated-in-himalayan-range-sounds-om/ HTTP/1.1" 200 278680 "-" "meta-externalagent/1.1 (+https://developers.facebook.com/docs/sharing/webmasters/crawler)"
