135.181.137.59 - - [20/Oct/2025:17:29:50 -0400] "GET /whatsapp-is-coming-with-new-features-dont-miss/ HTTP/1.1" 200 283433 "http://wahgazab.com/category/national/page/469/" "Mozilla/5.0 (compatible; SeekportBot; +https://bot.seekport.com)"
135.181.137.59 - - [20/Oct/2025:17:29:51 -0400] "GET /celebs-stand-on-the-scrapping-article-370-in-kashmir/ HTTP/1.1" 200 295683 "http://wahgazab.com/category/national/page/3/" "Mozilla/5.0 (compatible; SeekportBot; +https://bot.seekport.com)"
135.181.137.59 - - [20/Oct/2025:17:29:53 -0400] "GET /category/national/page/468/ HTTP/1.1" 200 198230 "http://wahgazab.com/category/national/page/469/" "Mozilla/5.0 (compatible; SeekportBot; +https://bot.seekport.com)"
135.181.137.59 - - [20/Oct/2025:17:29:54 -0400] "GET /squadron-leader-sameer-abrols-wife-joins-air-force-after-her-husbands-death/ HTTP/1.1" 200 284169 "http://wahgazab.com/category/national/page/3/" "Mozilla/5.0 (compatible; SeekportBot; +https://bot.seekport.com)"
135.181.137.59 - - [20/Oct/2025:17:29:56 -0400] "GET /category/national/page/467/ HTTP/1.1" 200 198966 "http://wahgazab.com/category/national/page/469/" "Mozilla/5.0 (compatible; SeekportBot; +https://bot.seekport.com)"
135.181.137.59 - - [20/Oct/2025:17:29:57 -0400] "GET /vidisha-baliyan-becomes-first-indian-woman-to-win-miss-deaf-world/ HTTP/1.1" 200 283851 "http://wahgazab.com/category/national/page/3/" "Mozilla/5.0 (compatible; SeekportBot; +https://bot.seekport.com)"
135.181.137.59 - - [20/Oct/2025:17:29:59 -0400] "GET /hima-das-wins-six-golds-in-twenty-one-days/ HTTP/1.1" 200 294379 "http://wahgazab.com/category/national/page/3/" "Mozilla/5.0 (compatible; SeekportBot; +https://bot.seekport.com)"
135.181.137.59 - - [20/Oct/2025:17:30:00 -0400] "GET /category/national/page/4/ HTTP/1.1" 200 201096 "http://wahgazab.com/category/national/page/3/" "Mozilla/5.0 (compatible; SeekportBot; +https://bot.seekport.com)"
135.181.137.59 - - [20/Oct/2025:17:30:01 -0400] "GET /author/wah2/page/2/ HTTP/1.1" 200 180499 "http://wahgazab.com/author/wah2/" "Mozilla/5.0 (compatible; SeekportBot; +https://bot.seekport.com)"
85.28.58.53 - - [20/Oct/2025:17:30:03 -0400] "GET /wp-content/uploads/2016/12/saat-kabar-of-bijapur.jpg HTTP/1.1" 404 136514 "-" "Mozilla/5.0 (X11; Linux x86_64) AppleWebKit/537.36 (KHTML, like Gecko) Chrome/121.0.0.0 Safari/537.36"
135.181.137.59 - - [20/Oct/2025:17:30:03 -0400] "GET /author/wah2/page/3/ HTTP/1.1" 200 179607 "http://wahgazab.com/author/wah2/" "Mozilla/5.0 (compatible; SeekportBot; +https://bot.seekport.com)"
135.181.137.59 - - [20/Oct/2025:17:30:05 -0400] "GET /author/wah2/page/57/ HTTP/1.1" 200 134700 "http://wahgazab.com/author/wah2/" "Mozilla/5.0 (compatible; SeekportBot; +https://bot.seekport.com)"
135.181.137.59 - - [20/Oct/2025:17:30:06 -0400] "GET /tag/%E0%A4%AC%E0%A5%8D%E0%A4%B2%E0%A5%88%E0%A4%95%E0%A4%AE%E0%A5%87%E0%A4%B2/ HTTP/1.1" 200 122500 "http://wahgazab.com/whitney-cummings-shares-her-topless-photo-on-twitter-after-extortion-attempts/" "Mozilla/5.0 (compatible; SeekportBot; +https://bot.seekport.com)"
94.23.188.206 - - [20/Oct/2025:17:30:06 -0400] "GET /tag/roasted-makhana-recipe/ HTTP/1.1" 200 121509 "-" "Mozilla/5.0 (compatible; AhrefsBot/7.0; +http://ahrefs.com/robot/)"
135.181.137.59 - - [20/Oct/2025:17:30:07 -0400] "GET /tag/%E0%A4%9A%E0%A5%8B%E0%A4%B0%E0%A5%80/ HTTP/1.1" 200 121718 "http://wahgazab.com/woman-wearing-burka-caught-stealing-things-in-britains-supermarket/" "Mozilla/5.0 (compatible; SeekportBot; +https://bot.seekport.com)"
158.46.142.52 - - [20/Oct/2025:17:30:08 -0400] "GET /wp-content/uploads/2016/12/saat-kabar-of-bijapur.jpg HTTP/1.1" 404 136514 "-" "Mozilla/5.0 (X11; Linux x86_64) AppleWebKit/537.36 (KHTML, like Gecko) Chrome/121.0.0.0 Safari/537.36"
135.181.137.59 - - [20/Oct/2025:17:30:08 -0400] "GET /tag/%E0%A4%AB%E0%A4%BF%E0%A4%B6-%E0%A4%B8%E0%A5%8D%E0%A4%AA%E0%A4%BE/ HTTP/1.1" 200 121661 "http://wahgazab.com/woman-loses-her-foot-fingers-while-having-a-fish-spa/" "Mozilla/5.0 (compatible; SeekportBot; +https://bot.seekport.com)"
135.181.137.59 - - [20/Oct/2025:17:30:09 -0400] "GET /indian-railway-set-to-launch-a-technique-to-provide-the-travelers-seats-more-conveneiently/ HTTP/1.1" 200 287363 "http://wahgazab.com/woman-loses-her-foot-fingers-while-having-a-fish-spa/" "Mozilla/5.0 (compatible; SeekportBot; +https://bot.seekport.com)"
135.181.137.59 - - [20/Oct/2025:17:30:11 -0400] "GET /dhirubhai-ambani-sold-indian-clay-to-the-arab-sheikh/ HTTP/1.1" 200 292956 "http://wahgazab.com/woman-loses-her-foot-fingers-while-having-a-fish-spa/" "Mozilla/5.0 (compatible; SeekportBot; +https://bot.seekport.com)"
135.181.137.59 - - [20/Oct/2025:17:30:12 -0400] "GET /tag/%E0%A4%AA%E0%A4%BE%E0%A4%95%E0%A4%BF%E0%A4%B8%E0%A5%8D%E0%A4%A4%E0%A4%BE%E0%A4%A8/ HTTP/1.1" 200 133994 "http://wahgazab.com/an-outrage-spreads-across-pakistan-over-an-detergent-ad-for-women-rights/" "Mozilla/5.0 (compatible; SeekportBot; +https://bot.seekport.com)"
135.181.137.59 - - [20/Oct/2025:17:30:13 -0400] "GET /aligarh-kachori-seller-earns-millions-gets-notice-from-comtax-department-up/ HTTP/1.1" 200 285376 "http://wahgazab.com/an-outrage-spreads-across-pakistan-over-an-detergent-ad-for-women-rights/" "Mozilla/5.0 (compatible; SeekportBot; +https://bot.seekport.com)"
135.181.137.59 - - [20/Oct/2025:17:30:15 -0400] "GET /tag/lexie-alford/ HTTP/1.1" 200 121464 "http://wahgazab.com/american-woman-lexie-alford-becomes-the-youngest-person-to-travel-196-countries/" "Mozilla/5.0 (compatible; SeekportBot; +https://bot.seekport.com)"
135.181.137.59 - - [20/Oct/2025:17:30:16 -0400] "GET /here-is-why-pakistan-loses-with-india-every-time-in-worldcup/ HTTP/1.1" 200 289720 "http://wahgazab.com/american-woman-lexie-alford-becomes-the-youngest-person-to-travel-196-countries/" "Mozilla/5.0 (compatible; SeekportBot; +https://bot.seekport.com)"
135.181.137.59 - - [20/Oct/2025:17:30:18 -0400] "GET /tag/ajab-gazab-news/ HTTP/1.1" 200 179141 "http://wahgazab.com/nike-designs-smart-shoes-which-is-controlled-via-smartphone/" "Mozilla/5.0 (compatible; SeekportBot; +https://bot.seekport.com)"
168.158.49.203 - - [20/Oct/2025:17:30:18 -0400] "GET /wp-content/uploads/2016/12/saat-kabar-of-bijapur.jpg HTTP/1.1" 404 136514 "-" "Mozilla/5.0 (Windows NT 10.0; Win64; x64) AppleWebKit/537.36 (KHTML, like Gecko) Chrome/123.0.0.0 Safari/537.36"
135.181.137.59 - - [20/Oct/2025:17:30:20 -0400] "GET /tag/odd-news/ HTTP/1.1" 200 179031 "http://wahgazab.com/nike-designs-smart-shoes-which-is-controlled-via-smartphone/" "Mozilla/5.0 (compatible; SeekportBot; +https://bot.seekport.com)"
135.181.137.59 - - [20/Oct/2025:17:30:23 -0400] "GET /tag/weird-news/ HTTP/1.1" 200 179085 "http://wahgazab.com/nike-designs-smart-shoes-which-is-controlled-via-smartphone/" "Mozilla/5.0 (compatible; SeekportBot; +https://bot.seekport.com)"
135.181.137.59 - - [20/Oct/2025:17:30:24 -0400] "GET /tag/%E0%A4%B8%E0%A5%8D%E0%A4%AE%E0%A4%BE%E0%A4%B0%E0%A5%8D%E0%A4%9F-%E0%A4%9C%E0%A5%82%E0%A4%A4%E0%A4%BE/ HTTP/1.1" 200 122017 "http://wahgazab.com/nike-designs-smart-shoes-which-is-controlled-via-smartphone/" "Mozilla/5.0 (compatible; SeekportBot; +https://bot.seekport.com)"
135.181.137.59 - - [20/Oct/2025:17:30:26 -0400] "GET /tag/%E0%A4%97%E0%A4%BE%E0%A4%B0%E0%A5%8D%E0%A4%A1%E0%A4%A8-%E0%A4%B5%E0%A4%BE%E0%A4%B2%E0%A5%80-%E0%A4%AC%E0%A4%B8/ HTTP/1.1" 200 121887 "http://wahgazab.com/buses-to-be-equipped-with-rooftop-garden-in-singapore/" "Mozilla/5.0 (compatible; SeekportBot; +https://bot.seekport.com)"
135.181.137.59 - - [20/Oct/2025:17:30:27 -0400] "GET /man-protests-for-his-girlfriend-and-marry-her-later/ HTTP/1.1" 200 284440 "http://wahgazab.com/buses-to-be-equipped-with-rooftop-garden-in-singapore/" "Mozilla/5.0 (compatible; SeekportBot; +https://bot.seekport.com)"
209.141.33.200 - - [20/Oct/2025:17:30:28 -0400] "GET /wp-login.php HTTP/1.1" 200 5415 "-" "Mozilla/5.0 (Windows NT 6.1; WOW64; Trident/7.0; rv:11.0) like Gecko"
135.181.137.59 - - [20/Oct/2025:17:30:29 -0400] "GET /hot-army-woman-from-israel-gets-millions-of-likes-on-instagram/ HTTP/1.1" 200 284204 "http://wahgazab.com/category/international/page/2/" "Mozilla/5.0 (compatible; SeekportBot; +https://bot.seekport.com)"
135.181.137.59 - - [20/Oct/2025:17:30:30 -0400] "GET /prince-harry-and-meghan-merkle-to-shift-in-africa/ HTTP/1.1" 200 282376 "http://wahgazab.com/category/international/page/2/" "Mozilla/5.0 (compatible; SeekportBot; +https://bot.seekport.com)"
135.181.137.59 - - [20/Oct/2025:17:30:32 -0400] "GET /nine-nurses-get-pregnant-simultaneously-in-a-hospital/ HTTP/1.1" 200 283996 "http://wahgazab.com/category/international/page/2/" "Mozilla/5.0 (compatible; SeekportBot; +https://bot.seekport.com)"
135.181.137.59 - - [20/Oct/2025:17:30:34 -0400] "GET /anglo-zanzibar-war-considered-as-the-shortest-war-in-history/ HTTP/1.1" 200 285693 "http://wahgazab.com/category/international/page/2/" "Mozilla/5.0 (compatible; SeekportBot; +https://bot.seekport.com)"
135.181.137.59 - - [20/Oct/2025:17:30:35 -0400] "GET /scientists-discovered-another-earth/ HTTP/1.1" 200 281983 "http://wahgazab.com/category/international/page/2/" "Mozilla/5.0 (compatible; SeekportBot; +https://bot.seekport.com)"
35.171.117.160 - - [20/Oct/2025:17:30:35 -0400] "GET /tag/married-indian-man-accused-of-slicing-off-his-lovers-head/ HTTP/1.1" 200 122445 "-" "Mozilla/5.0 AppleWebKit/537.36 (KHTML, like Gecko; compatible; Amazonbot/0.1; +https://developer.amazon.com/support/amazonbot) Chrome/119.0.6045.214 Safari/537.36"
135.181.137.59 - - [20/Oct/2025:17:30:37 -0400] "GET /dead-woman-gave-birth-to-a-healthy-baby/ HTTP/1.1" 200 284035 "http://wahgazab.com/category/international/page/2/" "Mozilla/5.0 (compatible; SeekportBot; +https://bot.seekport.com)"
135.181.137.59 - - [20/Oct/2025:17:30:38 -0400] "GET /the-space-rocks-will-now-be-cut-by-swords/ HTTP/1.1" 200 282284 "http://wahgazab.com/category/international/page/2/" "Mozilla/5.0 (compatible; SeekportBot; +https://bot.seekport.com)"
135.181.137.59 - - [20/Oct/2025:17:30:40 -0400] "GET /lake-where-unmarried-girls-are-sacrificed-whoever-resolves-the-mystery-dies/ HTTP/1.1" 200 285019 "http://wahgazab.com/category/international/page/2/" "Mozilla/5.0 (compatible; SeekportBot; +https://bot.seekport.com)"
135.181.137.59 - - [20/Oct/2025:17:30:42 -0400] "GET /nobody-sinks-in-this-sea/ HTTP/1.1" 200 281945 "http://wahgazab.com/category/international/page/3/" "Mozilla/5.0 (compatible; SeekportBot; +https://bot.seekport.com)"
135.181.137.59 - - [20/Oct/2025:17:30:43 -0400] "GET /shocking-reason-of-3000-people-living-inside-a-cave/ HTTP/1.1" 200 284537 "http://wahgazab.com/category/international/page/3/" "Mozilla/5.0 (compatible; SeekportBot; +https://bot.seekport.com)"
216.244.66.247 - - [20/Oct/2025:17:30:43 -0400] "GET /cleaning-habits-of-indians-bother-foreigners/ HTTP/1.1" 200 282306 "-" "Mozilla/5.0 (compatible; DotBot/1.2; +https://opensiteexplorer.org/dotbot; [email protected])"
135.181.137.59 - - [20/Oct/2025:17:30:45 -0400] "GET /omg-country-where-the-sun-never-sets/ HTTP/1.1" 200 285811 "http://wahgazab.com/category/international/page/3/" "Mozilla/5.0 (compatible; SeekportBot; +https://bot.seekport.com)"
135.181.137.59 - - [20/Oct/2025:17:30:47 -0400] "GET /know-about-this-mobile-number-that-took-three-lives/ HTTP/1.1" 200 282605 "http://wahgazab.com/category/international/page/3/" "Mozilla/5.0 (compatible; SeekportBot; +https://bot.seekport.com)"
135.181.137.59 - - [20/Oct/2025:17:30:48 -0400] "GET /a-new-tribe-found-which-has-no-contact-with-the-world/ HTTP/1.1" 200 282723 "http://wahgazab.com/category/international/page/3/" "Mozilla/5.0 (compatible; SeekportBot; +https://bot.seekport.com)"
216.244.66.247 - - [20/Oct/2025:17:30:49 -0400] "GET /tag/aztec-empire/ HTTP/1.1" 200 121666 "-" "Mozilla/5.0 (compatible; DotBot/1.2; +https://opensiteexplorer.org/dotbot; [email protected])"
135.181.137.59 - - [20/Oct/2025:17:30:50 -0400] "GET /died-500-years-ago-but-still-blood-flows-from-the-body/ HTTP/1.1" 200 282144 "http://wahgazab.com/category/international/page/3/" "Mozilla/5.0 (compatible; SeekportBot; +https://bot.seekport.com)"
216.73.216.129 - - [20/Oct/2025:17:30:50 -0400] "GET /this-giraffe-comes-here-daily-to-drink-beer/giraffe HTTP/1.1" 301 - "-" "Mozilla/5.0 AppleWebKit/537.36 (KHTML, like Gecko; compatible; ClaudeBot/1.0; [email protected])"
216.73.216.129 - - [20/Oct/2025:17:30:51 -0400] "GET /this-giraffe-comes-here-daily-to-drink-beer/giraffe/ HTTP/1.1" 200 121521 "http://wahgazab.com/this-giraffe-comes-here-daily-to-drink-beer/giraffe" "Mozilla/5.0 AppleWebKit/537.36 (KHTML, like Gecko; compatible; ClaudeBot/1.0; [email protected])"
135.181.137.59 - - [20/Oct/2025:17:30:51 -0400] "GET /employees-get-paid-for-sleeping/ HTTP/1.1" 200 284684 "http://wahgazab.com/category/international/page/3/" "Mozilla/5.0 (compatible; SeekportBot; +https://bot.seekport.com)"
135.181.137.59 - - [20/Oct/2025:17:30:53 -0400] "GET /the-manager-covered-800-km-to-deliver-pizza/ HTTP/1.1" 200 285302 "http://wahgazab.com/category/international/page/3/" "Mozilla/5.0 (compatible; SeekportBot; +https://bot.seekport.com)"
216.244.66.247 - - [20/Oct/2025:17:30:54 -0400] "GET /tag/harshdeep-kaur/ HTTP/1.1" 200 121564 "-" "Mozilla/5.0 (compatible; DotBot/1.2; +https://opensiteexplorer.org/dotbot; [email protected])"
135.181.137.59 - - [20/Oct/2025:17:30:54 -0400] "GET /category/international/page/4/ HTTP/1.1" 200 201019 "http://wahgazab.com/category/international/page/3/" "Mozilla/5.0 (compatible; SeekportBot; +https://bot.seekport.com)"
135.181.137.59 - - [20/Oct/2025:17:30:56 -0400] "GET /mothers-love-or-rage/ HTTP/1.1" 200 276823 "http://wahgazab.com/category/international/page/280/" "Mozilla/5.0 (compatible; SeekportBot; +https://bot.seekport.com)"
135.181.137.59 - - [20/Oct/2025:17:30:57 -0400] "GET /she-wore-a-dress-that-crossed-all-the-limits-of-boldness/ HTTP/1.1" 200 278287 "http://wahgazab.com/category/international/page/280/" "Mozilla/5.0 (compatible; SeekportBot; +https://bot.seekport.com)"
216.244.66.247 - - [20/Oct/2025:17:30:58 -0400] "GET /tag/history-india/ HTTP/1.1" 200 121969 "-" "Mozilla/5.0 (compatible; DotBot/1.2; +https://opensiteexplorer.org/dotbot; [email protected])"
135.181.137.59 - - [20/Oct/2025:17:30:59 -0400] "GET /countries-having-most-beautiful-faces/ HTTP/1.1" 200 288629 "http://wahgazab.com/category/international/page/280/" "Mozilla/5.0 (compatible; SeekportBot; +https://bot.seekport.com)"
135.181.137.59 - - [20/Oct/2025:17:31:00 -0400] "GET /category/international/page/279/ HTTP/1.1" 200 200238 "http://wahgazab.com/category/international/page/280/" "Mozilla/5.0 (compatible; SeekportBot; +https://bot.seekport.com)"
135.181.137.59 - - [20/Oct/2025:17:31:02 -0400] "GET /category/international/page/278/ HTTP/1.1" 200 200273 "http://wahgazab.com/category/international/page/280/" "Mozilla/5.0 (compatible; SeekportBot; +https://bot.seekport.com)"
216.244.66.247 - - [20/Oct/2025:17:31:02 -0400] "GET /tag/meat/ HTTP/1.1" 200 121451 "-" "Mozilla/5.0 (compatible; DotBot/1.2; +https://opensiteexplorer.org/dotbot; [email protected])"
135.181.137.59 - - [20/Oct/2025:17:31:03 -0400] "GET /tag/hardik-pandya/ HTTP/1.1" 200 127752 "http://wahgazab.com/ranveer-sings-lands-into-a-controversy-on-the-tweet-to-hardik-pandya/" "Mozilla/5.0 (compatible; SeekportBot; +https://bot.seekport.com)"
135.181.137.59 - - [20/Oct/2025:17:31:05 -0400] "GET /tag/ranveer-singh/ HTTP/1.1" 200 182238 "http://wahgazab.com/ranveer-sings-lands-into-a-controversy-on-the-tweet-to-hardik-pandya/" "Mozilla/5.0 (compatible; SeekportBot; +https://bot.seekport.com)"
66.249.79.169 - - [20/Oct/2025:17:31:07 -0400] "GET /?a=7715731736002&channel=b50f3d&from=brands.php%3Fid%3D317360-7658%26name%3D%E3%83%AF%E3%83%B3%E3%83%94%E3%83%BC%E3%82%B9+%E5%A4%8F+%E3%83%AC%E3%83%87%E3%82%A3%E3%83%BC%E3%82%B9+%E5%8D%8A%E8%A2%96+%E3%81%B2%E3%81%96%E4%B8%88+A%E3%83%A9%E3%82%A4%E3%83%B3+%E3%81%8D%E3%82%8C%E3%81%84%E3%82%81+%E3%82%AA%E3%83%95%E3%82%A3%E3%82%B9+%E5%A4%A7%E3%81%8D%E3%81%84%E3%82%B5%E3%82%A4%E3%82%BA+%E5%A4%8F+%E7%A7%8B+%E3%83%AF%E3%83%B3%E3%83%94%E3%83%BC%E3%82%B9+%E3%83%AD%E3%83%B3%E3%82%B0%E4%B8%88+%E3%81%8A%E6%B4%92%E8%90%BD+%E4%BD%93%E5%9E%8B%E3%82%AB%E3%83%90%E3%83%BC+%E7%9D%80%E7%97%A9%E3%81%9B+%E6%97%85%E8%A1%8C+%E9%80%9A%E5%8B%A4+OL HTTP/1.1" 301 - "-" "Mozilla/5.0 (Linux; Android 6.0.1; Nexus 5X Build/MMB29P) AppleWebKit/537.36 (KHTML, like Gecko) Chrome/140.0.7339.207 Mobile Safari/537.36 (compatible; Googlebot/2.1; +http://www.google.com/bot.html)"
135.181.137.59 - - [20/Oct/2025:17:31:07 -0400] "GET /shocking-truth-about-parle-g-revealed/ HTTP/1.1" 200 284771 "http://wahgazab.com/ranveer-sings-lands-into-a-controversy-on-the-tweet-to-hardik-pandya/" "Mozilla/5.0 (compatible; SeekportBot; +https://bot.seekport.com)"
66.249.79.168 - - [20/Oct/2025:17:31:07 -0400] "GET /?a=7715731736002&channel=b50f3d&from=brands.php%3Fid%3D317360-7658%26name%3D%E3%83%AF%E3%83%B3%E3%83%94%E3%83%BC%E3%82%B9%20%E5%A4%8F%20%E3%83%AC%E3%83%87%E3%82%A3%E3%83%BC%E3%82%B9%20%E5%8D%8A%E8%A2%96%20%E3%81%B2%E3%81%96%E4%B8%88%20A%E3%83%A9%E3%82%A4%E3%83%B3%20%E3%81%8D%E3%82%8C%E3%81%84%E3%82%81%20%E3%82%AA%E3%83%95%E3%82%A3%E3%82%B9%20%E5%A4%A7%E3%81%8D%E3%81%84%E3%82%B5%E3%82%A4%E3%82%BA%20%E5%A4%8F%20%E7%A7%8B%20%E3%83%AF%E3%83%B3%E3%83%94%E3%83%BC%E3%82%B9%20%E3%83%AD%E3%83%B3%E3%82%B0%E4%B8%88%20%E3%81%8A%E6%B4%92%E8%90%BD%20%E4%BD%93%E5%9E%8B%E3%82%AB%E3%83%90%E3%83%BC%20%E7%9D%80%E7%97%A9%E3%81%9B%20%E6%97%85%E8%A1%8C%20%E9%80%9A%E5%8B%A4%20OL HTTP/1.1" 200 200962 "-" "Mozilla/5.0 (Linux; Android 6.0.1; Nexus 5X Build/MMB29P) AppleWebKit/537.36 (KHTML, like Gecko) Chrome/140.0.7339.207 Mobile Safari/537.36 (compatible; Googlebot/2.1; +http://www.google.com/bot.html)"
135.181.137.59 - - [20/Oct/2025:17:31:09 -0400] "GET /tag/crores-of-rupees/ HTTP/1.1" 200 121642 "http://wahgazab.com/varun-chakravarthy-emerges-most-expensive-buy-in-ipl-auction/" "Mozilla/5.0 (compatible; SeekportBot; +https://bot.seekport.com)"
216.244.66.247 - - [20/Oct/2025:17:31:07 -0400] "GET /tag/noida-greater/ HTTP/1.1" 200 121714 "-" "Mozilla/5.0 (compatible; DotBot/1.2; +https://opensiteexplorer.org/dotbot; [email protected])"
135.181.137.59 - - [20/Oct/2025:17:31:10 -0400] "GET /tag/ipl-2019/ HTTP/1.1" 200 121578 "http://wahgazab.com/varun-chakravarthy-emerges-most-expensive-buy-in-ipl-auction/" "Mozilla/5.0 (compatible; SeekportBot; +https://bot.seekport.com)"
135.181.137.59 - - [20/Oct/2025:17:31:11 -0400] "GET /tag/ipl-auction/ HTTP/1.1" 200 121602 "http://wahgazab.com/varun-chakravarthy-emerges-most-expensive-buy-in-ipl-auction/" "Mozilla/5.0 (compatible; SeekportBot; +https://bot.seekport.com)"
135.181.137.59 - - [20/Oct/2025:17:31:13 -0400] "GET /tag/varun-chakravarthy/ HTTP/1.1" 200 121658 "http://wahgazab.com/varun-chakravarthy-emerges-most-expensive-buy-in-ipl-auction/" "Mozilla/5.0 (compatible; SeekportBot; +https://bot.seekport.com)"
135.181.137.59 - - [20/Oct/2025:17:31:14 -0400] "GET /here-is-why-big-b-and-amir-served-food-to-baratis-at-isha-ambani-wedding/ HTTP/1.1" 200 282525 "http://wahgazab.com/varun-chakravarthy-emerges-most-expensive-buy-in-ipl-auction/" "Mozilla/5.0 (compatible; SeekportBot; +https://bot.seekport.com)"
135.181.137.59 - - [20/Oct/2025:17:31:16 -0400] "GET /coolie-from-lahore-loses-his-engineer-son-and-his-story-is-inspiring/ HTTP/1.1" 200 284026 "http://wahgazab.com/varun-chakravarthy-emerges-most-expensive-buy-in-ipl-auction/" "Mozilla/5.0 (compatible; SeekportBot; +https://bot.seekport.com)"
135.181.137.59 - - [20/Oct/2025:17:31:17 -0400] "GET /tag/%E0%A4%AE%E0%A5%88%E0%A4%A8-%E0%A4%91%E0%A4%AB%E0%A4%BC-%E0%A4%A6-%E0%A4%AE%E0%A5%88%E0%A4%9A/ HTTP/1.1" 200 121829 "http://wahgazab.com/who-takes-the-decision-of-man-of-the-match-in-cricket/" "Mozilla/5.0 (compatible; SeekportBot; +https://bot.seekport.com)"
135.181.137.59 - - [20/Oct/2025:17:31:19 -0400] "GET /tag/cricket/ HTTP/1.1" 200 182328 "http://wahgazab.com/who-takes-the-decision-of-man-of-the-match-in-cricket/" "Mozilla/5.0 (compatible; SeekportBot; +https://bot.seekport.com)"
135.181.137.59 - - [20/Oct/2025:17:31:20 -0400] "GET /tag/man-of-the-match/ HTTP/1.1" 200 130681 "http://wahgazab.com/who-takes-the-decision-of-man-of-the-match-in-cricket/" "Mozilla/5.0 (compatible; SeekportBot; +https://bot.seekport.com)"
135.181.137.59 - - [20/Oct/2025:17:31:22 -0400] "GET /tag/who-takes-the-decision-of-man-of-the-match-in-cricket/ HTTP/1.1" 200 121839 "http://wahgazab.com/who-takes-the-decision-of-man-of-the-match-in-cricket/" "Mozilla/5.0 (compatible; SeekportBot; +https://bot.seekport.com)"
135.181.137.59 - - [20/Oct/2025:17:31:23 -0400] "GET /britain-still-holds-the-possession-of-independent-india/ HTTP/1.1" 200 286834 "http://wahgazab.com/who-takes-the-decision-of-man-of-the-match-in-cricket/" "Mozilla/5.0 (compatible; SeekportBot; +https://bot.seekport.com)"
135.181.137.59 - - [20/Oct/2025:17:31:25 -0400] "GET /when-the-boy-asked-for-eidi-from-former-prime-minister-atal-bihari-vajpayee/ HTTP/1.1" 200 284705 "http://wahgazab.com/who-takes-the-decision-of-man-of-the-match-in-cricket/" "Mozilla/5.0 (compatible; SeekportBot; +https://bot.seekport.com)"
216.244.66.247 - - [20/Oct/2025:17:31:25 -0400] "GET /tag/woman-imam/ HTTP/1.1" 200 121751 "-" "Mozilla/5.0 (compatible; DotBot/1.2; +https://opensiteexplorer.org/dotbot; [email protected])"
135.181.137.59 - - [20/Oct/2025:17:31:26 -0400] "GET /tag/alec-stewart/ HTTP/1.1" 200 121867 "http://wahgazab.com/no-bowler-could-take-these-batsmen-wicket-for-duck-in-100-matches/" "Mozilla/5.0 (compatible; SeekportBot; +https://bot.seekport.com)"
5.39.1.234 - - [20/Oct/2025:17:31:26 -0400] "GET /tag/make-aloo-makhana-chaat/ HTTP/1.1" 200 121517 "-" "Mozilla/5.0 (compatible; AhrefsBot/7.0; +http://ahrefs.com/robot/)"
135.181.137.59 - - [20/Oct/2025:17:31:28 -0400] "GET /tag/batsman/ HTTP/1.1" 200 121827 "http://wahgazab.com/no-bowler-could-take-these-batsmen-wicket-for-duck-in-100-matches/" "Mozilla/5.0 (compatible; SeekportBot; +https://bot.seekport.com)"
135.181.137.59 - - [20/Oct/2025:17:31:29 -0400] "GET /tag/cricketers/ HTTP/1.1" 200 127946 "http://wahgazab.com/no-bowler-could-take-these-batsmen-wicket-for-duck-in-100-matches/" "Mozilla/5.0 (compatible; SeekportBot; +https://bot.seekport.com)"
216.73.216.129 - - [20/Oct/2025:17:31:30 -0400] "GET /school-kids-spread-awareness-among-delhites HTTP/1.1" 301 - "-" "Mozilla/5.0 AppleWebKit/537.36 (KHTML, like Gecko; compatible; ClaudeBot/1.0; [email protected])"
135.181.137.59 - - [20/Oct/2025:17:31:30 -0400] "GET /tag/england/ HTTP/1.1" 200 180619 "http://wahgazab.com/no-bowler-could-take-these-batsmen-wicket-for-duck-in-100-matches/" "Mozilla/5.0 (compatible; SeekportBot; +https://bot.seekport.com)"
216.73.216.129 - - [20/Oct/2025:17:31:30 -0400] "GET /school-kids-spread-awareness-among-delhites/ HTTP/1.1" 200 282681 "http://wahgazab.com/school-kids-spread-awareness-among-delhites" "Mozilla/5.0 AppleWebKit/537.36 (KHTML, like Gecko; compatible; ClaudeBot/1.0; [email protected])"
135.181.137.59 - - [20/Oct/2025:17:31:31 -0400] "GET /tag/famous-cricket-players/ HTTP/1.1" 200 121947 "http://wahgazab.com/no-bowler-could-take-these-batsmen-wicket-for-duck-in-100-matches/" "Mozilla/5.0 (compatible; SeekportBot; +https://bot.seekport.com)"
135.181.137.59 - - [20/Oct/2025:17:31:33 -0400] "GET /tag/india/ HTTP/1.1" 200 183783 "http://wahgazab.com/no-bowler-could-take-these-batsmen-wicket-for-duck-in-100-matches/" "Mozilla/5.0 (compatible; SeekportBot; +https://bot.seekport.com)"
135.181.137.59 - - [20/Oct/2025:17:31:34 -0400] "GET /tag/out-on-zero/ HTTP/1.1" 200 121859 "http://wahgazab.com/no-bowler-could-take-these-batsmen-wicket-for-duck-in-100-matches/" "Mozilla/5.0 (compatible; SeekportBot; +https://bot.seekport.com)"
209.141.33.200 - - [20/Oct/2025:17:31:35 -0400] "POST /wp-login.php HTTP/1.1" 200 5886 "-" "Mozilla/5.0 (Windows NT 6.1; WOW64; Trident/7.0; rv:11.0) like Gecko"
135.181.137.59 - - [20/Oct/2025:17:31:36 -0400] "GET /tag/rahul-dravid/ HTTP/1.1" 200 136505 "http://wahgazab.com/no-bowler-could-take-these-batsmen-wicket-for-duck-in-100-matches/" "Mozilla/5.0 (compatible; SeekportBot; +https://bot.seekport.com)"
135.181.137.59 - - [20/Oct/2025:17:31:38 -0400] "GET /tag/sachin-tendulkar/ HTTP/1.1" 200 182861 "http://wahgazab.com/no-bowler-could-take-these-batsmen-wicket-for-duck-in-100-matches/" "Mozilla/5.0 (compatible; SeekportBot; +https://bot.seekport.com)"
135.181.137.59 - - [20/Oct/2025:17:31:39 -0400] "GET /tag/wicketkeeper/ HTTP/1.1" 200 121867 "http://wahgazab.com/no-bowler-could-take-these-batsmen-wicket-for-duck-in-100-matches/" "Mozilla/5.0 (compatible; SeekportBot; +https://bot.seekport.com)"
135.181.137.59 - - [20/Oct/2025:17:31:41 -0400] "GET /tag/%E0%A4%9C%E0%A5%80%E0%A4%B0%E0%A5%8B-%E0%A4%AA%E0%A4%B0-%E0%A4%86%E0%A4%89%E0%A4%9F/ HTTP/1.1" 200 122077 "http://wahgazab.com/no-bowler-could-take-these-batsmen-wicket-for-duck-in-100-matches/" "Mozilla/5.0 (compatible; SeekportBot; +https://bot.seekport.com)"
135.181.137.59 - - [20/Oct/2025:17:31:42 -0400] "GET /groom-along-with-the-female-horse-jumps-into-well-and-bride-kept-on-waiting/ HTTP/1.1" 200 283894 "http://wahgazab.com/no-bowler-could-take-these-batsmen-wicket-for-duck-in-100-matches/" "Mozilla/5.0 (compatible; SeekportBot; +https://bot.seekport.com)"
184.73.68.20 - - [20/Oct/2025:17:31:43 -0400] "GET /tag/carlos-enrique-lehder-rivas/ HTTP/1.1" 200 122635 "-" "Mozilla/5.0 AppleWebKit/537.36 (KHTML, like Gecko; compatible; Amazonbot/0.1; +https://developer.amazon.com/support/amazonbot) Chrome/119.0.6045.214 Safari/537.36"
135.181.137.59 - - [20/Oct/2025:17:31:44 -0400] "GET /reliance-jio-to-launch-dth-offer-for-6-months-free-welcome-offer/ HTTP/1.1" 200 282723 "http://wahgazab.com/no-bowler-could-take-these-batsmen-wicket-for-duck-in-100-matches/" "Mozilla/5.0 (compatible; SeekportBot; +https://bot.seekport.com)"
135.181.137.59 - - [20/Oct/2025:17:31:45 -0400] "GET /women-forbidden-to-talk-on-their-mobile-phones-here-at-this-place/ HTTP/1.1" 200 283934 "http://wahgazab.com/author/wah3/" "Mozilla/5.0 (compatible; SeekportBot; +https://bot.seekport.com)"
135.181.137.59 - - [20/Oct/2025:17:31:46 -0400] "GET /this-eleven-year-old-girl-looks-more-beautiful-than-many-beauties/ HTTP/1.1" 200 282658 "http://wahgazab.com/author/wah3/" "Mozilla/5.0 (compatible; SeekportBot; +https://bot.seekport.com)"
135.181.137.59 - - [20/Oct/2025:17:31:47 -0400] "GET /tomatoes-get-costlier-than-ever-before/ HTTP/1.1" 200 282098 "http://wahgazab.com/author/wah3/" "Mozilla/5.0 (compatible; SeekportBot; +https://bot.seekport.com)"
135.181.137.59 - - [20/Oct/2025:17:31:48 -0400] "GET /this-woman-wearing-27-contact-lenses-doctors-shocked/ HTTP/1.1" 200 283590 "http://wahgazab.com/author/wah3/" "Mozilla/5.0 (compatible; SeekportBot; +https://bot.seekport.com)"
135.181.137.59 - - [20/Oct/2025:17:31:50 -0400] "GET /villagers-have-great-fear-of-this-little-lamb/ HTTP/1.1" 200 282012 "http://wahgazab.com/author/wah3/" "Mozilla/5.0 (compatible; SeekportBot; +https://bot.seekport.com)"
135.181.137.59 - - [20/Oct/2025:17:31:52 -0400] "GET /people-come-to-see-these-shoes-made-up-of-the-skin-of-criminals/ HTTP/1.1" 200 284282 "http://wahgazab.com/author/wah3/" "Mozilla/5.0 (compatible; SeekportBot; +https://bot.seekport.com)"
135.181.137.59 - - [20/Oct/2025:17:31:54 -0400] "GET /only-one-man-lives-in-this-city-for-some-strange-reasons/ HTTP/1.1" 200 285195 "http://wahgazab.com/author/wah3/" "Mozilla/5.0 (compatible; SeekportBot; +https://bot.seekport.com)"
54.235.125.129 - - [20/Oct/2025:17:31:54 -0400] "GET /tag/melvin-roberts-lightning/ HTTP/1.1" 200 121991 "-" "Mozilla/5.0 AppleWebKit/537.36 (KHTML, like Gecko; compatible; Amazonbot/0.1; +https://developer.amazon.com/support/amazonbot) Chrome/119.0.6045.214 Safari/537.36"
135.181.137.59 - - [20/Oct/2025:17:31:56 -0400] "GET /these-people-prepares-passport-to-go-to-the-heaven/ HTTP/1.1" 200 282052 "http://wahgazab.com/author/wah3/" "Mozilla/5.0 (compatible; SeekportBot; +https://bot.seekport.com)"
135.181.137.59 - - [20/Oct/2025:17:31:57 -0400] "GET /searching-this-keyword-on-google-gets-you-into-jail/ HTTP/1.1" 200 284169 "http://wahgazab.com/author/wah3/" "Mozilla/5.0 (compatible; SeekportBot; +https://bot.seekport.com)"
135.181.137.59 - - [20/Oct/2025:17:31:59 -0400] "GET /some-invisible-spirit-cuts-the-hair-of-girls-here-while-sleeping/ HTTP/1.1" 200 284086 "http://wahgazab.com/author/wah3/" "Mozilla/5.0 (compatible; SeekportBot; +https://bot.seekport.com)"
23.23.213.182 - - [20/Oct/2025:17:31:59 -0400] "GET /tag/adiyogi-shiva-statue/ HTTP/1.1" 200 122178 "-" "Mozilla/5.0 AppleWebKit/537.36 (KHTML, like Gecko; compatible; Amazonbot/0.1; +https://developer.amazon.com/support/amazonbot) Chrome/119.0.6045.214 Safari/537.36"
135.181.137.59 - - [20/Oct/2025:17:32:00 -0400] "GET /wedding-invitation-card-of-a-son-of-farmer-making-headlines/ HTTP/1.1" 200 284788 "http://wahgazab.com/author/wah3/" "Mozilla/5.0 (compatible; SeekportBot; +https://bot.seekport.com)"
135.181.137.59 - - [20/Oct/2025:17:32:02 -0400] "GET /humans-are-everywhere-instead-of-books-in-this-human-library/ HTTP/1.1" 200 284864 "http://wahgazab.com/author/wah3/" "Mozilla/5.0 (compatible; SeekportBot; +https://bot.seekport.com)"
135.181.137.59 - - [20/Oct/2025:17:32:04 -0400] "GET /a-boy-discovers-something-just-like-that-and-it-will-benefit-millions/ HTTP/1.1" 200 285093 "http://wahgazab.com/author/wah3/" "Mozilla/5.0 (compatible; SeekportBot; +https://bot.seekport.com)"
135.181.137.59 - - [20/Oct/2025:17:32:06 -0400] "GET /traffic-ladies-are-hired-for-their-looks-in-north-korea/ HTTP/1.1" 200 283609 "http://wahgazab.com/author/wah3/" "Mozilla/5.0 (compatible; SeekportBot; +https://bot.seekport.com)"
135.181.137.59 - - [20/Oct/2025:17:32:07 -0400] "GET /porn-clip-starts-playing-suddenly-at-the-rajiv-chowk-metro-station-in-delhi/ HTTP/1.1" 200 283637 "http://wahgazab.com/author/wah3/" "Mozilla/5.0 (compatible; SeekportBot; +https://bot.seekport.com)"
135.181.137.59 - - [20/Oct/2025:17:32:09 -0400] "GET /people-live-in-the-grave-even-being-alive/ HTTP/1.1" 200 281606 "http://wahgazab.com/author/wah3/" "Mozilla/5.0 (compatible; SeekportBot; +https://bot.seekport.com)"
135.181.137.59 - - [20/Oct/2025:17:32:11 -0400] "GET /anyone-supposed-to-be-thrilled-if-this-happens-anyway/ HTTP/1.1" 200 276602 "http://wahgazab.com/author/wah3/" "Mozilla/5.0 (compatible; SeekportBot; +https://bot.seekport.com)"
135.181.137.59 - - [20/Oct/2025:17:32:12 -0400] "GET /crocodile-and-frog-friendship-sets-an-example/ HTTP/1.1" 200 281693 "http://wahgazab.com/author/wah3/" "Mozilla/5.0 (compatible; SeekportBot; +https://bot.seekport.com)"
135.181.137.59 - - [20/Oct/2025:17:32:14 -0400] "GET /this-robot-to-help-you-in-banking-transactions/ HTTP/1.1" 200 281365 "http://wahgazab.com/author/wah3/" "Mozilla/5.0 (compatible; SeekportBot; +https://bot.seekport.com)"
135.181.137.59 - - [20/Oct/2025:17:32:15 -0400] "GET /author/wah3/page/2/ HTTP/1.1" 200 180992 "http://wahgazab.com/author/wah3/" "Mozilla/5.0 (compatible; SeekportBot; +https://bot.seekport.com)"
135.181.137.59 - - [20/Oct/2025:17:32:17 -0400] "GET /author/wah3/page/3/ HTTP/1.1" 200 180161 "http://wahgazab.com/author/wah3/" "Mozilla/5.0 (compatible; SeekportBot; +https://bot.seekport.com)"
135.181.137.59 - - [20/Oct/2025:17:32:18 -0400] "GET /author/wah3/page/36/ HTTP/1.1" 200 167688 "http://wahgazab.com/author/wah3/" "Mozilla/5.0 (compatible; SeekportBot; +https://bot.seekport.com)"
135.181.137.59 - - [20/Oct/2025:17:32:19 -0400] "GET /tag/champions-trophy/ HTTP/1.1" 200 121898 "http://wahgazab.com/india-pakistan-all-set-to-fight-for-icc-champions-trophy-2017-this-fathers-day/" "Mozilla/5.0 (compatible; SeekportBot; +https://bot.seekport.com)"
135.181.137.59 - - [20/Oct/2025:17:32:20 -0400] "GET /tag/fathers-day/ HTTP/1.1" 200 121892 "http://wahgazab.com/india-pakistan-all-set-to-fight-for-icc-champions-trophy-2017-this-fathers-day/" "Mozilla/5.0 (compatible; SeekportBot; +https://bot.seekport.com)"
135.181.137.59 - - [20/Oct/2025:17:32:22 -0400] "GET /tag/icc-champions-trophy/ HTTP/1.1" 200 121930 "http://wahgazab.com/india-pakistan-all-set-to-fight-for-icc-champions-trophy-2017-this-fathers-day/" "Mozilla/5.0 (compatible; SeekportBot; +https://bot.seekport.com)"
135.181.137.59 - - [20/Oct/2025:17:32:24 -0400] "GET /tag/india-and-bangladesh/ HTTP/1.1" 200 121930 "http://wahgazab.com/india-pakistan-all-set-to-fight-for-icc-champions-trophy-2017-this-fathers-day/" "Mozilla/5.0 (compatible; SeekportBot; +https://bot.seekport.com)"
135.181.137.59 - - [20/Oct/2025:17:32:26 -0400] "GET /tag/india-pak/ HTTP/1.1" 200 128273 "http://wahgazab.com/india-pakistan-all-set-to-fight-for-icc-champions-trophy-2017-this-fathers-day/" "Mozilla/5.0 (compatible; SeekportBot; +https://bot.seekport.com)"
135.181.137.59 - - [20/Oct/2025:17:32:27 -0400] "GET /tag/india-pakistan/ HTTP/1.1" 200 135255 "http://wahgazab.com/india-pakistan-all-set-to-fight-for-icc-champions-trophy-2017-this-fathers-day/" "Mozilla/5.0 (compatible; SeekportBot; +https://bot.seekport.com)"
135.181.137.59 - - [20/Oct/2025:17:32:28 -0400] "GET /tag/shahid-afridi/ HTTP/1.1" 200 140517 "http://wahgazab.com/india-pakistan-all-set-to-fight-for-icc-champions-trophy-2017-this-fathers-day/" "Mozilla/5.0 (compatible; SeekportBot; +https://bot.seekport.com)"
135.181.137.59 - - [20/Oct/2025:17:32:30 -0400] "GET /tag/the-oval/ HTTP/1.1" 200 121834 "http://wahgazab.com/india-pakistan-all-set-to-fight-for-icc-champions-trophy-2017-this-fathers-day/" "Mozilla/5.0 (compatible; SeekportBot; +https://bot.seekport.com)"
135.181.137.59 - - [20/Oct/2025:17:32:31 -0400] "GET /tag/the-oval-london/ HTTP/1.1" 200 121890 "http://wahgazab.com/india-pakistan-all-set-to-fight-for-icc-champions-trophy-2017-this-fathers-day/" "Mozilla/5.0 (compatible; SeekportBot; +https://bot.seekport.com)"
135.181.137.59 - - [20/Oct/2025:17:32:34 -0400] "GET /tag/virender-sehwag/ HTTP/1.1" 200 135542 "http://wahgazab.com/india-pakistan-all-set-to-fight-for-icc-champions-trophy-2017-this-fathers-day/" "Mozilla/5.0 (compatible; SeekportBot; +https://bot.seekport.com)"
135.181.137.59 - - [20/Oct/2025:17:32:35 -0400] "GET /tag/%E0%A4%AD%E0%A4%BE%E0%A4%B0%E0%A4%A4-%E0%A4%AA%E0%A4%BE%E0%A4%95-%E0%A4%AB%E0%A4%BE%E0%A4%87%E0%A4%A8%E0%A4%B2/ HTTP/1.1" 200 122175 "http://wahgazab.com/india-pakistan-all-set-to-fight-for-icc-champions-trophy-2017-this-fathers-day/" "Mozilla/5.0 (compatible; SeekportBot; +https://bot.seekport.com)"
135.181.137.59 - - [20/Oct/2025:17:32:36 -0400] "GET /another-doppleganger-of-virat-kohli-spotted-in-pakistan/ HTTP/1.1" 200 281372 "http://wahgazab.com/india-pakistan-all-set-to-fight-for-icc-champions-trophy-2017-this-fathers-day/" "Mozilla/5.0 (compatible; SeekportBot; +https://bot.seekport.com)"
135.181.137.59 - - [20/Oct/2025:17:32:38 -0400] "GET /this-girl-sleeps-keeping-head-down-and-leg-in-the-hanging-position/ HTTP/1.1" 200 281304 "http://wahgazab.com/india-pakistan-all-set-to-fight-for-icc-champions-trophy-2017-this-fathers-day/" "Mozilla/5.0 (compatible; SeekportBot; +https://bot.seekport.com)"
135.181.137.59 - - [20/Oct/2025:17:32:39 -0400] "GET /tag/ajab-gajab/ HTTP/1.1" 200 183283 "http://wahgazab.com/these-new-faces-in-ipl-auctioned-for-2-crores/" "Mozilla/5.0 (compatible; SeekportBot; +https://bot.seekport.com)"
135.181.137.59 - - [20/Oct/2025:17:32:41 -0400] "GET /tag/auction-in-ipl-series/ HTTP/1.1" 200 121785 "http://wahgazab.com/these-new-faces-in-ipl-auctioned-for-2-crores/" "Mozilla/5.0 (compatible; SeekportBot; +https://bot.seekport.com)"
135.181.137.59 - - [20/Oct/2025:17:32:43 -0400] "GET /tag/mohammed-siraj-in-ipl/ HTTP/1.1" 200 121785 "http://wahgazab.com/these-new-faces-in-ipl-auctioned-for-2-crores/" "Mozilla/5.0 (compatible; SeekportBot; +https://bot.seekport.com)"
135.181.137.59 - - [20/Oct/2025:17:32:44 -0400] "GET /tag/news-ipl-series/ HTTP/1.1" 200 121737 "http://wahgazab.com/these-new-faces-in-ipl-auctioned-for-2-crores/" "Mozilla/5.0 (compatible; SeekportBot; +https://bot.seekport.com)"
135.181.137.59 - - [20/Oct/2025:17:32:46 -0400] "GET /tag/sport/ HTTP/1.1" 200 124803 "http://wahgazab.com/these-new-faces-in-ipl-auctioned-for-2-crores/" "Mozilla/5.0 (compatible; SeekportBot; +https://bot.seekport.com)"
135.181.137.59 - - [20/Oct/2025:17:32:48 -0400] "GET /tag/tamil-nadu-pacer-t-natarajan/ HTTP/1.1" 200 121841 "http://wahgazab.com/these-new-faces-in-ipl-auctioned-for-2-crores/" "Mozilla/5.0 (compatible; SeekportBot; +https://bot.seekport.com)"
135.181.137.59 - - [20/Oct/2025:17:32:49 -0400] "GET /here-is-the-exact-story-behind-the-death-rumor-of-veteran-actress-farida-jalal/ HTTP/1.1" 200 280628 "http://wahgazab.com/these-new-faces-in-ipl-auctioned-for-2-crores/" "Mozilla/5.0 (compatible; SeekportBot; +https://bot.seekport.com)"
135.181.137.59 - - [20/Oct/2025:17:32:50 -0400] "GET /atm-machines-in-india-dispense-fake-currency-notes/ HTTP/1.1" 200 280617 "http://wahgazab.com/these-new-faces-in-ipl-auctioned-for-2-crores/" "Mozilla/5.0 (compatible; SeekportBot; +https://bot.seekport.com)"
135.181.137.59 - - [20/Oct/2025:17:32:52 -0400] "GET /tag/instagram/ HTTP/1.1" 200 146249 "http://wahgazab.com/these-celebs-earn-billions-from-instagram-posts/" "Mozilla/5.0 (compatible; SeekportBot; +https://bot.seekport.com)"
135.181.137.59 - - [20/Oct/2025:17:32:53 -0400] "GET /tag/iranian-male-paralympic/ HTTP/1.1" 200 121655 "http://wahgazab.com/unbelievable-height-of-this-player-to-give-you-a-shock/" "Mozilla/5.0 (compatible; SeekportBot; +https://bot.seekport.com)"
135.181.137.59 - - [20/Oct/2025:17:32:55 -0400] "GET /tag/leicester-tigers/ HTTP/1.1" 200 121599 "http://wahgazab.com/unbelievable-height-of-this-player-to-give-you-a-shock/" "Mozilla/5.0 (compatible; SeekportBot; +https://bot.seekport.com)"
135.181.137.59 - - [20/Oct/2025:17:32:56 -0400] "GET /tag/morteza-mehrzad/ HTTP/1.1" 200 121591 "http://wahgazab.com/unbelievable-height-of-this-player-to-give-you-a-shock/" "Mozilla/5.0 (compatible; SeekportBot; +https://bot.seekport.com)"
135.181.137.59 - - [20/Oct/2025:17:32:58 -0400] "GET /tag/paralympic/ HTTP/1.1" 200 121551 "http://wahgazab.com/unbelievable-height-of-this-player-to-give-you-a-shock/" "Mozilla/5.0 (compatible; SeekportBot; +https://bot.seekport.com)"
135.181.137.59 - - [20/Oct/2025:17:32:59 -0400] "GET /tag/paralympic-volleyball-player/ HTTP/1.1" 200 121695 "http://wahgazab.com/unbelievable-height-of-this-player-to-give-you-a-shock/" "Mozilla/5.0 (compatible; SeekportBot; +https://bot.seekport.com)"
135.181.137.59 - - [20/Oct/2025:17:33:00 -0400] "GET /tag/volleyball/ HTTP/1.1" 200 121551 "http://wahgazab.com/unbelievable-height-of-this-player-to-give-you-a-shock/" "Mozilla/5.0 (compatible; SeekportBot; +https://bot.seekport.com)"
135.181.137.59 - - [20/Oct/2025:17:33:01 -0400] "GET /tag/volleyball-player/ HTTP/1.1" 200 121607 "http://wahgazab.com/unbelievable-height-of-this-player-to-give-you-a-shock/" "Mozilla/5.0 (compatible; SeekportBot; +https://bot.seekport.com)"
135.181.137.59 - - [20/Oct/2025:17:33:03 -0400] "GET /model-emily-bloom-walks-topless-through-new-york-for-gender-equality/ HTTP/1.1" 200 280684 "http://wahgazab.com/unbelievable-height-of-this-player-to-give-you-a-shock/" "Mozilla/5.0 (compatible; SeekportBot; +https://bot.seekport.com)"
135.181.137.59 - - [20/Oct/2025:17:33:04 -0400] "GET /man-having-60-wives-eats-in-his-country-and-resided-in-india/ HTTP/1.1" 200 279399 "http://wahgazab.com/unbelievable-height-of-this-player-to-give-you-a-shock/" "Mozilla/5.0 (compatible; SeekportBot; +https://bot.seekport.com)"
135.181.137.59 - - [20/Oct/2025:17:33:06 -0400] "GET /tag/%E0%A4%B9%E0%A4%BE%E0%A4%B0%E0%A5%8D%E0%A4%B0%E0%A4%B0-%E0%A4%AB%E0%A4%BF%E0%A4%B2%E0%A5%8D%E0%A4%AE/ HTTP/1.1" 200 121804 "http://wahgazab.com/horror-movies-that-took-lives-in-cinema-halls/" "Mozilla/5.0 (compatible; SeekportBot; +https://bot.seekport.com)"
135.181.137.59 - - [20/Oct/2025:17:33:07 -0400] "GET /tag/little-gymnasts/ HTTP/1.1" 200 121811 "http://wahgazab.com/these-little-gymnasts-performs-amazingly-in-this-video/" "Mozilla/5.0 (compatible; SeekportBot; +https://bot.seekport.com)"
135.181.137.59 - - [20/Oct/2025:17:33:09 -0400] "GET /tag/little-gymnasts-performs/ HTTP/1.1" 200 121883 "http://wahgazab.com/these-little-gymnasts-performs-amazingly-in-this-video/" "Mozilla/5.0 (compatible; SeekportBot; +https://bot.seekport.com)"
135.181.137.59 - - [20/Oct/2025:17:33:10 -0400] "GET /mystery-behind-the-eternal-flame-at-this-jwala-devi-temple/ HTTP/1.1" 200 288610 "http://wahgazab.com/these-little-gymnasts-performs-amazingly-in-this-video/" "Mozilla/5.0 (compatible; SeekportBot; +https://bot.seekport.com)"
135.181.137.59 - - [20/Oct/2025:17:33:11 -0400] "GET /this-couple-wears-the-same-dress-everyday-even-after-fifty-two-years-of-marriage/ HTTP/1.1" 200 281204 "http://wahgazab.com/these-little-gymnasts-performs-amazingly-in-this-video/" "Mozilla/5.0 (compatible; SeekportBot; +https://bot.seekport.com)"
135.181.137.59 - - [20/Oct/2025:17:33:13 -0400] "GET /tag/%E0%A4%95%E0%A4%82%E0%A4%97%E0%A4%A8%E0%A4%BE-%E0%A4%B0%E0%A4%A8%E0%A5%8C%E0%A4%A4/ HTTP/1.1" 200 124598 "http://wahgazab.com/journalist-boycotts-kangana-ranaut-for-any-media-coverage/" "Mozilla/5.0 (compatible; SeekportBot; +https://bot.seekport.com)"
135.181.137.59 - - [20/Oct/2025:17:33:15 -0400] "GET /tag/first-indian-female-wrestler/ HTTP/1.1" 200 122071 "http://wahgazab.com/sakshi-malik-takes-indian-glory-to-the-heights-wins-reward-of-crores/" "Mozilla/5.0 (compatible; SeekportBot; +https://bot.seekport.com)"
135.181.137.59 - - [20/Oct/2025:17:33:16 -0400] "GET /tag/indian-freestyle-wrestler/ HTTP/1.1" 200 124781 "http://wahgazab.com/sakshi-malik-takes-indian-glory-to-the-heights-wins-reward-of-crores/" "Mozilla/5.0 (compatible; SeekportBot; +https://bot.seekport.com)"
135.181.137.59 - - [20/Oct/2025:17:33:17 -0400] "GET /tag/olympic-2016/ HTTP/1.1" 200 125280 "http://wahgazab.com/sakshi-malik-takes-indian-glory-to-the-heights-wins-reward-of-crores/" "Mozilla/5.0 (compatible; SeekportBot; +https://bot.seekport.com)"
135.181.137.59 - - [20/Oct/2025:17:33:19 -0400] "GET /tag/olympic-winner/ HTTP/1.1" 200 121959 "http://wahgazab.com/sakshi-malik-takes-indian-glory-to-the-heights-wins-reward-of-crores/" "Mozilla/5.0 (compatible; SeekportBot; +https://bot.seekport.com)"
135.181.137.59 - - [20/Oct/2025:17:33:20 -0400] "GET /tag/olympics/ HTTP/1.1" 200 131472 "http://wahgazab.com/sakshi-malik-takes-indian-glory-to-the-heights-wins-reward-of-crores/" "Mozilla/5.0 (compatible; SeekportBot; +https://bot.seekport.com)"
135.181.137.59 - - [20/Oct/2025:17:33:21 -0400] "GET /tag/sakshi-malik/ HTTP/1.1" 200 121943 "http://wahgazab.com/sakshi-malik-takes-indian-glory-to-the-heights-wins-reward-of-crores/" "Mozilla/5.0 (compatible; SeekportBot; +https://bot.seekport.com)"
135.181.137.59 - - [20/Oct/2025:17:33:22 -0400] "GET /this-bulb-lights-up-without-electricity-know-how/ HTTP/1.1" 200 282006 "http://wahgazab.com/sakshi-malik-takes-indian-glory-to-the-heights-wins-reward-of-crores/" "Mozilla/5.0 (compatible; SeekportBot; +https://bot.seekport.com)"
216.244.66.247 - - [20/Oct/2025:17:33:23 -0400] "GET /get-to-know-more-about-real-life-hulk/feed/ HTTP/1.1" 200 922 "-" "Mozilla/5.0 (compatible; DotBot/1.2; +https://opensiteexplorer.org/dotbot; [email protected])"
135.181.137.59 - - [20/Oct/2025:17:33:24 -0400] "GET /first-female-barber-of-india/ HTTP/1.1" 200 282405 "http://wahgazab.com/sakshi-malik-takes-indian-glory-to-the-heights-wins-reward-of-crores/" "Mozilla/5.0 (compatible; SeekportBot; +https://bot.seekport.com)"
135.181.137.59 - - [20/Oct/2025:17:33:25 -0400] "GET /akashay-kumar-reveals-something-about-his-relationship-with-priyanka-chopra/ HTTP/1.1" 200 281404 "http://wahgazab.com/author/wah8/" "Mozilla/5.0 (compatible; SeekportBot; +https://bot.seekport.com)"
92.222.104.198 - - [20/Oct/2025:17:33:26 -0400] "GET /tag/makhana-benefits/ HTTP/1.1" 200 121461 "-" "Mozilla/5.0 (compatible; AhrefsBot/7.0; +http://ahrefs.com/robot/)"
135.181.137.59 - - [20/Oct/2025:17:33:27 -0400] "GET /when-sanjay-dutt-meets-rishi-kapoor-to-teach-him-a-lesson/ HTTP/1.1" 200 280287 "http://wahgazab.com/author/wah8/" "Mozilla/5.0 (compatible; SeekportBot; +https://bot.seekport.com)"
135.181.137.59 - - [20/Oct/2025:17:33:29 -0400] "GET /bollywood-actress-preity-zinta-alters-her-important-decision-with-her-husbands-advice/ HTTP/1.1" 200 281244 "http://wahgazab.com/author/wah8/" "Mozilla/5.0 (compatible; SeekportBot; +https://bot.seekport.com)"
135.181.137.59 - - [20/Oct/2025:17:33:30 -0400] "GET /how-to-say-no-to-your-partner-to-make-physical-relations/ HTTP/1.1" 200 281835 "http://wahgazab.com/author/wah8/" "Mozilla/5.0 (compatible; SeekportBot; +https://bot.seekport.com)"
135.181.137.59 - - [20/Oct/2025:17:33:32 -0400] "GET /sister-of-this-famous-bollywood-actress-to-sizzle-in-the-industry-soon/ HTTP/1.1" 200 279437 "http://wahgazab.com/author/wah8/" "Mozilla/5.0 (compatible; SeekportBot; +https://bot.seekport.com)"
135.181.137.59 - - [20/Oct/2025:17:33:34 -0400] "GET /how-to-teach-a-lesson-to-husband-after-coming-home-late/ HTTP/1.1" 200 280890 "http://wahgazab.com/author/wah8/" "Mozilla/5.0 (compatible; SeekportBot; +https://bot.seekport.com)"
216.244.66.247 - - [20/Oct/2025:17:33:35 -0400] "GET /tag/hyderabad-municipal-on-sunny-news/ HTTP/1.1" 200 122268 "-" "Mozilla/5.0 (compatible; DotBot/1.2; +https://opensiteexplorer.org/dotbot; [email protected])"
135.181.137.59 - - [20/Oct/2025:17:33:35 -0400] "GET /avoid-doing-such-things-on-your-birthday/ HTTP/1.1" 200 282388 "http://wahgazab.com/author/wah8/" "Mozilla/5.0 (compatible; SeekportBot; +https://bot.seekport.com)"
135.181.137.59 - - [20/Oct/2025:17:33:37 -0400] "GET /harsh-discovers-a-sophisticated-drone/ HTTP/1.1" 200 282593 "http://wahgazab.com/author/wah8/" "Mozilla/5.0 (compatible; SeekportBot; +https://bot.seekport.com)"
135.181.137.59 - - [20/Oct/2025:17:33:38 -0400] "GET /this-monster-getting-physical-with-this-high-school-girl/ HTTP/1.1" 200 280582 "http://wahgazab.com/author/wah8/" "Mozilla/5.0 (compatible; SeekportBot; +https://bot.seekport.com)"
135.181.137.59 - - [20/Oct/2025:17:33:40 -0400] "GET /food-served-on-the-ipads-instead-of-plates-in-this-restaurant-from-san-francisco/ HTTP/1.1" 200 280322 "http://wahgazab.com/author/wah8/" "Mozilla/5.0 (compatible; SeekportBot; +https://bot.seekport.com)"
57.141.0.42 - - [20/Oct/2025:17:33:40 -0400] "GET /use-these-methods-to-mitigate-the-effects-of-snake-poison/ HTTP/1.1" 200 281426 "-" "meta-externalagent/1.1 (+https://developers.facebook.com/docs/sharing/webmasters/crawler)"
135.181.137.59 - - [20/Oct/2025:17:33:41 -0400] "GET /sunny-leone-to-insure-this-body-part-soon/ HTTP/1.1" 200 279483 "http://wahgazab.com/author/wah8/" "Mozilla/5.0 (compatible; SeekportBot; +https://bot.seekport.com)"
135.181.137.59 - - [20/Oct/2025:17:33:43 -0400] "GET /heres-why-peopel-call-this-kid-a-monster/ HTTP/1.1" 200 280555 "http://wahgazab.com/author/wah8/" "Mozilla/5.0 (compatible; SeekportBot; +https://bot.seekport.com)"
135.181.137.59 - - [20/Oct/2025:17:33:45 -0400] "GET /a-female-ghost-comes-out-from-the-television-screen-in-this-prank/ HTTP/1.1" 200 281627 "http://wahgazab.com/author/wah8/" "Mozilla/5.0 (compatible; SeekportBot; +https://bot.seekport.com)"
135.181.137.59 - - [20/Oct/2025:17:33:46 -0400] "GET /humans-offered-instead-of-male-goats-here-at-this-temple/ HTTP/1.1" 200 282026 "http://wahgazab.com/author/wah8/" "Mozilla/5.0 (compatible; SeekportBot; +https://bot.seekport.com)"
216.244.66.247 - - [20/Oct/2025:17:33:47 -0400] "GET /tag/most-wanted-terrorist/ HTTP/1.1" 200 122530 "-" "Mozilla/5.0 (compatible; DotBot/1.2; +https://opensiteexplorer.org/dotbot; [email protected])"
135.181.137.59 - - [20/Oct/2025:17:33:48 -0400] "GET /wives-start-disliking-other-women-when-husbands-ignore-them/ HTTP/1.1" 200 281534 "http://wahgazab.com/author/wah8/" "Mozilla/5.0 (compatible; SeekportBot; +https://bot.seekport.com)"
135.181.137.59 - - [20/Oct/2025:17:33:49 -0400] "GET /animal-switched-to-frozen-state-visiting-this-place/ HTTP/1.1" 200 280386 "http://wahgazab.com/author/wah8/" "Mozilla/5.0 (compatible; SeekportBot; +https://bot.seekport.com)"
216.73.216.129 - - [20/Oct/2025:17:33:50 -0400] "GET /this-giraffe-comes-here-daily-to-drink-beer/giraffe1/feed HTTP/1.1" 301 - "-" "Mozilla/5.0 AppleWebKit/537.36 (KHTML, like Gecko; compatible; ClaudeBot/1.0; [email protected])"
216.73.216.129 - - [20/Oct/2025:17:33:50 -0400] "GET /how-a-working-woman-keeps-balance-between-personal-and-professional-life/working-women1 HTTP/1.1" 301 - "-" "Mozilla/5.0 AppleWebKit/537.36 (KHTML, like Gecko; compatible; ClaudeBot/1.0; [email protected])"
216.73.216.129 - - [20/Oct/2025:17:33:50 -0400] "GET /this-giraffe-comes-here-daily-to-drink-beer/giraffe1/feed/ HTTP/1.1" 200 826 "http://wahgazab.com/this-giraffe-comes-here-daily-to-drink-beer/giraffe1/feed" "Mozilla/5.0 AppleWebKit/537.36 (KHTML, like Gecko; compatible; ClaudeBot/1.0; [email protected])"
216.73.216.129 - - [20/Oct/2025:17:33:51 -0400] "GET /roaming-spirits-scream-in-this-fort-since-ages HTTP/1.1" 301 - "-" "Mozilla/5.0 AppleWebKit/537.36 (KHTML, like Gecko; compatible; ClaudeBot/1.0; [email protected])"
216.73.216.129 - - [20/Oct/2025:17:33:51 -0400] "GET /how-a-working-woman-keeps-balance-between-personal-and-professional-life/working-women1/ HTTP/1.1" 200 122390 "http://wahgazab.com/how-a-working-woman-keeps-balance-between-personal-and-professional-life/working-women1" "Mozilla/5.0 AppleWebKit/537.36 (KHTML, like Gecko; compatible; ClaudeBot/1.0; [email protected])"
135.181.137.59 - - [20/Oct/2025:17:33:51 -0400] "GET /henry-jeppesen-at-the-age-of-17-years-travels-193-countries-in-the-world/ HTTP/1.1" 200 280735 "http://wahgazab.com/author/wah8/" "Mozilla/5.0 (compatible; SeekportBot; +https://bot.seekport.com)"
216.73.216.129 - - [20/Oct/2025:17:33:52 -0400] "GET /roaming-spirits-scream-in-this-fort-since-ages/ HTTP/1.1" 200 284799 "http://wahgazab.com/roaming-spirits-scream-in-this-fort-since-ages" "Mozilla/5.0 AppleWebKit/537.36 (KHTML, like Gecko; compatible; ClaudeBot/1.0; [email protected])"
