57.141.0.65 - - [20/Oct/2025:18:01:14 -0400] "GET /this-iron-man-grows-his-mechanic-hands-in-place-of-defected-one/ HTTP/1.1" 200 282865 "-" "meta-externalagent/1.1 (+https://developers.facebook.com/docs/sharing/webmasters/crawler)"
135.181.137.59 - - [20/Oct/2025:18:01:15 -0400] "GET /best-wishes-for-bollywoods-top-actress-aishwarya-rai-bachchan-birthday/ HTTP/1.1" 200 278696 "http://wahgazab.com/author/viraj/page/3/" "Mozilla/5.0 (compatible; SeekportBot; +https://bot.seekport.com)"
135.181.137.59 - - [20/Oct/2025:18:01:17 -0400] "GET /rohit-sharma-will-marry-on-december-13/ HTTP/1.1" 200 277449 "http://wahgazab.com/author/viraj/page/3/" "Mozilla/5.0 (compatible; SeekportBot; +https://bot.seekport.com)"
135.181.137.59 - - [20/Oct/2025:18:01:19 -0400] "GET /khatron-ke-khiladi-will-be-hosted-by-hot-arjun-kapoor-now/ HTTP/1.1" 200 278288 "http://wahgazab.com/author/viraj/page/3/" "Mozilla/5.0 (compatible; SeekportBot; +https://bot.seekport.com)"
135.181.137.59 - - [20/Oct/2025:18:01:21 -0400] "GET /for-muslim-women-demand-changes-in-muslim-personal-law/ HTTP/1.1" 200 281041 "http://wahgazab.com/author/viraj/page/3/" "Mozilla/5.0 (compatible; SeekportBot; +https://bot.seekport.com)"
57.141.0.22 - - [20/Oct/2025:18:01:21 -0400] "GET /know-about-worlds-most-dangerous-snakes/ HTTP/1.1" 200 287016 "-" "meta-externalagent/1.1 (+https://developers.facebook.com/docs/sharing/webmasters/crawler)"
135.181.137.59 - - [20/Oct/2025:18:01:24 -0400] "GET /causes-and-cure-for-breast-cancer/ HTTP/1.1" 200 277236 "http://wahgazab.com/author/viraj/page/3/" "Mozilla/5.0 (compatible; SeekportBot; +https://bot.seekport.com)"
135.181.137.59 - - [20/Oct/2025:18:01:26 -0400] "GET /50-data-will-be-free-now-for-your-internet-usage/ HTTP/1.1" 200 277814 "http://wahgazab.com/author/viraj/page/3/" "Mozilla/5.0 (compatible; SeekportBot; +https://bot.seekport.com)"
135.181.137.59 - - [20/Oct/2025:18:01:27 -0400] "GET /nadal-will-now-play-as-partner-paes/ HTTP/1.1" 200 276736 "http://wahgazab.com/author/viraj/page/3/" "Mozilla/5.0 (compatible; SeekportBot; +https://bot.seekport.com)"
54.90.8.255 - - [20/Oct/2025:18:01:27 -0400] "GET /tag/isha-ambani-diamond-dress/ HTTP/1.1" 200 121894 "-" "Mozilla/5.0 AppleWebKit/537.36 (KHTML, like Gecko; compatible; Amazonbot/0.1; +https://developer.amazon.com/support/amazonbot) Chrome/119.0.6045.214 Safari/537.36"
135.181.137.59 - - [20/Oct/2025:18:01:29 -0400] "GET /india-among-the-richest-top-10-countries-in-world/ HTTP/1.1" 200 279775 "http://wahgazab.com/author/viraj/page/3/" "Mozilla/5.0 (compatible; SeekportBot; +https://bot.seekport.com)"
135.181.137.59 - - [20/Oct/2025:18:01:31 -0400] "GET /priyanka-chopra-american-show-quantico-in-trouble/ HTTP/1.1" 200 278369 "http://wahgazab.com/author/viraj/page/3/" "Mozilla/5.0 (compatible; SeekportBot; +https://bot.seekport.com)"
216.73.216.129 - - [20/Oct/2025:18:01:33 -0400] "GET /know-why-this-7-year-old-kid-became-mumbai-police-inspector HTTP/1.1" 301 - "-" "Mozilla/5.0 AppleWebKit/537.36 (KHTML, like Gecko; compatible; ClaudeBot/1.0; [email protected])"
135.181.137.59 - - [20/Oct/2025:18:01:33 -0400] "GET /vaishno-devi-devotees-will-not-face-difficulties-now-on/ HTTP/1.1" 200 280271 "http://wahgazab.com/author/viraj/page/3/" "Mozilla/5.0 (compatible; SeekportBot; +https://bot.seekport.com)"
216.73.216.129 - - [20/Oct/2025:18:01:34 -0400] "GET /know-why-this-7-year-old-kid-became-mumbai-police-inspector/ HTTP/1.1" 200 283634 "http://wahgazab.com/know-why-this-7-year-old-kid-became-mumbai-police-inspector" "Mozilla/5.0 AppleWebKit/537.36 (KHTML, like Gecko; compatible; ClaudeBot/1.0; [email protected])"
135.181.137.59 - - [20/Oct/2025:18:01:35 -0400] "GET /katrina-clears-the-air-on-pairing-of-ranbir-and-deepika-in-the-cast/ HTTP/1.1" 200 279760 "http://wahgazab.com/author/viraj/page/3/" "Mozilla/5.0 (compatible; SeekportBot; +https://bot.seekport.com)"
135.181.137.59 - - [20/Oct/2025:18:01:36 -0400] "GET /china-takes-immediate-steps-of-dissolving-having-only-one-child-law-realizing-the-fact-that-the-country-belongs-to-old-there-due-to-this-law/ HTTP/1.1" 200 283124 "http://wahgazab.com/author/viraj/page/3/" "Mozilla/5.0 (compatible; SeekportBot; +https://bot.seekport.com)"
135.181.137.59 - - [20/Oct/2025:18:01:37 -0400] "GET /author/viraj/page/4/ HTTP/1.1" 200 176078 "http://wahgazab.com/author/viraj/page/3/" "Mozilla/5.0 (compatible; SeekportBot; +https://bot.seekport.com)"
135.181.137.59 - - [20/Oct/2025:18:01:39 -0400] "GET /tag/government-scheme/ HTTP/1.1" 200 125240 "http://wahgazab.com/according-to-a-government-scheme-people-who-dont-have-a-house-will-get-land-worth-75-lakhs/" "Mozilla/5.0 (compatible; SeekportBot; +https://bot.seekport.com)"
135.181.137.59 - - [20/Oct/2025:18:01:40 -0400] "GET /tag/house/ HTTP/1.1" 200 143605 "http://wahgazab.com/according-to-a-government-scheme-people-who-dont-have-a-house-will-get-land-worth-75-lakhs/" "Mozilla/5.0 (compatible; SeekportBot; +https://bot.seekport.com)"
135.181.137.59 - - [20/Oct/2025:18:01:42 -0400] "GET /tag/land-worth-75-lakh/ HTTP/1.1" 200 122188 "http://wahgazab.com/according-to-a-government-scheme-people-who-dont-have-a-house-will-get-land-worth-75-lakhs/" "Mozilla/5.0 (compatible; SeekportBot; +https://bot.seekport.com)"
135.181.137.59 - - [20/Oct/2025:18:01:44 -0400] "GET /tag/%E0%A4%AF%E0%A5%8B%E0%A4%9C%E0%A4%A8%E0%A4%BE/ HTTP/1.1" 200 122204 "http://wahgazab.com/according-to-a-government-scheme-people-who-dont-have-a-house-will-get-land-worth-75-lakhs/" "Mozilla/5.0 (compatible; SeekportBot; +https://bot.seekport.com)"
135.181.137.59 - - [20/Oct/2025:18:01:46 -0400] "GET /author/viraj/page/18/ HTTP/1.1" 200 173905 "http://wahgazab.com/author/viraj/page/19/" "Mozilla/5.0 (compatible; SeekportBot; +https://bot.seekport.com)"
94.23.188.210 - - [20/Oct/2025:18:01:47 -0400] "GET /tag/government-upper-primary-school/ HTTP/1.1" 200 121897 "-" "Mozilla/5.0 (compatible; AhrefsBot/7.0; +http://ahrefs.com/robot/)"
135.181.137.59 - - [20/Oct/2025:18:01:48 -0400] "GET /author/viraj/page/17/ HTTP/1.1" 200 172738 "http://wahgazab.com/author/viraj/page/19/" "Mozilla/5.0 (compatible; SeekportBot; +https://bot.seekport.com)"
135.181.137.59 - - [20/Oct/2025:18:01:50 -0400] "GET /tag/selling-milk-is-a-sin/ HTTP/1.1" 200 121708 "http://wahgazab.com/this-village-of-india-does-not-have-any-tea-shop-and-consider-selling-milk-as-a-sin/" "Mozilla/5.0 (compatible; SeekportBot; +https://bot.seekport.com)"
135.181.137.59 - - [20/Oct/2025:18:01:52 -0400] "GET /tag/tea-shop/ HTTP/1.1" 200 121604 "http://wahgazab.com/this-village-of-india-does-not-have-any-tea-shop-and-consider-selling-milk-as-a-sin/" "Mozilla/5.0 (compatible; SeekportBot; +https://bot.seekport.com)"
135.181.137.59 - - [20/Oct/2025:18:01:54 -0400] "GET /tag/village-of-india/ HTTP/1.1" 200 121668 "http://wahgazab.com/this-village-of-india-does-not-have-any-tea-shop-and-consider-selling-milk-as-a-sin/" "Mozilla/5.0 (compatible; SeekportBot; +https://bot.seekport.com)"
52.23.112.144 - - [20/Oct/2025:18:01:55 -0400] "GET /tag/angry-bull/ HTTP/1.1" 200 121864 "-" "Mozilla/5.0 AppleWebKit/537.36 (KHTML, like Gecko; compatible; Amazonbot/0.1; +https://developer.amazon.com/support/amazonbot) Chrome/119.0.6045.214 Safari/537.36"
135.181.137.59 - - [20/Oct/2025:18:01:56 -0400] "GET /tag/%E0%A4%9A%E0%A4%BE%E0%A4%AF/ HTTP/1.1" 200 130226 "http://wahgazab.com/this-village-of-india-does-not-have-any-tea-shop-and-consider-selling-milk-as-a-sin/" "Mozilla/5.0 (compatible; SeekportBot; +https://bot.seekport.com)"
135.181.137.59 - - [20/Oct/2025:18:01:57 -0400] "GET /know-about-this-golden-train-of-india/ HTTP/1.1" 200 286685 "http://wahgazab.com/author/wah6/page/2/" "Mozilla/5.0 (compatible; SeekportBot; +https://bot.seekport.com)"
135.181.137.59 - - [20/Oct/2025:18:01:59 -0400] "GET /know-what-it-means-to-see-the-snakes-in-dreams-in-the-month-of-sawan/ HTTP/1.1" 200 287380 "http://wahgazab.com/author/wah6/page/2/" "Mozilla/5.0 (compatible; SeekportBot; +https://bot.seekport.com)"
17.246.15.232 - - [20/Oct/2025:18:02:00 -0400] "GET /tag/kofta-recipes-in-hindi/ HTTP/1.1" 200 121257 "-" "Mozilla/5.0 (Macintosh; Intel Mac OS X 10_15_7) AppleWebKit/605.1.15 (KHTML, like Gecko) Version/17.4 Safari/605.1.15 (Applebot/0.1; +http://www.apple.com/go/applebot)"
57.141.0.40 - - [20/Oct/2025:18:01:59 -0400] "GET /chewing-tobacco-banned-for-1-year-in-delhi-from-now-on/ HTTP/1.1" 200 284084 "-" "meta-externalagent/1.1 (+https://developers.facebook.com/docs/sharing/webmasters/crawler)"
135.181.137.59 - - [20/Oct/2025:18:02:01 -0400] "GET /pig-gave-birth-to-a-human-child/ HTTP/1.1" 200 283073 "http://wahgazab.com/author/wah6/page/2/" "Mozilla/5.0 (compatible; SeekportBot; +https://bot.seekport.com)"
135.181.137.59 - - [20/Oct/2025:18:02:04 -0400] "GET /avail-free-train-journeys-offered-by-india-railways/ HTTP/1.1" 200 287663 "http://wahgazab.com/author/wah6/page/2/" "Mozilla/5.0 (compatible; SeekportBot; +https://bot.seekport.com)"
135.181.137.59 - - [20/Oct/2025:18:02:06 -0400] "GET /once-a-history-sheeter-gold-baba-wore-17-kgs-of-gold-in-haridwar-kanwar-mela/ HTTP/1.1" 200 285493 "http://wahgazab.com/author/wah6/page/2/" "Mozilla/5.0 (compatible; SeekportBot; +https://bot.seekport.com)"
18.208.11.93 - - [20/Oct/2025:18:02:06 -0400] "GET /tag/james-robinson-actor-outlander/ HTTP/1.1" 200 122090 "-" "Mozilla/5.0 AppleWebKit/537.36 (KHTML, like Gecko; compatible; Amazonbot/0.1; +https://developer.amazon.com/support/amazonbot) Chrome/119.0.6045.214 Safari/537.36"
52.0.105.244 - - [20/Oct/2025:18:02:06 -0400] "GET /tag/112-feet-adiyogi-images/ HTTP/1.1" 200 122202 "-" "Mozilla/5.0 AppleWebKit/537.36 (KHTML, like Gecko; compatible; Amazonbot/0.1; +https://developer.amazon.com/support/amazonbot) Chrome/119.0.6045.214 Safari/537.36"
135.181.137.59 - - [20/Oct/2025:18:02:08 -0400] "GET /see-how-trees-are-worshiped-here-by-offering-milk/ HTTP/1.1" 200 284157 "http://wahgazab.com/author/wah6/page/2/" "Mozilla/5.0 (compatible; SeekportBot; +https://bot.seekport.com)"
135.181.137.59 - - [20/Oct/2025:18:02:10 -0400] "GET /vaastu-tips-to-maintain-pleasure-and-prosperity-in-life/ HTTP/1.1" 200 283586 "http://wahgazab.com/author/wah6/page/2/" "Mozilla/5.0 (compatible; SeekportBot; +https://bot.seekport.com)"
135.181.137.59 - - [20/Oct/2025:18:02:12 -0400] "GET /know-the-importance-of-offering-jal-on-shiva-in-the-month-of-sawan/ HTTP/1.1" 200 288014 "http://wahgazab.com/author/wah6/page/2/" "Mozilla/5.0 (compatible; SeekportBot; +https://bot.seekport.com)"
135.181.137.59 - - [20/Oct/2025:18:02:14 -0400] "GET /see-the-divine-shivaling-that-itself-changes-its-shape/ HTTP/1.1" 200 284817 "http://wahgazab.com/author/wah6/page/2/" "Mozilla/5.0 (compatible; SeekportBot; +https://bot.seekport.com)"
135.181.137.59 - - [20/Oct/2025:18:02:16 -0400] "GET /thousands-of-people-rushing-to-see-the-treasure-appearing-from-the-ground/ HTTP/1.1" 200 284203 "http://wahgazab.com/author/wah6/page/2/" "Mozilla/5.0 (compatible; SeekportBot; +https://bot.seekport.com)"
135.181.137.59 - - [20/Oct/2025:18:02:18 -0400] "GET /know-the-significance-of-kanwad-yatra-during-sawan/ HTTP/1.1" 200 285493 "http://wahgazab.com/author/wah6/page/2/" "Mozilla/5.0 (compatible; SeekportBot; +https://bot.seekport.com)"
52.200.58.199 - - [20/Oct/2025:18:02:19 -0400] "GET /tag/eaten-alive-season-1-episode-6/ HTTP/1.1" 200 122033 "-" "Mozilla/5.0 AppleWebKit/537.36 (KHTML, like Gecko; compatible; Amazonbot/0.1; +https://developer.amazon.com/support/amazonbot) Chrome/119.0.6045.214 Safari/537.36"
135.181.137.59 - - [20/Oct/2025:18:02:20 -0400] "GET /category/uncategorized/ HTTP/1.1" 200 203385 "http://wahgazab.com/author/wah6/page/2/" "Mozilla/5.0 (compatible; SeekportBot; +https://bot.seekport.com)"
135.181.137.59 - - [20/Oct/2025:18:02:22 -0400] "GET /know-the-stories-and-beliefs-related-to-kanwar-yatra-in-saawan/ HTTP/1.1" 200 289369 "http://wahgazab.com/author/wah6/page/2/" "Mozilla/5.0 (compatible; SeekportBot; +https://bot.seekport.com)"
52.2.4.213 - - [20/Oct/2025:18:02:23 -0400] "GET /tag/worlds-first-ai-politician/ HTTP/1.1" 200 122115 "-" "Mozilla/5.0 AppleWebKit/537.36 (KHTML, like Gecko; compatible; Amazonbot/0.1; +https://developer.amazon.com/support/amazonbot) Chrome/119.0.6045.214 Safari/537.36"
135.181.137.59 - - [20/Oct/2025:18:02:23 -0400] "GET /in-this-way-please-lord-shiva-during-this-sawana-month/ HTTP/1.1" 200 286915 "http://wahgazab.com/author/wah6/page/3/" "Mozilla/5.0 (compatible; SeekportBot; +https://bot.seekport.com)"
135.181.137.59 - - [20/Oct/2025:18:02:25 -0400] "GET /scientists-confirm-the-existence-of-aliens-on-the-moon/ HTTP/1.1" 200 286156 "http://wahgazab.com/author/wah6/page/3/" "Mozilla/5.0 (compatible; SeekportBot; +https://bot.seekport.com)"
135.181.137.59 - - [20/Oct/2025:18:02:27 -0400] "GET /do-this-during-lunar-eclipse-to-end-up-all-life-problems/ HTTP/1.1" 200 286180 "http://wahgazab.com/author/wah6/page/3/" "Mozilla/5.0 (compatible; SeekportBot; +https://bot.seekport.com)"
135.181.137.59 - - [20/Oct/2025:18:02:28 -0400] "GET /the-first-lake-of-water-found-on-the-planet-mars/ HTTP/1.1" 200 283141 "http://wahgazab.com/author/wah6/page/3/" "Mozilla/5.0 (compatible; SeekportBot; +https://bot.seekport.com)"
135.181.137.59 - - [20/Oct/2025:18:02:29 -0400] "GET /learn-about-the-big-changes-made-by-the-railways/ HTTP/1.1" 200 296476 "http://wahgazab.com/author/wah6/page/3/" "Mozilla/5.0 (compatible; SeekportBot; +https://bot.seekport.com)"
135.181.137.59 - - [20/Oct/2025:18:02:31 -0400] "GET /dog-saved-the-life-of-owner-by-fighting-with-three-lions/ HTTP/1.1" 200 281929 "http://wahgazab.com/author/wah6/page/3/" "Mozilla/5.0 (compatible; SeekportBot; +https://bot.seekport.com)"
54.159.98.248 - - [20/Oct/2025:18:02:32 -0400] "GET /tag/shark-attacked-a-girl-when-she-accidentally-drowned-in-the-water/ HTTP/1.1" 200 122043 "-" "Mozilla/5.0 AppleWebKit/537.36 (KHTML, like Gecko; compatible; Amazonbot/0.1; +https://developer.amazon.com/support/amazonbot) Chrome/119.0.6045.214 Safari/537.36"
135.181.137.59 - - [20/Oct/2025:18:02:33 -0400] "GET /know-how-a-woman-died-because-of-online-shopping/ HTTP/1.1" 200 285309 "http://wahgazab.com/author/wah6/page/3/" "Mozilla/5.0 (compatible; SeekportBot; +https://bot.seekport.com)"
135.181.137.59 - - [20/Oct/2025:18:02:35 -0400] "GET /know-why-are-women-forbidden-to-visit-the-crematorium/ HTTP/1.1" 200 285171 "http://wahgazab.com/author/wah6/page/3/" "Mozilla/5.0 (compatible; SeekportBot; +https://bot.seekport.com)"
135.181.137.59 - - [20/Oct/2025:18:02:37 -0400] "GET /know-about-this-old-prison-of-the-country-which-has-only-one-prisoner/ HTTP/1.1" 200 285201 "http://wahgazab.com/author/wah6/page/3/" "Mozilla/5.0 (compatible; SeekportBot; +https://bot.seekport.com)"
57.141.0.73 - - [20/Oct/2025:18:02:37 -0400] "GET /people-to-be-penalised-and-get-3-months-imprisonment-if-caught-eating-during-ramzan/ HTTP/1.1" 200 284165 "-" "meta-externalagent/1.1 (+https://developers.facebook.com/docs/sharing/webmasters/crawler)"
44.221.227.90 - - [20/Oct/2025:18:02:38 -0400] "GET /tag/girl-eyes-light-remains-mysterious-news/ HTTP/1.1" 200 122080 "-" "Mozilla/5.0 AppleWebKit/537.36 (KHTML, like Gecko; compatible; Amazonbot/0.1; +https://developer.amazon.com/support/amazonbot) Chrome/119.0.6045.214 Safari/537.36"
135.181.137.59 - - [20/Oct/2025:18:02:39 -0400] "GET /here-you-will-get-the-cashews-at-the-price-of-potatoes/ HTTP/1.1" 200 283714 "http://wahgazab.com/author/wah6/page/3/" "Mozilla/5.0 (compatible; SeekportBot; +https://bot.seekport.com)"
135.181.137.59 - - [20/Oct/2025:18:02:42 -0400] "GET /know-what-executioner-says-to-culprit-before-hanging-them/ HTTP/1.1" 200 286477 "http://wahgazab.com/author/wah6/page/3/" "Mozilla/5.0 (compatible; SeekportBot; +https://bot.seekport.com)"
135.181.137.59 - - [20/Oct/2025:18:02:44 -0400] "GET /know-why-this-potato-was-sold-for-7-crore-rupees/ HTTP/1.1" 200 282447 "http://wahgazab.com/author/wah6/page/3/" "Mozilla/5.0 (compatible; SeekportBot; +https://bot.seekport.com)"
135.181.137.59 - - [20/Oct/2025:18:02:46 -0400] "GET /author/wah6/page/4/ HTTP/1.1" 200 183637 "http://wahgazab.com/author/wah6/page/3/" "Mozilla/5.0 (compatible; SeekportBot; +https://bot.seekport.com)"
135.181.137.59 - - [20/Oct/2025:18:02:48 -0400] "GET /5-stars-who-barely-completed-school/ HTTP/1.1" 200 283559 "http://wahgazab.com/author/wah6/page/222/" "Mozilla/5.0 (compatible; SeekportBot; +https://bot.seekport.com)"
135.181.137.59 - - [20/Oct/2025:18:02:50 -0400] "GET /this-mosque-pays-tribute-to-a-hindu-fighter/ HTTP/1.1" 200 281351 "http://wahgazab.com/author/wah6/page/222/" "Mozilla/5.0 (compatible; SeekportBot; +https://bot.seekport.com)"
135.181.137.59 - - [20/Oct/2025:18:02:52 -0400] "GET /have-you-ever-tasted-paan-that-sets-you-on-fire/ HTTP/1.1" 200 280779 "http://wahgazab.com/author/wah6/page/222/" "Mozilla/5.0 (compatible; SeekportBot; +https://bot.seekport.com)"
135.181.137.59 - - [20/Oct/2025:18:02:54 -0400] "GET /hot-selling-modi-bomb-nitesh-rocket/ HTTP/1.1" 200 280607 "http://wahgazab.com/author/wah6/page/222/" "Mozilla/5.0 (compatible; SeekportBot; +https://bot.seekport.com)"
135.181.137.59 - - [20/Oct/2025:18:02:56 -0400] "GET /a-woman-gave-birth-to-85-kids-in-six-months/ HTTP/1.1" 200 280170 "http://wahgazab.com/author/wah6/page/222/" "Mozilla/5.0 (compatible; SeekportBot; +https://bot.seekport.com)"
135.181.137.59 - - [20/Oct/2025:18:02:58 -0400] "GET /hc-gujarat-hole-book-quran-used-against-some-suffering-wives/ HTTP/1.1" 200 278910 "http://wahgazab.com/author/wah6/page/222/" "Mozilla/5.0 (compatible; SeekportBot; +https://bot.seekport.com)"
135.181.137.59 - - [20/Oct/2025:18:03:00 -0400] "GET /pk-with-a-guitar/ HTTP/1.1" 200 279027 "http://wahgazab.com/author/wah6/page/222/" "Mozilla/5.0 (compatible; SeekportBot; +https://bot.seekport.com)"
135.181.137.59 - - [20/Oct/2025:18:03:01 -0400] "GET /why-woman-undergo-circumcision/ HTTP/1.1" 200 285699 "http://wahgazab.com/author/wah6/page/222/" "Mozilla/5.0 (compatible; SeekportBot; +https://bot.seekport.com)"
135.181.137.59 - - [20/Oct/2025:18:03:03 -0400] "GET /sonia-gandhi-gets-bowl-in-gift/ HTTP/1.1" 200 283759 "http://wahgazab.com/author/wah6/page/222/" "Mozilla/5.0 (compatible; SeekportBot; +https://bot.seekport.com)"
135.181.137.59 - - [20/Oct/2025:18:03:05 -0400] "GET /thirsty-ghost/ HTTP/1.1" 200 283852 "http://wahgazab.com/author/wah6/page/222/" "Mozilla/5.0 (compatible; SeekportBot; +https://bot.seekport.com)"
135.181.137.59 - - [20/Oct/2025:18:03:06 -0400] "GET /pm-modi-in-the-list-of-top-10-influential-and-powerful-people/ HTTP/1.1" 200 281765 "http://wahgazab.com/author/wah6/page/222/" "Mozilla/5.0 (compatible; SeekportBot; +https://bot.seekport.com)"
135.181.137.59 - - [20/Oct/2025:18:03:08 -0400] "GET /necessary-changes-in-the-muslim-personal-law-boardsupreme-court/ HTTP/1.1" 200 280310 "http://wahgazab.com/author/wah6/page/222/" "Mozilla/5.0 (compatible; SeekportBot; +https://bot.seekport.com)"
135.181.137.59 - - [20/Oct/2025:18:03:10 -0400] "GET /shahrukh-khan-is-invited-to-cometo-pakistan/ HTTP/1.1" 200 280742 "http://wahgazab.com/author/wah6/page/222/" "Mozilla/5.0 (compatible; SeekportBot; +https://bot.seekport.com)"
135.181.137.59 - - [20/Oct/2025:18:03:12 -0400] "GET /the-will-to-do-manufacture-an-aircraft-keeping-at-day-the-bodily-disabilities/ HTTP/1.1" 200 282458 "http://wahgazab.com/author/wah6/page/222/" "Mozilla/5.0 (compatible; SeekportBot; +https://bot.seekport.com)"
135.181.137.59 - - [20/Oct/2025:18:03:14 -0400] "GET /is-this-what-we-call-rams-ayodhya/ HTTP/1.1" 200 287388 "http://wahgazab.com/author/wah6/page/222/" "Mozilla/5.0 (compatible; SeekportBot; +https://bot.seekport.com)"
135.181.137.59 - - [20/Oct/2025:18:03:16 -0400] "GET /author/wah6/page/221/ HTTP/1.1" 200 176191 "http://wahgazab.com/author/wah6/page/222/" "Mozilla/5.0 (compatible; SeekportBot; +https://bot.seekport.com)"
135.181.137.59 - - [20/Oct/2025:18:03:18 -0400] "GET /author/wah6/page/220/ HTTP/1.1" 200 177131 "http://wahgazab.com/author/wah6/page/222/" "Mozilla/5.0 (compatible; SeekportBot; +https://bot.seekport.com)"
135.181.137.59 - - [20/Oct/2025:18:03:20 -0400] "GET /tag/%E0%A4%9C%E0%A4%BE%E0%A4%B5%E0%A5%87%E0%A4%A6-%E0%A4%AE%E0%A4%BF%E0%A4%AF%E0%A4%BE%E0%A4%82%E0%A4%A6%E0%A4%BE%E0%A4%A6/ HTTP/1.1" 200 122194 "http://wahgazab.com/javed-miandad-warns-india-to-attack-with-nuclear-weapons/" "Mozilla/5.0 (compatible; SeekportBot; +https://bot.seekport.com)"
66.249.93.171 - - [20/Oct/2025:18:03:21 -0400] "HEAD /feed/ HTTP/1.1" 200 - "-" "FeedBurner/1.0 (http://www.FeedBurner.com)"
135.181.137.59 - - [20/Oct/2025:18:03:21 -0400] "GET /tag/zomato/ HTTP/1.1" 200 121822 "http://wahgazab.com/zomato-delivery-boy-singing-a-melodious-song-goes-viral/" "Mozilla/5.0 (compatible; SeekportBot; +https://bot.seekport.com)"
135.181.137.59 - - [20/Oct/2025:18:03:23 -0400] "GET /tag/%E0%A4%9C%E0%A5%87%E0%A4%B8%E0%A5%80%E0%A4%AC%E0%A5%80/ HTTP/1.1" 200 121562 "http://wahgazab.com/here-is-why-jcb-machine-comes-in-yellow/" "Mozilla/5.0 (compatible; SeekportBot; +https://bot.seekport.com)"
135.181.137.59 - - [20/Oct/2025:18:03:25 -0400] "GET /tag/%E0%A4%AD%E0%A4%BE%E0%A4%B0%E0%A4%A4/ HTTP/1.1" 200 144482 "http://wahgazab.com/incredible-architectural-masterpieces-in-india-famous-all-around-the-world/" "Mozilla/5.0 (compatible; SeekportBot; +https://bot.seekport.com)"
135.181.137.59 - - [20/Oct/2025:18:03:28 -0400] "GET /tag/%E0%A4%AB%E0%A4%BC%E0%A5%8B%E0%A4%9F%E0%A5%8B%E0%A4%97%E0%A5%8D%E0%A4%B0%E0%A4%BE%E0%A4%AB%E0%A4%BC%E0%A4%B0/ HTTP/1.1" 200 121758 "http://wahgazab.com/vicky-roy-being-a-ragpicker-to-celebrity-photographer/" "Mozilla/5.0 (compatible; SeekportBot; +https://bot.seekport.com)"
51.68.247.195 - - [20/Oct/2025:18:03:28 -0400] "GET /tag/indian-school/ HTTP/1.1" 200 121753 "-" "Mozilla/5.0 (compatible; AhrefsBot/7.0; +http://ahrefs.com/robot/)"
135.181.137.59 - - [20/Oct/2025:18:03:29 -0400] "GET /tag/%E0%A4%9F%E0%A5%8D%E0%A4%B0%E0%A5%87%E0%A4%A8/ HTTP/1.1" 200 146437 "http://wahgazab.com/here-is-why-trains-do-not-stop-if-a-human-or-animal-comes-across/" "Mozilla/5.0 (compatible; SeekportBot; +https://bot.seekport.com)"
17.246.15.74 - - [20/Oct/2025:18:03:30 -0400] "GET /author/wah6/page/10/ HTTP/1.1" 200 182150 "-" "Mozilla/5.0 (Macintosh; Intel Mac OS X 10_15_7) AppleWebKit/605.1.15 (KHTML, like Gecko) Version/17.4 Safari/605.1.15 (Applebot/0.1; +http://www.apple.com/go/applebot)"
135.181.137.59 - - [20/Oct/2025:18:03:31 -0400] "GET /tag/%E0%A4%AA%E0%A5%80%E0%A4%8F%E0%A4%AE-%E0%A4%AE%E0%A5%8B%E0%A4%A6%E0%A5%80/ HTTP/1.1" 200 162708 "http://wahgazab.com/here-is-how-pm-modi-spends-his-salary/" "Mozilla/5.0 (compatible; SeekportBot; +https://bot.seekport.com)"
135.181.137.59 - - [20/Oct/2025:18:03:32 -0400] "GET /tag/%E0%A4%AD%E0%A4%97%E0%A4%B5%E0%A4%BE%E0%A4%A8-%E0%A4%B0%E0%A4%BE%E0%A4%AE/ HTTP/1.1" 200 124647 "http://wahgazab.com/princess-diya-kumari-claims-her-family-is-descended-from-lord-rama-clan/" "Mozilla/5.0 (compatible; SeekportBot; +https://bot.seekport.com)"
135.181.137.59 - - [20/Oct/2025:18:03:34 -0400] "GET /tag/%E0%A4%AC%E0%A4%BE%E0%A4%A2%E0%A4%BC/ HTTP/1.1" 200 121532 "http://wahgazab.com/crocodile-spotted-on-the-rooftop-in-flood-affected-belgaum-district-of-karnataka/" "Mozilla/5.0 (compatible; SeekportBot; +https://bot.seekport.com)"
135.181.137.59 - - [20/Oct/2025:18:03:36 -0400] "GET /tag/%E0%A4%A6%E0%A4%BF%E0%A4%B2%E0%A5%8D%E0%A4%B2%E0%A5%80-%E0%A4%AE%E0%A5%87%E0%A4%9F%E0%A5%8D%E0%A4%B0%E0%A5%8B/ HTTP/1.1" 200 125260 "http://wahgazab.com/dmrc-employee-commits-suicide-and-makes-it-go-live-on-facebook/" "Mozilla/5.0 (compatible; SeekportBot; +https://bot.seekport.com)"
135.181.137.59 - - [20/Oct/2025:18:03:38 -0400] "GET /tag/%E0%A4%AC%E0%A5%81%E0%A4%9C%E0%A5%81%E0%A4%B0%E0%A5%8D%E0%A4%97-%E0%A4%A6%E0%A4%82%E0%A4%AA%E0%A4%A4%E0%A5%8D%E0%A4%A4%E0%A4%BF/ HTTP/1.1" 200 122065 "http://wahgazab.com/elderly-couple-fights-off-armed-robbers-in-tamilnadu/" "Mozilla/5.0 (compatible; SeekportBot; +https://bot.seekport.com)"
135.181.137.59 - - [20/Oct/2025:18:03:40 -0400] "GET /tag/%E0%A4%B2%E0%A4%A6%E0%A5%8D%E0%A4%A6%E0%A4%BE%E0%A4%96/ HTTP/1.1" 200 122005 "http://wahgazab.com/bjp-mp-from-laddakh-jamyang-tsering-namagyan-gets-praise-from-all-around/" "Mozilla/5.0 (compatible; SeekportBot; +https://bot.seekport.com)"
135.181.137.59 - - [20/Oct/2025:18:03:42 -0400] "GET /tag/%E0%A4%86%E0%A4%B0%E0%A5%8D%E0%A4%9F%E0%A4%BF%E0%A4%95%E0%A4%B2-370/ HTTP/1.1" 200 121731 "http://wahgazab.com/celebs-stand-on-the-scrapping-article-370-in-kashmir/" "Mozilla/5.0 (compatible; SeekportBot; +https://bot.seekport.com)"
135.181.137.59 - - [20/Oct/2025:18:03:43 -0400] "GET /rivers-and-lakes-found-in-mars/ HTTP/1.1" 200 279897 "http://wahgazab.com/category/national/page/468/" "Mozilla/5.0 (compatible; SeekportBot; +https://bot.seekport.com)"
135.181.137.59 - - [20/Oct/2025:18:03:44 -0400] "GET /second-earth-found-in-space/ HTTP/1.1" 200 280773 "http://wahgazab.com/category/national/page/468/" "Mozilla/5.0 (compatible; SeekportBot; +https://bot.seekport.com)"
135.181.137.59 - - [20/Oct/2025:18:03:46 -0400] "GET /tag/%E0%A4%97%E0%A4%B0%E0%A4%BF%E0%A4%AE%E0%A4%BE-%E0%A4%85%E0%A4%AC%E0%A4%B0%E0%A5%8B%E0%A4%B2/ HTTP/1.1" 200 122237 "http://wahgazab.com/squadron-leader-sameer-abrols-wife-joins-air-force-after-her-husbands-death/" "Mozilla/5.0 (compatible; SeekportBot; +https://bot.seekport.com)"
135.181.137.59 - - [20/Oct/2025:18:03:47 -0400] "GET /maria-suserja-again-in-police-custody/ HTTP/1.1" 200 278809 "http://wahgazab.com/category/national/page/467/" "Mozilla/5.0 (compatible; SeekportBot; +https://bot.seekport.com)"
135.181.137.59 - - [20/Oct/2025:18:03:48 -0400] "GET /earthquake-tremors-felt-in-delhi-yet-again/ HTTP/1.1" 200 275204 "http://wahgazab.com/category/national/page/467/" "Mozilla/5.0 (compatible; SeekportBot; +https://bot.seekport.com)"
135.181.137.59 - - [20/Oct/2025:18:03:50 -0400] "GET /impress-shani-dev-with-5-simple-ways/ HTTP/1.1" 200 283439 "http://wahgazab.com/category/national/page/467/" "Mozilla/5.0 (compatible; SeekportBot; +https://bot.seekport.com)"
135.181.137.59 - - [20/Oct/2025:18:03:52 -0400] "GET /the-famous-bhajan-singer-ravindra-jain-died/ HTTP/1.1" 200 277167 "http://wahgazab.com/category/national/page/467/" "Mozilla/5.0 (compatible; SeekportBot; +https://bot.seekport.com)"
135.181.137.59 - - [20/Oct/2025:18:03:54 -0400] "GET /somnath-temple-gets-terror-threat/ HTTP/1.1" 200 276397 "http://wahgazab.com/category/national/page/467/" "Mozilla/5.0 (compatible; SeekportBot; +https://bot.seekport.com)"
135.181.137.59 - - [20/Oct/2025:18:03:56 -0400] "GET /category/national/page/466/ HTTP/1.1" 200 198964 "http://wahgazab.com/category/national/page/467/" "Mozilla/5.0 (compatible; SeekportBot; +https://bot.seekport.com)"
135.181.137.59 - - [20/Oct/2025:18:03:58 -0400] "GET /tag/%E0%A4%AE%E0%A4%BF%E0%A4%B8-%E0%A4%A1%E0%A5%87%E0%A4%AB-%E0%A4%B5%E0%A4%B0%E0%A5%8D%E0%A4%B2%E0%A5%8D%E0%A4%A1/ HTTP/1.1" 200 121982 "http://wahgazab.com/vidisha-baliyan-becomes-first-indian-woman-to-win-miss-deaf-world/" "Mozilla/5.0 (compatible; SeekportBot; +https://bot.seekport.com)"
135.181.137.59 - - [20/Oct/2025:18:04:00 -0400] "GET /tag/%E0%A4%89%E0%A4%A1%E0%A4%BC%E0%A4%A8%E0%A4%AA%E0%A4%B0%E0%A5%80/ HTTP/1.1" 200 121658 "http://wahgazab.com/hima-das-wins-six-golds-in-twenty-one-days/" "Mozilla/5.0 (compatible; SeekportBot; +https://bot.seekport.com)"
135.181.137.59 - - [20/Oct/2025:18:04:02 -0400] "GET /chandrayaan-found-gutkha-pouch-on-the-moon-and-isro-claims-it-to-be-kanupuriya-deed/ HTTP/1.1" 200 285686 "http://wahgazab.com/hima-das-wins-six-golds-in-twenty-one-days/" "Mozilla/5.0 (compatible; SeekportBot; +https://bot.seekport.com)"
135.181.137.59 - - [20/Oct/2025:18:04:04 -0400] "GET /intermediate-pass-man-held-for-practicing-as-a-doctor-with-a-fraud-degree-in-rajasthan/ HTTP/1.1" 200 287887 "http://wahgazab.com/category/national/page/4/" "Mozilla/5.0 (compatible; SeekportBot; +https://bot.seekport.com)"
135.181.137.59 - - [20/Oct/2025:18:04:05 -0400] "GET /category/national/page/5/ HTTP/1.1" 200 200698 "http://wahgazab.com/category/national/page/4/" "Mozilla/5.0 (compatible; SeekportBot; +https://bot.seekport.com)"
135.181.137.59 - - [20/Oct/2025:18:04:07 -0400] "GET /secret-behind-the-immortal-pair-of-white-pigeons-in-amarnath-temple/ HTTP/1.1" 200 289648 "http://wahgazab.com/author/wah2/page/3/" "Mozilla/5.0 (compatible; SeekportBot; +https://bot.seekport.com)"
135.181.137.59 - - [20/Oct/2025:18:04:10 -0400] "GET /forbidden-places-in-india/ HTTP/1.1" 200 289051 "http://wahgazab.com/author/wah2/page/3/" "Mozilla/5.0 (compatible; SeekportBot; +https://bot.seekport.com)"
135.181.137.59 - - [20/Oct/2025:18:04:11 -0400] "GET /author/wah2/page/4/ HTTP/1.1" 200 179279 "http://wahgazab.com/author/wah2/page/3/" "Mozilla/5.0 (compatible; SeekportBot; +https://bot.seekport.com)"
135.181.137.59 - - [20/Oct/2025:18:04:13 -0400] "GET /four-deaths-in-the-family-of-former-congress-parliament-member/ HTTP/1.1" 200 281696 "http://wahgazab.com/author/wah2/page/57/" "Mozilla/5.0 (compatible; SeekportBot; +https://bot.seekport.com)"
135.181.137.59 - - [20/Oct/2025:18:04:15 -0400] "GET /video-games-a-bad-influence/ HTTP/1.1" 200 284778 "http://wahgazab.com/author/wah2/page/57/" "Mozilla/5.0 (compatible; SeekportBot; +https://bot.seekport.com)"
135.181.137.59 - - [20/Oct/2025:18:04:17 -0400] "GET /how-a-dog-saved-human-baby/ HTTP/1.1" 200 279638 "http://wahgazab.com/author/wah2/page/57/" "Mozilla/5.0 (compatible; SeekportBot; +https://bot.seekport.com)"
135.181.137.59 - - [20/Oct/2025:18:04:20 -0400] "GET /what-happened-when-drunk-rapper-hard-kaur-shoots-out-abusive-language-rather-than-a-song/ HTTP/1.1" 200 280751 "http://wahgazab.com/author/wah2/page/57/" "Mozilla/5.0 (compatible; SeekportBot; +https://bot.seekport.com)"
135.181.137.59 - - [20/Oct/2025:18:04:22 -0400] "GET /some-interesting-facts-about-shahrukh/ HTTP/1.1" 200 281922 "http://wahgazab.com/author/wah2/page/57/" "Mozilla/5.0 (compatible; SeekportBot; +https://bot.seekport.com)"
135.181.137.59 - - [20/Oct/2025:18:04:24 -0400] "GET /author/wah2/page/56/ HTTP/1.1" 200 178574 "http://wahgazab.com/author/wah2/page/57/" "Mozilla/5.0 (compatible; SeekportBot; +https://bot.seekport.com)"
135.181.137.59 - - [20/Oct/2025:18:04:26 -0400] "GET /author/wah2/page/55/ HTTP/1.1" 200 178593 "http://wahgazab.com/author/wah2/page/57/" "Mozilla/5.0 (compatible; SeekportBot; +https://bot.seekport.com)"
135.181.137.59 - - [20/Oct/2025:18:04:28 -0400] "GET /tag/%E0%A4%B0%E0%A5%87%E0%A4%B2%E0%A5%8D%E0%A4%B5%E0%A5%87/ HTTP/1.1" 200 121899 "http://wahgazab.com/indian-railway-set-to-launch-a-technique-to-provide-the-travelers-seats-more-conveneiently/" "Mozilla/5.0 (compatible; SeekportBot; +https://bot.seekport.com)"
135.181.137.59 - - [20/Oct/2025:18:04:30 -0400] "GET /tag/%E0%A4%A7%E0%A5%80%E0%A4%B0%E0%A5%82%E0%A4%AD%E0%A4%BE%E0%A4%88-%E0%A4%85%E0%A4%82%E0%A4%AC%E0%A4%BE%E0%A4%A8%E0%A5%80/ HTTP/1.1" 200 121807 "http://wahgazab.com/dhirubhai-ambani-sold-indian-clay-to-the-arab-sheikh/" "Mozilla/5.0 (compatible; SeekportBot; +https://bot.seekport.com)"
216.73.216.129 - - [20/Oct/2025:18:04:31 -0400] "GET /tag/use-perfume-news HTTP/1.1" 301 - "-" "Mozilla/5.0 AppleWebKit/537.36 (KHTML, like Gecko; compatible; ClaudeBot/1.0; [email protected])"
216.73.216.129 - - [20/Oct/2025:18:04:32 -0400] "GET /these-tips-proved-helpful-during-floods-in-chennai HTTP/1.1" 301 - "-" "Mozilla/5.0 AppleWebKit/537.36 (KHTML, like Gecko; compatible; ClaudeBot/1.0; [email protected])"
216.73.216.129 - - [20/Oct/2025:18:04:32 -0400] "GET /tag/use-perfume-news/ HTTP/1.1" 200 121533 "http://wahgazab.com/tag/use-perfume-news" "Mozilla/5.0 AppleWebKit/537.36 (KHTML, like Gecko; compatible; ClaudeBot/1.0; [email protected])"
135.181.137.59 - - [20/Oct/2025:18:04:32 -0400] "GET /a-shameful-truth-came-out-about-pakistan/ HTTP/1.1" 200 283100 "http://wahgazab.com/tag/%E0%A4%AA%E0%A4%BE%E0%A4%95%E0%A4%BF%E0%A4%B8%E0%A5%8D%E0%A4%A4%E0%A4%BE%E0%A4%A8/" "Mozilla/5.0 (compatible; SeekportBot; +https://bot.seekport.com)"
216.73.216.129 - - [20/Oct/2025:18:04:32 -0400] "GET /these-tips-proved-helpful-during-floods-in-chennai/ HTTP/1.1" 200 285927 "http://wahgazab.com/these-tips-proved-helpful-during-floods-in-chennai" "Mozilla/5.0 AppleWebKit/537.36 (KHTML, like Gecko; compatible; ClaudeBot/1.0; [email protected])"
135.181.137.59 - - [20/Oct/2025:18:04:34 -0400] "GET /tag/%E0%A4%B8%E0%A5%87%E0%A4%B2%E0%A5%8D%E0%A4%B8-%E0%A4%9F%E0%A5%88%E0%A4%95%E0%A5%8D%E0%A4%B8/ HTTP/1.1" 200 121692 "http://wahgazab.com/aligarh-kachori-seller-earns-millions-gets-notice-from-comtax-department-up/" "Mozilla/5.0 (compatible; SeekportBot; +https://bot.seekport.com)"
135.181.137.59 - - [20/Oct/2025:18:04:36 -0400] "GET /tag/%E0%A4%B5%E0%A4%B0%E0%A5%8D%E0%A4%B2%E0%A5%8D%E0%A4%A1-%E0%A4%95%E0%A4%AA/ HTTP/1.1" 200 121794 "http://wahgazab.com/here-is-why-pakistan-loses-with-india-every-time-in-worldcup/" "Mozilla/5.0 (compatible; SeekportBot; +https://bot.seekport.com)"
135.181.137.59 - - [20/Oct/2025:18:04:38 -0400] "GET /delicious-feast-at-modi-swearing-in-ceremony/ HTTP/1.1" 200 299870 "http://wahgazab.com/tag/ajab-gazab-news/" "Mozilla/5.0 (compatible; SeekportBot; +https://bot.seekport.com)"
135.181.137.59 - - [20/Oct/2025:18:04:39 -0400] "GET /rahul-gandhi-fixing-his-helicopter-video-goes-viral/ HTTP/1.1" 200 281682 "http://wahgazab.com/tag/ajab-gazab-news/" "Mozilla/5.0 (compatible; SeekportBot; +https://bot.seekport.com)"
57.141.0.67 - - [20/Oct/2025:18:04:40 -0400] "GET /tag/people-were-surprised-to-see-sourav-ganguly-dancing-on-tu-mera-hero-song/ HTTP/1.1" 200 122230 "-" "meta-externalagent/1.1 (+https://developers.facebook.com/docs/sharing/webmasters/crawler)"
135.181.137.59 - - [20/Oct/2025:18:04:41 -0400] "GET /tag/ajab-gazab-news/page/2/ HTTP/1.1" 200 180462 "http://wahgazab.com/tag/ajab-gazab-news/" "Mozilla/5.0 (compatible; SeekportBot; +https://bot.seekport.com)"
135.181.137.59 - - [20/Oct/2025:18:04:44 -0400] "GET /tag/ajab-gazab-news/page/3/ HTTP/1.1" 200 178723 "http://wahgazab.com/tag/ajab-gazab-news/" "Mozilla/5.0 (compatible; SeekportBot; +https://bot.seekport.com)"
135.181.137.59 - - [20/Oct/2025:18:04:46 -0400] "GET /tag/ajab-gazab-news/page/95/ HTTP/1.1" 200 134686 "http://wahgazab.com/tag/ajab-gazab-news/" "Mozilla/5.0 (compatible; SeekportBot; +https://bot.seekport.com)"
135.181.137.59 - - [20/Oct/2025:18:04:48 -0400] "GET /tag/odd-news/page/2/ HTTP/1.1" 200 180375 "http://wahgazab.com/tag/odd-news/" "Mozilla/5.0 (compatible; SeekportBot; +https://bot.seekport.com)"
135.181.137.59 - - [20/Oct/2025:18:04:50 -0400] "GET /tag/odd-news/page/3/ HTTP/1.1" 200 178629 "http://wahgazab.com/tag/odd-news/" "Mozilla/5.0 (compatible; SeekportBot; +https://bot.seekport.com)"
135.181.137.59 - - [20/Oct/2025:18:04:51 -0400] "GET /tag/odd-news/page/174/ HTTP/1.1" 200 165471 "http://wahgazab.com/tag/odd-news/" "Mozilla/5.0 (compatible; SeekportBot; +https://bot.seekport.com)"
135.181.137.59 - - [20/Oct/2025:18:04:53 -0400] "GET /tag/weird-news/page/2/ HTTP/1.1" 200 180547 "http://wahgazab.com/tag/weird-news/" "Mozilla/5.0 (compatible; SeekportBot; +https://bot.seekport.com)"
17.241.75.30 - - [20/Oct/2025:18:04:53 -0400] "GET /tag/hobby-about-the-career/ HTTP/1.1" 200 121952 "-" "Mozilla/5.0 (Macintosh; Intel Mac OS X 10_15_7) AppleWebKit/605.1.15 (KHTML, like Gecko) Version/17.4 Safari/605.1.15 (Applebot/0.1; +http://www.apple.com/go/applebot)"
135.181.137.59 - - [20/Oct/2025:18:04:54 -0400] "GET /tag/weird-news/page/3/ HTTP/1.1" 200 178731 "http://wahgazab.com/tag/weird-news/" "Mozilla/5.0 (compatible; SeekportBot; +https://bot.seekport.com)"
135.181.137.59 - - [20/Oct/2025:18:04:56 -0400] "GET /tag/weird-news/page/174/ HTTP/1.1" 200 122149 "http://wahgazab.com/tag/weird-news/" "Mozilla/5.0 (compatible; SeekportBot; +https://bot.seekport.com)"
135.181.137.59 - - [20/Oct/2025:18:04:58 -0400] "GET /tag/%E0%A4%A7%E0%A4%B0%E0%A4%A8%E0%A4%BE/ HTTP/1.1" 200 121862 "http://wahgazab.com/man-protests-for-his-girlfriend-and-marry-her-later/" "Mozilla/5.0 (compatible; SeekportBot; +https://bot.seekport.com)"
135.181.137.59 - - [20/Oct/2025:18:05:00 -0400] "GET /tag/hot-army-woman/ HTTP/1.1" 200 121713 "http://wahgazab.com/hot-army-woman-from-israel-gets-millions-of-likes-on-instagram/" "Mozilla/5.0 (compatible; SeekportBot; +https://bot.seekport.com)"
135.181.137.59 - - [20/Oct/2025:18:05:02 -0400] "GET /tag/%E0%A4%87%E0%A5%9B%E0%A4%B0%E0%A4%BE%E0%A4%AF%E0%A4%B2%E0%A5%80-%E0%A4%AB%E0%A5%8C%E0%A4%9C%E0%A5%80/ HTTP/1.1" 200 121966 "http://wahgazab.com/hot-army-woman-from-israel-gets-millions-of-likes-on-instagram/" "Mozilla/5.0 (compatible; SeekportBot; +https://bot.seekport.com)"
135.181.137.59 - - [20/Oct/2025:18:05:04 -0400] "GET /salman-khan-to-play-lead-role-in-kanhaiya-kumar-biopic/ HTTP/1.1" 200 289294 "http://wahgazab.com/hot-army-woman-from-israel-gets-millions-of-likes-on-instagram/" "Mozilla/5.0 (compatible; SeekportBot; +https://bot.seekport.com)"
135.181.137.59 - - [20/Oct/2025:18:05:06 -0400] "GET /tag/%E0%A4%B6%E0%A4%BE%E0%A4%B9%E0%A5%80-%E0%A4%AA%E0%A4%B0%E0%A4%BF%E0%A4%B5%E0%A4%BE%E0%A4%B0/ HTTP/1.1" 200 128292 "http://wahgazab.com/prince-harry-and-meghan-merkle-to-shift-in-africa/" "Mozilla/5.0 (compatible; SeekportBot; +https://bot.seekport.com)"
135.181.137.59 - - [20/Oct/2025:18:05:08 -0400] "GET /when-akshay-kumar-interviews-modi/ HTTP/1.1" 200 283409 "http://wahgazab.com/prince-harry-and-meghan-merkle-to-shift-in-africa/" "Mozilla/5.0 (compatible; SeekportBot; +https://bot.seekport.com)"
135.181.137.59 - - [20/Oct/2025:18:05:10 -0400] "GET /tag/nine-nurses-get-pregnant/ HTTP/1.1" 200 121946 "http://wahgazab.com/nine-nurses-get-pregnant-simultaneously-in-a-hospital/" "Mozilla/5.0 (compatible; SeekportBot; +https://bot.seekport.com)"
135.181.137.59 - - [20/Oct/2025:18:05:11 -0400] "GET /tag/%E0%A4%AA%E0%A5%8D%E0%A4%B0%E0%A5%87%E0%A4%97%E0%A5%8D%E0%A4%A8%E0%A5%87%E0%A4%82%E0%A4%9F/ HTTP/1.1" 200 122079 "http://wahgazab.com/nine-nurses-get-pregnant-simultaneously-in-a-hospital/" "Mozilla/5.0 (compatible; SeekportBot; +https://bot.seekport.com)"
66.249.79.170 - - [20/Oct/2025:18:05:11 -0400] "GET /dinosaurs-egg-found-in-gujarat-amazed-both-people-and-the-scientists/ HTTP/1.1" 200 283707 "-" "Mozilla/5.0 (Linux; Android 6.0.1; Nexus 5X Build/MMB29P) AppleWebKit/537.36 (KHTML, like Gecko) Chrome/140.0.7339.207 Mobile Safari/537.36 (compatible; Googlebot/2.1; +http://www.google.com/bot.html)"
135.181.137.59 - - [20/Oct/2025:18:05:13 -0400] "GET /popular-app-tiktok-no-longer-available-on-apple-and-google-store-in-india/ HTTP/1.1" 200 284913 "http://wahgazab.com/nine-nurses-get-pregnant-simultaneously-in-a-hospital/" "Mozilla/5.0 (compatible; SeekportBot; +https://bot.seekport.com)"
135.181.137.59 - - [20/Oct/2025:18:05:15 -0400] "GET /bollywood-celebs-who-cannot-vote-in-2019-general-elections/ HTTP/1.1" 200 293148 "http://wahgazab.com/nine-nurses-get-pregnant-simultaneously-in-a-hospital/" "Mozilla/5.0 (compatible; SeekportBot; +https://bot.seekport.com)"
135.181.137.59 - - [20/Oct/2025:18:05:18 -0400] "GET /tag/anglo-zanzibar/ HTTP/1.1" 200 121575 "http://wahgazab.com/anglo-zanzibar-war-considered-as-the-shortest-war-in-history/" "Mozilla/5.0 (compatible; SeekportBot; +https://bot.seekport.com)"
135.181.137.59 - - [20/Oct/2025:18:05:20 -0400] "GET /tag/war-in-history/ HTTP/1.1" 200 121570 "http://wahgazab.com/anglo-zanzibar-war-considered-as-the-shortest-war-in-history/" "Mozilla/5.0 (compatible; SeekportBot; +https://bot.seekport.com)"
92.222.104.200 - - [20/Oct/2025:18:05:21 -0400] "GET /tag/hanuman-statue/ HTTP/1.1" 200 124641 "-" "Mozilla/5.0 (compatible; AhrefsBot/7.0; +http://ahrefs.com/robot/)"
135.181.137.59 - - [20/Oct/2025:18:05:21 -0400] "GET /tag/%E0%A4%AF%E0%A5%81%E0%A4%A6%E0%A5%8D%E0%A4%A7/ HTTP/1.1" 200 121618 "http://wahgazab.com/anglo-zanzibar-war-considered-as-the-shortest-war-in-history/" "Mozilla/5.0 (compatible; SeekportBot; +https://bot.seekport.com)"
135.181.137.59 - - [20/Oct/2025:18:05:23 -0400] "GET /a-simple-marriage-became-an-example-for-ambanis-marriage/ HTTP/1.1" 200 289978 "http://wahgazab.com/anglo-zanzibar-war-considered-as-the-shortest-war-in-history/" "Mozilla/5.0 (compatible; SeekportBot; +https://bot.seekport.com)"
135.181.137.59 - - [20/Oct/2025:18:05:25 -0400] "GET /tag/%E0%A4%B8%E0%A5%81%E0%A4%AA%E0%A4%B0-%E0%A4%85%E0%A4%B0%E0%A5%8D%E0%A4%A5/ HTTP/1.1" 200 121890 "http://wahgazab.com/scientists-discovered-another-earth/" "Mozilla/5.0 (compatible; SeekportBot; +https://bot.seekport.com)"
17.22.237.142 - - [20/Oct/2025:18:05:25 -0400] "GET /robots.txt HTTP/1.1" 200 112 "-" "Mozilla/5.0 (Macintosh; Intel Mac OS X 10_15_7) AppleWebKit/605.1.15 (KHTML, like Gecko) Version/17.4 Safari/605.1.15 (Applebot/0.1; +http://www.apple.com/go/applebot)"
17.22.237.142 - - [20/Oct/2025:18:05:26 -0400] "GET /tag/rashtrapita-mahatma/ HTTP/1.1" 200 121804 "-" "Mozilla/5.0 (Macintosh; Intel Mac OS X 10_15_7) AppleWebKit/605.1.15 (KHTML, like Gecko) Version/17.4 Safari/605.1.15 (Applebot/0.1; +http://www.apple.com/go/applebot)"
135.181.137.59 - - [20/Oct/2025:18:05:26 -0400] "GET /tag/earth/ HTTP/1.1" 200 171877 "http://wahgazab.com/scientists-discovered-another-earth/" "Mozilla/5.0 (compatible; SeekportBot; +https://bot.seekport.com)"
135.181.137.59 - - [20/Oct/2025:18:05:28 -0400] "GET /tag/scientists/ HTTP/1.1" 200 183005 "http://wahgazab.com/scientists-discovered-another-earth/" "Mozilla/5.0 (compatible; SeekportBot; +https://bot.seekport.com)"
135.181.137.59 - - [20/Oct/2025:18:05:29 -0400] "GET /tag/birth/ HTTP/1.1" 200 142221 "http://wahgazab.com/dead-woman-gave-birth-to-a-healthy-baby/" "Mozilla/5.0 (compatible; SeekportBot; +https://bot.seekport.com)"
135.181.137.59 - - [20/Oct/2025:18:05:32 -0400] "GET /tag/dead-woman/ HTTP/1.1" 200 127668 "http://wahgazab.com/dead-woman-gave-birth-to-a-healthy-baby/" "Mozilla/5.0 (compatible; SeekportBot; +https://bot.seekport.com)"
135.181.137.59 - - [20/Oct/2025:18:05:34 -0400] "GET /tag/%E0%A4%AE%E0%A5%87%E0%A4%A1%E0%A4%BF%E0%A4%95%E0%A4%B2-%E0%A4%B8%E0%A4%BE%E0%A4%87%E0%A4%82%E0%A4%B8/ HTTP/1.1" 200 121845 "http://wahgazab.com/dead-woman-gave-birth-to-a-healthy-baby/" "Mozilla/5.0 (compatible; SeekportBot; +https://bot.seekport.com)"
135.181.137.59 - - [20/Oct/2025:18:05:35 -0400] "GET /statue-of-unity-has-started-breaking-in-a-month/ HTTP/1.1" 200 282579 "http://wahgazab.com/dead-woman-gave-birth-to-a-healthy-baby/" "Mozilla/5.0 (compatible; SeekportBot; +https://bot.seekport.com)"
135.181.137.59 - - [20/Oct/2025:18:05:38 -0400] "GET /tag/space-rocks/ HTTP/1.1" 200 121359 "http://wahgazab.com/the-space-rocks-will-now-be-cut-by-swords/" "Mozilla/5.0 (compatible; SeekportBot; +https://bot.seekport.com)"
135.181.137.59 - - [20/Oct/2025:18:05:40 -0400] "GET /tag/sword/ HTTP/1.1" 200 121311 "http://wahgazab.com/the-space-rocks-will-now-be-cut-by-swords/" "Mozilla/5.0 (compatible; SeekportBot; +https://bot.seekport.com)"
135.181.137.59 - - [20/Oct/2025:18:05:42 -0400] "GET /tag/%E0%A4%85%E0%A4%82%E0%A4%A4%E0%A4%B0%E0%A4%BF%E0%A4%95%E0%A5%8D%E0%A4%B7/ HTTP/1.1" 200 121530 "http://wahgazab.com/the-space-rocks-will-now-be-cut-by-swords/" "Mozilla/5.0 (compatible; SeekportBot; +https://bot.seekport.com)"
161.77.43.118 - - [20/Oct/2025:18:05:43 -0400] "GET /wp-content/uploads/2018/01/know-how-smartphone-sensor-trick-will-save-your-phones-battery-and-data.jpg HTTP/1.1" 200 99493 "-" "Mozilla/5.0 (Macintosh; Intel Mac OS X 14_3_1) AppleWebKit/605.1.15 (KHTML, like Gecko) Version/17.2 Safari/605.1.15"
135.181.137.59 - - [20/Oct/2025:18:05:43 -0400] "GET /plane-worth-350-billions-made-on-the-terrace/ HTTP/1.1" 200 282199 "http://wahgazab.com/the-space-rocks-will-now-be-cut-by-swords/" "Mozilla/5.0 (compatible; SeekportBot; +https://bot.seekport.com)"
135.181.137.59 - - [20/Oct/2025:18:05:45 -0400] "GET /tag/lake/ HTTP/1.1" 200 131106 "http://wahgazab.com/lake-where-unmarried-girls-are-sacrificed-whoever-resolves-the-mystery-dies/" "Mozilla/5.0 (compatible; SeekportBot; +https://bot.seekport.com)"
135.181.137.59 - - [20/Oct/2025:18:05:47 -0400] "GET /tag/mystery/ HTTP/1.1" 200 148818 "http://wahgazab.com/lake-where-unmarried-girls-are-sacrificed-whoever-resolves-the-mystery-dies/" "Mozilla/5.0 (compatible; SeekportBot; +https://bot.seekport.com)"
135.181.137.59 - - [20/Oct/2025:18:05:49 -0400] "GET /tag/unmarried-girls/ HTTP/1.1" 200 125267 "http://wahgazab.com/lake-where-unmarried-girls-are-sacrificed-whoever-resolves-the-mystery-dies/" "Mozilla/5.0 (compatible; SeekportBot; +https://bot.seekport.com)"
135.181.137.59 - - [20/Oct/2025:18:05:51 -0400] "GET /tag/%E0%A4%B0%E0%A4%B9%E0%A4%B8%E0%A5%8D%E0%A4%AF/ HTTP/1.1" 200 130694 "http://wahgazab.com/lake-where-unmarried-girls-are-sacrificed-whoever-resolves-the-mystery-dies/" "Mozilla/5.0 (compatible; SeekportBot; +https://bot.seekport.com)"
17.22.245.206 - - [20/Oct/2025:18:05:53 -0400] "GET /tag/gurudwara-shri-toka-sahib/ HTTP/1.1" 200 121789 "-" "Mozilla/5.0 (Macintosh; Intel Mac OS X 10_15_7) AppleWebKit/605.1.15 (KHTML, like Gecko) Version/17.4 Safari/605.1.15 (Applebot/0.1; +http://www.apple.com/go/applebot)"
135.181.137.59 - - [20/Oct/2025:18:05:53 -0400] "GET /the-greatest-messiah-of-the-country/ HTTP/1.1" 200 282923 "http://wahgazab.com/lake-where-unmarried-girls-are-sacrificed-whoever-resolves-the-mystery-dies/" "Mozilla/5.0 (compatible; SeekportBot; +https://bot.seekport.com)"
135.181.137.59 - - [20/Oct/2025:18:05:55 -0400] "GET /tag/sea/ HTTP/1.1" 200 139559 "http://wahgazab.com/nobody-sinks-in-this-sea/" "Mozilla/5.0 (compatible; SeekportBot; +https://bot.seekport.com)"
135.181.137.59 - - [20/Oct/2025:18:05:56 -0400] "GET /tag/sink-in-the-sea/ HTTP/1.1" 200 121363 "http://wahgazab.com/nobody-sinks-in-this-sea/" "Mozilla/5.0 (compatible; SeekportBot; +https://bot.seekport.com)"
135.181.137.59 - - [20/Oct/2025:18:05:58 -0400] "GET /tag/%E0%A4%B8%E0%A4%AE%E0%A5%81%E0%A4%A6%E0%A5%8D%E0%A4%B0/ HTTP/1.1" 200 127359 "http://wahgazab.com/nobody-sinks-in-this-sea/" "Mozilla/5.0 (compatible; SeekportBot; +https://bot.seekport.com)"
135.181.137.59 - - [20/Oct/2025:18:06:01 -0400] "GET /gurudwara-that-does-not-have-a-charity-kitchen-and-still-no-one-remains-hungry/ HTTP/1.1" 200 284965 "http://wahgazab.com/nobody-sinks-in-this-sea/" "Mozilla/5.0 (compatible; SeekportBot; +https://bot.seekport.com)"
135.181.137.59 - - [20/Oct/2025:18:06:03 -0400] "GET /tag/3000-people-living-in-cave/ HTTP/1.1" 200 121719 "http://wahgazab.com/shocking-reason-of-3000-people-living-inside-a-cave/" "Mozilla/5.0 (compatible; SeekportBot; +https://bot.seekport.com)"
135.181.137.59 - - [20/Oct/2025:18:06:05 -0400] "GET /tag/shocking-reason/ HTTP/1.1" 200 121631 "http://wahgazab.com/shocking-reason-of-3000-people-living-inside-a-cave/" "Mozilla/5.0 (compatible; SeekportBot; +https://bot.seekport.com)"
135.181.137.59 - - [20/Oct/2025:18:06:06 -0400] "GET /tag/country-where-suns-never-sets/ HTTP/1.1" 200 121487 "http://wahgazab.com/omg-country-where-the-sun-never-sets/" "Mozilla/5.0 (compatible; SeekportBot; +https://bot.seekport.com)"
135.181.137.59 - - [20/Oct/2025:18:06:08 -0400] "GET /tag/%E0%A4%A6%E0%A5%87%E0%A4%B6/ HTTP/1.1" 200 121349 "http://wahgazab.com/omg-country-where-the-sun-never-sets/" "Mozilla/5.0 (compatible; SeekportBot; +https://bot.seekport.com)"
216.73.216.129 - - [20/Oct/2025:18:06:08 -0400] "GET /tag/chocolate HTTP/1.1" 301 - "-" "Mozilla/5.0 AppleWebKit/537.36 (KHTML, like Gecko; compatible; ClaudeBot/1.0; [email protected])"
216.73.216.129 - - [20/Oct/2025:18:06:09 -0400] "GET /tag/chocolate/ HTTP/1.1" 200 129717 "http://wahgazab.com/tag/chocolate" "Mozilla/5.0 AppleWebKit/537.36 (KHTML, like Gecko; compatible; ClaudeBot/1.0; [email protected])"
135.181.137.59 - - [20/Oct/2025:18:06:10 -0400] "GET /tag/mobile-number/ HTTP/1.1" 200 124819 "http://wahgazab.com/know-about-this-mobile-number-that-took-three-lives/" "Mozilla/5.0 (compatible; SeekportBot; +https://bot.seekport.com)"
135.181.137.59 - - [20/Oct/2025:18:06:11 -0400] "GET /tag/three-lives/ HTTP/1.1" 200 121564 "http://wahgazab.com/know-about-this-mobile-number-that-took-three-lives/" "Mozilla/5.0 (compatible; SeekportBot; +https://bot.seekport.com)"
135.181.137.59 - - [20/Oct/2025:18:06:13 -0400] "GET /tag/%E0%A4%AE%E0%A5%8B%E0%A4%AC%E0%A4%BE%E0%A4%87%E0%A4%B2-%E0%A4%A8%E0%A4%82%E0%A4%AC%E0%A4%B0/ HTTP/1.1" 200 121808 "http://wahgazab.com/know-about-this-mobile-number-that-took-three-lives/" "Mozilla/5.0 (compatible; SeekportBot; +https://bot.seekport.com)"
135.181.137.59 - - [20/Oct/2025:18:06:15 -0400] "GET /tag/tribe/ HTTP/1.1" 200 124617 "http://wahgazab.com/a-new-tribe-found-which-has-no-contact-with-the-world/" "Mozilla/5.0 (compatible; SeekportBot; +https://bot.seekport.com)"
135.181.137.59 - - [20/Oct/2025:18:06:16 -0400] "GET /tag/%E0%A4%A8%E0%A4%88-%E0%A4%A8%E0%A4%88-%E0%A4%A4%E0%A4%95%E0%A4%A8%E0%A5%80%E0%A4%95%E0%A5%8B%E0%A4%82/ HTTP/1.1" 200 121899 "http://wahgazab.com/a-new-tribe-found-which-has-no-contact-with-the-world/" "Mozilla/5.0 (compatible; SeekportBot; +https://bot.seekport.com)"
135.181.137.59 - - [20/Oct/2025:18:06:18 -0400] "GET /tag/blood-from-the-body/ HTTP/1.1" 200 121470 "http://wahgazab.com/died-500-years-ago-but-still-blood-flows-from-the-body/" "Mozilla/5.0 (compatible; SeekportBot; +https://bot.seekport.com)"
66.249.79.168 - - [20/Oct/2025:18:06:20 -0400] "GET /five-types-of-nagamani-divine-stones-and-their-supernatural-miracle/white_flames/ HTTP/1.1" 200 121532 "-" "Mozilla/5.0 (Linux; Android 6.0.1; Nexus 5X Build/MMB29P) AppleWebKit/537.36 (KHTML, like Gecko) Chrome/140.0.7339.207 Mobile Safari/537.36 (compatible; Googlebot/2.1; +http://www.google.com/bot.html)"
135.181.137.59 - - [20/Oct/2025:18:06:20 -0400] "GET /tag/died-500-years-ago/ HTTP/1.1" 200 121462 "http://wahgazab.com/died-500-years-ago-but-still-blood-flows-from-the-body/" "Mozilla/5.0 (compatible; SeekportBot; +https://bot.seekport.com)"
135.181.137.59 - - [20/Oct/2025:18:06:21 -0400] "GET /salary-of-pm-modis-beautiful-make-up-artist-is-15-lakhs/ HTTP/1.1" 200 283931 "http://wahgazab.com/died-500-years-ago-but-still-blood-flows-from-the-body/" "Mozilla/5.0 (compatible; SeekportBot; +https://bot.seekport.com)"
