135.181.137.59 - - [20/Oct/2025:17:51:23 -0400] "GET /know-how-love-bites-can-be-harmful-for-you/ HTTP/1.1" 200 282900 "http://wahgazab.com/category/beauty-fitness/page/2/" "Mozilla/5.0 (compatible; SeekportBot; +https://bot.seekport.com)"
135.181.137.59 - - [20/Oct/2025:17:51:25 -0400] "GET /foods-that-can-make-you-stronger-in-a-short-duration-of-time/ HTTP/1.1" 200 283016 "http://wahgazab.com/category/beauty-fitness/page/2/" "Mozilla/5.0 (compatible; SeekportBot; +https://bot.seekport.com)"
135.181.137.59 - - [20/Oct/2025:17:51:27 -0400] "GET /these-2-fruits-can-overcome-the-harmful-effects-of-smoking/ HTTP/1.1" 200 284480 "http://wahgazab.com/category/beauty-fitness/page/2/" "Mozilla/5.0 (compatible; SeekportBot; +https://bot.seekport.com)"
51.75.236.143 - - [20/Oct/2025:17:51:28 -0400] "GET /tag/crime-free-area/ HTTP/1.1" 200 121929 "-" "Mozilla/5.0 (compatible; AhrefsBot/7.0; +http://ahrefs.com/robot/)"
135.181.137.59 - - [20/Oct/2025:17:51:29 -0400] "GET /these-proven-tips-to-get-your-lost-energy-back/ HTTP/1.1" 200 285015 "http://wahgazab.com/category/beauty-fitness/page/3/" "Mozilla/5.0 (compatible; SeekportBot; +https://bot.seekport.com)"
135.181.137.59 - - [20/Oct/2025:17:51:31 -0400] "GET /this-disease-makes-humans-cannibal/ HTTP/1.1" 200 281101 "http://wahgazab.com/category/beauty-fitness/page/3/" "Mozilla/5.0 (compatible; SeekportBot; +https://bot.seekport.com)"
135.181.137.59 - - [20/Oct/2025:17:51:33 -0400] "GET /how-to-get-muscular-body-without-going-gym/ HTTP/1.1" 200 282917 "http://wahgazab.com/category/beauty-fitness/page/3/" "Mozilla/5.0 (compatible; SeekportBot; +https://bot.seekport.com)"
135.181.137.59 - - [20/Oct/2025:17:51:35 -0400] "GET /these-yoga-asanas-help-you-to-enhance-the-appetite/ HTTP/1.1" 200 287878 "http://wahgazab.com/category/beauty-fitness/page/3/" "Mozilla/5.0 (compatible; SeekportBot; +https://bot.seekport.com)"
135.181.137.59 - - [20/Oct/2025:17:51:37 -0400] "GET /essential-tips-to-keep-in-mind-while-sleeping/ HTTP/1.1" 200 283573 "http://wahgazab.com/category/beauty-fitness/page/3/" "Mozilla/5.0 (compatible; SeekportBot; +https://bot.seekport.com)"
135.181.137.59 - - [20/Oct/2025:17:51:39 -0400] "GET /facebook-addiction-may-cause-you-an-illness/ HTTP/1.1" 200 279282 "http://wahgazab.com/category/beauty-fitness/page/3/" "Mozilla/5.0 (compatible; SeekportBot; +https://bot.seekport.com)"
135.181.137.59 - - [20/Oct/2025:17:51:41 -0400] "GET /selfie-brings-you-in-trouble-beware/ HTTP/1.1" 200 280160 "http://wahgazab.com/category/beauty-fitness/page/3/" "Mozilla/5.0 (compatible; SeekportBot; +https://bot.seekport.com)"
135.181.137.59 - - [20/Oct/2025:17:51:43 -0400] "GET /beauty-secrets-of-girls-from-kashmir-revealed/ HTTP/1.1" 200 284355 "http://wahgazab.com/category/beauty-fitness/page/3/" "Mozilla/5.0 (compatible; SeekportBot; +https://bot.seekport.com)"
114.119.154.203 - - [20/Oct/2025:17:51:43 -0400] "GET /these-women-with-beard-look-amzingly-beautiful/these-women-with-beard-look-amzingly-beautiful-5/ HTTP/1.1" 200 122938 "http://wahgazab.com/attachment-sitemap22.xml" "Mozilla/5.0 (Linux; Android 7.0;) AppleWebKit/537.36 (KHTML, like Gecko) Mobile Safari/537.36 (compatible; PetalBot;+https://webmaster.petalsearch.com/site/petalbot)"
135.181.137.59 - - [20/Oct/2025:17:51:45 -0400] "GET /category/beauty-fitness/page/4/ HTTP/1.1" 200 199241 "http://wahgazab.com/category/beauty-fitness/page/3/" "Mozilla/5.0 (compatible; SeekportBot; +https://bot.seekport.com)"
135.181.137.59 - - [20/Oct/2025:17:51:47 -0400] "GET /easy-tips-to-get-rid-of-greasy-hair/ HTTP/1.1" 200 279304 "http://wahgazab.com/category/beauty-fitness/page/27/" "Mozilla/5.0 (compatible; SeekportBot; +https://bot.seekport.com)"
135.181.137.59 - - [20/Oct/2025:17:51:49 -0400] "GET /make-yourself-fit-and-healthy-with-zumba-dance/ HTTP/1.1" 200 286117 "http://wahgazab.com/category/beauty-fitness/page/27/" "Mozilla/5.0 (compatible; SeekportBot; +https://bot.seekport.com)"
135.181.137.59 - - [20/Oct/2025:17:51:51 -0400] "GET /the-eyes-are-the-window-to-our-soul/ HTTP/1.1" 200 286469 "http://wahgazab.com/category/beauty-fitness/page/27/" "Mozilla/5.0 (compatible; SeekportBot; +https://bot.seekport.com)"
135.181.137.59 - - [20/Oct/2025:17:51:53 -0400] "GET /beauty-secrets-mistakes-and-solutions/ HTTP/1.1" 200 283953 "http://wahgazab.com/category/beauty-fitness/page/27/" "Mozilla/5.0 (compatible; SeekportBot; +https://bot.seekport.com)"
135.181.137.59 - - [20/Oct/2025:17:51:55 -0400] "GET /category/beauty-fitness/page/26/ HTTP/1.1" 200 199133 "http://wahgazab.com/category/beauty-fitness/page/27/" "Mozilla/5.0 (compatible; SeekportBot; +https://bot.seekport.com)"
135.181.137.59 - - [20/Oct/2025:17:51:57 -0400] "GET /category/beauty-fitness/page/25/ HTTP/1.1" 200 198857 "http://wahgazab.com/category/beauty-fitness/page/27/" "Mozilla/5.0 (compatible; SeekportBot; +https://bot.seekport.com)"
57.141.0.60 - - [20/Oct/2025:17:51:57 -0400] "GET /watch-navya-naveli-and-aryan-having-fun-in-pics/ HTTP/1.1" 200 285424 "-" "meta-externalagent/1.1 (+https://developers.facebook.com/docs/sharing/webmasters/crawler)"
135.181.137.59 - - [20/Oct/2025:17:51:59 -0400] "GET /tag/funny-news/ HTTP/1.1" 200 184873 "http://wahgazab.com/brides-elopes-with-the-pujari/" "Mozilla/5.0 (compatible; SeekportBot; +https://bot.seekport.com)"
135.181.137.59 - - [20/Oct/2025:17:52:00 -0400] "GET /kangna-ranaut-selfie-with-shashi-tharoor-goes-viral/ HTTP/1.1" 200 282277 "http://wahgazab.com/brides-elopes-with-the-pujari/" "Mozilla/5.0 (compatible; SeekportBot; +https://bot.seekport.com)"
220.181.108.157 - - [20/Oct/2025:17:52:02 -0400] "GET /delhi-shaken-again-by-earthquake-tremors/ HTTP/1.1" 200 280112 "-" "Mozilla/5.0 (compatible; Baiduspider/2.0; +http://www.baidu.com/search/spider.html)"
135.181.137.59 - - [20/Oct/2025:17:52:03 -0400] "GET /while-swearing-in-of-pratap-sarangi-everyone-applauds/ HTTP/1.1" 200 285197 "http://wahgazab.com/brides-elopes-with-the-pujari/" "Mozilla/5.0 (compatible; SeekportBot; +https://bot.seekport.com)"
135.181.137.59 - - [20/Oct/2025:17:52:05 -0400] "GET /tag/approaching-death/ HTTP/1.1" 200 121565 "http://wahgazab.com/these-changes-in-body-are-signs-of-approaching-death/" "Mozilla/5.0 (compatible; SeekportBot; +https://bot.seekport.com)"
116.179.37.38 - - [20/Oct/2025:17:52:05 -0400] "GET /wp-content/uploads/2015/11/earthquake.jpg HTTP/1.1" 200 105033 "http://wahgazab.com/delhi-shaken-again-by-earthquake-tremors/" "Mozilla/5.0 (compatible; Baiduspider-render/2.0; +http://www.baidu.com/search/spider.html)"
135.181.137.59 - - [20/Oct/2025:17:52:06 -0400] "GET /tag/changes-in-body/ HTTP/1.1" 200 121549 "http://wahgazab.com/these-changes-in-body-are-signs-of-approaching-death/" "Mozilla/5.0 (compatible; SeekportBot; +https://bot.seekport.com)"
135.181.137.59 - - [20/Oct/2025:17:52:07 -0400] "GET /statue-of-unity-is-also-visible-from-space-see-the-photos/ HTTP/1.1" 200 284534 "http://wahgazab.com/these-changes-in-body-are-signs-of-approaching-death/" "Mozilla/5.0 (compatible; SeekportBot; +https://bot.seekport.com)"
135.181.137.59 - - [20/Oct/2025:17:52:09 -0400] "GET /kejriwal-got-attacked-with-chilli-powder/ HTTP/1.1" 200 282158 "http://wahgazab.com/these-changes-in-body-are-signs-of-approaching-death/" "Mozilla/5.0 (compatible; SeekportBot; +https://bot.seekport.com)"
135.181.137.59 - - [20/Oct/2025:17:52:11 -0400] "GET /tag/how-to-find-out-the-commitment-of-your-partner-towards-you/ HTTP/1.1" 200 122166 "http://wahgazab.com/how-to-find-out-the-commitment-of-your-partner-towards-you/" "Mozilla/5.0 (compatible; SeekportBot; +https://bot.seekport.com)"
135.181.137.59 - - [20/Oct/2025:17:52:13 -0400] "GET /tag/u-have-interested-in-other-girl/ HTTP/1.1" 200 121950 "http://wahgazab.com/how-to-find-out-the-commitment-of-your-partner-towards-you/" "Mozilla/5.0 (compatible; SeekportBot; +https://bot.seekport.com)"
135.181.137.59 - - [20/Oct/2025:17:52:14 -0400] "GET /tag/your-patnar-interested-to-other-girl/ HTTP/1.1" 200 121990 "http://wahgazab.com/how-to-find-out-the-commitment-of-your-partner-towards-you/" "Mozilla/5.0 (compatible; SeekportBot; +https://bot.seekport.com)"
135.181.137.59 - - [20/Oct/2025:17:52:16 -0400] "GET /these-are-the-most-terrific-horror-movies-in-the-world/ HTTP/1.1" 200 283448 "http://wahgazab.com/how-to-find-out-the-commitment-of-your-partner-towards-you/" "Mozilla/5.0 (compatible; SeekportBot; +https://bot.seekport.com)"
135.181.137.59 - - [20/Oct/2025:17:52:18 -0400] "GET /here-is-why-a-girl-issues-the-death-sentence-to-her-lover/ HTTP/1.1" 200 281239 "http://wahgazab.com/how-to-find-out-the-commitment-of-your-partner-towards-you/" "Mozilla/5.0 (compatible; SeekportBot; +https://bot.seekport.com)"
57.141.0.24 - - [20/Oct/2025:17:52:19 -0400] "GET /tag/sarabjit-singh-latest-news/ HTTP/1.1" 200 121927 "-" "meta-externalagent/1.1 (+https://developers.facebook.com/docs/sharing/webmasters/crawler)"
135.181.137.59 - - [20/Oct/2025:17:52:20 -0400] "GET /tag/funny-memes/ HTTP/1.1" 200 121358 "http://wahgazab.com/funny-memes-about-modi-flooded-all-over-internet/" "Mozilla/5.0 (compatible; SeekportBot; +https://bot.seekport.com)"
198.98.62.116 - - [20/Oct/2025:17:52:21 -0400] "GET /wp-login.php HTTP/1.1" 200 5415 "-" "Mozilla/5.0 (Windows NT 6.3; WOW64) AppleWebKit/537.36 (KHTML, like Gecko) Chrome/36.0.1985.125 Safari/537.36"
135.181.137.59 - - [20/Oct/2025:17:52:22 -0400] "GET /tag/modi-memes/ HTTP/1.1" 200 121350 "http://wahgazab.com/funny-memes-about-modi-flooded-all-over-internet/" "Mozilla/5.0 (compatible; SeekportBot; +https://bot.seekport.com)"
135.181.137.59 - - [20/Oct/2025:17:52:23 -0400] "GET /azhar-maqsusi-from-hyderabad-feeds-hundreds-of-people-for-free/ HTTP/1.1" 200 285876 "http://wahgazab.com/category/jeevan-mantra/page/2/" "Mozilla/5.0 (compatible; SeekportBot; +https://bot.seekport.com)"
135.181.137.59 - - [20/Oct/2025:17:52:25 -0400] "GET /mother-cop-archana-of-up-is-a-perfect-mother-along-with-a-cop/ HTTP/1.1" 200 284111 "http://wahgazab.com/category/jeevan-mantra/page/2/" "Mozilla/5.0 (compatible; SeekportBot; +https://bot.seekport.com)"
135.181.137.59 - - [20/Oct/2025:17:52:26 -0400] "GET /best-plan-for-your-profits-in-ppf-and-fd/ HTTP/1.1" 200 287756 "http://wahgazab.com/category/jeevan-mantra/page/2/" "Mozilla/5.0 (compatible; SeekportBot; +https://bot.seekport.com)"
135.181.137.59 - - [20/Oct/2025:17:52:28 -0400] "GET /10-secrets-of-big-boss-that-nobody-knows/ HTTP/1.1" 200 288034 "http://wahgazab.com/category/jeevan-mantra/page/2/" "Mozilla/5.0 (compatible; SeekportBot; +https://bot.seekport.com)"
135.181.137.59 - - [20/Oct/2025:17:52:30 -0400] "GET /how-parents-blackmail-kids-emotionally/ HTTP/1.1" 200 291298 "http://wahgazab.com/category/jeevan-mantra/page/2/" "Mozilla/5.0 (compatible; SeekportBot; +https://bot.seekport.com)"
135.181.137.59 - - [20/Oct/2025:17:52:32 -0400] "GET /what-do-people-think-before-committing-suicide/ HTTP/1.1" 200 288865 "http://wahgazab.com/category/jeevan-mantra/page/2/" "Mozilla/5.0 (compatible; SeekportBot; +https://bot.seekport.com)"
135.181.137.59 - - [20/Oct/2025:17:52:34 -0400] "GET /special-tips-for-taking-leave-from-the-office/ HTTP/1.1" 200 286458 "http://wahgazab.com/category/jeevan-mantra/page/2/" "Mozilla/5.0 (compatible; SeekportBot; +https://bot.seekport.com)"
135.181.137.59 - - [20/Oct/2025:17:52:36 -0400] "GET /do-not-buy-these-things-in-shraadh/ HTTP/1.1" 200 286034 "http://wahgazab.com/category/jeevan-mantra/page/2/" "Mozilla/5.0 (compatible; SeekportBot; +https://bot.seekport.com)"
135.181.137.59 - - [20/Oct/2025:17:52:38 -0400] "GET /alive-poisonous-snake-gets-stuck-in-the-ears-of-this-woman/ HTTP/1.1" 200 281212 "http://wahgazab.com/how-to-express-your-love-to-your-partner/" "Mozilla/5.0 (compatible; SeekportBot; +https://bot.seekport.com)"
135.181.137.59 - - [20/Oct/2025:17:52:40 -0400] "GET /this-boy-was-lost-25-years-ago-and-returns-home-becoming-a-gentleman/ HTTP/1.1" 200 284810 "http://wahgazab.com/how-to-express-your-love-to-your-partner/" "Mozilla/5.0 (compatible; SeekportBot; +https://bot.seekport.com)"
135.181.137.59 - - [20/Oct/2025:17:52:42 -0400] "GET /what-people-used-to-wear-thousands-year-ago/ HTTP/1.1" 200 286543 "http://wahgazab.com/category/jeevan-mantra/page/3/" "Mozilla/5.0 (compatible; SeekportBot; +https://bot.seekport.com)"
135.181.137.59 - - [20/Oct/2025:17:52:44 -0400] "GET /ancient-temple-of-nepal-opened-after-years/ HTTP/1.1" 200 283362 "http://wahgazab.com/category/jeevan-mantra/page/3/" "Mozilla/5.0 (compatible; SeekportBot; +https://bot.seekport.com)"
135.181.137.59 - - [20/Oct/2025:17:52:46 -0400] "GET /rupee-depreciation-will-benefit-these-people-the-most/ HTTP/1.1" 200 284596 "http://wahgazab.com/category/jeevan-mantra/page/3/" "Mozilla/5.0 (compatible; SeekportBot; +https://bot.seekport.com)"
135.181.137.59 - - [20/Oct/2025:17:52:48 -0400] "GET /lord-krishna-was-seen-saving-many-lives-in-rishikesh/ HTTP/1.1" 200 287510 "http://wahgazab.com/category/jeevan-mantra/page/3/" "Mozilla/5.0 (compatible; SeekportBot; +https://bot.seekport.com)"
135.181.137.59 - - [20/Oct/2025:17:52:50 -0400] "GET /why-dont-people-like-monday/ HTTP/1.1" 200 285090 "http://wahgazab.com/category/jeevan-mantra/page/3/" "Mozilla/5.0 (compatible; SeekportBot; +https://bot.seekport.com)"
135.181.137.59 - - [20/Oct/2025:17:52:52 -0400] "GET /this-24-carat-gold-vark-sweet-will-cost-you-9000-rupees/ HTTP/1.1" 200 281909 "http://wahgazab.com/category/jeevan-mantra/page/3/" "Mozilla/5.0 (compatible; SeekportBot; +https://bot.seekport.com)"
135.181.137.59 - - [20/Oct/2025:17:52:54 -0400] "GET /know-the-auspicious-timings-to-tie-rakhi/ HTTP/1.1" 200 281616 "http://wahgazab.com/category/jeevan-mantra/page/3/" "Mozilla/5.0 (compatible; SeekportBot; +https://bot.seekport.com)"
135.181.137.59 - - [20/Oct/2025:17:52:56 -0400] "GET /category/jeevan-mantra/page/4/ HTTP/1.1" 200 202246 "http://wahgazab.com/category/jeevan-mantra/page/3/" "Mozilla/5.0 (compatible; SeekportBot; +https://bot.seekport.com)"
135.181.137.59 - - [20/Oct/2025:17:52:58 -0400] "GET /marriage-issues-5-questions-to-tackle-them/ HTTP/1.1" 200 283975 "http://wahgazab.com/category/jeevan-mantra/page/68/" "Mozilla/5.0 (compatible; SeekportBot; +https://bot.seekport.com)"
198.98.62.116 - - [20/Oct/2025:17:52:58 -0400] "POST /wp-login.php HTTP/1.1" 200 5886 "-" "Mozilla/5.0 (Windows NT 6.3; WOW64) AppleWebKit/537.36 (KHTML, like Gecko) Chrome/36.0.1985.125 Safari/537.36"
135.181.137.59 - - [20/Oct/2025:17:52:59 -0400] "GET /author/ea3c40c0df5477c525543b0e85548004/ HTTP/1.1" 200 138453 "http://wahgazab.com/category/jeevan-mantra/page/68/" "Mozilla/5.0 (compatible; SeekportBot; +https://bot.seekport.com)"
135.181.137.59 - - [20/Oct/2025:17:53:01 -0400] "GET /category/jeevan-mantra/page/67/ HTTP/1.1" 200 197664 "http://wahgazab.com/category/jeevan-mantra/page/68/" "Mozilla/5.0 (compatible; SeekportBot; +https://bot.seekport.com)"
135.181.137.59 - - [20/Oct/2025:17:53:03 -0400] "GET /category/jeevan-mantra/page/66/ HTTP/1.1" 200 199007 "http://wahgazab.com/category/jeevan-mantra/page/68/" "Mozilla/5.0 (compatible; SeekportBot; +https://bot.seekport.com)"
135.181.137.59 - - [20/Oct/2025:17:53:05 -0400] "GET /you-have-to-get-loan-from-bank-to-buy-this-chocolate/ HTTP/1.1" 200 283257 "http://wahgazab.com/tag/bank/" "Mozilla/5.0 (compatible; SeekportBot; +https://bot.seekport.com)"
135.181.137.59 - - [20/Oct/2025:17:53:07 -0400] "GET /lord-hanuman-runs-this-bank-and-it-is-shocking-for-people/ HTTP/1.1" 200 285793 "http://wahgazab.com/tag/bank/" "Mozilla/5.0 (compatible; SeekportBot; +https://bot.seekport.com)"
216.73.216.129 - - [20/Oct/2025:17:53:09 -0400] "GET /li-fi-will-give-tough-competition-to-wi-fi/li-fi6 HTTP/1.1" 301 - "-" "Mozilla/5.0 AppleWebKit/537.36 (KHTML, like Gecko; compatible; ClaudeBot/1.0; [email protected])"
135.181.137.59 - - [20/Oct/2025:17:53:09 -0400] "GET /mystery-behind-the-lord-ganesha-image-imprinted-on-indonesian-currency/ HTTP/1.1" 200 282848 "http://wahgazab.com/tag/bank/" "Mozilla/5.0 (compatible; SeekportBot; +https://bot.seekport.com)"
216.73.216.129 - - [20/Oct/2025:17:53:10 -0400] "GET /li-fi-will-give-tough-competition-to-wi-fi/li-fi6/ HTTP/1.1" 200 121935 "http://wahgazab.com/li-fi-will-give-tough-competition-to-wi-fi/li-fi6" "Mozilla/5.0 AppleWebKit/537.36 (KHTML, like Gecko; compatible; ClaudeBot/1.0; [email protected])"
135.181.137.59 - - [20/Oct/2025:17:53:11 -0400] "GET /facebook-users-to-get-1-lakh-loan-within-10-minuets/ HTTP/1.1" 200 288606 "http://wahgazab.com/tag/bank/" "Mozilla/5.0 (compatible; SeekportBot; +https://bot.seekport.com)"
216.73.216.129 - - [20/Oct/2025:17:53:11 -0400] "GET /this-woman-builds-her-own-grave-for-these-strange-reasons HTTP/1.1" 301 - "-" "Mozilla/5.0 AppleWebKit/537.36 (KHTML, like Gecko; compatible; ClaudeBot/1.0; [email protected])"
216.73.216.129 - - [20/Oct/2025:17:53:12 -0400] "GET /this-woman-builds-her-own-grave-for-these-strange-reasons/ HTTP/1.1" 200 280361 "http://wahgazab.com/this-woman-builds-her-own-grave-for-these-strange-reasons" "Mozilla/5.0 AppleWebKit/537.36 (KHTML, like Gecko; compatible; ClaudeBot/1.0; [email protected])"
135.181.137.59 - - [20/Oct/2025:17:53:13 -0400] "GET /brokers-are-in-fix-with-reserve-bank-policies/ HTTP/1.1" 200 286435 "http://wahgazab.com/tag/bank/" "Mozilla/5.0 (compatible; SeekportBot; +https://bot.seekport.com)"
135.181.137.59 - - [20/Oct/2025:17:53:15 -0400] "GET /reserve-bank-of-india-makes-a-mistake/ HTTP/1.1" 200 281689 "http://wahgazab.com/tag/bank/" "Mozilla/5.0 (compatible; SeekportBot; +https://bot.seekport.com)"
135.181.137.59 - - [20/Oct/2025:17:53:17 -0400] "GET /this-atm-delivered-five-times-more-money-to-the-people/ HTTP/1.1" 200 281389 "http://wahgazab.com/tag/bank/" "Mozilla/5.0 (compatible; SeekportBot; +https://bot.seekport.com)"
135.181.137.59 - - [20/Oct/2025:17:53:19 -0400] "GET /tag/gujarat-man/ HTTP/1.1" 200 121338 "http://wahgazab.com/gujarat-man-had-a-wedding-but-no-bride/" "Mozilla/5.0 (compatible; SeekportBot; +https://bot.seekport.com)"
135.181.137.59 - - [20/Oct/2025:17:53:20 -0400] "GET /tag/%E0%A4%B6%E0%A4%BE%E0%A4%A6%E0%A5%80/ HTTP/1.1" 200 155469 "http://wahgazab.com/gujarat-man-had-a-wedding-but-no-bride/" "Mozilla/5.0 (compatible; SeekportBot; +https://bot.seekport.com)"
135.181.137.59 - - [20/Oct/2025:17:53:22 -0400] "GET /paytm-10-crore-fraud-cashback-got-revealed/ HTTP/1.1" 200 279828 "http://wahgazab.com/gujarat-man-had-a-wedding-but-no-bride/" "Mozilla/5.0 (compatible; SeekportBot; +https://bot.seekport.com)"
135.181.137.59 - - [20/Oct/2025:17:53:24 -0400] "GET /know-why-the-groom-reached-court-to-get-a-divorce-after-seeing-the-bride/ HTTP/1.1" 200 284107 "http://wahgazab.com/get-married-soon-if-you-are-crossing-35/" "Mozilla/5.0 (compatible; SeekportBot; +https://bot.seekport.com)"
135.181.137.59 - - [20/Oct/2025:17:53:26 -0400] "GET /navapur-railway-station-which-is-half-in-gujarat-and-half-in-maharashtra/ HTTP/1.1" 200 284999 "http://wahgazab.com/tag/maharashtra/" "Mozilla/5.0 (compatible; SeekportBot; +https://bot.seekport.com)"
5.39.109.163 - - [20/Oct/2025:17:53:27 -0400] "GET /adorable-princesses-of-islamic-nations/feed/ HTTP/1.1" 200 910 "-" "Mozilla/5.0 (compatible; AhrefsBot/7.0; +http://ahrefs.com/robot/)"
135.181.137.59 - - [20/Oct/2025:17:53:28 -0400] "GET /sunil-of-maharashtra-reincarnated-in-allahbad/ HTTP/1.1" 200 284874 "http://wahgazab.com/tag/maharashtra/" "Mozilla/5.0 (compatible; SeekportBot; +https://bot.seekport.com)"
135.181.137.59 - - [20/Oct/2025:17:53:30 -0400] "GET /sunny-waghchaure-considered-as-the-goldman-of-india-having-everything-made-of-gold/ HTTP/1.1" 200 285557 "http://wahgazab.com/tag/maharashtra/" "Mozilla/5.0 (compatible; SeekportBot; +https://bot.seekport.com)"
135.181.137.59 - - [20/Oct/2025:17:53:31 -0400] "GET /these-dangerous-armies-exist-in-india/ HTTP/1.1" 200 290622 "http://wahgazab.com/tag/maharashtra/" "Mozilla/5.0 (compatible; SeekportBot; +https://bot.seekport.com)"
135.181.137.59 - - [20/Oct/2025:17:53:33 -0400] "GET /udayanraje-bhonsle-successor-of-chhatrapati-shivaji-loves-swanky-cars-and-bikes/ HTTP/1.1" 200 283911 "http://wahgazab.com/tag/maharashtra/" "Mozilla/5.0 (compatible; SeekportBot; +https://bot.seekport.com)"
135.181.137.59 - - [20/Oct/2025:17:53:35 -0400] "GET /baby-born-in-ola-cab-gets-a-free-ride-for-5-years/ HTTP/1.1" 200 283956 "http://wahgazab.com/tag/maharashtra/" "Mozilla/5.0 (compatible; SeekportBot; +https://bot.seekport.com)"
135.181.137.59 - - [20/Oct/2025:17:53:38 -0400] "GET /chowmin-chocolates-and-many-such-food-items-distributed-as-offerings-at-these-temples/ HTTP/1.1" 200 288771 "http://wahgazab.com/tag/maharashtra/" "Mozilla/5.0 (compatible; SeekportBot; +https://bot.seekport.com)"
135.181.137.59 - - [20/Oct/2025:17:53:39 -0400] "GET /muslim-man-adopts-cow-and-spreads-a-message-of-humanity/ HTTP/1.1" 200 284756 "http://wahgazab.com/tag/maharashtra/" "Mozilla/5.0 (compatible; SeekportBot; +https://bot.seekport.com)"
135.181.137.59 - - [20/Oct/2025:17:53:41 -0400] "GET /man-set-fire-to-the-vehicles-for-blocking-the-way-to-toilet/ HTTP/1.1" 200 282674 "http://wahgazab.com/tag/maharashtra/" "Mozilla/5.0 (compatible; SeekportBot; +https://bot.seekport.com)"
135.181.137.59 - - [20/Oct/2025:17:53:43 -0400] "GET /102-years-old-doctor-balwant-ghatpande-from-pune-serves-patients/ HTTP/1.1" 200 284308 "http://wahgazab.com/tag/maharashtra/" "Mozilla/5.0 (compatible; SeekportBot; +https://bot.seekport.com)"
135.181.137.59 - - [20/Oct/2025:17:53:45 -0400] "GET /people-face-repercussions-for-firing-crackers-during-tubelight-movie-show/ HTTP/1.1" 200 282535 "http://wahgazab.com/tag/maharashtra/" "Mozilla/5.0 (compatible; SeekportBot; +https://bot.seekport.com)"
135.181.137.59 - - [20/Oct/2025:17:53:47 -0400] "GET /teachers-touches-the-feet-of-students-here-at-this-school/ HTTP/1.1" 200 283652 "http://wahgazab.com/tag/maharashtra/" "Mozilla/5.0 (compatible; SeekportBot; +https://bot.seekport.com)"
135.181.137.59 - - [20/Oct/2025:17:53:49 -0400] "GET /this-wedding-invitation-resembles-aadhaar-card/ HTTP/1.1" 200 281923 "http://wahgazab.com/tag/maharashtra/" "Mozilla/5.0 (compatible; SeekportBot; +https://bot.seekport.com)"
216.73.216.129 - - [20/Oct/2025:17:53:50 -0400] "GET /how-to-take-care-of-yourself-during-pregnancy/beautiful-pregnancy-eating-salad HTTP/1.1" 301 - "-" "Mozilla/5.0 AppleWebKit/537.36 (KHTML, like Gecko; compatible; ClaudeBot/1.0; [email protected])"
216.73.216.129 - - [20/Oct/2025:17:53:51 -0400] "GET /how-to-take-care-of-yourself-during-pregnancy/beautiful-pregnancy-eating-salad/ HTTP/1.1" 200 122208 "http://wahgazab.com/how-to-take-care-of-yourself-during-pregnancy/beautiful-pregnancy-eating-salad" "Mozilla/5.0 AppleWebKit/537.36 (KHTML, like Gecko; compatible; ClaudeBot/1.0; [email protected])"
135.181.137.59 - - [20/Oct/2025:17:53:51 -0400] "GET /people-caught-filming-a-burning-person-on-the-road/ HTTP/1.1" 200 282892 "http://wahgazab.com/tag/maharashtra/" "Mozilla/5.0 (compatible; SeekportBot; +https://bot.seekport.com)"
135.181.137.59 - - [20/Oct/2025:17:53:53 -0400] "GET /this-girl-catches-snakes-and-having-more-than-51-thousand-snakes/ HTTP/1.1" 200 281677 "http://wahgazab.com/tag/maharashtra/" "Mozilla/5.0 (compatible; SeekportBot; +https://bot.seekport.com)"
135.181.137.59 - - [20/Oct/2025:17:53:55 -0400] "GET /there-are-many-unresolved-mysteries-about-this-mahalakshmi-temple-from-kolhapur-maharashtra/ HTTP/1.1" 200 285074 "http://wahgazab.com/tag/maharashtra/" "Mozilla/5.0 (compatible; SeekportBot; +https://bot.seekport.com)"
135.181.137.59 - - [20/Oct/2025:17:53:57 -0400] "GET /counting-the-pillars-of-this-1800-years-old-temple-takes-peoples-life/ HTTP/1.1" 200 283852 "http://wahgazab.com/tag/maharashtra/" "Mozilla/5.0 (compatible; SeekportBot; +https://bot.seekport.com)"
135.181.137.59 - - [20/Oct/2025:17:53:59 -0400] "GET /witchcraft-starts-from-here/ HTTP/1.1" 200 283037 "http://wahgazab.com/tag/maharashtra/" "Mozilla/5.0 (compatible; SeekportBot; +https://bot.seekport.com)"
135.181.137.59 - - [20/Oct/2025:17:54:01 -0400] "GET /dogs-worshiped-at-this-temple/ HTTP/1.1" 200 282926 "http://wahgazab.com/tag/maharashtra/" "Mozilla/5.0 (compatible; SeekportBot; +https://bot.seekport.com)"
135.181.137.59 - - [20/Oct/2025:17:54:03 -0400] "GET /tag/maharashtra/page/2/ HTTP/1.1" 200 152999 "http://wahgazab.com/tag/maharashtra/" "Mozilla/5.0 (compatible; SeekportBot; +https://bot.seekport.com)"
135.181.137.59 - - [20/Oct/2025:17:54:05 -0400] "GET /tag/dog-playing-piano/ HTTP/1.1" 200 121396 "http://wahgazab.com/a-dog-playing-piano-video-goes-viral/" "Mozilla/5.0 (compatible; SeekportBot; +https://bot.seekport.com)"
135.181.137.59 - - [20/Oct/2025:17:54:07 -0400] "GET /tag/%E0%A4%A1%E0%A5%89%E0%A4%97%E0%A5%8D%E0%A4%B8/ HTTP/1.1" 200 121420 "http://wahgazab.com/a-dog-playing-piano-video-goes-viral/" "Mozilla/5.0 (compatible; SeekportBot; +https://bot.seekport.com)"
135.181.137.59 - - [20/Oct/2025:17:54:09 -0400] "GET /akshay-kumar-covered-the-truth-behind-pm-modis-washerman/ HTTP/1.1" 200 287310 "http://wahgazab.com/a-dog-playing-piano-video-goes-viral/" "Mozilla/5.0 (compatible; SeekportBot; +https://bot.seekport.com)"
135.181.137.59 - - [20/Oct/2025:17:54:11 -0400] "GET /health-benefits-of-kiss/ HTTP/1.1" 200 282170 "http://wahgazab.com/category/relationship-tips/page/2/" "Mozilla/5.0 (compatible; SeekportBot; +https://bot.seekport.com)"
135.181.137.59 - - [20/Oct/2025:17:54:13 -0400] "GET /how-to-propose-a-girl/ HTTP/1.1" 200 282913 "http://wahgazab.com/category/relationship-tips/page/2/" "Mozilla/5.0 (compatible; SeekportBot; +https://bot.seekport.com)"
135.181.137.59 - - [20/Oct/2025:17:54:14 -0400] "GET /here-is-why-boys-like-girls-short-in-height/ HTTP/1.1" 200 284010 "http://wahgazab.com/category/relationship-tips/page/2/" "Mozilla/5.0 (compatible; SeekportBot; +https://bot.seekport.com)"
135.181.137.59 - - [20/Oct/2025:17:54:16 -0400] "GET /this-strange-ring-to-tell-you-about-your-love-life/ HTTP/1.1" 200 282398 "http://wahgazab.com/category/relationship-tips/page/2/" "Mozilla/5.0 (compatible; SeekportBot; +https://bot.seekport.com)"
135.181.137.59 - - [20/Oct/2025:17:54:18 -0400] "GET /how-age-difference-between-you-and-your-partner-affects-the-relationship/ HTTP/1.1" 200 283830 "http://wahgazab.com/category/relationship-tips/page/2/" "Mozilla/5.0 (compatible; SeekportBot; +https://bot.seekport.com)"
135.181.137.59 - - [20/Oct/2025:17:54:20 -0400] "GET /why-girls-love-the-guys-with-beards/ HTTP/1.1" 200 278069 "http://wahgazab.com/category/relationship-tips/page/3/" "Mozilla/5.0 (compatible; SeekportBot; +https://bot.seekport.com)"
135.181.137.59 - - [20/Oct/2025:17:54:22 -0400] "GET /10-best-compliments-to-impress-girls/ HTTP/1.1" 200 293165 "http://wahgazab.com/category/relationship-tips/page/3/" "Mozilla/5.0 (compatible; SeekportBot; +https://bot.seekport.com)"
135.181.137.59 - - [20/Oct/2025:17:54:24 -0400] "GET /know-why-men-are-scared-of-commitments/ HTTP/1.1" 200 282509 "http://wahgazab.com/category/relationship-tips/page/3/" "Mozilla/5.0 (compatible; SeekportBot; +https://bot.seekport.com)"
135.181.137.59 - - [20/Oct/2025:17:54:26 -0400] "GET /how-life-of-a-man-changes-after-coming-into-a-relationship/ HTTP/1.1" 200 281482 "http://wahgazab.com/category/relationship-tips/page/3/" "Mozilla/5.0 (compatible; SeekportBot; +https://bot.seekport.com)"
135.181.137.59 - - [20/Oct/2025:17:54:28 -0400] "GET /how-to-convince-your-parents-for-love-marriage/ HTTP/1.1" 200 283041 "http://wahgazab.com/category/relationship-tips/page/3/" "Mozilla/5.0 (compatible; SeekportBot; +https://bot.seekport.com)"
135.181.137.59 - - [20/Oct/2025:17:54:30 -0400] "GET /do-this-one-thing-to-impress-girls/ HTTP/1.1" 200 286889 "http://wahgazab.com/category/relationship-tips/page/3/" "Mozilla/5.0 (compatible; SeekportBot; +https://bot.seekport.com)"
135.181.137.59 - - [20/Oct/2025:17:54:32 -0400] "GET /5-mistakes-to-keep-in-mind-during-kissing/ HTTP/1.1" 200 284316 "http://wahgazab.com/category/relationship-tips/page/3/" "Mozilla/5.0 (compatible; SeekportBot; +https://bot.seekport.com)"
135.181.137.59 - - [20/Oct/2025:17:54:34 -0400] "GET /watch-this-video-to-witness-true-love/ HTTP/1.1" 200 281470 "http://wahgazab.com/category/relationship-tips/page/3/" "Mozilla/5.0 (compatible; SeekportBot; +https://bot.seekport.com)"
135.181.137.59 - - [20/Oct/2025:17:54:36 -0400] "GET /category/relationship-tips/page/4/ HTTP/1.1" 200 200069 "http://wahgazab.com/category/relationship-tips/page/3/" "Mozilla/5.0 (compatible; SeekportBot; +https://bot.seekport.com)"
135.181.137.59 - - [20/Oct/2025:17:54:38 -0400] "GET /tell-about-ex-to-your-partner-this-way/ HTTP/1.1" 200 288771 "http://wahgazab.com/category/relationship-tips/page/11/" "Mozilla/5.0 (compatible; SeekportBot; +https://bot.seekport.com)"
135.181.137.59 - - [20/Oct/2025:17:54:40 -0400] "GET /arranged-maried-is-better-even-today/ HTTP/1.1" 200 286376 "http://wahgazab.com/category/relationship-tips/page/11/" "Mozilla/5.0 (compatible; SeekportBot; +https://bot.seekport.com)"
135.181.137.59 - - [20/Oct/2025:17:54:42 -0400] "GET /side-effect-of-having-girlfriend/ HTTP/1.1" 200 286837 "http://wahgazab.com/category/relationship-tips/page/11/" "Mozilla/5.0 (compatible; SeekportBot; +https://bot.seekport.com)"
135.181.137.59 - - [20/Oct/2025:17:54:44 -0400] "GET /men-are-curious-to-find-out-these-facts-about-women/ HTTP/1.1" 200 287312 "http://wahgazab.com/category/relationship-tips/page/11/" "Mozilla/5.0 (compatible; SeekportBot; +https://bot.seekport.com)"
135.181.137.59 - - [20/Oct/2025:17:54:46 -0400] "GET /know-how-to-make-your-loved-ones-happy/ HTTP/1.1" 200 284433 "http://wahgazab.com/category/relationship-tips/page/11/" "Mozilla/5.0 (compatible; SeekportBot; +https://bot.seekport.com)"
135.181.137.59 - - [20/Oct/2025:17:54:48 -0400] "GET /flirting-games-brings-new-excitement-in-your-relationship/ HTTP/1.1" 200 286917 "http://wahgazab.com/category/relationship-tips/page/11/" "Mozilla/5.0 (compatible; SeekportBot; +https://bot.seekport.com)"
135.181.137.59 - - [20/Oct/2025:17:54:50 -0400] "GET /a-new-initiative-for-minimizing-the-risk-of-aids/ HTTP/1.1" 200 285372 "http://wahgazab.com/category/relationship-tips/page/11/" "Mozilla/5.0 (compatible; SeekportBot; +https://bot.seekport.com)"
135.181.137.59 - - [20/Oct/2025:17:54:52 -0400] "GET /category/relationship-tips/page/10/ HTTP/1.1" 200 198899 "http://wahgazab.com/category/relationship-tips/page/11/" "Mozilla/5.0 (compatible; SeekportBot; +https://bot.seekport.com)"
135.181.137.59 - - [20/Oct/2025:17:54:53 -0400] "GET /category/relationship-tips/page/9/ HTTP/1.1" 200 199317 "http://wahgazab.com/category/relationship-tips/page/11/" "Mozilla/5.0 (compatible; SeekportBot; +https://bot.seekport.com)"
135.181.137.59 - - [20/Oct/2025:17:54:55 -0400] "GET /tag/dogs-luxurious-lives/ HTTP/1.1" 200 121415 "http://wahgazab.com/these-pet-dogs-live-luxurious-lives/" "Mozilla/5.0 (compatible; SeekportBot; +https://bot.seekport.com)"
135.181.137.59 - - [20/Oct/2025:17:54:57 -0400] "GET /tag/dogs-%E0%A4%95%E0%A5%80-%E0%A5%9B%E0%A4%BF%E0%A4%82%E0%A4%A6%E0%A4%97%E0%A5%80/ HTTP/1.1" 200 121567 "http://wahgazab.com/these-pet-dogs-live-luxurious-lives/" "Mozilla/5.0 (compatible; SeekportBot; +https://bot.seekport.com)"
135.181.137.59 - - [20/Oct/2025:17:54:59 -0400] "GET /india-wins-diplomatic-war-as-un-declares-masood-azhar-international-terrorist/ HTTP/1.1" 200 285894 "http://wahgazab.com/these-pet-dogs-live-luxurious-lives/" "Mozilla/5.0 (compatible; SeekportBot; +https://bot.seekport.com)"
135.181.137.59 - - [20/Oct/2025:17:55:00 -0400] "GET /kerala-couple-falls-into-river-while-pre-wedding-photoshoot/ HTTP/1.1" 200 282380 "http://wahgazab.com/category/funny-news/page/2/" "Mozilla/5.0 (compatible; SeekportBot; +https://bot.seekport.com)"
94.23.188.217 - - [20/Oct/2025:17:55:00 -0400] "GET /tag/police-acknowledged-people/ HTTP/1.1" 200 122017 "-" "Mozilla/5.0 (compatible; AhrefsBot/7.0; +http://ahrefs.com/robot/)"
135.181.137.59 - - [20/Oct/2025:17:55:02 -0400] "GET /you-will-not-be-able-to-stop-laughing-after-seeing-such-details-of-bank-cheque/ HTTP/1.1" 200 282991 "http://wahgazab.com/category/funny-news/page/2/" "Mozilla/5.0 (compatible; SeekportBot; +https://bot.seekport.com)"
135.181.137.59 - - [20/Oct/2025:17:55:04 -0400] "GET /you-wont-help-laughing-listening-to-these-speech-of-countrys-leaders/ HTTP/1.1" 200 286199 "http://wahgazab.com/category/funny-news/page/2/" "Mozilla/5.0 (compatible; SeekportBot; +https://bot.seekport.com)"
135.181.137.59 - - [20/Oct/2025:17:55:06 -0400] "GET /why-do-people-talk-about-the-things-in-summer-that-boils-up-their-mind/ HTTP/1.1" 200 291452 "http://wahgazab.com/category/funny-news/page/2/" "Mozilla/5.0 (compatible; SeekportBot; +https://bot.seekport.com)"
135.181.137.59 - - [20/Oct/2025:17:55:08 -0400] "GET /instead-of-hitting-the-thief-who-entered-the-house-given-tea-snacks-the-police-were-shocked/ HTTP/1.1" 200 281574 "http://wahgazab.com/category/funny-news/page/2/" "Mozilla/5.0 (compatible; SeekportBot; +https://bot.seekport.com)"
135.181.137.59 - - [20/Oct/2025:17:55:10 -0400] "GET /these-pictures-of-pakistan-will-make-you-lmao/ HTTP/1.1" 200 283691 "http://wahgazab.com/category/funny-news/page/2/" "Mozilla/5.0 (compatible; SeekportBot; +https://bot.seekport.com)"
135.181.137.59 - - [20/Oct/2025:17:55:12 -0400] "GET /social-media-trolls-rahul-gandhi-on-the-news-of-him-becoming-italys-pm/ HTTP/1.1" 200 283350 "http://wahgazab.com/category/funny-news/page/2/" "Mozilla/5.0 (compatible; SeekportBot; +https://bot.seekport.com)"
198.98.60.134 - - [20/Oct/2025:17:55:13 -0400] "GET /wp-login.php HTTP/1.1" 200 5415 "-" "Mozilla/5.0 (iPad; CPU OS 7_1_2 like Mac OS X) AppleWebKit/537.51.2 (KHTML, like Gecko) Version/7.0 Mobile/11D257 Safari/9537.53"
135.181.137.59 - - [20/Oct/2025:17:55:14 -0400] "GET /these-pictures-of-indian-politicians-holds-the-dose-of-laughter/ HTTP/1.1" 200 286715 "http://wahgazab.com/category/funny-news/page/2/" "Mozilla/5.0 (compatible; SeekportBot; +https://bot.seekport.com)"
135.181.137.59 - - [20/Oct/2025:17:55:17 -0400] "GET /these-groom-become-a-joke-on-the-day-of-their-marriage-check-out-their-pictures/ HTTP/1.1" 200 284248 "http://wahgazab.com/category/funny-news/page/3/" "Mozilla/5.0 (compatible; SeekportBot; +https://bot.seekport.com)"
198.98.60.134 - - [20/Oct/2025:17:55:17 -0400] "POST /wp-login.php HTTP/1.1" 200 5896 "-" "Mozilla/5.0 (iPad; CPU OS 7_1_2 like Mac OS X) AppleWebKit/537.51.2 (KHTML, like Gecko) Version/7.0 Mobile/11D257 Safari/9537.53"
135.181.137.59 - - [20/Oct/2025:17:55:18 -0400] "GET /you-wont-able-to-control-your-laughter-after-seeing-these-sign-boards-on-the-road/ HTTP/1.1" 200 285384 "http://wahgazab.com/category/funny-news/page/3/" "Mozilla/5.0 (compatible; SeekportBot; +https://bot.seekport.com)"
135.181.137.59 - - [20/Oct/2025:17:55:20 -0400] "GET /these-funny-pictures-will-reduce-your-mental-stress/ HTTP/1.1" 200 286098 "http://wahgazab.com/category/funny-news/page/3/" "Mozilla/5.0 (compatible; SeekportBot; +https://bot.seekport.com)"
135.181.137.59 - - [20/Oct/2025:17:55:22 -0400] "GET /you-will-forget-your-stress-after-viewing-the-photos-of-these-people/ HTTP/1.1" 200 286107 "http://wahgazab.com/category/funny-news/page/3/" "Mozilla/5.0 (compatible; SeekportBot; +https://bot.seekport.com)"
135.181.137.59 - - [20/Oct/2025:17:55:24 -0400] "GET /know-about-this-trick-to-bath-in-winter-without-feeling-cold/ HTTP/1.1" 200 287035 "http://wahgazab.com/category/funny-news/page/3/" "Mozilla/5.0 (compatible; SeekportBot; +https://bot.seekport.com)"
135.181.137.59 - - [20/Oct/2025:17:55:25 -0400] "GET /one-cannot-stop-their-laugh-after-seeing-these-sign-boards/ HTTP/1.1" 200 286963 "http://wahgazab.com/category/funny-news/page/3/" "Mozilla/5.0 (compatible; SeekportBot; +https://bot.seekport.com)"
135.181.137.59 - - [20/Oct/2025:17:55:27 -0400] "GET /these-pictures-of-tricks-imposed-by-people-around-the-world-will-surprise-you/ HTTP/1.1" 200 285786 "http://wahgazab.com/category/funny-news/page/3/" "Mozilla/5.0 (compatible; SeekportBot; +https://bot.seekport.com)"
178.171.15.19 - - [20/Oct/2025:17:55:28 -0400] "GET /wp-content/uploads/2016/08/flying_bike.jpg HTTP/1.1" 404 136514 "-" "Mozilla/5.0 (Windows NT 10.0; Win64; x64) AppleWebKit/537.36 (KHTML, like Gecko) Chrome/123.0.0.0 Safari/537.36 Edg/123.0.0.0"
135.181.137.59 - - [20/Oct/2025:17:55:29 -0400] "GET /these-posters-at-the-shops-in-the-market-will-make-you-laugh/ HTTP/1.1" 200 284162 "http://wahgazab.com/category/funny-news/page/3/" "Mozilla/5.0 (compatible; SeekportBot; +https://bot.seekport.com)"
135.181.137.59 - - [20/Oct/2025:17:55:31 -0400] "GET /category/funny-news/page/4/ HTTP/1.1" 200 202303 "http://wahgazab.com/category/funny-news/page/3/" "Mozilla/5.0 (compatible; SeekportBot; +https://bot.seekport.com)"
158.46.214.226 - - [20/Oct/2025:17:55:32 -0400] "GET /wp-content/uploads/2016/08/flying_bike.jpg HTTP/1.1" 404 136514 "-" "Mozilla/5.0 (Windows NT 10.0; Win64; x64) AppleWebKit/537.36 (KHTML, like Gecko) Chrome/123.0.0.0 Safari/537.36"
135.181.137.59 - - [20/Oct/2025:17:55:33 -0400] "GET /pakistan-after-losing-the-match-against-india-did-not-break-any-television/ HTTP/1.1" 200 285414 "http://wahgazab.com/category/funny-news/page/11/" "Mozilla/5.0 (compatible; SeekportBot; +https://bot.seekport.com)"
135.181.137.59 - - [20/Oct/2025:17:55:35 -0400] "GET /deshbhakti-toothpaste-hits-the-market-to-compete-with-colgate-vedshakti-toothpaste/ HTTP/1.1" 200 288022 "http://wahgazab.com/category/funny-news/page/11/" "Mozilla/5.0 (compatible; SeekportBot; +https://bot.seekport.com)"
135.181.137.59 - - [20/Oct/2025:17:55:37 -0400] "GET /indian-witches-to-wear-colored-outfits-now/ HTTP/1.1" 200 284345 "http://wahgazab.com/category/funny-news/page/11/" "Mozilla/5.0 (compatible; SeekportBot; +https://bot.seekport.com)"
178.171.78.34 - - [20/Oct/2025:17:55:38 -0400] "GET /wp-content/uploads/2016/08/flying_bike.jpg HTTP/1.1" 404 136514 "-" "Mozilla/5.0 (Windows NT 10.0; Win64; x64; rv:123.0) Gecko/20100101 Firefox/123.0"
135.181.137.59 - - [20/Oct/2025:17:55:39 -0400] "GET /monsoon-comes-a-little-earlier-police-issues-summon/ HTTP/1.1" 200 281550 "http://wahgazab.com/category/funny-news/page/11/" "Mozilla/5.0 (compatible; SeekportBot; +https://bot.seekport.com)"
135.181.137.59 - - [20/Oct/2025:17:55:41 -0400] "GET /a-buffalo-arrested-for-grazing-here/ HTTP/1.1" 200 280931 "http://wahgazab.com/category/funny-news/page/11/" "Mozilla/5.0 (compatible; SeekportBot; +https://bot.seekport.com)"
135.181.137.59 - - [20/Oct/2025:17:55:43 -0400] "GET /a-newly-wed-bride-denies-to-say-bharat-mata-ki-jai-and-groom-asks-for-divorce/ HTTP/1.1" 200 286973 "http://wahgazab.com/category/funny-news/page/11/" "Mozilla/5.0 (compatible; SeekportBot; +https://bot.seekport.com)"
135.181.137.59 - - [20/Oct/2025:17:55:45 -0400] "GET /narendra-modi-claims-to-form-bjp-government-in-usa-and-gets-the-support-of-hillary-clinton/ HTTP/1.1" 200 286825 "http://wahgazab.com/category/funny-news/page/11/" "Mozilla/5.0 (compatible; SeekportBot; +https://bot.seekport.com)"
135.181.137.59 - - [20/Oct/2025:17:55:47 -0400] "GET /category/funny-news/page/10/ HTTP/1.1" 200 201544 "http://wahgazab.com/category/funny-news/page/11/" "Mozilla/5.0 (compatible; SeekportBot; +https://bot.seekport.com)"
135.181.137.59 - - [20/Oct/2025:17:55:49 -0400] "GET /category/funny-news/page/9/ HTTP/1.1" 200 201640 "http://wahgazab.com/category/funny-news/page/11/" "Mozilla/5.0 (compatible; SeekportBot; +https://bot.seekport.com)"
135.181.137.59 - - [20/Oct/2025:17:55:50 -0400] "GET /tag/male-goat/ HTTP/1.1" 200 124267 "http://wahgazab.com/male-goat-gives-milk-in-this-village/" "Mozilla/5.0 (compatible; SeekportBot; +https://bot.seekport.com)"
135.181.137.59 - - [20/Oct/2025:17:55:52 -0400] "GET /tag/male-goat-milk/ HTTP/1.1" 200 121446 "http://wahgazab.com/male-goat-gives-milk-in-this-village/" "Mozilla/5.0 (compatible; SeekportBot; +https://bot.seekport.com)"
135.181.137.59 - - [20/Oct/2025:17:55:54 -0400] "GET /hrithik-roshan-dies-in-an-accident-in-up/ HTTP/1.1" 200 278757 "http://wahgazab.com/male-goat-gives-milk-in-this-village/" "Mozilla/5.0 (compatible; SeekportBot; +https://bot.seekport.com)"
135.181.137.59 - - [20/Oct/2025:17:55:56 -0400] "GET /tag/animal-drone/ HTTP/1.1" 200 121499 "http://wahgazab.com/animals-flying-in-the-sky-after-death/" "Mozilla/5.0 (compatible; SeekportBot; +https://bot.seekport.com)"
135.181.137.59 - - [20/Oct/2025:17:55:58 -0400] "GET /tag/animals/ HTTP/1.1" 200 141876 "http://wahgazab.com/animals-flying-in-the-sky-after-death/" "Mozilla/5.0 (compatible; SeekportBot; +https://bot.seekport.com)"
135.181.137.59 - - [20/Oct/2025:17:55:59 -0400] "GET /tag/dead-animals/ HTTP/1.1" 200 121499 "http://wahgazab.com/animals-flying-in-the-sky-after-death/" "Mozilla/5.0 (compatible; SeekportBot; +https://bot.seekport.com)"
135.181.137.59 - - [20/Oct/2025:17:56:01 -0400] "GET /88-year-old-baddie-winkle-looks-shokingly-amazing-at-this-age/ HTTP/1.1" 200 281983 "http://wahgazab.com/animals-flying-in-the-sky-after-death/" "Mozilla/5.0 (compatible; SeekportBot; +https://bot.seekport.com)"
135.181.137.59 - - [20/Oct/2025:17:56:03 -0400] "GET /humanity-is-at-low-again-another-nirbhaya-from-kerala-seeks-justice/ HTTP/1.1" 200 286150 "http://wahgazab.com/tag/nirbhaya-case/" "Mozilla/5.0 (compatible; SeekportBot; +https://bot.seekport.com)"
135.181.137.59 - - [20/Oct/2025:17:56:04 -0400] "GET /juvenile-justice-bill-passed-in-rajya-sabha/ HTTP/1.1" 200 282534 "http://wahgazab.com/tag/nirbhaya-case/" "Mozilla/5.0 (compatible; SeekportBot; +https://bot.seekport.com)"
135.181.137.59 - - [20/Oct/2025:17:56:05 -0400] "GET /why-did-the-indignation-of-public-increase-for-kejriwal/ HTTP/1.1" 200 284977 "http://wahgazab.com/tag/nirbhaya-case/" "Mozilla/5.0 (compatible; SeekportBot; +https://bot.seekport.com)"
135.181.137.59 - - [20/Oct/2025:17:56:07 -0400] "GET /judge-declared-a-historic-judgment-in-rohtak-nirbhaya-case/ HTTP/1.1" 200 288660 "http://wahgazab.com/tag/nirbhaya-case/" "Mozilla/5.0 (compatible; SeekportBot; +https://bot.seekport.com)"
135.181.137.59 - - [20/Oct/2025:17:56:09 -0400] "GET /how-will-nirbhaya-get-justice-now/ HTTP/1.1" 200 284650 "http://wahgazab.com/tag/nirbhaya-case/" "Mozilla/5.0 (compatible; SeekportBot; +https://bot.seekport.com)"
135.181.137.59 - - [20/Oct/2025:17:56:11 -0400] "GET /will-nirbhaya-get-justice-from-high-court-today/ HTTP/1.1" 200 282780 "http://wahgazab.com/tag/nirbhaya-case/" "Mozilla/5.0 (compatible; SeekportBot; +https://bot.seekport.com)"
135.181.137.59 - - [20/Oct/2025:17:56:12 -0400] "GET /nirbhaya-case-justice-still-awaited-after-three-years/ HTTP/1.1" 200 295323 "http://wahgazab.com/tag/nirbhaya-case/" "Mozilla/5.0 (compatible; SeekportBot; +https://bot.seekport.com)"
135.181.137.59 - - [20/Oct/2025:17:56:14 -0400] "GET /salman-became-the-reason-for-aishwaryas-refusal-to-bajirao-mastani/ HTTP/1.1" 200 279526 "http://wahgazab.com/navjot-singh-sidhu-is-still-in-critical-condition/" "Mozilla/5.0 (compatible; SeekportBot; +https://bot.seekport.com)"
135.181.137.59 - - [20/Oct/2025:17:56:15 -0400] "GET /when-will-our-society-change/ HTTP/1.1" 200 284447 "http://wahgazab.com/navjot-singh-sidhu-is-still-in-critical-condition/" "Mozilla/5.0 (compatible; SeekportBot; +https://bot.seekport.com)"
135.181.137.59 - - [20/Oct/2025:17:56:16 -0400] "GET /navjot-singh-sidhu-is-still-in-critical-condition/?replytocom=9 HTTP/1.1" 200 278263 "http://wahgazab.com/navjot-singh-sidhu-is-still-in-critical-condition/" "Mozilla/5.0 (compatible; SeekportBot; +https://bot.seekport.com)"
135.181.137.59 - - [20/Oct/2025:17:56:18 -0400] "GET /know-about-those-temples-of-india-where-tantrik-still-tactics/ HTTP/1.1" 200 288673 "http://wahgazab.com/tag/kamakhya-temple/" "Mozilla/5.0 (compatible; SeekportBot; +https://bot.seekport.com)"
135.181.137.59 - - [20/Oct/2025:17:56:20 -0400] "GET /most-religiously-acclaimed-and-famous-temples-across-the-country/ HTTP/1.1" 200 284067 "http://wahgazab.com/tag/kamakhya-temple/" "Mozilla/5.0 (compatible; SeekportBot; +https://bot.seekport.com)"
216.73.216.129 - - [20/Oct/2025:17:56:23 -0400] "GET /bring-these-plants-to-home-to-stay-prosper/home-plant HTTP/1.1" 301 - "-" "Mozilla/5.0 AppleWebKit/537.36 (KHTML, like Gecko; compatible; ClaudeBot/1.0; [email protected])"
135.181.137.59 - - [20/Oct/2025:17:56:23 -0400] "GET /3-religious-places-men-are-prohibited-to-enter/ HTTP/1.1" 200 284728 "http://wahgazab.com/tag/kamakhya-temple/" "Mozilla/5.0 (compatible; SeekportBot; +https://bot.seekport.com)"
216.73.216.129 - - [20/Oct/2025:17:56:23 -0400] "GET /bring-these-plants-to-home-to-stay-prosper/home-plant/ HTTP/1.1" 200 122083 "http://wahgazab.com/bring-these-plants-to-home-to-stay-prosper/home-plant" "Mozilla/5.0 AppleWebKit/537.36 (KHTML, like Gecko; compatible; ClaudeBot/1.0; [email protected])"
3.90.73.206 - - [20/Oct/2025:17:56:24 -0400] "GET /tag/todays-latest-news-on-gutkha/ HTTP/1.1" 200 122671 "-" "Mozilla/5.0 AppleWebKit/537.36 (KHTML, like Gecko; compatible; Amazonbot/0.1; +https://developer.amazon.com/support/amazonbot) Chrome/119.0.6045.214 Safari/537.36"
135.181.137.59 - - [20/Oct/2025:17:56:24 -0400] "GET /kamakhya-temple-wrapped-with-mysteries/ HTTP/1.1" 200 286058 "http://wahgazab.com/tag/kamakhya-temple/" "Mozilla/5.0 (compatible; SeekportBot; +https://bot.seekport.com)"
135.181.137.59 - - [20/Oct/2025:17:56:26 -0400] "GET /uttar-pradesh-muslim-youth-save-cow-into-well-lucknow-2/[email protected] HTTP/1.1" 404 136514 "http://wahgazab.com/uttar-pradesh-muslim-youth-save-cow-into-well-lucknow-2/" "Mozilla/5.0 (compatible; SeekportBot; +https://bot.seekport.com)"
135.181.137.59 - - [20/Oct/2025:17:56:28 -0400] "GET /uttar-pradesh-muslim-youth-save-cow-into-well-lucknow/ HTTP/1.1" 200 278780 "http://wahgazab.com/uttar-pradesh-muslim-youth-save-cow-into-well-lucknow-2/" "Mozilla/5.0 (compatible; SeekportBot; +https://bot.seekport.com)"
135.181.137.59 - - [20/Oct/2025:17:56:30 -0400] "GET /uttar-pradesh-muslim-youth-save-cow-into-well-lucknow-2/?replytocom=7 HTTP/1.1" 200 278821 "http://wahgazab.com/uttar-pradesh-muslim-youth-save-cow-into-well-lucknow-2/" "Mozilla/5.0 (compatible; SeekportBot; +https://bot.seekport.com)"
135.181.137.59 - - [20/Oct/2025:17:56:32 -0400] "GET /tag/body-language/ HTTP/1.1" 200 124378 "http://wahgazab.com/how-to-read-womens-body-language-before-flirting-hindi/" "Mozilla/5.0 (compatible; SeekportBot; +https://bot.seekport.com)"
135.181.137.59 - - [20/Oct/2025:17:56:33 -0400] "GET /how-to-read-womens-body-language-before-flirting-hindi/[email protected] HTTP/1.1" 404 136514 "http://wahgazab.com/how-to-read-womens-body-language-before-flirting-hindi/" "Mozilla/5.0 (compatible; SeekportBot; +https://bot.seekport.com)"
51.75.236.152 - - [20/Oct/2025:17:56:35 -0400] "GET /tag/know-how-this-farmer-earned-21-lakh-in-just-70-days-from-musk-melon-farms/ HTTP/1.1" 200 122249 "-" "Mozilla/5.0 (compatible; AhrefsBot/7.0; +http://ahrefs.com/robot/)"
135.181.137.59 - - [20/Oct/2025:17:56:35 -0400] "GET /akhlaakh-shared-his-story-to-his-hindu-friend/ HTTP/1.1" 200 279918 "http://wahgazab.com/how-to-read-womens-body-language-before-flirting-hindi/" "Mozilla/5.0 (compatible; SeekportBot; +https://bot.seekport.com)"
135.181.137.59 - - [20/Oct/2025:17:56:37 -0400] "GET /how-to-read-womens-body-language-before-flirting-hindi/?replytocom=5 HTTP/1.1" 200 291962 "http://wahgazab.com/how-to-read-womens-body-language-before-flirting-hindi/" "Mozilla/5.0 (compatible; SeekportBot; +https://bot.seekport.com)"
135.181.137.59 - - [20/Oct/2025:17:56:39 -0400] "GET /how-to-read-womens-body-language-before-flirting-hindi/?replytocom=6 HTTP/1.1" 200 291965 "http://wahgazab.com/how-to-read-womens-body-language-before-flirting-hindi/" "Mozilla/5.0 (compatible; SeekportBot; +https://bot.seekport.com)"
135.181.137.59 - - [20/Oct/2025:17:56:41 -0400] "GET /importance-of-prayers-during-navratras/ HTTP/1.1" 200 282741 "http://wahgazab.com/first-look-of-salmans-next-film-sultan/" "Mozilla/5.0 (compatible; SeekportBot; +https://bot.seekport.com)"
23.22.105.143 - - [20/Oct/2025:17:56:41 -0400] "GET /category/sports/page/14/ HTTP/1.1" 200 198509 "-" "Mozilla/5.0 AppleWebKit/537.36 (KHTML, like Gecko; compatible; Amazonbot/0.1; +https://developer.amazon.com/support/amazonbot) Chrome/119.0.6045.214 Safari/537.36"
135.181.137.59 - - [20/Oct/2025:17:56:42 -0400] "GET /first-look-of-salmans-next-film-sultan/?replytocom=4 HTTP/1.1" 200 279597 "http://wahgazab.com/first-look-of-salmans-next-film-sultan/" "Mozilla/5.0 (compatible; SeekportBot; +https://bot.seekport.com)"
3.223.134.5 - - [20/Oct/2025:17:56:43 -0400] "GET /wife-does-something-weird-with-her-husband-on-valentines-day-that-police-had-to-come/ HTTP/1.1" 200 280557 "-" "Mozilla/5.0 AppleWebKit/537.36 (KHTML, like Gecko; compatible; Amazonbot/0.1; +https://developer.amazon.com/support/amazonbot) Chrome/119.0.6045.214 Safari/537.36"
135.181.137.59 - - [20/Oct/2025:17:56:44 -0400] "GET /posting-indescent-photos-on-facebook-or-whatsapp-is-a-crime/ HTTP/1.1" 200 279011 "http://wahgazab.com/kapil-ignored-by-aishwarya-in-her-vanity-van/" "Mozilla/5.0 (compatible; SeekportBot; +https://bot.seekport.com)"
135.181.137.59 - - [20/Oct/2025:17:56:46 -0400] "GET /kapil-ignored-by-aishwarya-in-her-vanity-van/?replytocom=3 HTTP/1.1" 200 280359 "http://wahgazab.com/kapil-ignored-by-aishwarya-in-her-vanity-van/" "Mozilla/5.0 (compatible; SeekportBot; +https://bot.seekport.com)"
135.181.137.59 - - [20/Oct/2025:17:56:48 -0400] "GET /hindu-neighbours-helped-muslim-family/ HTTP/1.1" 200 278684 "http://wahgazab.com/salmaan-khans-harsh-words-filled-aamir-khans-eyes-with-tears/" "Mozilla/5.0 (compatible; SeekportBot; +https://bot.seekport.com)"
135.181.137.59 - - [20/Oct/2025:17:56:50 -0400] "GET /pollution-on-rise-in-delhi/ HTTP/1.1" 200 281482 "http://wahgazab.com/salmaan-khans-harsh-words-filled-aamir-khans-eyes-with-tears/" "Mozilla/5.0 (compatible; SeekportBot; +https://bot.seekport.com)"
