51.68.172.194 - - [20/Oct/2025:08:19:42 -0400] "POST //xmlrpc.php HTTP/1.1" 200 401 "-" "Mozilla/5.0 (Windows NT 10.0; Win64; x64) AppleWebKit/537.36 (KHTML, like Gecko) Chrome/89.0.4389.114 Safari/537.36"
159.65.10.236 - - [20/Oct/2025:08:19:42 -0400] "POST //wp-login.php HTTP/1.1" 200 6641 "https://sexpositions.online//wp-login.php" "Mozilla/5.0 (Windows NT 10.0; Win64; x64) AppleWebKit/537.36 (KHTML, like Gecko) Chrome/88.0.4240.193 Safari/537.36"
159.65.10.236 - - [20/Oct/2025:08:19:43 -0400] "POST //wp-login.php HTTP/1.1" 200 6641 "https://sexpositions.online//wp-login.php" "Mozilla/5.0 (Windows NT 10.0; Win64; x64) AppleWebKit/537.36 (KHTML, like Gecko) Chrome/88.0.4240.193 Safari/537.36"
51.68.172.194 - - [20/Oct/2025:08:19:43 -0400] "POST //xmlrpc.php HTTP/1.1" 200 401 "-" "Mozilla/5.0 (Windows NT 10.0; Win64; x64) AppleWebKit/537.36 (KHTML, like Gecko) Chrome/89.0.4389.114 Safari/537.36"
159.65.10.236 - - [20/Oct/2025:08:19:43 -0400] "POST //wp-login.php HTTP/1.1" 200 6641 "https://sexpositions.online//wp-login.php" "Mozilla/5.0 (Windows NT 10.0; Win64; x64) AppleWebKit/537.36 (KHTML, like Gecko) Chrome/88.0.4240.193 Safari/537.36"
51.68.172.194 - - [20/Oct/2025:08:19:43 -0400] "POST //xmlrpc.php HTTP/1.1" 200 401 "-" "Mozilla/5.0 (Windows NT 10.0; Win64; x64) AppleWebKit/537.36 (KHTML, like Gecko) Chrome/89.0.4389.114 Safari/537.36"
159.65.10.236 - - [20/Oct/2025:08:19:43 -0400] "POST //wp-login.php HTTP/1.1" 200 6641 "https://sexpositions.online//wp-login.php" "Mozilla/5.0 (Windows NT 10.0; Win64; x64) AppleWebKit/537.36 (KHTML, like Gecko) Chrome/88.0.4240.193 Safari/537.36"
51.68.172.194 - - [20/Oct/2025:08:19:44 -0400] "POST //xmlrpc.php HTTP/1.1" 200 401 "-" "Mozilla/5.0 (Windows NT 10.0; Win64; x64) AppleWebKit/537.36 (KHTML, like Gecko) Chrome/89.0.4389.114 Safari/537.36"
159.65.10.236 - - [20/Oct/2025:08:19:44 -0400] "POST //wp-login.php HTTP/1.1" 200 6641 "https://sexpositions.online//wp-login.php" "Mozilla/5.0 (Windows NT 10.0; Win64; x64) AppleWebKit/537.36 (KHTML, like Gecko) Chrome/88.0.4240.193 Safari/537.36"
159.65.10.236 - - [20/Oct/2025:08:19:44 -0400] "POST //wp-login.php HTTP/1.1" 200 6641 "https://sexpositions.online//wp-login.php" "Mozilla/5.0 (Windows NT 10.0; Win64; x64) AppleWebKit/537.36 (KHTML, like Gecko) Chrome/88.0.4240.193 Safari/537.36"
51.68.172.194 - - [20/Oct/2025:08:19:44 -0400] "POST //xmlrpc.php HTTP/1.1" 200 401 "-" "Mozilla/5.0 (Windows NT 10.0; Win64; x64) AppleWebKit/537.36 (KHTML, like Gecko) Chrome/89.0.4389.114 Safari/537.36"
159.65.10.236 - - [20/Oct/2025:08:19:45 -0400] "POST //wp-login.php HTTP/1.1" 200 6641 "https://sexpositions.online//wp-login.php" "Mozilla/5.0 (Windows NT 10.0; Win64; x64) AppleWebKit/537.36 (KHTML, like Gecko) Chrome/88.0.4240.193 Safari/537.36"
51.68.172.194 - - [20/Oct/2025:08:19:45 -0400] "POST //xmlrpc.php HTTP/1.1" 200 401 "-" "Mozilla/5.0 (Windows NT 10.0; Win64; x64) AppleWebKit/537.36 (KHTML, like Gecko) Chrome/89.0.4389.114 Safari/537.36"
159.65.10.236 - - [20/Oct/2025:08:19:45 -0400] "POST //wp-login.php HTTP/1.1" 200 6641 "https://sexpositions.online//wp-login.php" "Mozilla/5.0 (Windows NT 10.0; Win64; x64) AppleWebKit/537.36 (KHTML, like Gecko) Chrome/88.0.4240.193 Safari/537.36"
51.68.172.194 - - [20/Oct/2025:08:19:45 -0400] "POST //xmlrpc.php HTTP/1.1" 200 401 "-" "Mozilla/5.0 (Windows NT 10.0; Win64; x64) AppleWebKit/537.36 (KHTML, like Gecko) Chrome/89.0.4389.114 Safari/537.36"
159.65.10.236 - - [20/Oct/2025:08:19:45 -0400] "POST //wp-login.php HTTP/1.1" 200 6641 "https://sexpositions.online//wp-login.php" "Mozilla/5.0 (Windows NT 10.0; Win64; x64) AppleWebKit/537.36 (KHTML, like Gecko) Chrome/88.0.4240.193 Safari/537.36"
159.65.10.236 - - [20/Oct/2025:08:19:46 -0400] "POST //wp-login.php HTTP/1.1" 200 6641 "https://sexpositions.online//wp-login.php" "Mozilla/5.0 (Windows NT 10.0; Win64; x64) AppleWebKit/537.36 (KHTML, like Gecko) Chrome/88.0.4240.193 Safari/537.36"
51.68.172.194 - - [20/Oct/2025:08:19:46 -0400] "POST //xmlrpc.php HTTP/1.1" 200 401 "-" "Mozilla/5.0 (Windows NT 10.0; Win64; x64) AppleWebKit/537.36 (KHTML, like Gecko) Chrome/89.0.4389.114 Safari/537.36"
159.65.10.236 - - [20/Oct/2025:08:19:46 -0400] "POST //wp-login.php HTTP/1.1" 200 6641 "https://sexpositions.online//wp-login.php" "Mozilla/5.0 (Windows NT 10.0; Win64; x64) AppleWebKit/537.36 (KHTML, like Gecko) Chrome/88.0.4240.193 Safari/537.36"
51.68.172.194 - - [20/Oct/2025:08:19:46 -0400] "POST //xmlrpc.php HTTP/1.1" 200 401 "-" "Mozilla/5.0 (Windows NT 10.0; Win64; x64) AppleWebKit/537.36 (KHTML, like Gecko) Chrome/89.0.4389.114 Safari/537.36"
159.65.10.236 - - [20/Oct/2025:08:19:46 -0400] "POST //wp-login.php HTTP/1.1" 200 6641 "https://sexpositions.online//wp-login.php" "Mozilla/5.0 (Windows NT 10.0; Win64; x64) AppleWebKit/537.36 (KHTML, like Gecko) Chrome/88.0.4240.193 Safari/537.36"
51.68.172.194 - - [20/Oct/2025:08:19:47 -0400] "POST //xmlrpc.php HTTP/1.1" 200 401 "-" "Mozilla/5.0 (Windows NT 10.0; Win64; x64) AppleWebKit/537.36 (KHTML, like Gecko) Chrome/89.0.4389.114 Safari/537.36"
159.65.10.236 - - [20/Oct/2025:08:19:47 -0400] "POST //wp-login.php HTTP/1.1" 200 6641 "https://sexpositions.online//wp-login.php" "Mozilla/5.0 (Windows NT 10.0; Win64; x64) AppleWebKit/537.36 (KHTML, like Gecko) Chrome/88.0.4240.193 Safari/537.36"
159.65.10.236 - - [20/Oct/2025:08:19:47 -0400] "POST //wp-login.php HTTP/1.1" 200 6641 "https://sexpositions.online//wp-login.php" "Mozilla/5.0 (Windows NT 10.0; Win64; x64) AppleWebKit/537.36 (KHTML, like Gecko) Chrome/88.0.4240.193 Safari/537.36"
51.68.172.194 - - [20/Oct/2025:08:19:47 -0400] "POST //xmlrpc.php HTTP/1.1" 200 401 "-" "Mozilla/5.0 (Windows NT 10.0; Win64; x64) AppleWebKit/537.36 (KHTML, like Gecko) Chrome/89.0.4389.114 Safari/537.36"
159.65.10.236 - - [20/Oct/2025:08:19:47 -0400] "POST //wp-login.php HTTP/1.1" 200 6641 "https://sexpositions.online//wp-login.php" "Mozilla/5.0 (Windows NT 10.0; Win64; x64) AppleWebKit/537.36 (KHTML, like Gecko) Chrome/88.0.4240.193 Safari/537.36"
51.68.172.194 - - [20/Oct/2025:08:19:48 -0400] "POST //xmlrpc.php HTTP/1.1" 200 401 "-" "Mozilla/5.0 (Windows NT 10.0; Win64; x64) AppleWebKit/537.36 (KHTML, like Gecko) Chrome/89.0.4389.114 Safari/537.36"
159.65.10.236 - - [20/Oct/2025:08:19:48 -0400] "POST //wp-login.php HTTP/1.1" 200 6641 "https://sexpositions.online//wp-login.php" "Mozilla/5.0 (Windows NT 10.0; Win64; x64) AppleWebKit/537.36 (KHTML, like Gecko) Chrome/88.0.4240.193 Safari/537.36"
159.65.10.236 - - [20/Oct/2025:08:19:48 -0400] "POST //wp-login.php HTTP/1.1" 200 6641 "https://sexpositions.online//wp-login.php" "Mozilla/5.0 (Windows NT 10.0; Win64; x64) AppleWebKit/537.36 (KHTML, like Gecko) Chrome/88.0.4240.193 Safari/537.36"
51.68.172.194 - - [20/Oct/2025:08:19:48 -0400] "POST //xmlrpc.php HTTP/1.1" 200 401 "-" "Mozilla/5.0 (Windows NT 10.0; Win64; x64) AppleWebKit/537.36 (KHTML, like Gecko) Chrome/89.0.4389.114 Safari/537.36"
41.114.43.104 - - [20/Oct/2025:08:19:49 -0400] "GET /wp-content/uploads/wall-animated.gif HTTP/1.1" 304 - "https://www.google.com/" "Mozilla/5.0 (Linux; Android 10; K) AppleWebKit/537.36 (KHTML, like Gecko) Chrome/141.0.0.0 Mobile Safari/537.36"
159.65.10.236 - - [20/Oct/2025:08:19:48 -0400] "POST //wp-login.php HTTP/1.1" 200 6641 "https://sexpositions.online//wp-login.php" "Mozilla/5.0 (Windows NT 10.0; Win64; x64) AppleWebKit/537.36 (KHTML, like Gecko) Chrome/88.0.4240.193 Safari/537.36"
51.68.172.194 - - [20/Oct/2025:08:19:49 -0400] "POST //xmlrpc.php HTTP/1.1" 200 401 "-" "Mozilla/5.0 (Windows NT 10.0; Win64; x64) AppleWebKit/537.36 (KHTML, like Gecko) Chrome/89.0.4389.114 Safari/537.36"
159.65.10.236 - - [20/Oct/2025:08:19:49 -0400] "POST //wp-login.php HTTP/1.1" 200 6641 "https://sexpositions.online//wp-login.php" "Mozilla/5.0 (Windows NT 10.0; Win64; x64) AppleWebKit/537.36 (KHTML, like Gecko) Chrome/88.0.4240.193 Safari/537.36"
51.68.172.194 - - [20/Oct/2025:08:19:49 -0400] "POST //xmlrpc.php HTTP/1.1" 200 401 "-" "Mozilla/5.0 (Windows NT 10.0; Win64; x64) AppleWebKit/537.36 (KHTML, like Gecko) Chrome/89.0.4389.114 Safari/537.36"
159.65.10.236 - - [20/Oct/2025:08:19:49 -0400] "POST //wp-login.php HTTP/1.1" 200 6641 "https://sexpositions.online//wp-login.php" "Mozilla/5.0 (Windows NT 10.0; Win64; x64) AppleWebKit/537.36 (KHTML, like Gecko) Chrome/88.0.4240.193 Safari/537.36"
159.65.10.236 - - [20/Oct/2025:08:19:49 -0400] "POST //wp-login.php HTTP/1.1" 200 6641 "https://sexpositions.online//wp-login.php" "Mozilla/5.0 (Windows NT 10.0; Win64; x64) AppleWebKit/537.36 (KHTML, like Gecko) Chrome/88.0.4240.193 Safari/537.36"
51.68.172.194 - - [20/Oct/2025:08:19:50 -0400] "POST //xmlrpc.php HTTP/1.1" 200 401 "-" "Mozilla/5.0 (Windows NT 10.0; Win64; x64) AppleWebKit/537.36 (KHTML, like Gecko) Chrome/89.0.4389.114 Safari/537.36"
159.65.10.236 - - [20/Oct/2025:08:19:50 -0400] "POST //wp-login.php HTTP/1.1" 200 6641 "https://sexpositions.online//wp-login.php" "Mozilla/5.0 (Windows NT 10.0; Win64; x64) AppleWebKit/537.36 (KHTML, like Gecko) Chrome/88.0.4240.193 Safari/537.36"
51.68.172.194 - - [20/Oct/2025:08:19:50 -0400] "POST //xmlrpc.php HTTP/1.1" 200 401 "-" "Mozilla/5.0 (Windows NT 10.0; Win64; x64) AppleWebKit/537.36 (KHTML, like Gecko) Chrome/89.0.4389.114 Safari/537.36"
159.65.10.236 - - [20/Oct/2025:08:19:50 -0400] "POST //wp-login.php HTTP/1.1" 200 6641 "https://sexpositions.online//wp-login.php" "Mozilla/5.0 (Windows NT 10.0; Win64; x64) AppleWebKit/537.36 (KHTML, like Gecko) Chrome/88.0.4240.193 Safari/537.36"
51.68.172.194 - - [20/Oct/2025:08:19:50 -0400] "POST //xmlrpc.php HTTP/1.1" 200 401 "-" "Mozilla/5.0 (Windows NT 10.0; Win64; x64) AppleWebKit/537.36 (KHTML, like Gecko) Chrome/89.0.4389.114 Safari/537.36"
159.65.10.236 - - [20/Oct/2025:08:19:51 -0400] "POST //wp-login.php HTTP/1.1" 200 6641 "https://sexpositions.online//wp-login.php" "Mozilla/5.0 (Windows NT 10.0; Win64; x64) AppleWebKit/537.36 (KHTML, like Gecko) Chrome/88.0.4240.193 Safari/537.36"
51.68.172.194 - - [20/Oct/2025:08:19:51 -0400] "POST //xmlrpc.php HTTP/1.1" 200 401 "-" "Mozilla/5.0 (Windows NT 10.0; Win64; x64) AppleWebKit/537.36 (KHTML, like Gecko) Chrome/89.0.4389.114 Safari/537.36"
159.65.10.236 - - [20/Oct/2025:08:19:51 -0400] "POST //wp-login.php HTTP/1.1" 200 6641 "https://sexpositions.online//wp-login.php" "Mozilla/5.0 (Windows NT 10.0; Win64; x64) AppleWebKit/537.36 (KHTML, like Gecko) Chrome/88.0.4240.193 Safari/537.36"
159.65.10.236 - - [20/Oct/2025:08:19:51 -0400] "POST //wp-login.php HTTP/1.1" 200 6641 "https://sexpositions.online//wp-login.php" "Mozilla/5.0 (Windows NT 10.0; Win64; x64) AppleWebKit/537.36 (KHTML, like Gecko) Chrome/88.0.4240.193 Safari/537.36"
51.68.172.194 - - [20/Oct/2025:08:19:51 -0400] "POST //xmlrpc.php HTTP/1.1" 200 401 "-" "Mozilla/5.0 (Windows NT 10.0; Win64; x64) AppleWebKit/537.36 (KHTML, like Gecko) Chrome/89.0.4389.114 Safari/537.36"
159.65.10.236 - - [20/Oct/2025:08:19:52 -0400] "POST //wp-login.php HTTP/1.1" 200 6641 "https://sexpositions.online//wp-login.php" "Mozilla/5.0 (Windows NT 10.0; Win64; x64) AppleWebKit/537.36 (KHTML, like Gecko) Chrome/88.0.4240.193 Safari/537.36"
51.68.172.194 - - [20/Oct/2025:08:19:52 -0400] "POST //xmlrpc.php HTTP/1.1" 200 401 "-" "Mozilla/5.0 (Windows NT 10.0; Win64; x64) AppleWebKit/537.36 (KHTML, like Gecko) Chrome/89.0.4389.114 Safari/537.36"
159.65.10.236 - - [20/Oct/2025:08:19:52 -0400] "POST //wp-login.php HTTP/1.1" 200 6641 "https://sexpositions.online//wp-login.php" "Mozilla/5.0 (Windows NT 10.0; Win64; x64) AppleWebKit/537.36 (KHTML, like Gecko) Chrome/88.0.4240.193 Safari/537.36"
51.68.172.194 - - [20/Oct/2025:08:19:52 -0400] "POST //xmlrpc.php HTTP/1.1" 200 401 "-" "Mozilla/5.0 (Windows NT 10.0; Win64; x64) AppleWebKit/537.36 (KHTML, like Gecko) Chrome/89.0.4389.114 Safari/537.36"
159.65.10.236 - - [20/Oct/2025:08:19:52 -0400] "POST //wp-login.php HTTP/1.1" 200 6641 "https://sexpositions.online//wp-login.php" "Mozilla/5.0 (Windows NT 10.0; Win64; x64) AppleWebKit/537.36 (KHTML, like Gecko) Chrome/88.0.4240.193 Safari/537.36"
159.65.10.236 - - [20/Oct/2025:08:19:53 -0400] "POST //wp-login.php HTTP/1.1" 200 6641 "https://sexpositions.online//wp-login.php" "Mozilla/5.0 (Windows NT 10.0; Win64; x64) AppleWebKit/537.36 (KHTML, like Gecko) Chrome/88.0.4240.193 Safari/537.36"
51.68.172.194 - - [20/Oct/2025:08:19:53 -0400] "POST //xmlrpc.php HTTP/1.1" 200 401 "-" "Mozilla/5.0 (Windows NT 10.0; Win64; x64) AppleWebKit/537.36 (KHTML, like Gecko) Chrome/89.0.4389.114 Safari/537.36"
159.65.10.236 - - [20/Oct/2025:08:19:53 -0400] "POST //wp-login.php HTTP/1.1" 200 6641 "https://sexpositions.online//wp-login.php" "Mozilla/5.0 (Windows NT 10.0; Win64; x64) AppleWebKit/537.36 (KHTML, like Gecko) Chrome/88.0.4240.193 Safari/537.36"
51.68.172.194 - - [20/Oct/2025:08:19:53 -0400] "POST //xmlrpc.php HTTP/1.1" 200 401 "-" "Mozilla/5.0 (Windows NT 10.0; Win64; x64) AppleWebKit/537.36 (KHTML, like Gecko) Chrome/89.0.4389.114 Safari/537.36"
159.65.10.236 - - [20/Oct/2025:08:19:54 -0400] "POST //wp-login.php HTTP/1.1" 200 6641 "https://sexpositions.online//wp-login.php" "Mozilla/5.0 (Windows NT 10.0; Win64; x64) AppleWebKit/537.36 (KHTML, like Gecko) Chrome/88.0.4240.193 Safari/537.36"
159.65.10.236 - - [20/Oct/2025:08:19:54 -0400] "POST //wp-login.php HTTP/1.1" 200 6641 "https://sexpositions.online//wp-login.php" "Mozilla/5.0 (Windows NT 10.0; Win64; x64) AppleWebKit/537.36 (KHTML, like Gecko) Chrome/88.0.4240.193 Safari/537.36"
51.68.172.194 - - [20/Oct/2025:08:19:54 -0400] "POST //xmlrpc.php HTTP/1.1" 200 401 "-" "Mozilla/5.0 (Windows NT 10.0; Win64; x64) AppleWebKit/537.36 (KHTML, like Gecko) Chrome/89.0.4389.114 Safari/537.36"
159.65.10.236 - - [20/Oct/2025:08:19:54 -0400] "POST //wp-login.php HTTP/1.1" 200 6641 "https://sexpositions.online//wp-login.php" "Mozilla/5.0 (Windows NT 10.0; Win64; x64) AppleWebKit/537.36 (KHTML, like Gecko) Chrome/88.0.4240.193 Safari/537.36"
51.68.172.194 - - [20/Oct/2025:08:19:54 -0400] "POST //xmlrpc.php HTTP/1.1" 200 401 "-" "Mozilla/5.0 (Windows NT 10.0; Win64; x64) AppleWebKit/537.36 (KHTML, like Gecko) Chrome/89.0.4389.114 Safari/537.36"
159.65.10.236 - - [20/Oct/2025:08:19:55 -0400] "POST //wp-login.php HTTP/1.1" 200 6641 "https://sexpositions.online//wp-login.php" "Mozilla/5.0 (Windows NT 10.0; Win64; x64) AppleWebKit/537.36 (KHTML, like Gecko) Chrome/88.0.4240.193 Safari/537.36"
119.18.0.190 - - [20/Oct/2025:08:19:55 -0400] "GET /wp-content/uploads/worlds-strongest-animated.gif HTTP/1.1" 304 - "https://www.google.com/" "Mozilla/5.0 (iPhone; CPU iPhone OS 18_6_2 like Mac OS X) AppleWebKit/605.1.15 (KHTML, like Gecko) Version/18.6 Mobile/15E148 Safari/604.1"
51.68.172.194 - - [20/Oct/2025:08:19:55 -0400] "POST //xmlrpc.php HTTP/1.1" 200 401 "-" "Mozilla/5.0 (Windows NT 10.0; Win64; x64) AppleWebKit/537.36 (KHTML, like Gecko) Chrome/89.0.4389.114 Safari/537.36"
159.65.10.236 - - [20/Oct/2025:08:19:55 -0400] "POST //wp-login.php HTTP/1.1" 200 6641 "https://sexpositions.online//wp-login.php" "Mozilla/5.0 (Windows NT 10.0; Win64; x64) AppleWebKit/537.36 (KHTML, like Gecko) Chrome/88.0.4240.193 Safari/537.36"
51.68.172.194 - - [20/Oct/2025:08:19:55 -0400] "POST //xmlrpc.php HTTP/1.1" 200 401 "-" "Mozilla/5.0 (Windows NT 10.0; Win64; x64) AppleWebKit/537.36 (KHTML, like Gecko) Chrome/89.0.4389.114 Safari/537.36"
159.65.10.236 - - [20/Oct/2025:08:19:55 -0400] "POST //wp-login.php HTTP/1.1" 200 6641 "https://sexpositions.online//wp-login.php" "Mozilla/5.0 (Windows NT 10.0; Win64; x64) AppleWebKit/537.36 (KHTML, like Gecko) Chrome/88.0.4240.193 Safari/537.36"
159.65.10.236 - - [20/Oct/2025:08:19:56 -0400] "POST //wp-login.php HTTP/1.1" 200 6641 "https://sexpositions.online//wp-login.php" "Mozilla/5.0 (Windows NT 10.0; Win64; x64) AppleWebKit/537.36 (KHTML, like Gecko) Chrome/88.0.4240.193 Safari/537.36"
51.68.172.194 - - [20/Oct/2025:08:19:56 -0400] "POST //xmlrpc.php HTTP/1.1" 200 401 "-" "Mozilla/5.0 (Windows NT 10.0; Win64; x64) AppleWebKit/537.36 (KHTML, like Gecko) Chrome/89.0.4389.114 Safari/537.36"
159.65.10.236 - - [20/Oct/2025:08:19:56 -0400] "POST //wp-login.php HTTP/1.1" 200 6641 "https://sexpositions.online//wp-login.php" "Mozilla/5.0 (Windows NT 10.0; Win64; x64) AppleWebKit/537.36 (KHTML, like Gecko) Chrome/88.0.4240.193 Safari/537.36"
185.147.102.1 - - [20/Oct/2025:08:19:56 -0400] "GET /the-big-bounce/ HTTP/1.1" 200 98207 "https://sexpositions.online/lotus/" "Mozilla/5.0 (Linux; Android 10; K) AppleWebKit/537.36 (KHTML, like Gecko) Chrome/141.0.0.0 Mobile Safari/537.36"
51.68.172.194 - - [20/Oct/2025:08:19:56 -0400] "POST //xmlrpc.php HTTP/1.1" 200 401 "-" "Mozilla/5.0 (Windows NT 10.0; Win64; x64) AppleWebKit/537.36 (KHTML, like Gecko) Chrome/89.0.4389.114 Safari/537.36"
159.65.10.236 - - [20/Oct/2025:08:19:56 -0400] "POST //wp-login.php HTTP/1.1" 200 6641 "https://sexpositions.online//wp-login.php" "Mozilla/5.0 (Windows NT 10.0; Win64; x64) AppleWebKit/537.36 (KHTML, like Gecko) Chrome/88.0.4240.193 Safari/537.36"
51.68.172.194 - - [20/Oct/2025:08:19:57 -0400] "POST //xmlrpc.php HTTP/1.1" 200 401 "-" "Mozilla/5.0 (Windows NT 10.0; Win64; x64) AppleWebKit/537.36 (KHTML, like Gecko) Chrome/89.0.4389.114 Safari/537.36"
159.65.10.236 - - [20/Oct/2025:08:19:57 -0400] "POST //wp-login.php HTTP/1.1" 200 6641 "https://sexpositions.online//wp-login.php" "Mozilla/5.0 (Windows NT 10.0; Win64; x64) AppleWebKit/537.36 (KHTML, like Gecko) Chrome/88.0.4240.193 Safari/537.36"
159.65.10.236 - - [20/Oct/2025:08:19:57 -0400] "POST //wp-login.php HTTP/1.1" 200 6641 "https://sexpositions.online//wp-login.php" "Mozilla/5.0 (Windows NT 10.0; Win64; x64) AppleWebKit/537.36 (KHTML, like Gecko) Chrome/88.0.4240.193 Safari/537.36"
51.68.172.194 - - [20/Oct/2025:08:19:57 -0400] "POST //xmlrpc.php HTTP/1.1" 200 401 "-" "Mozilla/5.0 (Windows NT 10.0; Win64; x64) AppleWebKit/537.36 (KHTML, like Gecko) Chrome/89.0.4389.114 Safari/537.36"
159.65.10.236 - - [20/Oct/2025:08:19:57 -0400] "POST //wp-login.php HTTP/1.1" 200 6641 "https://sexpositions.online//wp-login.php" "Mozilla/5.0 (Windows NT 10.0; Win64; x64) AppleWebKit/537.36 (KHTML, like Gecko) Chrome/88.0.4240.193 Safari/537.36"
51.68.172.194 - - [20/Oct/2025:08:19:58 -0400] "POST //xmlrpc.php HTTP/1.1" 200 401 "-" "Mozilla/5.0 (Windows NT 10.0; Win64; x64) AppleWebKit/537.36 (KHTML, like Gecko) Chrome/89.0.4389.114 Safari/537.36"
159.65.10.236 - - [20/Oct/2025:08:19:58 -0400] "POST //wp-login.php HTTP/1.1" 200 6641 "https://sexpositions.online//wp-login.php" "Mozilla/5.0 (Windows NT 10.0; Win64; x64) AppleWebKit/537.36 (KHTML, like Gecko) Chrome/88.0.4240.193 Safari/537.36"
159.65.10.236 - - [20/Oct/2025:08:19:58 -0400] "POST //wp-login.php HTTP/1.1" 200 6641 "https://sexpositions.online//wp-login.php" "Mozilla/5.0 (Windows NT 10.0; Win64; x64) AppleWebKit/537.36 (KHTML, like Gecko) Chrome/88.0.4240.193 Safari/537.36"
51.68.172.194 - - [20/Oct/2025:08:19:58 -0400] "POST //xmlrpc.php HTTP/1.1" 200 401 "-" "Mozilla/5.0 (Windows NT 10.0; Win64; x64) AppleWebKit/537.36 (KHTML, like Gecko) Chrome/89.0.4389.114 Safari/537.36"
159.65.10.236 - - [20/Oct/2025:08:19:59 -0400] "POST //wp-login.php HTTP/1.1" 200 6641 "https://sexpositions.online//wp-login.php" "Mozilla/5.0 (Windows NT 10.0; Win64; x64) AppleWebKit/537.36 (KHTML, like Gecko) Chrome/88.0.4240.193 Safari/537.36"
51.68.172.194 - - [20/Oct/2025:08:19:59 -0400] "POST //xmlrpc.php HTTP/1.1" 200 401 "-" "Mozilla/5.0 (Windows NT 10.0; Win64; x64) AppleWebKit/537.36 (KHTML, like Gecko) Chrome/89.0.4389.114 Safari/537.36"
159.65.10.236 - - [20/Oct/2025:08:19:59 -0400] "POST //wp-login.php HTTP/1.1" 200 6641 "https://sexpositions.online//wp-login.php" "Mozilla/5.0 (Windows NT 10.0; Win64; x64) AppleWebKit/537.36 (KHTML, like Gecko) Chrome/88.0.4240.193 Safari/537.36"
51.68.172.194 - - [20/Oct/2025:08:19:59 -0400] "POST //xmlrpc.php HTTP/1.1" 200 401 "-" "Mozilla/5.0 (Windows NT 10.0; Win64; x64) AppleWebKit/537.36 (KHTML, like Gecko) Chrome/89.0.4389.114 Safari/537.36"
159.65.10.236 - - [20/Oct/2025:08:19:59 -0400] "POST //wp-login.php HTTP/1.1" 200 6641 "https://sexpositions.online//wp-login.php" "Mozilla/5.0 (Windows NT 10.0; Win64; x64) AppleWebKit/537.36 (KHTML, like Gecko) Chrome/88.0.4240.193 Safari/537.36"
51.68.172.194 - - [20/Oct/2025:08:20:00 -0400] "POST //xmlrpc.php HTTP/1.1" 200 401 "-" "Mozilla/5.0 (Windows NT 10.0; Win64; x64) AppleWebKit/537.36 (KHTML, like Gecko) Chrome/89.0.4389.114 Safari/537.36"
159.65.10.236 - - [20/Oct/2025:08:20:00 -0400] "POST //wp-login.php HTTP/1.1" 200 6641 "https://sexpositions.online//wp-login.php" "Mozilla/5.0 (Windows NT 10.0; Win64; x64) AppleWebKit/537.36 (KHTML, like Gecko) Chrome/88.0.4240.193 Safari/537.36"
159.65.10.236 - - [20/Oct/2025:08:20:00 -0400] "POST //wp-login.php HTTP/1.1" 200 6641 "https://sexpositions.online//wp-login.php" "Mozilla/5.0 (Windows NT 10.0; Win64; x64) AppleWebKit/537.36 (KHTML, like Gecko) Chrome/88.0.4240.193 Safari/537.36"
51.68.172.194 - - [20/Oct/2025:08:20:00 -0400] "POST //xmlrpc.php HTTP/1.1" 200 401 "-" "Mozilla/5.0 (Windows NT 10.0; Win64; x64) AppleWebKit/537.36 (KHTML, like Gecko) Chrome/89.0.4389.114 Safari/537.36"
159.65.10.236 - - [20/Oct/2025:08:20:00 -0400] "POST //wp-login.php HTTP/1.1" 200 6641 "https://sexpositions.online//wp-login.php" "Mozilla/5.0 (Windows NT 10.0; Win64; x64) AppleWebKit/537.36 (KHTML, like Gecko) Chrome/88.0.4240.193 Safari/537.36"
51.68.172.194 - - [20/Oct/2025:08:20:01 -0400] "POST //xmlrpc.php HTTP/1.1" 200 401 "-" "Mozilla/5.0 (Windows NT 10.0; Win64; x64) AppleWebKit/537.36 (KHTML, like Gecko) Chrome/89.0.4389.114 Safari/537.36"
51.68.172.194 - - [20/Oct/2025:08:20:01 -0400] "POST //xmlrpc.php HTTP/1.1" 200 401 "-" "Mozilla/5.0 (Windows NT 10.0; Win64; x64) AppleWebKit/537.36 (KHTML, like Gecko) Chrome/89.0.4389.114 Safari/537.36"
159.65.10.236 - - [20/Oct/2025:08:20:01 -0400] "POST //wp-login.php HTTP/1.1" 200 6641 "https://sexpositions.online//wp-login.php" "Mozilla/5.0 (Windows NT 10.0; Win64; x64) AppleWebKit/537.36 (KHTML, like Gecko) Chrome/88.0.4240.193 Safari/537.36"
51.68.172.194 - - [20/Oct/2025:08:20:02 -0400] "POST //xmlrpc.php HTTP/1.1" 200 401 "-" "Mozilla/5.0 (Windows NT 10.0; Win64; x64) AppleWebKit/537.36 (KHTML, like Gecko) Chrome/89.0.4389.114 Safari/537.36"
159.65.10.236 - - [20/Oct/2025:08:20:02 -0400] "POST //wp-login.php HTTP/1.1" 200 6641 "https://sexpositions.online//wp-login.php" "Mozilla/5.0 (Windows NT 10.0; Win64; x64) AppleWebKit/537.36 (KHTML, like Gecko) Chrome/88.0.4240.193 Safari/537.36"
51.68.172.194 - - [20/Oct/2025:08:20:02 -0400] "POST //xmlrpc.php HTTP/1.1" 200 401 "-" "Mozilla/5.0 (Windows NT 10.0; Win64; x64) AppleWebKit/537.36 (KHTML, like Gecko) Chrome/89.0.4389.114 Safari/537.36"
159.65.10.236 - - [20/Oct/2025:08:20:02 -0400] "POST //wp-login.php HTTP/1.1" 200 6641 "https://sexpositions.online//wp-login.php" "Mozilla/5.0 (Windows NT 10.0; Win64; x64) AppleWebKit/537.36 (KHTML, like Gecko) Chrome/88.0.4240.193 Safari/537.36"
51.68.172.194 - - [20/Oct/2025:08:20:03 -0400] "POST //xmlrpc.php HTTP/1.1" 200 401 "-" "Mozilla/5.0 (Windows NT 10.0; Win64; x64) AppleWebKit/537.36 (KHTML, like Gecko) Chrome/89.0.4389.114 Safari/537.36"
159.65.10.236 - - [20/Oct/2025:08:20:03 -0400] "POST //wp-login.php HTTP/1.1" 200 6641 "https://sexpositions.online//wp-login.php" "Mozilla/5.0 (Windows NT 10.0; Win64; x64) AppleWebKit/537.36 (KHTML, like Gecko) Chrome/88.0.4240.193 Safari/537.36"
159.65.10.236 - - [20/Oct/2025:08:20:03 -0400] "POST //wp-login.php HTTP/1.1" 200 6641 "https://sexpositions.online//wp-login.php" "Mozilla/5.0 (Windows NT 10.0; Win64; x64) AppleWebKit/537.36 (KHTML, like Gecko) Chrome/88.0.4240.193 Safari/537.36"
51.68.172.194 - - [20/Oct/2025:08:20:03 -0400] "POST //xmlrpc.php HTTP/1.1" 200 401 "-" "Mozilla/5.0 (Windows NT 10.0; Win64; x64) AppleWebKit/537.36 (KHTML, like Gecko) Chrome/89.0.4389.114 Safari/537.36"
159.65.10.236 - - [20/Oct/2025:08:20:03 -0400] "POST //wp-login.php HTTP/1.1" 200 6641 "https://sexpositions.online//wp-login.php" "Mozilla/5.0 (Windows NT 10.0; Win64; x64) AppleWebKit/537.36 (KHTML, like Gecko) Chrome/88.0.4240.193 Safari/537.36"
51.68.172.194 - - [20/Oct/2025:08:20:03 -0400] "POST //xmlrpc.php HTTP/1.1" 200 401 "-" "Mozilla/5.0 (Windows NT 10.0; Win64; x64) AppleWebKit/537.36 (KHTML, like Gecko) Chrome/89.0.4389.114 Safari/537.36"
159.65.10.236 - - [20/Oct/2025:08:20:04 -0400] "POST //wp-login.php HTTP/1.1" 200 6641 "https://sexpositions.online//wp-login.php" "Mozilla/5.0 (Windows NT 10.0; Win64; x64) AppleWebKit/537.36 (KHTML, like Gecko) Chrome/88.0.4240.193 Safari/537.36"
159.65.10.236 - - [20/Oct/2025:08:20:04 -0400] "POST //wp-login.php HTTP/1.1" 200 6641 "https://sexpositions.online//wp-login.php" "Mozilla/5.0 (Windows NT 10.0; Win64; x64) AppleWebKit/537.36 (KHTML, like Gecko) Chrome/88.0.4240.193 Safari/537.36"
51.68.172.194 - - [20/Oct/2025:08:20:04 -0400] "POST //xmlrpc.php HTTP/1.1" 200 401 "-" "Mozilla/5.0 (Windows NT 10.0; Win64; x64) AppleWebKit/537.36 (KHTML, like Gecko) Chrome/89.0.4389.114 Safari/537.36"
159.65.10.236 - - [20/Oct/2025:08:20:04 -0400] "POST //wp-login.php HTTP/1.1" 200 6641 "https://sexpositions.online//wp-login.php" "Mozilla/5.0 (Windows NT 10.0; Win64; x64) AppleWebKit/537.36 (KHTML, like Gecko) Chrome/88.0.4240.193 Safari/537.36"
51.68.172.194 - - [20/Oct/2025:08:20:04 -0400] "POST //xmlrpc.php HTTP/1.1" 200 401 "-" "Mozilla/5.0 (Windows NT 10.0; Win64; x64) AppleWebKit/537.36 (KHTML, like Gecko) Chrome/89.0.4389.114 Safari/537.36"
159.65.10.236 - - [20/Oct/2025:08:20:05 -0400] "POST //wp-login.php HTTP/1.1" 200 6641 "https://sexpositions.online//wp-login.php" "Mozilla/5.0 (Windows NT 10.0; Win64; x64) AppleWebKit/537.36 (KHTML, like Gecko) Chrome/88.0.4240.193 Safari/537.36"
51.68.172.194 - - [20/Oct/2025:08:20:05 -0400] "POST //xmlrpc.php HTTP/1.1" 200 401 "-" "Mozilla/5.0 (Windows NT 10.0; Win64; x64) AppleWebKit/537.36 (KHTML, like Gecko) Chrome/89.0.4389.114 Safari/537.36"
159.65.10.236 - - [20/Oct/2025:08:20:05 -0400] "POST //wp-login.php HTTP/1.1" 200 6641 "https://sexpositions.online//wp-login.php" "Mozilla/5.0 (Windows NT 10.0; Win64; x64) AppleWebKit/537.36 (KHTML, like Gecko) Chrome/88.0.4240.193 Safari/537.36"
159.65.10.236 - - [20/Oct/2025:08:20:05 -0400] "POST //wp-login.php HTTP/1.1" 200 6641 "https://sexpositions.online//wp-login.php" "Mozilla/5.0 (Windows NT 10.0; Win64; x64) AppleWebKit/537.36 (KHTML, like Gecko) Chrome/88.0.4240.193 Safari/537.36"
51.68.172.194 - - [20/Oct/2025:08:20:05 -0400] "POST //xmlrpc.php HTTP/1.1" 200 401 "-" "Mozilla/5.0 (Windows NT 10.0; Win64; x64) AppleWebKit/537.36 (KHTML, like Gecko) Chrome/89.0.4389.114 Safari/537.36"
159.65.10.236 - - [20/Oct/2025:08:20:06 -0400] "POST //wp-login.php HTTP/1.1" 200 6641 "https://sexpositions.online//wp-login.php" "Mozilla/5.0 (Windows NT 10.0; Win64; x64) AppleWebKit/537.36 (KHTML, like Gecko) Chrome/88.0.4240.193 Safari/537.36"
51.68.172.194 - - [20/Oct/2025:08:20:06 -0400] "POST //xmlrpc.php HTTP/1.1" 200 401 "-" "Mozilla/5.0 (Windows NT 10.0; Win64; x64) AppleWebKit/537.36 (KHTML, like Gecko) Chrome/89.0.4389.114 Safari/537.36"
159.65.10.236 - - [20/Oct/2025:08:20:06 -0400] "POST //wp-login.php HTTP/1.1" 200 6641 "https://sexpositions.online//wp-login.php" "Mozilla/5.0 (Windows NT 10.0; Win64; x64) AppleWebKit/537.36 (KHTML, like Gecko) Chrome/88.0.4240.193 Safari/537.36"
51.68.172.194 - - [20/Oct/2025:08:20:06 -0400] "POST //xmlrpc.php HTTP/1.1" 200 401 "-" "Mozilla/5.0 (Windows NT 10.0; Win64; x64) AppleWebKit/537.36 (KHTML, like Gecko) Chrome/89.0.4389.114 Safari/537.36"
159.65.10.236 - - [20/Oct/2025:08:20:06 -0400] "POST //wp-login.php HTTP/1.1" 200 6641 "https://sexpositions.online//wp-login.php" "Mozilla/5.0 (Windows NT 10.0; Win64; x64) AppleWebKit/537.36 (KHTML, like Gecko) Chrome/88.0.4240.193 Safari/537.36"
159.65.10.236 - - [20/Oct/2025:08:20:07 -0400] "POST //wp-login.php HTTP/1.1" 200 6641 "https://sexpositions.online//wp-login.php" "Mozilla/5.0 (Windows NT 10.0; Win64; x64) AppleWebKit/537.36 (KHTML, like Gecko) Chrome/88.0.4240.193 Safari/537.36"
51.68.172.194 - - [20/Oct/2025:08:20:07 -0400] "POST //xmlrpc.php HTTP/1.1" 200 401 "-" "Mozilla/5.0 (Windows NT 10.0; Win64; x64) AppleWebKit/537.36 (KHTML, like Gecko) Chrome/89.0.4389.114 Safari/537.36"
159.65.10.236 - - [20/Oct/2025:08:20:07 -0400] "POST //wp-login.php HTTP/1.1" 200 6641 "https://sexpositions.online//wp-login.php" "Mozilla/5.0 (Windows NT 10.0; Win64; x64) AppleWebKit/537.36 (KHTML, like Gecko) Chrome/88.0.4240.193 Safari/537.36"
51.68.172.194 - - [20/Oct/2025:08:20:07 -0400] "POST //xmlrpc.php HTTP/1.1" 200 401 "-" "Mozilla/5.0 (Windows NT 10.0; Win64; x64) AppleWebKit/537.36 (KHTML, like Gecko) Chrome/89.0.4389.114 Safari/537.36"
159.65.10.236 - - [20/Oct/2025:08:20:07 -0400] "POST //wp-login.php HTTP/1.1" 200 6641 "https://sexpositions.online//wp-login.php" "Mozilla/5.0 (Windows NT 10.0; Win64; x64) AppleWebKit/537.36 (KHTML, like Gecko) Chrome/88.0.4240.193 Safari/537.36"
72.24.50.224 - - [20/Oct/2025:08:20:08 -0400] "GET /wp-content/uploads/missionary-animated.gif HTTP/1.1" 304 - "https://www.google.com/" "Mozilla/5.0 (iPhone; CPU iPhone OS 18_6_2 like Mac OS X) AppleWebKit/605.1.15 (KHTML, like Gecko) GSA/390.0.817388646 Mobile/22G100 Safari/604.1"
51.68.172.194 - - [20/Oct/2025:08:20:08 -0400] "POST //xmlrpc.php HTTP/1.1" 200 401 "-" "Mozilla/5.0 (Windows NT 10.0; Win64; x64) AppleWebKit/537.36 (KHTML, like Gecko) Chrome/89.0.4389.114 Safari/537.36"
159.65.10.236 - - [20/Oct/2025:08:20:08 -0400] "POST //wp-login.php HTTP/1.1" 200 6641 "https://sexpositions.online//wp-login.php" "Mozilla/5.0 (Windows NT 10.0; Win64; x64) AppleWebKit/537.36 (KHTML, like Gecko) Chrome/88.0.4240.193 Safari/537.36"
159.65.10.236 - - [20/Oct/2025:08:20:08 -0400] "POST //wp-login.php HTTP/1.1" 200 6641 "https://sexpositions.online//wp-login.php" "Mozilla/5.0 (Windows NT 10.0; Win64; x64) AppleWebKit/537.36 (KHTML, like Gecko) Chrome/88.0.4240.193 Safari/537.36"
51.68.172.194 - - [20/Oct/2025:08:20:08 -0400] "POST //xmlrpc.php HTTP/1.1" 200 401 "-" "Mozilla/5.0 (Windows NT 10.0; Win64; x64) AppleWebKit/537.36 (KHTML, like Gecko) Chrome/89.0.4389.114 Safari/537.36"
159.65.10.236 - - [20/Oct/2025:08:20:09 -0400] "POST //wp-login.php HTTP/1.1" 200 6641 "https://sexpositions.online//wp-login.php" "Mozilla/5.0 (Windows NT 10.0; Win64; x64) AppleWebKit/537.36 (KHTML, like Gecko) Chrome/88.0.4240.193 Safari/537.36"
51.68.172.194 - - [20/Oct/2025:08:20:09 -0400] "POST //xmlrpc.php HTTP/1.1" 200 401 "-" "Mozilla/5.0 (Windows NT 10.0; Win64; x64) AppleWebKit/537.36 (KHTML, like Gecko) Chrome/89.0.4389.114 Safari/537.36"
159.65.10.236 - - [20/Oct/2025:08:20:09 -0400] "POST //wp-login.php HTTP/1.1" 200 6641 "https://sexpositions.online//wp-login.php" "Mozilla/5.0 (Windows NT 10.0; Win64; x64) AppleWebKit/537.36 (KHTML, like Gecko) Chrome/88.0.4240.193 Safari/537.36"
51.68.172.194 - - [20/Oct/2025:08:20:09 -0400] "POST //xmlrpc.php HTTP/1.1" 200 401 "-" "Mozilla/5.0 (Windows NT 10.0; Win64; x64) AppleWebKit/537.36 (KHTML, like Gecko) Chrome/89.0.4389.114 Safari/537.36"
159.65.10.236 - - [20/Oct/2025:08:20:09 -0400] "POST //wp-login.php HTTP/1.1" 200 6641 "https://sexpositions.online//wp-login.php" "Mozilla/5.0 (Windows NT 10.0; Win64; x64) AppleWebKit/537.36 (KHTML, like Gecko) Chrome/88.0.4240.193 Safari/537.36"
159.65.10.236 - - [20/Oct/2025:08:20:10 -0400] "POST //wp-login.php HTTP/1.1" 200 6641 "https://sexpositions.online//wp-login.php" "Mozilla/5.0 (Windows NT 10.0; Win64; x64) AppleWebKit/537.36 (KHTML, like Gecko) Chrome/88.0.4240.193 Safari/537.36"
51.68.172.194 - - [20/Oct/2025:08:20:10 -0400] "POST //xmlrpc.php HTTP/1.1" 200 401 "-" "Mozilla/5.0 (Windows NT 10.0; Win64; x64) AppleWebKit/537.36 (KHTML, like Gecko) Chrome/89.0.4389.114 Safari/537.36"
159.65.10.236 - - [20/Oct/2025:08:20:10 -0400] "POST //wp-login.php HTTP/1.1" 200 6641 "https://sexpositions.online//wp-login.php" "Mozilla/5.0 (Windows NT 10.0; Win64; x64) AppleWebKit/537.36 (KHTML, like Gecko) Chrome/88.0.4240.193 Safari/537.36"
51.68.172.194 - - [20/Oct/2025:08:20:10 -0400] "POST //xmlrpc.php HTTP/1.1" 200 401 "-" "Mozilla/5.0 (Windows NT 10.0; Win64; x64) AppleWebKit/537.36 (KHTML, like Gecko) Chrome/89.0.4389.114 Safari/537.36"
159.65.10.236 - - [20/Oct/2025:08:20:10 -0400] "POST //wp-login.php HTTP/1.1" 200 6641 "https://sexpositions.online//wp-login.php" "Mozilla/5.0 (Windows NT 10.0; Win64; x64) AppleWebKit/537.36 (KHTML, like Gecko) Chrome/88.0.4240.193 Safari/537.36"
51.68.172.194 - - [20/Oct/2025:08:20:11 -0400] "POST //xmlrpc.php HTTP/1.1" 200 401 "-" "Mozilla/5.0 (Windows NT 10.0; Win64; x64) AppleWebKit/537.36 (KHTML, like Gecko) Chrome/89.0.4389.114 Safari/537.36"
159.65.10.236 - - [20/Oct/2025:08:20:11 -0400] "POST //wp-login.php HTTP/1.1" 200 6641 "https://sexpositions.online//wp-login.php" "Mozilla/5.0 (Windows NT 10.0; Win64; x64) AppleWebKit/537.36 (KHTML, like Gecko) Chrome/88.0.4240.193 Safari/537.36"
159.65.10.236 - - [20/Oct/2025:08:20:11 -0400] "POST //wp-login.php HTTP/1.1" 200 6641 "https://sexpositions.online//wp-login.php" "Mozilla/5.0 (Windows NT 10.0; Win64; x64) AppleWebKit/537.36 (KHTML, like Gecko) Chrome/88.0.4240.193 Safari/537.36"
51.68.172.194 - - [20/Oct/2025:08:20:11 -0400] "POST //xmlrpc.php HTTP/1.1" 200 401 "-" "Mozilla/5.0 (Windows NT 10.0; Win64; x64) AppleWebKit/537.36 (KHTML, like Gecko) Chrome/89.0.4389.114 Safari/537.36"
159.65.10.236 - - [20/Oct/2025:08:20:11 -0400] "POST //wp-login.php HTTP/1.1" 200 6641 "https://sexpositions.online//wp-login.php" "Mozilla/5.0 (Windows NT 10.0; Win64; x64) AppleWebKit/537.36 (KHTML, like Gecko) Chrome/88.0.4240.193 Safari/537.36"
51.68.172.194 - - [20/Oct/2025:08:20:12 -0400] "POST //xmlrpc.php HTTP/1.1" 200 401 "-" "Mozilla/5.0 (Windows NT 10.0; Win64; x64) AppleWebKit/537.36 (KHTML, like Gecko) Chrome/89.0.4389.114 Safari/537.36"
159.65.10.236 - - [20/Oct/2025:08:20:12 -0400] "POST //wp-login.php HTTP/1.1" 200 6641 "https://sexpositions.online//wp-login.php" "Mozilla/5.0 (Windows NT 10.0; Win64; x64) AppleWebKit/537.36 (KHTML, like Gecko) Chrome/88.0.4240.193 Safari/537.36"
51.68.172.194 - - [20/Oct/2025:08:20:12 -0400] "POST //xmlrpc.php HTTP/1.1" 200 401 "-" "Mozilla/5.0 (Windows NT 10.0; Win64; x64) AppleWebKit/537.36 (KHTML, like Gecko) Chrome/89.0.4389.114 Safari/537.36"
159.65.10.236 - - [20/Oct/2025:08:20:12 -0400] "POST //wp-login.php HTTP/1.1" 200 6641 "https://sexpositions.online//wp-login.php" "Mozilla/5.0 (Windows NT 10.0; Win64; x64) AppleWebKit/537.36 (KHTML, like Gecko) Chrome/88.0.4240.193 Safari/537.36"
159.65.10.236 - - [20/Oct/2025:08:20:12 -0400] "POST //wp-login.php HTTP/1.1" 200 6641 "https://sexpositions.online//wp-login.php" "Mozilla/5.0 (Windows NT 10.0; Win64; x64) AppleWebKit/537.36 (KHTML, like Gecko) Chrome/88.0.4240.193 Safari/537.36"
51.68.172.194 - - [20/Oct/2025:08:20:13 -0400] "POST //xmlrpc.php HTTP/1.1" 200 401 "-" "Mozilla/5.0 (Windows NT 10.0; Win64; x64) AppleWebKit/537.36 (KHTML, like Gecko) Chrome/89.0.4389.114 Safari/537.36"
159.65.10.236 - - [20/Oct/2025:08:20:13 -0400] "POST //wp-login.php HTTP/1.1" 200 6641 "https://sexpositions.online//wp-login.php" "Mozilla/5.0 (Windows NT 10.0; Win64; x64) AppleWebKit/537.36 (KHTML, like Gecko) Chrome/88.0.4240.193 Safari/537.36"
51.68.172.194 - - [20/Oct/2025:08:20:13 -0400] "POST //xmlrpc.php HTTP/1.1" 200 401 "-" "Mozilla/5.0 (Windows NT 10.0; Win64; x64) AppleWebKit/537.36 (KHTML, like Gecko) Chrome/89.0.4389.114 Safari/537.36"
159.65.10.236 - - [20/Oct/2025:08:20:13 -0400] "POST //wp-login.php HTTP/1.1" 200 6641 "https://sexpositions.online//wp-login.php" "Mozilla/5.0 (Windows NT 10.0; Win64; x64) AppleWebKit/537.36 (KHTML, like Gecko) Chrome/88.0.4240.193 Safari/537.36"
159.65.10.236 - - [20/Oct/2025:08:20:14 -0400] "POST //wp-login.php HTTP/1.1" 200 6641 "https://sexpositions.online//wp-login.php" "Mozilla/5.0 (Windows NT 10.0; Win64; x64) AppleWebKit/537.36 (KHTML, like Gecko) Chrome/88.0.4240.193 Safari/537.36"
51.68.172.194 - - [20/Oct/2025:08:20:14 -0400] "POST //xmlrpc.php HTTP/1.1" 200 401 "-" "Mozilla/5.0 (Windows NT 10.0; Win64; x64) AppleWebKit/537.36 (KHTML, like Gecko) Chrome/89.0.4389.114 Safari/537.36"
159.65.10.236 - - [20/Oct/2025:08:20:14 -0400] "POST //wp-login.php HTTP/1.1" 200 6641 "https://sexpositions.online//wp-login.php" "Mozilla/5.0 (Windows NT 10.0; Win64; x64) AppleWebKit/537.36 (KHTML, like Gecko) Chrome/88.0.4240.193 Safari/537.36"
51.68.172.194 - - [20/Oct/2025:08:20:14 -0400] "POST //xmlrpc.php HTTP/1.1" 200 401 "-" "Mozilla/5.0 (Windows NT 10.0; Win64; x64) AppleWebKit/537.36 (KHTML, like Gecko) Chrome/89.0.4389.114 Safari/537.36"
159.65.10.236 - - [20/Oct/2025:08:20:14 -0400] "POST //wp-login.php HTTP/1.1" 200 6641 "https://sexpositions.online//wp-login.php" "Mozilla/5.0 (Windows NT 10.0; Win64; x64) AppleWebKit/537.36 (KHTML, like Gecko) Chrome/88.0.4240.193 Safari/537.36"
51.68.172.194 - - [20/Oct/2025:08:20:15 -0400] "POST //xmlrpc.php HTTP/1.1" 200 401 "-" "Mozilla/5.0 (Windows NT 10.0; Win64; x64) AppleWebKit/537.36 (KHTML, like Gecko) Chrome/89.0.4389.114 Safari/537.36"
159.65.10.236 - - [20/Oct/2025:08:20:15 -0400] "POST //wp-login.php HTTP/1.1" 200 6641 "https://sexpositions.online//wp-login.php" "Mozilla/5.0 (Windows NT 10.0; Win64; x64) AppleWebKit/537.36 (KHTML, like Gecko) Chrome/88.0.4240.193 Safari/537.36"
165.232.113.241 - - [20/Oct/2025:08:20:15 -0400] "GET /wp-content/uploads/sideways-animated.gif HTTP/1.1" 304 - "https://www.google.com/" "Mozilla/5.0 (Linux; Android 10; K) AppleWebKit/537.36 (KHTML, like Gecko) Chrome/138.0.0.0 Mobile Safari/537.36"
159.65.10.236 - - [20/Oct/2025:08:20:15 -0400] "POST //wp-login.php HTTP/1.1" 200 6641 "https://sexpositions.online//wp-login.php" "Mozilla/5.0 (Windows NT 10.0; Win64; x64) AppleWebKit/537.36 (KHTML, like Gecko) Chrome/88.0.4240.193 Safari/537.36"
51.68.172.194 - - [20/Oct/2025:08:20:15 -0400] "POST //xmlrpc.php HTTP/1.1" 200 401 "-" "Mozilla/5.0 (Windows NT 10.0; Win64; x64) AppleWebKit/537.36 (KHTML, like Gecko) Chrome/89.0.4389.114 Safari/537.36"
159.65.10.236 - - [20/Oct/2025:08:20:15 -0400] "POST //wp-login.php HTTP/1.1" 200 6641 "https://sexpositions.online//wp-login.php" "Mozilla/5.0 (Windows NT 10.0; Win64; x64) AppleWebKit/537.36 (KHTML, like Gecko) Chrome/88.0.4240.193 Safari/537.36"
51.68.172.194 - - [20/Oct/2025:08:20:16 -0400] "POST //xmlrpc.php HTTP/1.1" 200 401 "-" "Mozilla/5.0 (Windows NT 10.0; Win64; x64) AppleWebKit/537.36 (KHTML, like Gecko) Chrome/89.0.4389.114 Safari/537.36"
159.65.10.236 - - [20/Oct/2025:08:20:16 -0400] "POST //wp-login.php HTTP/1.1" 200 6641 "https://sexpositions.online//wp-login.php" "Mozilla/5.0 (Windows NT 10.0; Win64; x64) AppleWebKit/537.36 (KHTML, like Gecko) Chrome/88.0.4240.193 Safari/537.36"
51.68.172.194 - - [20/Oct/2025:08:20:16 -0400] "POST //xmlrpc.php HTTP/1.1" 200 401 "-" "Mozilla/5.0 (Windows NT 10.0; Win64; x64) AppleWebKit/537.36 (KHTML, like Gecko) Chrome/89.0.4389.114 Safari/537.36"
159.65.10.236 - - [20/Oct/2025:08:20:16 -0400] "POST //wp-login.php HTTP/1.1" 200 6641 "https://sexpositions.online//wp-login.php" "Mozilla/5.0 (Windows NT 10.0; Win64; x64) AppleWebKit/537.36 (KHTML, like Gecko) Chrome/88.0.4240.193 Safari/537.36"
159.65.10.236 - - [20/Oct/2025:08:20:16 -0400] "POST //wp-login.php HTTP/1.1" 200 6641 "https://sexpositions.online//wp-login.php" "Mozilla/5.0 (Windows NT 10.0; Win64; x64) AppleWebKit/537.36 (KHTML, like Gecko) Chrome/88.0.4240.193 Safari/537.36"
51.68.172.194 - - [20/Oct/2025:08:20:16 -0400] "POST //xmlrpc.php HTTP/1.1" 200 401 "-" "Mozilla/5.0 (Windows NT 10.0; Win64; x64) AppleWebKit/537.36 (KHTML, like Gecko) Chrome/89.0.4389.114 Safari/537.36"
185.147.102.1 - - [20/Oct/2025:08:20:17 -0400] "GET /amazon/ HTTP/1.1" 200 101009 "https://sexpositions.online/" "Mozilla/5.0 (Linux; Android 10; K) AppleWebKit/537.36 (KHTML, like Gecko) Chrome/141.0.0.0 Mobile Safari/537.36"
159.65.10.236 - - [20/Oct/2025:08:20:17 -0400] "POST //wp-login.php HTTP/1.1" 200 6641 "https://sexpositions.online//wp-login.php" "Mozilla/5.0 (Windows NT 10.0; Win64; x64) AppleWebKit/537.36 (KHTML, like Gecko) Chrome/88.0.4240.193 Safari/537.36"
51.68.172.194 - - [20/Oct/2025:08:20:17 -0400] "POST //xmlrpc.php HTTP/1.1" 200 401 "-" "Mozilla/5.0 (Windows NT 10.0; Win64; x64) AppleWebKit/537.36 (KHTML, like Gecko) Chrome/89.0.4389.114 Safari/537.36"
159.65.10.236 - - [20/Oct/2025:08:20:17 -0400] "POST //wp-login.php HTTP/1.1" 200 6641 "https://sexpositions.online//wp-login.php" "Mozilla/5.0 (Windows NT 10.0; Win64; x64) AppleWebKit/537.36 (KHTML, like Gecko) Chrome/88.0.4240.193 Safari/537.36"
51.68.172.194 - - [20/Oct/2025:08:20:17 -0400] "POST //xmlrpc.php HTTP/1.1" 200 401 "-" "Mozilla/5.0 (Windows NT 10.0; Win64; x64) AppleWebKit/537.36 (KHTML, like Gecko) Chrome/89.0.4389.114 Safari/537.36"
159.65.10.236 - - [20/Oct/2025:08:20:17 -0400] "POST //wp-login.php HTTP/1.1" 200 6641 "https://sexpositions.online//wp-login.php" "Mozilla/5.0 (Windows NT 10.0; Win64; x64) AppleWebKit/537.36 (KHTML, like Gecko) Chrome/88.0.4240.193 Safari/537.36"
159.65.10.236 - - [20/Oct/2025:08:20:18 -0400] "POST //wp-login.php HTTP/1.1" 200 6641 "https://sexpositions.online//wp-login.php" "Mozilla/5.0 (Windows NT 10.0; Win64; x64) AppleWebKit/537.36 (KHTML, like Gecko) Chrome/88.0.4240.193 Safari/537.36"
51.68.172.194 - - [20/Oct/2025:08:20:18 -0400] "POST //xmlrpc.php HTTP/1.1" 200 401 "-" "Mozilla/5.0 (Windows NT 10.0; Win64; x64) AppleWebKit/537.36 (KHTML, like Gecko) Chrome/89.0.4389.114 Safari/537.36"
185.147.102.1 - - [20/Oct/2025:08:20:18 -0400] "GET /wp-content/uploads/love-pump-animated.gif HTTP/1.1" 200 231610 "https://sexpositions.online/amazon/" "Mozilla/5.0 (Linux; Android 10; K) AppleWebKit/537.36 (KHTML, like Gecko) Chrome/141.0.0.0 Mobile Safari/537.36"
185.147.102.1 - - [20/Oct/2025:08:20:18 -0400] "GET /wp-content/uploads/reverse-jockey-animated.gif HTTP/1.1" 200 178457 "https://sexpositions.online/amazon/" "Mozilla/5.0 (Linux; Android 10; K) AppleWebKit/537.36 (KHTML, like Gecko) Chrome/141.0.0.0 Mobile Safari/537.36"
159.65.10.236 - - [20/Oct/2025:08:20:18 -0400] "POST //wp-login.php HTTP/1.1" 200 6641 "https://sexpositions.online//wp-login.php" "Mozilla/5.0 (Windows NT 10.0; Win64; x64) AppleWebKit/537.36 (KHTML, like Gecko) Chrome/88.0.4240.193 Safari/537.36"
51.68.172.194 - - [20/Oct/2025:08:20:18 -0400] "POST //xmlrpc.php HTTP/1.1" 200 401 "-" "Mozilla/5.0 (Windows NT 10.0; Win64; x64) AppleWebKit/537.36 (KHTML, like Gecko) Chrome/89.0.4389.114 Safari/537.36"
159.65.10.236 - - [20/Oct/2025:08:20:19 -0400] "POST //wp-login.php HTTP/1.1" 200 6641 "https://sexpositions.online//wp-login.php" "Mozilla/5.0 (Windows NT 10.0; Win64; x64) AppleWebKit/537.36 (KHTML, like Gecko) Chrome/88.0.4240.193 Safari/537.36"
185.147.102.1 - - [20/Oct/2025:08:20:19 -0400] "GET /wp-content/uploads/the-rev-it-up-rub-animated.gif HTTP/1.1" 200 239247 "https://sexpositions.online/amazon/" "Mozilla/5.0 (Linux; Android 10; K) AppleWebKit/537.36 (KHTML, like Gecko) Chrome/141.0.0.0 Mobile Safari/537.36"
185.147.102.1 - - [20/Oct/2025:08:20:19 -0400] "GET /wp-content/uploads/surprise-party-animated.gif HTTP/1.1" 200 221781 "https://sexpositions.online/amazon/" "Mozilla/5.0 (Linux; Android 10; K) AppleWebKit/537.36 (KHTML, like Gecko) Chrome/141.0.0.0 Mobile Safari/537.36"
159.65.10.236 - - [20/Oct/2025:08:20:19 -0400] "POST //wp-login.php HTTP/1.1" 200 6641 "https://sexpositions.online//wp-login.php" "Mozilla/5.0 (Windows NT 10.0; Win64; x64) AppleWebKit/537.36 (KHTML, like Gecko) Chrome/88.0.4240.193 Safari/537.36"
51.68.172.194 - - [20/Oct/2025:08:20:19 -0400] "POST //xmlrpc.php HTTP/1.1" 200 401 "-" "Mozilla/5.0 (Windows NT 10.0; Win64; x64) AppleWebKit/537.36 (KHTML, like Gecko) Chrome/89.0.4389.114 Safari/537.36"
159.65.10.236 - - [20/Oct/2025:08:20:19 -0400] "POST //wp-login.php HTTP/1.1" 200 6641 "https://sexpositions.online//wp-login.php" "Mozilla/5.0 (Windows NT 10.0; Win64; x64) AppleWebKit/537.36 (KHTML, like Gecko) Chrome/88.0.4240.193 Safari/537.36"
51.68.172.194 - - [20/Oct/2025:08:20:19 -0400] "POST //xmlrpc.php HTTP/1.1" 200 401 "-" "Mozilla/5.0 (Windows NT 10.0; Win64; x64) AppleWebKit/537.36 (KHTML, like Gecko) Chrome/89.0.4389.114 Safari/537.36"
159.65.10.236 - - [20/Oct/2025:08:20:20 -0400] "POST //wp-login.php HTTP/1.1" 200 6641 "https://sexpositions.online//wp-login.php" "Mozilla/5.0 (Windows NT 10.0; Win64; x64) AppleWebKit/537.36 (KHTML, like Gecko) Chrome/88.0.4240.193 Safari/537.36"
51.68.172.194 - - [20/Oct/2025:08:20:20 -0400] "POST //xmlrpc.php HTTP/1.1" 200 401 "-" "Mozilla/5.0 (Windows NT 10.0; Win64; x64) AppleWebKit/537.36 (KHTML, like Gecko) Chrome/89.0.4389.114 Safari/537.36"
159.65.10.236 - - [20/Oct/2025:08:20:20 -0400] "POST //wp-login.php HTTP/1.1" 200 6641 "https://sexpositions.online//wp-login.php" "Mozilla/5.0 (Windows NT 10.0; Win64; x64) AppleWebKit/537.36 (KHTML, like Gecko) Chrome/88.0.4240.193 Safari/537.36"
159.65.10.236 - - [20/Oct/2025:08:20:20 -0400] "POST //wp-login.php HTTP/1.1" 200 6641 "https://sexpositions.online//wp-login.php" "Mozilla/5.0 (Windows NT 10.0; Win64; x64) AppleWebKit/537.36 (KHTML, like Gecko) Chrome/88.0.4240.193 Safari/537.36"
51.68.172.194 - - [20/Oct/2025:08:20:20 -0400] "POST //xmlrpc.php HTTP/1.1" 200 401 "-" "Mozilla/5.0 (Windows NT 10.0; Win64; x64) AppleWebKit/537.36 (KHTML, like Gecko) Chrome/89.0.4389.114 Safari/537.36"
159.65.10.236 - - [20/Oct/2025:08:20:21 -0400] "POST //wp-login.php HTTP/1.1" 200 6641 "https://sexpositions.online//wp-login.php" "Mozilla/5.0 (Windows NT 10.0; Win64; x64) AppleWebKit/537.36 (KHTML, like Gecko) Chrome/88.0.4240.193 Safari/537.36"
51.68.172.194 - - [20/Oct/2025:08:20:21 -0400] "POST //xmlrpc.php HTTP/1.1" 200 401 "-" "Mozilla/5.0 (Windows NT 10.0; Win64; x64) AppleWebKit/537.36 (KHTML, like Gecko) Chrome/89.0.4389.114 Safari/537.36"
159.65.10.236 - - [20/Oct/2025:08:20:21 -0400] "POST //wp-login.php HTTP/1.1" 200 6641 "https://sexpositions.online//wp-login.php" "Mozilla/5.0 (Windows NT 10.0; Win64; x64) AppleWebKit/537.36 (KHTML, like Gecko) Chrome/88.0.4240.193 Safari/537.36"
159.65.10.236 - - [20/Oct/2025:08:20:21 -0400] "POST //wp-login.php HTTP/1.1" 200 6641 "https://sexpositions.online//wp-login.php" "Mozilla/5.0 (Windows NT 10.0; Win64; x64) AppleWebKit/537.36 (KHTML, like Gecko) Chrome/88.0.4240.193 Safari/537.36"
51.68.172.194 - - [20/Oct/2025:08:20:21 -0400] "POST //xmlrpc.php HTTP/1.1" 200 401 "-" "Mozilla/5.0 (Windows NT 10.0; Win64; x64) AppleWebKit/537.36 (KHTML, like Gecko) Chrome/89.0.4389.114 Safari/537.36"
159.65.10.236 - - [20/Oct/2025:08:20:22 -0400] "POST //wp-login.php HTTP/1.1" 200 6641 "https://sexpositions.online//wp-login.php" "Mozilla/5.0 (Windows NT 10.0; Win64; x64) AppleWebKit/537.36 (KHTML, like Gecko) Chrome/88.0.4240.193 Safari/537.36"
51.68.172.194 - - [20/Oct/2025:08:20:22 -0400] "POST //xmlrpc.php HTTP/1.1" 200 401 "-" "Mozilla/5.0 (Windows NT 10.0; Win64; x64) AppleWebKit/537.36 (KHTML, like Gecko) Chrome/89.0.4389.114 Safari/537.36"
159.65.10.236 - - [20/Oct/2025:08:20:22 -0400] "POST //wp-login.php HTTP/1.1" 200 6641 "https://sexpositions.online//wp-login.php" "Mozilla/5.0 (Windows NT 10.0; Win64; x64) AppleWebKit/537.36 (KHTML, like Gecko) Chrome/88.0.4240.193 Safari/537.36"
51.68.172.194 - - [20/Oct/2025:08:20:22 -0400] "POST //xmlrpc.php HTTP/1.1" 200 401 "-" "Mozilla/5.0 (Windows NT 10.0; Win64; x64) AppleWebKit/537.36 (KHTML, like Gecko) Chrome/89.0.4389.114 Safari/537.36"
159.65.10.236 - - [20/Oct/2025:08:20:22 -0400] "POST //wp-login.php HTTP/1.1" 200 6641 "https://sexpositions.online//wp-login.php" "Mozilla/5.0 (Windows NT 10.0; Win64; x64) AppleWebKit/537.36 (KHTML, like Gecko) Chrome/88.0.4240.193 Safari/537.36"
159.65.10.236 - - [20/Oct/2025:08:20:23 -0400] "POST //wp-login.php HTTP/1.1" 200 6641 "https://sexpositions.online//wp-login.php" "Mozilla/5.0 (Windows NT 10.0; Win64; x64) AppleWebKit/537.36 (KHTML, like Gecko) Chrome/88.0.4240.193 Safari/537.36"
51.68.172.194 - - [20/Oct/2025:08:20:23 -0400] "POST //xmlrpc.php HTTP/1.1" 200 401 "-" "Mozilla/5.0 (Windows NT 10.0; Win64; x64) AppleWebKit/537.36 (KHTML, like Gecko) Chrome/89.0.4389.114 Safari/537.36"
159.65.10.236 - - [20/Oct/2025:08:20:23 -0400] "POST //wp-login.php HTTP/1.1" 200 6641 "https://sexpositions.online//wp-login.php" "Mozilla/5.0 (Windows NT 10.0; Win64; x64) AppleWebKit/537.36 (KHTML, like Gecko) Chrome/88.0.4240.193 Safari/537.36"
51.68.172.194 - - [20/Oct/2025:08:20:23 -0400] "POST //xmlrpc.php HTTP/1.1" 200 401 "-" "Mozilla/5.0 (Windows NT 10.0; Win64; x64) AppleWebKit/537.36 (KHTML, like Gecko) Chrome/89.0.4389.114 Safari/537.36"
159.65.10.236 - - [20/Oct/2025:08:20:23 -0400] "POST //wp-login.php HTTP/1.1" 200 6641 "https://sexpositions.online//wp-login.php" "Mozilla/5.0 (Windows NT 10.0; Win64; x64) AppleWebKit/537.36 (KHTML, like Gecko) Chrome/88.0.4240.193 Safari/537.36"
159.65.10.236 - - [20/Oct/2025:08:20:24 -0400] "POST //wp-login.php HTTP/1.1" 200 6641 "https://sexpositions.online//wp-login.php" "Mozilla/5.0 (Windows NT 10.0; Win64; x64) AppleWebKit/537.36 (KHTML, like Gecko) Chrome/88.0.4240.193 Safari/537.36"
51.68.172.194 - - [20/Oct/2025:08:20:24 -0400] "POST //xmlrpc.php HTTP/1.1" 200 401 "-" "Mozilla/5.0 (Windows NT 10.0; Win64; x64) AppleWebKit/537.36 (KHTML, like Gecko) Chrome/89.0.4389.114 Safari/537.36"
159.65.10.236 - - [20/Oct/2025:08:20:24 -0400] "POST //wp-login.php HTTP/1.1" 200 6641 "https://sexpositions.online//wp-login.php" "Mozilla/5.0 (Windows NT 10.0; Win64; x64) AppleWebKit/537.36 (KHTML, like Gecko) Chrome/88.0.4240.193 Safari/537.36"
51.68.172.194 - - [20/Oct/2025:08:20:24 -0400] "POST //xmlrpc.php HTTP/1.1" 200 401 "-" "Mozilla/5.0 (Windows NT 10.0; Win64; x64) AppleWebKit/537.36 (KHTML, like Gecko) Chrome/89.0.4389.114 Safari/537.36"
159.65.10.236 - - [20/Oct/2025:08:20:24 -0400] "POST //wp-login.php HTTP/1.1" 200 6641 "https://sexpositions.online//wp-login.php" "Mozilla/5.0 (Windows NT 10.0; Win64; x64) AppleWebKit/537.36 (KHTML, like Gecko) Chrome/88.0.4240.193 Safari/537.36"
