51.68.172.194 - - [20/Oct/2025:08:33:26 -0400] "POST //xmlrpc.php HTTP/1.1" 200 401 "-" "Mozilla/5.0 (Windows NT 10.0; Win64; x64) AppleWebKit/537.36 (KHTML, like Gecko) Chrome/89.0.4389.114 Safari/537.36"
159.65.10.236 - - [20/Oct/2025:08:33:26 -0400] "POST //wp-login.php HTTP/1.1" 200 6641 "https://sexpositions.online//wp-login.php" "Mozilla/5.0 (Windows NT 10.0; Win64; x64) AppleWebKit/537.36 (KHTML, like Gecko) Chrome/88.0.4240.193 Safari/537.36"
51.68.172.194 - - [20/Oct/2025:08:33:27 -0400] "POST //xmlrpc.php HTTP/1.1" 200 401 "-" "Mozilla/5.0 (Windows NT 10.0; Win64; x64) AppleWebKit/537.36 (KHTML, like Gecko) Chrome/89.0.4389.114 Safari/537.36"
159.65.10.236 - - [20/Oct/2025:08:33:27 -0400] "POST //wp-login.php HTTP/1.1" 200 6641 "https://sexpositions.online//wp-login.php" "Mozilla/5.0 (Windows NT 10.0; Win64; x64) AppleWebKit/537.36 (KHTML, like Gecko) Chrome/88.0.4240.193 Safari/537.36"
51.68.172.194 - - [20/Oct/2025:08:33:27 -0400] "POST //xmlrpc.php HTTP/1.1" 200 401 "-" "Mozilla/5.0 (Windows NT 10.0; Win64; x64) AppleWebKit/537.36 (KHTML, like Gecko) Chrome/89.0.4389.114 Safari/537.36"
159.65.10.236 - - [20/Oct/2025:08:33:27 -0400] "POST //wp-login.php HTTP/1.1" 200 6641 "https://sexpositions.online//wp-login.php" "Mozilla/5.0 (Windows NT 10.0; Win64; x64) AppleWebKit/537.36 (KHTML, like Gecko) Chrome/88.0.4240.193 Safari/537.36"
159.65.10.236 - - [20/Oct/2025:08:33:28 -0400] "POST //wp-login.php HTTP/1.1" 200 6641 "https://sexpositions.online//wp-login.php" "Mozilla/5.0 (Windows NT 10.0; Win64; x64) AppleWebKit/537.36 (KHTML, like Gecko) Chrome/88.0.4240.193 Safari/537.36"
51.68.172.194 - - [20/Oct/2025:08:33:28 -0400] "POST //xmlrpc.php HTTP/1.1" 200 401 "-" "Mozilla/5.0 (Windows NT 10.0; Win64; x64) AppleWebKit/537.36 (KHTML, like Gecko) Chrome/89.0.4389.114 Safari/537.36"
159.65.10.236 - - [20/Oct/2025:08:33:28 -0400] "POST //wp-login.php HTTP/1.1" 200 6641 "https://sexpositions.online//wp-login.php" "Mozilla/5.0 (Windows NT 10.0; Win64; x64) AppleWebKit/537.36 (KHTML, like Gecko) Chrome/88.0.4240.193 Safari/537.36"
51.68.172.194 - - [20/Oct/2025:08:33:28 -0400] "POST //xmlrpc.php HTTP/1.1" 200 401 "-" "Mozilla/5.0 (Windows NT 10.0; Win64; x64) AppleWebKit/537.36 (KHTML, like Gecko) Chrome/89.0.4389.114 Safari/537.36"
159.65.10.236 - - [20/Oct/2025:08:33:28 -0400] "POST //wp-login.php HTTP/1.1" 200 6641 "https://sexpositions.online//wp-login.php" "Mozilla/5.0 (Windows NT 10.0; Win64; x64) AppleWebKit/537.36 (KHTML, like Gecko) Chrome/88.0.4240.193 Safari/537.36"
51.68.172.194 - - [20/Oct/2025:08:33:29 -0400] "POST //xmlrpc.php HTTP/1.1" 200 401 "-" "Mozilla/5.0 (Windows NT 10.0; Win64; x64) AppleWebKit/537.36 (KHTML, like Gecko) Chrome/89.0.4389.114 Safari/537.36"
159.65.10.236 - - [20/Oct/2025:08:33:29 -0400] "POST //wp-login.php HTTP/1.1" 200 6641 "https://sexpositions.online//wp-login.php" "Mozilla/5.0 (Windows NT 10.0; Win64; x64) AppleWebKit/537.36 (KHTML, like Gecko) Chrome/88.0.4240.193 Safari/537.36"
51.68.172.194 - - [20/Oct/2025:08:33:29 -0400] "POST //xmlrpc.php HTTP/1.1" 200 401 "-" "Mozilla/5.0 (Windows NT 10.0; Win64; x64) AppleWebKit/537.36 (KHTML, like Gecko) Chrome/89.0.4389.114 Safari/537.36"
159.65.10.236 - - [20/Oct/2025:08:33:29 -0400] "POST //wp-login.php HTTP/1.1" 200 6641 "https://sexpositions.online//wp-login.php" "Mozilla/5.0 (Windows NT 10.0; Win64; x64) AppleWebKit/537.36 (KHTML, like Gecko) Chrome/88.0.4240.193 Safari/537.36"
159.65.10.236 - - [20/Oct/2025:08:33:29 -0400] "POST //wp-login.php HTTP/1.1" 200 6641 "https://sexpositions.online//wp-login.php" "Mozilla/5.0 (Windows NT 10.0; Win64; x64) AppleWebKit/537.36 (KHTML, like Gecko) Chrome/88.0.4240.193 Safari/537.36"
51.68.172.194 - - [20/Oct/2025:08:33:30 -0400] "POST //xmlrpc.php HTTP/1.1" 200 401 "-" "Mozilla/5.0 (Windows NT 10.0; Win64; x64) AppleWebKit/537.36 (KHTML, like Gecko) Chrome/89.0.4389.114 Safari/537.36"
159.65.10.236 - - [20/Oct/2025:08:33:30 -0400] "POST //wp-login.php HTTP/1.1" 200 6641 "https://sexpositions.online//wp-login.php" "Mozilla/5.0 (Windows NT 10.0; Win64; x64) AppleWebKit/537.36 (KHTML, like Gecko) Chrome/88.0.4240.193 Safari/537.36"
51.68.172.194 - - [20/Oct/2025:08:33:30 -0400] "POST //xmlrpc.php HTTP/1.1" 200 401 "-" "Mozilla/5.0 (Windows NT 10.0; Win64; x64) AppleWebKit/537.36 (KHTML, like Gecko) Chrome/89.0.4389.114 Safari/537.36"
159.65.10.236 - - [20/Oct/2025:08:33:30 -0400] "POST //wp-login.php HTTP/1.1" 200 6641 "https://sexpositions.online//wp-login.php" "Mozilla/5.0 (Windows NT 10.0; Win64; x64) AppleWebKit/537.36 (KHTML, like Gecko) Chrome/88.0.4240.193 Safari/537.36"
51.68.172.194 - - [20/Oct/2025:08:33:31 -0400] "POST //xmlrpc.php HTTP/1.1" 200 401 "-" "Mozilla/5.0 (Windows NT 10.0; Win64; x64) AppleWebKit/537.36 (KHTML, like Gecko) Chrome/89.0.4389.114 Safari/537.36"
159.65.10.236 - - [20/Oct/2025:08:33:31 -0400] "POST //wp-login.php HTTP/1.1" 200 6641 "https://sexpositions.online//wp-login.php" "Mozilla/5.0 (Windows NT 10.0; Win64; x64) AppleWebKit/537.36 (KHTML, like Gecko) Chrome/88.0.4240.193 Safari/537.36"
159.65.10.236 - - [20/Oct/2025:08:33:31 -0400] "POST //wp-login.php HTTP/1.1" 200 6641 "https://sexpositions.online//wp-login.php" "Mozilla/5.0 (Windows NT 10.0; Win64; x64) AppleWebKit/537.36 (KHTML, like Gecko) Chrome/88.0.4240.193 Safari/537.36"
51.68.172.194 - - [20/Oct/2025:08:33:31 -0400] "POST //xmlrpc.php HTTP/1.1" 200 401 "-" "Mozilla/5.0 (Windows NT 10.0; Win64; x64) AppleWebKit/537.36 (KHTML, like Gecko) Chrome/89.0.4389.114 Safari/537.36"
159.65.10.236 - - [20/Oct/2025:08:33:31 -0400] "POST //wp-login.php HTTP/1.1" 200 6641 "https://sexpositions.online//wp-login.php" "Mozilla/5.0 (Windows NT 10.0; Win64; x64) AppleWebKit/537.36 (KHTML, like Gecko) Chrome/88.0.4240.193 Safari/537.36"
2806:104e:19:96cb:2866:e770:c65e:ab79 - - [20/Oct/2025:08:33:32 -0400] "GET /wp-content/uploads/elephant-animated.gif HTTP/1.1" 304 - "https://sexpositions.online/standing/" "Mozilla/5.0 (Linux; Android 10; K) AppleWebKit/537.36 (KHTML, like Gecko) Chrome/141.0.0.0 Mobile Safari/537.36"
51.68.172.194 - - [20/Oct/2025:08:33:31 -0400] "POST //xmlrpc.php HTTP/1.1" 200 401 "-" "Mozilla/5.0 (Windows NT 10.0; Win64; x64) AppleWebKit/537.36 (KHTML, like Gecko) Chrome/89.0.4389.114 Safari/537.36"
159.65.10.236 - - [20/Oct/2025:08:33:32 -0400] "POST //wp-login.php HTTP/1.1" 200 6641 "https://sexpositions.online//wp-login.php" "Mozilla/5.0 (Windows NT 10.0; Win64; x64) AppleWebKit/537.36 (KHTML, like Gecko) Chrome/88.0.4240.193 Safari/537.36"
51.68.172.194 - - [20/Oct/2025:08:33:32 -0400] "POST //xmlrpc.php HTTP/1.1" 200 401 "-" "Mozilla/5.0 (Windows NT 10.0; Win64; x64) AppleWebKit/537.36 (KHTML, like Gecko) Chrome/89.0.4389.114 Safari/537.36"
159.65.10.236 - - [20/Oct/2025:08:33:32 -0400] "POST //wp-login.php HTTP/1.1" 200 6641 "https://sexpositions.online//wp-login.php" "Mozilla/5.0 (Windows NT 10.0; Win64; x64) AppleWebKit/537.36 (KHTML, like Gecko) Chrome/88.0.4240.193 Safari/537.36"
2806:104e:19:96cb:2866:e770:c65e:ab79 - - [20/Oct/2025:08:33:33 -0400] "GET /wp-content/uploads/wall-animated.gif HTTP/1.1" 304 - "https://sexpositions.online/standing/" "Mozilla/5.0 (Linux; Android 10; K) AppleWebKit/537.36 (KHTML, like Gecko) Chrome/141.0.0.0 Mobile Safari/537.36"
159.65.10.236 - - [20/Oct/2025:08:33:32 -0400] "POST //wp-login.php HTTP/1.1" 200 6641 "https://sexpositions.online//wp-login.php" "Mozilla/5.0 (Windows NT 10.0; Win64; x64) AppleWebKit/537.36 (KHTML, like Gecko) Chrome/88.0.4240.193 Safari/537.36"
51.68.172.194 - - [20/Oct/2025:08:33:33 -0400] "POST //xmlrpc.php HTTP/1.1" 200 401 "-" "Mozilla/5.0 (Windows NT 10.0; Win64; x64) AppleWebKit/537.36 (KHTML, like Gecko) Chrome/89.0.4389.114 Safari/537.36"
159.65.10.236 - - [20/Oct/2025:08:33:33 -0400] "POST //wp-login.php HTTP/1.1" 200 6641 "https://sexpositions.online//wp-login.php" "Mozilla/5.0 (Windows NT 10.0; Win64; x64) AppleWebKit/537.36 (KHTML, like Gecko) Chrome/88.0.4240.193 Safari/537.36"
51.68.172.194 - - [20/Oct/2025:08:33:33 -0400] "POST //xmlrpc.php HTTP/1.1" 200 401 "-" "Mozilla/5.0 (Windows NT 10.0; Win64; x64) AppleWebKit/537.36 (KHTML, like Gecko) Chrome/89.0.4389.114 Safari/537.36"
159.65.10.236 - - [20/Oct/2025:08:33:33 -0400] "POST //wp-login.php HTTP/1.1" 200 6641 "https://sexpositions.online//wp-login.php" "Mozilla/5.0 (Windows NT 10.0; Win64; x64) AppleWebKit/537.36 (KHTML, like Gecko) Chrome/88.0.4240.193 Safari/537.36"
2806:104e:19:96cb:2866:e770:c65e:ab79 - - [20/Oct/2025:08:33:33 -0400] "GET /wp-content/uploads/the-swing-animated.gif HTTP/1.1" 304 - "https://sexpositions.online/standing/" "Mozilla/5.0 (Linux; Android 10; K) AppleWebKit/537.36 (KHTML, like Gecko) Chrome/141.0.0.0 Mobile Safari/537.36"
159.65.10.236 - - [20/Oct/2025:08:33:33 -0400] "POST //wp-login.php HTTP/1.1" 200 6641 "https://sexpositions.online//wp-login.php" "Mozilla/5.0 (Windows NT 10.0; Win64; x64) AppleWebKit/537.36 (KHTML, like Gecko) Chrome/88.0.4240.193 Safari/537.36"
51.68.172.194 - - [20/Oct/2025:08:33:34 -0400] "POST //xmlrpc.php HTTP/1.1" 200 401 "-" "Mozilla/5.0 (Windows NT 10.0; Win64; x64) AppleWebKit/537.36 (KHTML, like Gecko) Chrome/89.0.4389.114 Safari/537.36"
159.65.10.236 - - [20/Oct/2025:08:33:34 -0400] "POST //wp-login.php HTTP/1.1" 200 6641 "https://sexpositions.online//wp-login.php" "Mozilla/5.0 (Windows NT 10.0; Win64; x64) AppleWebKit/537.36 (KHTML, like Gecko) Chrome/88.0.4240.193 Safari/537.36"
51.68.172.194 - - [20/Oct/2025:08:33:34 -0400] "POST //xmlrpc.php HTTP/1.1" 200 401 "-" "Mozilla/5.0 (Windows NT 10.0; Win64; x64) AppleWebKit/537.36 (KHTML, like Gecko) Chrome/89.0.4389.114 Safari/537.36"
159.65.10.236 - - [20/Oct/2025:08:33:34 -0400] "POST //wp-login.php HTTP/1.1" 200 6641 "https://sexpositions.online//wp-login.php" "Mozilla/5.0 (Windows NT 10.0; Win64; x64) AppleWebKit/537.36 (KHTML, like Gecko) Chrome/88.0.4240.193 Safari/537.36"
159.65.10.236 - - [20/Oct/2025:08:33:35 -0400] "POST //wp-login.php HTTP/1.1" 200 6641 "https://sexpositions.online//wp-login.php" "Mozilla/5.0 (Windows NT 10.0; Win64; x64) AppleWebKit/537.36 (KHTML, like Gecko) Chrome/88.0.4240.193 Safari/537.36"
51.68.172.194 - - [20/Oct/2025:08:33:35 -0400] "POST //xmlrpc.php HTTP/1.1" 200 401 "-" "Mozilla/5.0 (Windows NT 10.0; Win64; x64) AppleWebKit/537.36 (KHTML, like Gecko) Chrome/89.0.4389.114 Safari/537.36"
159.65.10.236 - - [20/Oct/2025:08:33:35 -0400] "POST //wp-login.php HTTP/1.1" 200 6641 "https://sexpositions.online//wp-login.php" "Mozilla/5.0 (Windows NT 10.0; Win64; x64) AppleWebKit/537.36 (KHTML, like Gecko) Chrome/88.0.4240.193 Safari/537.36"
51.68.172.194 - - [20/Oct/2025:08:33:35 -0400] "POST //xmlrpc.php HTTP/1.1" 200 401 "-" "Mozilla/5.0 (Windows NT 10.0; Win64; x64) AppleWebKit/537.36 (KHTML, like Gecko) Chrome/89.0.4389.114 Safari/537.36"
159.65.10.236 - - [20/Oct/2025:08:33:35 -0400] "POST //wp-login.php HTTP/1.1" 200 6641 "https://sexpositions.online//wp-login.php" "Mozilla/5.0 (Windows NT 10.0; Win64; x64) AppleWebKit/537.36 (KHTML, like Gecko) Chrome/88.0.4240.193 Safari/537.36"
51.68.172.194 - - [20/Oct/2025:08:33:36 -0400] "POST //xmlrpc.php HTTP/1.1" 200 401 "-" "Mozilla/5.0 (Windows NT 10.0; Win64; x64) AppleWebKit/537.36 (KHTML, like Gecko) Chrome/89.0.4389.114 Safari/537.36"
159.65.10.236 - - [20/Oct/2025:08:33:36 -0400] "POST //wp-login.php HTTP/1.1" 200 6641 "https://sexpositions.online//wp-login.php" "Mozilla/5.0 (Windows NT 10.0; Win64; x64) AppleWebKit/537.36 (KHTML, like Gecko) Chrome/88.0.4240.193 Safari/537.36"
159.65.10.236 - - [20/Oct/2025:08:33:36 -0400] "POST //wp-login.php HTTP/1.1" 200 6641 "https://sexpositions.online//wp-login.php" "Mozilla/5.0 (Windows NT 10.0; Win64; x64) AppleWebKit/537.36 (KHTML, like Gecko) Chrome/88.0.4240.193 Safari/537.36"
51.68.172.194 - - [20/Oct/2025:08:33:36 -0400] "POST //xmlrpc.php HTTP/1.1" 200 401 "-" "Mozilla/5.0 (Windows NT 10.0; Win64; x64) AppleWebKit/537.36 (KHTML, like Gecko) Chrome/89.0.4389.114 Safari/537.36"
159.65.10.236 - - [20/Oct/2025:08:33:36 -0400] "POST //wp-login.php HTTP/1.1" 200 6641 "https://sexpositions.online//wp-login.php" "Mozilla/5.0 (Windows NT 10.0; Win64; x64) AppleWebKit/537.36 (KHTML, like Gecko) Chrome/88.0.4240.193 Safari/537.36"
51.68.172.194 - - [20/Oct/2025:08:33:37 -0400] "POST //xmlrpc.php HTTP/1.1" 200 401 "-" "Mozilla/5.0 (Windows NT 10.0; Win64; x64) AppleWebKit/537.36 (KHTML, like Gecko) Chrome/89.0.4389.114 Safari/537.36"
159.65.10.236 - - [20/Oct/2025:08:33:37 -0400] "POST //wp-login.php HTTP/1.1" 200 6641 "https://sexpositions.online//wp-login.php" "Mozilla/5.0 (Windows NT 10.0; Win64; x64) AppleWebKit/537.36 (KHTML, like Gecko) Chrome/88.0.4240.193 Safari/537.36"
2806:104e:19:96cb:2866:e770:c65e:ab79 - - [20/Oct/2025:08:33:37 -0400] "GET /wp-content/uploads/the-bodyguard-animated.gif HTTP/1.1" 304 - "https://sexpositions.online/standing/" "Mozilla/5.0 (Linux; Android 10; K) AppleWebKit/537.36 (KHTML, like Gecko) Chrome/141.0.0.0 Mobile Safari/537.36"
51.68.172.194 - - [20/Oct/2025:08:33:37 -0400] "POST //xmlrpc.php HTTP/1.1" 200 401 "-" "Mozilla/5.0 (Windows NT 10.0; Win64; x64) AppleWebKit/537.36 (KHTML, like Gecko) Chrome/89.0.4389.114 Safari/537.36"
159.65.10.236 - - [20/Oct/2025:08:33:37 -0400] "POST //wp-login.php HTTP/1.1" 200 6641 "https://sexpositions.online//wp-login.php" "Mozilla/5.0 (Windows NT 10.0; Win64; x64) AppleWebKit/537.36 (KHTML, like Gecko) Chrome/88.0.4240.193 Safari/537.36"
159.65.10.236 - - [20/Oct/2025:08:33:38 -0400] "POST //wp-login.php HTTP/1.1" 200 6641 "https://sexpositions.online//wp-login.php" "Mozilla/5.0 (Windows NT 10.0; Win64; x64) AppleWebKit/537.36 (KHTML, like Gecko) Chrome/88.0.4240.193 Safari/537.36"
51.68.172.194 - - [20/Oct/2025:08:33:38 -0400] "POST //xmlrpc.php HTTP/1.1" 200 401 "-" "Mozilla/5.0 (Windows NT 10.0; Win64; x64) AppleWebKit/537.36 (KHTML, like Gecko) Chrome/89.0.4389.114 Safari/537.36"
159.65.10.236 - - [20/Oct/2025:08:33:38 -0400] "POST //wp-login.php HTTP/1.1" 200 6641 "https://sexpositions.online//wp-login.php" "Mozilla/5.0 (Windows NT 10.0; Win64; x64) AppleWebKit/537.36 (KHTML, like Gecko) Chrome/88.0.4240.193 Safari/537.36"
2001:e68:545b:2d95:9d89:d608:d677:cc70 - - [20/Oct/2025:08:33:38 -0400] "GET /wp-content/uploads/squat-animated.gif HTTP/1.1" 304 - "https://www.google.com/" "Mozilla/5.0 (Linux; Android 10; K) AppleWebKit/537.36 (KHTML, like Gecko) Chrome/141.0.0.0 Mobile Safari/537.36"
51.68.172.194 - - [20/Oct/2025:08:33:38 -0400] "POST //xmlrpc.php HTTP/1.1" 200 401 "-" "Mozilla/5.0 (Windows NT 10.0; Win64; x64) AppleWebKit/537.36 (KHTML, like Gecko) Chrome/89.0.4389.114 Safari/537.36"
159.65.10.236 - - [20/Oct/2025:08:33:38 -0400] "POST //wp-login.php HTTP/1.1" 200 6641 "https://sexpositions.online//wp-login.php" "Mozilla/5.0 (Windows NT 10.0; Win64; x64) AppleWebKit/537.36 (KHTML, like Gecko) Chrome/88.0.4240.193 Safari/537.36"
159.65.10.236 - - [20/Oct/2025:08:33:39 -0400] "POST //wp-login.php HTTP/1.1" 200 6641 "https://sexpositions.online//wp-login.php" "Mozilla/5.0 (Windows NT 10.0; Win64; x64) AppleWebKit/537.36 (KHTML, like Gecko) Chrome/88.0.4240.193 Safari/537.36"
51.68.172.194 - - [20/Oct/2025:08:33:39 -0400] "POST //xmlrpc.php HTTP/1.1" 200 401 "-" "Mozilla/5.0 (Windows NT 10.0; Win64; x64) AppleWebKit/537.36 (KHTML, like Gecko) Chrome/89.0.4389.114 Safari/537.36"
159.65.10.236 - - [20/Oct/2025:08:33:39 -0400] "POST //wp-login.php HTTP/1.1" 200 6641 "https://sexpositions.online//wp-login.php" "Mozilla/5.0 (Windows NT 10.0; Win64; x64) AppleWebKit/537.36 (KHTML, like Gecko) Chrome/88.0.4240.193 Safari/537.36"
51.68.172.194 - - [20/Oct/2025:08:33:40 -0400] "POST //xmlrpc.php HTTP/1.1" 200 401 "-" "Mozilla/5.0 (Windows NT 10.0; Win64; x64) AppleWebKit/537.36 (KHTML, like Gecko) Chrome/89.0.4389.114 Safari/537.36"
159.65.10.236 - - [20/Oct/2025:08:33:40 -0400] "POST //wp-login.php HTTP/1.1" 200 6641 "https://sexpositions.online//wp-login.php" "Mozilla/5.0 (Windows NT 10.0; Win64; x64) AppleWebKit/537.36 (KHTML, like Gecko) Chrome/88.0.4240.193 Safari/537.36"
159.65.10.236 - - [20/Oct/2025:08:33:40 -0400] "POST //wp-login.php HTTP/1.1" 200 6641 "https://sexpositions.online//wp-login.php" "Mozilla/5.0 (Windows NT 10.0; Win64; x64) AppleWebKit/537.36 (KHTML, like Gecko) Chrome/88.0.4240.193 Safari/537.36"
51.68.172.194 - - [20/Oct/2025:08:33:40 -0400] "POST //xmlrpc.php HTTP/1.1" 200 401 "-" "Mozilla/5.0 (Windows NT 10.0; Win64; x64) AppleWebKit/537.36 (KHTML, like Gecko) Chrome/89.0.4389.114 Safari/537.36"
157.55.39.8 - - [20/Oct/2025:08:33:40 -0400] "GET /?s=%E5%88%98%E5%8D%AB%E4%B8%9C+%E5%8D%97%E6%98%8C%E5%A4%A7%E5%AD%A6 HTTP/1.1" 200 96546 "-" "Mozilla/5.0 AppleWebKit/537.36 (KHTML, like Gecko; compatible; bingbot/2.0; +http://www.bing.com/bingbot.htm) Chrome/116.0.1938.76 Safari/537.36"
159.65.10.236 - - [20/Oct/2025:08:33:40 -0400] "POST //wp-login.php HTTP/1.1" 200 6641 "https://sexpositions.online//wp-login.php" "Mozilla/5.0 (Windows NT 10.0; Win64; x64) AppleWebKit/537.36 (KHTML, like Gecko) Chrome/88.0.4240.193 Safari/537.36"
51.68.172.194 - - [20/Oct/2025:08:33:41 -0400] "POST //xmlrpc.php HTTP/1.1" 200 401 "-" "Mozilla/5.0 (Windows NT 10.0; Win64; x64) AppleWebKit/537.36 (KHTML, like Gecko) Chrome/89.0.4389.114 Safari/537.36"
159.65.10.236 - - [20/Oct/2025:08:33:41 -0400] "POST //wp-login.php HTTP/1.1" 200 6641 "https://sexpositions.online//wp-login.php" "Mozilla/5.0 (Windows NT 10.0; Win64; x64) AppleWebKit/537.36 (KHTML, like Gecko) Chrome/88.0.4240.193 Safari/537.36"
51.68.172.194 - - [20/Oct/2025:08:33:41 -0400] "POST //xmlrpc.php HTTP/1.1" 200 401 "-" "Mozilla/5.0 (Windows NT 10.0; Win64; x64) AppleWebKit/537.36 (KHTML, like Gecko) Chrome/89.0.4389.114 Safari/537.36"
159.65.10.236 - - [20/Oct/2025:08:33:41 -0400] "POST //wp-login.php HTTP/1.1" 200 6641 "https://sexpositions.online//wp-login.php" "Mozilla/5.0 (Windows NT 10.0; Win64; x64) AppleWebKit/537.36 (KHTML, like Gecko) Chrome/88.0.4240.193 Safari/537.36"
159.65.10.236 - - [20/Oct/2025:08:33:42 -0400] "POST //wp-login.php HTTP/1.1" 200 6641 "https://sexpositions.online//wp-login.php" "Mozilla/5.0 (Windows NT 10.0; Win64; x64) AppleWebKit/537.36 (KHTML, like Gecko) Chrome/88.0.4240.193 Safari/537.36"
51.68.172.194 - - [20/Oct/2025:08:33:42 -0400] "POST //xmlrpc.php HTTP/1.1" 200 401 "-" "Mozilla/5.0 (Windows NT 10.0; Win64; x64) AppleWebKit/537.36 (KHTML, like Gecko) Chrome/89.0.4389.114 Safari/537.36"
159.65.10.236 - - [20/Oct/2025:08:33:42 -0400] "POST //wp-login.php HTTP/1.1" 200 6641 "https://sexpositions.online//wp-login.php" "Mozilla/5.0 (Windows NT 10.0; Win64; x64) AppleWebKit/537.36 (KHTML, like Gecko) Chrome/88.0.4240.193 Safari/537.36"
51.68.172.194 - - [20/Oct/2025:08:33:42 -0400] "POST //xmlrpc.php HTTP/1.1" 200 401 "-" "Mozilla/5.0 (Windows NT 10.0; Win64; x64) AppleWebKit/537.36 (KHTML, like Gecko) Chrome/89.0.4389.114 Safari/537.36"
159.65.10.236 - - [20/Oct/2025:08:33:42 -0400] "POST //wp-login.php HTTP/1.1" 200 6641 "https://sexpositions.online//wp-login.php" "Mozilla/5.0 (Windows NT 10.0; Win64; x64) AppleWebKit/537.36 (KHTML, like Gecko) Chrome/88.0.4240.193 Safari/537.36"
51.68.172.194 - - [20/Oct/2025:08:33:43 -0400] "POST //xmlrpc.php HTTP/1.1" 200 401 "-" "Mozilla/5.0 (Windows NT 10.0; Win64; x64) AppleWebKit/537.36 (KHTML, like Gecko) Chrome/89.0.4389.114 Safari/537.36"
159.65.10.236 - - [20/Oct/2025:08:33:43 -0400] "POST //wp-login.php HTTP/1.1" 200 6641 "https://sexpositions.online//wp-login.php" "Mozilla/5.0 (Windows NT 10.0; Win64; x64) AppleWebKit/537.36 (KHTML, like Gecko) Chrome/88.0.4240.193 Safari/537.36"
2806:104e:19:96cb:2866:e770:c65e:ab79 - - [20/Oct/2025:08:33:43 -0400] "GET /wp-content/uploads/upside-down-animated.gif HTTP/1.1" 304 - "https://sexpositions.online/standing/" "Mozilla/5.0 (Linux; Android 10; K) AppleWebKit/537.36 (KHTML, like Gecko) Chrome/141.0.0.0 Mobile Safari/537.36"
159.65.10.236 - - [20/Oct/2025:08:33:43 -0400] "POST //wp-login.php HTTP/1.1" 200 6641 "https://sexpositions.online//wp-login.php" "Mozilla/5.0 (Windows NT 10.0; Win64; x64) AppleWebKit/537.36 (KHTML, like Gecko) Chrome/88.0.4240.193 Safari/537.36"
51.68.172.194 - - [20/Oct/2025:08:33:43 -0400] "POST //xmlrpc.php HTTP/1.1" 200 401 "-" "Mozilla/5.0 (Windows NT 10.0; Win64; x64) AppleWebKit/537.36 (KHTML, like Gecko) Chrome/89.0.4389.114 Safari/537.36"
159.65.10.236 - - [20/Oct/2025:08:33:43 -0400] "POST //wp-login.php HTTP/1.1" 200 6641 "https://sexpositions.online//wp-login.php" "Mozilla/5.0 (Windows NT 10.0; Win64; x64) AppleWebKit/537.36 (KHTML, like Gecko) Chrome/88.0.4240.193 Safari/537.36"
51.68.172.194 - - [20/Oct/2025:08:33:44 -0400] "POST //xmlrpc.php HTTP/1.1" 200 401 "-" "Mozilla/5.0 (Windows NT 10.0; Win64; x64) AppleWebKit/537.36 (KHTML, like Gecko) Chrome/89.0.4389.114 Safari/537.36"
159.65.10.236 - - [20/Oct/2025:08:33:44 -0400] "POST //wp-login.php HTTP/1.1" 200 6641 "https://sexpositions.online//wp-login.php" "Mozilla/5.0 (Windows NT 10.0; Win64; x64) AppleWebKit/537.36 (KHTML, like Gecko) Chrome/88.0.4240.193 Safari/537.36"
2806:104e:19:96cb:2866:e770:c65e:ab79 - - [20/Oct/2025:08:33:44 -0400] "GET /wp-content/uploads/spiderman-animated.gif HTTP/1.1" 304 - "https://sexpositions.online/standing/" "Mozilla/5.0 (Linux; Android 10; K) AppleWebKit/537.36 (KHTML, like Gecko) Chrome/141.0.0.0 Mobile Safari/537.36"
159.65.10.236 - - [20/Oct/2025:08:33:44 -0400] "POST //wp-login.php HTTP/1.1" 200 6641 "https://sexpositions.online//wp-login.php" "Mozilla/5.0 (Windows NT 10.0; Win64; x64) AppleWebKit/537.36 (KHTML, like Gecko) Chrome/88.0.4240.193 Safari/537.36"
51.68.172.194 - - [20/Oct/2025:08:33:44 -0400] "POST //xmlrpc.php HTTP/1.1" 200 401 "-" "Mozilla/5.0 (Windows NT 10.0; Win64; x64) AppleWebKit/537.36 (KHTML, like Gecko) Chrome/89.0.4389.114 Safari/537.36"
159.65.10.236 - - [20/Oct/2025:08:33:45 -0400] "POST //wp-login.php HTTP/1.1" 200 6641 "https://sexpositions.online//wp-login.php" "Mozilla/5.0 (Windows NT 10.0; Win64; x64) AppleWebKit/537.36 (KHTML, like Gecko) Chrome/88.0.4240.193 Safari/537.36"
51.68.172.194 - - [20/Oct/2025:08:33:45 -0400] "POST //xmlrpc.php HTTP/1.1" 200 401 "-" "Mozilla/5.0 (Windows NT 10.0; Win64; x64) AppleWebKit/537.36 (KHTML, like Gecko) Chrome/89.0.4389.114 Safari/537.36"
159.65.10.236 - - [20/Oct/2025:08:33:45 -0400] "POST //wp-login.php HTTP/1.1" 200 6641 "https://sexpositions.online//wp-login.php" "Mozilla/5.0 (Windows NT 10.0; Win64; x64) AppleWebKit/537.36 (KHTML, like Gecko) Chrome/88.0.4240.193 Safari/537.36"
51.68.172.194 - - [20/Oct/2025:08:33:45 -0400] "POST //xmlrpc.php HTTP/1.1" 200 401 "-" "Mozilla/5.0 (Windows NT 10.0; Win64; x64) AppleWebKit/537.36 (KHTML, like Gecko) Chrome/89.0.4389.114 Safari/537.36"
159.65.10.236 - - [20/Oct/2025:08:33:45 -0400] "POST //wp-login.php HTTP/1.1" 200 6641 "https://sexpositions.online//wp-login.php" "Mozilla/5.0 (Windows NT 10.0; Win64; x64) AppleWebKit/537.36 (KHTML, like Gecko) Chrome/88.0.4240.193 Safari/537.36"
159.65.10.236 - - [20/Oct/2025:08:33:46 -0400] "POST //wp-login.php HTTP/1.1" 200 6641 "https://sexpositions.online//wp-login.php" "Mozilla/5.0 (Windows NT 10.0; Win64; x64) AppleWebKit/537.36 (KHTML, like Gecko) Chrome/88.0.4240.193 Safari/537.36"
51.68.172.194 - - [20/Oct/2025:08:33:46 -0400] "POST //xmlrpc.php HTTP/1.1" 200 401 "-" "Mozilla/5.0 (Windows NT 10.0; Win64; x64) AppleWebKit/537.36 (KHTML, like Gecko) Chrome/89.0.4389.114 Safari/537.36"
159.65.10.236 - - [20/Oct/2025:08:33:46 -0400] "POST //wp-login.php HTTP/1.1" 200 6641 "https://sexpositions.online//wp-login.php" "Mozilla/5.0 (Windows NT 10.0; Win64; x64) AppleWebKit/537.36 (KHTML, like Gecko) Chrome/88.0.4240.193 Safari/537.36"
51.68.172.194 - - [20/Oct/2025:08:33:46 -0400] "POST //xmlrpc.php HTTP/1.1" 200 401 "-" "Mozilla/5.0 (Windows NT 10.0; Win64; x64) AppleWebKit/537.36 (KHTML, like Gecko) Chrome/89.0.4389.114 Safari/537.36"
159.65.10.236 - - [20/Oct/2025:08:33:47 -0400] "POST //wp-login.php HTTP/1.1" 200 6641 "https://sexpositions.online//wp-login.php" "Mozilla/5.0 (Windows NT 10.0; Win64; x64) AppleWebKit/537.36 (KHTML, like Gecko) Chrome/88.0.4240.193 Safari/537.36"
51.68.172.194 - - [20/Oct/2025:08:33:47 -0400] "POST //xmlrpc.php HTTP/1.1" 200 401 "-" "Mozilla/5.0 (Windows NT 10.0; Win64; x64) AppleWebKit/537.36 (KHTML, like Gecko) Chrome/89.0.4389.114 Safari/537.36"
159.65.10.236 - - [20/Oct/2025:08:33:47 -0400] "POST //wp-login.php HTTP/1.1" 200 6641 "https://sexpositions.online//wp-login.php" "Mozilla/5.0 (Windows NT 10.0; Win64; x64) AppleWebKit/537.36 (KHTML, like Gecko) Chrome/88.0.4240.193 Safari/537.36"
159.65.10.236 - - [20/Oct/2025:08:33:47 -0400] "POST //wp-login.php HTTP/1.1" 200 6641 "https://sexpositions.online//wp-login.php" "Mozilla/5.0 (Windows NT 10.0; Win64; x64) AppleWebKit/537.36 (KHTML, like Gecko) Chrome/88.0.4240.193 Safari/537.36"
51.68.172.194 - - [20/Oct/2025:08:33:47 -0400] "POST //xmlrpc.php HTTP/1.1" 200 401 "-" "Mozilla/5.0 (Windows NT 10.0; Win64; x64) AppleWebKit/537.36 (KHTML, like Gecko) Chrome/89.0.4389.114 Safari/537.36"
159.65.10.236 - - [20/Oct/2025:08:33:48 -0400] "POST //wp-login.php HTTP/1.1" 200 6641 "https://sexpositions.online//wp-login.php" "Mozilla/5.0 (Windows NT 10.0; Win64; x64) AppleWebKit/537.36 (KHTML, like Gecko) Chrome/88.0.4240.193 Safari/537.36"
51.68.172.194 - - [20/Oct/2025:08:33:48 -0400] "POST //xmlrpc.php HTTP/1.1" 200 401 "-" "Mozilla/5.0 (Windows NT 10.0; Win64; x64) AppleWebKit/537.36 (KHTML, like Gecko) Chrome/89.0.4389.114 Safari/537.36"
159.65.10.236 - - [20/Oct/2025:08:33:48 -0400] "POST //wp-login.php HTTP/1.1" 200 6641 "https://sexpositions.online//wp-login.php" "Mozilla/5.0 (Windows NT 10.0; Win64; x64) AppleWebKit/537.36 (KHTML, like Gecko) Chrome/88.0.4240.193 Safari/537.36"
51.68.172.194 - - [20/Oct/2025:08:33:48 -0400] "POST //xmlrpc.php HTTP/1.1" 200 401 "-" "Mozilla/5.0 (Windows NT 10.0; Win64; x64) AppleWebKit/537.36 (KHTML, like Gecko) Chrome/89.0.4389.114 Safari/537.36"
159.65.10.236 - - [20/Oct/2025:08:33:48 -0400] "POST //wp-login.php HTTP/1.1" 200 6641 "https://sexpositions.online//wp-login.php" "Mozilla/5.0 (Windows NT 10.0; Win64; x64) AppleWebKit/537.36 (KHTML, like Gecko) Chrome/88.0.4240.193 Safari/537.36"
159.65.10.236 - - [20/Oct/2025:08:33:49 -0400] "POST //wp-login.php HTTP/1.1" 200 6641 "https://sexpositions.online//wp-login.php" "Mozilla/5.0 (Windows NT 10.0; Win64; x64) AppleWebKit/537.36 (KHTML, like Gecko) Chrome/88.0.4240.193 Safari/537.36"
51.68.172.194 - - [20/Oct/2025:08:33:49 -0400] "POST //xmlrpc.php HTTP/1.1" 200 401 "-" "Mozilla/5.0 (Windows NT 10.0; Win64; x64) AppleWebKit/537.36 (KHTML, like Gecko) Chrome/89.0.4389.114 Safari/537.36"
159.65.10.236 - - [20/Oct/2025:08:33:49 -0400] "POST //wp-login.php HTTP/1.1" 200 6641 "https://sexpositions.online//wp-login.php" "Mozilla/5.0 (Windows NT 10.0; Win64; x64) AppleWebKit/537.36 (KHTML, like Gecko) Chrome/88.0.4240.193 Safari/537.36"
51.68.172.194 - - [20/Oct/2025:08:33:49 -0400] "POST //xmlrpc.php HTTP/1.1" 200 401 "-" "Mozilla/5.0 (Windows NT 10.0; Win64; x64) AppleWebKit/537.36 (KHTML, like Gecko) Chrome/89.0.4389.114 Safari/537.36"
159.65.10.236 - - [20/Oct/2025:08:33:49 -0400] "POST //wp-login.php HTTP/1.1" 200 6641 "https://sexpositions.online//wp-login.php" "Mozilla/5.0 (Windows NT 10.0; Win64; x64) AppleWebKit/537.36 (KHTML, like Gecko) Chrome/88.0.4240.193 Safari/537.36"
51.68.172.194 - - [20/Oct/2025:08:33:50 -0400] "POST //xmlrpc.php HTTP/1.1" 200 401 "-" "Mozilla/5.0 (Windows NT 10.0; Win64; x64) AppleWebKit/537.36 (KHTML, like Gecko) Chrome/89.0.4389.114 Safari/537.36"
159.65.10.236 - - [20/Oct/2025:08:33:50 -0400] "POST //wp-login.php HTTP/1.1" 200 6641 "https://sexpositions.online//wp-login.php" "Mozilla/5.0 (Windows NT 10.0; Win64; x64) AppleWebKit/537.36 (KHTML, like Gecko) Chrome/88.0.4240.193 Safari/537.36"
51.68.172.194 - - [20/Oct/2025:08:33:50 -0400] "POST //xmlrpc.php HTTP/1.1" 200 401 "-" "Mozilla/5.0 (Windows NT 10.0; Win64; x64) AppleWebKit/537.36 (KHTML, like Gecko) Chrome/89.0.4389.114 Safari/537.36"
159.65.10.236 - - [20/Oct/2025:08:33:51 -0400] "POST //wp-login.php HTTP/1.1" 200 6641 "https://sexpositions.online//wp-login.php" "Mozilla/5.0 (Windows NT 10.0; Win64; x64) AppleWebKit/537.36 (KHTML, like Gecko) Chrome/88.0.4240.193 Safari/537.36"
159.65.10.236 - - [20/Oct/2025:08:33:51 -0400] "POST //wp-login.php HTTP/1.1" 200 6641 "https://sexpositions.online//wp-login.php" "Mozilla/5.0 (Windows NT 10.0; Win64; x64) AppleWebKit/537.36 (KHTML, like Gecko) Chrome/88.0.4240.193 Safari/537.36"
51.68.172.194 - - [20/Oct/2025:08:33:51 -0400] "POST //xmlrpc.php HTTP/1.1" 200 401 "-" "Mozilla/5.0 (Windows NT 10.0; Win64; x64) AppleWebKit/537.36 (KHTML, like Gecko) Chrome/89.0.4389.114 Safari/537.36"
159.65.10.236 - - [20/Oct/2025:08:33:51 -0400] "POST //wp-login.php HTTP/1.1" 200 6641 "https://sexpositions.online//wp-login.php" "Mozilla/5.0 (Windows NT 10.0; Win64; x64) AppleWebKit/537.36 (KHTML, like Gecko) Chrome/88.0.4240.193 Safari/537.36"
51.68.172.194 - - [20/Oct/2025:08:33:51 -0400] "POST //xmlrpc.php HTTP/1.1" 200 401 "-" "Mozilla/5.0 (Windows NT 10.0; Win64; x64) AppleWebKit/537.36 (KHTML, like Gecko) Chrome/89.0.4389.114 Safari/537.36"
159.65.10.236 - - [20/Oct/2025:08:33:52 -0400] "POST //wp-login.php HTTP/1.1" 200 6641 "https://sexpositions.online//wp-login.php" "Mozilla/5.0 (Windows NT 10.0; Win64; x64) AppleWebKit/537.36 (KHTML, like Gecko) Chrome/88.0.4240.193 Safari/537.36"
51.68.172.194 - - [20/Oct/2025:08:33:52 -0400] "POST //xmlrpc.php HTTP/1.1" 200 401 "-" "Mozilla/5.0 (Windows NT 10.0; Win64; x64) AppleWebKit/537.36 (KHTML, like Gecko) Chrome/89.0.4389.114 Safari/537.36"
159.65.10.236 - - [20/Oct/2025:08:33:52 -0400] "POST //wp-login.php HTTP/1.1" 200 6641 "https://sexpositions.online//wp-login.php" "Mozilla/5.0 (Windows NT 10.0; Win64; x64) AppleWebKit/537.36 (KHTML, like Gecko) Chrome/88.0.4240.193 Safari/537.36"
159.65.10.236 - - [20/Oct/2025:08:33:52 -0400] "POST //wp-login.php HTTP/1.1" 200 6641 "https://sexpositions.online//wp-login.php" "Mozilla/5.0 (Windows NT 10.0; Win64; x64) AppleWebKit/537.36 (KHTML, like Gecko) Chrome/88.0.4240.193 Safari/537.36"
51.68.172.194 - - [20/Oct/2025:08:33:52 -0400] "POST //xmlrpc.php HTTP/1.1" 200 401 "-" "Mozilla/5.0 (Windows NT 10.0; Win64; x64) AppleWebKit/537.36 (KHTML, like Gecko) Chrome/89.0.4389.114 Safari/537.36"
159.65.10.236 - - [20/Oct/2025:08:33:53 -0400] "POST //wp-login.php HTTP/1.1" 200 6641 "https://sexpositions.online//wp-login.php" "Mozilla/5.0 (Windows NT 10.0; Win64; x64) AppleWebKit/537.36 (KHTML, like Gecko) Chrome/88.0.4240.193 Safari/537.36"
51.68.172.194 - - [20/Oct/2025:08:33:53 -0400] "POST //xmlrpc.php HTTP/1.1" 200 401 "-" "Mozilla/5.0 (Windows NT 10.0; Win64; x64) AppleWebKit/537.36 (KHTML, like Gecko) Chrome/89.0.4389.114 Safari/537.36"
159.65.10.236 - - [20/Oct/2025:08:33:53 -0400] "POST //wp-login.php HTTP/1.1" 200 6641 "https://sexpositions.online//wp-login.php" "Mozilla/5.0 (Windows NT 10.0; Win64; x64) AppleWebKit/537.36 (KHTML, like Gecko) Chrome/88.0.4240.193 Safari/537.36"
159.65.10.236 - - [20/Oct/2025:08:33:54 -0400] "POST //wp-login.php HTTP/1.1" 200 6641 "https://sexpositions.online//wp-login.php" "Mozilla/5.0 (Windows NT 10.0; Win64; x64) AppleWebKit/537.36 (KHTML, like Gecko) Chrome/88.0.4240.193 Safari/537.36"
51.68.172.194 - - [20/Oct/2025:08:33:54 -0400] "POST //xmlrpc.php HTTP/1.1" 200 401 "-" "Mozilla/5.0 (Windows NT 10.0; Win64; x64) AppleWebKit/537.36 (KHTML, like Gecko) Chrome/89.0.4389.114 Safari/537.36"
159.65.10.236 - - [20/Oct/2025:08:33:54 -0400] "POST //wp-login.php HTTP/1.1" 200 6641 "https://sexpositions.online//wp-login.php" "Mozilla/5.0 (Windows NT 10.0; Win64; x64) AppleWebKit/537.36 (KHTML, like Gecko) Chrome/88.0.4240.193 Safari/537.36"
51.68.172.194 - - [20/Oct/2025:08:33:54 -0400] "POST //xmlrpc.php HTTP/1.1" 200 401 "-" "Mozilla/5.0 (Windows NT 10.0; Win64; x64) AppleWebKit/537.36 (KHTML, like Gecko) Chrome/89.0.4389.114 Safari/537.36"
159.65.10.236 - - [20/Oct/2025:08:33:54 -0400] "POST //wp-login.php HTTP/1.1" 200 6641 "https://sexpositions.online//wp-login.php" "Mozilla/5.0 (Windows NT 10.0; Win64; x64) AppleWebKit/537.36 (KHTML, like Gecko) Chrome/88.0.4240.193 Safari/537.36"
2a02:c7c:e0b1:f700:1047:c63:c0b4:3eac - - [20/Oct/2025:08:33:55 -0400] "GET /wp-content/uploads/spooning-animated.gif HTTP/1.1" 304 - "https://www.google.com/" "Mozilla/5.0 (iPhone; CPU iPhone OS 18_6_2 like Mac OS X) AppleWebKit/605.1.15 (KHTML, like Gecko) Version/18.6 Mobile/15E148 Safari/604.1"
51.68.172.194 - - [20/Oct/2025:08:33:55 -0400] "POST //xmlrpc.php HTTP/1.1" 200 401 "-" "Mozilla/5.0 (Windows NT 10.0; Win64; x64) AppleWebKit/537.36 (KHTML, like Gecko) Chrome/89.0.4389.114 Safari/537.36"
159.65.10.236 - - [20/Oct/2025:08:33:55 -0400] "POST //wp-login.php HTTP/1.1" 200 6641 "https://sexpositions.online//wp-login.php" "Mozilla/5.0 (Windows NT 10.0; Win64; x64) AppleWebKit/537.36 (KHTML, like Gecko) Chrome/88.0.4240.193 Safari/537.36"
51.68.172.194 - - [20/Oct/2025:08:33:55 -0400] "POST //xmlrpc.php HTTP/1.1" 200 401 "-" "Mozilla/5.0 (Windows NT 10.0; Win64; x64) AppleWebKit/537.36 (KHTML, like Gecko) Chrome/89.0.4389.114 Safari/537.36"
159.65.10.236 - - [20/Oct/2025:08:33:55 -0400] "POST //wp-login.php HTTP/1.1" 200 6641 "https://sexpositions.online//wp-login.php" "Mozilla/5.0 (Windows NT 10.0; Win64; x64) AppleWebKit/537.36 (KHTML, like Gecko) Chrome/88.0.4240.193 Safari/537.36"
159.65.10.236 - - [20/Oct/2025:08:33:55 -0400] "POST //wp-login.php HTTP/1.1" 200 6641 "https://sexpositions.online//wp-login.php" "Mozilla/5.0 (Windows NT 10.0; Win64; x64) AppleWebKit/537.36 (KHTML, like Gecko) Chrome/88.0.4240.193 Safari/537.36"
51.68.172.194 - - [20/Oct/2025:08:33:56 -0400] "POST //xmlrpc.php HTTP/1.1" 200 401 "-" "Mozilla/5.0 (Windows NT 10.0; Win64; x64) AppleWebKit/537.36 (KHTML, like Gecko) Chrome/89.0.4389.114 Safari/537.36"
159.65.10.236 - - [20/Oct/2025:08:33:56 -0400] "POST //wp-login.php HTTP/1.1" 200 6641 "https://sexpositions.online//wp-login.php" "Mozilla/5.0 (Windows NT 10.0; Win64; x64) AppleWebKit/537.36 (KHTML, like Gecko) Chrome/88.0.4240.193 Safari/537.36"
51.68.172.194 - - [20/Oct/2025:08:33:56 -0400] "POST //xmlrpc.php HTTP/1.1" 200 401 "-" "Mozilla/5.0 (Windows NT 10.0; Win64; x64) AppleWebKit/537.36 (KHTML, like Gecko) Chrome/89.0.4389.114 Safari/537.36"
159.65.10.236 - - [20/Oct/2025:08:33:56 -0400] "POST //wp-login.php HTTP/1.1" 200 6641 "https://sexpositions.online//wp-login.php" "Mozilla/5.0 (Windows NT 10.0; Win64; x64) AppleWebKit/537.36 (KHTML, like Gecko) Chrome/88.0.4240.193 Safari/537.36"
159.65.10.236 - - [20/Oct/2025:08:33:57 -0400] "POST //wp-login.php HTTP/1.1" 200 6641 "https://sexpositions.online//wp-login.php" "Mozilla/5.0 (Windows NT 10.0; Win64; x64) AppleWebKit/537.36 (KHTML, like Gecko) Chrome/88.0.4240.193 Safari/537.36"
51.68.172.194 - - [20/Oct/2025:08:33:57 -0400] "POST //xmlrpc.php HTTP/1.1" 200 401 "-" "Mozilla/5.0 (Windows NT 10.0; Win64; x64) AppleWebKit/537.36 (KHTML, like Gecko) Chrome/89.0.4389.114 Safari/537.36"
159.65.10.236 - - [20/Oct/2025:08:33:57 -0400] "POST //wp-login.php HTTP/1.1" 200 6641 "https://sexpositions.online//wp-login.php" "Mozilla/5.0 (Windows NT 10.0; Win64; x64) AppleWebKit/537.36 (KHTML, like Gecko) Chrome/88.0.4240.193 Safari/537.36"
51.68.172.194 - - [20/Oct/2025:08:33:57 -0400] "POST //xmlrpc.php HTTP/1.1" 200 401 "-" "Mozilla/5.0 (Windows NT 10.0; Win64; x64) AppleWebKit/537.36 (KHTML, like Gecko) Chrome/89.0.4389.114 Safari/537.36"
159.65.10.236 - - [20/Oct/2025:08:33:57 -0400] "POST //wp-login.php HTTP/1.1" 200 6641 "https://sexpositions.online//wp-login.php" "Mozilla/5.0 (Windows NT 10.0; Win64; x64) AppleWebKit/537.36 (KHTML, like Gecko) Chrome/88.0.4240.193 Safari/537.36"
51.68.172.194 - - [20/Oct/2025:08:33:58 -0400] "POST //xmlrpc.php HTTP/1.1" 200 401 "-" "Mozilla/5.0 (Windows NT 10.0; Win64; x64) AppleWebKit/537.36 (KHTML, like Gecko) Chrome/89.0.4389.114 Safari/537.36"
159.65.10.236 - - [20/Oct/2025:08:33:58 -0400] "POST //wp-login.php HTTP/1.1" 200 6641 "https://sexpositions.online//wp-login.php" "Mozilla/5.0 (Windows NT 10.0; Win64; x64) AppleWebKit/537.36 (KHTML, like Gecko) Chrome/88.0.4240.193 Safari/537.36"
159.65.10.236 - - [20/Oct/2025:08:33:58 -0400] "POST //wp-login.php HTTP/1.1" 200 6641 "https://sexpositions.online//wp-login.php" "Mozilla/5.0 (Windows NT 10.0; Win64; x64) AppleWebKit/537.36 (KHTML, like Gecko) Chrome/88.0.4240.193 Safari/537.36"
51.68.172.194 - - [20/Oct/2025:08:33:58 -0400] "POST //xmlrpc.php HTTP/1.1" 200 401 "-" "Mozilla/5.0 (Windows NT 10.0; Win64; x64) AppleWebKit/537.36 (KHTML, like Gecko) Chrome/89.0.4389.114 Safari/537.36"
159.65.10.236 - - [20/Oct/2025:08:33:58 -0400] "POST //wp-login.php HTTP/1.1" 200 6641 "https://sexpositions.online//wp-login.php" "Mozilla/5.0 (Windows NT 10.0; Win64; x64) AppleWebKit/537.36 (KHTML, like Gecko) Chrome/88.0.4240.193 Safari/537.36"
51.68.172.194 - - [20/Oct/2025:08:33:59 -0400] "POST //xmlrpc.php HTTP/1.1" 200 401 "-" "Mozilla/5.0 (Windows NT 10.0; Win64; x64) AppleWebKit/537.36 (KHTML, like Gecko) Chrome/89.0.4389.114 Safari/537.36"
159.65.10.236 - - [20/Oct/2025:08:33:59 -0400] "POST //wp-login.php HTTP/1.1" 200 6641 "https://sexpositions.online//wp-login.php" "Mozilla/5.0 (Windows NT 10.0; Win64; x64) AppleWebKit/537.36 (KHTML, like Gecko) Chrome/88.0.4240.193 Safari/537.36"
51.68.172.194 - - [20/Oct/2025:08:33:59 -0400] "POST //xmlrpc.php HTTP/1.1" 200 401 "-" "Mozilla/5.0 (Windows NT 10.0; Win64; x64) AppleWebKit/537.36 (KHTML, like Gecko) Chrome/89.0.4389.114 Safari/537.36"
159.65.10.236 - - [20/Oct/2025:08:33:59 -0400] "POST //wp-login.php HTTP/1.1" 200 6641 "https://sexpositions.online//wp-login.php" "Mozilla/5.0 (Windows NT 10.0; Win64; x64) AppleWebKit/537.36 (KHTML, like Gecko) Chrome/88.0.4240.193 Safari/537.36"
159.65.10.236 - - [20/Oct/2025:08:33:59 -0400] "POST //wp-login.php HTTP/1.1" 200 6641 "https://sexpositions.online//wp-login.php" "Mozilla/5.0 (Windows NT 10.0; Win64; x64) AppleWebKit/537.36 (KHTML, like Gecko) Chrome/88.0.4240.193 Safari/537.36"
51.68.172.194 - - [20/Oct/2025:08:33:59 -0400] "POST //xmlrpc.php HTTP/1.1" 200 401 "-" "Mozilla/5.0 (Windows NT 10.0; Win64; x64) AppleWebKit/537.36 (KHTML, like Gecko) Chrome/89.0.4389.114 Safari/537.36"
159.65.10.236 - - [20/Oct/2025:08:34:00 -0400] "POST //wp-login.php HTTP/1.1" 200 6641 "https://sexpositions.online//wp-login.php" "Mozilla/5.0 (Windows NT 10.0; Win64; x64) AppleWebKit/537.36 (KHTML, like Gecko) Chrome/88.0.4240.193 Safari/537.36"
51.68.172.194 - - [20/Oct/2025:08:34:00 -0400] "POST //xmlrpc.php HTTP/1.1" 200 401 "-" "Mozilla/5.0 (Windows NT 10.0; Win64; x64) AppleWebKit/537.36 (KHTML, like Gecko) Chrome/89.0.4389.114 Safari/537.36"
159.65.10.236 - - [20/Oct/2025:08:34:00 -0400] "POST //wp-login.php HTTP/1.1" 200 6641 "https://sexpositions.online//wp-login.php" "Mozilla/5.0 (Windows NT 10.0; Win64; x64) AppleWebKit/537.36 (KHTML, like Gecko) Chrome/88.0.4240.193 Safari/537.36"
51.68.172.194 - - [20/Oct/2025:08:34:00 -0400] "POST //xmlrpc.php HTTP/1.1" 200 401 "-" "Mozilla/5.0 (Windows NT 10.0; Win64; x64) AppleWebKit/537.36 (KHTML, like Gecko) Chrome/89.0.4389.114 Safari/537.36"
159.65.10.236 - - [20/Oct/2025:08:34:01 -0400] "POST //wp-login.php HTTP/1.1" 200 6641 "https://sexpositions.online//wp-login.php" "Mozilla/5.0 (Windows NT 10.0; Win64; x64) AppleWebKit/537.36 (KHTML, like Gecko) Chrome/88.0.4240.193 Safari/537.36"
2806:104e:19:96cb:2866:e770:c65e:ab79 - - [20/Oct/2025:08:34:01 -0400] "GET / HTTP/1.1" 200 125069 "https://sexpositions.online/standing/" "Mozilla/5.0 (Linux; Android 10; K) AppleWebKit/537.36 (KHTML, like Gecko) Chrome/141.0.0.0 Mobile Safari/537.36"
159.65.10.236 - - [20/Oct/2025:08:34:01 -0400] "POST //wp-login.php HTTP/1.1" 200 6641 "https://sexpositions.online//wp-login.php" "Mozilla/5.0 (Windows NT 10.0; Win64; x64) AppleWebKit/537.36 (KHTML, like Gecko) Chrome/88.0.4240.193 Safari/537.36"
51.68.172.194 - - [20/Oct/2025:08:34:01 -0400] "POST //xmlrpc.php HTTP/1.1" 200 401 "-" "Mozilla/5.0 (Windows NT 10.0; Win64; x64) AppleWebKit/537.36 (KHTML, like Gecko) Chrome/89.0.4389.114 Safari/537.36"
159.65.10.236 - - [20/Oct/2025:08:34:01 -0400] "POST //wp-login.php HTTP/1.1" 200 6641 "https://sexpositions.online//wp-login.php" "Mozilla/5.0 (Windows NT 10.0; Win64; x64) AppleWebKit/537.36 (KHTML, like Gecko) Chrome/88.0.4240.193 Safari/537.36"
51.68.172.194 - - [20/Oct/2025:08:34:01 -0400] "POST //xmlrpc.php HTTP/1.1" 200 401 "-" "Mozilla/5.0 (Windows NT 10.0; Win64; x64) AppleWebKit/537.36 (KHTML, like Gecko) Chrome/89.0.4389.114 Safari/537.36"
180.74.68.217 - - [20/Oct/2025:08:34:02 -0400] "GET /helicopter/ HTTP/1.1" 200 99890 "-" "Mozilla/5.0 (iPhone; CPU iPhone OS 18_6_2 like Mac OS X) AppleWebKit/605.1.15 (KHTML, like Gecko) Version/18.6 Mobile/15E148 Safari/604.1"
159.65.10.236 - - [20/Oct/2025:08:34:02 -0400] "POST //wp-login.php HTTP/1.1" 200 6641 "https://sexpositions.online//wp-login.php" "Mozilla/5.0 (Windows NT 10.0; Win64; x64) AppleWebKit/537.36 (KHTML, like Gecko) Chrome/88.0.4240.193 Safari/537.36"
51.68.172.194 - - [20/Oct/2025:08:34:02 -0400] "POST //xmlrpc.php HTTP/1.1" 200 401 "-" "Mozilla/5.0 (Windows NT 10.0; Win64; x64) AppleWebKit/537.36 (KHTML, like Gecko) Chrome/89.0.4389.114 Safari/537.36"
159.65.10.236 - - [20/Oct/2025:08:34:02 -0400] "POST //wp-login.php HTTP/1.1" 200 6641 "https://sexpositions.online//wp-login.php" "Mozilla/5.0 (Windows NT 10.0; Win64; x64) AppleWebKit/537.36 (KHTML, like Gecko) Chrome/88.0.4240.193 Safari/537.36"
159.65.10.236 - - [20/Oct/2025:08:34:02 -0400] "POST //wp-login.php HTTP/1.1" 200 6641 "https://sexpositions.online//wp-login.php" "Mozilla/5.0 (Windows NT 10.0; Win64; x64) AppleWebKit/537.36 (KHTML, like Gecko) Chrome/88.0.4240.193 Safari/537.36"
51.68.172.194 - - [20/Oct/2025:08:34:02 -0400] "POST //xmlrpc.php HTTP/1.1" 200 401 "-" "Mozilla/5.0 (Windows NT 10.0; Win64; x64) AppleWebKit/537.36 (KHTML, like Gecko) Chrome/89.0.4389.114 Safari/537.36"
159.65.10.236 - - [20/Oct/2025:08:34:03 -0400] "POST //wp-login.php HTTP/1.1" 200 6641 "https://sexpositions.online//wp-login.php" "Mozilla/5.0 (Windows NT 10.0; Win64; x64) AppleWebKit/537.36 (KHTML, like Gecko) Chrome/88.0.4240.193 Safari/537.36"
51.68.172.194 - - [20/Oct/2025:08:34:03 -0400] "POST //xmlrpc.php HTTP/1.1" 200 401 "-" "Mozilla/5.0 (Windows NT 10.0; Win64; x64) AppleWebKit/537.36 (KHTML, like Gecko) Chrome/89.0.4389.114 Safari/537.36"
159.65.10.236 - - [20/Oct/2025:08:34:03 -0400] "POST //wp-login.php HTTP/1.1" 200 6641 "https://sexpositions.online//wp-login.php" "Mozilla/5.0 (Windows NT 10.0; Win64; x64) AppleWebKit/537.36 (KHTML, like Gecko) Chrome/88.0.4240.193 Safari/537.36"
159.65.10.236 - - [20/Oct/2025:08:34:03 -0400] "POST //wp-login.php HTTP/1.1" 200 6641 "https://sexpositions.online//wp-login.php" "Mozilla/5.0 (Windows NT 10.0; Win64; x64) AppleWebKit/537.36 (KHTML, like Gecko) Chrome/88.0.4240.193 Safari/537.36"
51.68.172.194 - - [20/Oct/2025:08:34:03 -0400] "POST //xmlrpc.php HTTP/1.1" 200 401 "-" "Mozilla/5.0 (Windows NT 10.0; Win64; x64) AppleWebKit/537.36 (KHTML, like Gecko) Chrome/89.0.4389.114 Safari/537.36"
159.65.10.236 - - [20/Oct/2025:08:34:04 -0400] "POST //wp-login.php HTTP/1.1" 200 6641 "https://sexpositions.online//wp-login.php" "Mozilla/5.0 (Windows NT 10.0; Win64; x64) AppleWebKit/537.36 (KHTML, like Gecko) Chrome/88.0.4240.193 Safari/537.36"
193.252.11.221 - - [20/Oct/2025:08:34:04 -0400] "GET /wp-content/uploads/reverse-jockey-animated.gif HTTP/1.1" 200 178457 "https://www.google.fr/" "Mozilla/5.0 (Linux; Android 10; K) AppleWebKit/537.36 (KHTML, like Gecko) Chrome/140.0.0.0 Mobile Safari/537.36 OPR/92.0.0.0"
51.68.172.194 - - [20/Oct/2025:08:34:04 -0400] "POST //xmlrpc.php HTTP/1.1" 200 401 "-" "Mozilla/5.0 (Windows NT 10.0; Win64; x64) AppleWebKit/537.36 (KHTML, like Gecko) Chrome/89.0.4389.114 Safari/537.36"
159.65.10.236 - - [20/Oct/2025:08:34:04 -0400] "POST //wp-login.php HTTP/1.1" 200 6641 "https://sexpositions.online//wp-login.php" "Mozilla/5.0 (Windows NT 10.0; Win64; x64) AppleWebKit/537.36 (KHTML, like Gecko) Chrome/88.0.4240.193 Safari/537.36"
51.68.172.194 - - [20/Oct/2025:08:34:04 -0400] "POST //xmlrpc.php HTTP/1.1" 200 401 "-" "Mozilla/5.0 (Windows NT 10.0; Win64; x64) AppleWebKit/537.36 (KHTML, like Gecko) Chrome/89.0.4389.114 Safari/537.36"
159.65.10.236 - - [20/Oct/2025:08:34:04 -0400] "POST //wp-login.php HTTP/1.1" 200 6641 "https://sexpositions.online//wp-login.php" "Mozilla/5.0 (Windows NT 10.0; Win64; x64) AppleWebKit/537.36 (KHTML, like Gecko) Chrome/88.0.4240.193 Safari/537.36"
159.65.10.236 - - [20/Oct/2025:08:34:05 -0400] "POST //wp-login.php HTTP/1.1" 200 6641 "https://sexpositions.online//wp-login.php" "Mozilla/5.0 (Windows NT 10.0; Win64; x64) AppleWebKit/537.36 (KHTML, like Gecko) Chrome/88.0.4240.193 Safari/537.36"
51.68.172.194 - - [20/Oct/2025:08:34:05 -0400] "POST //xmlrpc.php HTTP/1.1" 200 401 "-" "Mozilla/5.0 (Windows NT 10.0; Win64; x64) AppleWebKit/537.36 (KHTML, like Gecko) Chrome/89.0.4389.114 Safari/537.36"
159.65.10.236 - - [20/Oct/2025:08:34:05 -0400] "POST //wp-login.php HTTP/1.1" 200 6641 "https://sexpositions.online//wp-login.php" "Mozilla/5.0 (Windows NT 10.0; Win64; x64) AppleWebKit/537.36 (KHTML, like Gecko) Chrome/88.0.4240.193 Safari/537.36"
51.68.172.194 - - [20/Oct/2025:08:34:05 -0400] "POST //xmlrpc.php HTTP/1.1" 200 401 "-" "Mozilla/5.0 (Windows NT 10.0; Win64; x64) AppleWebKit/537.36 (KHTML, like Gecko) Chrome/89.0.4389.114 Safari/537.36"
159.65.10.236 - - [20/Oct/2025:08:34:06 -0400] "POST //wp-login.php HTTP/1.1" 200 6641 "https://sexpositions.online//wp-login.php" "Mozilla/5.0 (Windows NT 10.0; Win64; x64) AppleWebKit/537.36 (KHTML, like Gecko) Chrome/88.0.4240.193 Safari/537.36"
51.68.172.194 - - [20/Oct/2025:08:34:06 -0400] "POST //xmlrpc.php HTTP/1.1" 200 401 "-" "Mozilla/5.0 (Windows NT 10.0; Win64; x64) AppleWebKit/537.36 (KHTML, like Gecko) Chrome/89.0.4389.114 Safari/537.36"
159.65.10.236 - - [20/Oct/2025:08:34:06 -0400] "POST //wp-login.php HTTP/1.1" 200 6641 "https://sexpositions.online//wp-login.php" "Mozilla/5.0 (Windows NT 10.0; Win64; x64) AppleWebKit/537.36 (KHTML, like Gecko) Chrome/88.0.4240.193 Safari/537.36"
159.65.10.236 - - [20/Oct/2025:08:34:06 -0400] "POST //wp-login.php HTTP/1.1" 200 6641 "https://sexpositions.online//wp-login.php" "Mozilla/5.0 (Windows NT 10.0; Win64; x64) AppleWebKit/537.36 (KHTML, like Gecko) Chrome/88.0.4240.193 Safari/537.36"
51.68.172.194 - - [20/Oct/2025:08:34:06 -0400] "POST //xmlrpc.php HTTP/1.1" 200 401 "-" "Mozilla/5.0 (Windows NT 10.0; Win64; x64) AppleWebKit/537.36 (KHTML, like Gecko) Chrome/89.0.4389.114 Safari/537.36"
159.65.10.236 - - [20/Oct/2025:08:34:07 -0400] "POST //wp-login.php HTTP/1.1" 200 6641 "https://sexpositions.online//wp-login.php" "Mozilla/5.0 (Windows NT 10.0; Win64; x64) AppleWebKit/537.36 (KHTML, like Gecko) Chrome/88.0.4240.193 Safari/537.36"
51.68.172.194 - - [20/Oct/2025:08:34:07 -0400] "POST //xmlrpc.php HTTP/1.1" 200 401 "-" "Mozilla/5.0 (Windows NT 10.0; Win64; x64) AppleWebKit/537.36 (KHTML, like Gecko) Chrome/89.0.4389.114 Safari/537.36"
159.65.10.236 - - [20/Oct/2025:08:34:07 -0400] "POST //wp-login.php HTTP/1.1" 200 6641 "https://sexpositions.online//wp-login.php" "Mozilla/5.0 (Windows NT 10.0; Win64; x64) AppleWebKit/537.36 (KHTML, like Gecko) Chrome/88.0.4240.193 Safari/537.36"
51.68.172.194 - - [20/Oct/2025:08:34:07 -0400] "POST //xmlrpc.php HTTP/1.1" 200 401 "-" "Mozilla/5.0 (Windows NT 10.0; Win64; x64) AppleWebKit/537.36 (KHTML, like Gecko) Chrome/89.0.4389.114 Safari/537.36"
159.65.10.236 - - [20/Oct/2025:08:34:07 -0400] "POST //wp-login.php HTTP/1.1" 200 6641 "https://sexpositions.online//wp-login.php" "Mozilla/5.0 (Windows NT 10.0; Win64; x64) AppleWebKit/537.36 (KHTML, like Gecko) Chrome/88.0.4240.193 Safari/537.36"
159.65.10.236 - - [20/Oct/2025:08:34:08 -0400] "POST //wp-login.php HTTP/1.1" 200 6641 "https://sexpositions.online//wp-login.php" "Mozilla/5.0 (Windows NT 10.0; Win64; x64) AppleWebKit/537.36 (KHTML, like Gecko) Chrome/88.0.4240.193 Safari/537.36"
51.68.172.194 - - [20/Oct/2025:08:34:08 -0400] "POST //xmlrpc.php HTTP/1.1" 200 401 "-" "Mozilla/5.0 (Windows NT 10.0; Win64; x64) AppleWebKit/537.36 (KHTML, like Gecko) Chrome/89.0.4389.114 Safari/537.36"
159.65.10.236 - - [20/Oct/2025:08:34:08 -0400] "POST //wp-login.php HTTP/1.1" 200 6641 "https://sexpositions.online//wp-login.php" "Mozilla/5.0 (Windows NT 10.0; Win64; x64) AppleWebKit/537.36 (KHTML, like Gecko) Chrome/88.0.4240.193 Safari/537.36"
51.68.172.194 - - [20/Oct/2025:08:34:08 -0400] "POST //xmlrpc.php HTTP/1.1" 200 401 "-" "Mozilla/5.0 (Windows NT 10.0; Win64; x64) AppleWebKit/537.36 (KHTML, like Gecko) Chrome/89.0.4389.114 Safari/537.36"
159.65.10.236 - - [20/Oct/2025:08:34:08 -0400] "POST //wp-login.php HTTP/1.1" 200 6641 "https://sexpositions.online//wp-login.php" "Mozilla/5.0 (Windows NT 10.0; Win64; x64) AppleWebKit/537.36 (KHTML, like Gecko) Chrome/88.0.4240.193 Safari/537.36"
159.65.10.236 - - [20/Oct/2025:08:34:09 -0400] "POST //wp-login.php HTTP/1.1" 200 6641 "https://sexpositions.online//wp-login.php" "Mozilla/5.0 (Windows NT 10.0; Win64; x64) AppleWebKit/537.36 (KHTML, like Gecko) Chrome/88.0.4240.193 Safari/537.36"
51.68.172.194 - - [20/Oct/2025:08:34:09 -0400] "POST //xmlrpc.php HTTP/1.1" 200 401 "-" "Mozilla/5.0 (Windows NT 10.0; Win64; x64) AppleWebKit/537.36 (KHTML, like Gecko) Chrome/89.0.4389.114 Safari/537.36"
159.65.10.236 - - [20/Oct/2025:08:34:09 -0400] "POST //wp-login.php HTTP/1.1" 200 6641 "https://sexpositions.online//wp-login.php" "Mozilla/5.0 (Windows NT 10.0; Win64; x64) AppleWebKit/537.36 (KHTML, like Gecko) Chrome/88.0.4240.193 Safari/537.36"
2806:104e:19:96cb:2866:e770:c65e:ab79 - - [20/Oct/2025:08:34:09 -0400] "GET /sitting/ HTTP/1.1" 200 106982 "https://sexpositions.online/" "Mozilla/5.0 (Linux; Android 10; K) AppleWebKit/537.36 (KHTML, like Gecko) Chrome/141.0.0.0 Mobile Safari/537.36"
51.68.172.194 - - [20/Oct/2025:08:34:09 -0400] "POST //xmlrpc.php HTTP/1.1" 200 401 "-" "Mozilla/5.0 (Windows NT 10.0; Win64; x64) AppleWebKit/537.36 (KHTML, like Gecko) Chrome/89.0.4389.114 Safari/537.36"
