196.128.137.91 - - [20/Oct/2025:08:19:08 -0400] "GET /cowgirl/ HTTP/1.1" 200 101897 "https://sexpositions.online/doggy-style/" "Mozilla/5.0 (Windows NT 10.0; Win64; x64) AppleWebKit/537.36 (KHTML, like Gecko) Chrome/141.0.0.0 Safari/537.36"
51.68.172.194 - - [20/Oct/2025:08:19:08 -0400] "POST //xmlrpc.php HTTP/1.1" 200 401 "-" "Mozilla/5.0 (Windows NT 10.0; Win64; x64) AppleWebKit/537.36 (KHTML, like Gecko) Chrome/89.0.4389.114 Safari/537.36"
159.65.10.236 - - [20/Oct/2025:08:19:08 -0400] "POST //wp-login.php HTTP/1.1" 200 6641 "https://sexpositions.online//wp-login.php" "Mozilla/5.0 (Windows NT 10.0; Win64; x64) AppleWebKit/537.36 (KHTML, like Gecko) Chrome/88.0.4240.193 Safari/537.36"
196.128.137.91 - - [20/Oct/2025:08:19:08 -0400] "GET /cowgirl/ HTTP/1.1" 200 101897 "https://sexpositions.online/doggy-style/" "Mozilla/5.0 (Linux; Android 11; RMX2001) AppleWebKit/537.36 (KHTML, like Gecko) Chrome/140.0.7339.207 Mobile Safari/537.36"
159.65.10.236 - - [20/Oct/2025:08:19:08 -0400] "POST //wp-login.php HTTP/1.1" 200 6641 "https://sexpositions.online//wp-login.php" "Mozilla/5.0 (Windows NT 10.0; Win64; x64) AppleWebKit/537.36 (KHTML, like Gecko) Chrome/88.0.4240.193 Safari/537.36"
196.128.137.91 - - [20/Oct/2025:08:19:08 -0400] "GET /cowgirl/ HTTP/1.1" 200 101897 "https://sexpositions.online/doggy-style/" "Mozilla/5.0 (Windows NT 10.0; Win64; x64) AppleWebKit/537.36 (KHTML, like Gecko) Chrome/141.0.0.0 Safari/537.36"
51.68.172.194 - - [20/Oct/2025:08:19:08 -0400] "POST //xmlrpc.php HTTP/1.1" 200 401 "-" "Mozilla/5.0 (Windows NT 10.0; Win64; x64) AppleWebKit/537.36 (KHTML, like Gecko) Chrome/89.0.4389.114 Safari/537.36"
159.65.10.236 - - [20/Oct/2025:08:19:09 -0400] "POST //wp-login.php HTTP/1.1" 200 6641 "https://sexpositions.online//wp-login.php" "Mozilla/5.0 (Windows NT 10.0; Win64; x64) AppleWebKit/537.36 (KHTML, like Gecko) Chrome/88.0.4240.193 Safari/537.36"
51.68.172.194 - - [20/Oct/2025:08:19:09 -0400] "POST //xmlrpc.php HTTP/1.1" 200 401 "-" "Mozilla/5.0 (Windows NT 10.0; Win64; x64) AppleWebKit/537.36 (KHTML, like Gecko) Chrome/89.0.4389.114 Safari/537.36"
196.128.137.91 - - [20/Oct/2025:08:19:09 -0400] "GET /wp-content/uploads/the-sitting-cat-animated.gif HTTP/1.1" 304 - "https://sexpositions.online/cowgirl/" "Mozilla/5.0 (Linux; Android 11; RMX2001) AppleWebKit/537.36 (KHTML, like Gecko) Chrome/140.0.7339.207 Mobile Safari/537.36"
196.128.137.91 - - [20/Oct/2025:08:19:09 -0400] "GET /wp-content/uploads/the-wave-animated.gif HTTP/1.1" 304 - "https://sexpositions.online/cowgirl/" "Mozilla/5.0 (Linux; Android 11; RMX2001) AppleWebKit/537.36 (KHTML, like Gecko) Chrome/140.0.7339.207 Mobile Safari/537.36"
196.128.137.91 - - [20/Oct/2025:08:19:09 -0400] "GET /wp-content/uploads/belly-dancer-animated.gif HTTP/1.1" 304 - "https://sexpositions.online/cowgirl/" "Mozilla/5.0 (Linux; Android 11; RMX2001) AppleWebKit/537.36 (KHTML, like Gecko) Chrome/140.0.7339.207 Mobile Safari/537.36"
159.65.10.236 - - [20/Oct/2025:08:19:09 -0400] "POST //wp-login.php HTTP/1.1" 200 6641 "https://sexpositions.online//wp-login.php" "Mozilla/5.0 (Windows NT 10.0; Win64; x64) AppleWebKit/537.36 (KHTML, like Gecko) Chrome/88.0.4240.193 Safari/537.36"
196.128.137.91 - - [20/Oct/2025:08:19:09 -0400] "GET /cowgirl/ HTTP/1.1" 200 101897 "https://sexpositions.online/doggy-style/" "Mozilla/5.0 (Windows NT 10.0; Win64; x64) AppleWebKit/537.36 (KHTML, like Gecko) Chrome/141.0.0.0 Safari/537.36"
196.128.137.91 - - [20/Oct/2025:08:19:09 -0400] "GET /wp-content/uploads/face-to-face-animated.gif HTTP/1.1" 200 194868 "https://sexpositions.online/cowgirl/" "Mozilla/5.0 (Linux; Android 11; RMX2001) AppleWebKit/537.36 (KHTML, like Gecko) Chrome/140.0.7339.207 Mobile Safari/537.36"
159.65.10.236 - - [20/Oct/2025:08:19:09 -0400] "POST //wp-login.php HTTP/1.1" 200 6641 "https://sexpositions.online//wp-login.php" "Mozilla/5.0 (Windows NT 10.0; Win64; x64) AppleWebKit/537.36 (KHTML, like Gecko) Chrome/88.0.4240.193 Safari/537.36"
51.68.172.194 - - [20/Oct/2025:08:19:09 -0400] "POST //xmlrpc.php HTTP/1.1" 200 401 "-" "Mozilla/5.0 (Windows NT 10.0; Win64; x64) AppleWebKit/537.36 (KHTML, like Gecko) Chrome/89.0.4389.114 Safari/537.36"
159.65.10.236 - - [20/Oct/2025:08:19:10 -0400] "POST //wp-login.php HTTP/1.1" 200 6641 "https://sexpositions.online//wp-login.php" "Mozilla/5.0 (Windows NT 10.0; Win64; x64) AppleWebKit/537.36 (KHTML, like Gecko) Chrome/88.0.4240.193 Safari/537.36"
2a0d:5600:234:5000:3495:1d3e:3152:347a - - [20/Oct/2025:08:19:10 -0400] "GET / HTTP/1.1" 200 125069 "-" "Mozilla/5.0 (iPhone; CPU iPhone OS 18_7_1 like Mac OS X) AppleWebKit/605.1.15 (KHTML, like Gecko) Version/18.7 Mobile/15E148 Safari/604.1"
51.68.172.194 - - [20/Oct/2025:08:19:10 -0400] "POST //xmlrpc.php HTTP/1.1" 200 401 "-" "Mozilla/5.0 (Windows NT 10.0; Win64; x64) AppleWebKit/537.36 (KHTML, like Gecko) Chrome/89.0.4389.114 Safari/537.36"
196.128.137.91 - - [20/Oct/2025:08:19:10 -0400] "GET /cowgirl/ HTTP/1.1" 200 101897 "https://sexpositions.online/doggy-style/" "Mozilla/5.0 (Linux; Android 11; RMX2001) AppleWebKit/537.36 (KHTML, like Gecko) Chrome/140.0.7339.207 Mobile Safari/537.36"
159.65.10.236 - - [20/Oct/2025:08:19:10 -0400] "POST //wp-login.php HTTP/1.1" 200 6641 "https://sexpositions.online//wp-login.php" "Mozilla/5.0 (Windows NT 10.0; Win64; x64) AppleWebKit/537.36 (KHTML, like Gecko) Chrome/88.0.4240.193 Safari/537.36"
51.68.172.194 - - [20/Oct/2025:08:19:10 -0400] "POST //xmlrpc.php HTTP/1.1" 200 401 "-" "Mozilla/5.0 (Windows NT 10.0; Win64; x64) AppleWebKit/537.36 (KHTML, like Gecko) Chrome/89.0.4389.114 Safari/537.36"
159.65.10.236 - - [20/Oct/2025:08:19:11 -0400] "POST //wp-login.php HTTP/1.1" 200 6641 "https://sexpositions.online//wp-login.php" "Mozilla/5.0 (Windows NT 10.0; Win64; x64) AppleWebKit/537.36 (KHTML, like Gecko) Chrome/88.0.4240.193 Safari/537.36"
196.128.137.91 - - [20/Oct/2025:08:19:11 -0400] "GET /cowgirl/ HTTP/1.1" 200 101897 "https://sexpositions.online/doggy-style/" "Mozilla/5.0 (Linux; Android 11; RMX2001) AppleWebKit/537.36 (KHTML, like Gecko) Chrome/140.0.7339.207 Mobile Safari/537.36"
51.68.172.194 - - [20/Oct/2025:08:19:11 -0400] "POST //xmlrpc.php HTTP/1.1" 200 401 "-" "Mozilla/5.0 (Windows NT 10.0; Win64; x64) AppleWebKit/537.36 (KHTML, like Gecko) Chrome/89.0.4389.114 Safari/537.36"
159.65.10.236 - - [20/Oct/2025:08:19:11 -0400] "POST //wp-login.php HTTP/1.1" 200 6641 "https://sexpositions.online//wp-login.php" "Mozilla/5.0 (Windows NT 10.0; Win64; x64) AppleWebKit/537.36 (KHTML, like Gecko) Chrome/88.0.4240.193 Safari/537.36"
159.65.10.236 - - [20/Oct/2025:08:19:11 -0400] "POST //wp-login.php HTTP/1.1" 200 6641 "https://sexpositions.online//wp-login.php" "Mozilla/5.0 (Windows NT 10.0; Win64; x64) AppleWebKit/537.36 (KHTML, like Gecko) Chrome/88.0.4240.193 Safari/537.36"
51.68.172.194 - - [20/Oct/2025:08:19:11 -0400] "POST //xmlrpc.php HTTP/1.1" 200 401 "-" "Mozilla/5.0 (Windows NT 10.0; Win64; x64) AppleWebKit/537.36 (KHTML, like Gecko) Chrome/89.0.4389.114 Safari/537.36"
2409:40f4:300e:2c60:8df8:995b:9a2:a290 - - [20/Oct/2025:08:19:12 -0400] "GET /turtle/ HTTP/1.1" 200 98014 "https://sexpositions.online/doggy-style/" "Mozilla/5.0 (iPhone; CPU iPhone OS 18_6_2 like Mac OS X) AppleWebKit/605.1.15 (KHTML, like Gecko) CriOS/141.0.7390.69 Mobile/15E148 Safari/604.1"
159.65.10.236 - - [20/Oct/2025:08:19:12 -0400] "POST //wp-login.php HTTP/1.1" 200 6641 "https://sexpositions.online//wp-login.php" "Mozilla/5.0 (Windows NT 10.0; Win64; x64) AppleWebKit/537.36 (KHTML, like Gecko) Chrome/88.0.4240.193 Safari/537.36"
51.68.172.194 - - [20/Oct/2025:08:19:12 -0400] "POST //xmlrpc.php HTTP/1.1" 200 401 "-" "Mozilla/5.0 (Windows NT 10.0; Win64; x64) AppleWebKit/537.36 (KHTML, like Gecko) Chrome/89.0.4389.114 Safari/537.36"
159.65.10.236 - - [20/Oct/2025:08:19:12 -0400] "POST //wp-login.php HTTP/1.1" 200 6641 "https://sexpositions.online//wp-login.php" "Mozilla/5.0 (Windows NT 10.0; Win64; x64) AppleWebKit/537.36 (KHTML, like Gecko) Chrome/88.0.4240.193 Safari/537.36"
159.65.10.236 - - [20/Oct/2025:08:19:12 -0400] "POST //wp-login.php HTTP/1.1" 200 6641 "https://sexpositions.online//wp-login.php" "Mozilla/5.0 (Windows NT 10.0; Win64; x64) AppleWebKit/537.36 (KHTML, like Gecko) Chrome/88.0.4240.193 Safari/537.36"
51.68.172.194 - - [20/Oct/2025:08:19:12 -0400] "POST //xmlrpc.php HTTP/1.1" 200 401 "-" "Mozilla/5.0 (Windows NT 10.0; Win64; x64) AppleWebKit/537.36 (KHTML, like Gecko) Chrome/89.0.4389.114 Safari/537.36"
159.65.10.236 - - [20/Oct/2025:08:19:13 -0400] "POST //wp-login.php HTTP/1.1" 200 6641 "https://sexpositions.online//wp-login.php" "Mozilla/5.0 (Windows NT 10.0; Win64; x64) AppleWebKit/537.36 (KHTML, like Gecko) Chrome/88.0.4240.193 Safari/537.36"
51.68.172.194 - - [20/Oct/2025:08:19:13 -0400] "POST //xmlrpc.php HTTP/1.1" 200 401 "-" "Mozilla/5.0 (Windows NT 10.0; Win64; x64) AppleWebKit/537.36 (KHTML, like Gecko) Chrome/89.0.4389.114 Safari/537.36"
159.65.10.236 - - [20/Oct/2025:08:19:13 -0400] "POST //wp-login.php HTTP/1.1" 200 6641 "https://sexpositions.online//wp-login.php" "Mozilla/5.0 (Windows NT 10.0; Win64; x64) AppleWebKit/537.36 (KHTML, like Gecko) Chrome/88.0.4240.193 Safari/537.36"
159.65.10.236 - - [20/Oct/2025:08:19:13 -0400] "POST //wp-login.php HTTP/1.1" 200 6641 "https://sexpositions.online//wp-login.php" "Mozilla/5.0 (Windows NT 10.0; Win64; x64) AppleWebKit/537.36 (KHTML, like Gecko) Chrome/88.0.4240.193 Safari/537.36"
51.68.172.194 - - [20/Oct/2025:08:19:13 -0400] "POST //xmlrpc.php HTTP/1.1" 200 401 "-" "Mozilla/5.0 (Windows NT 10.0; Win64; x64) AppleWebKit/537.36 (KHTML, like Gecko) Chrome/89.0.4389.114 Safari/537.36"
159.65.10.236 - - [20/Oct/2025:08:19:14 -0400] "POST //wp-login.php HTTP/1.1" 200 6641 "https://sexpositions.online//wp-login.php" "Mozilla/5.0 (Windows NT 10.0; Win64; x64) AppleWebKit/537.36 (KHTML, like Gecko) Chrome/88.0.4240.193 Safari/537.36"
51.68.172.194 - - [20/Oct/2025:08:19:14 -0400] "POST //xmlrpc.php HTTP/1.1" 200 401 "-" "Mozilla/5.0 (Windows NT 10.0; Win64; x64) AppleWebKit/537.36 (KHTML, like Gecko) Chrome/89.0.4389.114 Safari/537.36"
159.65.10.236 - - [20/Oct/2025:08:19:14 -0400] "POST //wp-login.php HTTP/1.1" 200 6641 "https://sexpositions.online//wp-login.php" "Mozilla/5.0 (Windows NT 10.0; Win64; x64) AppleWebKit/537.36 (KHTML, like Gecko) Chrome/88.0.4240.193 Safari/537.36"
51.68.172.194 - - [20/Oct/2025:08:19:14 -0400] "POST //xmlrpc.php HTTP/1.1" 200 401 "-" "Mozilla/5.0 (Windows NT 10.0; Win64; x64) AppleWebKit/537.36 (KHTML, like Gecko) Chrome/89.0.4389.114 Safari/537.36"
159.65.10.236 - - [20/Oct/2025:08:19:14 -0400] "POST //wp-login.php HTTP/1.1" 200 6641 "https://sexpositions.online//wp-login.php" "Mozilla/5.0 (Windows NT 10.0; Win64; x64) AppleWebKit/537.36 (KHTML, like Gecko) Chrome/88.0.4240.193 Safari/537.36"
159.65.10.236 - - [20/Oct/2025:08:19:15 -0400] "POST //wp-login.php HTTP/1.1" 200 6641 "https://sexpositions.online//wp-login.php" "Mozilla/5.0 (Windows NT 10.0; Win64; x64) AppleWebKit/537.36 (KHTML, like Gecko) Chrome/88.0.4240.193 Safari/537.36"
51.68.172.194 - - [20/Oct/2025:08:19:15 -0400] "POST //xmlrpc.php HTTP/1.1" 200 401 "-" "Mozilla/5.0 (Windows NT 10.0; Win64; x64) AppleWebKit/537.36 (KHTML, like Gecko) Chrome/89.0.4389.114 Safari/537.36"
196.128.137.91 - - [20/Oct/2025:08:19:15 -0400] "GET /face-to-face/ HTTP/1.1" 200 98095 "https://sexpositions.online/cowgirl/" "Mozilla/5.0 (Linux; Android 11; RMX2001 Build/RP1A.200720.011; wv) AppleWebKit/537.36 (KHTML, like Gecko) Version/4.0 Chrome/140.0.7339.207 Mobile Safari/537.36"
159.65.10.236 - - [20/Oct/2025:08:19:15 -0400] "POST //wp-login.php HTTP/1.1" 200 6641 "https://sexpositions.online//wp-login.php" "Mozilla/5.0 (Windows NT 10.0; Win64; x64) AppleWebKit/537.36 (KHTML, like Gecko) Chrome/88.0.4240.193 Safari/537.36"
51.68.172.194 - - [20/Oct/2025:08:19:15 -0400] "POST //xmlrpc.php HTTP/1.1" 200 401 "-" "Mozilla/5.0 (Windows NT 10.0; Win64; x64) AppleWebKit/537.36 (KHTML, like Gecko) Chrome/89.0.4389.114 Safari/537.36"
196.128.137.91 - - [20/Oct/2025:08:19:15 -0400] "GET /face-to-face/ HTTP/1.1" 200 98095 "https://sexpositions.online/cowgirl/" "Mozilla/5.0 (Windows NT 10.0; Win64; x64) AppleWebKit/537.36 (KHTML, like Gecko) Chrome/141.0.0.0 Safari/537.36"
159.65.10.236 - - [20/Oct/2025:08:19:16 -0400] "POST //wp-login.php HTTP/1.1" 200 6641 "https://sexpositions.online//wp-login.php" "Mozilla/5.0 (Windows NT 10.0; Win64; x64) AppleWebKit/537.36 (KHTML, like Gecko) Chrome/88.0.4240.193 Safari/537.36"
51.68.172.194 - - [20/Oct/2025:08:19:16 -0400] "POST //xmlrpc.php HTTP/1.1" 200 401 "-" "Mozilla/5.0 (Windows NT 10.0; Win64; x64) AppleWebKit/537.36 (KHTML, like Gecko) Chrome/89.0.4389.114 Safari/537.36"
159.65.10.236 - - [20/Oct/2025:08:19:16 -0400] "POST //wp-login.php HTTP/1.1" 200 6641 "https://sexpositions.online//wp-login.php" "Mozilla/5.0 (Windows NT 10.0; Win64; x64) AppleWebKit/537.36 (KHTML, like Gecko) Chrome/88.0.4240.193 Safari/537.36"
196.128.137.91 - - [20/Oct/2025:08:19:16 -0400] "GET /face-to-face/ HTTP/1.1" 200 98095 "https://sexpositions.online/cowgirl/" "Mozilla/5.0 (Windows NT 10.0; Win64; x64) AppleWebKit/537.36 (KHTML, like Gecko) Chrome/141.0.0.0 Safari/537.36"
51.68.172.194 - - [20/Oct/2025:08:19:16 -0400] "POST //xmlrpc.php HTTP/1.1" 200 401 "-" "Mozilla/5.0 (Windows NT 10.0; Win64; x64) AppleWebKit/537.36 (KHTML, like Gecko) Chrome/89.0.4389.114 Safari/537.36"
159.65.10.236 - - [20/Oct/2025:08:19:16 -0400] "POST //wp-login.php HTTP/1.1" 200 6641 "https://sexpositions.online//wp-login.php" "Mozilla/5.0 (Windows NT 10.0; Win64; x64) AppleWebKit/537.36 (KHTML, like Gecko) Chrome/88.0.4240.193 Safari/537.36"
159.65.10.236 - - [20/Oct/2025:08:19:17 -0400] "POST //wp-login.php HTTP/1.1" 200 6641 "https://sexpositions.online//wp-login.php" "Mozilla/5.0 (Windows NT 10.0; Win64; x64) AppleWebKit/537.36 (KHTML, like Gecko) Chrome/88.0.4240.193 Safari/537.36"
196.128.137.91 - - [20/Oct/2025:08:19:17 -0400] "GET /face-to-face/ HTTP/1.1" 200 98095 "https://sexpositions.online/cowgirl/" "Mozilla/5.0 (Windows NT 10.0; Win64; x64) AppleWebKit/537.36 (KHTML, like Gecko) Chrome/141.0.0.0 Safari/537.36"
51.68.172.194 - - [20/Oct/2025:08:19:17 -0400] "POST //xmlrpc.php HTTP/1.1" 200 401 "-" "Mozilla/5.0 (Windows NT 10.0; Win64; x64) AppleWebKit/537.36 (KHTML, like Gecko) Chrome/89.0.4389.114 Safari/537.36"
159.65.10.236 - - [20/Oct/2025:08:19:17 -0400] "POST //wp-login.php HTTP/1.1" 200 6641 "https://sexpositions.online//wp-login.php" "Mozilla/5.0 (Windows NT 10.0; Win64; x64) AppleWebKit/537.36 (KHTML, like Gecko) Chrome/88.0.4240.193 Safari/537.36"
51.68.172.194 - - [20/Oct/2025:08:19:17 -0400] "POST //xmlrpc.php HTTP/1.1" 200 401 "-" "Mozilla/5.0 (Windows NT 10.0; Win64; x64) AppleWebKit/537.36 (KHTML, like Gecko) Chrome/89.0.4389.114 Safari/537.36"
159.65.10.236 - - [20/Oct/2025:08:19:17 -0400] "POST //wp-login.php HTTP/1.1" 200 6641 "https://sexpositions.online//wp-login.php" "Mozilla/5.0 (Windows NT 10.0; Win64; x64) AppleWebKit/537.36 (KHTML, like Gecko) Chrome/88.0.4240.193 Safari/537.36"
196.128.137.91 - - [20/Oct/2025:08:19:17 -0400] "GET /face-to-face/ HTTP/1.1" 200 98095 "https://sexpositions.online/cowgirl/" "Mozilla/5.0 (Windows NT 10.0; Win64; x64) AppleWebKit/537.36 (KHTML, like Gecko) Chrome/141.0.0.0 Safari/537.36"
185.147.102.1 - - [20/Oct/2025:08:19:17 -0400] "GET /wp-content/uploads/windmill-animated.gif HTTP/1.1" 200 217396 "https://sexpositions.online/lotus/" "Mozilla/5.0 (Linux; Android 10; K) AppleWebKit/537.36 (KHTML, like Gecko) Chrome/141.0.0.0 Mobile Safari/537.36"
159.65.10.236 - - [20/Oct/2025:08:19:18 -0400] "POST //wp-login.php HTTP/1.1" 200 6641 "https://sexpositions.online//wp-login.php" "Mozilla/5.0 (Windows NT 10.0; Win64; x64) AppleWebKit/537.36 (KHTML, like Gecko) Chrome/88.0.4240.193 Safari/537.36"
51.68.172.194 - - [20/Oct/2025:08:19:18 -0400] "POST //xmlrpc.php HTTP/1.1" 200 401 "-" "Mozilla/5.0 (Windows NT 10.0; Win64; x64) AppleWebKit/537.36 (KHTML, like Gecko) Chrome/89.0.4389.114 Safari/537.36"
159.65.10.236 - - [20/Oct/2025:08:19:18 -0400] "POST //wp-login.php HTTP/1.1" 200 6641 "https://sexpositions.online//wp-login.php" "Mozilla/5.0 (Windows NT 10.0; Win64; x64) AppleWebKit/537.36 (KHTML, like Gecko) Chrome/88.0.4240.193 Safari/537.36"
196.128.137.91 - - [20/Oct/2025:08:19:18 -0400] "GET /face-to-face/ HTTP/1.1" 200 98095 "https://sexpositions.online/cowgirl/" "Mozilla/5.0 (Linux; Android 11; RMX2001) AppleWebKit/537.36 (KHTML, like Gecko) Chrome/140.0.7339.207 Mobile Safari/537.36"
51.68.172.194 - - [20/Oct/2025:08:19:18 -0400] "POST //xmlrpc.php HTTP/1.1" 200 401 "-" "Mozilla/5.0 (Windows NT 10.0; Win64; x64) AppleWebKit/537.36 (KHTML, like Gecko) Chrome/89.0.4389.114 Safari/537.36"
159.65.10.236 - - [20/Oct/2025:08:19:18 -0400] "POST //wp-login.php HTTP/1.1" 200 6641 "https://sexpositions.online//wp-login.php" "Mozilla/5.0 (Windows NT 10.0; Win64; x64) AppleWebKit/537.36 (KHTML, like Gecko) Chrome/88.0.4240.193 Safari/537.36"
159.65.10.236 - - [20/Oct/2025:08:19:19 -0400] "POST //wp-login.php HTTP/1.1" 200 6641 "https://sexpositions.online//wp-login.php" "Mozilla/5.0 (Windows NT 10.0; Win64; x64) AppleWebKit/537.36 (KHTML, like Gecko) Chrome/88.0.4240.193 Safari/537.36"
51.68.172.194 - - [20/Oct/2025:08:19:19 -0400] "POST //xmlrpc.php HTTP/1.1" 200 401 "-" "Mozilla/5.0 (Windows NT 10.0; Win64; x64) AppleWebKit/537.36 (KHTML, like Gecko) Chrome/89.0.4389.114 Safari/537.36"
196.128.137.91 - - [20/Oct/2025:08:19:19 -0400] "GET /face-to-face/ HTTP/1.1" 200 98095 "https://sexpositions.online/cowgirl/" "Mozilla/5.0 (Linux; Android 11; RMX2001) AppleWebKit/537.36 (KHTML, like Gecko) Chrome/140.0.7339.207 Mobile Safari/537.36"
159.65.10.236 - - [20/Oct/2025:08:19:19 -0400] "POST //wp-login.php HTTP/1.1" 200 6641 "https://sexpositions.online//wp-login.php" "Mozilla/5.0 (Windows NT 10.0; Win64; x64) AppleWebKit/537.36 (KHTML, like Gecko) Chrome/88.0.4240.193 Safari/537.36"
51.68.172.194 - - [20/Oct/2025:08:19:19 -0400] "POST //xmlrpc.php HTTP/1.1" 200 401 "-" "Mozilla/5.0 (Windows NT 10.0; Win64; x64) AppleWebKit/537.36 (KHTML, like Gecko) Chrome/89.0.4389.114 Safari/537.36"
2409:40f4:300e:2c60:8df8:995b:9a2:a290 - - [20/Oct/2025:08:19:19 -0400] "GET / HTTP/1.1" 200 125069 "https://www.google.com/" "Mozilla/5.0 (iPhone; CPU iPhone OS 18_6_2 like Mac OS X) AppleWebKit/605.1.15 (KHTML, like Gecko) CriOS/141.0.7390.69 Mobile/15E148 Safari/604.1"
159.65.10.236 - - [20/Oct/2025:08:19:19 -0400] "POST //wp-login.php HTTP/1.1" 200 6641 "https://sexpositions.online//wp-login.php" "Mozilla/5.0 (Windows NT 10.0; Win64; x64) AppleWebKit/537.36 (KHTML, like Gecko) Chrome/88.0.4240.193 Safari/537.36"
196.128.137.91 - - [20/Oct/2025:08:19:19 -0400] "GET /face-to-face/ HTTP/1.1" 200 98095 "https://sexpositions.online/cowgirl/" "Mozilla/5.0 (Linux; Android 11; RMX2001) AppleWebKit/537.36 (KHTML, like Gecko) Chrome/140.0.7339.207 Mobile Safari/537.36"
51.68.172.194 - - [20/Oct/2025:08:19:20 -0400] "POST //xmlrpc.php HTTP/1.1" 200 401 "-" "Mozilla/5.0 (Windows NT 10.0; Win64; x64) AppleWebKit/537.36 (KHTML, like Gecko) Chrome/89.0.4389.114 Safari/537.36"
159.65.10.236 - - [20/Oct/2025:08:19:20 -0400] "POST //wp-login.php HTTP/1.1" 200 6641 "https://sexpositions.online//wp-login.php" "Mozilla/5.0 (Windows NT 10.0; Win64; x64) AppleWebKit/537.36 (KHTML, like Gecko) Chrome/88.0.4240.193 Safari/537.36"
159.65.10.236 - - [20/Oct/2025:08:19:20 -0400] "POST //wp-login.php HTTP/1.1" 200 6641 "https://sexpositions.online//wp-login.php" "Mozilla/5.0 (Windows NT 10.0; Win64; x64) AppleWebKit/537.36 (KHTML, like Gecko) Chrome/88.0.4240.193 Safari/537.36"
196.128.137.91 - - [20/Oct/2025:08:19:20 -0400] "GET /face-to-face/ HTTP/1.1" 200 98095 "https://sexpositions.online/cowgirl/" "Mozilla/5.0 (Linux; Android 11; RMX2001) AppleWebKit/537.36 (KHTML, like Gecko) Chrome/140.0.7339.207 Mobile Safari/537.36"
51.68.172.194 - - [20/Oct/2025:08:19:20 -0400] "POST //xmlrpc.php HTTP/1.1" 200 401 "-" "Mozilla/5.0 (Windows NT 10.0; Win64; x64) AppleWebKit/537.36 (KHTML, like Gecko) Chrome/89.0.4389.114 Safari/537.36"
159.65.10.236 - - [20/Oct/2025:08:19:20 -0400] "POST //wp-login.php HTTP/1.1" 200 6641 "https://sexpositions.online//wp-login.php" "Mozilla/5.0 (Windows NT 10.0; Win64; x64) AppleWebKit/537.36 (KHTML, like Gecko) Chrome/88.0.4240.193 Safari/537.36"
51.68.172.194 - - [20/Oct/2025:08:19:21 -0400] "POST //xmlrpc.php HTTP/1.1" 200 401 "-" "Mozilla/5.0 (Windows NT 10.0; Win64; x64) AppleWebKit/537.36 (KHTML, like Gecko) Chrome/89.0.4389.114 Safari/537.36"
159.65.10.236 - - [20/Oct/2025:08:19:21 -0400] "POST //wp-login.php HTTP/1.1" 200 6641 "https://sexpositions.online//wp-login.php" "Mozilla/5.0 (Windows NT 10.0; Win64; x64) AppleWebKit/537.36 (KHTML, like Gecko) Chrome/88.0.4240.193 Safari/537.36"
51.68.172.194 - - [20/Oct/2025:08:19:21 -0400] "POST //xmlrpc.php HTTP/1.1" 200 401 "-" "Mozilla/5.0 (Windows NT 10.0; Win64; x64) AppleWebKit/537.36 (KHTML, like Gecko) Chrome/89.0.4389.114 Safari/537.36"
159.65.10.236 - - [20/Oct/2025:08:19:21 -0400] "POST //wp-login.php HTTP/1.1" 200 6641 "https://sexpositions.online//wp-login.php" "Mozilla/5.0 (Windows NT 10.0; Win64; x64) AppleWebKit/537.36 (KHTML, like Gecko) Chrome/88.0.4240.193 Safari/537.36"
159.65.10.236 - - [20/Oct/2025:08:19:21 -0400] "POST //wp-login.php HTTP/1.1" 200 6641 "https://sexpositions.online//wp-login.php" "Mozilla/5.0 (Windows NT 10.0; Win64; x64) AppleWebKit/537.36 (KHTML, like Gecko) Chrome/88.0.4240.193 Safari/537.36"
51.68.172.194 - - [20/Oct/2025:08:19:21 -0400] "POST //xmlrpc.php HTTP/1.1" 200 401 "-" "Mozilla/5.0 (Windows NT 10.0; Win64; x64) AppleWebKit/537.36 (KHTML, like Gecko) Chrome/89.0.4389.114 Safari/537.36"
159.65.10.236 - - [20/Oct/2025:08:19:22 -0400] "POST //wp-login.php HTTP/1.1" 200 6641 "https://sexpositions.online//wp-login.php" "Mozilla/5.0 (Windows NT 10.0; Win64; x64) AppleWebKit/537.36 (KHTML, like Gecko) Chrome/88.0.4240.193 Safari/537.36"
51.68.172.194 - - [20/Oct/2025:08:19:22 -0400] "POST //xmlrpc.php HTTP/1.1" 200 401 "-" "Mozilla/5.0 (Windows NT 10.0; Win64; x64) AppleWebKit/537.36 (KHTML, like Gecko) Chrome/89.0.4389.114 Safari/537.36"
159.65.10.236 - - [20/Oct/2025:08:19:22 -0400] "POST //wp-login.php HTTP/1.1" 200 6641 "https://sexpositions.online//wp-login.php" "Mozilla/5.0 (Windows NT 10.0; Win64; x64) AppleWebKit/537.36 (KHTML, like Gecko) Chrome/88.0.4240.193 Safari/537.36"
159.65.10.236 - - [20/Oct/2025:08:19:22 -0400] "POST //wp-login.php HTTP/1.1" 200 6641 "https://sexpositions.online//wp-login.php" "Mozilla/5.0 (Windows NT 10.0; Win64; x64) AppleWebKit/537.36 (KHTML, like Gecko) Chrome/88.0.4240.193 Safari/537.36"
51.68.172.194 - - [20/Oct/2025:08:19:22 -0400] "POST //xmlrpc.php HTTP/1.1" 200 401 "-" "Mozilla/5.0 (Windows NT 10.0; Win64; x64) AppleWebKit/537.36 (KHTML, like Gecko) Chrome/89.0.4389.114 Safari/537.36"
159.65.10.236 - - [20/Oct/2025:08:19:23 -0400] "POST //wp-login.php HTTP/1.1" 200 6641 "https://sexpositions.online//wp-login.php" "Mozilla/5.0 (Windows NT 10.0; Win64; x64) AppleWebKit/537.36 (KHTML, like Gecko) Chrome/88.0.4240.193 Safari/537.36"
51.68.172.194 - - [20/Oct/2025:08:19:23 -0400] "POST //xmlrpc.php HTTP/1.1" 200 401 "-" "Mozilla/5.0 (Windows NT 10.0; Win64; x64) AppleWebKit/537.36 (KHTML, like Gecko) Chrome/89.0.4389.114 Safari/537.36"
159.65.10.236 - - [20/Oct/2025:08:19:23 -0400] "POST //wp-login.php HTTP/1.1" 200 6641 "https://sexpositions.online//wp-login.php" "Mozilla/5.0 (Windows NT 10.0; Win64; x64) AppleWebKit/537.36 (KHTML, like Gecko) Chrome/88.0.4240.193 Safari/537.36"
51.68.172.194 - - [20/Oct/2025:08:19:23 -0400] "POST //xmlrpc.php HTTP/1.1" 200 401 "-" "Mozilla/5.0 (Windows NT 10.0; Win64; x64) AppleWebKit/537.36 (KHTML, like Gecko) Chrome/89.0.4389.114 Safari/537.36"
159.65.10.236 - - [20/Oct/2025:08:19:23 -0400] "POST //wp-login.php HTTP/1.1" 200 6641 "https://sexpositions.online//wp-login.php" "Mozilla/5.0 (Windows NT 10.0; Win64; x64) AppleWebKit/537.36 (KHTML, like Gecko) Chrome/88.0.4240.193 Safari/537.36"
159.65.10.236 - - [20/Oct/2025:08:19:24 -0400] "POST //wp-login.php HTTP/1.1" 200 6641 "https://sexpositions.online//wp-login.php" "Mozilla/5.0 (Windows NT 10.0; Win64; x64) AppleWebKit/537.36 (KHTML, like Gecko) Chrome/88.0.4240.193 Safari/537.36"
51.68.172.194 - - [20/Oct/2025:08:19:24 -0400] "POST //xmlrpc.php HTTP/1.1" 200 401 "-" "Mozilla/5.0 (Windows NT 10.0; Win64; x64) AppleWebKit/537.36 (KHTML, like Gecko) Chrome/89.0.4389.114 Safari/537.36"
159.65.10.236 - - [20/Oct/2025:08:19:24 -0400] "POST //wp-login.php HTTP/1.1" 200 6641 "https://sexpositions.online//wp-login.php" "Mozilla/5.0 (Windows NT 10.0; Win64; x64) AppleWebKit/537.36 (KHTML, like Gecko) Chrome/88.0.4240.193 Safari/537.36"
51.68.172.194 - - [20/Oct/2025:08:19:24 -0400] "POST //xmlrpc.php HTTP/1.1" 200 401 "-" "Mozilla/5.0 (Windows NT 10.0; Win64; x64) AppleWebKit/537.36 (KHTML, like Gecko) Chrome/89.0.4389.114 Safari/537.36"
159.65.10.236 - - [20/Oct/2025:08:19:25 -0400] "POST //wp-login.php HTTP/1.1" 200 6641 "https://sexpositions.online//wp-login.php" "Mozilla/5.0 (Windows NT 10.0; Win64; x64) AppleWebKit/537.36 (KHTML, like Gecko) Chrome/88.0.4240.193 Safari/537.36"
51.68.172.194 - - [20/Oct/2025:08:19:25 -0400] "POST //xmlrpc.php HTTP/1.1" 200 401 "-" "Mozilla/5.0 (Windows NT 10.0; Win64; x64) AppleWebKit/537.36 (KHTML, like Gecko) Chrome/89.0.4389.114 Safari/537.36"
159.65.10.236 - - [20/Oct/2025:08:19:25 -0400] "POST //wp-login.php HTTP/1.1" 200 6641 "https://sexpositions.online//wp-login.php" "Mozilla/5.0 (Windows NT 10.0; Win64; x64) AppleWebKit/537.36 (KHTML, like Gecko) Chrome/88.0.4240.193 Safari/537.36"
159.65.10.236 - - [20/Oct/2025:08:19:25 -0400] "POST //wp-login.php HTTP/1.1" 200 6641 "https://sexpositions.online//wp-login.php" "Mozilla/5.0 (Windows NT 10.0; Win64; x64) AppleWebKit/537.36 (KHTML, like Gecko) Chrome/88.0.4240.193 Safari/537.36"
51.68.172.194 - - [20/Oct/2025:08:19:25 -0400] "POST //xmlrpc.php HTTP/1.1" 200 401 "-" "Mozilla/5.0 (Windows NT 10.0; Win64; x64) AppleWebKit/537.36 (KHTML, like Gecko) Chrome/89.0.4389.114 Safari/537.36"
196.128.137.91 - - [20/Oct/2025:08:19:25 -0400] "GET /helicopter/ HTTP/1.1" 200 99890 "https://sexpositions.online/cowgirl/" "Mozilla/5.0 (Linux; Android 11; RMX2001 Build/RP1A.200720.011; wv) AppleWebKit/537.36 (KHTML, like Gecko) Version/4.0 Chrome/140.0.7339.207 Mobile Safari/537.36"
159.65.10.236 - - [20/Oct/2025:08:19:26 -0400] "POST //wp-login.php HTTP/1.1" 200 6641 "https://sexpositions.online//wp-login.php" "Mozilla/5.0 (Windows NT 10.0; Win64; x64) AppleWebKit/537.36 (KHTML, like Gecko) Chrome/88.0.4240.193 Safari/537.36"
196.128.137.91 - - [20/Oct/2025:08:19:26 -0400] "GET /helicopter/ HTTP/1.1" 200 99890 "https://sexpositions.online/cowgirl/" "Mozilla/5.0 (Windows NT 10.0; Win64; x64) AppleWebKit/537.36 (KHTML, like Gecko) Chrome/141.0.0.0 Safari/537.36"
51.68.172.194 - - [20/Oct/2025:08:19:26 -0400] "POST //xmlrpc.php HTTP/1.1" 200 401 "-" "Mozilla/5.0 (Windows NT 10.0; Win64; x64) AppleWebKit/537.36 (KHTML, like Gecko) Chrome/89.0.4389.114 Safari/537.36"
159.65.10.236 - - [20/Oct/2025:08:19:26 -0400] "POST //wp-login.php HTTP/1.1" 200 6641 "https://sexpositions.online//wp-login.php" "Mozilla/5.0 (Windows NT 10.0; Win64; x64) AppleWebKit/537.36 (KHTML, like Gecko) Chrome/88.0.4240.193 Safari/537.36"
196.128.137.91 - - [20/Oct/2025:08:19:26 -0400] "GET /helicopter/ HTTP/1.1" 200 99890 "https://sexpositions.online/cowgirl/" "Mozilla/5.0 (Linux; Android 11; RMX2001) AppleWebKit/537.36 (KHTML, like Gecko) Chrome/140.0.7339.207 Mobile Safari/537.36"
51.68.172.194 - - [20/Oct/2025:08:19:26 -0400] "POST //xmlrpc.php HTTP/1.1" 200 401 "-" "Mozilla/5.0 (Windows NT 10.0; Win64; x64) AppleWebKit/537.36 (KHTML, like Gecko) Chrome/89.0.4389.114 Safari/537.36"
159.65.10.236 - - [20/Oct/2025:08:19:26 -0400] "POST //wp-login.php HTTP/1.1" 200 6641 "https://sexpositions.online//wp-login.php" "Mozilla/5.0 (Windows NT 10.0; Win64; x64) AppleWebKit/537.36 (KHTML, like Gecko) Chrome/88.0.4240.193 Safari/537.36"
196.128.137.91 - - [20/Oct/2025:08:19:26 -0400] "GET /helicopter/ HTTP/1.1" 200 99890 "https://sexpositions.online/cowgirl/" "Mozilla/5.0 (Windows NT 10.0; Win64; x64) AppleWebKit/537.36 (KHTML, like Gecko) Chrome/141.0.0.0 Safari/537.36"
159.65.10.236 - - [20/Oct/2025:08:19:27 -0400] "POST //wp-login.php HTTP/1.1" 200 6641 "https://sexpositions.online//wp-login.php" "Mozilla/5.0 (Windows NT 10.0; Win64; x64) AppleWebKit/537.36 (KHTML, like Gecko) Chrome/88.0.4240.193 Safari/537.36"
196.128.137.91 - - [20/Oct/2025:08:19:27 -0400] "GET /wp-content/uploads/starfish-animated.gif HTTP/1.1" 304 - "https://sexpositions.online/helicopter/" "Mozilla/5.0 (Linux; Android 11; RMX2001) AppleWebKit/537.36 (KHTML, like Gecko) Chrome/140.0.7339.207 Mobile Safari/537.36"
51.68.172.194 - - [20/Oct/2025:08:19:27 -0400] "POST //xmlrpc.php HTTP/1.1" 200 401 "-" "Mozilla/5.0 (Windows NT 10.0; Win64; x64) AppleWebKit/537.36 (KHTML, like Gecko) Chrome/89.0.4389.114 Safari/537.36"
196.128.137.91 - - [20/Oct/2025:08:19:27 -0400] "GET /wp-content/uploads/airplane-animated.gif HTTP/1.1" 200 252773 "https://sexpositions.online/helicopter/" "Mozilla/5.0 (Linux; Android 11; RMX2001) AppleWebKit/537.36 (KHTML, like Gecko) Chrome/140.0.7339.207 Mobile Safari/537.36"
159.65.10.236 - - [20/Oct/2025:08:19:27 -0400] "POST //wp-login.php HTTP/1.1" 200 6641 "https://sexpositions.online//wp-login.php" "Mozilla/5.0 (Windows NT 10.0; Win64; x64) AppleWebKit/537.36 (KHTML, like Gecko) Chrome/88.0.4240.193 Safari/537.36"
196.128.137.91 - - [20/Oct/2025:08:19:27 -0400] "GET /wp-content/uploads/the-x-factor-animated-2.gif HTTP/1.1" 200 210822 "https://sexpositions.online/helicopter/" "Mozilla/5.0 (Linux; Android 11; RMX2001) AppleWebKit/537.36 (KHTML, like Gecko) Chrome/140.0.7339.207 Mobile Safari/537.36"
196.128.137.91 - - [20/Oct/2025:08:19:27 -0400] "GET /helicopter/ HTTP/1.1" 200 99890 "https://sexpositions.online/cowgirl/" "Mozilla/5.0 (Linux; Android 11; RMX2001) AppleWebKit/537.36 (KHTML, like Gecko) Chrome/140.0.7339.207 Mobile Safari/537.36"
51.68.172.194 - - [20/Oct/2025:08:19:27 -0400] "POST //xmlrpc.php HTTP/1.1" 200 401 "-" "Mozilla/5.0 (Windows NT 10.0; Win64; x64) AppleWebKit/537.36 (KHTML, like Gecko) Chrome/89.0.4389.114 Safari/537.36"
159.65.10.236 - - [20/Oct/2025:08:19:27 -0400] "POST //wp-login.php HTTP/1.1" 200 6641 "https://sexpositions.online//wp-login.php" "Mozilla/5.0 (Windows NT 10.0; Win64; x64) AppleWebKit/537.36 (KHTML, like Gecko) Chrome/88.0.4240.193 Safari/537.36"
159.65.10.236 - - [20/Oct/2025:08:19:28 -0400] "POST //wp-login.php HTTP/1.1" 200 6641 "https://sexpositions.online//wp-login.php" "Mozilla/5.0 (Windows NT 10.0; Win64; x64) AppleWebKit/537.36 (KHTML, like Gecko) Chrome/88.0.4240.193 Safari/537.36"
51.68.172.194 - - [20/Oct/2025:08:19:28 -0400] "POST //xmlrpc.php HTTP/1.1" 200 401 "-" "Mozilla/5.0 (Windows NT 10.0; Win64; x64) AppleWebKit/537.36 (KHTML, like Gecko) Chrome/89.0.4389.114 Safari/537.36"
196.128.137.91 - - [20/Oct/2025:08:19:28 -0400] "GET /helicopter/ HTTP/1.1" 200 99890 "https://sexpositions.online/cowgirl/" "Mozilla/5.0 (Linux; Android 11; RMX2001) AppleWebKit/537.36 (KHTML, like Gecko) Chrome/140.0.7339.207 Mobile Safari/537.36"
159.65.10.236 - - [20/Oct/2025:08:19:28 -0400] "POST //wp-login.php HTTP/1.1" 200 6641 "https://sexpositions.online//wp-login.php" "Mozilla/5.0 (Windows NT 10.0; Win64; x64) AppleWebKit/537.36 (KHTML, like Gecko) Chrome/88.0.4240.193 Safari/537.36"
51.68.172.194 - - [20/Oct/2025:08:19:28 -0400] "POST //xmlrpc.php HTTP/1.1" 200 401 "-" "Mozilla/5.0 (Windows NT 10.0; Win64; x64) AppleWebKit/537.36 (KHTML, like Gecko) Chrome/89.0.4389.114 Safari/537.36"
159.65.10.236 - - [20/Oct/2025:08:19:28 -0400] "POST //wp-login.php HTTP/1.1" 200 6641 "https://sexpositions.online//wp-login.php" "Mozilla/5.0 (Windows NT 10.0; Win64; x64) AppleWebKit/537.36 (KHTML, like Gecko) Chrome/88.0.4240.193 Safari/537.36"
51.68.172.194 - - [20/Oct/2025:08:19:29 -0400] "POST //xmlrpc.php HTTP/1.1" 200 401 "-" "Mozilla/5.0 (Windows NT 10.0; Win64; x64) AppleWebKit/537.36 (KHTML, like Gecko) Chrome/89.0.4389.114 Safari/537.36"
159.65.10.236 - - [20/Oct/2025:08:19:29 -0400] "POST //wp-login.php HTTP/1.1" 200 6641 "https://sexpositions.online//wp-login.php" "Mozilla/5.0 (Windows NT 10.0; Win64; x64) AppleWebKit/537.36 (KHTML, like Gecko) Chrome/88.0.4240.193 Safari/537.36"
175.100.79.189 - - [20/Oct/2025:08:19:29 -0400] "GET /wp-content/uploads/cat-animated.gif HTTP/1.1" 304 - "https://www.google.com/" "Mozilla/5.0 (iPhone; CPU iPhone OS 18_6_2 like Mac OS X) AppleWebKit/605.1.15 (KHTML, like Gecko) Version/18.6 Mobile/15E148 Safari/604.1"
185.147.102.1 - - [20/Oct/2025:08:19:29 -0400] "GET /raunchy-wrestler/ HTTP/1.1" 200 98138 "https://sexpositions.online/lotus/" "Mozilla/5.0 (Linux; Android 10; K) AppleWebKit/537.36 (KHTML, like Gecko) Chrome/141.0.0.0 Mobile Safari/537.36"
159.65.10.236 - - [20/Oct/2025:08:19:29 -0400] "POST //wp-login.php HTTP/1.1" 200 6641 "https://sexpositions.online//wp-login.php" "Mozilla/5.0 (Windows NT 10.0; Win64; x64) AppleWebKit/537.36 (KHTML, like Gecko) Chrome/88.0.4240.193 Safari/537.36"
51.68.172.194 - - [20/Oct/2025:08:19:29 -0400] "POST //xmlrpc.php HTTP/1.1" 200 401 "-" "Mozilla/5.0 (Windows NT 10.0; Win64; x64) AppleWebKit/537.36 (KHTML, like Gecko) Chrome/89.0.4389.114 Safari/537.36"
159.65.10.236 - - [20/Oct/2025:08:19:29 -0400] "POST //wp-login.php HTTP/1.1" 200 6641 "https://sexpositions.online//wp-login.php" "Mozilla/5.0 (Windows NT 10.0; Win64; x64) AppleWebKit/537.36 (KHTML, like Gecko) Chrome/88.0.4240.193 Safari/537.36"
51.68.172.194 - - [20/Oct/2025:08:19:30 -0400] "POST //xmlrpc.php HTTP/1.1" 200 401 "-" "Mozilla/5.0 (Windows NT 10.0; Win64; x64) AppleWebKit/537.36 (KHTML, like Gecko) Chrome/89.0.4389.114 Safari/537.36"
159.65.10.236 - - [20/Oct/2025:08:19:30 -0400] "POST //wp-login.php HTTP/1.1" 200 6641 "https://sexpositions.online//wp-login.php" "Mozilla/5.0 (Windows NT 10.0; Win64; x64) AppleWebKit/537.36 (KHTML, like Gecko) Chrome/88.0.4240.193 Safari/537.36"
159.65.10.236 - - [20/Oct/2025:08:19:30 -0400] "POST //wp-login.php HTTP/1.1" 200 6641 "https://sexpositions.online//wp-login.php" "Mozilla/5.0 (Windows NT 10.0; Win64; x64) AppleWebKit/537.36 (KHTML, like Gecko) Chrome/88.0.4240.193 Safari/537.36"
51.68.172.194 - - [20/Oct/2025:08:19:30 -0400] "POST //xmlrpc.php HTTP/1.1" 200 401 "-" "Mozilla/5.0 (Windows NT 10.0; Win64; x64) AppleWebKit/537.36 (KHTML, like Gecko) Chrome/89.0.4389.114 Safari/537.36"
159.65.10.236 - - [20/Oct/2025:08:19:30 -0400] "POST //wp-login.php HTTP/1.1" 200 6641 "https://sexpositions.online//wp-login.php" "Mozilla/5.0 (Windows NT 10.0; Win64; x64) AppleWebKit/537.36 (KHTML, like Gecko) Chrome/88.0.4240.193 Safari/537.36"
51.68.172.194 - - [20/Oct/2025:08:19:31 -0400] "POST //xmlrpc.php HTTP/1.1" 200 401 "-" "Mozilla/5.0 (Windows NT 10.0; Win64; x64) AppleWebKit/537.36 (KHTML, like Gecko) Chrome/89.0.4389.114 Safari/537.36"
159.65.10.236 - - [20/Oct/2025:08:19:31 -0400] "POST //wp-login.php HTTP/1.1" 200 6641 "https://sexpositions.online//wp-login.php" "Mozilla/5.0 (Windows NT 10.0; Win64; x64) AppleWebKit/537.36 (KHTML, like Gecko) Chrome/88.0.4240.193 Safari/537.36"
159.65.10.236 - - [20/Oct/2025:08:19:31 -0400] "POST //wp-login.php HTTP/1.1" 200 6641 "https://sexpositions.online//wp-login.php" "Mozilla/5.0 (Windows NT 10.0; Win64; x64) AppleWebKit/537.36 (KHTML, like Gecko) Chrome/88.0.4240.193 Safari/537.36"
51.68.172.194 - - [20/Oct/2025:08:19:31 -0400] "POST //xmlrpc.php HTTP/1.1" 200 401 "-" "Mozilla/5.0 (Windows NT 10.0; Win64; x64) AppleWebKit/537.36 (KHTML, like Gecko) Chrome/89.0.4389.114 Safari/537.36"
159.65.10.236 - - [20/Oct/2025:08:19:31 -0400] "POST //wp-login.php HTTP/1.1" 200 6641 "https://sexpositions.online//wp-login.php" "Mozilla/5.0 (Windows NT 10.0; Win64; x64) AppleWebKit/537.36 (KHTML, like Gecko) Chrome/88.0.4240.193 Safari/537.36"
51.68.172.194 - - [20/Oct/2025:08:19:32 -0400] "POST //xmlrpc.php HTTP/1.1" 200 401 "-" "Mozilla/5.0 (Windows NT 10.0; Win64; x64) AppleWebKit/537.36 (KHTML, like Gecko) Chrome/89.0.4389.114 Safari/537.36"
159.65.10.236 - - [20/Oct/2025:08:19:32 -0400] "POST //wp-login.php HTTP/1.1" 200 6641 "https://sexpositions.online//wp-login.php" "Mozilla/5.0 (Windows NT 10.0; Win64; x64) AppleWebKit/537.36 (KHTML, like Gecko) Chrome/88.0.4240.193 Safari/537.36"
159.65.10.236 - - [20/Oct/2025:08:19:32 -0400] "POST //wp-login.php HTTP/1.1" 200 6641 "https://sexpositions.online//wp-login.php" "Mozilla/5.0 (Windows NT 10.0; Win64; x64) AppleWebKit/537.36 (KHTML, like Gecko) Chrome/88.0.4240.193 Safari/537.36"
51.68.172.194 - - [20/Oct/2025:08:19:32 -0400] "POST //xmlrpc.php HTTP/1.1" 200 401 "-" "Mozilla/5.0 (Windows NT 10.0; Win64; x64) AppleWebKit/537.36 (KHTML, like Gecko) Chrome/89.0.4389.114 Safari/537.36"
159.65.10.236 - - [20/Oct/2025:08:19:32 -0400] "POST //wp-login.php HTTP/1.1" 200 6641 "https://sexpositions.online//wp-login.php" "Mozilla/5.0 (Windows NT 10.0; Win64; x64) AppleWebKit/537.36 (KHTML, like Gecko) Chrome/88.0.4240.193 Safari/537.36"
51.68.172.194 - - [20/Oct/2025:08:19:33 -0400] "POST //xmlrpc.php HTTP/1.1" 200 401 "-" "Mozilla/5.0 (Windows NT 10.0; Win64; x64) AppleWebKit/537.36 (KHTML, like Gecko) Chrome/89.0.4389.114 Safari/537.36"
159.65.10.236 - - [20/Oct/2025:08:19:33 -0400] "POST //wp-login.php HTTP/1.1" 200 6641 "https://sexpositions.online//wp-login.php" "Mozilla/5.0 (Windows NT 10.0; Win64; x64) AppleWebKit/537.36 (KHTML, like Gecko) Chrome/88.0.4240.193 Safari/537.36"
51.68.172.194 - - [20/Oct/2025:08:19:33 -0400] "POST //xmlrpc.php HTTP/1.1" 200 401 "-" "Mozilla/5.0 (Windows NT 10.0; Win64; x64) AppleWebKit/537.36 (KHTML, like Gecko) Chrome/89.0.4389.114 Safari/537.36"
196.128.137.91 - - [20/Oct/2025:08:19:33 -0400] "GET /cowgirl/ HTTP/1.1" 200 101897 "https://sexpositions.online/helicopter/" "Mozilla/5.0 (Linux; Android 11; RMX2001 Build/RP1A.200720.011; wv) AppleWebKit/537.36 (KHTML, like Gecko) Version/4.0 Chrome/140.0.7339.207 Mobile Safari/537.36"
159.65.10.236 - - [20/Oct/2025:08:19:33 -0400] "POST //wp-login.php HTTP/1.1" 200 6641 "https://sexpositions.online//wp-login.php" "Mozilla/5.0 (Windows NT 10.0; Win64; x64) AppleWebKit/537.36 (KHTML, like Gecko) Chrome/88.0.4240.193 Safari/537.36"
196.128.137.91 - - [20/Oct/2025:08:19:34 -0400] "GET /cowgirl/ HTTP/1.1" 200 101897 "https://sexpositions.online/helicopter/" "Mozilla/5.0 (Windows NT 10.0; Win64; x64) AppleWebKit/537.36 (KHTML, like Gecko) Chrome/141.0.0.0 Safari/537.36"
159.65.10.236 - - [20/Oct/2025:08:19:34 -0400] "POST //wp-login.php HTTP/1.1" 200 6641 "https://sexpositions.online//wp-login.php" "Mozilla/5.0 (Windows NT 10.0; Win64; x64) AppleWebKit/537.36 (KHTML, like Gecko) Chrome/88.0.4240.193 Safari/537.36"
51.68.172.194 - - [20/Oct/2025:08:19:34 -0400] "POST //xmlrpc.php HTTP/1.1" 200 401 "-" "Mozilla/5.0 (Windows NT 10.0; Win64; x64) AppleWebKit/537.36 (KHTML, like Gecko) Chrome/89.0.4389.114 Safari/537.36"
159.65.10.236 - - [20/Oct/2025:08:19:34 -0400] "POST //wp-login.php HTTP/1.1" 200 6641 "https://sexpositions.online//wp-login.php" "Mozilla/5.0 (Windows NT 10.0; Win64; x64) AppleWebKit/537.36 (KHTML, like Gecko) Chrome/88.0.4240.193 Safari/537.36"
51.68.172.194 - - [20/Oct/2025:08:19:34 -0400] "POST //xmlrpc.php HTTP/1.1" 200 401 "-" "Mozilla/5.0 (Windows NT 10.0; Win64; x64) AppleWebKit/537.36 (KHTML, like Gecko) Chrome/89.0.4389.114 Safari/537.36"
196.128.137.91 - - [20/Oct/2025:08:19:34 -0400] "GET /cowgirl/ HTTP/1.1" 200 101897 "https://sexpositions.online/helicopter/" "Mozilla/5.0 (Windows NT 10.0; Win64; x64) AppleWebKit/537.36 (KHTML, like Gecko) Chrome/141.0.0.0 Safari/537.36"
159.65.10.236 - - [20/Oct/2025:08:19:34 -0400] "POST //wp-login.php HTTP/1.1" 200 6641 "https://sexpositions.online//wp-login.php" "Mozilla/5.0 (Windows NT 10.0; Win64; x64) AppleWebKit/537.36 (KHTML, like Gecko) Chrome/88.0.4240.193 Safari/537.36"
51.68.172.194 - - [20/Oct/2025:08:19:35 -0400] "POST //xmlrpc.php HTTP/1.1" 200 401 "-" "Mozilla/5.0 (Windows NT 10.0; Win64; x64) AppleWebKit/537.36 (KHTML, like Gecko) Chrome/89.0.4389.114 Safari/537.36"
159.65.10.236 - - [20/Oct/2025:08:19:35 -0400] "POST //wp-login.php HTTP/1.1" 200 6641 "https://sexpositions.online//wp-login.php" "Mozilla/5.0 (Windows NT 10.0; Win64; x64) AppleWebKit/537.36 (KHTML, like Gecko) Chrome/88.0.4240.193 Safari/537.36"
196.128.137.91 - - [20/Oct/2025:08:19:35 -0400] "GET /cowgirl/ HTTP/1.1" 200 101897 "https://sexpositions.online/helicopter/" "Mozilla/5.0 (Windows NT 10.0; Win64; x64) AppleWebKit/537.36 (KHTML, like Gecko) Chrome/141.0.0.0 Safari/537.36"
159.65.10.236 - - [20/Oct/2025:08:19:35 -0400] "POST //wp-login.php HTTP/1.1" 200 6641 "https://sexpositions.online//wp-login.php" "Mozilla/5.0 (Windows NT 10.0; Win64; x64) AppleWebKit/537.36 (KHTML, like Gecko) Chrome/88.0.4240.193 Safari/537.36"
51.68.172.194 - - [20/Oct/2025:08:19:35 -0400] "POST //xmlrpc.php HTTP/1.1" 200 401 "-" "Mozilla/5.0 (Windows NT 10.0; Win64; x64) AppleWebKit/537.36 (KHTML, like Gecko) Chrome/89.0.4389.114 Safari/537.36"
159.65.10.236 - - [20/Oct/2025:08:19:35 -0400] "POST //wp-login.php HTTP/1.1" 200 6641 "https://sexpositions.online//wp-login.php" "Mozilla/5.0 (Windows NT 10.0; Win64; x64) AppleWebKit/537.36 (KHTML, like Gecko) Chrome/88.0.4240.193 Safari/537.36"
196.128.137.91 - - [20/Oct/2025:08:19:36 -0400] "GET /cowgirl/ HTTP/1.1" 200 101897 "https://sexpositions.online/helicopter/" "Mozilla/5.0 (Windows NT 10.0; Win64; x64) AppleWebKit/537.36 (KHTML, like Gecko) Chrome/141.0.0.0 Safari/537.36"
51.68.172.194 - - [20/Oct/2025:08:19:36 -0400] "POST //xmlrpc.php HTTP/1.1" 200 401 "-" "Mozilla/5.0 (Windows NT 10.0; Win64; x64) AppleWebKit/537.36 (KHTML, like Gecko) Chrome/89.0.4389.114 Safari/537.36"
159.65.10.236 - - [20/Oct/2025:08:19:36 -0400] "POST //wp-login.php HTTP/1.1" 200 6641 "https://sexpositions.online//wp-login.php" "Mozilla/5.0 (Windows NT 10.0; Win64; x64) AppleWebKit/537.36 (KHTML, like Gecko) Chrome/88.0.4240.193 Safari/537.36"
51.68.172.194 - - [20/Oct/2025:08:19:36 -0400] "POST //xmlrpc.php HTTP/1.1" 200 401 "-" "Mozilla/5.0 (Windows NT 10.0; Win64; x64) AppleWebKit/537.36 (KHTML, like Gecko) Chrome/89.0.4389.114 Safari/537.36"
159.65.10.236 - - [20/Oct/2025:08:19:36 -0400] "POST //wp-login.php HTTP/1.1" 200 6641 "https://sexpositions.online//wp-login.php" "Mozilla/5.0 (Windows NT 10.0; Win64; x64) AppleWebKit/537.36 (KHTML, like Gecko) Chrome/88.0.4240.193 Safari/537.36"
196.128.137.91 - - [20/Oct/2025:08:19:36 -0400] "GET /cowgirl/ HTTP/1.1" 200 101897 "https://sexpositions.online/helicopter/" "Mozilla/5.0 (Linux; Android 11; RMX2001) AppleWebKit/537.36 (KHTML, like Gecko) Chrome/140.0.7339.207 Mobile Safari/537.36"
159.65.10.236 - - [20/Oct/2025:08:19:37 -0400] "POST //wp-login.php HTTP/1.1" 200 6641 "https://sexpositions.online//wp-login.php" "Mozilla/5.0 (Windows NT 10.0; Win64; x64) AppleWebKit/537.36 (KHTML, like Gecko) Chrome/88.0.4240.193 Safari/537.36"
51.68.172.194 - - [20/Oct/2025:08:19:37 -0400] "POST //xmlrpc.php HTTP/1.1" 200 401 "-" "Mozilla/5.0 (Windows NT 10.0; Win64; x64) AppleWebKit/537.36 (KHTML, like Gecko) Chrome/89.0.4389.114 Safari/537.36"
159.65.10.236 - - [20/Oct/2025:08:19:37 -0400] "POST //wp-login.php HTTP/1.1" 200 6641 "https://sexpositions.online//wp-login.php" "Mozilla/5.0 (Windows NT 10.0; Win64; x64) AppleWebKit/537.36 (KHTML, like Gecko) Chrome/88.0.4240.193 Safari/537.36"
51.68.172.194 - - [20/Oct/2025:08:19:37 -0400] "POST //xmlrpc.php HTTP/1.1" 200 401 "-" "Mozilla/5.0 (Windows NT 10.0; Win64; x64) AppleWebKit/537.36 (KHTML, like Gecko) Chrome/89.0.4389.114 Safari/537.36"
196.128.137.91 - - [20/Oct/2025:08:19:37 -0400] "GET /cowgirl/ HTTP/1.1" 200 101897 "https://sexpositions.online/helicopter/" "Mozilla/5.0 (Linux; Android 11; RMX2001) AppleWebKit/537.36 (KHTML, like Gecko) Chrome/140.0.7339.207 Mobile Safari/537.36"
159.65.10.236 - - [20/Oct/2025:08:19:37 -0400] "POST //wp-login.php HTTP/1.1" 200 6641 "https://sexpositions.online//wp-login.php" "Mozilla/5.0 (Windows NT 10.0; Win64; x64) AppleWebKit/537.36 (KHTML, like Gecko) Chrome/88.0.4240.193 Safari/537.36"
159.65.10.236 - - [20/Oct/2025:08:19:38 -0400] "POST //wp-login.php HTTP/1.1" 200 6641 "https://sexpositions.online//wp-login.php" "Mozilla/5.0 (Windows NT 10.0; Win64; x64) AppleWebKit/537.36 (KHTML, like Gecko) Chrome/88.0.4240.193 Safari/537.36"
51.68.172.194 - - [20/Oct/2025:08:19:38 -0400] "POST //xmlrpc.php HTTP/1.1" 200 401 "-" "Mozilla/5.0 (Windows NT 10.0; Win64; x64) AppleWebKit/537.36 (KHTML, like Gecko) Chrome/89.0.4389.114 Safari/537.36"
2409:40f4:300e:2c60:8df8:995b:9a2:a290 - - [20/Oct/2025:08:19:38 -0400] "GET /piledriver/ HTTP/1.1" 200 99780 "https://sexpositions.online/" "Mozilla/5.0 (iPhone; CPU iPhone OS 18_6_2 like Mac OS X) AppleWebKit/605.1.15 (KHTML, like Gecko) CriOS/141.0.7390.69 Mobile/15E148 Safari/604.1"
159.65.10.236 - - [20/Oct/2025:08:19:38 -0400] "POST //wp-login.php HTTP/1.1" 200 6641 "https://sexpositions.online//wp-login.php" "Mozilla/5.0 (Windows NT 10.0; Win64; x64) AppleWebKit/537.36 (KHTML, like Gecko) Chrome/88.0.4240.193 Safari/537.36"
196.128.137.91 - - [20/Oct/2025:08:19:38 -0400] "GET /cowgirl/ HTTP/1.1" 200 101897 "https://sexpositions.online/helicopter/" "Mozilla/5.0 (Linux; Android 11; RMX2001) AppleWebKit/537.36 (KHTML, like Gecko) Chrome/140.0.7339.207 Mobile Safari/537.36"
51.68.172.194 - - [20/Oct/2025:08:19:38 -0400] "POST //xmlrpc.php HTTP/1.1" 200 401 "-" "Mozilla/5.0 (Windows NT 10.0; Win64; x64) AppleWebKit/537.36 (KHTML, like Gecko) Chrome/89.0.4389.114 Safari/537.36"
159.65.10.236 - - [20/Oct/2025:08:19:38 -0400] "POST //wp-login.php HTTP/1.1" 200 6641 "https://sexpositions.online//wp-login.php" "Mozilla/5.0 (Windows NT 10.0; Win64; x64) AppleWebKit/537.36 (KHTML, like Gecko) Chrome/88.0.4240.193 Safari/537.36"
159.65.10.236 - - [20/Oct/2025:08:19:39 -0400] "POST //wp-login.php HTTP/1.1" 200 6641 "https://sexpositions.online//wp-login.php" "Mozilla/5.0 (Windows NT 10.0; Win64; x64) AppleWebKit/537.36 (KHTML, like Gecko) Chrome/88.0.4240.193 Safari/537.36"
51.68.172.194 - - [20/Oct/2025:08:19:39 -0400] "POST //xmlrpc.php HTTP/1.1" 200 401 "-" "Mozilla/5.0 (Windows NT 10.0; Win64; x64) AppleWebKit/537.36 (KHTML, like Gecko) Chrome/89.0.4389.114 Safari/537.36"
159.65.10.236 - - [20/Oct/2025:08:19:39 -0400] "POST //wp-login.php HTTP/1.1" 200 6641 "https://sexpositions.online//wp-login.php" "Mozilla/5.0 (Windows NT 10.0; Win64; x64) AppleWebKit/537.36 (KHTML, like Gecko) Chrome/88.0.4240.193 Safari/537.36"
51.68.172.194 - - [20/Oct/2025:08:19:39 -0400] "POST //xmlrpc.php HTTP/1.1" 200 401 "-" "Mozilla/5.0 (Windows NT 10.0; Win64; x64) AppleWebKit/537.36 (KHTML, like Gecko) Chrome/89.0.4389.114 Safari/537.36"
159.65.10.236 - - [20/Oct/2025:08:19:39 -0400] "POST //wp-login.php HTTP/1.1" 200 6641 "https://sexpositions.online//wp-login.php" "Mozilla/5.0 (Windows NT 10.0; Win64; x64) AppleWebKit/537.36 (KHTML, like Gecko) Chrome/88.0.4240.193 Safari/537.36"
196.128.137.91 - - [20/Oct/2025:08:19:40 -0400] "GET /cowgirl/ HTTP/1.1" 200 101897 "https://sexpositions.online/helicopter/" "Mozilla/5.0 (Linux; Android 11; RMX2001) AppleWebKit/537.36 (KHTML, like Gecko) Chrome/140.0.7339.207 Mobile Safari/537.36"
159.65.10.236 - - [20/Oct/2025:08:19:40 -0400] "POST //wp-login.php HTTP/1.1" 200 6641 "https://sexpositions.online//wp-login.php" "Mozilla/5.0 (Windows NT 10.0; Win64; x64) AppleWebKit/537.36 (KHTML, like Gecko) Chrome/88.0.4240.193 Safari/537.36"
51.68.172.194 - - [20/Oct/2025:08:19:40 -0400] "POST //xmlrpc.php HTTP/1.1" 200 401 "-" "Mozilla/5.0 (Windows NT 10.0; Win64; x64) AppleWebKit/537.36 (KHTML, like Gecko) Chrome/89.0.4389.114 Safari/537.36"
159.65.10.236 - - [20/Oct/2025:08:19:40 -0400] "POST //wp-login.php HTTP/1.1" 200 6641 "https://sexpositions.online//wp-login.php" "Mozilla/5.0 (Windows NT 10.0; Win64; x64) AppleWebKit/537.36 (KHTML, like Gecko) Chrome/88.0.4240.193 Safari/537.36"
51.68.172.194 - - [20/Oct/2025:08:19:40 -0400] "POST //xmlrpc.php HTTP/1.1" 200 401 "-" "Mozilla/5.0 (Windows NT 10.0; Win64; x64) AppleWebKit/537.36 (KHTML, like Gecko) Chrome/89.0.4389.114 Safari/537.36"
159.65.10.236 - - [20/Oct/2025:08:19:40 -0400] "POST //wp-login.php HTTP/1.1" 200 6641 "https://sexpositions.online//wp-login.php" "Mozilla/5.0 (Windows NT 10.0; Win64; x64) AppleWebKit/537.36 (KHTML, like Gecko) Chrome/88.0.4240.193 Safari/537.36"
51.68.172.194 - - [20/Oct/2025:08:19:41 -0400] "POST //xmlrpc.php HTTP/1.1" 200 401 "-" "Mozilla/5.0 (Windows NT 10.0; Win64; x64) AppleWebKit/537.36 (KHTML, like Gecko) Chrome/89.0.4389.114 Safari/537.36"
159.65.10.236 - - [20/Oct/2025:08:19:41 -0400] "POST //wp-login.php HTTP/1.1" 200 6641 "https://sexpositions.online//wp-login.php" "Mozilla/5.0 (Windows NT 10.0; Win64; x64) AppleWebKit/537.36 (KHTML, like Gecko) Chrome/88.0.4240.193 Safari/537.36"
159.65.10.236 - - [20/Oct/2025:08:19:41 -0400] "POST //wp-login.php HTTP/1.1" 200 6641 "https://sexpositions.online//wp-login.php" "Mozilla/5.0 (Windows NT 10.0; Win64; x64) AppleWebKit/537.36 (KHTML, like Gecko) Chrome/88.0.4240.193 Safari/537.36"
51.68.172.194 - - [20/Oct/2025:08:19:41 -0400] "POST //xmlrpc.php HTTP/1.1" 200 401 "-" "Mozilla/5.0 (Windows NT 10.0; Win64; x64) AppleWebKit/537.36 (KHTML, like Gecko) Chrome/89.0.4389.114 Safari/537.36"
159.65.10.236 - - [20/Oct/2025:08:19:42 -0400] "POST //wp-login.php HTTP/1.1" 200 6641 "https://sexpositions.online//wp-login.php" "Mozilla/5.0 (Windows NT 10.0; Win64; x64) AppleWebKit/537.36 (KHTML, like Gecko) Chrome/88.0.4240.193 Safari/537.36"
51.68.172.194 - - [20/Oct/2025:08:19:42 -0400] "POST //xmlrpc.php HTTP/1.1" 200 401 "-" "Mozilla/5.0 (Windows NT 10.0; Win64; x64) AppleWebKit/537.36 (KHTML, like Gecko) Chrome/89.0.4389.114 Safari/537.36"
159.65.10.236 - - [20/Oct/2025:08:19:42 -0400] "POST //wp-login.php HTTP/1.1" 200 6641 "https://sexpositions.online//wp-login.php" "Mozilla/5.0 (Windows NT 10.0; Win64; x64) AppleWebKit/537.36 (KHTML, like Gecko) Chrome/88.0.4240.193 Safari/537.36"
