51.68.172.194 - - [20/Oct/2025:08:11:23 -0400] "POST //xmlrpc.php HTTP/1.1" 200 401 "-" "Mozilla/5.0 (Windows NT 10.0; Win64; x64) AppleWebKit/537.36 (KHTML, like Gecko) Chrome/89.0.4389.114 Safari/537.36"
159.65.10.236 - - [20/Oct/2025:08:11:23 -0400] "POST //wp-login.php HTTP/1.1" 200 6641 "https://sexpositions.online//wp-login.php" "Mozilla/5.0 (Windows NT 10.0; Win64; x64) AppleWebKit/537.36 (KHTML, like Gecko) Chrome/88.0.4240.193 Safari/537.36"
159.65.10.236 - - [20/Oct/2025:08:11:23 -0400] "POST //wp-login.php HTTP/1.1" 200 6641 "https://sexpositions.online//wp-login.php" "Mozilla/5.0 (Windows NT 10.0; Win64; x64) AppleWebKit/537.36 (KHTML, like Gecko) Chrome/88.0.4240.193 Safari/537.36"
51.68.172.194 - - [20/Oct/2025:08:11:23 -0400] "POST //xmlrpc.php HTTP/1.1" 200 401 "-" "Mozilla/5.0 (Windows NT 10.0; Win64; x64) AppleWebKit/537.36 (KHTML, like Gecko) Chrome/89.0.4389.114 Safari/537.36"
159.65.10.236 - - [20/Oct/2025:08:11:24 -0400] "POST //wp-login.php HTTP/1.1" 200 6641 "https://sexpositions.online//wp-login.php" "Mozilla/5.0 (Windows NT 10.0; Win64; x64) AppleWebKit/537.36 (KHTML, like Gecko) Chrome/88.0.4240.193 Safari/537.36"
51.68.172.194 - - [20/Oct/2025:08:11:24 -0400] "POST //xmlrpc.php HTTP/1.1" 200 401 "-" "Mozilla/5.0 (Windows NT 10.0; Win64; x64) AppleWebKit/537.36 (KHTML, like Gecko) Chrome/89.0.4389.114 Safari/537.36"
159.65.10.236 - - [20/Oct/2025:08:11:24 -0400] "POST //wp-login.php HTTP/1.1" 200 6641 "https://sexpositions.online//wp-login.php" "Mozilla/5.0 (Windows NT 10.0; Win64; x64) AppleWebKit/537.36 (KHTML, like Gecko) Chrome/88.0.4240.193 Safari/537.36"
159.65.10.236 - - [20/Oct/2025:08:11:24 -0400] "POST //wp-login.php HTTP/1.1" 200 6641 "https://sexpositions.online//wp-login.php" "Mozilla/5.0 (Windows NT 10.0; Win64; x64) AppleWebKit/537.36 (KHTML, like Gecko) Chrome/88.0.4240.193 Safari/537.36"
51.68.172.194 - - [20/Oct/2025:08:11:24 -0400] "POST //xmlrpc.php HTTP/1.1" 200 401 "-" "Mozilla/5.0 (Windows NT 10.0; Win64; x64) AppleWebKit/537.36 (KHTML, like Gecko) Chrome/89.0.4389.114 Safari/537.36"
159.65.10.236 - - [20/Oct/2025:08:11:25 -0400] "POST //wp-login.php HTTP/1.1" 200 6641 "https://sexpositions.online//wp-login.php" "Mozilla/5.0 (Windows NT 10.0; Win64; x64) AppleWebKit/537.36 (KHTML, like Gecko) Chrome/88.0.4240.193 Safari/537.36"
51.68.172.194 - - [20/Oct/2025:08:11:25 -0400] "POST //xmlrpc.php HTTP/1.1" 200 401 "-" "Mozilla/5.0 (Windows NT 10.0; Win64; x64) AppleWebKit/537.36 (KHTML, like Gecko) Chrome/89.0.4389.114 Safari/537.36"
159.65.10.236 - - [20/Oct/2025:08:11:25 -0400] "POST //wp-login.php HTTP/1.1" 200 6641 "https://sexpositions.online//wp-login.php" "Mozilla/5.0 (Windows NT 10.0; Win64; x64) AppleWebKit/537.36 (KHTML, like Gecko) Chrome/88.0.4240.193 Safari/537.36"
159.65.10.236 - - [20/Oct/2025:08:11:25 -0400] "POST //wp-login.php HTTP/1.1" 200 6641 "https://sexpositions.online//wp-login.php" "Mozilla/5.0 (Windows NT 10.0; Win64; x64) AppleWebKit/537.36 (KHTML, like Gecko) Chrome/88.0.4240.193 Safari/537.36"
51.68.172.194 - - [20/Oct/2025:08:11:25 -0400] "POST //xmlrpc.php HTTP/1.1" 200 401 "-" "Mozilla/5.0 (Windows NT 10.0; Win64; x64) AppleWebKit/537.36 (KHTML, like Gecko) Chrome/89.0.4389.114 Safari/537.36"
2401:4900:1b89:128:b176:3aa5:bf4b:cbcd - - [20/Oct/2025:08:11:26 -0400] "GET /wp-content/uploads/spooning-animated.gif HTTP/1.1" 304 - "https://sexpositions.online/" "Mozilla/5.0 (Linux; Android 10; K) AppleWebKit/537.36 (KHTML, like Gecko) Chrome/140.0.0.0 Mobile Safari/537.36"
159.65.10.236 - - [20/Oct/2025:08:11:26 -0400] "POST //wp-login.php HTTP/1.1" 200 6641 "https://sexpositions.online//wp-login.php" "Mozilla/5.0 (Windows NT 10.0; Win64; x64) AppleWebKit/537.36 (KHTML, like Gecko) Chrome/88.0.4240.193 Safari/537.36"
51.68.172.194 - - [20/Oct/2025:08:11:26 -0400] "POST //xmlrpc.php HTTP/1.1" 200 401 "-" "Mozilla/5.0 (Windows NT 10.0; Win64; x64) AppleWebKit/537.36 (KHTML, like Gecko) Chrome/89.0.4389.114 Safari/537.36"
159.65.10.236 - - [20/Oct/2025:08:11:26 -0400] "POST //wp-login.php HTTP/1.1" 200 6641 "https://sexpositions.online//wp-login.php" "Mozilla/5.0 (Windows NT 10.0; Win64; x64) AppleWebKit/537.36 (KHTML, like Gecko) Chrome/88.0.4240.193 Safari/537.36"
51.68.172.194 - - [20/Oct/2025:08:11:26 -0400] "POST //xmlrpc.php HTTP/1.1" 200 401 "-" "Mozilla/5.0 (Windows NT 10.0; Win64; x64) AppleWebKit/537.36 (KHTML, like Gecko) Chrome/89.0.4389.114 Safari/537.36"
159.65.10.236 - - [20/Oct/2025:08:11:26 -0400] "POST //wp-login.php HTTP/1.1" 200 6641 "https://sexpositions.online//wp-login.php" "Mozilla/5.0 (Windows NT 10.0; Win64; x64) AppleWebKit/537.36 (KHTML, like Gecko) Chrome/88.0.4240.193 Safari/537.36"
159.65.10.236 - - [20/Oct/2025:08:11:27 -0400] "POST //wp-login.php HTTP/1.1" 200 6641 "https://sexpositions.online//wp-login.php" "Mozilla/5.0 (Windows NT 10.0; Win64; x64) AppleWebKit/537.36 (KHTML, like Gecko) Chrome/88.0.4240.193 Safari/537.36"
51.68.172.194 - - [20/Oct/2025:08:11:27 -0400] "POST //xmlrpc.php HTTP/1.1" 200 403 "-" "Mozilla/5.0 (Windows NT 10.0; Win64; x64) AppleWebKit/537.36 (KHTML, like Gecko) Chrome/89.0.4389.114 Safari/537.36"
159.65.10.236 - - [20/Oct/2025:08:11:27 -0400] "POST //wp-login.php HTTP/1.1" 200 6641 "https://sexpositions.online//wp-login.php" "Mozilla/5.0 (Windows NT 10.0; Win64; x64) AppleWebKit/537.36 (KHTML, like Gecko) Chrome/88.0.4240.193 Safari/537.36"
51.68.172.194 - - [20/Oct/2025:08:11:27 -0400] "POST //xmlrpc.php HTTP/1.1" 200 401 "-" "Mozilla/5.0 (Windows NT 10.0; Win64; x64) AppleWebKit/537.36 (KHTML, like Gecko) Chrome/89.0.4389.114 Safari/537.36"
159.65.10.236 - - [20/Oct/2025:08:11:28 -0400] "POST //wp-login.php HTTP/1.1" 200 6641 "https://sexpositions.online//wp-login.php" "Mozilla/5.0 (Windows NT 10.0; Win64; x64) AppleWebKit/537.36 (KHTML, like Gecko) Chrome/88.0.4240.193 Safari/537.36"
51.68.172.194 - - [20/Oct/2025:08:11:28 -0400] "POST //xmlrpc.php HTTP/1.1" 200 403 "-" "Mozilla/5.0 (Windows NT 10.0; Win64; x64) AppleWebKit/537.36 (KHTML, like Gecko) Chrome/89.0.4389.114 Safari/537.36"
159.65.10.236 - - [20/Oct/2025:08:11:28 -0400] "POST //wp-login.php HTTP/1.1" 200 6641 "https://sexpositions.online//wp-login.php" "Mozilla/5.0 (Windows NT 10.0; Win64; x64) AppleWebKit/537.36 (KHTML, like Gecko) Chrome/88.0.4240.193 Safari/537.36"
159.65.10.236 - - [20/Oct/2025:08:11:28 -0400] "POST //wp-login.php HTTP/1.1" 200 6641 "https://sexpositions.online//wp-login.php" "Mozilla/5.0 (Windows NT 10.0; Win64; x64) AppleWebKit/537.36 (KHTML, like Gecko) Chrome/88.0.4240.193 Safari/537.36"
51.68.172.194 - - [20/Oct/2025:08:11:28 -0400] "POST //xmlrpc.php HTTP/1.1" 200 401 "-" "Mozilla/5.0 (Windows NT 10.0; Win64; x64) AppleWebKit/537.36 (KHTML, like Gecko) Chrome/89.0.4389.114 Safari/537.36"
159.65.10.236 - - [20/Oct/2025:08:11:29 -0400] "POST //wp-login.php HTTP/1.1" 200 6641 "https://sexpositions.online//wp-login.php" "Mozilla/5.0 (Windows NT 10.0; Win64; x64) AppleWebKit/537.36 (KHTML, like Gecko) Chrome/88.0.4240.193 Safari/537.36"
51.68.172.194 - - [20/Oct/2025:08:11:29 -0400] "POST //xmlrpc.php HTTP/1.1" 200 401 "-" "Mozilla/5.0 (Windows NT 10.0; Win64; x64) AppleWebKit/537.36 (KHTML, like Gecko) Chrome/89.0.4389.114 Safari/537.36"
159.65.10.236 - - [20/Oct/2025:08:11:29 -0400] "POST //wp-login.php HTTP/1.1" 200 6641 "https://sexpositions.online//wp-login.php" "Mozilla/5.0 (Windows NT 10.0; Win64; x64) AppleWebKit/537.36 (KHTML, like Gecko) Chrome/88.0.4240.193 Safari/537.36"
159.65.10.236 - - [20/Oct/2025:08:11:29 -0400] "POST //wp-login.php HTTP/1.1" 200 6641 "https://sexpositions.online//wp-login.php" "Mozilla/5.0 (Windows NT 10.0; Win64; x64) AppleWebKit/537.36 (KHTML, like Gecko) Chrome/88.0.4240.193 Safari/537.36"
51.68.172.194 - - [20/Oct/2025:08:11:29 -0400] "POST //xmlrpc.php HTTP/1.1" 200 401 "-" "Mozilla/5.0 (Windows NT 10.0; Win64; x64) AppleWebKit/537.36 (KHTML, like Gecko) Chrome/89.0.4389.114 Safari/537.36"
159.65.10.236 - - [20/Oct/2025:08:11:30 -0400] "POST //wp-login.php HTTP/1.1" 200 6641 "https://sexpositions.online//wp-login.php" "Mozilla/5.0 (Windows NT 10.0; Win64; x64) AppleWebKit/537.36 (KHTML, like Gecko) Chrome/88.0.4240.193 Safari/537.36"
51.68.172.194 - - [20/Oct/2025:08:11:30 -0400] "POST //xmlrpc.php HTTP/1.1" 200 401 "-" "Mozilla/5.0 (Windows NT 10.0; Win64; x64) AppleWebKit/537.36 (KHTML, like Gecko) Chrome/89.0.4389.114 Safari/537.36"
159.65.10.236 - - [20/Oct/2025:08:11:30 -0400] "POST //wp-login.php HTTP/1.1" 200 6641 "https://sexpositions.online//wp-login.php" "Mozilla/5.0 (Windows NT 10.0; Win64; x64) AppleWebKit/537.36 (KHTML, like Gecko) Chrome/88.0.4240.193 Safari/537.36"
51.68.172.194 - - [20/Oct/2025:08:11:30 -0400] "POST //xmlrpc.php HTTP/1.1" 200 403 "-" "Mozilla/5.0 (Windows NT 10.0; Win64; x64) AppleWebKit/537.36 (KHTML, like Gecko) Chrome/89.0.4389.114 Safari/537.36"
159.65.10.236 - - [20/Oct/2025:08:11:30 -0400] "POST //wp-login.php HTTP/1.1" 200 6641 "https://sexpositions.online//wp-login.php" "Mozilla/5.0 (Windows NT 10.0; Win64; x64) AppleWebKit/537.36 (KHTML, like Gecko) Chrome/88.0.4240.193 Safari/537.36"
159.65.10.236 - - [20/Oct/2025:08:11:31 -0400] "POST //wp-login.php HTTP/1.1" 200 6641 "https://sexpositions.online//wp-login.php" "Mozilla/5.0 (Windows NT 10.0; Win64; x64) AppleWebKit/537.36 (KHTML, like Gecko) Chrome/88.0.4240.193 Safari/537.36"
51.68.172.194 - - [20/Oct/2025:08:11:31 -0400] "POST //xmlrpc.php HTTP/1.1" 200 401 "-" "Mozilla/5.0 (Windows NT 10.0; Win64; x64) AppleWebKit/537.36 (KHTML, like Gecko) Chrome/89.0.4389.114 Safari/537.36"
159.65.10.236 - - [20/Oct/2025:08:11:31 -0400] "POST //wp-login.php HTTP/1.1" 200 6641 "https://sexpositions.online//wp-login.php" "Mozilla/5.0 (Windows NT 10.0; Win64; x64) AppleWebKit/537.36 (KHTML, like Gecko) Chrome/88.0.4240.193 Safari/537.36"
51.68.172.194 - - [20/Oct/2025:08:11:31 -0400] "POST //xmlrpc.php HTTP/1.1" 200 401 "-" "Mozilla/5.0 (Windows NT 10.0; Win64; x64) AppleWebKit/537.36 (KHTML, like Gecko) Chrome/89.0.4389.114 Safari/537.36"
159.65.10.236 - - [20/Oct/2025:08:11:32 -0400] "POST //wp-login.php HTTP/1.1" 200 6641 "https://sexpositions.online//wp-login.php" "Mozilla/5.0 (Windows NT 10.0; Win64; x64) AppleWebKit/537.36 (KHTML, like Gecko) Chrome/88.0.4240.193 Safari/537.36"
51.68.172.194 - - [20/Oct/2025:08:11:32 -0400] "POST //xmlrpc.php HTTP/1.1" 200 403 "-" "Mozilla/5.0 (Windows NT 10.0; Win64; x64) AppleWebKit/537.36 (KHTML, like Gecko) Chrome/89.0.4389.114 Safari/537.36"
159.65.10.236 - - [20/Oct/2025:08:11:32 -0400] "POST //wp-login.php HTTP/1.1" 200 6641 "https://sexpositions.online//wp-login.php" "Mozilla/5.0 (Windows NT 10.0; Win64; x64) AppleWebKit/537.36 (KHTML, like Gecko) Chrome/88.0.4240.193 Safari/537.36"
159.65.10.236 - - [20/Oct/2025:08:11:32 -0400] "POST //wp-login.php HTTP/1.1" 200 6641 "https://sexpositions.online//wp-login.php" "Mozilla/5.0 (Windows NT 10.0; Win64; x64) AppleWebKit/537.36 (KHTML, like Gecko) Chrome/88.0.4240.193 Safari/537.36"
51.68.172.194 - - [20/Oct/2025:08:11:32 -0400] "POST //xmlrpc.php HTTP/1.1" 200 401 "-" "Mozilla/5.0 (Windows NT 10.0; Win64; x64) AppleWebKit/537.36 (KHTML, like Gecko) Chrome/89.0.4389.114 Safari/537.36"
159.65.10.236 - - [20/Oct/2025:08:11:33 -0400] "POST //wp-login.php HTTP/1.1" 200 6641 "https://sexpositions.online//wp-login.php" "Mozilla/5.0 (Windows NT 10.0; Win64; x64) AppleWebKit/537.36 (KHTML, like Gecko) Chrome/88.0.4240.193 Safari/537.36"
51.68.172.194 - - [20/Oct/2025:08:11:33 -0400] "POST //xmlrpc.php HTTP/1.1" 200 401 "-" "Mozilla/5.0 (Windows NT 10.0; Win64; x64) AppleWebKit/537.36 (KHTML, like Gecko) Chrome/89.0.4389.114 Safari/537.36"
159.65.10.236 - - [20/Oct/2025:08:11:33 -0400] "POST //wp-login.php HTTP/1.1" 200 6641 "https://sexpositions.online//wp-login.php" "Mozilla/5.0 (Windows NT 10.0; Win64; x64) AppleWebKit/537.36 (KHTML, like Gecko) Chrome/88.0.4240.193 Safari/537.36"
51.68.172.194 - - [20/Oct/2025:08:11:33 -0400] "POST //xmlrpc.php HTTP/1.1" 200 401 "-" "Mozilla/5.0 (Windows NT 10.0; Win64; x64) AppleWebKit/537.36 (KHTML, like Gecko) Chrome/89.0.4389.114 Safari/537.36"
159.65.10.236 - - [20/Oct/2025:08:11:33 -0400] "POST //wp-login.php HTTP/1.1" 200 6641 "https://sexpositions.online//wp-login.php" "Mozilla/5.0 (Windows NT 10.0; Win64; x64) AppleWebKit/537.36 (KHTML, like Gecko) Chrome/88.0.4240.193 Safari/537.36"
159.65.10.236 - - [20/Oct/2025:08:11:34 -0400] "POST //wp-login.php HTTP/1.1" 200 6641 "https://sexpositions.online//wp-login.php" "Mozilla/5.0 (Windows NT 10.0; Win64; x64) AppleWebKit/537.36 (KHTML, like Gecko) Chrome/88.0.4240.193 Safari/537.36"
51.68.172.194 - - [20/Oct/2025:08:11:34 -0400] "POST //xmlrpc.php HTTP/1.1" 200 401 "-" "Mozilla/5.0 (Windows NT 10.0; Win64; x64) AppleWebKit/537.36 (KHTML, like Gecko) Chrome/89.0.4389.114 Safari/537.36"
159.65.10.236 - - [20/Oct/2025:08:11:34 -0400] "POST //wp-login.php HTTP/1.1" 200 6641 "https://sexpositions.online//wp-login.php" "Mozilla/5.0 (Windows NT 10.0; Win64; x64) AppleWebKit/537.36 (KHTML, like Gecko) Chrome/88.0.4240.193 Safari/537.36"
51.68.172.194 - - [20/Oct/2025:08:11:34 -0400] "POST //xmlrpc.php HTTP/1.1" 200 401 "-" "Mozilla/5.0 (Windows NT 10.0; Win64; x64) AppleWebKit/537.36 (KHTML, like Gecko) Chrome/89.0.4389.114 Safari/537.36"
159.65.10.236 - - [20/Oct/2025:08:11:34 -0400] "POST //wp-login.php HTTP/1.1" 200 6641 "https://sexpositions.online//wp-login.php" "Mozilla/5.0 (Windows NT 10.0; Win64; x64) AppleWebKit/537.36 (KHTML, like Gecko) Chrome/88.0.4240.193 Safari/537.36"
159.65.10.236 - - [20/Oct/2025:08:11:35 -0400] "POST //wp-login.php HTTP/1.1" 200 6641 "https://sexpositions.online//wp-login.php" "Mozilla/5.0 (Windows NT 10.0; Win64; x64) AppleWebKit/537.36 (KHTML, like Gecko) Chrome/88.0.4240.193 Safari/537.36"
51.68.172.194 - - [20/Oct/2025:08:11:35 -0400] "POST //xmlrpc.php HTTP/1.1" 200 401 "-" "Mozilla/5.0 (Windows NT 10.0; Win64; x64) AppleWebKit/537.36 (KHTML, like Gecko) Chrome/89.0.4389.114 Safari/537.36"
159.65.10.236 - - [20/Oct/2025:08:11:35 -0400] "POST //wp-login.php HTTP/1.1" 200 6641 "https://sexpositions.online//wp-login.php" "Mozilla/5.0 (Windows NT 10.0; Win64; x64) AppleWebKit/537.36 (KHTML, like Gecko) Chrome/88.0.4240.193 Safari/537.36"
51.68.172.194 - - [20/Oct/2025:08:11:35 -0400] "POST //xmlrpc.php HTTP/1.1" 200 401 "-" "Mozilla/5.0 (Windows NT 10.0; Win64; x64) AppleWebKit/537.36 (KHTML, like Gecko) Chrome/89.0.4389.114 Safari/537.36"
159.65.10.236 - - [20/Oct/2025:08:11:35 -0400] "POST //wp-login.php HTTP/1.1" 200 6641 "https://sexpositions.online//wp-login.php" "Mozilla/5.0 (Windows NT 10.0; Win64; x64) AppleWebKit/537.36 (KHTML, like Gecko) Chrome/88.0.4240.193 Safari/537.36"
159.65.10.236 - - [20/Oct/2025:08:11:36 -0400] "POST //wp-login.php HTTP/1.1" 200 6641 "https://sexpositions.online//wp-login.php" "Mozilla/5.0 (Windows NT 10.0; Win64; x64) AppleWebKit/537.36 (KHTML, like Gecko) Chrome/88.0.4240.193 Safari/537.36"
2401:4900:1b89:128:b176:3aa5:bf4b:cbcd - - [20/Oct/2025:08:11:36 -0400] "GET /wp-content/uploads/helicopter-animated.gif HTTP/1.1" 304 - "https://sexpositions.online/" "Mozilla/5.0 (Linux; Android 10; K) AppleWebKit/537.36 (KHTML, like Gecko) Chrome/140.0.0.0 Mobile Safari/537.36"
51.68.172.194 - - [20/Oct/2025:08:11:36 -0400] "POST //xmlrpc.php HTTP/1.1" 200 401 "-" "Mozilla/5.0 (Windows NT 10.0; Win64; x64) AppleWebKit/537.36 (KHTML, like Gecko) Chrome/89.0.4389.114 Safari/537.36"
159.65.10.236 - - [20/Oct/2025:08:11:36 -0400] "POST //wp-login.php HTTP/1.1" 200 6641 "https://sexpositions.online//wp-login.php" "Mozilla/5.0 (Windows NT 10.0; Win64; x64) AppleWebKit/537.36 (KHTML, like Gecko) Chrome/88.0.4240.193 Safari/537.36"
51.68.172.194 - - [20/Oct/2025:08:11:36 -0400] "POST //xmlrpc.php HTTP/1.1" 200 401 "-" "Mozilla/5.0 (Windows NT 10.0; Win64; x64) AppleWebKit/537.36 (KHTML, like Gecko) Chrome/89.0.4389.114 Safari/537.36"
159.65.10.236 - - [20/Oct/2025:08:11:36 -0400] "POST //wp-login.php HTTP/1.1" 200 6641 "https://sexpositions.online//wp-login.php" "Mozilla/5.0 (Windows NT 10.0; Win64; x64) AppleWebKit/537.36 (KHTML, like Gecko) Chrome/88.0.4240.193 Safari/537.36"
159.65.10.236 - - [20/Oct/2025:08:11:37 -0400] "POST //wp-login.php HTTP/1.1" 200 6641 "https://sexpositions.online//wp-login.php" "Mozilla/5.0 (Windows NT 10.0; Win64; x64) AppleWebKit/537.36 (KHTML, like Gecko) Chrome/88.0.4240.193 Safari/537.36"
51.68.172.194 - - [20/Oct/2025:08:11:37 -0400] "POST //xmlrpc.php HTTP/1.1" 200 401 "-" "Mozilla/5.0 (Windows NT 10.0; Win64; x64) AppleWebKit/537.36 (KHTML, like Gecko) Chrome/89.0.4389.114 Safari/537.36"
159.65.10.236 - - [20/Oct/2025:08:11:37 -0400] "POST //wp-login.php HTTP/1.1" 200 6641 "https://sexpositions.online//wp-login.php" "Mozilla/5.0 (Windows NT 10.0; Win64; x64) AppleWebKit/537.36 (KHTML, like Gecko) Chrome/88.0.4240.193 Safari/537.36"
51.68.172.194 - - [20/Oct/2025:08:11:37 -0400] "POST //xmlrpc.php HTTP/1.1" 200 401 "-" "Mozilla/5.0 (Windows NT 10.0; Win64; x64) AppleWebKit/537.36 (KHTML, like Gecko) Chrome/89.0.4389.114 Safari/537.36"
159.65.10.236 - - [20/Oct/2025:08:11:37 -0400] "POST //wp-login.php HTTP/1.1" 200 6641 "https://sexpositions.online//wp-login.php" "Mozilla/5.0 (Windows NT 10.0; Win64; x64) AppleWebKit/537.36 (KHTML, like Gecko) Chrome/88.0.4240.193 Safari/537.36"
159.65.10.236 - - [20/Oct/2025:08:11:38 -0400] "POST //wp-login.php HTTP/1.1" 200 6641 "https://sexpositions.online//wp-login.php" "Mozilla/5.0 (Windows NT 10.0; Win64; x64) AppleWebKit/537.36 (KHTML, like Gecko) Chrome/88.0.4240.193 Safari/537.36"
51.68.172.194 - - [20/Oct/2025:08:11:38 -0400] "POST //xmlrpc.php HTTP/1.1" 200 401 "-" "Mozilla/5.0 (Windows NT 10.0; Win64; x64) AppleWebKit/537.36 (KHTML, like Gecko) Chrome/89.0.4389.114 Safari/537.36"
159.65.10.236 - - [20/Oct/2025:08:11:38 -0400] "POST //wp-login.php HTTP/1.1" 200 6641 "https://sexpositions.online//wp-login.php" "Mozilla/5.0 (Windows NT 10.0; Win64; x64) AppleWebKit/537.36 (KHTML, like Gecko) Chrome/88.0.4240.193 Safari/537.36"
51.68.172.194 - - [20/Oct/2025:08:11:38 -0400] "POST //xmlrpc.php HTTP/1.1" 200 401 "-" "Mozilla/5.0 (Windows NT 10.0; Win64; x64) AppleWebKit/537.36 (KHTML, like Gecko) Chrome/89.0.4389.114 Safari/537.36"
159.65.10.236 - - [20/Oct/2025:08:11:38 -0400] "POST //wp-login.php HTTP/1.1" 200 6641 "https://sexpositions.online//wp-login.php" "Mozilla/5.0 (Windows NT 10.0; Win64; x64) AppleWebKit/537.36 (KHTML, like Gecko) Chrome/88.0.4240.193 Safari/537.36"
159.65.10.236 - - [20/Oct/2025:08:11:39 -0400] "POST //wp-login.php HTTP/1.1" 200 6641 "https://sexpositions.online//wp-login.php" "Mozilla/5.0 (Windows NT 10.0; Win64; x64) AppleWebKit/537.36 (KHTML, like Gecko) Chrome/88.0.4240.193 Safari/537.36"
51.68.172.194 - - [20/Oct/2025:08:11:39 -0400] "POST //xmlrpc.php HTTP/1.1" 200 401 "-" "Mozilla/5.0 (Windows NT 10.0; Win64; x64) AppleWebKit/537.36 (KHTML, like Gecko) Chrome/89.0.4389.114 Safari/537.36"
159.65.10.236 - - [20/Oct/2025:08:11:39 -0400] "POST //wp-login.php HTTP/1.1" 200 6641 "https://sexpositions.online//wp-login.php" "Mozilla/5.0 (Windows NT 10.0; Win64; x64) AppleWebKit/537.36 (KHTML, like Gecko) Chrome/88.0.4240.193 Safari/537.36"
51.68.172.194 - - [20/Oct/2025:08:11:39 -0400] "POST //xmlrpc.php HTTP/1.1" 200 401 "-" "Mozilla/5.0 (Windows NT 10.0; Win64; x64) AppleWebKit/537.36 (KHTML, like Gecko) Chrome/89.0.4389.114 Safari/537.36"
159.65.10.236 - - [20/Oct/2025:08:11:39 -0400] "POST //wp-login.php HTTP/1.1" 200 6641 "https://sexpositions.online//wp-login.php" "Mozilla/5.0 (Windows NT 10.0; Win64; x64) AppleWebKit/537.36 (KHTML, like Gecko) Chrome/88.0.4240.193 Safari/537.36"
159.65.10.236 - - [20/Oct/2025:08:11:40 -0400] "POST //wp-login.php HTTP/1.1" 200 6641 "https://sexpositions.online//wp-login.php" "Mozilla/5.0 (Windows NT 10.0; Win64; x64) AppleWebKit/537.36 (KHTML, like Gecko) Chrome/88.0.4240.193 Safari/537.36"
51.68.172.194 - - [20/Oct/2025:08:11:40 -0400] "POST //xmlrpc.php HTTP/1.1" 200 401 "-" "Mozilla/5.0 (Windows NT 10.0; Win64; x64) AppleWebKit/537.36 (KHTML, like Gecko) Chrome/89.0.4389.114 Safari/537.36"
159.65.10.236 - - [20/Oct/2025:08:11:40 -0400] "POST //wp-login.php HTTP/1.1" 200 6641 "https://sexpositions.online//wp-login.php" "Mozilla/5.0 (Windows NT 10.0; Win64; x64) AppleWebKit/537.36 (KHTML, like Gecko) Chrome/88.0.4240.193 Safari/537.36"
51.68.172.194 - - [20/Oct/2025:08:11:40 -0400] "POST //xmlrpc.php HTTP/1.1" 200 401 "-" "Mozilla/5.0 (Windows NT 10.0; Win64; x64) AppleWebKit/537.36 (KHTML, like Gecko) Chrome/89.0.4389.114 Safari/537.36"
159.65.10.236 - - [20/Oct/2025:08:11:40 -0400] "POST //wp-login.php HTTP/1.1" 200 6641 "https://sexpositions.online//wp-login.php" "Mozilla/5.0 (Windows NT 10.0; Win64; x64) AppleWebKit/537.36 (KHTML, like Gecko) Chrome/88.0.4240.193 Safari/537.36"
51.68.172.194 - - [20/Oct/2025:08:11:41 -0400] "POST //xmlrpc.php HTTP/1.1" 200 401 "-" "Mozilla/5.0 (Windows NT 10.0; Win64; x64) AppleWebKit/537.36 (KHTML, like Gecko) Chrome/89.0.4389.114 Safari/537.36"
159.65.10.236 - - [20/Oct/2025:08:11:41 -0400] "POST //wp-login.php HTTP/1.1" 200 6641 "https://sexpositions.online//wp-login.php" "Mozilla/5.0 (Windows NT 10.0; Win64; x64) AppleWebKit/537.36 (KHTML, like Gecko) Chrome/88.0.4240.193 Safari/537.36"
159.65.10.236 - - [20/Oct/2025:08:11:41 -0400] "POST //wp-login.php HTTP/1.1" 200 6641 "https://sexpositions.online//wp-login.php" "Mozilla/5.0 (Windows NT 10.0; Win64; x64) AppleWebKit/537.36 (KHTML, like Gecko) Chrome/88.0.4240.193 Safari/537.36"
141.94.207.90 - - [20/Oct/2025:08:11:41 -0400] "GET /anal/ HTTP/1.1" 200 107938 "https://sexpositions.online/helicopter/" "Mozilla/5.0 (iPhone; CPU iPhone OS 18_6_2 like Mac OS X) AppleWebKit/605.1.15 (KHTML, like Gecko) Version/18.6 Mobile/15E148 Safari/604.1"
51.68.172.194 - - [20/Oct/2025:08:11:41 -0400] "POST //xmlrpc.php HTTP/1.1" 200 401 "-" "Mozilla/5.0 (Windows NT 10.0; Win64; x64) AppleWebKit/537.36 (KHTML, like Gecko) Chrome/89.0.4389.114 Safari/537.36"
159.65.10.236 - - [20/Oct/2025:08:11:41 -0400] "POST //wp-login.php HTTP/1.1" 200 6641 "https://sexpositions.online//wp-login.php" "Mozilla/5.0 (Windows NT 10.0; Win64; x64) AppleWebKit/537.36 (KHTML, like Gecko) Chrome/88.0.4240.193 Safari/537.36"
159.65.10.236 - - [20/Oct/2025:08:11:42 -0400] "POST //wp-login.php HTTP/1.1" 200 6641 "https://sexpositions.online//wp-login.php" "Mozilla/5.0 (Windows NT 10.0; Win64; x64) AppleWebKit/537.36 (KHTML, like Gecko) Chrome/88.0.4240.193 Safari/537.36"
51.68.172.194 - - [20/Oct/2025:08:11:42 -0400] "POST //xmlrpc.php HTTP/1.1" 200 401 "-" "Mozilla/5.0 (Windows NT 10.0; Win64; x64) AppleWebKit/537.36 (KHTML, like Gecko) Chrome/89.0.4389.114 Safari/537.36"
159.65.10.236 - - [20/Oct/2025:08:11:42 -0400] "POST //wp-login.php HTTP/1.1" 200 6641 "https://sexpositions.online//wp-login.php" "Mozilla/5.0 (Windows NT 10.0; Win64; x64) AppleWebKit/537.36 (KHTML, like Gecko) Chrome/88.0.4240.193 Safari/537.36"
2405:8d40:440e:f39c:1870:2f02:1610:22b7 - - [20/Oct/2025:08:11:42 -0400] "GET / HTTP/1.1" 200 125069 "https://www.google.com/" "Mozilla/5.0 (Linux; Android 10; K) AppleWebKit/537.36 (KHTML, like Gecko) Chrome/141.0.0.0 Mobile Safari/537.36"
51.68.172.194 - - [20/Oct/2025:08:11:42 -0400] "POST //xmlrpc.php HTTP/1.1" 200 401 "-" "Mozilla/5.0 (Windows NT 10.0; Win64; x64) AppleWebKit/537.36 (KHTML, like Gecko) Chrome/89.0.4389.114 Safari/537.36"
159.65.10.236 - - [20/Oct/2025:08:11:42 -0400] "POST //wp-login.php HTTP/1.1" 200 6641 "https://sexpositions.online//wp-login.php" "Mozilla/5.0 (Windows NT 10.0; Win64; x64) AppleWebKit/537.36 (KHTML, like Gecko) Chrome/88.0.4240.193 Safari/537.36"
51.68.172.194 - - [20/Oct/2025:08:11:43 -0400] "POST //xmlrpc.php HTTP/1.1" 200 401 "-" "Mozilla/5.0 (Windows NT 10.0; Win64; x64) AppleWebKit/537.36 (KHTML, like Gecko) Chrome/89.0.4389.114 Safari/537.36"
159.65.10.236 - - [20/Oct/2025:08:11:43 -0400] "POST //wp-login.php HTTP/1.1" 200 6641 "https://sexpositions.online//wp-login.php" "Mozilla/5.0 (Windows NT 10.0; Win64; x64) AppleWebKit/537.36 (KHTML, like Gecko) Chrome/88.0.4240.193 Safari/537.36"
159.65.10.236 - - [20/Oct/2025:08:11:43 -0400] "POST //wp-login.php HTTP/1.1" 200 6641 "https://sexpositions.online//wp-login.php" "Mozilla/5.0 (Windows NT 10.0; Win64; x64) AppleWebKit/537.36 (KHTML, like Gecko) Chrome/88.0.4240.193 Safari/537.36"
51.68.172.194 - - [20/Oct/2025:08:11:43 -0400] "POST //xmlrpc.php HTTP/1.1" 200 401 "-" "Mozilla/5.0 (Windows NT 10.0; Win64; x64) AppleWebKit/537.36 (KHTML, like Gecko) Chrome/89.0.4389.114 Safari/537.36"
159.65.10.236 - - [20/Oct/2025:08:11:43 -0400] "POST //wp-login.php HTTP/1.1" 200 6641 "https://sexpositions.online//wp-login.php" "Mozilla/5.0 (Windows NT 10.0; Win64; x64) AppleWebKit/537.36 (KHTML, like Gecko) Chrome/88.0.4240.193 Safari/537.36"
51.68.172.194 - - [20/Oct/2025:08:11:44 -0400] "POST //xmlrpc.php HTTP/1.1" 200 401 "-" "Mozilla/5.0 (Windows NT 10.0; Win64; x64) AppleWebKit/537.36 (KHTML, like Gecko) Chrome/89.0.4389.114 Safari/537.36"
159.65.10.236 - - [20/Oct/2025:08:11:44 -0400] "POST //wp-login.php HTTP/1.1" 200 6641 "https://sexpositions.online//wp-login.php" "Mozilla/5.0 (Windows NT 10.0; Win64; x64) AppleWebKit/537.36 (KHTML, like Gecko) Chrome/88.0.4240.193 Safari/537.36"
159.65.10.236 - - [20/Oct/2025:08:11:44 -0400] "POST //wp-login.php HTTP/1.1" 200 6641 "https://sexpositions.online//wp-login.php" "Mozilla/5.0 (Windows NT 10.0; Win64; x64) AppleWebKit/537.36 (KHTML, like Gecko) Chrome/88.0.4240.193 Safari/537.36"
51.68.172.194 - - [20/Oct/2025:08:11:44 -0400] "POST //xmlrpc.php HTTP/1.1" 200 401 "-" "Mozilla/5.0 (Windows NT 10.0; Win64; x64) AppleWebKit/537.36 (KHTML, like Gecko) Chrome/89.0.4389.114 Safari/537.36"
159.65.10.236 - - [20/Oct/2025:08:11:44 -0400] "POST //wp-login.php HTTP/1.1" 200 6641 "https://sexpositions.online//wp-login.php" "Mozilla/5.0 (Windows NT 10.0; Win64; x64) AppleWebKit/537.36 (KHTML, like Gecko) Chrome/88.0.4240.193 Safari/537.36"
51.68.172.194 - - [20/Oct/2025:08:11:45 -0400] "POST //xmlrpc.php HTTP/1.1" 200 401 "-" "Mozilla/5.0 (Windows NT 10.0; Win64; x64) AppleWebKit/537.36 (KHTML, like Gecko) Chrome/89.0.4389.114 Safari/537.36"
159.65.10.236 - - [20/Oct/2025:08:11:45 -0400] "POST //wp-login.php HTTP/1.1" 200 6641 "https://sexpositions.online//wp-login.php" "Mozilla/5.0 (Windows NT 10.0; Win64; x64) AppleWebKit/537.36 (KHTML, like Gecko) Chrome/88.0.4240.193 Safari/537.36"
141.94.207.90 - - [20/Oct/2025:08:11:45 -0400] "GET /wp-content/uploads/cowboy-animated.gif HTTP/1.1" 304 - "https://sexpositions.online/anal/" "Mozilla/5.0 (iPhone; CPU iPhone OS 18_6_2 like Mac OS X) AppleWebKit/605.1.15 (KHTML, like Gecko) Version/18.6 Mobile/15E148 Safari/604.1"
159.65.10.236 - - [20/Oct/2025:08:11:45 -0400] "POST //wp-login.php HTTP/1.1" 200 6641 "https://sexpositions.online//wp-login.php" "Mozilla/5.0 (Windows NT 10.0; Win64; x64) AppleWebKit/537.36 (KHTML, like Gecko) Chrome/88.0.4240.193 Safari/537.36"
51.68.172.194 - - [20/Oct/2025:08:11:45 -0400] "POST //xmlrpc.php HTTP/1.1" 200 401 "-" "Mozilla/5.0 (Windows NT 10.0; Win64; x64) AppleWebKit/537.36 (KHTML, like Gecko) Chrome/89.0.4389.114 Safari/537.36"
159.65.10.236 - - [20/Oct/2025:08:11:46 -0400] "POST //wp-login.php HTTP/1.1" 200 6641 "https://sexpositions.online//wp-login.php" "Mozilla/5.0 (Windows NT 10.0; Win64; x64) AppleWebKit/537.36 (KHTML, like Gecko) Chrome/88.0.4240.193 Safari/537.36"
51.68.172.194 - - [20/Oct/2025:08:11:46 -0400] "POST //xmlrpc.php HTTP/1.1" 200 401 "-" "Mozilla/5.0 (Windows NT 10.0; Win64; x64) AppleWebKit/537.36 (KHTML, like Gecko) Chrome/89.0.4389.114 Safari/537.36"
159.65.10.236 - - [20/Oct/2025:08:11:46 -0400] "POST //wp-login.php HTTP/1.1" 200 6641 "https://sexpositions.online//wp-login.php" "Mozilla/5.0 (Windows NT 10.0; Win64; x64) AppleWebKit/537.36 (KHTML, like Gecko) Chrome/88.0.4240.193 Safari/537.36"
141.94.207.90 - - [20/Oct/2025:08:11:46 -0400] "GET /wp-content/uploads/sideways-animated.gif HTTP/1.1" 304 - "https://sexpositions.online/anal/" "Mozilla/5.0 (iPhone; CPU iPhone OS 18_6_2 like Mac OS X) AppleWebKit/605.1.15 (KHTML, like Gecko) Version/18.6 Mobile/15E148 Safari/604.1"
159.65.10.236 - - [20/Oct/2025:08:11:46 -0400] "POST //wp-login.php HTTP/1.1" 200 6641 "https://sexpositions.online//wp-login.php" "Mozilla/5.0 (Windows NT 10.0; Win64; x64) AppleWebKit/537.36 (KHTML, like Gecko) Chrome/88.0.4240.193 Safari/537.36"
51.68.172.194 - - [20/Oct/2025:08:11:46 -0400] "POST //xmlrpc.php HTTP/1.1" 200 401 "-" "Mozilla/5.0 (Windows NT 10.0; Win64; x64) AppleWebKit/537.36 (KHTML, like Gecko) Chrome/89.0.4389.114 Safari/537.36"
159.65.10.236 - - [20/Oct/2025:08:11:47 -0400] "POST //wp-login.php HTTP/1.1" 200 6641 "https://sexpositions.online//wp-login.php" "Mozilla/5.0 (Windows NT 10.0; Win64; x64) AppleWebKit/537.36 (KHTML, like Gecko) Chrome/88.0.4240.193 Safari/537.36"
51.68.172.194 - - [20/Oct/2025:08:11:47 -0400] "POST //xmlrpc.php HTTP/1.1" 200 401 "-" "Mozilla/5.0 (Windows NT 10.0; Win64; x64) AppleWebKit/537.36 (KHTML, like Gecko) Chrome/89.0.4389.114 Safari/537.36"
159.65.10.236 - - [20/Oct/2025:08:11:47 -0400] "POST //wp-login.php HTTP/1.1" 200 6641 "https://sexpositions.online//wp-login.php" "Mozilla/5.0 (Windows NT 10.0; Win64; x64) AppleWebKit/537.36 (KHTML, like Gecko) Chrome/88.0.4240.193 Safari/537.36"
51.68.172.194 - - [20/Oct/2025:08:11:47 -0400] "POST //xmlrpc.php HTTP/1.1" 200 401 "-" "Mozilla/5.0 (Windows NT 10.0; Win64; x64) AppleWebKit/537.36 (KHTML, like Gecko) Chrome/89.0.4389.114 Safari/537.36"
159.65.10.236 - - [20/Oct/2025:08:11:47 -0400] "POST //wp-login.php HTTP/1.1" 200 6641 "https://sexpositions.online//wp-login.php" "Mozilla/5.0 (Windows NT 10.0; Win64; x64) AppleWebKit/537.36 (KHTML, like Gecko) Chrome/88.0.4240.193 Safari/537.36"
159.65.10.236 - - [20/Oct/2025:08:11:48 -0400] "POST //wp-login.php HTTP/1.1" 200 6641 "https://sexpositions.online//wp-login.php" "Mozilla/5.0 (Windows NT 10.0; Win64; x64) AppleWebKit/537.36 (KHTML, like Gecko) Chrome/88.0.4240.193 Safari/537.36"
51.68.172.194 - - [20/Oct/2025:08:11:48 -0400] "POST //xmlrpc.php HTTP/1.1" 200 401 "-" "Mozilla/5.0 (Windows NT 10.0; Win64; x64) AppleWebKit/537.36 (KHTML, like Gecko) Chrome/89.0.4389.114 Safari/537.36"
159.65.10.236 - - [20/Oct/2025:08:11:48 -0400] "POST //wp-login.php HTTP/1.1" 200 6641 "https://sexpositions.online//wp-login.php" "Mozilla/5.0 (Windows NT 10.0; Win64; x64) AppleWebKit/537.36 (KHTML, like Gecko) Chrome/88.0.4240.193 Safari/537.36"
159.65.10.236 - - [20/Oct/2025:08:11:48 -0400] "POST //wp-login.php HTTP/1.1" 200 6641 "https://sexpositions.online//wp-login.php" "Mozilla/5.0 (Windows NT 10.0; Win64; x64) AppleWebKit/537.36 (KHTML, like Gecko) Chrome/88.0.4240.193 Safari/537.36"
51.68.172.194 - - [20/Oct/2025:08:11:48 -0400] "POST //xmlrpc.php HTTP/1.1" 200 401 "-" "Mozilla/5.0 (Windows NT 10.0; Win64; x64) AppleWebKit/537.36 (KHTML, like Gecko) Chrome/89.0.4389.114 Safari/537.36"
159.65.10.236 - - [20/Oct/2025:08:11:49 -0400] "POST //wp-login.php HTTP/1.1" 200 6641 "https://sexpositions.online//wp-login.php" "Mozilla/5.0 (Windows NT 10.0; Win64; x64) AppleWebKit/537.36 (KHTML, like Gecko) Chrome/88.0.4240.193 Safari/537.36"
51.68.172.194 - - [20/Oct/2025:08:11:49 -0400] "POST //xmlrpc.php HTTP/1.1" 200 401 "-" "Mozilla/5.0 (Windows NT 10.0; Win64; x64) AppleWebKit/537.36 (KHTML, like Gecko) Chrome/89.0.4389.114 Safari/537.36"
159.65.10.236 - - [20/Oct/2025:08:11:49 -0400] "POST //wp-login.php HTTP/1.1" 200 6641 "https://sexpositions.online//wp-login.php" "Mozilla/5.0 (Windows NT 10.0; Win64; x64) AppleWebKit/537.36 (KHTML, like Gecko) Chrome/88.0.4240.193 Safari/537.36"
51.68.172.194 - - [20/Oct/2025:08:11:49 -0400] "POST //xmlrpc.php HTTP/1.1" 200 401 "-" "Mozilla/5.0 (Windows NT 10.0; Win64; x64) AppleWebKit/537.36 (KHTML, like Gecko) Chrome/89.0.4389.114 Safari/537.36"
159.65.10.236 - - [20/Oct/2025:08:11:49 -0400] "POST //wp-login.php HTTP/1.1" 200 6641 "https://sexpositions.online//wp-login.php" "Mozilla/5.0 (Windows NT 10.0; Win64; x64) AppleWebKit/537.36 (KHTML, like Gecko) Chrome/88.0.4240.193 Safari/537.36"
159.65.10.236 - - [20/Oct/2025:08:11:50 -0400] "POST //wp-login.php HTTP/1.1" 200 6641 "https://sexpositions.online//wp-login.php" "Mozilla/5.0 (Windows NT 10.0; Win64; x64) AppleWebKit/537.36 (KHTML, like Gecko) Chrome/88.0.4240.193 Safari/537.36"
51.68.172.194 - - [20/Oct/2025:08:11:50 -0400] "POST //xmlrpc.php HTTP/1.1" 200 401 "-" "Mozilla/5.0 (Windows NT 10.0; Win64; x64) AppleWebKit/537.36 (KHTML, like Gecko) Chrome/89.0.4389.114 Safari/537.36"
159.65.10.236 - - [20/Oct/2025:08:11:50 -0400] "POST //wp-login.php HTTP/1.1" 200 6641 "https://sexpositions.online//wp-login.php" "Mozilla/5.0 (Windows NT 10.0; Win64; x64) AppleWebKit/537.36 (KHTML, like Gecko) Chrome/88.0.4240.193 Safari/537.36"
159.65.10.236 - - [20/Oct/2025:08:11:50 -0400] "POST //wp-login.php HTTP/1.1" 200 6641 "https://sexpositions.online//wp-login.php" "Mozilla/5.0 (Windows NT 10.0; Win64; x64) AppleWebKit/537.36 (KHTML, like Gecko) Chrome/88.0.4240.193 Safari/537.36"
51.68.172.194 - - [20/Oct/2025:08:11:50 -0400] "POST //xmlrpc.php HTTP/1.1" 200 401 "-" "Mozilla/5.0 (Windows NT 10.0; Win64; x64) AppleWebKit/537.36 (KHTML, like Gecko) Chrome/89.0.4389.114 Safari/537.36"
141.94.207.90 - - [20/Oct/2025:08:11:50 -0400] "GET /wp-content/uploads/the-crab-animated.gif HTTP/1.1" 304 - "https://sexpositions.online/anal/" "Mozilla/5.0 (iPhone; CPU iPhone OS 18_6_2 like Mac OS X) AppleWebKit/605.1.15 (KHTML, like Gecko) Version/18.6 Mobile/15E148 Safari/604.1"
196.190.52.93 - - [20/Oct/2025:08:11:51 -0400] "GET /wp-content/uploads/captain-animated.gif HTTP/1.1" 304 - "https://www.google.com/" "Mozilla/5.0 (Linux; Android 9.0; KD7h Build/LRX21M) AppleWebKit/537.36 (KHTML, like Gecko) Chrome/46.0.2490.76 Mobile Safari/537.36"
159.65.10.236 - - [20/Oct/2025:08:11:51 -0400] "POST //wp-login.php HTTP/1.1" 200 6641 "https://sexpositions.online//wp-login.php" "Mozilla/5.0 (Windows NT 10.0; Win64; x64) AppleWebKit/537.36 (KHTML, like Gecko) Chrome/88.0.4240.193 Safari/537.36"
51.68.172.194 - - [20/Oct/2025:08:11:51 -0400] "POST //xmlrpc.php HTTP/1.1" 200 401 "-" "Mozilla/5.0 (Windows NT 10.0; Win64; x64) AppleWebKit/537.36 (KHTML, like Gecko) Chrome/89.0.4389.114 Safari/537.36"
159.65.10.236 - - [20/Oct/2025:08:11:51 -0400] "POST //wp-login.php HTTP/1.1" 200 6641 "https://sexpositions.online//wp-login.php" "Mozilla/5.0 (Windows NT 10.0; Win64; x64) AppleWebKit/537.36 (KHTML, like Gecko) Chrome/88.0.4240.193 Safari/537.36"
103.190.204.173 - - [20/Oct/2025:08:11:51 -0400] "GET /wp-content/uploads/wall-animated.gif HTTP/1.1" 304 - "https://www.google.com/" "Mozilla/5.0 (Linux; Android 10; K) AppleWebKit/537.36 (KHTML, like Gecko) Chrome/141.0.0.0 Mobile Safari/537.36"
51.68.172.194 - - [20/Oct/2025:08:11:51 -0400] "POST //xmlrpc.php HTTP/1.1" 200 401 "-" "Mozilla/5.0 (Windows NT 10.0; Win64; x64) AppleWebKit/537.36 (KHTML, like Gecko) Chrome/89.0.4389.114 Safari/537.36"
159.65.10.236 - - [20/Oct/2025:08:11:51 -0400] "POST //wp-login.php HTTP/1.1" 200 6641 "https://sexpositions.online//wp-login.php" "Mozilla/5.0 (Windows NT 10.0; Win64; x64) AppleWebKit/537.36 (KHTML, like Gecko) Chrome/88.0.4240.193 Safari/537.36"
159.65.10.236 - - [20/Oct/2025:08:11:52 -0400] "POST //wp-login.php HTTP/1.1" 200 6641 "https://sexpositions.online//wp-login.php" "Mozilla/5.0 (Windows NT 10.0; Win64; x64) AppleWebKit/537.36 (KHTML, like Gecko) Chrome/88.0.4240.193 Safari/537.36"
51.68.172.194 - - [20/Oct/2025:08:11:52 -0400] "POST //xmlrpc.php HTTP/1.1" 200 401 "-" "Mozilla/5.0 (Windows NT 10.0; Win64; x64) AppleWebKit/537.36 (KHTML, like Gecko) Chrome/89.0.4389.114 Safari/537.36"
159.65.10.236 - - [20/Oct/2025:08:11:52 -0400] "POST //wp-login.php HTTP/1.1" 200 6641 "https://sexpositions.online//wp-login.php" "Mozilla/5.0 (Windows NT 10.0; Win64; x64) AppleWebKit/537.36 (KHTML, like Gecko) Chrome/88.0.4240.193 Safari/537.36"
51.68.172.194 - - [20/Oct/2025:08:11:52 -0400] "POST //xmlrpc.php HTTP/1.1" 200 401 "-" "Mozilla/5.0 (Windows NT 10.0; Win64; x64) AppleWebKit/537.36 (KHTML, like Gecko) Chrome/89.0.4389.114 Safari/537.36"
159.65.10.236 - - [20/Oct/2025:08:11:52 -0400] "POST //wp-login.php HTTP/1.1" 200 6641 "https://sexpositions.online//wp-login.php" "Mozilla/5.0 (Windows NT 10.0; Win64; x64) AppleWebKit/537.36 (KHTML, like Gecko) Chrome/88.0.4240.193 Safari/537.36"
159.65.10.236 - - [20/Oct/2025:08:11:53 -0400] "POST //wp-login.php HTTP/1.1" 200 6641 "https://sexpositions.online//wp-login.php" "Mozilla/5.0 (Windows NT 10.0; Win64; x64) AppleWebKit/537.36 (KHTML, like Gecko) Chrome/88.0.4240.193 Safari/537.36"
51.68.172.194 - - [20/Oct/2025:08:11:53 -0400] "POST //xmlrpc.php HTTP/1.1" 200 401 "-" "Mozilla/5.0 (Windows NT 10.0; Win64; x64) AppleWebKit/537.36 (KHTML, like Gecko) Chrome/89.0.4389.114 Safari/537.36"
159.65.10.236 - - [20/Oct/2025:08:11:53 -0400] "POST //wp-login.php HTTP/1.1" 200 6641 "https://sexpositions.online//wp-login.php" "Mozilla/5.0 (Windows NT 10.0; Win64; x64) AppleWebKit/537.36 (KHTML, like Gecko) Chrome/88.0.4240.193 Safari/537.36"
51.68.172.194 - - [20/Oct/2025:08:11:53 -0400] "POST //xmlrpc.php HTTP/1.1" 200 401 "-" "Mozilla/5.0 (Windows NT 10.0; Win64; x64) AppleWebKit/537.36 (KHTML, like Gecko) Chrome/89.0.4389.114 Safari/537.36"
159.65.10.236 - - [20/Oct/2025:08:11:53 -0400] "POST //wp-login.php HTTP/1.1" 200 6641 "https://sexpositions.online//wp-login.php" "Mozilla/5.0 (Windows NT 10.0; Win64; x64) AppleWebKit/537.36 (KHTML, like Gecko) Chrome/88.0.4240.193 Safari/537.36"
159.65.10.236 - - [20/Oct/2025:08:11:54 -0400] "POST //wp-login.php HTTP/1.1" 200 6641 "https://sexpositions.online//wp-login.php" "Mozilla/5.0 (Windows NT 10.0; Win64; x64) AppleWebKit/537.36 (KHTML, like Gecko) Chrome/88.0.4240.193 Safari/537.36"
51.68.172.194 - - [20/Oct/2025:08:11:54 -0400] "POST //xmlrpc.php HTTP/1.1" 200 401 "-" "Mozilla/5.0 (Windows NT 10.0; Win64; x64) AppleWebKit/537.36 (KHTML, like Gecko) Chrome/89.0.4389.114 Safari/537.36"
159.65.10.236 - - [20/Oct/2025:08:11:54 -0400] "POST //wp-login.php HTTP/1.1" 200 6641 "https://sexpositions.online//wp-login.php" "Mozilla/5.0 (Windows NT 10.0; Win64; x64) AppleWebKit/537.36 (KHTML, like Gecko) Chrome/88.0.4240.193 Safari/537.36"
51.68.172.194 - - [20/Oct/2025:08:11:54 -0400] "POST //xmlrpc.php HTTP/1.1" 200 401 "-" "Mozilla/5.0 (Windows NT 10.0; Win64; x64) AppleWebKit/537.36 (KHTML, like Gecko) Chrome/89.0.4389.114 Safari/537.36"
159.65.10.236 - - [20/Oct/2025:08:11:54 -0400] "POST //wp-login.php HTTP/1.1" 200 6641 "https://sexpositions.online//wp-login.php" "Mozilla/5.0 (Windows NT 10.0; Win64; x64) AppleWebKit/537.36 (KHTML, like Gecko) Chrome/88.0.4240.193 Safari/537.36"
159.65.10.236 - - [20/Oct/2025:08:11:55 -0400] "POST //wp-login.php HTTP/1.1" 200 6641 "https://sexpositions.online//wp-login.php" "Mozilla/5.0 (Windows NT 10.0; Win64; x64) AppleWebKit/537.36 (KHTML, like Gecko) Chrome/88.0.4240.193 Safari/537.36"
51.68.172.194 - - [20/Oct/2025:08:11:55 -0400] "POST //xmlrpc.php HTTP/1.1" 200 401 "-" "Mozilla/5.0 (Windows NT 10.0; Win64; x64) AppleWebKit/537.36 (KHTML, like Gecko) Chrome/89.0.4389.114 Safari/537.36"
159.65.10.236 - - [20/Oct/2025:08:11:55 -0400] "POST //wp-login.php HTTP/1.1" 200 6641 "https://sexpositions.online//wp-login.php" "Mozilla/5.0 (Windows NT 10.0; Win64; x64) AppleWebKit/537.36 (KHTML, like Gecko) Chrome/88.0.4240.193 Safari/537.36"
51.68.172.194 - - [20/Oct/2025:08:11:55 -0400] "POST //xmlrpc.php HTTP/1.1" 200 401 "-" "Mozilla/5.0 (Windows NT 10.0; Win64; x64) AppleWebKit/537.36 (KHTML, like Gecko) Chrome/89.0.4389.114 Safari/537.36"
159.65.10.236 - - [20/Oct/2025:08:11:55 -0400] "POST //wp-login.php HTTP/1.1" 200 6641 "https://sexpositions.online//wp-login.php" "Mozilla/5.0 (Windows NT 10.0; Win64; x64) AppleWebKit/537.36 (KHTML, like Gecko) Chrome/88.0.4240.193 Safari/537.36"
141.94.207.90 - - [20/Oct/2025:08:11:55 -0400] "GET /wp-content/uploads/anvil-animated.gif HTTP/1.1" 304 - "https://sexpositions.online/anal/" "Mozilla/5.0 (iPhone; CPU iPhone OS 18_6_2 like Mac OS X) AppleWebKit/605.1.15 (KHTML, like Gecko) Version/18.6 Mobile/15E148 Safari/604.1"
159.65.10.236 - - [20/Oct/2025:08:11:56 -0400] "POST //wp-login.php HTTP/1.1" 200 6641 "https://sexpositions.online//wp-login.php" "Mozilla/5.0 (Windows NT 10.0; Win64; x64) AppleWebKit/537.36 (KHTML, like Gecko) Chrome/88.0.4240.193 Safari/537.36"
51.68.172.194 - - [20/Oct/2025:08:11:56 -0400] "POST //xmlrpc.php HTTP/1.1" 200 401 "-" "Mozilla/5.0 (Windows NT 10.0; Win64; x64) AppleWebKit/537.36 (KHTML, like Gecko) Chrome/89.0.4389.114 Safari/537.36"
159.65.10.236 - - [20/Oct/2025:08:11:56 -0400] "POST //wp-login.php HTTP/1.1" 200 6641 "https://sexpositions.online//wp-login.php" "Mozilla/5.0 (Windows NT 10.0; Win64; x64) AppleWebKit/537.36 (KHTML, like Gecko) Chrome/88.0.4240.193 Safari/537.36"
51.68.172.194 - - [20/Oct/2025:08:11:56 -0400] "POST //xmlrpc.php HTTP/1.1" 200 401 "-" "Mozilla/5.0 (Windows NT 10.0; Win64; x64) AppleWebKit/537.36 (KHTML, like Gecko) Chrome/89.0.4389.114 Safari/537.36"
159.65.10.236 - - [20/Oct/2025:08:11:56 -0400] "POST //wp-login.php HTTP/1.1" 200 6641 "https://sexpositions.online//wp-login.php" "Mozilla/5.0 (Windows NT 10.0; Win64; x64) AppleWebKit/537.36 (KHTML, like Gecko) Chrome/88.0.4240.193 Safari/537.36"
51.68.172.194 - - [20/Oct/2025:08:11:57 -0400] "POST //xmlrpc.php HTTP/1.1" 200 401 "-" "Mozilla/5.0 (Windows NT 10.0; Win64; x64) AppleWebKit/537.36 (KHTML, like Gecko) Chrome/89.0.4389.114 Safari/537.36"
159.65.10.236 - - [20/Oct/2025:08:11:57 -0400] "POST //wp-login.php HTTP/1.1" 200 6641 "https://sexpositions.online//wp-login.php" "Mozilla/5.0 (Windows NT 10.0; Win64; x64) AppleWebKit/537.36 (KHTML, like Gecko) Chrome/88.0.4240.193 Safari/537.36"
159.65.10.236 - - [20/Oct/2025:08:11:57 -0400] "POST //wp-login.php HTTP/1.1" 200 6641 "https://sexpositions.online//wp-login.php" "Mozilla/5.0 (Windows NT 10.0; Win64; x64) AppleWebKit/537.36 (KHTML, like Gecko) Chrome/88.0.4240.193 Safari/537.36"
51.68.172.194 - - [20/Oct/2025:08:11:57 -0400] "POST //xmlrpc.php HTTP/1.1" 200 401 "-" "Mozilla/5.0 (Windows NT 10.0; Win64; x64) AppleWebKit/537.36 (KHTML, like Gecko) Chrome/89.0.4389.114 Safari/537.36"
159.65.10.236 - - [20/Oct/2025:08:11:57 -0400] "POST //wp-login.php HTTP/1.1" 200 6641 "https://sexpositions.online//wp-login.php" "Mozilla/5.0 (Windows NT 10.0; Win64; x64) AppleWebKit/537.36 (KHTML, like Gecko) Chrome/88.0.4240.193 Safari/537.36"
51.68.172.194 - - [20/Oct/2025:08:11:58 -0400] "POST //xmlrpc.php HTTP/1.1" 200 401 "-" "Mozilla/5.0 (Windows NT 10.0; Win64; x64) AppleWebKit/537.36 (KHTML, like Gecko) Chrome/89.0.4389.114 Safari/537.36"
159.65.10.236 - - [20/Oct/2025:08:11:58 -0400] "POST //wp-login.php HTTP/1.1" 200 6641 "https://sexpositions.online//wp-login.php" "Mozilla/5.0 (Windows NT 10.0; Win64; x64) AppleWebKit/537.36 (KHTML, like Gecko) Chrome/88.0.4240.193 Safari/537.36"
159.65.10.236 - - [20/Oct/2025:08:11:58 -0400] "POST //wp-login.php HTTP/1.1" 200 6641 "https://sexpositions.online//wp-login.php" "Mozilla/5.0 (Windows NT 10.0; Win64; x64) AppleWebKit/537.36 (KHTML, like Gecko) Chrome/88.0.4240.193 Safari/537.36"
51.68.172.194 - - [20/Oct/2025:08:11:58 -0400] "POST //xmlrpc.php HTTP/1.1" 200 401 "-" "Mozilla/5.0 (Windows NT 10.0; Win64; x64) AppleWebKit/537.36 (KHTML, like Gecko) Chrome/89.0.4389.114 Safari/537.36"
159.65.10.236 - - [20/Oct/2025:08:11:58 -0400] "POST //wp-login.php HTTP/1.1" 200 6641 "https://sexpositions.online//wp-login.php" "Mozilla/5.0 (Windows NT 10.0; Win64; x64) AppleWebKit/537.36 (KHTML, like Gecko) Chrome/88.0.4240.193 Safari/537.36"
51.68.172.194 - - [20/Oct/2025:08:11:59 -0400] "POST //xmlrpc.php HTTP/1.1" 200 401 "-" "Mozilla/5.0 (Windows NT 10.0; Win64; x64) AppleWebKit/537.36 (KHTML, like Gecko) Chrome/89.0.4389.114 Safari/537.36"
159.65.10.236 - - [20/Oct/2025:08:11:59 -0400] "POST //wp-login.php HTTP/1.1" 200 6641 "https://sexpositions.online//wp-login.php" "Mozilla/5.0 (Windows NT 10.0; Win64; x64) AppleWebKit/537.36 (KHTML, like Gecko) Chrome/88.0.4240.193 Safari/537.36"
159.65.10.236 - - [20/Oct/2025:08:11:59 -0400] "POST //wp-login.php HTTP/1.1" 200 6641 "https://sexpositions.online//wp-login.php" "Mozilla/5.0 (Windows NT 10.0; Win64; x64) AppleWebKit/537.36 (KHTML, like Gecko) Chrome/88.0.4240.193 Safari/537.36"
51.68.172.194 - - [20/Oct/2025:08:11:59 -0400] "POST //xmlrpc.php HTTP/1.1" 200 401 "-" "Mozilla/5.0 (Windows NT 10.0; Win64; x64) AppleWebKit/537.36 (KHTML, like Gecko) Chrome/89.0.4389.114 Safari/537.36"
159.65.10.236 - - [20/Oct/2025:08:11:59 -0400] "POST //wp-login.php HTTP/1.1" 200 6641 "https://sexpositions.online//wp-login.php" "Mozilla/5.0 (Windows NT 10.0; Win64; x64) AppleWebKit/537.36 (KHTML, like Gecko) Chrome/88.0.4240.193 Safari/537.36"
141.94.207.90 - - [20/Oct/2025:08:12:00 -0400] "GET /wp-content/uploads/prone-bone-animated.gif HTTP/1.1" 304 - "https://sexpositions.online/anal/" "Mozilla/5.0 (iPhone; CPU iPhone OS 18_6_2 like Mac OS X) AppleWebKit/605.1.15 (KHTML, like Gecko) Version/18.6 Mobile/15E148 Safari/604.1"
51.68.172.194 - - [20/Oct/2025:08:11:59 -0400] "POST //xmlrpc.php HTTP/1.1" 200 401 "-" "Mozilla/5.0 (Windows NT 10.0; Win64; x64) AppleWebKit/537.36 (KHTML, like Gecko) Chrome/89.0.4389.114 Safari/537.36"
159.65.10.236 - - [20/Oct/2025:08:12:00 -0400] "POST //wp-login.php HTTP/1.1" 200 6641 "https://sexpositions.online//wp-login.php" "Mozilla/5.0 (Windows NT 10.0; Win64; x64) AppleWebKit/537.36 (KHTML, like Gecko) Chrome/88.0.4240.193 Safari/537.36"
159.65.10.236 - - [20/Oct/2025:08:12:00 -0400] "POST //wp-login.php HTTP/1.1" 200 6641 "https://sexpositions.online//wp-login.php" "Mozilla/5.0 (Windows NT 10.0; Win64; x64) AppleWebKit/537.36 (KHTML, like Gecko) Chrome/88.0.4240.193 Safari/537.36"
51.68.172.194 - - [20/Oct/2025:08:12:00 -0400] "POST //xmlrpc.php HTTP/1.1" 200 401 "-" "Mozilla/5.0 (Windows NT 10.0; Win64; x64) AppleWebKit/537.36 (KHTML, like Gecko) Chrome/89.0.4389.114 Safari/537.36"
159.65.10.236 - - [20/Oct/2025:08:12:00 -0400] "POST //wp-login.php HTTP/1.1" 200 6641 "https://sexpositions.online//wp-login.php" "Mozilla/5.0 (Windows NT 10.0; Win64; x64) AppleWebKit/537.36 (KHTML, like Gecko) Chrome/88.0.4240.193 Safari/537.36"
51.68.172.194 - - [20/Oct/2025:08:12:00 -0400] "POST //xmlrpc.php HTTP/1.1" 200 401 "-" "Mozilla/5.0 (Windows NT 10.0; Win64; x64) AppleWebKit/537.36 (KHTML, like Gecko) Chrome/89.0.4389.114 Safari/537.36"
159.65.10.236 - - [20/Oct/2025:08:12:01 -0400] "POST //wp-login.php HTTP/1.1" 200 6641 "https://sexpositions.online//wp-login.php" "Mozilla/5.0 (Windows NT 10.0; Win64; x64) AppleWebKit/537.36 (KHTML, like Gecko) Chrome/88.0.4240.193 Safari/537.36"
159.65.10.236 - - [20/Oct/2025:08:12:01 -0400] "POST //wp-login.php HTTP/1.1" 200 6641 "https://sexpositions.online//wp-login.php" "Mozilla/5.0 (Windows NT 10.0; Win64; x64) AppleWebKit/537.36 (KHTML, like Gecko) Chrome/88.0.4240.193 Safari/537.36"
51.68.172.194 - - [20/Oct/2025:08:12:01 -0400] "POST //xmlrpc.php HTTP/1.1" 200 401 "-" "Mozilla/5.0 (Windows NT 10.0; Win64; x64) AppleWebKit/537.36 (KHTML, like Gecko) Chrome/89.0.4389.114 Safari/537.36"
159.65.10.236 - - [20/Oct/2025:08:12:01 -0400] "POST //wp-login.php HTTP/1.1" 200 6641 "https://sexpositions.online//wp-login.php" "Mozilla/5.0 (Windows NT 10.0; Win64; x64) AppleWebKit/537.36 (KHTML, like Gecko) Chrome/88.0.4240.193 Safari/537.36"
51.68.172.194 - - [20/Oct/2025:08:12:01 -0400] "POST //xmlrpc.php HTTP/1.1" 200 401 "-" "Mozilla/5.0 (Windows NT 10.0; Win64; x64) AppleWebKit/537.36 (KHTML, like Gecko) Chrome/89.0.4389.114 Safari/537.36"
159.65.10.236 - - [20/Oct/2025:08:12:02 -0400] "POST //wp-login.php HTTP/1.1" 200 6641 "https://sexpositions.online//wp-login.php" "Mozilla/5.0 (Windows NT 10.0; Win64; x64) AppleWebKit/537.36 (KHTML, like Gecko) Chrome/88.0.4240.193 Safari/537.36"
51.68.172.194 - - [20/Oct/2025:08:12:02 -0400] "POST //xmlrpc.php HTTP/1.1" 200 401 "-" "Mozilla/5.0 (Windows NT 10.0; Win64; x64) AppleWebKit/537.36 (KHTML, like Gecko) Chrome/89.0.4389.114 Safari/537.36"
159.65.10.236 - - [20/Oct/2025:08:12:02 -0400] "POST //wp-login.php HTTP/1.1" 200 6641 "https://sexpositions.online//wp-login.php" "Mozilla/5.0 (Windows NT 10.0; Win64; x64) AppleWebKit/537.36 (KHTML, like Gecko) Chrome/88.0.4240.193 Safari/537.36"
159.65.10.236 - - [20/Oct/2025:08:12:02 -0400] "POST //wp-login.php HTTP/1.1" 200 6641 "https://sexpositions.online//wp-login.php" "Mozilla/5.0 (Windows NT 10.0; Win64; x64) AppleWebKit/537.36 (KHTML, like Gecko) Chrome/88.0.4240.193 Safari/537.36"
51.68.172.194 - - [20/Oct/2025:08:12:02 -0400] "POST //xmlrpc.php HTTP/1.1" 200 401 "-" "Mozilla/5.0 (Windows NT 10.0; Win64; x64) AppleWebKit/537.36 (KHTML, like Gecko) Chrome/89.0.4389.114 Safari/537.36"
159.65.10.236 - - [20/Oct/2025:08:12:03 -0400] "POST //wp-login.php HTTP/1.1" 200 6641 "https://sexpositions.online//wp-login.php" "Mozilla/5.0 (Windows NT 10.0; Win64; x64) AppleWebKit/537.36 (KHTML, like Gecko) Chrome/88.0.4240.193 Safari/537.36"
51.68.172.194 - - [20/Oct/2025:08:12:03 -0400] "POST //xmlrpc.php HTTP/1.1" 200 401 "-" "Mozilla/5.0 (Windows NT 10.0; Win64; x64) AppleWebKit/537.36 (KHTML, like Gecko) Chrome/89.0.4389.114 Safari/537.36"
159.65.10.236 - - [20/Oct/2025:08:12:03 -0400] "POST //wp-login.php HTTP/1.1" 200 6641 "https://sexpositions.online//wp-login.php" "Mozilla/5.0 (Windows NT 10.0; Win64; x64) AppleWebKit/537.36 (KHTML, like Gecko) Chrome/88.0.4240.193 Safari/537.36"
159.65.10.236 - - [20/Oct/2025:08:12:03 -0400] "POST //wp-login.php HTTP/1.1" 200 6641 "https://sexpositions.online//wp-login.php" "Mozilla/5.0 (Windows NT 10.0; Win64; x64) AppleWebKit/537.36 (KHTML, like Gecko) Chrome/88.0.4240.193 Safari/537.36"
51.68.172.194 - - [20/Oct/2025:08:12:03 -0400] "POST //xmlrpc.php HTTP/1.1" 200 401 "-" "Mozilla/5.0 (Windows NT 10.0; Win64; x64) AppleWebKit/537.36 (KHTML, like Gecko) Chrome/89.0.4389.114 Safari/537.36"
159.65.10.236 - - [20/Oct/2025:08:12:04 -0400] "POST //wp-login.php HTTP/1.1" 200 6641 "https://sexpositions.online//wp-login.php" "Mozilla/5.0 (Windows NT 10.0; Win64; x64) AppleWebKit/537.36 (KHTML, like Gecko) Chrome/88.0.4240.193 Safari/537.36"
