159.65.10.236 - - [20/Oct/2025:08:20:25 -0400] "POST //wp-login.php HTTP/1.1" 200 6641 "https://sexpositions.online//wp-login.php" "Mozilla/5.0 (Windows NT 10.0; Win64; x64) AppleWebKit/537.36 (KHTML, like Gecko) Chrome/88.0.4240.193 Safari/537.36"
51.68.172.194 - - [20/Oct/2025:08:20:25 -0400] "POST //xmlrpc.php HTTP/1.1" 200 401 "-" "Mozilla/5.0 (Windows NT 10.0; Win64; x64) AppleWebKit/537.36 (KHTML, like Gecko) Chrome/89.0.4389.114 Safari/537.36"
159.65.10.236 - - [20/Oct/2025:08:20:25 -0400] "POST //wp-login.php HTTP/1.1" 200 6641 "https://sexpositions.online//wp-login.php" "Mozilla/5.0 (Windows NT 10.0; Win64; x64) AppleWebKit/537.36 (KHTML, like Gecko) Chrome/88.0.4240.193 Safari/537.36"
51.68.172.194 - - [20/Oct/2025:08:20:25 -0400] "POST //xmlrpc.php HTTP/1.1" 200 401 "-" "Mozilla/5.0 (Windows NT 10.0; Win64; x64) AppleWebKit/537.36 (KHTML, like Gecko) Chrome/89.0.4389.114 Safari/537.36"
159.65.10.236 - - [20/Oct/2025:08:20:25 -0400] "POST //wp-login.php HTTP/1.1" 200 6641 "https://sexpositions.online//wp-login.php" "Mozilla/5.0 (Windows NT 10.0; Win64; x64) AppleWebKit/537.36 (KHTML, like Gecko) Chrome/88.0.4240.193 Safari/537.36"
51.68.172.194 - - [20/Oct/2025:08:20:26 -0400] "POST //xmlrpc.php HTTP/1.1" 200 401 "-" "Mozilla/5.0 (Windows NT 10.0; Win64; x64) AppleWebKit/537.36 (KHTML, like Gecko) Chrome/89.0.4389.114 Safari/537.36"
159.65.10.236 - - [20/Oct/2025:08:20:26 -0400] "POST //wp-login.php HTTP/1.1" 200 6641 "https://sexpositions.online//wp-login.php" "Mozilla/5.0 (Windows NT 10.0; Win64; x64) AppleWebKit/537.36 (KHTML, like Gecko) Chrome/88.0.4240.193 Safari/537.36"
159.65.10.236 - - [20/Oct/2025:08:20:26 -0400] "POST //wp-login.php HTTP/1.1" 200 6641 "https://sexpositions.online//wp-login.php" "Mozilla/5.0 (Windows NT 10.0; Win64; x64) AppleWebKit/537.36 (KHTML, like Gecko) Chrome/88.0.4240.193 Safari/537.36"
51.68.172.194 - - [20/Oct/2025:08:20:26 -0400] "POST //xmlrpc.php HTTP/1.1" 200 401 "-" "Mozilla/5.0 (Windows NT 10.0; Win64; x64) AppleWebKit/537.36 (KHTML, like Gecko) Chrome/89.0.4389.114 Safari/537.36"
159.65.10.236 - - [20/Oct/2025:08:20:26 -0400] "POST //wp-login.php HTTP/1.1" 200 6641 "https://sexpositions.online//wp-login.php" "Mozilla/5.0 (Windows NT 10.0; Win64; x64) AppleWebKit/537.36 (KHTML, like Gecko) Chrome/88.0.4240.193 Safari/537.36"
51.68.172.194 - - [20/Oct/2025:08:20:27 -0400] "POST //xmlrpc.php HTTP/1.1" 200 401 "-" "Mozilla/5.0 (Windows NT 10.0; Win64; x64) AppleWebKit/537.36 (KHTML, like Gecko) Chrome/89.0.4389.114 Safari/537.36"
159.65.10.236 - - [20/Oct/2025:08:20:27 -0400] "POST //wp-login.php HTTP/1.1" 200 6641 "https://sexpositions.online//wp-login.php" "Mozilla/5.0 (Windows NT 10.0; Win64; x64) AppleWebKit/537.36 (KHTML, like Gecko) Chrome/88.0.4240.193 Safari/537.36"
51.68.172.194 - - [20/Oct/2025:08:20:27 -0400] "POST //xmlrpc.php HTTP/1.1" 200 401 "-" "Mozilla/5.0 (Windows NT 10.0; Win64; x64) AppleWebKit/537.36 (KHTML, like Gecko) Chrome/89.0.4389.114 Safari/537.36"
159.65.10.236 - - [20/Oct/2025:08:20:27 -0400] "POST //wp-login.php HTTP/1.1" 200 6641 "https://sexpositions.online//wp-login.php" "Mozilla/5.0 (Windows NT 10.0; Win64; x64) AppleWebKit/537.36 (KHTML, like Gecko) Chrome/88.0.4240.193 Safari/537.36"
159.65.10.236 - - [20/Oct/2025:08:20:28 -0400] "POST //wp-login.php HTTP/1.1" 200 6641 "https://sexpositions.online//wp-login.php" "Mozilla/5.0 (Windows NT 10.0; Win64; x64) AppleWebKit/537.36 (KHTML, like Gecko) Chrome/88.0.4240.193 Safari/537.36"
51.68.172.194 - - [20/Oct/2025:08:20:28 -0400] "POST //xmlrpc.php HTTP/1.1" 200 401 "-" "Mozilla/5.0 (Windows NT 10.0; Win64; x64) AppleWebKit/537.36 (KHTML, like Gecko) Chrome/89.0.4389.114 Safari/537.36"
159.65.10.236 - - [20/Oct/2025:08:20:28 -0400] "POST //wp-login.php HTTP/1.1" 200 6641 "https://sexpositions.online//wp-login.php" "Mozilla/5.0 (Windows NT 10.0; Win64; x64) AppleWebKit/537.36 (KHTML, like Gecko) Chrome/88.0.4240.193 Safari/537.36"
51.68.172.194 - - [20/Oct/2025:08:20:28 -0400] "POST //xmlrpc.php HTTP/1.1" 200 401 "-" "Mozilla/5.0 (Windows NT 10.0; Win64; x64) AppleWebKit/537.36 (KHTML, like Gecko) Chrome/89.0.4389.114 Safari/537.36"
159.65.10.236 - - [20/Oct/2025:08:20:28 -0400] "POST //wp-login.php HTTP/1.1" 200 6641 "https://sexpositions.online//wp-login.php" "Mozilla/5.0 (Windows NT 10.0; Win64; x64) AppleWebKit/537.36 (KHTML, like Gecko) Chrome/88.0.4240.193 Safari/537.36"
159.65.10.236 - - [20/Oct/2025:08:20:29 -0400] "POST //wp-login.php HTTP/1.1" 200 6641 "https://sexpositions.online//wp-login.php" "Mozilla/5.0 (Windows NT 10.0; Win64; x64) AppleWebKit/537.36 (KHTML, like Gecko) Chrome/88.0.4240.193 Safari/537.36"
51.68.172.194 - - [20/Oct/2025:08:20:29 -0400] "POST //xmlrpc.php HTTP/1.1" 200 401 "-" "Mozilla/5.0 (Windows NT 10.0; Win64; x64) AppleWebKit/537.36 (KHTML, like Gecko) Chrome/89.0.4389.114 Safari/537.36"
159.65.10.236 - - [20/Oct/2025:08:20:29 -0400] "POST //wp-login.php HTTP/1.1" 200 6641 "https://sexpositions.online//wp-login.php" "Mozilla/5.0 (Windows NT 10.0; Win64; x64) AppleWebKit/537.36 (KHTML, like Gecko) Chrome/88.0.4240.193 Safari/537.36"
51.68.172.194 - - [20/Oct/2025:08:20:29 -0400] "POST //xmlrpc.php HTTP/1.1" 200 401 "-" "Mozilla/5.0 (Windows NT 10.0; Win64; x64) AppleWebKit/537.36 (KHTML, like Gecko) Chrome/89.0.4389.114 Safari/537.36"
159.65.10.236 - - [20/Oct/2025:08:20:29 -0400] "POST //wp-login.php HTTP/1.1" 200 6641 "https://sexpositions.online//wp-login.php" "Mozilla/5.0 (Windows NT 10.0; Win64; x64) AppleWebKit/537.36 (KHTML, like Gecko) Chrome/88.0.4240.193 Safari/537.36"
51.68.172.194 - - [20/Oct/2025:08:20:30 -0400] "POST //xmlrpc.php HTTP/1.1" 200 401 "-" "Mozilla/5.0 (Windows NT 10.0; Win64; x64) AppleWebKit/537.36 (KHTML, like Gecko) Chrome/89.0.4389.114 Safari/537.36"
159.65.10.236 - - [20/Oct/2025:08:20:30 -0400] "POST //wp-login.php HTTP/1.1" 200 6641 "https://sexpositions.online//wp-login.php" "Mozilla/5.0 (Windows NT 10.0; Win64; x64) AppleWebKit/537.36 (KHTML, like Gecko) Chrome/88.0.4240.193 Safari/537.36"
51.68.172.194 - - [20/Oct/2025:08:20:30 -0400] "POST //xmlrpc.php HTTP/1.1" 200 401 "-" "Mozilla/5.0 (Windows NT 10.0; Win64; x64) AppleWebKit/537.36 (KHTML, like Gecko) Chrome/89.0.4389.114 Safari/537.36"
159.65.10.236 - - [20/Oct/2025:08:20:30 -0400] "POST //wp-login.php HTTP/1.1" 200 6641 "https://sexpositions.online//wp-login.php" "Mozilla/5.0 (Windows NT 10.0; Win64; x64) AppleWebKit/537.36 (KHTML, like Gecko) Chrome/88.0.4240.193 Safari/537.36"
51.68.172.194 - - [20/Oct/2025:08:20:30 -0400] "POST //xmlrpc.php HTTP/1.1" 200 401 "-" "Mozilla/5.0 (Windows NT 10.0; Win64; x64) AppleWebKit/537.36 (KHTML, like Gecko) Chrome/89.0.4389.114 Safari/537.36"
159.65.10.236 - - [20/Oct/2025:08:20:31 -0400] "POST //wp-login.php HTTP/1.1" 200 6641 "https://sexpositions.online//wp-login.php" "Mozilla/5.0 (Windows NT 10.0; Win64; x64) AppleWebKit/537.36 (KHTML, like Gecko) Chrome/88.0.4240.193 Safari/537.36"
51.68.172.194 - - [20/Oct/2025:08:20:31 -0400] "POST //xmlrpc.php HTTP/1.1" 200 401 "-" "Mozilla/5.0 (Windows NT 10.0; Win64; x64) AppleWebKit/537.36 (KHTML, like Gecko) Chrome/89.0.4389.114 Safari/537.36"
159.65.10.236 - - [20/Oct/2025:08:20:31 -0400] "POST //wp-login.php HTTP/1.1" 200 6641 "https://sexpositions.online//wp-login.php" "Mozilla/5.0 (Windows NT 10.0; Win64; x64) AppleWebKit/537.36 (KHTML, like Gecko) Chrome/88.0.4240.193 Safari/537.36"
159.65.10.236 - - [20/Oct/2025:08:20:31 -0400] "POST //wp-login.php HTTP/1.1" 200 6641 "https://sexpositions.online//wp-login.php" "Mozilla/5.0 (Windows NT 10.0; Win64; x64) AppleWebKit/537.36 (KHTML, like Gecko) Chrome/88.0.4240.193 Safari/537.36"
185.147.102.1 - - [20/Oct/2025:08:20:31 -0400] "GET /the-panorama/ HTTP/1.1" 200 98095 "https://sexpositions.online/amazon/" "Mozilla/5.0 (Linux; Android 10; K) AppleWebKit/537.36 (KHTML, like Gecko) Chrome/141.0.0.0 Mobile Safari/537.36"
51.68.172.194 - - [20/Oct/2025:08:20:31 -0400] "POST //xmlrpc.php HTTP/1.1" 200 401 "-" "Mozilla/5.0 (Windows NT 10.0; Win64; x64) AppleWebKit/537.36 (KHTML, like Gecko) Chrome/89.0.4389.114 Safari/537.36"
159.65.10.236 - - [20/Oct/2025:08:20:32 -0400] "POST //wp-login.php HTTP/1.1" 200 6641 "https://sexpositions.online//wp-login.php" "Mozilla/5.0 (Windows NT 10.0; Win64; x64) AppleWebKit/537.36 (KHTML, like Gecko) Chrome/88.0.4240.193 Safari/537.36"
51.68.172.194 - - [20/Oct/2025:08:20:32 -0400] "POST //xmlrpc.php HTTP/1.1" 200 401 "-" "Mozilla/5.0 (Windows NT 10.0; Win64; x64) AppleWebKit/537.36 (KHTML, like Gecko) Chrome/89.0.4389.114 Safari/537.36"
159.65.10.236 - - [20/Oct/2025:08:20:32 -0400] "POST //wp-login.php HTTP/1.1" 200 6641 "https://sexpositions.online//wp-login.php" "Mozilla/5.0 (Windows NT 10.0; Win64; x64) AppleWebKit/537.36 (KHTML, like Gecko) Chrome/88.0.4240.193 Safari/537.36"
159.65.10.236 - - [20/Oct/2025:08:20:32 -0400] "POST //wp-login.php HTTP/1.1" 200 6641 "https://sexpositions.online//wp-login.php" "Mozilla/5.0 (Windows NT 10.0; Win64; x64) AppleWebKit/537.36 (KHTML, like Gecko) Chrome/88.0.4240.193 Safari/537.36"
51.68.172.194 - - [20/Oct/2025:08:20:32 -0400] "POST //xmlrpc.php HTTP/1.1" 200 401 "-" "Mozilla/5.0 (Windows NT 10.0; Win64; x64) AppleWebKit/537.36 (KHTML, like Gecko) Chrome/89.0.4389.114 Safari/537.36"
159.65.10.236 - - [20/Oct/2025:08:20:33 -0400] "POST //wp-login.php HTTP/1.1" 200 6641 "https://sexpositions.online//wp-login.php" "Mozilla/5.0 (Windows NT 10.0; Win64; x64) AppleWebKit/537.36 (KHTML, like Gecko) Chrome/88.0.4240.193 Safari/537.36"
51.68.172.194 - - [20/Oct/2025:08:20:33 -0400] "POST //xmlrpc.php HTTP/1.1" 200 401 "-" "Mozilla/5.0 (Windows NT 10.0; Win64; x64) AppleWebKit/537.36 (KHTML, like Gecko) Chrome/89.0.4389.114 Safari/537.36"
159.65.10.236 - - [20/Oct/2025:08:20:33 -0400] "POST //wp-login.php HTTP/1.1" 200 6641 "https://sexpositions.online//wp-login.php" "Mozilla/5.0 (Windows NT 10.0; Win64; x64) AppleWebKit/537.36 (KHTML, like Gecko) Chrome/88.0.4240.193 Safari/537.36"
159.65.10.236 - - [20/Oct/2025:08:20:33 -0400] "POST //wp-login.php HTTP/1.1" 200 6641 "https://sexpositions.online//wp-login.php" "Mozilla/5.0 (Windows NT 10.0; Win64; x64) AppleWebKit/537.36 (KHTML, like Gecko) Chrome/88.0.4240.193 Safari/537.36"
51.68.172.194 - - [20/Oct/2025:08:20:33 -0400] "POST //xmlrpc.php HTTP/1.1" 200 401 "-" "Mozilla/5.0 (Windows NT 10.0; Win64; x64) AppleWebKit/537.36 (KHTML, like Gecko) Chrome/89.0.4389.114 Safari/537.36"
159.65.10.236 - - [20/Oct/2025:08:20:34 -0400] "POST //wp-login.php HTTP/1.1" 200 6641 "https://sexpositions.online//wp-login.php" "Mozilla/5.0 (Windows NT 10.0; Win64; x64) AppleWebKit/537.36 (KHTML, like Gecko) Chrome/88.0.4240.193 Safari/537.36"
51.68.172.194 - - [20/Oct/2025:08:20:34 -0400] "POST //xmlrpc.php HTTP/1.1" 200 401 "-" "Mozilla/5.0 (Windows NT 10.0; Win64; x64) AppleWebKit/537.36 (KHTML, like Gecko) Chrome/89.0.4389.114 Safari/537.36"
159.65.10.236 - - [20/Oct/2025:08:20:34 -0400] "POST //wp-login.php HTTP/1.1" 200 6641 "https://sexpositions.online//wp-login.php" "Mozilla/5.0 (Windows NT 10.0; Win64; x64) AppleWebKit/537.36 (KHTML, like Gecko) Chrome/88.0.4240.193 Safari/537.36"
51.68.172.194 - - [20/Oct/2025:08:20:34 -0400] "POST //xmlrpc.php HTTP/1.1" 200 401 "-" "Mozilla/5.0 (Windows NT 10.0; Win64; x64) AppleWebKit/537.36 (KHTML, like Gecko) Chrome/89.0.4389.114 Safari/537.36"
159.65.10.236 - - [20/Oct/2025:08:20:34 -0400] "POST //wp-login.php HTTP/1.1" 200 6641 "https://sexpositions.online//wp-login.php" "Mozilla/5.0 (Windows NT 10.0; Win64; x64) AppleWebKit/537.36 (KHTML, like Gecko) Chrome/88.0.4240.193 Safari/537.36"
159.65.10.236 - - [20/Oct/2025:08:20:35 -0400] "POST //wp-login.php HTTP/1.1" 200 6641 "https://sexpositions.online//wp-login.php" "Mozilla/5.0 (Windows NT 10.0; Win64; x64) AppleWebKit/537.36 (KHTML, like Gecko) Chrome/88.0.4240.193 Safari/537.36"
51.68.172.194 - - [20/Oct/2025:08:20:35 -0400] "POST //xmlrpc.php HTTP/1.1" 200 401 "-" "Mozilla/5.0 (Windows NT 10.0; Win64; x64) AppleWebKit/537.36 (KHTML, like Gecko) Chrome/89.0.4389.114 Safari/537.36"
159.65.10.236 - - [20/Oct/2025:08:20:35 -0400] "POST //wp-login.php HTTP/1.1" 200 6641 "https://sexpositions.online//wp-login.php" "Mozilla/5.0 (Windows NT 10.0; Win64; x64) AppleWebKit/537.36 (KHTML, like Gecko) Chrome/88.0.4240.193 Safari/537.36"
51.68.172.194 - - [20/Oct/2025:08:20:35 -0400] "POST //xmlrpc.php HTTP/1.1" 200 401 "-" "Mozilla/5.0 (Windows NT 10.0; Win64; x64) AppleWebKit/537.36 (KHTML, like Gecko) Chrome/89.0.4389.114 Safari/537.36"
159.65.10.236 - - [20/Oct/2025:08:20:35 -0400] "POST //wp-login.php HTTP/1.1" 200 6641 "https://sexpositions.online//wp-login.php" "Mozilla/5.0 (Windows NT 10.0; Win64; x64) AppleWebKit/537.36 (KHTML, like Gecko) Chrome/88.0.4240.193 Safari/537.36"
159.65.10.236 - - [20/Oct/2025:08:20:36 -0400] "POST //wp-login.php HTTP/1.1" 200 6641 "https://sexpositions.online//wp-login.php" "Mozilla/5.0 (Windows NT 10.0; Win64; x64) AppleWebKit/537.36 (KHTML, like Gecko) Chrome/88.0.4240.193 Safari/537.36"
51.68.172.194 - - [20/Oct/2025:08:20:36 -0400] "POST //xmlrpc.php HTTP/1.1" 200 401 "-" "Mozilla/5.0 (Windows NT 10.0; Win64; x64) AppleWebKit/537.36 (KHTML, like Gecko) Chrome/89.0.4389.114 Safari/537.36"
159.65.10.236 - - [20/Oct/2025:08:20:36 -0400] "POST //wp-login.php HTTP/1.1" 200 6641 "https://sexpositions.online//wp-login.php" "Mozilla/5.0 (Windows NT 10.0; Win64; x64) AppleWebKit/537.36 (KHTML, like Gecko) Chrome/88.0.4240.193 Safari/537.36"
51.68.172.194 - - [20/Oct/2025:08:20:36 -0400] "POST //xmlrpc.php HTTP/1.1" 200 401 "-" "Mozilla/5.0 (Windows NT 10.0; Win64; x64) AppleWebKit/537.36 (KHTML, like Gecko) Chrome/89.0.4389.114 Safari/537.36"
159.65.10.236 - - [20/Oct/2025:08:20:36 -0400] "POST //wp-login.php HTTP/1.1" 200 6641 "https://sexpositions.online//wp-login.php" "Mozilla/5.0 (Windows NT 10.0; Win64; x64) AppleWebKit/537.36 (KHTML, like Gecko) Chrome/88.0.4240.193 Safari/537.36"
2409:40f4:300e:2c60:8df8:995b:9a2:a290 - - [20/Oct/2025:08:20:37 -0400] "GET /man-on-top/ HTTP/1.1" 200 103059 "https://www.google.com/" "Mozilla/5.0 (iPhone; CPU iPhone OS 18_6_2 like Mac OS X) AppleWebKit/605.1.15 (KHTML, like Gecko) CriOS/141.0.7390.69 Mobile/15E148 Safari/604.1"
51.68.172.194 - - [20/Oct/2025:08:20:37 -0400] "POST //xmlrpc.php HTTP/1.1" 200 403 "-" "Mozilla/5.0 (Windows NT 10.0; Win64; x64) AppleWebKit/537.36 (KHTML, like Gecko) Chrome/89.0.4389.114 Safari/537.36"
159.65.10.236 - - [20/Oct/2025:08:20:37 -0400] "POST //wp-login.php HTTP/1.1" 200 6641 "https://sexpositions.online//wp-login.php" "Mozilla/5.0 (Windows NT 10.0; Win64; x64) AppleWebKit/537.36 (KHTML, like Gecko) Chrome/88.0.4240.193 Safari/537.36"
185.147.102.1 - - [20/Oct/2025:08:20:37 -0400] "GET /cowgirl/ HTTP/1.1" 200 101897 "https://sexpositions.online/" "Mozilla/5.0 (Linux; Android 10; K) AppleWebKit/537.36 (KHTML, like Gecko) Chrome/141.0.0.0 Mobile Safari/537.36"
159.65.10.236 - - [20/Oct/2025:08:20:37 -0400] "POST //wp-login.php HTTP/1.1" 200 6641 "https://sexpositions.online//wp-login.php" "Mozilla/5.0 (Windows NT 10.0; Win64; x64) AppleWebKit/537.36 (KHTML, like Gecko) Chrome/88.0.4240.193 Safari/537.36"
51.68.172.194 - - [20/Oct/2025:08:20:37 -0400] "POST //xmlrpc.php HTTP/1.1" 200 401 "-" "Mozilla/5.0 (Windows NT 10.0; Win64; x64) AppleWebKit/537.36 (KHTML, like Gecko) Chrome/89.0.4389.114 Safari/537.36"
159.65.10.236 - - [20/Oct/2025:08:20:38 -0400] "POST //wp-login.php HTTP/1.1" 200 6641 "https://sexpositions.online//wp-login.php" "Mozilla/5.0 (Windows NT 10.0; Win64; x64) AppleWebKit/537.36 (KHTML, like Gecko) Chrome/88.0.4240.193 Safari/537.36"
51.68.172.194 - - [20/Oct/2025:08:20:38 -0400] "POST //xmlrpc.php HTTP/1.1" 200 401 "-" "Mozilla/5.0 (Windows NT 10.0; Win64; x64) AppleWebKit/537.36 (KHTML, like Gecko) Chrome/89.0.4389.114 Safari/537.36"
159.65.10.236 - - [20/Oct/2025:08:20:38 -0400] "POST //wp-login.php HTTP/1.1" 200 6641 "https://sexpositions.online//wp-login.php" "Mozilla/5.0 (Windows NT 10.0; Win64; x64) AppleWebKit/537.36 (KHTML, like Gecko) Chrome/88.0.4240.193 Safari/537.36"
51.68.172.194 - - [20/Oct/2025:08:20:38 -0400] "POST //xmlrpc.php HTTP/1.1" 200 403 "-" "Mozilla/5.0 (Windows NT 10.0; Win64; x64) AppleWebKit/537.36 (KHTML, like Gecko) Chrome/89.0.4389.114 Safari/537.36"
185.147.102.1 - - [20/Oct/2025:08:20:38 -0400] "GET /wp-content/uploads/face-to-face-animated.gif HTTP/1.1" 304 - "https://sexpositions.online/cowgirl/" "Mozilla/5.0 (Linux; Android 10; K) AppleWebKit/537.36 (KHTML, like Gecko) Chrome/141.0.0.0 Mobile Safari/537.36"
159.65.10.236 - - [20/Oct/2025:08:20:38 -0400] "POST //wp-login.php HTTP/1.1" 200 6641 "https://sexpositions.online//wp-login.php" "Mozilla/5.0 (Windows NT 10.0; Win64; x64) AppleWebKit/537.36 (KHTML, like Gecko) Chrome/88.0.4240.193 Safari/537.36"
51.68.172.194 - - [20/Oct/2025:08:20:39 -0400] "POST //xmlrpc.php HTTP/1.1" 200 401 "-" "Mozilla/5.0 (Windows NT 10.0; Win64; x64) AppleWebKit/537.36 (KHTML, like Gecko) Chrome/89.0.4389.114 Safari/537.36"
185.147.102.1 - - [20/Oct/2025:08:20:38 -0400] "GET /wp-content/uploads/reverse-cowgirl-animated.gif HTTP/1.1" 200 225649 "https://sexpositions.online/cowgirl/" "Mozilla/5.0 (Linux; Android 10; K) AppleWebKit/537.36 (KHTML, like Gecko) Chrome/141.0.0.0 Mobile Safari/537.36"
159.65.10.236 - - [20/Oct/2025:08:20:39 -0400] "POST //wp-login.php HTTP/1.1" 200 6641 "https://sexpositions.online//wp-login.php" "Mozilla/5.0 (Windows NT 10.0; Win64; x64) AppleWebKit/537.36 (KHTML, like Gecko) Chrome/88.0.4240.193 Safari/537.36"
2409:40f4:300e:2c60:8df8:995b:9a2:a290 - - [20/Oct/2025:08:20:39 -0400] "GET /wp-content/uploads/butter-churner-animated.gif HTTP/1.1" 304 - "https://sexpositions.online/man-on-top/" "Mozilla/5.0 (iPhone; CPU iPhone OS 18_6_2 like Mac OS X) AppleWebKit/605.1.15 (KHTML, like Gecko) CriOS/141.0.7390.69 Mobile/15E148 Safari/604.1"
2409:40f4:300e:2c60:8df8:995b:9a2:a290 - - [20/Oct/2025:08:20:39 -0400] "GET /wp-content/uploads/spread-eagle-animated-1.gif HTTP/1.1" 304 - "https://sexpositions.online/man-on-top/" "Mozilla/5.0 (iPhone; CPU iPhone OS 18_6_2 like Mac OS X) AppleWebKit/605.1.15 (KHTML, like Gecko) CriOS/141.0.7390.69 Mobile/15E148 Safari/604.1"
159.65.10.236 - - [20/Oct/2025:08:20:39 -0400] "POST //wp-login.php HTTP/1.1" 200 6641 "https://sexpositions.online//wp-login.php" "Mozilla/5.0 (Windows NT 10.0; Win64; x64) AppleWebKit/537.36 (KHTML, like Gecko) Chrome/88.0.4240.193 Safari/537.36"
51.68.172.194 - - [20/Oct/2025:08:20:39 -0400] "POST //xmlrpc.php HTTP/1.1" 200 403 "-" "Mozilla/5.0 (Windows NT 10.0; Win64; x64) AppleWebKit/537.36 (KHTML, like Gecko) Chrome/89.0.4389.114 Safari/537.36"
159.65.10.236 - - [20/Oct/2025:08:20:39 -0400] "POST //wp-login.php HTTP/1.1" 200 6641 "https://sexpositions.online//wp-login.php" "Mozilla/5.0 (Windows NT 10.0; Win64; x64) AppleWebKit/537.36 (KHTML, like Gecko) Chrome/88.0.4240.193 Safari/537.36"
185.147.102.1 - - [20/Oct/2025:08:20:39 -0400] "GET /wp-content/uploads/the-sitting-cat-animated.gif HTTP/1.1" 200 227200 "https://sexpositions.online/cowgirl/" "Mozilla/5.0 (Linux; Android 10; K) AppleWebKit/537.36 (KHTML, like Gecko) Chrome/141.0.0.0 Mobile Safari/537.36"
51.68.172.194 - - [20/Oct/2025:08:20:40 -0400] "POST //xmlrpc.php HTTP/1.1" 200 401 "-" "Mozilla/5.0 (Windows NT 10.0; Win64; x64) AppleWebKit/537.36 (KHTML, like Gecko) Chrome/89.0.4389.114 Safari/537.36"
159.65.10.236 - - [20/Oct/2025:08:20:40 -0400] "POST //wp-login.php HTTP/1.1" 200 6641 "https://sexpositions.online//wp-login.php" "Mozilla/5.0 (Windows NT 10.0; Win64; x64) AppleWebKit/537.36 (KHTML, like Gecko) Chrome/88.0.4240.193 Safari/537.36"
51.68.172.194 - - [20/Oct/2025:08:20:40 -0400] "POST //xmlrpc.php HTTP/1.1" 200 401 "-" "Mozilla/5.0 (Windows NT 10.0; Win64; x64) AppleWebKit/537.36 (KHTML, like Gecko) Chrome/89.0.4389.114 Safari/537.36"
185.147.102.1 - - [20/Oct/2025:08:20:40 -0400] "GET /wp-content/uploads/the-wave-animated.gif HTTP/1.1" 200 200955 "https://sexpositions.online/cowgirl/" "Mozilla/5.0 (Linux; Android 10; K) AppleWebKit/537.36 (KHTML, like Gecko) Chrome/141.0.0.0 Mobile Safari/537.36"
159.65.10.236 - - [20/Oct/2025:08:20:40 -0400] "POST //wp-login.php HTTP/1.1" 200 6641 "https://sexpositions.online//wp-login.php" "Mozilla/5.0 (Windows NT 10.0; Win64; x64) AppleWebKit/537.36 (KHTML, like Gecko) Chrome/88.0.4240.193 Safari/537.36"
159.65.10.236 - - [20/Oct/2025:08:20:40 -0400] "POST //wp-login.php HTTP/1.1" 200 6641 "https://sexpositions.online//wp-login.php" "Mozilla/5.0 (Windows NT 10.0; Win64; x64) AppleWebKit/537.36 (KHTML, like Gecko) Chrome/88.0.4240.193 Safari/537.36"
51.68.172.194 - - [20/Oct/2025:08:20:40 -0400] "POST //xmlrpc.php HTTP/1.1" 200 401 "-" "Mozilla/5.0 (Windows NT 10.0; Win64; x64) AppleWebKit/537.36 (KHTML, like Gecko) Chrome/89.0.4389.114 Safari/537.36"
159.65.10.236 - - [20/Oct/2025:08:20:41 -0400] "POST //wp-login.php HTTP/1.1" 200 6641 "https://sexpositions.online//wp-login.php" "Mozilla/5.0 (Windows NT 10.0; Win64; x64) AppleWebKit/537.36 (KHTML, like Gecko) Chrome/88.0.4240.193 Safari/537.36"
51.68.172.194 - - [20/Oct/2025:08:20:41 -0400] "POST //xmlrpc.php HTTP/1.1" 200 401 "-" "Mozilla/5.0 (Windows NT 10.0; Win64; x64) AppleWebKit/537.36 (KHTML, like Gecko) Chrome/89.0.4389.114 Safari/537.36"
159.65.10.236 - - [20/Oct/2025:08:20:41 -0400] "POST //wp-login.php HTTP/1.1" 200 6641 "https://sexpositions.online//wp-login.php" "Mozilla/5.0 (Windows NT 10.0; Win64; x64) AppleWebKit/537.36 (KHTML, like Gecko) Chrome/88.0.4240.193 Safari/537.36"
51.68.172.194 - - [20/Oct/2025:08:20:41 -0400] "POST //xmlrpc.php HTTP/1.1" 200 401 "-" "Mozilla/5.0 (Windows NT 10.0; Win64; x64) AppleWebKit/537.36 (KHTML, like Gecko) Chrome/89.0.4389.114 Safari/537.36"
159.65.10.236 - - [20/Oct/2025:08:20:41 -0400] "POST //wp-login.php HTTP/1.1" 200 6641 "https://sexpositions.online//wp-login.php" "Mozilla/5.0 (Windows NT 10.0; Win64; x64) AppleWebKit/537.36 (KHTML, like Gecko) Chrome/88.0.4240.193 Safari/537.36"
2409:40f4:300e:2c60:8df8:995b:9a2:a290 - - [20/Oct/2025:08:20:42 -0400] "GET /wp-content/uploads/the-spork-animated.gif HTTP/1.1" 304 - "https://sexpositions.online/man-on-top/" "Mozilla/5.0 (iPhone; CPU iPhone OS 18_6_2 like Mac OS X) AppleWebKit/605.1.15 (KHTML, like Gecko) CriOS/141.0.7390.69 Mobile/15E148 Safari/604.1"
159.65.10.236 - - [20/Oct/2025:08:20:42 -0400] "POST //wp-login.php HTTP/1.1" 200 6641 "https://sexpositions.online//wp-login.php" "Mozilla/5.0 (Windows NT 10.0; Win64; x64) AppleWebKit/537.36 (KHTML, like Gecko) Chrome/88.0.4240.193 Safari/537.36"
51.68.172.194 - - [20/Oct/2025:08:20:42 -0400] "POST //xmlrpc.php HTTP/1.1" 200 401 "-" "Mozilla/5.0 (Windows NT 10.0; Win64; x64) AppleWebKit/537.36 (KHTML, like Gecko) Chrome/89.0.4389.114 Safari/537.36"
159.65.10.236 - - [20/Oct/2025:08:20:42 -0400] "POST //wp-login.php HTTP/1.1" 200 6641 "https://sexpositions.online//wp-login.php" "Mozilla/5.0 (Windows NT 10.0; Win64; x64) AppleWebKit/537.36 (KHTML, like Gecko) Chrome/88.0.4240.193 Safari/537.36"
185.147.102.1 - - [20/Oct/2025:08:20:42 -0400] "GET /wp-content/uploads/belly-dancer-animated.gif HTTP/1.1" 200 224619 "https://sexpositions.online/cowgirl/" "Mozilla/5.0 (Linux; Android 10; K) AppleWebKit/537.36 (KHTML, like Gecko) Chrome/141.0.0.0 Mobile Safari/537.36"
159.65.10.236 - - [20/Oct/2025:08:20:42 -0400] "POST //wp-login.php HTTP/1.1" 200 6641 "https://sexpositions.online//wp-login.php" "Mozilla/5.0 (Windows NT 10.0; Win64; x64) AppleWebKit/537.36 (KHTML, like Gecko) Chrome/88.0.4240.193 Safari/537.36"
51.68.172.194 - - [20/Oct/2025:08:20:42 -0400] "POST //xmlrpc.php HTTP/1.1" 200 401 "-" "Mozilla/5.0 (Windows NT 10.0; Win64; x64) AppleWebKit/537.36 (KHTML, like Gecko) Chrome/89.0.4389.114 Safari/537.36"
159.65.10.236 - - [20/Oct/2025:08:20:43 -0400] "POST //wp-login.php HTTP/1.1" 200 6641 "https://sexpositions.online//wp-login.php" "Mozilla/5.0 (Windows NT 10.0; Win64; x64) AppleWebKit/537.36 (KHTML, like Gecko) Chrome/88.0.4240.193 Safari/537.36"
51.68.172.194 - - [20/Oct/2025:08:20:43 -0400] "POST //xmlrpc.php HTTP/1.1" 200 401 "-" "Mozilla/5.0 (Windows NT 10.0; Win64; x64) AppleWebKit/537.36 (KHTML, like Gecko) Chrome/89.0.4389.114 Safari/537.36"
159.65.10.236 - - [20/Oct/2025:08:20:43 -0400] "POST //wp-login.php HTTP/1.1" 200 6641 "https://sexpositions.online//wp-login.php" "Mozilla/5.0 (Windows NT 10.0; Win64; x64) AppleWebKit/537.36 (KHTML, like Gecko) Chrome/88.0.4240.193 Safari/537.36"
51.68.172.194 - - [20/Oct/2025:08:20:43 -0400] "POST //xmlrpc.php HTTP/1.1" 200 401 "-" "Mozilla/5.0 (Windows NT 10.0; Win64; x64) AppleWebKit/537.36 (KHTML, like Gecko) Chrome/89.0.4389.114 Safari/537.36"
2409:40f4:300e:2c60:8df8:995b:9a2:a290 - - [20/Oct/2025:08:20:44 -0400] "GET /wp-content/uploads/over-the-edge-animated.gif HTTP/1.1" 304 - "https://sexpositions.online/man-on-top/" "Mozilla/5.0 (iPhone; CPU iPhone OS 18_6_2 like Mac OS X) AppleWebKit/605.1.15 (KHTML, like Gecko) CriOS/141.0.7390.69 Mobile/15E148 Safari/604.1"
159.65.10.236 - - [20/Oct/2025:08:20:44 -0400] "POST //wp-login.php HTTP/1.1" 200 6641 "https://sexpositions.online//wp-login.php" "Mozilla/5.0 (Windows NT 10.0; Win64; x64) AppleWebKit/537.36 (KHTML, like Gecko) Chrome/88.0.4240.193 Safari/537.36"
159.65.10.236 - - [20/Oct/2025:08:20:44 -0400] "POST //wp-login.php HTTP/1.1" 200 6641 "https://sexpositions.online//wp-login.php" "Mozilla/5.0 (Windows NT 10.0; Win64; x64) AppleWebKit/537.36 (KHTML, like Gecko) Chrome/88.0.4240.193 Safari/537.36"
51.68.172.194 - - [20/Oct/2025:08:20:44 -0400] "POST //xmlrpc.php HTTP/1.1" 200 401 "-" "Mozilla/5.0 (Windows NT 10.0; Win64; x64) AppleWebKit/537.36 (KHTML, like Gecko) Chrome/89.0.4389.114 Safari/537.36"
159.65.10.236 - - [20/Oct/2025:08:20:44 -0400] "POST //wp-login.php HTTP/1.1" 200 6641 "https://sexpositions.online//wp-login.php" "Mozilla/5.0 (Windows NT 10.0; Win64; x64) AppleWebKit/537.36 (KHTML, like Gecko) Chrome/88.0.4240.193 Safari/537.36"
2409:40f4:300e:2c60:8df8:995b:9a2:a290 - - [20/Oct/2025:08:20:44 -0400] "GET /wp-content/uploads/the-cuddler-animated.gif HTTP/1.1" 304 - "https://sexpositions.online/man-on-top/" "Mozilla/5.0 (iPhone; CPU iPhone OS 18_6_2 like Mac OS X) AppleWebKit/605.1.15 (KHTML, like Gecko) CriOS/141.0.7390.69 Mobile/15E148 Safari/604.1"
51.68.172.194 - - [20/Oct/2025:08:20:44 -0400] "POST //xmlrpc.php HTTP/1.1" 200 401 "-" "Mozilla/5.0 (Windows NT 10.0; Win64; x64) AppleWebKit/537.36 (KHTML, like Gecko) Chrome/89.0.4389.114 Safari/537.36"
159.65.10.236 - - [20/Oct/2025:08:20:45 -0400] "POST //wp-login.php HTTP/1.1" 200 6641 "https://sexpositions.online//wp-login.php" "Mozilla/5.0 (Windows NT 10.0; Win64; x64) AppleWebKit/537.36 (KHTML, like Gecko) Chrome/88.0.4240.193 Safari/537.36"
51.68.172.194 - - [20/Oct/2025:08:20:45 -0400] "POST //xmlrpc.php HTTP/1.1" 200 403 "-" "Mozilla/5.0 (Windows NT 10.0; Win64; x64) AppleWebKit/537.36 (KHTML, like Gecko) Chrome/89.0.4389.114 Safari/537.36"
159.65.10.236 - - [20/Oct/2025:08:20:45 -0400] "POST //wp-login.php HTTP/1.1" 200 6641 "https://sexpositions.online//wp-login.php" "Mozilla/5.0 (Windows NT 10.0; Win64; x64) AppleWebKit/537.36 (KHTML, like Gecko) Chrome/88.0.4240.193 Safari/537.36"
159.65.137.64 - - [20/Oct/2025:08:20:45 -0400] "GET /wp-login.php HTTP/1.1" 200 6226 "http://sexpositions.online" "Mozilla/5.0 (Windows NT 10.0; Win64; x64) AppleWebKit/537.36 (KHTML, like Gecko) Chrome/116.0.5845.96 Safari/537.36 Edg/116.0.1938.62"
159.65.10.236 - - [20/Oct/2025:08:20:45 -0400] "POST //wp-login.php HTTP/1.1" 200 6641 "https://sexpositions.online//wp-login.php" "Mozilla/5.0 (Windows NT 10.0; Win64; x64) AppleWebKit/537.36 (KHTML, like Gecko) Chrome/88.0.4240.193 Safari/537.36"
51.68.172.194 - - [20/Oct/2025:08:20:45 -0400] "POST //xmlrpc.php HTTP/1.1" 200 403 "-" "Mozilla/5.0 (Windows NT 10.0; Win64; x64) AppleWebKit/537.36 (KHTML, like Gecko) Chrome/89.0.4389.114 Safari/537.36"
159.65.10.236 - - [20/Oct/2025:08:20:46 -0400] "POST //wp-login.php HTTP/1.1" 200 6641 "https://sexpositions.online//wp-login.php" "Mozilla/5.0 (Windows NT 10.0; Win64; x64) AppleWebKit/537.36 (KHTML, like Gecko) Chrome/88.0.4240.193 Safari/537.36"
66.249.64.226 - - [20/Oct/2025:08:20:45 -0400] "GET /wp-content/uploads/all-hands-on-deck-animated.gif?ssl=1 HTTP/1.1" 200 236622 "-" "Googlebot-Image/1.0"
51.68.172.194 - - [20/Oct/2025:08:20:46 -0400] "POST //xmlrpc.php HTTP/1.1" 200 403 "-" "Mozilla/5.0 (Windows NT 10.0; Win64; x64) AppleWebKit/537.36 (KHTML, like Gecko) Chrome/89.0.4389.114 Safari/537.36"
159.65.10.236 - - [20/Oct/2025:08:20:46 -0400] "POST //wp-login.php HTTP/1.1" 200 6641 "https://sexpositions.online//wp-login.php" "Mozilla/5.0 (Windows NT 10.0; Win64; x64) AppleWebKit/537.36 (KHTML, like Gecko) Chrome/88.0.4240.193 Safari/537.36"
159.65.10.236 - - [20/Oct/2025:08:20:46 -0400] "POST //wp-login.php HTTP/1.1" 200 6641 "https://sexpositions.online//wp-login.php" "Mozilla/5.0 (Windows NT 10.0; Win64; x64) AppleWebKit/537.36 (KHTML, like Gecko) Chrome/88.0.4240.193 Safari/537.36"
51.68.172.194 - - [20/Oct/2025:08:20:46 -0400] "POST //xmlrpc.php HTTP/1.1" 200 401 "-" "Mozilla/5.0 (Windows NT 10.0; Win64; x64) AppleWebKit/537.36 (KHTML, like Gecko) Chrome/89.0.4389.114 Safari/537.36"
159.65.10.236 - - [20/Oct/2025:08:20:47 -0400] "POST //wp-login.php HTTP/1.1" 200 6641 "https://sexpositions.online//wp-login.php" "Mozilla/5.0 (Windows NT 10.0; Win64; x64) AppleWebKit/537.36 (KHTML, like Gecko) Chrome/88.0.4240.193 Safari/537.36"
51.68.172.194 - - [20/Oct/2025:08:20:47 -0400] "POST //xmlrpc.php HTTP/1.1" 200 401 "-" "Mozilla/5.0 (Windows NT 10.0; Win64; x64) AppleWebKit/537.36 (KHTML, like Gecko) Chrome/89.0.4389.114 Safari/537.36"
159.65.10.236 - - [20/Oct/2025:08:20:47 -0400] "POST //wp-login.php HTTP/1.1" 200 6641 "https://sexpositions.online//wp-login.php" "Mozilla/5.0 (Windows NT 10.0; Win64; x64) AppleWebKit/537.36 (KHTML, like Gecko) Chrome/88.0.4240.193 Safari/537.36"
51.68.172.194 - - [20/Oct/2025:08:20:47 -0400] "POST //xmlrpc.php HTTP/1.1" 200 401 "-" "Mozilla/5.0 (Windows NT 10.0; Win64; x64) AppleWebKit/537.36 (KHTML, like Gecko) Chrome/89.0.4389.114 Safari/537.36"
185.147.102.1 - - [20/Oct/2025:08:20:47 -0400] "GET /the-sitting-cat/ HTTP/1.1" 200 98098 "https://sexpositions.online/cowgirl/" "Mozilla/5.0 (Linux; Android 10; K) AppleWebKit/537.36 (KHTML, like Gecko) Chrome/141.0.0.0 Mobile Safari/537.36"
159.65.10.236 - - [20/Oct/2025:08:20:47 -0400] "POST //wp-login.php HTTP/1.1" 200 6641 "https://sexpositions.online//wp-login.php" "Mozilla/5.0 (Windows NT 10.0; Win64; x64) AppleWebKit/537.36 (KHTML, like Gecko) Chrome/88.0.4240.193 Safari/537.36"
159.65.10.236 - - [20/Oct/2025:08:20:48 -0400] "POST //wp-login.php HTTP/1.1" 200 6641 "https://sexpositions.online//wp-login.php" "Mozilla/5.0 (Windows NT 10.0; Win64; x64) AppleWebKit/537.36 (KHTML, like Gecko) Chrome/88.0.4240.193 Safari/537.36"
51.68.172.194 - - [20/Oct/2025:08:20:48 -0400] "POST //xmlrpc.php HTTP/1.1" 200 401 "-" "Mozilla/5.0 (Windows NT 10.0; Win64; x64) AppleWebKit/537.36 (KHTML, like Gecko) Chrome/89.0.4389.114 Safari/537.36"
159.65.10.236 - - [20/Oct/2025:08:20:48 -0400] "POST //wp-login.php HTTP/1.1" 200 6641 "https://sexpositions.online//wp-login.php" "Mozilla/5.0 (Windows NT 10.0; Win64; x64) AppleWebKit/537.36 (KHTML, like Gecko) Chrome/88.0.4240.193 Safari/537.36"
51.68.172.194 - - [20/Oct/2025:08:20:48 -0400] "POST //xmlrpc.php HTTP/1.1" 200 401 "-" "Mozilla/5.0 (Windows NT 10.0; Win64; x64) AppleWebKit/537.36 (KHTML, like Gecko) Chrome/89.0.4389.114 Safari/537.36"
159.65.10.236 - - [20/Oct/2025:08:20:49 -0400] "POST //wp-login.php HTTP/1.1" 200 6641 "https://sexpositions.online//wp-login.php" "Mozilla/5.0 (Windows NT 10.0; Win64; x64) AppleWebKit/537.36 (KHTML, like Gecko) Chrome/88.0.4240.193 Safari/537.36"
51.68.172.194 - - [20/Oct/2025:08:20:49 -0400] "POST //xmlrpc.php HTTP/1.1" 200 401 "-" "Mozilla/5.0 (Windows NT 10.0; Win64; x64) AppleWebKit/537.36 (KHTML, like Gecko) Chrome/89.0.4389.114 Safari/537.36"
159.65.10.236 - - [20/Oct/2025:08:20:49 -0400] "POST //wp-login.php HTTP/1.1" 200 6641 "https://sexpositions.online//wp-login.php" "Mozilla/5.0 (Windows NT 10.0; Win64; x64) AppleWebKit/537.36 (KHTML, like Gecko) Chrome/88.0.4240.193 Safari/537.36"
51.68.172.194 - - [20/Oct/2025:08:20:49 -0400] "POST //xmlrpc.php HTTP/1.1" 200 401 "-" "Mozilla/5.0 (Windows NT 10.0; Win64; x64) AppleWebKit/537.36 (KHTML, like Gecko) Chrome/89.0.4389.114 Safari/537.36"
159.65.10.236 - - [20/Oct/2025:08:20:49 -0400] "POST //wp-login.php HTTP/1.1" 200 6641 "https://sexpositions.online//wp-login.php" "Mozilla/5.0 (Windows NT 10.0; Win64; x64) AppleWebKit/537.36 (KHTML, like Gecko) Chrome/88.0.4240.193 Safari/537.36"
159.65.10.236 - - [20/Oct/2025:08:20:50 -0400] "POST //wp-login.php HTTP/1.1" 200 6641 "https://sexpositions.online//wp-login.php" "Mozilla/5.0 (Windows NT 10.0; Win64; x64) AppleWebKit/537.36 (KHTML, like Gecko) Chrome/88.0.4240.193 Safari/537.36"
51.68.172.194 - - [20/Oct/2025:08:20:50 -0400] "POST //xmlrpc.php HTTP/1.1" 200 401 "-" "Mozilla/5.0 (Windows NT 10.0; Win64; x64) AppleWebKit/537.36 (KHTML, like Gecko) Chrome/89.0.4389.114 Safari/537.36"
159.65.10.236 - - [20/Oct/2025:08:20:50 -0400] "POST //wp-login.php HTTP/1.1" 200 6641 "https://sexpositions.online//wp-login.php" "Mozilla/5.0 (Windows NT 10.0; Win64; x64) AppleWebKit/537.36 (KHTML, like Gecko) Chrome/88.0.4240.193 Safari/537.36"
51.68.172.194 - - [20/Oct/2025:08:20:50 -0400] "POST //xmlrpc.php HTTP/1.1" 200 403 "-" "Mozilla/5.0 (Windows NT 10.0; Win64; x64) AppleWebKit/537.36 (KHTML, like Gecko) Chrome/89.0.4389.114 Safari/537.36"
159.65.10.236 - - [20/Oct/2025:08:20:50 -0400] "POST //wp-login.php HTTP/1.1" 200 6641 "https://sexpositions.online//wp-login.php" "Mozilla/5.0 (Windows NT 10.0; Win64; x64) AppleWebKit/537.36 (KHTML, like Gecko) Chrome/88.0.4240.193 Safari/537.36"
51.68.172.194 - - [20/Oct/2025:08:20:51 -0400] "POST //xmlrpc.php HTTP/1.1" 200 401 "-" "Mozilla/5.0 (Windows NT 10.0; Win64; x64) AppleWebKit/537.36 (KHTML, like Gecko) Chrome/89.0.4389.114 Safari/537.36"
159.65.10.236 - - [20/Oct/2025:08:20:51 -0400] "POST //wp-login.php HTTP/1.1" 200 6641 "https://sexpositions.online//wp-login.php" "Mozilla/5.0 (Windows NT 10.0; Win64; x64) AppleWebKit/537.36 (KHTML, like Gecko) Chrome/88.0.4240.193 Safari/537.36"
159.65.10.236 - - [20/Oct/2025:08:20:51 -0400] "POST //wp-login.php HTTP/1.1" 200 6641 "https://sexpositions.online//wp-login.php" "Mozilla/5.0 (Windows NT 10.0; Win64; x64) AppleWebKit/537.36 (KHTML, like Gecko) Chrome/88.0.4240.193 Safari/537.36"
51.68.172.194 - - [20/Oct/2025:08:20:51 -0400] "POST //xmlrpc.php HTTP/1.1" 200 401 "-" "Mozilla/5.0 (Windows NT 10.0; Win64; x64) AppleWebKit/537.36 (KHTML, like Gecko) Chrome/89.0.4389.114 Safari/537.36"
159.65.10.236 - - [20/Oct/2025:08:20:51 -0400] "POST //wp-login.php HTTP/1.1" 200 6641 "https://sexpositions.online//wp-login.php" "Mozilla/5.0 (Windows NT 10.0; Win64; x64) AppleWebKit/537.36 (KHTML, like Gecko) Chrome/88.0.4240.193 Safari/537.36"
51.68.172.194 - - [20/Oct/2025:08:20:52 -0400] "POST //xmlrpc.php HTTP/1.1" 200 401 "-" "Mozilla/5.0 (Windows NT 10.0; Win64; x64) AppleWebKit/537.36 (KHTML, like Gecko) Chrome/89.0.4389.114 Safari/537.36"
159.65.10.236 - - [20/Oct/2025:08:20:52 -0400] "POST //wp-login.php HTTP/1.1" 200 6641 "https://sexpositions.online//wp-login.php" "Mozilla/5.0 (Windows NT 10.0; Win64; x64) AppleWebKit/537.36 (KHTML, like Gecko) Chrome/88.0.4240.193 Safari/537.36"
159.65.10.236 - - [20/Oct/2025:08:20:52 -0400] "POST //wp-login.php HTTP/1.1" 200 6641 "https://sexpositions.online//wp-login.php" "Mozilla/5.0 (Windows NT 10.0; Win64; x64) AppleWebKit/537.36 (KHTML, like Gecko) Chrome/88.0.4240.193 Safari/537.36"
51.68.172.194 - - [20/Oct/2025:08:20:52 -0400] "POST //xmlrpc.php HTTP/1.1" 200 401 "-" "Mozilla/5.0 (Windows NT 10.0; Win64; x64) AppleWebKit/537.36 (KHTML, like Gecko) Chrome/89.0.4389.114 Safari/537.36"
159.65.10.236 - - [20/Oct/2025:08:20:52 -0400] "POST //wp-login.php HTTP/1.1" 200 6641 "https://sexpositions.online//wp-login.php" "Mozilla/5.0 (Windows NT 10.0; Win64; x64) AppleWebKit/537.36 (KHTML, like Gecko) Chrome/88.0.4240.193 Safari/537.36"
51.68.172.194 - - [20/Oct/2025:08:20:53 -0400] "POST //xmlrpc.php HTTP/1.1" 200 401 "-" "Mozilla/5.0 (Windows NT 10.0; Win64; x64) AppleWebKit/537.36 (KHTML, like Gecko) Chrome/89.0.4389.114 Safari/537.36"
159.65.10.236 - - [20/Oct/2025:08:20:53 -0400] "POST //wp-login.php HTTP/1.1" 200 6641 "https://sexpositions.online//wp-login.php" "Mozilla/5.0 (Windows NT 10.0; Win64; x64) AppleWebKit/537.36 (KHTML, like Gecko) Chrome/88.0.4240.193 Safari/537.36"
159.65.10.236 - - [20/Oct/2025:08:20:53 -0400] "POST //wp-login.php HTTP/1.1" 200 6641 "https://sexpositions.online//wp-login.php" "Mozilla/5.0 (Windows NT 10.0; Win64; x64) AppleWebKit/537.36 (KHTML, like Gecko) Chrome/88.0.4240.193 Safari/537.36"
51.68.172.194 - - [20/Oct/2025:08:20:53 -0400] "POST //xmlrpc.php HTTP/1.1" 200 401 "-" "Mozilla/5.0 (Windows NT 10.0; Win64; x64) AppleWebKit/537.36 (KHTML, like Gecko) Chrome/89.0.4389.114 Safari/537.36"
159.65.10.236 - - [20/Oct/2025:08:20:53 -0400] "POST //wp-login.php HTTP/1.1" 200 6641 "https://sexpositions.online//wp-login.php" "Mozilla/5.0 (Windows NT 10.0; Win64; x64) AppleWebKit/537.36 (KHTML, like Gecko) Chrome/88.0.4240.193 Safari/537.36"
51.68.172.194 - - [20/Oct/2025:08:20:54 -0400] "POST //xmlrpc.php HTTP/1.1" 200 401 "-" "Mozilla/5.0 (Windows NT 10.0; Win64; x64) AppleWebKit/537.36 (KHTML, like Gecko) Chrome/89.0.4389.114 Safari/537.36"
159.65.10.236 - - [20/Oct/2025:08:20:54 -0400] "POST //wp-login.php HTTP/1.1" 200 6641 "https://sexpositions.online//wp-login.php" "Mozilla/5.0 (Windows NT 10.0; Win64; x64) AppleWebKit/537.36 (KHTML, like Gecko) Chrome/88.0.4240.193 Safari/537.36"
51.68.172.194 - - [20/Oct/2025:08:20:54 -0400] "POST //xmlrpc.php HTTP/1.1" 200 401 "-" "Mozilla/5.0 (Windows NT 10.0; Win64; x64) AppleWebKit/537.36 (KHTML, like Gecko) Chrome/89.0.4389.114 Safari/537.36"
159.65.10.236 - - [20/Oct/2025:08:20:54 -0400] "POST //wp-login.php HTTP/1.1" 200 6641 "https://sexpositions.online//wp-login.php" "Mozilla/5.0 (Windows NT 10.0; Win64; x64) AppleWebKit/537.36 (KHTML, like Gecko) Chrome/88.0.4240.193 Safari/537.36"
159.65.10.236 - - [20/Oct/2025:08:20:54 -0400] "POST //wp-login.php HTTP/1.1" 200 6641 "https://sexpositions.online//wp-login.php" "Mozilla/5.0 (Windows NT 10.0; Win64; x64) AppleWebKit/537.36 (KHTML, like Gecko) Chrome/88.0.4240.193 Safari/537.36"
51.68.172.194 - - [20/Oct/2025:08:20:55 -0400] "POST //xmlrpc.php HTTP/1.1" 200 401 "-" "Mozilla/5.0 (Windows NT 10.0; Win64; x64) AppleWebKit/537.36 (KHTML, like Gecko) Chrome/89.0.4389.114 Safari/537.36"
159.65.10.236 - - [20/Oct/2025:08:20:55 -0400] "POST //wp-login.php HTTP/1.1" 200 6641 "https://sexpositions.online//wp-login.php" "Mozilla/5.0 (Windows NT 10.0; Win64; x64) AppleWebKit/537.36 (KHTML, like Gecko) Chrome/88.0.4240.193 Safari/537.36"
185.147.102.1 - - [20/Oct/2025:08:20:55 -0400] "GET /helicopter/ HTTP/1.1" 200 99890 "https://sexpositions.online/cowgirl/" "Mozilla/5.0 (Linux; Android 10; K) AppleWebKit/537.36 (KHTML, like Gecko) Chrome/141.0.0.0 Mobile Safari/537.36"
51.68.172.194 - - [20/Oct/2025:08:20:55 -0400] "POST //xmlrpc.php HTTP/1.1" 200 401 "-" "Mozilla/5.0 (Windows NT 10.0; Win64; x64) AppleWebKit/537.36 (KHTML, like Gecko) Chrome/89.0.4389.114 Safari/537.36"
159.65.10.236 - - [20/Oct/2025:08:20:55 -0400] "POST //wp-login.php HTTP/1.1" 200 6641 "https://sexpositions.online//wp-login.php" "Mozilla/5.0 (Windows NT 10.0; Win64; x64) AppleWebKit/537.36 (KHTML, like Gecko) Chrome/88.0.4240.193 Safari/537.36"
159.65.10.236 - - [20/Oct/2025:08:20:56 -0400] "POST //wp-login.php HTTP/1.1" 200 6641 "https://sexpositions.online//wp-login.php" "Mozilla/5.0 (Windows NT 10.0; Win64; x64) AppleWebKit/537.36 (KHTML, like Gecko) Chrome/88.0.4240.193 Safari/537.36"
51.68.172.194 - - [20/Oct/2025:08:20:56 -0400] "POST //xmlrpc.php HTTP/1.1" 200 401 "-" "Mozilla/5.0 (Windows NT 10.0; Win64; x64) AppleWebKit/537.36 (KHTML, like Gecko) Chrome/89.0.4389.114 Safari/537.36"
159.65.10.236 - - [20/Oct/2025:08:20:56 -0400] "POST //wp-login.php HTTP/1.1" 200 6641 "https://sexpositions.online//wp-login.php" "Mozilla/5.0 (Windows NT 10.0; Win64; x64) AppleWebKit/537.36 (KHTML, like Gecko) Chrome/88.0.4240.193 Safari/537.36"
51.68.172.194 - - [20/Oct/2025:08:20:56 -0400] "POST //xmlrpc.php HTTP/1.1" 200 401 "-" "Mozilla/5.0 (Windows NT 10.0; Win64; x64) AppleWebKit/537.36 (KHTML, like Gecko) Chrome/89.0.4389.114 Safari/537.36"
159.65.10.236 - - [20/Oct/2025:08:20:56 -0400] "POST //wp-login.php HTTP/1.1" 200 6641 "https://sexpositions.online//wp-login.php" "Mozilla/5.0 (Windows NT 10.0; Win64; x64) AppleWebKit/537.36 (KHTML, like Gecko) Chrome/88.0.4240.193 Safari/537.36"
185.147.102.1 - - [20/Oct/2025:08:20:56 -0400] "GET /wp-content/uploads/airplane-animated.gif HTTP/1.1" 200 252773 "https://sexpositions.online/helicopter/" "Mozilla/5.0 (Linux; Android 10; K) AppleWebKit/537.36 (KHTML, like Gecko) Chrome/141.0.0.0 Mobile Safari/537.36"
185.147.102.1 - - [20/Oct/2025:08:20:56 -0400] "GET /wp-content/uploads/starfish-animated.gif HTTP/1.1" 200 216617 "https://sexpositions.online/helicopter/" "Mozilla/5.0 (Linux; Android 10; K) AppleWebKit/537.36 (KHTML, like Gecko) Chrome/141.0.0.0 Mobile Safari/537.36"
51.68.172.194 - - [20/Oct/2025:08:20:57 -0400] "POST //xmlrpc.php HTTP/1.1" 200 401 "-" "Mozilla/5.0 (Windows NT 10.0; Win64; x64) AppleWebKit/537.36 (KHTML, like Gecko) Chrome/89.0.4389.114 Safari/537.36"
159.65.10.236 - - [20/Oct/2025:08:20:57 -0400] "POST //wp-login.php HTTP/1.1" 200 6641 "https://sexpositions.online//wp-login.php" "Mozilla/5.0 (Windows NT 10.0; Win64; x64) AppleWebKit/537.36 (KHTML, like Gecko) Chrome/88.0.4240.193 Safari/537.36"
159.65.10.236 - - [20/Oct/2025:08:20:57 -0400] "POST //wp-login.php HTTP/1.1" 200 6641 "https://sexpositions.online//wp-login.php" "Mozilla/5.0 (Windows NT 10.0; Win64; x64) AppleWebKit/537.36 (KHTML, like Gecko) Chrome/88.0.4240.193 Safari/537.36"
51.68.172.194 - - [20/Oct/2025:08:20:57 -0400] "POST //xmlrpc.php HTTP/1.1" 200 401 "-" "Mozilla/5.0 (Windows NT 10.0; Win64; x64) AppleWebKit/537.36 (KHTML, like Gecko) Chrome/89.0.4389.114 Safari/537.36"
185.147.102.1 - - [20/Oct/2025:08:20:57 -0400] "GET /wp-content/uploads/the-x-factor-animated-2.gif HTTP/1.1" 200 210822 "https://sexpositions.online/helicopter/" "Mozilla/5.0 (Linux; Android 10; K) AppleWebKit/537.36 (KHTML, like Gecko) Chrome/141.0.0.0 Mobile Safari/537.36"
159.65.10.236 - - [20/Oct/2025:08:20:57 -0400] "POST //wp-login.php HTTP/1.1" 200 6641 "https://sexpositions.online//wp-login.php" "Mozilla/5.0 (Windows NT 10.0; Win64; x64) AppleWebKit/537.36 (KHTML, like Gecko) Chrome/88.0.4240.193 Safari/537.36"
51.68.172.194 - - [20/Oct/2025:08:20:58 -0400] "POST //xmlrpc.php HTTP/1.1" 200 401 "-" "Mozilla/5.0 (Windows NT 10.0; Win64; x64) AppleWebKit/537.36 (KHTML, like Gecko) Chrome/89.0.4389.114 Safari/537.36"
159.65.10.236 - - [20/Oct/2025:08:20:58 -0400] "POST //wp-login.php HTTP/1.1" 200 6641 "https://sexpositions.online//wp-login.php" "Mozilla/5.0 (Windows NT 10.0; Win64; x64) AppleWebKit/537.36 (KHTML, like Gecko) Chrome/88.0.4240.193 Safari/537.36"
2a06:98c0:3600::103 - - [20/Oct/2025:08:20:58 -0400] "GET /wp-content/uploads/ladies-first-animated.gif HTTP/1.1" 200 227169 "-" "Mozilla/5.0 (Windows NT 10.0; Win64; x64; rv:109.0) Gecko/20100101 Firefox/115.0"
159.65.10.236 - - [20/Oct/2025:08:20:58 -0400] "POST //wp-login.php HTTP/1.1" 200 6641 "https://sexpositions.online//wp-login.php" "Mozilla/5.0 (Windows NT 10.0; Win64; x64) AppleWebKit/537.36 (KHTML, like Gecko) Chrome/88.0.4240.193 Safari/537.36"
51.68.172.194 - - [20/Oct/2025:08:20:58 -0400] "POST //xmlrpc.php HTTP/1.1" 200 401 "-" "Mozilla/5.0 (Windows NT 10.0; Win64; x64) AppleWebKit/537.36 (KHTML, like Gecko) Chrome/89.0.4389.114 Safari/537.36"
159.65.10.236 - - [20/Oct/2025:08:20:58 -0400] "POST //wp-login.php HTTP/1.1" 200 6641 "https://sexpositions.online//wp-login.php" "Mozilla/5.0 (Windows NT 10.0; Win64; x64) AppleWebKit/537.36 (KHTML, like Gecko) Chrome/88.0.4240.193 Safari/537.36"
51.68.172.194 - - [20/Oct/2025:08:20:58 -0400] "POST //xmlrpc.php HTTP/1.1" 200 401 "-" "Mozilla/5.0 (Windows NT 10.0; Win64; x64) AppleWebKit/537.36 (KHTML, like Gecko) Chrome/89.0.4389.114 Safari/537.36"
159.65.10.236 - - [20/Oct/2025:08:20:59 -0400] "POST //wp-login.php HTTP/1.1" 200 6641 "https://sexpositions.online//wp-login.php" "Mozilla/5.0 (Windows NT 10.0; Win64; x64) AppleWebKit/537.36 (KHTML, like Gecko) Chrome/88.0.4240.193 Safari/537.36"
159.65.10.236 - - [20/Oct/2025:08:20:59 -0400] "POST //wp-login.php HTTP/1.1" 200 6641 "https://sexpositions.online//wp-login.php" "Mozilla/5.0 (Windows NT 10.0; Win64; x64) AppleWebKit/537.36 (KHTML, like Gecko) Chrome/88.0.4240.193 Safari/537.36"
51.68.172.194 - - [20/Oct/2025:08:20:59 -0400] "POST //xmlrpc.php HTTP/1.1" 200 401 "-" "Mozilla/5.0 (Windows NT 10.0; Win64; x64) AppleWebKit/537.36 (KHTML, like Gecko) Chrome/89.0.4389.114 Safari/537.36"
159.65.10.236 - - [20/Oct/2025:08:20:59 -0400] "POST //wp-login.php HTTP/1.1" 200 6641 "https://sexpositions.online//wp-login.php" "Mozilla/5.0 (Windows NT 10.0; Win64; x64) AppleWebKit/537.36 (KHTML, like Gecko) Chrome/88.0.4240.193 Safari/537.36"
51.68.172.194 - - [20/Oct/2025:08:20:59 -0400] "POST //xmlrpc.php HTTP/1.1" 200 401 "-" "Mozilla/5.0 (Windows NT 10.0; Win64; x64) AppleWebKit/537.36 (KHTML, like Gecko) Chrome/89.0.4389.114 Safari/537.36"
159.65.10.236 - - [20/Oct/2025:08:21:00 -0400] "POST //wp-login.php HTTP/1.1" 200 6641 "https://sexpositions.online//wp-login.php" "Mozilla/5.0 (Windows NT 10.0; Win64; x64) AppleWebKit/537.36 (KHTML, like Gecko) Chrome/88.0.4240.193 Safari/537.36"
51.68.172.194 - - [20/Oct/2025:08:21:00 -0400] "POST //xmlrpc.php HTTP/1.1" 200 403 "-" "Mozilla/5.0 (Windows NT 10.0; Win64; x64) AppleWebKit/537.36 (KHTML, like Gecko) Chrome/89.0.4389.114 Safari/537.36"
159.65.10.236 - - [20/Oct/2025:08:21:00 -0400] "POST //wp-login.php HTTP/1.1" 200 6641 "https://sexpositions.online//wp-login.php" "Mozilla/5.0 (Windows NT 10.0; Win64; x64) AppleWebKit/537.36 (KHTML, like Gecko) Chrome/88.0.4240.193 Safari/537.36"
159.65.10.236 - - [20/Oct/2025:08:21:00 -0400] "POST //wp-login.php HTTP/1.1" 200 6641 "https://sexpositions.online//wp-login.php" "Mozilla/5.0 (Windows NT 10.0; Win64; x64) AppleWebKit/537.36 (KHTML, like Gecko) Chrome/88.0.4240.193 Safari/537.36"
51.68.172.194 - - [20/Oct/2025:08:21:00 -0400] "POST //xmlrpc.php HTTP/1.1" 200 401 "-" "Mozilla/5.0 (Windows NT 10.0; Win64; x64) AppleWebKit/537.36 (KHTML, like Gecko) Chrome/89.0.4389.114 Safari/537.36"
159.65.10.236 - - [20/Oct/2025:08:21:01 -0400] "POST //wp-login.php HTTP/1.1" 200 6641 "https://sexpositions.online//wp-login.php" "Mozilla/5.0 (Windows NT 10.0; Win64; x64) AppleWebKit/537.36 (KHTML, like Gecko) Chrome/88.0.4240.193 Safari/537.36"
51.68.172.194 - - [20/Oct/2025:08:21:01 -0400] "POST //xmlrpc.php HTTP/1.1" 200 401 "-" "Mozilla/5.0 (Windows NT 10.0; Win64; x64) AppleWebKit/537.36 (KHTML, like Gecko) Chrome/89.0.4389.114 Safari/537.36"
159.65.10.236 - - [20/Oct/2025:08:21:01 -0400] "POST //wp-login.php HTTP/1.1" 200 6641 "https://sexpositions.online//wp-login.php" "Mozilla/5.0 (Windows NT 10.0; Win64; x64) AppleWebKit/537.36 (KHTML, like Gecko) Chrome/88.0.4240.193 Safari/537.36"
51.68.172.194 - - [20/Oct/2025:08:21:01 -0400] "POST //xmlrpc.php HTTP/1.1" 200 401 "-" "Mozilla/5.0 (Windows NT 10.0; Win64; x64) AppleWebKit/537.36 (KHTML, like Gecko) Chrome/89.0.4389.114 Safari/537.36"
159.65.10.236 - - [20/Oct/2025:08:21:02 -0400] "POST //wp-login.php HTTP/1.1" 200 6641 "https://sexpositions.online//wp-login.php" "Mozilla/5.0 (Windows NT 10.0; Win64; x64) AppleWebKit/537.36 (KHTML, like Gecko) Chrome/88.0.4240.193 Safari/537.36"
159.65.10.236 - - [20/Oct/2025:08:21:02 -0400] "POST //wp-login.php HTTP/1.1" 200 6641 "https://sexpositions.online//wp-login.php" "Mozilla/5.0 (Windows NT 10.0; Win64; x64) AppleWebKit/537.36 (KHTML, like Gecko) Chrome/88.0.4240.193 Safari/537.36"
51.68.172.194 - - [20/Oct/2025:08:21:02 -0400] "POST //xmlrpc.php HTTP/1.1" 200 401 "-" "Mozilla/5.0 (Windows NT 10.0; Win64; x64) AppleWebKit/537.36 (KHTML, like Gecko) Chrome/89.0.4389.114 Safari/537.36"
159.65.10.236 - - [20/Oct/2025:08:21:02 -0400] "POST //wp-login.php HTTP/1.1" 200 6641 "https://sexpositions.online//wp-login.php" "Mozilla/5.0 (Windows NT 10.0; Win64; x64) AppleWebKit/537.36 (KHTML, like Gecko) Chrome/88.0.4240.193 Safari/537.36"
51.68.172.194 - - [20/Oct/2025:08:21:02 -0400] "POST //xmlrpc.php HTTP/1.1" 200 401 "-" "Mozilla/5.0 (Windows NT 10.0; Win64; x64) AppleWebKit/537.36 (KHTML, like Gecko) Chrome/89.0.4389.114 Safari/537.36"
159.65.10.236 - - [20/Oct/2025:08:21:03 -0400] "POST //wp-login.php HTTP/1.1" 200 6641 "https://sexpositions.online//wp-login.php" "Mozilla/5.0 (Windows NT 10.0; Win64; x64) AppleWebKit/537.36 (KHTML, like Gecko) Chrome/88.0.4240.193 Safari/537.36"
185.147.102.1 - - [20/Oct/2025:08:21:03 -0400] "GET /cowgirl/ HTTP/1.1" 200 101897 "https://sexpositions.online/helicopter/" "Mozilla/5.0 (Linux; Android 10; K) AppleWebKit/537.36 (KHTML, like Gecko) Chrome/141.0.0.0 Mobile Safari/537.36"
51.68.172.194 - - [20/Oct/2025:08:21:03 -0400] "POST //xmlrpc.php HTTP/1.1" 200 401 "-" "Mozilla/5.0 (Windows NT 10.0; Win64; x64) AppleWebKit/537.36 (KHTML, like Gecko) Chrome/89.0.4389.114 Safari/537.36"
159.65.10.236 - - [20/Oct/2025:08:21:03 -0400] "POST //wp-login.php HTTP/1.1" 200 6641 "https://sexpositions.online//wp-login.php" "Mozilla/5.0 (Windows NT 10.0; Win64; x64) AppleWebKit/537.36 (KHTML, like Gecko) Chrome/88.0.4240.193 Safari/537.36"
159.65.10.236 - - [20/Oct/2025:08:21:03 -0400] "POST //wp-login.php HTTP/1.1" 200 6641 "https://sexpositions.online//wp-login.php" "Mozilla/5.0 (Windows NT 10.0; Win64; x64) AppleWebKit/537.36 (KHTML, like Gecko) Chrome/88.0.4240.193 Safari/537.36"
51.68.172.194 - - [20/Oct/2025:08:21:03 -0400] "POST //xmlrpc.php HTTP/1.1" 200 401 "-" "Mozilla/5.0 (Windows NT 10.0; Win64; x64) AppleWebKit/537.36 (KHTML, like Gecko) Chrome/89.0.4389.114 Safari/537.36"
