216.73.216.54 - - [20/Oct/2025:13:45:09 -0400] "GET /goods/1643447830.shtml HTTP/1.1" 404 134462 "-" "Mozilla/5.0 AppleWebKit/537.36 (KHTML, like Gecko; compatible; ClaudeBot/1.0; [email protected])"
216.73.216.54 - - [20/Oct/2025:13:45:12 -0400] "GET /goods/1460827970.shtml HTTP/1.1" 404 134462 "-" "Mozilla/5.0 AppleWebKit/537.36 (KHTML, like Gecko; compatible; ClaudeBot/1.0; [email protected])"
216.73.216.54 - - [20/Oct/2025:13:45:15 -0400] "GET /goods/1643470704.shtml HTTP/1.1" 404 134462 "-" "Mozilla/5.0 AppleWebKit/537.36 (KHTML, like Gecko; compatible; ClaudeBot/1.0; [email protected])"
216.73.216.54 - - [20/Oct/2025:13:45:18 -0400] "GET /goods/1643747486.shtml HTTP/1.1" 404 134462 "-" "Mozilla/5.0 AppleWebKit/537.36 (KHTML, like Gecko; compatible; ClaudeBot/1.0; [email protected])"
216.73.216.54 - - [20/Oct/2025:13:45:21 -0400] "GET /goods/1461167850.shtml HTTP/1.1" 404 134462 "-" "Mozilla/5.0 AppleWebKit/537.36 (KHTML, like Gecko; compatible; ClaudeBot/1.0; [email protected])"
216.73.216.54 - - [20/Oct/2025:13:45:24 -0400] "GET /goods/1643790274.shtml HTTP/1.1" 404 134462 "-" "Mozilla/5.0 AppleWebKit/537.36 (KHTML, like Gecko; compatible; ClaudeBot/1.0; [email protected])"
216.73.216.54 - - [20/Oct/2025:13:45:27 -0400] "GET /goods/1461313162.shtml HTTP/1.1" 404 134462 "-" "Mozilla/5.0 AppleWebKit/537.36 (KHTML, like Gecko; compatible; ClaudeBot/1.0; [email protected])"
216.73.216.54 - - [20/Oct/2025:13:45:30 -0400] "GET /goods/1461213626.shtml HTTP/1.1" 404 134462 "-" "Mozilla/5.0 AppleWebKit/537.36 (KHTML, like Gecko; compatible; ClaudeBot/1.0; [email protected])"
66.249.64.6 - - [20/Oct/2025:13:45:32 -0400] "GET /goods/1311338654.shtml HTTP/1.1" 200 125699 "-" "Mozilla/5.0 (Linux; Android 6.0.1; Nexus 5X Build/MMB29P) AppleWebKit/537.36 (KHTML, like Gecko) Chrome/140.0.7339.207 Mobile Safari/537.36 (compatible; Googlebot/2.1; +http://www.google.com/bot.html)"
66.249.64.6 - - [20/Oct/2025:13:45:32 -0400] "GET /?shop/detail/NDcyODkxMw HTTP/1.1" 200 116369 "-" "Mozilla/5.0 (Linux; Android 6.0.1; Nexus 5X Build/MMB29P) AppleWebKit/537.36 (KHTML, like Gecko) Chrome/140.0.7339.207 Mobile Safari/537.36 (compatible; Googlebot/2.1; +http://www.google.com/bot.html)"
216.73.216.54 - - [20/Oct/2025:13:45:33 -0400] "GET /goods/1643419396.shtml HTTP/1.1" 404 134462 "-" "Mozilla/5.0 AppleWebKit/537.36 (KHTML, like Gecko; compatible; ClaudeBot/1.0; [email protected])"
66.249.64.6 - - [20/Oct/2025:13:45:34 -0400] "GET /goods/1772073162.shtml HTTP/1.1" 200 111946 "-" "Mozilla/5.0 (Linux; Android 6.0.1; Nexus 5X Build/MMB29P) AppleWebKit/537.36 (KHTML, like Gecko) Chrome/140.0.7339.207 Mobile Safari/537.36 (compatible; Googlebot/2.1; +http://www.google.com/bot.html)"
216.73.216.54 - - [20/Oct/2025:13:45:36 -0400] "GET /goods/1643397984.shtml HTTP/1.1" 404 134462 "-" "Mozilla/5.0 AppleWebKit/537.36 (KHTML, like Gecko; compatible; ClaudeBot/1.0; [email protected])"
216.73.216.54 - - [20/Oct/2025:13:45:39 -0400] "GET /goods/1643776610.shtml HTTP/1.1" 404 134462 "-" "Mozilla/5.0 AppleWebKit/537.36 (KHTML, like Gecko; compatible; ClaudeBot/1.0; [email protected])"
216.73.216.54 - - [20/Oct/2025:13:45:42 -0400] "GET /goods/1461501538.shtml HTTP/1.1" 404 134462 "-" "Mozilla/5.0 AppleWebKit/537.36 (KHTML, like Gecko; compatible; ClaudeBot/1.0; [email protected])"
216.73.216.54 - - [20/Oct/2025:13:45:45 -0400] "GET /goods/1461334702.shtml HTTP/1.1" 404 134462 "-" "Mozilla/5.0 AppleWebKit/537.36 (KHTML, like Gecko; compatible; ClaudeBot/1.0; [email protected])"
216.73.216.54 - - [20/Oct/2025:13:45:48 -0400] "GET /goods/1643530144.shtml HTTP/1.1" 404 134462 "-" "Mozilla/5.0 AppleWebKit/537.36 (KHTML, like Gecko; compatible; ClaudeBot/1.0; [email protected])"
216.73.216.54 - - [20/Oct/2025:13:45:51 -0400] "GET /goods/1643545298.shtml HTTP/1.1" 404 134462 "-" "Mozilla/5.0 AppleWebKit/537.36 (KHTML, like Gecko; compatible; ClaudeBot/1.0; [email protected])"
216.73.216.54 - - [20/Oct/2025:13:45:54 -0400] "GET /goods/1643324574.shtml HTTP/1.1" 404 134462 "-" "Mozilla/5.0 AppleWebKit/537.36 (KHTML, like Gecko; compatible; ClaudeBot/1.0; [email protected])"
216.73.216.54 - - [20/Oct/2025:13:45:57 -0400] "GET /goods/1643726074.shtml HTTP/1.1" 404 134462 "-" "Mozilla/5.0 AppleWebKit/537.36 (KHTML, like Gecko; compatible; ClaudeBot/1.0; [email protected])"
216.73.216.54 - - [20/Oct/2025:13:46:00 -0400] "GET /goods/1460789372.shtml HTTP/1.1" 404 134462 "-" "Mozilla/5.0 AppleWebKit/537.36 (KHTML, like Gecko; compatible; ClaudeBot/1.0; [email protected])"
216.73.216.54 - - [20/Oct/2025:13:46:03 -0400] "GET /goods/1643355048.shtml HTTP/1.1" 404 134462 "-" "Mozilla/5.0 AppleWebKit/537.36 (KHTML, like Gecko; compatible; ClaudeBot/1.0; [email protected])"
216.73.216.54 - - [20/Oct/2025:13:46:06 -0400] "GET /goods/1643771590.shtml HTTP/1.1" 404 134462 "-" "Mozilla/5.0 AppleWebKit/537.36 (KHTML, like Gecko; compatible; ClaudeBot/1.0; [email protected])"
216.73.216.54 - - [20/Oct/2025:13:46:09 -0400] "GET /goods/1461038402.shtml HTTP/1.1" 404 134462 "-" "Mozilla/5.0 AppleWebKit/537.36 (KHTML, like Gecko; compatible; ClaudeBot/1.0; [email protected])"
216.73.216.54 - - [20/Oct/2025:13:46:12 -0400] "GET /goods/1643310762.shtml HTTP/1.1" 404 134462 "-" "Mozilla/5.0 AppleWebKit/537.36 (KHTML, like Gecko; compatible; ClaudeBot/1.0; [email protected])"
216.73.216.54 - - [20/Oct/2025:13:46:15 -0400] "GET /goods/1460806706.shtml HTTP/1.1" 404 134462 "-" "Mozilla/5.0 AppleWebKit/537.36 (KHTML, like Gecko; compatible; ClaudeBot/1.0; [email protected])"
54.39.210.41 - - [20/Oct/2025:13:46:17 -0400] "GET /shop/detail/MjY1MDE3Mg HTTP/1.1" 404 134462 "-" "Mozilla/5.0 (compatible; AhrefsBot/7.0; +http://ahrefs.com/robot/)"
216.73.216.54 - - [20/Oct/2025:13:46:18 -0400] "GET /goods/1643426418.shtml HTTP/1.1" 404 134462 "-" "Mozilla/5.0 AppleWebKit/537.36 (KHTML, like Gecko; compatible; ClaudeBot/1.0; [email protected])"
216.73.216.54 - - [20/Oct/2025:13:46:21 -0400] "GET /goods/1643645800.shtml HTTP/1.1" 404 134462 "-" "Mozilla/5.0 AppleWebKit/537.36 (KHTML, like Gecko; compatible; ClaudeBot/1.0; [email protected])"
66.249.64.6 - - [20/Oct/2025:13:46:20 -0400] "GET /?shop/detail/NjE4Njk1NQ HTTP/1.1" 200 156632 "-" "Mozilla/5.0 (Linux; Android 6.0.1; Nexus 5X Build/MMB29P) AppleWebKit/537.36 (KHTML, like Gecko) Chrome/140.0.7339.207 Mobile Safari/537.36 (compatible; Googlebot/2.1; +http://www.google.com/bot.html)"
107.189.5.4 - - [20/Oct/2025:13:46:23 -0400] "GET /wp-login.php HTTP/1.1" 200 5411 "-" "Mozilla/5.0 (compatible; MSIE 9.0; Windows NT 6.1; WOW64; Trident/5.0)"
114.119.157.46 - - [20/Oct/2025:13:46:23 -0400] "GET /9-nerds-who-made-it-big/2 HTTP/1.1" 301 - "https://loloops.com/9-nerds-who-made-it-big/9" "Mozilla/5.0 (compatible;PetalBot;+https://webmaster.petalsearch.com/site/petalbot)"
216.73.216.54 - - [20/Oct/2025:13:46:24 -0400] "GET /goods/1461448162.shtml HTTP/1.1" 404 134462 "-" "Mozilla/5.0 AppleWebKit/537.36 (KHTML, like Gecko; compatible; ClaudeBot/1.0; [email protected])"
114.119.157.46 - - [20/Oct/2025:13:46:24 -0400] "GET /9-nerds-who-made-it-big/2/ HTTP/1.1" 200 273055 "https://loloops.com/9-nerds-who-made-it-big/9" "Mozilla/5.0 (compatible;PetalBot;+https://webmaster.petalsearch.com/site/petalbot)"
66.249.64.5 - - [20/Oct/2025:13:46:24 -0400] "GET /?o=1092814368300&channel=4c1a58&from=goods.php?goods/452012092.shtml HTTP/1.1" 200 149735 "-" "Mozilla/5.0 (Linux; Android 6.0.1; Nexus 5X Build/MMB29P) AppleWebKit/537.36 (KHTML, like Gecko) Chrome/140.0.7339.207 Mobile Safari/537.36 (compatible; Googlebot/2.1; +http://www.google.com/bot.html)"
216.73.216.54 - - [20/Oct/2025:13:46:27 -0400] "GET /goods/1643585542.shtml HTTP/1.1" 404 134462 "-" "Mozilla/5.0 AppleWebKit/537.36 (KHTML, like Gecko; compatible; ClaudeBot/1.0; [email protected])"
216.73.216.54 - - [20/Oct/2025:13:46:30 -0400] "GET /goods/1643341768.shtml HTTP/1.1" 404 134462 "-" "Mozilla/5.0 AppleWebKit/537.36 (KHTML, like Gecko; compatible; ClaudeBot/1.0; [email protected])"
216.73.216.54 - - [20/Oct/2025:13:46:33 -0400] "GET /goods/1643531634.shtml HTTP/1.1" 404 134462 "-" "Mozilla/5.0 AppleWebKit/537.36 (KHTML, like Gecko; compatible; ClaudeBot/1.0; [email protected])"
66.249.64.4 - - [20/Oct/2025:13:46:33 -0400] "GET /?o=1092814368300&channel=4c1a58&from=goods.php?goods/451975918.shtml HTTP/1.1" 200 160120 "-" "Mozilla/5.0 (Linux; Android 6.0.1; Nexus 5X Build/MMB29P) AppleWebKit/537.36 (KHTML, like Gecko) Chrome/140.0.7339.207 Mobile Safari/537.36 (compatible; Googlebot/2.1; +http://www.google.com/bot.html)"
216.73.216.54 - - [20/Oct/2025:13:46:36 -0400] "GET /goods/1643660954.shtml HTTP/1.1" 404 134462 "-" "Mozilla/5.0 AppleWebKit/537.36 (KHTML, like Gecko; compatible; ClaudeBot/1.0; [email protected])"
216.73.216.54 - - [20/Oct/2025:13:46:39 -0400] "GET /goods/1643274084.shtml HTTP/1.1" 404 134462 "-" "Mozilla/5.0 AppleWebKit/537.36 (KHTML, like Gecko; compatible; ClaudeBot/1.0; [email protected])"
216.73.216.54 - - [20/Oct/2025:13:46:42 -0400] "GET /goods/1643356538.shtml HTTP/1.1" 404 134462 "-" "Mozilla/5.0 AppleWebKit/537.36 (KHTML, like Gecko; compatible; ClaudeBot/1.0; [email protected])"
216.73.216.54 - - [20/Oct/2025:13:46:45 -0400] "GET /goods/1643649172.shtml HTTP/1.1" 404 134462 "-" "Mozilla/5.0 AppleWebKit/537.36 (KHTML, like Gecko; compatible; ClaudeBot/1.0; [email protected])"
216.73.216.54 - - [20/Oct/2025:13:46:48 -0400] "GET /goods/1643564130.shtml HTTP/1.1" 404 134462 "-" "Mozilla/5.0 AppleWebKit/537.36 (KHTML, like Gecko; compatible; ClaudeBot/1.0; [email protected])"
2a03:2880:f800:49:: - - [20/Oct/2025:13:46:47 -0400] "GET /funny-travel-memes/7/ HTTP/1.1" 200 273294 "-" "meta-externalagent/1.1 (+https://developers.facebook.com/docs/sharing/webmasters/crawler)"
216.73.216.54 - - [20/Oct/2025:13:46:51 -0400] "GET /goods/1643586360.shtml HTTP/1.1" 404 134462 "-" "Mozilla/5.0 AppleWebKit/537.36 (KHTML, like Gecko; compatible; ClaudeBot/1.0; [email protected])"
216.73.216.54 - - [20/Oct/2025:13:46:54 -0400] "GET /goods/1643474076.shtml HTTP/1.1" 404 134462 "-" "Mozilla/5.0 AppleWebKit/537.36 (KHTML, like Gecko; compatible; ClaudeBot/1.0; [email protected])"
216.73.216.54 - - [20/Oct/2025:13:46:57 -0400] "GET /goods/1643721892.shtml HTTP/1.1" 404 134462 "-" "Mozilla/5.0 AppleWebKit/537.36 (KHTML, like Gecko; compatible; ClaudeBot/1.0; [email protected])"
216.73.216.54 - - [20/Oct/2025:13:47:00 -0400] "GET /goods/1643791772.shtml HTTP/1.1" 404 134462 "-" "Mozilla/5.0 AppleWebKit/537.36 (KHTML, like Gecko; compatible; ClaudeBot/1.0; [email protected])"
216.73.216.54 - - [20/Oct/2025:13:47:03 -0400] "GET /goods/1461102878.shtml HTTP/1.1" 404 134462 "-" "Mozilla/5.0 AppleWebKit/537.36 (KHTML, like Gecko; compatible; ClaudeBot/1.0; [email protected])"
216.73.216.54 - - [20/Oct/2025:13:47:06 -0400] "GET /goods/1461357448.shtml HTTP/1.1" 404 134462 "-" "Mozilla/5.0 AppleWebKit/537.36 (KHTML, like Gecko; compatible; ClaudeBot/1.0; [email protected])"
66.249.64.4 - - [20/Oct/2025:13:47:06 -0400] "GET /goods/1928936304.shtml HTTP/1.1" 200 141456 "-" "Mozilla/5.0 (Linux; Android 6.0.1; Nexus 5X Build/MMB29P) AppleWebKit/537.36 (KHTML, like Gecko) Chrome/140.0.7339.207 Mobile Safari/537.36 (compatible; Googlebot/2.1; +http://www.google.com/bot.html)"
66.249.64.4 - - [20/Oct/2025:13:47:07 -0400] "GET /sitemap-item-1212.xml HTTP/1.1" 200 160706 "-" "Mozilla/5.0 (compatible; Googlebot/2.1; +http://www.google.com/bot.html)"
216.73.216.54 - - [20/Oct/2025:13:47:09 -0400] "GET /goods/1643606236.shtml HTTP/1.1" 404 134462 "-" "Mozilla/5.0 AppleWebKit/537.36 (KHTML, like Gecko; compatible; ClaudeBot/1.0; [email protected])"
66.249.64.6 - - [20/Oct/2025:13:47:09 -0400] "GET /?shop/detail/NTE5NTI1Mg HTTP/1.1" 200 156611 "-" "Mozilla/5.0 (Linux; Android 6.0.1; Nexus 5X Build/MMB29P) AppleWebKit/537.36 (KHTML, like Gecko) Chrome/140.0.7339.207 Mobile Safari/537.36 (compatible; Googlebot/2.1; +http://www.google.com/bot.html)"
216.73.216.54 - - [20/Oct/2025:13:47:12 -0400] "GET /goods/1643363440.shtml HTTP/1.1" 404 134462 "-" "Mozilla/5.0 AppleWebKit/537.36 (KHTML, like Gecko; compatible; ClaudeBot/1.0; [email protected])"
216.73.216.54 - - [20/Oct/2025:13:47:15 -0400] "GET /goods/1643343258.shtml HTTP/1.1" 404 134462 "-" "Mozilla/5.0 AppleWebKit/537.36 (KHTML, like Gecko; compatible; ClaudeBot/1.0; [email protected])"
216.73.216.54 - - [20/Oct/2025:13:47:18 -0400] "GET /goods/1643537054.shtml HTTP/1.1" 404 134462 "-" "Mozilla/5.0 AppleWebKit/537.36 (KHTML, like Gecko; compatible; ClaudeBot/1.0; [email protected])"
216.73.216.54 - - [20/Oct/2025:13:47:21 -0400] "GET /goods/1643461622.shtml HTTP/1.1" 404 134462 "-" "Mozilla/5.0 AppleWebKit/537.36 (KHTML, like Gecko; compatible; ClaudeBot/1.0; [email protected])"
216.73.216.54 - - [20/Oct/2025:13:47:24 -0400] "GET /goods/1643739932.shtml HTTP/1.1" 404 134462 "-" "Mozilla/5.0 AppleWebKit/537.36 (KHTML, like Gecko; compatible; ClaudeBot/1.0; [email protected])"
216.73.216.54 - - [20/Oct/2025:13:47:27 -0400] "GET /goods/1643766170.shtml HTTP/1.1" 404 134462 "-" "Mozilla/5.0 AppleWebKit/537.36 (KHTML, like Gecko; compatible; ClaudeBot/1.0; [email protected])"
216.73.216.54 - - [20/Oct/2025:13:47:30 -0400] "GET /goods/1643220708.shtml HTTP/1.1" 404 134462 "-" "Mozilla/5.0 AppleWebKit/537.36 (KHTML, like Gecko; compatible; ClaudeBot/1.0; [email protected])"
216.73.216.54 - - [20/Oct/2025:13:47:33 -0400] "GET /goods/1643373880.shtml HTTP/1.1" 404 134462 "-" "Mozilla/5.0 AppleWebKit/537.36 (KHTML, like Gecko; compatible; ClaudeBot/1.0; [email protected])"
52.167.144.16 - - [20/Oct/2025:13:47:45 -0400] "GET /?o=221398235800&channel=b5ef9b&from=form.php?%3Fid%3D82358-584%26name%3D%E3%80%90%E7%9B%B4%E9%80%81%E3%80%91+KVK+%E6%B5%81%E3%81%97%E5%8F%B0%E7%94%A8+2%E3%83%8F%E3%83%B3%E3%83%89%E3%83%AB%E6%B7%B7%E5%90%88%E6%A0%93+%E5%AF%92%E5%86%B7%E5%9C%B0%E7%94%A8+KM14N2WZ%E3%80%90%2Fsrm%E3%80%91 HTTP/1.1" 200 115728 "-" "Mozilla/5.0 AppleWebKit/537.36 (KHTML, like Gecko; compatible; bingbot/2.0; +http://www.bing.com/bingbot.htm) Chrome/116.0.1938.76 Safari/537.36"
114.119.155.145 - - [20/Oct/2025:13:47:47 -0400] "GET /scariest-roller-coasters/7/?noamp=mobile&amp HTTP/1.1" 200 274576 "https://loloops.com/scariest-roller-coasters/7/?noamp=mobile&amp" "Mozilla/5.0 (compatible;PetalBot;+https://webmaster.petalsearch.com/site/petalbot)"
139.59.24.60 - - [20/Oct/2025:13:47:52 -0400] "POST /xmlrpc.php HTTP/1.1" 200 403 "https://loloops.com" "Mozilla/5.0 (Macintosh; Intel Mac OS X 10_15_7; rv:125.0.1) Gecko/20100101 Firefox/125.0.1"
66.249.64.5 - - [20/Oct/2025:13:47:55 -0400] "GET /?shop/detail/MzcxMTI1OQ HTTP/1.1" 200 156611 "-" "Mozilla/5.0 (Linux; Android 6.0.1; Nexus 5X Build/MMB29P) AppleWebKit/537.36 (KHTML, like Gecko) Chrome/140.0.7339.207 Mobile Safari/537.36 (compatible; Googlebot/2.1; +http://www.google.com/bot.html)"
54.39.6.123 - - [20/Oct/2025:13:47:57 -0400] "GET /shop/detail/MjUyMzEzOQ HTTP/1.1" 404 134462 "-" "Mozilla/5.0 (compatible; AhrefsBot/7.0; +http://ahrefs.com/robot/)"
66.249.64.6 - - [20/Oct/2025:13:48:41 -0400] "GET /?shop/detail/Mjk2NjgyMg HTTP/1.1" 200 107628 "-" "Mozilla/5.0 (Linux; Android 6.0.1; Nexus 5X Build/MMB29P) AppleWebKit/537.36 (KHTML, like Gecko) Chrome/140.0.7339.207 Mobile Safari/537.36 (compatible; Googlebot/2.1; +http://www.google.com/bot.html)"
66.249.64.6 - - [20/Oct/2025:13:49:14 -0400] "GET /?o=1092814368300&channel=4c1a58&from=goods.php?goods/452002350.shtml HTTP/1.1" 200 115787 "-" "Mozilla/5.0 (Linux; Android 6.0.1; Nexus 5X Build/MMB29P) AppleWebKit/537.36 (KHTML, like Gecko) Chrome/140.0.7339.207 Mobile Safari/537.36 (compatible; Googlebot/2.1; +http://www.google.com/bot.html)"
114.119.155.145 - - [20/Oct/2025:13:49:15 -0400] "GET /9-lol-moments-of-british-royals?amp HTTP/1.1" 301 - "https://loloops.com/9-weird-habits-of-women-that-drive-men-crazy?amp" "Mozilla/5.0 (compatible;PetalBot;+https://webmaster.petalsearch.com/site/petalbot)"
114.119.155.145 - - [20/Oct/2025:13:49:19 -0400] "GET /9-lol-moments-of-british-royals/?amp HTTP/1.1" 200 270330 "https://loloops.com/9-weird-habits-of-women-that-drive-men-crazy?amp" "Mozilla/5.0 (compatible;PetalBot;+https://webmaster.petalsearch.com/site/petalbot)"
66.249.64.4 - - [20/Oct/2025:13:49:23 -0400] "GET /?o=1092814368300&channel=4c1a58&from=goods.php?goods/451973916.shtml HTTP/1.1" 200 155928 "-" "Mozilla/5.0 (Linux; Android 6.0.1; Nexus 5X Build/MMB29P) AppleWebKit/537.36 (KHTML, like Gecko) Chrome/140.0.7339.207 Mobile Safari/537.36 (compatible; Googlebot/2.1; +http://www.google.com/bot.html)"
66.249.64.4 - - [20/Oct/2025:13:49:28 -0400] "GET /?o=1092814368300&channel=4c1a58&from=goods.php?goods/452005574.shtml HTTP/1.1" 200 135442 "-" "Mozilla/5.0 (Linux; Android 6.0.1; Nexus 5X Build/MMB29P) AppleWebKit/537.36 (KHTML, like Gecko) Chrome/140.0.7339.207 Mobile Safari/537.36 (compatible; Googlebot/2.1; +http://www.google.com/bot.html)"
66.249.64.4 - - [20/Oct/2025:13:49:29 -0400] "GET /goods/216220976.shtml HTTP/1.1" 200 144473 "-" "Mozilla/5.0 (Linux; Android 6.0.1; Nexus 5X Build/MMB29P) AppleWebKit/537.36 (KHTML, like Gecko) Chrome/140.0.7339.207 Mobile Safari/537.36 (compatible; Googlebot/2.1; +http://www.google.com/bot.html)"
15.235.98.12 - - [20/Oct/2025:13:49:39 -0400] "GET /shop/detail/MjU4ODYxNQ HTTP/1.1" 404 134462 "-" "Mozilla/5.0 (compatible; AhrefsBot/7.0; +http://ahrefs.com/robot/)"
66.249.64.6 - - [20/Oct/2025:13:50:11 -0400] "GET /?o=72541104975000&channel=9a9ffb&from=news.php?goods/53568582.shtml HTTP/1.1" 200 114821 "-" "Mozilla/5.0 (Linux; Android 6.0.1; Nexus 5X Build/MMB29P) AppleWebKit/537.36 (KHTML, like Gecko) Chrome/140.0.7339.207 Mobile Safari/537.36 (compatible; Googlebot/2.1; +http://www.google.com/bot.html)"
216.244.66.201 - - [20/Oct/2025:13:50:20 -0400] "GET /tag/gear-cycle-price-below-4000/feed/ HTTP/1.1" 200 3664 "-" "Mozilla/5.0 (compatible; DotBot/1.2; +https://opensiteexplorer.org/dotbot; [email protected])"
66.249.64.4 - - [20/Oct/2025:13:50:15 -0400] "GET /?shop/detail/MzA5NTg4Mw HTTP/1.1" 301 - "-" "Mozilla/5.0 (Linux; Android 6.0.1; Nexus 5X Build/MMB29P) AppleWebKit/537.36 (KHTML, like Gecko) Chrome/140.0.7339.207 Mobile Safari/537.36 (compatible; Googlebot/2.1; +http://www.google.com/bot.html)"
114.119.143.114 - - [20/Oct/2025:13:50:34 -0400] "GET /9-lol-moments-of-british-royals/4 HTTP/1.1" 301 - "-" "Mozilla/5.0 (compatible;PetalBot;+https://webmaster.petalsearch.com/site/petalbot)"
114.119.143.114 - - [20/Oct/2025:13:50:45 -0400] "GET /9-lol-moments-of-british-royals/4/ HTTP/1.1" 200 270296 "-" "Mozilla/5.0 (compatible;PetalBot;+https://webmaster.petalsearch.com/site/petalbot)"
66.249.64.6 - - [20/Oct/2025:13:50:36 -0400] "GET /?shop%2Fdetail%2FMzA5NTg4Mw HTTP/1.1" 200 107648 "-" "Mozilla/5.0 (Linux; Android 6.0.1; Nexus 5X Build/MMB29P) AppleWebKit/537.36 (KHTML, like Gecko) Chrome/140.0.7339.207 Mobile Safari/537.36 (compatible; Googlebot/2.1; +http://www.google.com/bot.html)"
66.249.64.6 - - [20/Oct/2025:13:51:17 -0400] "GET /?o=1092814368300&channel=4c1a58&from=goods.php?goods/451986490.shtml HTTP/1.1" 200 123208 "-" "Mozilla/5.0 (Linux; Android 6.0.1; Nexus 5X Build/MMB29P) AppleWebKit/537.36 (KHTML, like Gecko) Chrome/140.0.7339.207 Mobile Safari/537.36 (compatible; Googlebot/2.1; +http://www.google.com/bot.html)"
196.251.71.198 - - [20/Oct/2025:13:51:29 -0400] "POST /wp-login.php HTTP/1.1" 200 5864 "-" "Mozilla/5.0"
196.251.71.198 - - [20/Oct/2025:13:51:29 -0400] "POST /wp-login.php HTTP/1.1" 200 5872 "-" "Mozilla/5.0"
196.251.71.198 - - [20/Oct/2025:13:51:29 -0400] "POST /wp-login.php HTTP/1.1" 200 5870 "-" "Mozilla/5.0"
196.251.71.198 - - [20/Oct/2025:13:51:29 -0400] "POST /wp-login.php HTTP/1.1" 200 5866 "-" "Mozilla/5.0"
196.251.71.198 - - [20/Oct/2025:13:51:29 -0400] "POST /wp-login.php HTTP/1.1" 200 5868 "-" "Mozilla/5.0"
196.251.71.198 - - [20/Oct/2025:13:51:29 -0400] "POST /wp-login.php HTTP/1.1" 200 5866 "-" "Mozilla/5.0"
142.44.225.93 - - [20/Oct/2025:13:51:17 -0400] "GET /shop/detail/MjU3NDk5OQ HTTP/1.1" 404 134462 "-" "Mozilla/5.0 (compatible; AhrefsBot/7.0; +http://ahrefs.com/robot/)"
114.119.143.114 - - [20/Oct/2025:13:51:58 -0400] "GET /9-hilarious-guinness-world-records-ever/6/?amp HTTP/1.1" 200 273768 "https://loloops.com/9-hilarious-guinness-world-records-ever/6?amp" "Mozilla/5.0 (compatible;PetalBot;+https://webmaster.petalsearch.com/site/petalbot)"
66.249.64.5 - - [20/Oct/2025:13:51:41 -0400] "GET /?shop/detail/MzMzODI4Nw HTTP/1.1" 200 156632 "-" "Mozilla/5.0 (Linux; Android 6.0.1; Nexus 5X Build/MMB29P) AppleWebKit/537.36 (KHTML, like Gecko) Chrome/140.0.7339.207 Mobile Safari/537.36 (compatible; Googlebot/2.1; +http://www.google.com/bot.html)"
43.135.138.128 - - [20/Oct/2025:13:51:45 -0400] "GET /wp-json/ HTTP/1.1" 200 193499 "-" "Mozilla/5.0 (iPhone; CPU iPhone OS 13_2_3 like Mac OS X) AppleWebKit/605.1.15 (KHTML, like Gecko) Version/13.0.3 Mobile/15E148 Safari/604.1"
142.44.220.202 - - [20/Oct/2025:13:52:42 -0400] "GET /shop/detail/MjQ0MjEyMw HTTP/1.1" 404 134462 "-" "Mozilla/5.0 (compatible; AhrefsBot/7.0; +http://ahrefs.com/robot/)"
57.159.29.167 - - [20/Oct/2025:13:52:43 -0400] "POST /wp-login.php HTTP/1.1" 200 5864 "-" "Mozilla/5.0"
57.159.29.167 - - [20/Oct/2025:13:52:43 -0400] "POST /wp-login.php HTTP/1.1" 200 5872 "-" "Mozilla/5.0"
66.249.64.5 - - [20/Oct/2025:13:52:45 -0400] "GET /?shop/detail/MzAyMjg3NQ HTTP/1.1" 200 107628 "-" "Mozilla/5.0 (Linux; Android 6.0.1; Nexus 5X Build/MMB29P) AppleWebKit/537.36 (KHTML, like Gecko) Chrome/140.0.7339.207 Mobile Safari/537.36 (compatible; Googlebot/2.1; +http://www.google.com/bot.html)"
66.249.64.5 - - [20/Oct/2025:13:52:45 -0400] "GET /?shop/detail/MjQyMDYwOQ HTTP/1.1" 200 110733 "-" "Mozilla/5.0 (Linux; Android 6.0.1; Nexus 5X Build/MMB29P) AppleWebKit/537.36 (KHTML, like Gecko) Chrome/140.0.7339.207 Mobile Safari/537.36 (compatible; Googlebot/2.1; +http://www.google.com/bot.html)"
66.249.64.5 - - [20/Oct/2025:13:52:49 -0400] "GET /?o=1092814368300&channel=4c1a58&from=goods.php?goods/451964818.shtml HTTP/1.1" 200 129969 "-" "Mozilla/5.0 (Linux; Android 6.0.1; Nexus 5X Build/MMB29P) AppleWebKit/537.36 (KHTML, like Gecko) Chrome/140.0.7339.207 Mobile Safari/537.36 (compatible; Googlebot/2.1; +http://www.google.com/bot.html)"
107.189.7.63 - - [20/Oct/2025:13:53:16 -0400] "GET /wp-login.php HTTP/1.1" 200 5411 "-" "Mozilla/5.0 (X11; Ubuntu; Linux i686; rv:31.0) Gecko/20100101 Firefox/31.0"
207.46.13.151 - - [20/Oct/2025:13:53:16 -0400] "GET /goods/1107237504.shtml HTTP/1.1" 200 129383 "-" "Mozilla/5.0 AppleWebKit/537.36 (KHTML, like Gecko; compatible; bingbot/2.0; +http://www.bing.com/bingbot.htm) Chrome/116.0.1938.76 Safari/537.36"
114.119.157.46 - - [20/Oct/2025:13:53:22 -0400] "GET /9-creepily-beautiful-natural-places-with-mysterious-edge/?noamp=mobile&amp HTTP/1.1" 200 273957 "https://loloops.com/9-creepily-beautiful-natural-places-with-mysterious-edge/?noamp=mobile&amp" "Mozilla/5.0 (compatible;PetalBot;+https://webmaster.petalsearch.com/site/petalbot)"
66.249.64.7 - - [20/Oct/2025:13:53:22 -0400] "GET /?o=1092814368300&channel=4c1a58&from=goods.php?goods/452022916.shtml HTTP/1.1" 200 140544 "-" "Mozilla/5.0 (Linux; Android 6.0.1; Nexus 5X Build/MMB29P) AppleWebKit/537.36 (KHTML, like Gecko) Chrome/140.0.7339.207 Mobile Safari/537.36 (compatible; Googlebot/2.1; +http://www.google.com/bot.html)"
66.249.64.5 - - [20/Oct/2025:13:53:31 -0400] "GET /?shop/detail/NDE2ODYzNw HTTP/1.1" 200 107628 "-" "Mozilla/5.0 (Linux; Android 6.0.1; Nexus 5X Build/MMB29P) AppleWebKit/537.36 (KHTML, like Gecko) Chrome/140.0.7339.207 Mobile Safari/537.36 (compatible; Googlebot/2.1; +http://www.google.com/bot.html)"
66.249.64.5 - - [20/Oct/2025:13:53:31 -0400] "GET /?shop/detail/NjI4OTM2Ng HTTP/1.1" 200 156632 "-" "Mozilla/5.0 (Linux; Android 6.0.1; Nexus 5X Build/MMB29P) AppleWebKit/537.36 (KHTML, like Gecko) Chrome/140.0.7339.207 Mobile Safari/537.36 (compatible; Googlebot/2.1; +http://www.google.com/bot.html)"
89.248.172.183 - - [20/Oct/2025:13:53:51 -0400] "POST /wp-json/tdw/save_css HTTP/1.1" 401 98 "-" "Mozilla/5.0 (Windows NT 10.0) AppleWebKit/537.36 (KHTML, like Gecko) Chrome/104.0.0.0 Safari/537.36"
51.222.168.241 - - [20/Oct/2025:13:54:02 -0400] "GET /goods/2387583344.shtml HTTP/1.1" 404 134462 "-" "Mozilla/5.0 (compatible; AhrefsBot/7.0; +http://ahrefs.com/robot/)"
81.88.53.143 - - [20/Oct/2025:13:54:29 -0400] "POST /xmlrpc.php HTTP/1.1" 200 403 "https://loloops.com" "Mozilla/5.0 (Macintosh; Intel Mac OS X 13_3) AppleWebKit/537.36 (KHTML, like Gecko) Chrome/126.0.0.0 Safari/537.36 Edg/126.0.0.0"
114.119.147.116 - - [20/Oct/2025:13:54:47 -0400] "GET /destinations-to-beat-the-summer-heat/14/ HTTP/1.1" 200 274433 "https://loloops.com/destinations-to-beat-the-summer-heat/17/?amp" "Mozilla/5.0 (compatible;PetalBot;+https://webmaster.petalsearch.com/site/petalbot)"
66.249.64.5 - - [20/Oct/2025:13:55:01 -0400] "GET /?shop/detail/MzYwOTk2OQ HTTP/1.1" 200 107628 "-" "Mozilla/5.0 (Linux; Android 6.0.1; Nexus 5X Build/MMB29P) AppleWebKit/537.36 (KHTML, like Gecko) Chrome/140.0.7339.207 Mobile Safari/537.36 (compatible; Googlebot/2.1; +http://www.google.com/bot.html)"
66.249.64.5 - - [20/Oct/2025:13:55:16 -0400] "GET /?o=1092814368300&channel=4c1a58&from=goods.php?goods/451964966.shtml HTTP/1.1" 200 186117 "-" "Mozilla/5.0 (Linux; Android 6.0.1; Nexus 5X Build/MMB29P) AppleWebKit/537.36 (KHTML, like Gecko) Chrome/140.0.7339.207 Mobile Safari/537.36 (compatible; Googlebot/2.1; +http://www.google.com/bot.html)"
142.44.228.2 - - [20/Oct/2025:13:55:37 -0400] "GET /goods/2387552722.shtml HTTP/1.1" 404 134462 "-" "Mozilla/5.0 (compatible; AhrefsBot/7.0; +http://ahrefs.com/robot/)"
66.249.64.4 - - [20/Oct/2025:13:55:46 -0400] "GET /?shop/detail/MjkxMTcyNg HTTP/1.1" 200 116233 "-" "Mozilla/5.0 (Linux; Android 6.0.1; Nexus 5X Build/MMB29P) AppleWebKit/537.36 (KHTML, like Gecko) Chrome/140.0.7339.207 Mobile Safari/537.36 (compatible; Googlebot/2.1; +http://www.google.com/bot.html)"
40.77.167.254 - - [20/Oct/2025:13:55:55 -0400] "GET /?o=5078775354600&channel=064b96&from=category-info.php?%3Fid%3D753546-1800%26name%3D%E6%B4%8B%E6%9B%B8+Paperback%2C+My+Happiness+Bears+No+Relation+to+Happiness%3A+A+Poet%27s+Life+in+the+Palestinian+Century HTTP/1.1" 200 116843 "-" "Mozilla/5.0 AppleWebKit/537.36 (KHTML, like Gecko; compatible; bingbot/2.0; +http://www.bing.com/bingbot.htm) Chrome/116.0.1938.76 Safari/537.36"
114.119.143.103 - - [20/Oct/2025:13:56:12 -0400] "GET /cutest-dog-memes/9/ HTTP/1.1" 200 273373 "https://loloops.com/cutest-dog-memes/11/?amp" "Mozilla/5.0 (compatible;PetalBot;+https://webmaster.petalsearch.com/site/petalbot)"
107.189.14.203 - - [20/Oct/2025:13:56:21 -0400] "GET /wp-login.php HTTP/1.1" 200 5411 "-" "Mozilla/5.0 (X11; Linux x86_64) AppleWebKit/537.36 (KHTML, like Gecko) Chrome/36.0.1985.143 Safari/537.36"
66.249.64.5 - - [20/Oct/2025:13:57:02 -0400] "GET /?o=5013782467000&channel=26c9af&from=brands.php?goods/996935744.shtml HTTP/1.1" 200 131241 "-" "Mozilla/5.0 (Linux; Android 6.0.1; Nexus 5X Build/MMB29P) AppleWebKit/537.36 (KHTML, like Gecko) Chrome/140.0.7339.207 Mobile Safari/537.36 (compatible; Googlebot/2.1; +http://www.google.com/bot.html)"
66.249.64.5 - - [20/Oct/2025:13:57:16 -0400] "GET /?shop/detail/NDExMDA0Mw HTTP/1.1" 301 - "-" "Mozilla/5.0 (Linux; Android 6.0.1; Nexus 5X Build/MMB29P) AppleWebKit/537.36 (KHTML, like Gecko) Chrome/140.0.7339.207 Mobile Safari/537.36 (compatible; Googlebot/2.1; +http://www.google.com/bot.html)"
148.113.128.62 - - [20/Oct/2025:13:57:17 -0400] "GET /goods/2387520226.shtml HTTP/1.1" 404 134462 "-" "Mozilla/5.0 (compatible; AhrefsBot/7.0; +http://ahrefs.com/robot/)"
66.249.64.5 - - [20/Oct/2025:13:57:17 -0400] "GET /?shop%2Fdetail%2FNDExMDA0Mw HTTP/1.1" 200 107648 "-" "Mozilla/5.0 (Linux; Android 6.0.1; Nexus 5X Build/MMB29P) AppleWebKit/537.36 (KHTML, like Gecko) Chrome/140.0.7339.207 Mobile Safari/537.36 (compatible; Googlebot/2.1; +http://www.google.com/bot.html)"
66.249.64.4 - - [20/Oct/2025:13:57:19 -0400] "GET /goods/2082012408.shtml HTTP/1.1" 200 111611 "-" "Mozilla/5.0 (Linux; Android 6.0.1; Nexus 5X Build/MMB29P) AppleWebKit/537.36 (KHTML, like Gecko) Chrome/140.0.7339.207 Mobile Safari/537.36 (compatible; Googlebot/2.1; +http://www.google.com/bot.html)"
66.249.64.4 - - [20/Oct/2025:13:57:22 -0400] "GET /?shop/detail/MjU3ODk1MA HTTP/1.1" 200 107628 "-" "Mozilla/5.0 (Linux; Android 6.0.1; Nexus 5X Build/MMB29P) AppleWebKit/537.36 (KHTML, like Gecko) Chrome/140.0.7339.207 Mobile Safari/537.36 (compatible; Googlebot/2.1; +http://www.google.com/bot.html)"
114.119.135.253 - - [20/Oct/2025:13:57:34 -0400] "GET /celebrities-with-herpes/10/?amp HTTP/1.1" 200 272441 "https://loloops.com/celebrities-with-herpes/10?amp" "Mozilla/5.0 (compatible;PetalBot;+https://webmaster.petalsearch.com/site/petalbot)"
66.249.64.4 - - [20/Oct/2025:13:58:07 -0400] "GET /?shop/detail/NTk0MzY1Mw HTTP/1.1" 301 - "-" "Mozilla/5.0 (Linux; Android 6.0.1; Nexus 5X Build/MMB29P) AppleWebKit/537.36 (KHTML, like Gecko) Chrome/140.0.7339.207 Mobile Safari/537.36 (compatible; Googlebot/2.1; +http://www.google.com/bot.html)"
66.249.64.6 - - [20/Oct/2025:13:58:09 -0400] "GET /?shop%2Fdetail%2FNTk0MzY1Mw HTTP/1.1" 200 107648 "-" "Mozilla/5.0 (Linux; Android 6.0.1; Nexus 5X Build/MMB29P) AppleWebKit/537.36 (KHTML, like Gecko) Chrome/140.0.7339.207 Mobile Safari/537.36 (compatible; Googlebot/2.1; +http://www.google.com/bot.html)"
66.249.64.4 - - [20/Oct/2025:13:58:25 -0400] "GET /?o=5013782467000&channel=26c9af&from=brands.php?goods/996974618.shtml HTTP/1.1" 200 141142 "-" "Mozilla/5.0 (Linux; Android 6.0.1; Nexus 5X Build/MMB29P) AppleWebKit/537.36 (KHTML, like Gecko) Chrome/140.0.7339.207 Mobile Safari/537.36 (compatible; Googlebot/2.1; +http://www.google.com/bot.html)"
40.77.167.155 - - [20/Oct/2025:13:58:27 -0400] "GET /goods/230713312.shtml HTTP/1.1" 200 141019 "-" "Mozilla/5.0 AppleWebKit/537.36 (KHTML, like Gecko; compatible; bingbot/2.0; +http://www.bing.com/bingbot.htm) Chrome/116.0.1938.76 Safari/537.36"
142.44.225.173 - - [20/Oct/2025:13:58:55 -0400] "GET /goods/2387262808.shtml HTTP/1.1" 404 134462 "-" "Mozilla/5.0 (compatible; AhrefsBot/7.0; +http://ahrefs.com/robot/)"
114.119.143.114 - - [20/Oct/2025:13:58:56 -0400] "GET /celebrity-weight-loss-secrets/10/ HTTP/1.1" 200 274321 "https://loloops.com/celebrity-weight-loss-secrets/4/?noamp=mobile&amp" "Mozilla/5.0 (compatible;PetalBot;+https://webmaster.petalsearch.com/site/petalbot)"
66.249.64.6 - - [20/Oct/2025:13:59:38 -0400] "GET /?shop/detail/Mzc3MjA1Mg HTTP/1.1" 200 107628 "-" "Mozilla/5.0 (Linux; Android 6.0.1; Nexus 5X Build/MMB29P) AppleWebKit/537.36 (KHTML, like Gecko) Chrome/140.0.7339.207 Mobile Safari/537.36 (compatible; Googlebot/2.1; +http://www.google.com/bot.html)"
157.55.39.11 - - [20/Oct/2025:14:00:14 -0400] "GET /category/Women-Jewelry-Brooches-12 HTTP/1.1" 200 108311 "-" "Mozilla/5.0 AppleWebKit/537.36 (KHTML, like Gecko; compatible; bingbot/2.0; +http://www.bing.com/bingbot.htm) Chrome/116.0.1938.76 Safari/537.36"
114.119.135.253 - - [20/Oct/2025:14:00:20 -0400] "GET /me-too-movement/2 HTTP/1.1" 301 - "https://loloops.com/me-too-movement/24" "Mozilla/5.0 (compatible;PetalBot;+https://webmaster.petalsearch.com/site/petalbot)"
114.119.135.253 - - [20/Oct/2025:14:00:21 -0400] "GET /me-too-movement/2/ HTTP/1.1" 200 273100 "https://loloops.com/me-too-movement/24" "Mozilla/5.0 (compatible;PetalBot;+https://webmaster.petalsearch.com/site/petalbot)"
43.130.111.40 - - [20/Oct/2025:14:00:28 -0400] "GET /category/lifestyle/ HTTP/1.1" 200 212819 "-" "Mozilla/5.0 (iPhone; CPU iPhone OS 13_2_3 like Mac OS X) AppleWebKit/605.1.15 (KHTML, like Gecko) Version/13.0.3 Mobile/15E148 Safari/604.1"
15.235.27.42 - - [20/Oct/2025:14:00:50 -0400] "GET /goods/2387124406.shtml HTTP/1.1" 404 134462 "-" "Mozilla/5.0 (compatible; AhrefsBot/7.0; +http://ahrefs.com/robot/)"
66.249.64.5 - - [20/Oct/2025:14:00:57 -0400] "GET /?shop/detail/NDgwODM2NQ HTTP/1.1" 200 107628 "-" "Mozilla/5.0 (Linux; Android 6.0.1; Nexus 5X Build/MMB29P) AppleWebKit/537.36 (KHTML, like Gecko) Chrome/140.0.7339.207 Mobile Safari/537.36 (compatible; Googlebot/2.1; +http://www.google.com/bot.html)"
66.249.64.5 - - [20/Oct/2025:14:01:00 -0400] "GET /goods/767026658.shtml HTTP/1.1" 200 109190 "-" "Mozilla/5.0 (Linux; Android 6.0.1; Nexus 5X Build/MMB29P) AppleWebKit/537.36 (KHTML, like Gecko) Chrome/140.0.7339.207 Mobile Safari/537.36 (compatible; Googlebot/2.1; +http://www.google.com/bot.html)"
157.173.200.105 - - [20/Oct/2025:14:01:02 -0400] "POST /xmlrpc.php HTTP/1.1" 200 403 "https://loloops.com" "Mozilla/5.0 (Macintosh; Intel Mac OS X 13_3) AppleWebKit/537.36 (KHTML, like Gecko) Chrome/126.0.0.0 Safari/537.36 Edg/126.0.0.0"
114.119.157.46 - - [20/Oct/2025:14:01:44 -0400] "GET /9-crazy-yet-funny-office-rules-some-have-to-follow/6?amp HTTP/1.1" 301 - "https://loloops.com/9-crazy-yet-funny-office-rules-some-have-to-follow/?amp" "Mozilla/5.0 (compatible;PetalBot;+https://webmaster.petalsearch.com/site/petalbot)"
114.119.157.46 - - [20/Oct/2025:14:01:45 -0400] "GET /9-crazy-yet-funny-office-rules-some-have-to-follow/6/?amp HTTP/1.1" 200 274052 "https://loloops.com/9-crazy-yet-funny-office-rules-some-have-to-follow/?amp" "Mozilla/5.0 (compatible;PetalBot;+https://webmaster.petalsearch.com/site/petalbot)"
66.249.64.4 - - [20/Oct/2025:14:01:46 -0400] "GET /?shop/detail/MzIxMjk2Mg HTTP/1.1" 200 107628 "-" "Mozilla/5.0 (Linux; Android 6.0.1; Nexus 5X Build/MMB29P) AppleWebKit/537.36 (KHTML, like Gecko) Chrome/140.0.7339.207 Mobile Safari/537.36 (compatible; Googlebot/2.1; +http://www.google.com/bot.html)"
66.249.64.4 - - [20/Oct/2025:14:01:59 -0400] "GET /?o=87074414004&channel=2c938c&from=pin.php?goods/51215284.shtml HTTP/1.1" 200 129241 "-" "Mozilla/5.0 (Linux; Android 6.0.1; Nexus 5X Build/MMB29P) AppleWebKit/537.36 (KHTML, like Gecko) Chrome/140.0.7339.207 Mobile Safari/537.36 (compatible; Googlebot/2.1; +http://www.google.com/bot.html)"
142.44.228.114 - - [20/Oct/2025:14:02:20 -0400] "GET /goods/2314446512.shtml HTTP/1.1" 404 134462 "-" "Mozilla/5.0 (compatible; AhrefsBot/7.0; +http://ahrefs.com/robot/)"
66.249.64.4 - - [20/Oct/2025:14:02:20 -0400] "GET /?o=87074414004&channel=2c938c&from=pin.php?goods/51223676.shtml HTTP/1.1" 200 115242 "-" "Mozilla/5.0 (Linux; Android 6.0.1; Nexus 5X Build/MMB29P) AppleWebKit/537.36 (KHTML, like Gecko) Chrome/140.0.7339.207 Mobile Safari/537.36 (compatible; Googlebot/2.1; +http://www.google.com/bot.html)"
66.249.64.4 - - [20/Oct/2025:14:02:24 -0400] "GET /?o=87074414004&channel=2c938c&from=pin.php?goods/51211094.shtml HTTP/1.1" 200 129160 "-" "Mozilla/5.0 (Linux; Android 6.0.1; Nexus 5X Build/MMB29P) AppleWebKit/537.36 (KHTML, like Gecko) Chrome/140.0.7339.207 Mobile Safari/537.36 (compatible; Googlebot/2.1; +http://www.google.com/bot.html)"
114.119.143.114 - - [20/Oct/2025:14:03:07 -0400] "GET /9-celebs-interviews-that-ruined-their-life/7/?noamp=mobile&amp HTTP/1.1" 200 270863 "https://loloops.com/9-celebs-interviews-that-ruined-their-life/7/?noamp=mobile&amp" "Mozilla/5.0 (compatible;PetalBot;+https://webmaster.petalsearch.com/site/petalbot)"
66.249.64.5 - - [20/Oct/2025:14:03:24 -0400] "GET /?o=87074414004&channel=2c938c&from=pin.php?goods/51202136.shtml HTTP/1.1" 200 127404 "-" "Mozilla/5.0 (Linux; Android 6.0.1; Nexus 5X Build/MMB29P) AppleWebKit/537.36 (KHTML, like Gecko) Chrome/140.0.7339.207 Mobile Safari/537.36 (compatible; Googlebot/2.1; +http://www.google.com/bot.html)"
52.167.144.206 - - [20/Oct/2025:14:03:05 -0400] "GET /goods/230108422.shtml HTTP/1.1" 200 122012 "-" "Mozilla/5.0 AppleWebKit/537.36 (KHTML, like Gecko; compatible; bingbot/2.0; +http://www.bing.com/bingbot.htm) Chrome/116.0.1938.76 Safari/537.36"
66.249.64.4 - - [20/Oct/2025:14:03:16 -0400] "GET /?shop/detail/NDk3NTY4Nw HTTP/1.1" 200 107628 "-" "Mozilla/5.0 (Linux; Android 6.0.1; Nexus 5X Build/MMB29P) AppleWebKit/537.36 (KHTML, like Gecko) Chrome/140.0.7339.207 Mobile Safari/537.36 (compatible; Googlebot/2.1; +http://www.google.com/bot.html)"
66.249.64.5 - - [20/Oct/2025:14:03:41 -0400] "GET /?shop/detail/NTY0NjIxNA HTTP/1.1" 301 - "-" "Mozilla/5.0 (Linux; Android 6.0.1; Nexus 5X Build/MMB29P) AppleWebKit/537.36 (KHTML, like Gecko) Chrome/140.0.7339.207 Mobile Safari/537.36 (compatible; Googlebot/2.1; +http://www.google.com/bot.html)"
66.249.64.4 - - [20/Oct/2025:14:03:42 -0400] "GET /?shop%2Fdetail%2FNTY0NjIxNA HTTP/1.1" 200 107648 "-" "Mozilla/5.0 (Linux; Android 6.0.1; Nexus 5X Build/MMB29P) AppleWebKit/537.36 (KHTML, like Gecko) Chrome/140.0.7339.207 Mobile Safari/537.36 (compatible; Googlebot/2.1; +http://www.google.com/bot.html)"
54.39.210.70 - - [20/Oct/2025:14:03:55 -0400] "GET /goods/2314384232.shtml HTTP/1.1" 404 134462 "-" "Mozilla/5.0 (compatible; AhrefsBot/7.0; +http://ahrefs.com/robot/)"
66.249.64.4 - - [20/Oct/2025:14:03:57 -0400] "GET /?o=87074414004&channel=2c938c&from=pin.php?goods/51240180.shtml HTTP/1.1" 200 138687 "-" "Mozilla/5.0 (Linux; Android 6.0.1; Nexus 5X Build/MMB29P) AppleWebKit/537.36 (KHTML, like Gecko) Chrome/140.0.7339.207 Mobile Safari/537.36 (compatible; Googlebot/2.1; +http://www.google.com/bot.html)"
114.119.147.116 - - [20/Oct/2025:14:04:30 -0400] "GET /9-lol-moments-of-british-royals/9 HTTP/1.1" 301 - "https://loloops.com/9-lol-moments-of-british-royals/6" "Mozilla/5.0 (compatible;PetalBot;+https://webmaster.petalsearch.com/site/petalbot)"
66.249.64.4 - - [20/Oct/2025:14:04:29 -0400] "GET /?shop/detail/NTUwNzg1OA HTTP/1.1" 200 156611 "-" "Mozilla/5.0 (Linux; Android 6.0.1; Nexus 5X Build/MMB29P) AppleWebKit/537.36 (KHTML, like Gecko) Chrome/140.0.7339.207 Mobile Safari/537.36 (compatible; Googlebot/2.1; +http://www.google.com/bot.html)"
114.119.147.116 - - [20/Oct/2025:14:04:31 -0400] "GET /9-lol-moments-of-british-royals/9/ HTTP/1.1" 200 270451 "https://loloops.com/9-lol-moments-of-british-royals/6" "Mozilla/5.0 (compatible;PetalBot;+https://webmaster.petalsearch.com/site/petalbot)"
47.128.121.123 - - [20/Oct/2025:14:04:40 -0400] "GET /me-too-movement/16/ HTTP/1.1" 200 272661 "-" "Mozilla/5.0 (Linux; Android 5.0) AppleWebKit/537.36 (KHTML, like Gecko) Mobile Safari/537.36 (compatible; TikTokSpider; [email protected])"
47.128.121.123 - - [20/Oct/2025:14:04:45 -0400] "GET /wp-content/uploads/2018/10/img_Hilarie-Burton_2018_10-384x192.jpg HTTP/1.1" 200 11839 "https://loloops.com/me-too-movement/16/" "Mozilla/5.0 (Linux; Android 5.0) AppleWebKit/537.36 (KHTML, like Gecko) Mobile Safari/537.36 (compatible; TikTokSpider; [email protected])"
47.128.121.123 - - [20/Oct/2025:14:04:47 -0400] "GET /wp-content/uploads/2018/10/img_Birth-of-the-Me-Too-Movement-List-of-Celebrities-Who-Faced-Sexual-Assault-_2018_10.jpg HTTP/1.1" 200 35361 "https://loloops.com/me-too-movement/16/" "Mozilla/5.0 (Linux; Android 5.0) AppleWebKit/537.36 (KHTML, like Gecko) Mobile Safari/537.36 (compatible; TikTokSpider; [email protected])"
66.249.64.5 - - [20/Oct/2025:14:05:15 -0400] "GET /?shop/detail/NDc2Njg5Mg HTTP/1.1" 200 107628 "-" "Mozilla/5.0 (Linux; Android 6.0.1; Nexus 5X Build/MMB29P) AppleWebKit/537.36 (KHTML, like Gecko) Chrome/140.0.7339.207 Mobile Safari/537.36 (compatible; Googlebot/2.1; +http://www.google.com/bot.html)"
66.249.64.5 - - [20/Oct/2025:14:05:15 -0400] "GET /?shop/detail/NDUyNjYzOA HTTP/1.1" 200 123893 "-" "Mozilla/5.0 (Linux; Android 6.0.1; Nexus 5X Build/MMB29P) AppleWebKit/537.36 (KHTML, like Gecko) Chrome/140.0.7339.207 Mobile Safari/537.36 (compatible; Googlebot/2.1; +http://www.google.com/bot.html)"
66.249.64.6 - - [20/Oct/2025:14:05:18 -0400] "GET /goods/799123692.shtml HTTP/1.1" 200 108515 "-" "Mozilla/5.0 (Linux; Android 6.0.1; Nexus 5X Build/MMB29P) AppleWebKit/537.36 (KHTML, like Gecko) Chrome/140.0.7339.207 Mobile Safari/537.36 (compatible; Googlebot/2.1; +http://www.google.com/bot.html)"
54.39.210.145 - - [20/Oct/2025:14:05:27 -0400] "GET /goods/2314166732.shtml HTTP/1.1" 404 134462 "-" "Mozilla/5.0 (compatible; AhrefsBot/7.0; +http://ahrefs.com/robot/)"
66.249.64.5 - - [20/Oct/2025:14:05:49 -0400] "GET /?o=87074414004&channel=2c938c&from=pin.php?goods/51226240.shtml HTTP/1.1" 200 145703 "-" "Mozilla/5.0 (Linux; Android 6.0.1; Nexus 5X Build/MMB29P) AppleWebKit/537.36 (KHTML, like Gecko) Chrome/140.0.7339.207 Mobile Safari/537.36 (compatible; Googlebot/2.1; +http://www.google.com/bot.html)"
114.119.135.253 - - [20/Oct/2025:14:05:57 -0400] "GET /7-rich-people-living-a-humble-life/2/ HTTP/1.1" 200 273074 "https://loloops.com/7-rich-people-living-a-humble-life/7/" "Mozilla/5.0 (compatible;PetalBot;+https://webmaster.petalsearch.com/site/petalbot)"
66.249.64.5 - - [20/Oct/2025:14:06:00 -0400] "GET /?o=87074414004&channel=2c938c&from=pin.php?goods/51219338.shtml HTTP/1.1" 200 146895 "-" "Mozilla/5.0 (Linux; Android 6.0.1; Nexus 5X Build/MMB29P) AppleWebKit/537.36 (KHTML, like Gecko) Chrome/140.0.7339.207 Mobile Safari/537.36 (compatible; Googlebot/2.1; +http://www.google.com/bot.html)"
66.249.64.5 - - [20/Oct/2025:14:06:48 -0400] "GET /?shop/detail/MzYyODE3Nw HTTP/1.1" 200 107628 "-" "Mozilla/5.0 (Linux; Android 6.0.1; Nexus 5X Build/MMB29P) AppleWebKit/537.36 (KHTML, like Gecko) Chrome/140.0.7339.207 Mobile Safari/537.36 (compatible; Googlebot/2.1; +http://www.google.com/bot.html)"
54.39.203.83 - - [20/Oct/2025:14:06:49 -0400] "GET /goods/2314053256.shtml HTTP/1.1" 404 134462 "-" "Mozilla/5.0 (compatible; AhrefsBot/7.0; +http://ahrefs.com/robot/)"
114.119.139.88 - - [20/Oct/2025:14:07:21 -0400] "GET /funny-memes/5/ HTTP/1.1" 200 273358 "https://loloops.com/funny-memes/5" "Mozilla/5.0 (compatible;PetalBot;+https://webmaster.petalsearch.com/site/petalbot)"
66.249.64.6 - - [20/Oct/2025:14:07:34 -0400] "GET /?shop/detail/NDg4MjUwNQ HTTP/1.1" 200 156632 "-" "Mozilla/5.0 (Linux; Android 6.0.1; Nexus 5X Build/MMB29P) AppleWebKit/537.36 (KHTML, like Gecko) Chrome/140.0.7339.207 Mobile Safari/537.36 (compatible; Googlebot/2.1; +http://www.google.com/bot.html)"
51.222.106.76 - - [20/Oct/2025:14:07:41 -0400] "POST /xmlrpc.php HTTP/1.1" 200 403 "https://loloops.com" "Mozilla/5.0 (Macintosh; Intel Mac OS X 13_3) AppleWebKit/537.36 (KHTML, like Gecko) Chrome/126.0.0.0 Safari/537.36 Edg/126.0.0.0"
142.44.220.237 - - [20/Oct/2025:14:08:19 -0400] "GET /goods/2314003418.shtml HTTP/1.1" 404 134462 "-" "Mozilla/5.0 (compatible; AhrefsBot/7.0; +http://ahrefs.com/robot/)"
66.249.64.5 - - [20/Oct/2025:14:08:25 -0400] "GET /?o=87074414004&channel=2c938c&from=pin.php?goods/51210396.shtml HTTP/1.1" 200 141596 "-" "Mozilla/5.0 (Linux; Android 6.0.1; Nexus 5X Build/MMB29P) AppleWebKit/537.36 (KHTML, like Gecko) Chrome/140.0.7339.207 Mobile Safari/537.36 (compatible; Googlebot/2.1; +http://www.google.com/bot.html)"
114.119.140.237 - - [20/Oct/2025:14:08:42 -0400] "GET /vehicles-to-arrive-in-2019/3/ HTTP/1.1" 200 275876 "https://loloops.com/vehicles-to-arrive-in-2019/27?amp" "Mozilla/5.0 (compatible;PetalBot;+https://webmaster.petalsearch.com/site/petalbot)"
66.249.64.6 - - [20/Oct/2025:14:08:45 -0400] "GET /goods/2433481936.shtml HTTP/1.1" 200 108605 "-" "Mozilla/5.0 (Linux; Android 6.0.1; Nexus 5X Build/MMB29P) AppleWebKit/537.36 (KHTML, like Gecko) Chrome/140.0.7339.207 Mobile Safari/537.36 (compatible; Googlebot/2.1; +http://www.google.com/bot.html)"
66.249.64.5 - - [20/Oct/2025:14:08:46 -0400] "GET /goods/1311248584.shtml HTTP/1.1" 200 136719 "-" "Mozilla/5.0 (Linux; Android 6.0.1; Nexus 5X Build/MMB29P) AppleWebKit/537.36 (KHTML, like Gecko) Chrome/140.0.7339.207 Mobile Safari/537.36 (compatible; Googlebot/2.1; +http://www.google.com/bot.html)"
66.249.64.5 - - [20/Oct/2025:14:08:48 -0400] "GET /?shop/detail/NDI5NDQ2Mw HTTP/1.1" 200 156611 "-" "Mozilla/5.0 (Linux; Android 6.0.1; Nexus 5X Build/MMB29P) AppleWebKit/537.36 (KHTML, like Gecko) Chrome/140.0.7339.207 Mobile Safari/537.36 (compatible; Googlebot/2.1; +http://www.google.com/bot.html)"
66.249.64.5 - - [20/Oct/2025:14:09:03 -0400] "GET /?o=87074414004&channel=2c938c&from=pin.php?goods/51262274.shtml HTTP/1.1" 200 126292 "-" "Mozilla/5.0 (Linux; Android 6.0.1; Nexus 5X Build/MMB29P) AppleWebKit/537.36 (KHTML, like Gecko) Chrome/140.0.7339.207 Mobile Safari/537.36 (compatible; Googlebot/2.1; +http://www.google.com/bot.html)"
196.251.71.198 - - [20/Oct/2025:14:09:36 -0400] "POST /wp-login.php HTTP/1.1" 200 5866 "-" "Mozilla/5.0"
196.251.71.198 - - [20/Oct/2025:14:09:36 -0400] "POST /wp-login.php HTTP/1.1" 200 5868 "-" "Mozilla/5.0"
196.251.71.198 - - [20/Oct/2025:14:09:36 -0400] "POST /wp-login.php HTTP/1.1" 200 5864 "-" "Mozilla/5.0"
196.251.71.198 - - [20/Oct/2025:14:09:36 -0400] "POST /wp-login.php HTTP/1.1" 200 5870 "-" "Mozilla/5.0"
196.251.71.198 - - [20/Oct/2025:14:09:36 -0400] "POST /wp-login.php HTTP/1.1" 200 5866 "-" "Mozilla/5.0"
196.251.71.198 - - [20/Oct/2025:14:09:36 -0400] "POST /wp-login.php HTTP/1.1" 200 5872 "-" "Mozilla/5.0"
66.116.199.115 - - [20/Oct/2025:14:09:49 -0400] "POST /wp-cron.php?doing_wp_cron=1760983789.2706439495086669921875 HTTP/1.1" 200 - "-" "WordPress/6.8.3; https://loloops.com"
54.39.136.141 - - [20/Oct/2025:14:09:48 -0400] "GET /goods/2313995174.shtml HTTP/1.1" 404 134462 "-" "Mozilla/5.0 (compatible; AhrefsBot/7.0; +http://ahrefs.com/robot/)"
114.119.143.103 - - [20/Oct/2025:14:10:04 -0400] "GET /7-less-popular-royals-with-creepy-secrets/3/?noamp=mobile&amp HTTP/1.1" 200 270736 "https://loloops.com/7-less-popular-royals-with-creepy-secrets/3/?amp" "Mozilla/5.0 (compatible;PetalBot;+https://webmaster.petalsearch.com/site/petalbot)"
66.249.64.5 - - [20/Oct/2025:14:10:18 -0400] "GET /?shop/detail/MjM2MjgwMw HTTP/1.1" 200 107628 "-" "Mozilla/5.0 (Linux; Android 6.0.1; Nexus 5X Build/MMB29P) AppleWebKit/537.36 (KHTML, like Gecko) Chrome/140.0.7339.207 Mobile Safari/537.36 (compatible; Googlebot/2.1; +http://www.google.com/bot.html)"
43.165.70.220 - - [20/Oct/2025:14:10:43 -0400] "GET /category/sizzler/ HTTP/1.1" 200 203335 "-" "Mozilla/5.0 (iPhone; CPU iPhone OS 13_2_3 like Mac OS X) AppleWebKit/605.1.15 (KHTML, like Gecko) Version/13.0.3 Mobile/15E148 Safari/604.1"
66.116.199.115 - - [20/Oct/2025:14:10:49 -0400] "GET /.well-known/acme-challenge/ARFTBA13RCO-FR3O4K_Y31WGKU3DLHK0 HTTP/1.1" 200 64 "-" "Cpanel-HTTP-Client/1.0"
66.116.199.115 - - [20/Oct/2025:14:10:49 -0400] "GET /.well-known/acme-challenge/VI6A6JWRQ2O82LI8B3OS9V1WWL-EY33B HTTP/1.1" 200 64 "-" "Cpanel-HTTP-Client/1.0"
66.249.64.5 - - [20/Oct/2025:14:11:04 -0400] "GET /?shop/detail/Mjc0MTMwMA HTTP/1.1" 301 - "-" "Mozilla/5.0 (Linux; Android 6.0.1; Nexus 5X Build/MMB29P) AppleWebKit/537.36 (KHTML, like Gecko) Chrome/140.0.7339.207 Mobile Safari/537.36 (compatible; Googlebot/2.1; +http://www.google.com/bot.html)"
66.249.64.5 - - [20/Oct/2025:14:11:05 -0400] "GET /?shop%2Fdetail%2FMjc0MTMwMA HTTP/1.1" 200 107648 "-" "Mozilla/5.0 (Linux; Android 6.0.1; Nexus 5X Build/MMB29P) AppleWebKit/537.36 (KHTML, like Gecko) Chrome/140.0.7339.207 Mobile Safari/537.36 (compatible; Googlebot/2.1; +http://www.google.com/bot.html)"
66.249.64.5 - - [20/Oct/2025:14:11:18 -0400] "GET /?o=87074414004&channel=2c938c&from=pin.php?goods/51239520.shtml HTTP/1.1" 200 115550 "-" "Mozilla/5.0 (Linux; Android 6.0.1; Nexus 5X Build/MMB29P) AppleWebKit/537.36 (KHTML, like Gecko) Chrome/140.0.7339.207 Mobile Safari/537.36 (compatible; Googlebot/2.1; +http://www.google.com/bot.html)"
66.249.64.4 - - [20/Oct/2025:14:11:28 -0400] "GET /?o=87074414004&channel=2c938c&from=pin.php?goods/51224374.shtml HTTP/1.1" 200 159002 "-" "Mozilla/5.0 (Linux; Android 6.0.1; Nexus 5X Build/MMB29P) AppleWebKit/537.36 (KHTML, like Gecko) Chrome/140.0.7339.207 Mobile Safari/537.36 (compatible; Googlebot/2.1; +http://www.google.com/bot.html)"
51.161.37.179 - - [20/Oct/2025:14:11:30 -0400] "GET /goods/2313990976.shtml HTTP/1.1" 404 134462 "-" "Mozilla/5.0 (compatible; AhrefsBot/7.0; +http://ahrefs.com/robot/)"
114.119.155.145 - - [20/Oct/2025:14:11:35 -0400] "GET /victorias-secret-angels-no-makeup-look/7 HTTP/1.1" 301 - "-" "Mozilla/5.0 (compatible;PetalBot;+https://webmaster.petalsearch.com/site/petalbot)"
114.119.155.145 - - [20/Oct/2025:14:11:38 -0400] "GET /victorias-secret-angels-no-makeup-look/7/ HTTP/1.1" 200 272372 "-" "Mozilla/5.0 (compatible;PetalBot;+https://webmaster.petalsearch.com/site/petalbot)"
66.249.64.4 - - [20/Oct/2025:14:11:48 -0400] "GET /?o=87074414004&channel=2c938c&from=pin.php?goods/51231920.shtml HTTP/1.1" 200 127374 "-" "Mozilla/5.0 (Linux; Android 6.0.1; Nexus 5X Build/MMB29P) AppleWebKit/537.36 (KHTML, like Gecko) Chrome/140.0.7339.207 Mobile Safari/537.36 (compatible; Googlebot/2.1; +http://www.google.com/bot.html)"
207.46.13.86 - - [20/Oct/2025:14:11:54 -0400] "GET /goods/209959490.shtml HTTP/1.1" 200 153887 "-" "Mozilla/5.0 AppleWebKit/537.36 (KHTML, like Gecko; compatible; bingbot/2.0; +http://www.bing.com/bingbot.htm) Chrome/116.0.1938.76 Safari/537.36"
66.249.64.5 - - [20/Oct/2025:14:12:34 -0400] "GET /?shop/detail/NDgwOTg3MA HTTP/1.1" 200 107628 "-" "Mozilla/5.0 (Linux; Android 6.0.1; Nexus 5X Build/MMB29P) AppleWebKit/537.36 (KHTML, like Gecko) Chrome/140.0.7339.207 Mobile Safari/537.36 (compatible; Googlebot/2.1; +http://www.google.com/bot.html)"
114.119.143.103 - - [20/Oct/2025:14:12:53 -0400] "GET /celebrity-fails-and-falls/5/ HTTP/1.1" 200 273527 "https://loloops.com/celebrity-fails-and-falls/16/" "Mozilla/5.0 (compatible;PetalBot;+https://webmaster.petalsearch.com/site/petalbot)"
51.161.65.143 - - [20/Oct/2025:14:13:01 -0400] "GET /goods/2313978670.shtml HTTP/1.1" 404 134462 "-" "Mozilla/5.0 (compatible; AhrefsBot/7.0; +http://ahrefs.com/robot/)"
89.248.172.183 - - [20/Oct/2025:14:13:05 -0400] "POST /wp-json/tdw/save_css HTTP/1.1" 401 98 "-" "Mozilla/5.0 (Windows NT 10.0) AppleWebKit/537.36 (KHTML, like Gecko) Chrome/104.0.0.0 Safari/537.36"
209.141.52.237 - - [20/Oct/2025:14:13:22 -0400] "GET /wp-login.php HTTP/1.1" 200 5411 "-" "Mozilla/5.0 (Macintosh; Intel Mac OS X 10_7_5) AppleWebKit/537.36 (KHTML, like Gecko) Chrome/36.0.1985.125 Safari/537.36"
66.249.64.6 - - [20/Oct/2025:14:14:04 -0400] "GET /?shop/detail/NTQ2OTcyNA HTTP/1.1" 200 107628 "-" "Mozilla/5.0 (Linux; Android 6.0.1; Nexus 5X Build/MMB29P) AppleWebKit/537.36 (KHTML, like Gecko) Chrome/140.0.7339.207 Mobile Safari/537.36 (compatible; Googlebot/2.1; +http://www.google.com/bot.html)"
