114.119.143.114 - - [20/Oct/2025:14:36:35 -0400] "GET /11-best-funny-pet-video-compilation-ever/5/?amp HTTP/1.1" 200 270884 "https://loloops.com/11-best-funny-pet-video-compilation-ever/5/?amp" "Mozilla/5.0 (compatible;PetalBot;+https://webmaster.petalsearch.com/site/petalbot)"
216.73.216.54 - - [20/Oct/2025:14:36:35 -0400] "GET /goods/2028499790.shtml HTTP/1.1" 404 134462 "-" "Mozilla/5.0 AppleWebKit/537.36 (KHTML, like Gecko; compatible; ClaudeBot/1.0; [email protected])"
216.73.216.54 - - [20/Oct/2025:14:36:38 -0400] "GET /goods/2028281758.shtml HTTP/1.1" 404 134462 "-" "Mozilla/5.0 AppleWebKit/537.36 (KHTML, like Gecko; compatible; ClaudeBot/1.0; [email protected])"
216.73.216.54 - - [20/Oct/2025:14:36:41 -0400] "GET /goods/2028152438.shtml HTTP/1.1" 404 134462 "-" "Mozilla/5.0 AppleWebKit/537.36 (KHTML, like Gecko; compatible; ClaudeBot/1.0; [email protected])"
216.73.216.54 - - [20/Oct/2025:14:36:44 -0400] "GET /goods/2028240304.shtml HTTP/1.1" 404 134462 "-" "Mozilla/5.0 AppleWebKit/537.36 (KHTML, like Gecko; compatible; ClaudeBot/1.0; [email protected])"
216.73.216.54 - - [20/Oct/2025:14:36:47 -0400] "GET /goods/2028007642.shtml HTTP/1.1" 404 134462 "-" "Mozilla/5.0 AppleWebKit/537.36 (KHTML, like Gecko; compatible; ClaudeBot/1.0; [email protected])"
216.73.216.54 - - [20/Oct/2025:14:36:50 -0400] "GET /goods/2027949552.shtml HTTP/1.1" 404 134462 "-" "Mozilla/5.0 AppleWebKit/537.36 (KHTML, like Gecko; compatible; ClaudeBot/1.0; [email protected])"
216.73.216.54 - - [20/Oct/2025:14:36:53 -0400] "GET /goods/2027947558.shtml HTTP/1.1" 404 134462 "-" "Mozilla/5.0 AppleWebKit/537.36 (KHTML, like Gecko; compatible; ClaudeBot/1.0; [email protected])"
216.73.216.54 - - [20/Oct/2025:14:36:56 -0400] "GET /goods/2027982746.shtml HTTP/1.1" 404 134462 "-" "Mozilla/5.0 AppleWebKit/537.36 (KHTML, like Gecko; compatible; ClaudeBot/1.0; [email protected])"
216.73.216.54 - - [20/Oct/2025:14:36:59 -0400] "GET /goods/2027822812.shtml HTTP/1.1" 404 134462 "-" "Mozilla/5.0 AppleWebKit/537.36 (KHTML, like Gecko; compatible; ClaudeBot/1.0; [email protected])"
216.73.216.54 - - [20/Oct/2025:14:37:02 -0400] "GET /goods/2028306654.shtml HTTP/1.1" 404 134462 "-" "Mozilla/5.0 AppleWebKit/537.36 (KHTML, like Gecko; compatible; ClaudeBot/1.0; [email protected])"
216.73.216.54 - - [20/Oct/2025:14:37:05 -0400] "GET /goods/2027927368.shtml HTTP/1.1" 404 134462 "-" "Mozilla/5.0 AppleWebKit/537.36 (KHTML, like Gecko; compatible; ClaudeBot/1.0; [email protected])"
216.73.216.54 - - [20/Oct/2025:14:37:08 -0400] "GET /goods/2028217430.shtml HTTP/1.1" 404 134462 "-" "Mozilla/5.0 AppleWebKit/537.36 (KHTML, like Gecko; compatible; ClaudeBot/1.0; [email protected])"
40.77.167.47 - - [20/Oct/2025:14:37:10 -0400] "GET /goods/50684448.shtml HTTP/1.1" 200 118118 "-" "Mozilla/5.0 AppleWebKit/537.36 (KHTML, like Gecko; compatible; bingbot/2.0; +http://www.bing.com/bingbot.htm) Chrome/116.0.1938.76 Safari/537.36"
216.73.216.54 - - [20/Oct/2025:14:37:11 -0400] "GET /goods/2028342036.shtml HTTP/1.1" 404 134462 "-" "Mozilla/5.0 AppleWebKit/537.36 (KHTML, like Gecko; compatible; ClaudeBot/1.0; [email protected])"
66.249.64.5 - - [20/Oct/2025:14:37:13 -0400] "GET /?shop/detail/NDU4NzM0Mg HTTP/1.1" 200 156632 "-" "Mozilla/5.0 (Linux; Android 6.0.1; Nexus 5X Build/MMB29P) AppleWebKit/537.36 (KHTML, like Gecko) Chrome/140.0.7339.207 Mobile Safari/537.36 (compatible; Googlebot/2.1; +http://www.google.com/bot.html)"
216.73.216.54 - - [20/Oct/2025:14:37:14 -0400] "GET /goods/2028370470.shtml HTTP/1.1" 404 134462 "-" "Mozilla/5.0 AppleWebKit/537.36 (KHTML, like Gecko; compatible; ClaudeBot/1.0; [email protected])"
216.73.216.54 - - [20/Oct/2025:14:37:17 -0400] "GET /goods/2027798048.shtml HTTP/1.1" 404 134462 "-" "Mozilla/5.0 AppleWebKit/537.36 (KHTML, like Gecko; compatible; ClaudeBot/1.0; [email protected])"
66.249.64.5 - - [20/Oct/2025:14:37:18 -0400] "GET /?o=5013782467000&channel=26c9af&from=brands.php?goods/996990478.shtml HTTP/1.1" 200 136361 "-" "Mozilla/5.0 (Linux; Android 6.0.1; Nexus 5X Build/MMB29P) AppleWebKit/537.36 (KHTML, like Gecko) Chrome/140.0.7339.207 Mobile Safari/537.36 (compatible; Googlebot/2.1; +http://www.google.com/bot.html)"
216.73.216.54 - - [20/Oct/2025:14:37:20 -0400] "GET /goods/2027782204.shtml HTTP/1.1" 404 134462 "-" "Mozilla/5.0 AppleWebKit/537.36 (KHTML, like Gecko; compatible; ClaudeBot/1.0; [email protected])"
216.73.216.54 - - [20/Oct/2025:14:37:23 -0400] "GET /goods/2027794370.shtml HTTP/1.1" 404 134462 "-" "Mozilla/5.0 AppleWebKit/537.36 (KHTML, like Gecko; compatible; ClaudeBot/1.0; [email protected])"
216.73.216.54 - - [20/Oct/2025:14:37:26 -0400] "GET /goods/2028348100.shtml HTTP/1.1" 404 134462 "-" "Mozilla/5.0 AppleWebKit/537.36 (KHTML, like Gecko; compatible; ClaudeBot/1.0; [email protected])"
216.73.216.54 - - [20/Oct/2025:14:37:29 -0400] "GET /goods/2028256164.shtml HTTP/1.1" 404 134462 "-" "Mozilla/5.0 AppleWebKit/537.36 (KHTML, like Gecko; compatible; ClaudeBot/1.0; [email protected])"
216.73.216.54 - - [20/Oct/2025:14:37:32 -0400] "GET /goods/2028345520.shtml HTTP/1.1" 404 134462 "-" "Mozilla/5.0 AppleWebKit/537.36 (KHTML, like Gecko; compatible; ClaudeBot/1.0; [email protected])"
216.73.216.54 - - [20/Oct/2025:14:37:35 -0400] "GET /goods/2028153082.shtml HTTP/1.1" 404 134462 "-" "Mozilla/5.0 AppleWebKit/537.36 (KHTML, like Gecko; compatible; ClaudeBot/1.0; [email protected])"
216.73.216.54 - - [20/Oct/2025:14:37:38 -0400] "GET /goods/2028193178.shtml HTTP/1.1" 404 134462 "-" "Mozilla/5.0 AppleWebKit/537.36 (KHTML, like Gecko; compatible; ClaudeBot/1.0; [email protected])"
216.73.216.54 - - [20/Oct/2025:14:37:41 -0400] "GET /goods/2027858846.shtml HTTP/1.1" 404 134462 "-" "Mozilla/5.0 AppleWebKit/537.36 (KHTML, like Gecko; compatible; ClaudeBot/1.0; [email protected])"
216.73.216.54 - - [20/Oct/2025:14:37:44 -0400] "GET /goods/2028404960.shtml HTTP/1.1" 404 134462 "-" "Mozilla/5.0 AppleWebKit/537.36 (KHTML, like Gecko; compatible; ClaudeBot/1.0; [email protected])"
216.73.216.54 - - [20/Oct/2025:14:37:47 -0400] "GET /goods/2028252618.shtml HTTP/1.1" 404 134462 "-" "Mozilla/5.0 AppleWebKit/537.36 (KHTML, like Gecko; compatible; ClaudeBot/1.0; [email protected])"
216.73.216.54 - - [20/Oct/2025:14:37:50 -0400] "GET /goods/2027914364.shtml HTTP/1.1" 404 134462 "-" "Mozilla/5.0 AppleWebKit/537.36 (KHTML, like Gecko; compatible; ClaudeBot/1.0; [email protected])"
216.73.216.54 - - [20/Oct/2025:14:37:53 -0400] "GET /goods/2028388456.shtml HTTP/1.1" 404 134462 "-" "Mozilla/5.0 AppleWebKit/537.36 (KHTML, like Gecko; compatible; ClaudeBot/1.0; [email protected])"
216.73.216.54 - - [20/Oct/2025:14:37:56 -0400] "GET /goods/2028488120.shtml HTTP/1.1" 404 134462 "-" "Mozilla/5.0 AppleWebKit/537.36 (KHTML, like Gecko; compatible; ClaudeBot/1.0; [email protected])"
114.119.143.103 - - [20/Oct/2025:14:37:58 -0400] "GET /movie-scenes-which-never-fail-to-frustrate/2/?amp HTTP/1.1" 200 270029 "https://loloops.com/movie-scenes-which-never-fail-to-frustrate/2/?amp" "Mozilla/5.0 (compatible;PetalBot;+https://webmaster.petalsearch.com/site/petalbot)"
216.73.216.54 - - [20/Oct/2025:14:37:59 -0400] "GET /goods/2028118584.shtml HTTP/1.1" 404 134462 "-" "Mozilla/5.0 AppleWebKit/537.36 (KHTML, like Gecko; compatible; ClaudeBot/1.0; [email protected])"
216.73.216.54 - - [20/Oct/2025:14:38:02 -0400] "GET /goods/2028210520.shtml HTTP/1.1" 404 134462 "-" "Mozilla/5.0 AppleWebKit/537.36 (KHTML, like Gecko; compatible; ClaudeBot/1.0; [email protected])"
216.73.216.54 - - [20/Oct/2025:14:38:05 -0400] "GET /goods/2028251974.shtml HTTP/1.1" 404 134462 "-" "Mozilla/5.0 AppleWebKit/537.36 (KHTML, like Gecko; compatible; ClaudeBot/1.0; [email protected])"
216.73.216.54 - - [20/Oct/2025:14:38:08 -0400] "GET /goods/2028301940.shtml HTTP/1.1" 404 134462 "-" "Mozilla/5.0 AppleWebKit/537.36 (KHTML, like Gecko; compatible; ClaudeBot/1.0; [email protected])"
216.73.216.54 - - [20/Oct/2025:14:38:11 -0400] "GET /goods/2027794518.shtml HTTP/1.1" 404 134462 "-" "Mozilla/5.0 AppleWebKit/537.36 (KHTML, like Gecko; compatible; ClaudeBot/1.0; [email protected])"
216.73.216.54 - - [20/Oct/2025:14:38:14 -0400] "GET /goods/2028196018.shtml HTTP/1.1" 404 134462 "-" "Mozilla/5.0 AppleWebKit/537.36 (KHTML, like Gecko; compatible; ClaudeBot/1.0; [email protected])"
216.73.216.54 - - [20/Oct/2025:14:38:17 -0400] "GET /goods/2027804112.shtml HTTP/1.1" 404 134462 "-" "Mozilla/5.0 AppleWebKit/537.36 (KHTML, like Gecko; compatible; ClaudeBot/1.0; [email protected])"
216.73.216.54 - - [20/Oct/2025:14:38:20 -0400] "GET /goods/2027803468.shtml HTTP/1.1" 404 134462 "-" "Mozilla/5.0 AppleWebKit/537.36 (KHTML, like Gecko; compatible; ClaudeBot/1.0; [email protected])"
54.39.0.83 - - [20/Oct/2025:14:38:20 -0400] "GET /9-perfectly-timed-pics-of-celebs/ HTTP/1.1" 200 270480 "-" "Mozilla/5.0 (compatible; AhrefsBot/7.0; +http://ahrefs.com/robot/)"
216.73.216.54 - - [20/Oct/2025:14:38:23 -0400] "GET /goods/2027955802.shtml HTTP/1.1" 404 134462 "-" "Mozilla/5.0 AppleWebKit/537.36 (KHTML, like Gecko; compatible; ClaudeBot/1.0; [email protected])"
216.73.216.54 - - [20/Oct/2025:14:38:26 -0400] "GET /goods/2028383436.shtml HTTP/1.1" 404 134462 "-" "Mozilla/5.0 AppleWebKit/537.36 (KHTML, like Gecko; compatible; ClaudeBot/1.0; [email protected])"
216.73.216.54 - - [20/Oct/2025:14:38:29 -0400] "GET /goods/2028160682.shtml HTTP/1.1" 404 134462 "-" "Mozilla/5.0 AppleWebKit/537.36 (KHTML, like Gecko; compatible; ClaudeBot/1.0; [email protected])"
45.61.184.20 - - [20/Oct/2025:14:38:30 -0400] "GET /wp-login.php HTTP/1.1" 200 5411 "-" "Mozilla/5.0 (Windows NT 6.1; WOW64; rv:29.0) Gecko/20100101 Firefox/29.0"
216.73.216.54 - - [20/Oct/2025:14:38:32 -0400] "GET /goods/2028098402.shtml HTTP/1.1" 404 134462 "-" "Mozilla/5.0 AppleWebKit/537.36 (KHTML, like Gecko; compatible; ClaudeBot/1.0; [email protected])"
216.73.216.54 - - [20/Oct/2025:14:38:35 -0400] "GET /goods/2028215940.shtml HTTP/1.1" 404 134462 "-" "Mozilla/5.0 AppleWebKit/537.36 (KHTML, like Gecko; compatible; ClaudeBot/1.0; [email protected])"
216.73.216.54 - - [20/Oct/2025:14:38:38 -0400] "GET /goods/2028304652.shtml HTTP/1.1" 404 134462 "-" "Mozilla/5.0 AppleWebKit/537.36 (KHTML, like Gecko; compatible; ClaudeBot/1.0; [email protected])"
216.73.216.54 - - [20/Oct/2025:14:38:41 -0400] "GET /goods/2027788966.shtml HTTP/1.1" 404 134462 "-" "Mozilla/5.0 AppleWebKit/537.36 (KHTML, like Gecko; compatible; ClaudeBot/1.0; [email protected])"
66.249.64.5 - - [20/Oct/2025:14:38:42 -0400] "GET /?shop/detail/NDI1NTY1NQ HTTP/1.1" 200 156611 "-" "Mozilla/5.0 (Linux; Android 6.0.1; Nexus 5X Build/MMB29P) AppleWebKit/537.36 (KHTML, like Gecko) Chrome/140.0.7339.207 Mobile Safari/537.36 (compatible; Googlebot/2.1; +http://www.google.com/bot.html)"
216.73.216.54 - - [20/Oct/2025:14:38:44 -0400] "GET /goods/2027849244.shtml HTTP/1.1" 404 134462 "-" "Mozilla/5.0 AppleWebKit/537.36 (KHTML, like Gecko; compatible; ClaudeBot/1.0; [email protected])"
45.61.184.20 - - [20/Oct/2025:14:38:48 -0400] "POST /wp-login.php HTTP/1.1" 200 5894 "-" "Mozilla/5.0 (Windows NT 6.1; WOW64; rv:29.0) Gecko/20100101 Firefox/29.0"
216.73.216.54 - - [20/Oct/2025:14:38:47 -0400] "GET /goods/2028374532.shtml HTTP/1.1" 404 134462 "-" "Mozilla/5.0 AppleWebKit/537.36 (KHTML, like Gecko; compatible; ClaudeBot/1.0; [email protected])"
216.73.216.54 - - [20/Oct/2025:14:38:50 -0400] "GET /goods/2028082558.shtml HTTP/1.1" 404 134462 "-" "Mozilla/5.0 AppleWebKit/537.36 (KHTML, like Gecko; compatible; ClaudeBot/1.0; [email protected])"
216.73.216.54 - - [20/Oct/2025:14:38:53 -0400] "GET /goods/2027842342.shtml HTTP/1.1" 404 134462 "-" "Mozilla/5.0 AppleWebKit/537.36 (KHTML, like Gecko; compatible; ClaudeBot/1.0; [email protected])"
216.73.216.54 - - [20/Oct/2025:14:38:56 -0400] "GET /goods/2028401476.shtml HTTP/1.1" 404 134462 "-" "Mozilla/5.0 AppleWebKit/537.36 (KHTML, like Gecko; compatible; ClaudeBot/1.0; [email protected])"
216.73.216.54 - - [20/Oct/2025:14:38:59 -0400] "GET /goods/2028218780.shtml HTTP/1.1" 404 134462 "-" "Mozilla/5.0 AppleWebKit/537.36 (KHTML, like Gecko; compatible; ClaudeBot/1.0; [email protected])"
216.73.216.54 - - [20/Oct/2025:14:39:02 -0400] "GET /goods/2028474196.shtml HTTP/1.1" 404 134462 "-" "Mozilla/5.0 AppleWebKit/537.36 (KHTML, like Gecko; compatible; ClaudeBot/1.0; [email protected])"
216.73.216.54 - - [20/Oct/2025:14:39:05 -0400] "GET /goods/2028221620.shtml HTTP/1.1" 404 134462 "-" "Mozilla/5.0 AppleWebKit/537.36 (KHTML, like Gecko; compatible; ClaudeBot/1.0; [email protected])"
216.73.216.54 - - [20/Oct/2025:14:39:12 -0400] "GET /goods/2027908684.shtml HTTP/1.1" 404 134462 "-" "Mozilla/5.0 AppleWebKit/537.36 (KHTML, like Gecko; compatible; ClaudeBot/1.0; [email protected])"
216.73.216.54 - - [20/Oct/2025:14:39:14 -0400] "GET /goods/2027999398.shtml HTTP/1.1" 404 134462 "-" "Mozilla/5.0 AppleWebKit/537.36 (KHTML, like Gecko; compatible; ClaudeBot/1.0; [email protected])"
216.73.216.54 - - [20/Oct/2025:14:39:17 -0400] "GET /goods/2027970304.shtml HTTP/1.1" 404 134462 "-" "Mozilla/5.0 AppleWebKit/537.36 (KHTML, like Gecko; compatible; ClaudeBot/1.0; [email protected])"
216.73.216.54 - - [20/Oct/2025:14:39:20 -0400] "GET /goods/2027910174.shtml HTTP/1.1" 404 134462 "-" "Mozilla/5.0 AppleWebKit/537.36 (KHTML, like Gecko; compatible; ClaudeBot/1.0; [email protected])"
114.119.155.145 - - [20/Oct/2025:14:39:22 -0400] "GET /funniest-movies-of-all-time/19 HTTP/1.1" 301 - "https://loloops.com/funniest-movies-of-all-time" "Mozilla/5.0 (compatible;PetalBot;+https://webmaster.petalsearch.com/site/petalbot)"
216.73.216.54 - - [20/Oct/2025:14:39:23 -0400] "GET /goods/2027966242.shtml HTTP/1.1" 404 134462 "-" "Mozilla/5.0 AppleWebKit/537.36 (KHTML, like Gecko; compatible; ClaudeBot/1.0; [email protected])"
114.119.155.145 - - [20/Oct/2025:14:39:25 -0400] "GET /funniest-movies-of-all-time/19/ HTTP/1.1" 200 274964 "https://loloops.com/funniest-movies-of-all-time" "Mozilla/5.0 (compatible;PetalBot;+https://webmaster.petalsearch.com/site/petalbot)"
216.73.216.54 - - [20/Oct/2025:14:39:26 -0400] "GET /goods/2027790448.shtml HTTP/1.1" 404 134462 "-" "Mozilla/5.0 AppleWebKit/537.36 (KHTML, like Gecko; compatible; ClaudeBot/1.0; [email protected])"
216.73.216.54 - - [20/Oct/2025:14:39:29 -0400] "GET /goods/2027928028.shtml HTTP/1.1" 404 134462 "-" "Mozilla/5.0 AppleWebKit/537.36 (KHTML, like Gecko; compatible; ClaudeBot/1.0; [email protected])"
216.73.216.54 - - [20/Oct/2025:14:39:32 -0400] "GET /goods/2028178684.shtml HTTP/1.1" 404 134462 "-" "Mozilla/5.0 AppleWebKit/537.36 (KHTML, like Gecko; compatible; ClaudeBot/1.0; [email protected])"
216.73.216.54 - - [20/Oct/2025:14:39:35 -0400] "GET /goods/2027926678.shtml HTTP/1.1" 404 134462 "-" "Mozilla/5.0 AppleWebKit/537.36 (KHTML, like Gecko; compatible; ClaudeBot/1.0; [email protected])"
66.249.64.4 - - [20/Oct/2025:14:39:35 -0400] "GET /?shop%2Fdetail%2FMzc0NzMxNQ HTTP/1.1" 200 107648 "-" "Mozilla/5.0 (Linux; Android 6.0.1; Nexus 5X Build/MMB29P) AppleWebKit/537.36 (KHTML, like Gecko) Chrome/140.0.7339.207 Mobile Safari/537.36 (compatible; Googlebot/2.1; +http://www.google.com/bot.html)"
66.249.64.4 - - [20/Oct/2025:14:39:35 -0400] "GET /?zhHant/product/surugaya/L1701532021?campaign_uid=f64d716db5e979ed2f947dbaf4296895b951ae7f HTTP/1.1" 200 157432 "-" "Mozilla/5.0 (Linux; Android 6.0.1; Nexus 5X Build/MMB29P) AppleWebKit/537.36 (KHTML, like Gecko) Chrome/140.0.7339.207 Mobile Safari/537.36 (compatible; Googlebot/2.1; +http://www.google.com/bot.html)"
216.73.216.54 - - [20/Oct/2025:14:39:38 -0400] "GET /goods/2028328178.shtml HTTP/1.1" 404 134462 "-" "Mozilla/5.0 AppleWebKit/537.36 (KHTML, like Gecko; compatible; ClaudeBot/1.0; [email protected])"
216.73.216.54 - - [20/Oct/2025:14:39:41 -0400] "GET /goods/2027876188.shtml HTTP/1.1" 404 134462 "-" "Mozilla/5.0 AppleWebKit/537.36 (KHTML, like Gecko; compatible; ClaudeBot/1.0; [email protected])"
216.73.216.54 - - [20/Oct/2025:14:39:44 -0400] "GET /goods/2027950398.shtml HTTP/1.1" 404 134462 "-" "Mozilla/5.0 AppleWebKit/537.36 (KHTML, like Gecko; compatible; ClaudeBot/1.0; [email protected])"
216.73.216.54 - - [20/Oct/2025:14:39:47 -0400] "GET /goods/2027864398.shtml HTTP/1.1" 404 134462 "-" "Mozilla/5.0 AppleWebKit/537.36 (KHTML, like Gecko; compatible; ClaudeBot/1.0; [email protected])"
216.73.216.54 - - [20/Oct/2025:14:39:50 -0400] "GET /goods/2028344876.shtml HTTP/1.1" 404 134462 "-" "Mozilla/5.0 AppleWebKit/537.36 (KHTML, like Gecko; compatible; ClaudeBot/1.0; [email protected])"
216.73.216.54 - - [20/Oct/2025:14:39:53 -0400] "GET /goods/2027777168.shtml HTTP/1.1" 404 134462 "-" "Mozilla/5.0 AppleWebKit/537.36 (KHTML, like Gecko; compatible; ClaudeBot/1.0; [email protected])"
216.73.216.54 - - [20/Oct/2025:14:39:56 -0400] "GET /goods/2027818750.shtml HTTP/1.1" 404 134462 "-" "Mozilla/5.0 AppleWebKit/537.36 (KHTML, like Gecko; compatible; ClaudeBot/1.0; [email protected])"
207.46.13.154 - - [20/Oct/2025:14:39:58 -0400] "GET /goods/873762620.shtml HTTP/1.1" 200 129711 "-" "Mozilla/5.0 AppleWebKit/537.36 (KHTML, like Gecko; compatible; bingbot/2.0; +http://www.bing.com/bingbot.htm) Chrome/116.0.1938.76 Safari/537.36"
216.73.216.54 - - [20/Oct/2025:14:39:59 -0400] "GET /goods/2027811860.shtml HTTP/1.1" 404 134462 "-" "Mozilla/5.0 AppleWebKit/537.36 (KHTML, like Gecko; compatible; ClaudeBot/1.0; [email protected])"
216.73.216.54 - - [20/Oct/2025:14:40:02 -0400] "GET /goods/2027973804.shtml HTTP/1.1" 404 134462 "-" "Mozilla/5.0 AppleWebKit/537.36 (KHTML, like Gecko; compatible; ClaudeBot/1.0; [email protected])"
216.73.216.54 - - [20/Oct/2025:14:40:05 -0400] "GET /goods/2028211878.shtml HTTP/1.1" 404 134462 "-" "Mozilla/5.0 AppleWebKit/537.36 (KHTML, like Gecko; compatible; ClaudeBot/1.0; [email protected])"
207.46.13.154 - - [20/Oct/2025:14:40:07 -0400] "GET /wp-content/uploads/2018/07/ur-24.jpg HTTP/1.1" 200 100167 "-" "Mozilla/5.0 AppleWebKit/537.36 (KHTML, like Gecko; compatible; bingbot/2.0; +http://www.bing.com/bingbot.htm) Chrome/116.0.1938.76 Safari/537.36"
216.73.216.54 - - [20/Oct/2025:14:40:08 -0400] "GET /goods/2028412560.shtml HTTP/1.1" 404 134462 "-" "Mozilla/5.0 AppleWebKit/537.36 (KHTML, like Gecko; compatible; ClaudeBot/1.0; [email protected])"
216.73.216.54 - - [20/Oct/2025:14:40:11 -0400] "GET /goods/2028153788.shtml HTTP/1.1" 404 134462 "-" "Mozilla/5.0 AppleWebKit/537.36 (KHTML, like Gecko; compatible; ClaudeBot/1.0; [email protected])"
216.73.216.54 - - [20/Oct/2025:14:40:14 -0400] "GET /goods/2027867238.shtml HTTP/1.1" 404 134462 "-" "Mozilla/5.0 AppleWebKit/537.36 (KHTML, like Gecko; compatible; ClaudeBot/1.0; [email protected])"
216.73.216.54 - - [20/Oct/2025:14:40:17 -0400] "GET /goods/2028323996.shtml HTTP/1.1" 404 134462 "-" "Mozilla/5.0 AppleWebKit/537.36 (KHTML, like Gecko; compatible; ClaudeBot/1.0; [email protected])"
216.73.216.54 - - [20/Oct/2025:14:40:20 -0400] "GET /goods/2028468776.shtml HTTP/1.1" 404 134462 "-" "Mozilla/5.0 AppleWebKit/537.36 (KHTML, like Gecko; compatible; ClaudeBot/1.0; [email protected])"
216.73.216.54 - - [20/Oct/2025:14:40:23 -0400] "GET /goods/2027925188.shtml HTTP/1.1" 404 134462 "-" "Mozilla/5.0 AppleWebKit/537.36 (KHTML, like Gecko; compatible; ClaudeBot/1.0; [email protected])"
216.73.216.54 - - [20/Oct/2025:14:40:26 -0400] "GET /goods/2028439504.shtml HTTP/1.1" 404 134462 "-" "Mozilla/5.0 AppleWebKit/537.36 (KHTML, like Gecko; compatible; ClaudeBot/1.0; [email protected])"
54.39.203.194 - - [20/Oct/2025:14:40:27 -0400] "GET /9-crazy-yet-funny-office-rules-some-have-to-follow/2/ HTTP/1.1" 200 274121 "-" "Mozilla/5.0 (compatible; AhrefsBot/7.0; +http://ahrefs.com/robot/)"
216.73.216.54 - - [20/Oct/2025:14:40:29 -0400] "GET /goods/2028080362.shtml HTTP/1.1" 404 134462 "-" "Mozilla/5.0 AppleWebKit/537.36 (KHTML, like Gecko; compatible; ClaudeBot/1.0; [email protected])"
216.73.216.54 - - [20/Oct/2025:14:40:32 -0400] "GET /goods/2027975146.shtml HTTP/1.1" 404 134462 "-" "Mozilla/5.0 AppleWebKit/537.36 (KHTML, like Gecko; compatible; ClaudeBot/1.0; [email protected])"
216.73.216.54 - - [20/Oct/2025:14:40:35 -0400] "GET /goods/2027915706.shtml HTTP/1.1" 404 134462 "-" "Mozilla/5.0 AppleWebKit/537.36 (KHTML, like Gecko; compatible; ClaudeBot/1.0; [email protected])"
216.73.216.54 - - [20/Oct/2025:14:40:38 -0400] "GET /goods/2028414756.shtml HTTP/1.1" 404 134462 "-" "Mozilla/5.0 AppleWebKit/537.36 (KHTML, like Gecko; compatible; ClaudeBot/1.0; [email protected])"
216.73.216.54 - - [20/Oct/2025:14:40:41 -0400] "GET /goods/2027800050.shtml HTTP/1.1" 404 134462 "-" "Mozilla/5.0 AppleWebKit/537.36 (KHTML, like Gecko; compatible; ClaudeBot/1.0; [email protected])"
216.73.216.54 - - [20/Oct/2025:14:40:44 -0400] "GET /goods/2028157990.shtml HTTP/1.1" 404 134462 "-" "Mozilla/5.0 AppleWebKit/537.36 (KHTML, like Gecko; compatible; ClaudeBot/1.0; [email protected])"
114.119.147.116 - - [20/Oct/2025:14:40:46 -0400] "GET /craziest-hotels-in-the-world/16 HTTP/1.1" 301 - "https://loloops.com/craziest-hotels-in-the-world/10" "Mozilla/5.0 (compatible;PetalBot;+https://webmaster.petalsearch.com/site/petalbot)"
114.119.147.116 - - [20/Oct/2025:14:40:47 -0400] "GET /craziest-hotels-in-the-world/16/ HTTP/1.1" 200 272456 "https://loloops.com/craziest-hotels-in-the-world/10" "Mozilla/5.0 (compatible;PetalBot;+https://webmaster.petalsearch.com/site/petalbot)"
43.159.140.236 - - [20/Oct/2025:14:40:53 -0400] "GET /dating-plans-during-the-pandemic/ HTTP/1.1" 200 278248 "-" "Mozilla/5.0 (iPhone; CPU iPhone OS 13_2_3 like Mac OS X) AppleWebKit/605.1.15 (KHTML, like Gecko) Version/13.0.3 Mobile/15E148 Safari/604.1"
192.241.128.246 - - [20/Oct/2025:14:40:55 -0400] "POST /xmlrpc.php HTTP/1.1" 200 403 "https://loloops.com" "Mozilla/5.0 (Windows NT 10.0; Win64; x64; rv:129.0) Gecko/20100101 Firefox/129.0"
66.249.64.4 - - [20/Oct/2025:14:41:06 -0400] "GET /?zhHant/product/surugaya/L1822767274?campaign_uid=f64d716db5e979ed2f947dbaf4296895b951ae7f HTTP/1.1" 200 110274 "-" "Mozilla/5.0 (Linux; Android 6.0.1; Nexus 5X Build/MMB29P) AppleWebKit/537.36 (KHTML, like Gecko) Chrome/140.0.7339.207 Mobile Safari/537.36 (compatible; Googlebot/2.1; +http://www.google.com/bot.html)"
66.249.64.4 - - [20/Oct/2025:14:41:53 -0400] "GET /?shop/detail/MzI5OTg3Mw HTTP/1.1" 200 156611 "-" "Mozilla/5.0 (Linux; Android 6.0.1; Nexus 5X Build/MMB29P) AppleWebKit/537.36 (KHTML, like Gecko) Chrome/140.0.7339.207 Mobile Safari/537.36 (compatible; Googlebot/2.1; +http://www.google.com/bot.html)"
114.119.155.145 - - [20/Oct/2025:14:42:10 -0400] "GET /best-beaches-in-mexico/10 HTTP/1.1" 301 - "-" "Mozilla/5.0 (compatible;PetalBot;+https://webmaster.petalsearch.com/site/petalbot)"
114.119.155.145 - - [20/Oct/2025:14:42:11 -0400] "GET /best-beaches-in-mexico/10/ HTTP/1.1" 200 272150 "-" "Mozilla/5.0 (compatible;PetalBot;+https://webmaster.petalsearch.com/site/petalbot)"
142.44.220.61 - - [20/Oct/2025:14:42:28 -0400] "GET /shop/detail/NjExMzI2MA HTTP/1.1" 404 134462 "-" "Mozilla/5.0 (compatible; AhrefsBot/7.0; +http://ahrefs.com/robot/)"
2a03:2880:f800:47:: - - [20/Oct/2025:14:42:33 -0400] "GET /9-perfectly-timed-pics-of-celebs/ HTTP/1.1" 200 270480 "-" "meta-externalagent/1.1 (+https://developers.facebook.com/docs/sharing/webmasters/crawler)"
66.249.64.6 - - [20/Oct/2025:14:42:39 -0400] "GET /zhHant/product/surugaya/L784819035?campaign_uid=f64d716db5e979ed2f947dbaf4296895b951ae7f HTTP/1.1" 200 142645 "-" "Mozilla/5.0 (Linux; Android 6.0.1; Nexus 5X Build/MMB29P) AppleWebKit/537.36 (KHTML, like Gecko) Chrome/140.0.7339.207 Mobile Safari/537.36 (compatible; Googlebot/2.1; +http://www.google.com/bot.html)"
66.249.64.5 - - [20/Oct/2025:14:43:25 -0400] "GET /goods/1806408012.shtml HTTP/1.1" 200 139557 "-" "Mozilla/5.0 (Linux; Android 6.0.1; Nexus 5X Build/MMB29P) AppleWebKit/537.36 (KHTML, like Gecko) Chrome/140.0.7339.207 Mobile Safari/537.36 (compatible; Googlebot/2.1; +http://www.google.com/bot.html)"
114.119.155.145 - - [20/Oct/2025:14:43:33 -0400] "GET /11-best-funny-pet-video-compilation-ever/3/?noamp=mobile&amp HTTP/1.1" 200 270919 "https://loloops.com/11-best-funny-pet-video-compilation-ever/3/?noamp=mobile&amp" "Mozilla/5.0 (compatible;PetalBot;+https://webmaster.petalsearch.com/site/petalbot)"
66.249.64.6 - - [20/Oct/2025:14:44:11 -0400] "GET /product/edit/L3903862714 HTTP/1.1" 200 131964 "-" "Mozilla/5.0 (Linux; Android 6.0.1; Nexus 5X Build/MMB29P) AppleWebKit/537.36 (KHTML, like Gecko) Chrome/140.0.7339.207 Mobile Safari/537.36 (compatible; Googlebot/2.1; +http://www.google.com/bot.html)"
66.249.64.5 - - [20/Oct/2025:14:44:12 -0400] "GET /?shop/detail/Mzc3NTgyNQ HTTP/1.1" 200 107628 "-" "Mozilla/5.0 (Linux; Android 6.0.1; Nexus 5X Build/MMB29P) AppleWebKit/537.36 (KHTML, like Gecko) Chrome/140.0.7339.207 Mobile Safari/537.36 (compatible; Googlebot/2.1; +http://www.google.com/bot.html)"
54.39.89.8 - - [20/Oct/2025:14:44:36 -0400] "GET /shop/detail/NTkxMzYxMw HTTP/1.1" 404 134462 "-" "Mozilla/5.0 (compatible; AhrefsBot/7.0; +http://ahrefs.com/robot/)"
216.244.66.201 - - [20/Oct/2025:14:44:45 -0400] "GET /tag/10-of-the-worlds-most-stunning-princesses/feed/ HTTP/1.1" 200 4047 "-" "Mozilla/5.0 (compatible; DotBot/1.2; +https://opensiteexplorer.org/dotbot; [email protected])"
66.249.64.5 - - [20/Oct/2025:14:44:49 -0400] "GET /?o=87481150549801&channel=4aeaad&from=info.php?goods/47510746.shtml HTTP/1.1" 200 168686 "-" "Mozilla/5.0 (Linux; Android 6.0.1; Nexus 5X Build/MMB29P) AppleWebKit/537.36 (KHTML, like Gecko) Chrome/140.0.7339.207 Mobile Safari/537.36 (compatible; Googlebot/2.1; +http://www.google.com/bot.html)"
114.119.143.103 - - [20/Oct/2025:14:44:57 -0400] "GET /11-best-funny-pet-video-compilation-ever/10 HTTP/1.1" 301 - "https://loloops.com/11-best-funny-pet-video-compilation-ever/6" "Mozilla/5.0 (compatible;PetalBot;+https://webmaster.petalsearch.com/site/petalbot)"
114.119.143.103 - - [20/Oct/2025:14:44:58 -0400] "GET /11-best-funny-pet-video-compilation-ever/10/ HTTP/1.1" 200 270892 "https://loloops.com/11-best-funny-pet-video-compilation-ever/6" "Mozilla/5.0 (compatible;PetalBot;+https://webmaster.petalsearch.com/site/petalbot)"
66.249.64.5 - - [20/Oct/2025:14:45:00 -0400] "GET /?o=87481150549801&channel=4aeaad&from=info.php?product/edit/L1955260005 HTTP/1.1" 200 140885 "-" "Mozilla/5.0 (Linux; Android 6.0.1; Nexus 5X Build/MMB29P) AppleWebKit/537.36 (KHTML, like Gecko) Chrome/140.0.7339.207 Mobile Safari/537.36 (compatible; Googlebot/2.1; +http://www.google.com/bot.html)"
196.251.71.198 - - [20/Oct/2025:14:45:34 -0400] "POST /wp-login.php HTTP/1.1" 200 5870 "-" "Mozilla/5.0"
196.251.71.198 - - [20/Oct/2025:14:45:34 -0400] "POST /wp-login.php HTTP/1.1" 200 5866 "-" "Mozilla/5.0"
196.251.71.198 - - [20/Oct/2025:14:45:34 -0400] "POST /wp-login.php HTTP/1.1" 200 5868 "-" "Mozilla/5.0"
196.251.71.198 - - [20/Oct/2025:14:45:34 -0400] "POST /wp-login.php HTTP/1.1" 200 5866 "-" "Mozilla/5.0"
196.251.71.198 - - [20/Oct/2025:14:45:34 -0400] "POST /wp-login.php HTTP/1.1" 200 5872 "-" "Mozilla/5.0"
196.251.71.198 - - [20/Oct/2025:14:45:34 -0400] "POST /wp-login.php HTTP/1.1" 200 5864 "-" "Mozilla/5.0"
66.249.64.5 - - [20/Oct/2025:14:45:41 -0400] "GET /?shop/detail/NDk0OTUyNQ HTTP/1.1" 301 - "-" "Mozilla/5.0 (Linux; Android 6.0.1; Nexus 5X Build/MMB29P) AppleWebKit/537.36 (KHTML, like Gecko) Chrome/140.0.7339.207 Mobile Safari/537.36 (compatible; Googlebot/2.1; +http://www.google.com/bot.html)"
66.249.64.5 - - [20/Oct/2025:14:45:42 -0400] "GET /?shop%2Fdetail%2FNDk0OTUyNQ HTTP/1.1" 200 107648 "-" "Mozilla/5.0 (Linux; Android 6.0.1; Nexus 5X Build/MMB29P) AppleWebKit/537.36 (KHTML, like Gecko) Chrome/140.0.7339.207 Mobile Safari/537.36 (compatible; Googlebot/2.1; +http://www.google.com/bot.html)"
57.159.29.167 - - [20/Oct/2025:14:46:15 -0400] "POST /wp-login.php HTTP/1.1" 200 5864 "-" "Mozilla/5.0"
57.159.29.167 - - [20/Oct/2025:14:46:15 -0400] "POST /wp-login.php HTTP/1.1" 200 5872 "-" "Mozilla/5.0"
114.119.139.88 - - [20/Oct/2025:14:46:19 -0400] "GET /donald-trump-facts/14/?amp HTTP/1.1" 200 273792 "https://loloops.com/donald-trump-facts/14?amp" "Mozilla/5.0 (compatible;PetalBot;+https://webmaster.petalsearch.com/site/petalbot)"
142.44.225.160 - - [20/Oct/2025:14:46:37 -0400] "GET /shop/detail/NTg3NTQ1NQ HTTP/1.1" 404 134462 "-" "Mozilla/5.0 (compatible; AhrefsBot/7.0; +http://ahrefs.com/robot/)"
185.245.105.171 - - [20/Oct/2025:14:46:43 -0400] "GET /billboard-music-awards-2019-awkward-moments/ HTTP/1.1" 200 277906 "https://loloops.com/billboard-music-awards-2019-awkward-moments/" "Mozilla/5.0 (Windows NT 10.0; Win64; x64) AppleWebKit/537.36 (KHTML, like Gecko) Chrome/130.0.0.0 Safari/537.36 CCleaner/130.0.0.0"
185.245.105.171 - - [20/Oct/2025:14:46:47 -0400] "POST /wp-comments-post.php HTTP/1.1" 302 - "https://loloops.com/billboard-music-awards-2019-awkward-moments/" "Mozilla/5.0 (Windows NT 10.0; Win64; x64) AppleWebKit/537.36 (KHTML, like Gecko) Chrome/130.0.0.0 Safari/537.36 CCleaner/130.0.0.0"
185.245.105.171 - - [20/Oct/2025:14:46:48 -0400] "GET /billboard-music-awards-2019-awkward-moments/ HTTP/1.1" 200 204776 "https://loloops.com/billboard-music-awards-2019-awkward-moments/#comment-13782" "Mozilla/5.0 (Windows NT 10.0; Win64; x64) AppleWebKit/537.36 (KHTML, like Gecko) Chrome/130.0.0.0 Safari/537.36 CCleaner/130.0.0.0"
66.249.64.6 - - [20/Oct/2025:14:47:12 -0400] "GET /?shop/detail/Mjg4OTQ4MA HTTP/1.1" 200 156632 "-" "Mozilla/5.0 (Linux; Android 6.0.1; Nexus 5X Build/MMB29P) AppleWebKit/537.36 (KHTML, like Gecko) Chrome/140.0.7339.207 Mobile Safari/537.36 (compatible; Googlebot/2.1; +http://www.google.com/bot.html)"
66.249.64.7 - - [20/Oct/2025:14:46:28 -0400] "GET /product/edit/L3414672037 HTTP/1.1" 200 156840 "-" "Mozilla/5.0 (Linux; Android 6.0.1; Nexus 5X Build/MMB29P) AppleWebKit/537.36 (KHTML, like Gecko) Chrome/140.0.7339.207 Mobile Safari/537.36 (compatible; Googlebot/2.1; +http://www.google.com/bot.html)"
43.155.140.157 - - [20/Oct/2025:14:47:34 -0400] "GET /author/umar/ HTTP/1.1" 200 127107 "-" "Mozilla/5.0 (iPhone; CPU iPhone OS 13_2_3 like Mac OS X) AppleWebKit/605.1.15 (KHTML, like Gecko) Version/13.0.3 Mobile/15E148 Safari/604.1"
114.119.139.88 - - [20/Oct/2025:14:47:44 -0400] "GET /amazing-concept-cars/13/?noamp=mobile&amp HTTP/1.1" 200 273812 "https://loloops.com/amazing-concept-cars/13/?noamp=mobile&amp" "Mozilla/5.0 (compatible;PetalBot;+https://webmaster.petalsearch.com/site/petalbot)"
66.249.64.6 - - [20/Oct/2025:14:48:07 -0400] "GET /?o=87481150549801&channel=4aeaad&from=info.php?goods/47528786.shtml HTTP/1.1" 200 114181 "-" "Mozilla/5.0 (Linux; Android 6.0.1; Nexus 5X Build/MMB29P) AppleWebKit/537.36 (KHTML, like Gecko) Chrome/140.0.7339.207 Mobile Safari/537.36 (compatible; Googlebot/2.1; +http://www.google.com/bot.html)"
66.249.64.6 - - [20/Oct/2025:14:48:08 -0400] "GET /?shop/detail/MzU2MjgyMQ HTTP/1.1" 200 107628 "-" "Mozilla/5.0 (Linux; Android 6.0.1; Nexus 5X Build/MMB29P) AppleWebKit/537.36 (KHTML, like Gecko) Chrome/140.0.7339.207 Mobile Safari/537.36 (compatible; Googlebot/2.1; +http://www.google.com/bot.html)"
54.39.210.46 - - [20/Oct/2025:14:48:25 -0400] "GET /shop/detail/NTU5OTk2NQ HTTP/1.1" 404 134462 "-" "Mozilla/5.0 (compatible; AhrefsBot/7.0; +http://ahrefs.com/robot/)"
89.248.172.183 - - [20/Oct/2025:14:48:42 -0400] "POST /wp-json/tdw/save_css HTTP/1.1" 401 98 "-" "Mozilla/5.0 (Windows NT 10.0) AppleWebKit/537.36 (KHTML, like Gecko) Chrome/104.0.0.0 Safari/537.36"
66.249.64.5 - - [20/Oct/2025:14:48:44 -0400] "GET /goods/362 HTTP/1.1" 200 107558 "-" "Googlebot-Image/1.0"
66.249.65.36 - - [20/Oct/2025:14:48:54 -0400] "GET /?shop/detail/NTIwNjA3Nw HTTP/1.1" 200 107628 "-" "Mozilla/5.0 (Linux; Android 6.0.1; Nexus 5X Build/MMB29P) AppleWebKit/537.36 (KHTML, like Gecko) Chrome/140.0.7339.207 Mobile Safari/537.36 (compatible; Googlebot/2.1; +http://www.google.com/bot.html)"
209.141.52.237 - - [20/Oct/2025:14:49:00 -0400] "GET /wp-login.php HTTP/1.1" 200 5411 "-" "Mozilla/5.0 (Windows NT 6.1; rv:31.0) Gecko/20100101 Firefox/31.0"
40.77.167.35 - - [20/Oct/2025:14:49:01 -0400] "GET /wp-content/uploads/2018/08/img_nagasaki_before_and_after_2018_08.jpg HTTP/1.1" 200 38755 "-" "Mozilla/5.0 AppleWebKit/537.36 (KHTML, like Gecko; compatible; bingbot/2.0; +http://www.bing.com/bingbot.htm) Chrome/116.0.1938.76 Safari/537.36"
114.119.143.114 - - [20/Oct/2025:14:49:08 -0400] "GET /10-amazing-foods-for-weight-loss/9/ HTTP/1.1" 200 271287 "https://loloops.com/10-amazing-foods-for-weight-loss/2?amp" "Mozilla/5.0 (compatible;PetalBot;+https://webmaster.petalsearch.com/site/petalbot)"
89.248.172.183 - - [20/Oct/2025:14:49:55 -0400] "POST /wp-json/tdw/save_css HTTP/1.1" 401 98 "-" "Mozilla/5.0 (Windows NT 10.0) AppleWebKit/537.36 (KHTML, like Gecko) Chrome/104.0.0.0 Safari/537.36"
66.249.64.5 - - [20/Oct/2025:14:50:24 -0400] "GET /?shop/detail/NjAyMDgwNQ HTTP/1.1" 200 107104 "-" "Mozilla/5.0 (Linux; Android 6.0.1; Nexus 5X Build/MMB29P) AppleWebKit/537.36 (KHTML, like Gecko) Chrome/140.0.7339.207 Mobile Safari/537.36 (compatible; Googlebot/2.1; +http://www.google.com/bot.html)"
66.249.64.6 - - [20/Oct/2025:14:50:27 -0400] "GET /goods/755280604.shtml HTTP/1.1" 200 129424 "-" "Mozilla/5.0 (Linux; Android 6.0.1; Nexus 5X Build/MMB29P) AppleWebKit/537.36 (KHTML, like Gecko) Chrome/140.0.7339.207 Mobile Safari/537.36 (compatible; Googlebot/2.1; +http://www.google.com/bot.html)"
40.77.167.154 - - [20/Oct/2025:14:50:30 -0400] "GET /goods/775812.shtml HTTP/1.1" 200 106450 "-" "Mozilla/5.0 AppleWebKit/537.36 (KHTML, like Gecko; compatible; bingbot/2.0; +http://www.bing.com/bingbot.htm) Chrome/116.0.1938.76 Safari/537.36"
114.119.155.145 - - [20/Oct/2025:14:50:31 -0400] "GET /10-amazing-foods-for-weight-loss/8?amp HTTP/1.1" 301 - "https://loloops.com/10-amazing-foods-for-weight-loss/9?amp" "Mozilla/5.0 (compatible;PetalBot;+https://webmaster.petalsearch.com/site/petalbot)"
114.119.155.145 - - [20/Oct/2025:14:50:33 -0400] "GET /10-amazing-foods-for-weight-loss/8/?amp HTTP/1.1" 200 271129 "https://loloops.com/10-amazing-foods-for-weight-loss/9?amp" "Mozilla/5.0 (compatible;PetalBot;+https://webmaster.petalsearch.com/site/petalbot)"
51.222.95.14 - - [20/Oct/2025:14:50:48 -0400] "GET /shop/detail/NTQxOTMyMA HTTP/1.1" 404 134462 "-" "Mozilla/5.0 (compatible; AhrefsBot/7.0; +http://ahrefs.com/robot/)"
66.249.64.5 - - [20/Oct/2025:14:51:08 -0400] "GET /?o=87481150549801&channel=4aeaad&from=info.php?goods/47532286.shtml HTTP/1.1" 200 118318 "-" "Mozilla/5.0 (Linux; Android 6.0.1; Nexus 5X Build/MMB29P) AppleWebKit/537.36 (KHTML, like Gecko) Chrome/140.0.7339.207 Mobile Safari/537.36 (compatible; Googlebot/2.1; +http://www.google.com/bot.html)"
66.249.64.5 - - [20/Oct/2025:14:51:26 -0400] "GET /?o=87481150549801&channel=4aeaad&from=info.php?goods/47524026.shtml HTTP/1.1" 200 121800 "-" "Mozilla/5.0 (Linux; Android 6.0.1; Nexus 5X Build/MMB29P) AppleWebKit/537.36 (KHTML, like Gecko) Chrome/140.0.7339.207 Mobile Safari/537.36 (compatible; Googlebot/2.1; +http://www.google.com/bot.html)"
114.119.139.88 - - [20/Oct/2025:14:51:54 -0400] "GET /emma-watson-hot-pics/11?amp HTTP/1.1" 301 - "https://loloops.com/emma-watson-hot-pics/7?amp" "Mozilla/5.0 (compatible;PetalBot;+https://webmaster.petalsearch.com/site/petalbot)"
114.119.139.88 - - [20/Oct/2025:14:51:55 -0400] "GET /emma-watson-hot-pics/11/?amp HTTP/1.1" 200 273672 "https://loloops.com/emma-watson-hot-pics/7?amp" "Mozilla/5.0 (compatible;PetalBot;+https://webmaster.petalsearch.com/site/petalbot)"
66.249.64.5 - - [20/Oct/2025:14:51:56 -0400] "GET /?shop/detail/NjE3MjQzNA HTTP/1.1" 200 107628 "-" "Mozilla/5.0 (Linux; Android 6.0.1; Nexus 5X Build/MMB29P) AppleWebKit/537.36 (KHTML, like Gecko) Chrome/140.0.7339.207 Mobile Safari/537.36 (compatible; Googlebot/2.1; +http://www.google.com/bot.html)"
66.249.64.5 - - [20/Oct/2025:14:51:58 -0400] "GET /?o=1092814368300&channel=4c1a58&from=goods.php?goods/50525856.shtml HTTP/1.1" 200 130444 "-" "Mozilla/5.0 (Linux; Android 6.0.1; Nexus 5X Build/MMB29P) AppleWebKit/537.36 (KHTML, like Gecko) Chrome/140.0.7339.207 Mobile Safari/537.36 (compatible; Googlebot/2.1; +http://www.google.com/bot.html)"
66.249.64.5 - - [20/Oct/2025:14:51:59 -0400] "GET /?zhHant/product/surugaya/L1448713428?campaign_uid=f64d716db5e979ed2f947dbaf4296895b951ae7f HTTP/1.1" 200 141908 "-" "Mozilla/5.0 (Linux; Android 6.0.1; Nexus 5X Build/MMB29P) AppleWebKit/537.36 (KHTML, like Gecko) Chrome/140.0.7339.207 Mobile Safari/537.36 (compatible; Googlebot/2.1; +http://www.google.com/bot.html)"
66.249.64.5 - - [20/Oct/2025:14:52:01 -0400] "GET /goods/1297258642.shtml HTTP/1.1" 200 126611 "-" "Mozilla/5.0 (Linux; Android 6.0.1; Nexus 5X Build/MMB29P) AppleWebKit/537.36 (KHTML, like Gecko) Chrome/140.0.7339.207 Mobile Safari/537.36 (compatible; Googlebot/2.1; +http://www.google.com/bot.html)"
51.161.37.124 - - [20/Oct/2025:14:52:43 -0400] "GET /shop/detail/NDkwNjAzNg HTTP/1.1" 404 134462 "-" "Mozilla/5.0 (compatible; AhrefsBot/7.0; +http://ahrefs.com/robot/)"
66.249.64.5 - - [20/Oct/2025:14:52:47 -0400] "GET /robots.txt HTTP/1.1" 200 76 "-" "Mozilla/5.0 (compatible; Googlebot/2.1; +http://www.google.com/bot.html)"
66.249.64.5 - - [20/Oct/2025:14:52:47 -0400] "GET /?shop/detail/NDU0NDc0NA HTTP/1.1" 301 - "-" "Mozilla/5.0 (Linux; Android 6.0.1; Nexus 5X Build/MMB29P) AppleWebKit/537.36 (KHTML, like Gecko) Chrome/140.0.7339.207 Mobile Safari/537.36 (compatible; Googlebot/2.1; +http://www.google.com/bot.html)"
66.249.64.5 - - [20/Oct/2025:14:52:47 -0400] "GET /?zhHant/product/surugaya/L4067568835?campaign_uid=f64d716db5e979ed2f947dbaf4296895b951ae7f HTTP/1.1" 200 128744 "-" "Mozilla/5.0 (Linux; Android 6.0.1; Nexus 5X Build/MMB29P) AppleWebKit/537.36 (KHTML, like Gecko) Chrome/140.0.7339.207 Mobile Safari/537.36 (compatible; Googlebot/2.1; +http://www.google.com/bot.html)"
66.249.64.5 - - [20/Oct/2025:14:52:49 -0400] "GET /?shop%2Fdetail%2FNDU0NDc0NA HTTP/1.1" 200 107648 "-" "Mozilla/5.0 (Linux; Android 6.0.1; Nexus 5X Build/MMB29P) AppleWebKit/537.36 (KHTML, like Gecko) Chrome/140.0.7339.207 Mobile Safari/537.36 (compatible; Googlebot/2.1; +http://www.google.com/bot.html)"
114.119.143.114 - - [20/Oct/2025:14:53:18 -0400] "GET /most-luxurious-private-jets/14/?noamp=mobile&amp HTTP/1.1" 200 273741 "https://loloops.com/most-luxurious-private-jets/14/?noamp=mobile&amp" "Mozilla/5.0 (compatible;PetalBot;+https://webmaster.petalsearch.com/site/petalbot)"
15.235.27.149 - - [20/Oct/2025:14:53:34 -0400] "GET /shop/detail/NDg2Njg1Nw HTTP/1.1" 404 134462 "-" "Mozilla/5.0 (compatible; AhrefsBot/7.0; +http://ahrefs.com/robot/)"
66.249.64.5 - - [20/Oct/2025:14:54:01 -0400] "GET /robots.txt HTTP/1.1" 200 76 "-" "Mozilla/5.0 (compatible; Googlebot/2.1; +http://www.google.com/bot.html)"
66.249.64.6 - - [20/Oct/2025:14:54:01 -0400] "GET /?shop/detail/NDkzOTE5NQ HTTP/1.1" 200 156611 "-" "Mozilla/5.0 (Linux; Android 6.0.1; Nexus 5X Build/MMB29P) AppleWebKit/537.36 (KHTML, like Gecko) Chrome/140.0.7339.207 Mobile Safari/537.36 (compatible; Googlebot/2.1; +http://www.google.com/bot.html)"
40.77.167.35 - - [20/Oct/2025:14:54:02 -0400] "GET /goods/1333014562.shtml HTTP/1.1" 200 130476 "-" "Mozilla/5.0 AppleWebKit/537.36 (KHTML, like Gecko; compatible; bingbot/2.0; +http://www.bing.com/bingbot.htm) Chrome/116.0.1938.76 Safari/537.36"
66.249.64.6 - - [20/Oct/2025:14:54:07 -0400] "GET /?o=1092814368300&channel=4c1a58&from=goods.php?goods/50480228.shtml HTTP/1.1" 200 114833 "-" "Mozilla/5.0 (Linux; Android 6.0.1; Nexus 5X Build/MMB29P) AppleWebKit/537.36 (KHTML, like Gecko) Chrome/140.0.7339.207 Mobile Safari/537.36 (compatible; Googlebot/2.1; +http://www.google.com/bot.html)"
66.249.64.5 - - [20/Oct/2025:14:54:29 -0400] "GET /?o=1092814368300&channel=4c1a58&from=goods.php?goods/50507172.shtml HTTP/1.1" 200 147924 "-" "Mozilla/5.0 (Linux; Android 6.0.1; Nexus 5X Build/MMB29P) AppleWebKit/537.36 (KHTML, like Gecko) Chrome/140.0.7339.207 Mobile Safari/537.36 (compatible; Googlebot/2.1; +http://www.google.com/bot.html)"
114.119.140.237 - - [20/Oct/2025:14:54:41 -0400] "GET /10-amazing-foods-for-weight-loss/2/?noamp=mobile&amp HTTP/1.1" 200 271438 "https://loloops.com/10-amazing-foods-for-weight-loss/2/?noamp=mobile&amp" "Mozilla/5.0 (compatible;PetalBot;+https://webmaster.petalsearch.com/site/petalbot)"
15.235.27.28 - - [20/Oct/2025:14:55:28 -0400] "GET /shop/detail/NDQ4NDA3NQ HTTP/1.1" 404 134462 "-" "Mozilla/5.0 (compatible; AhrefsBot/7.0; +http://ahrefs.com/robot/)"
66.249.64.7 - - [20/Oct/2025:14:55:38 -0400] "GET /?shop/detail/NDA3NTY5Mw HTTP/1.1" 200 107628 "-" "Mozilla/5.0 (Linux; Android 6.0.1; Nexus 5X Build/MMB29P) AppleWebKit/537.36 (KHTML, like Gecko) Chrome/140.0.7339.207 Mobile Safari/537.36 (compatible; Googlebot/2.1; +http://www.google.com/bot.html)"
94.103.88.177 - - [20/Oct/2025:14:55:47 -0400] "GET /billboard-music-awards-2019-awkward-moments/ HTTP/1.1" 200 277906 "https://loloops.com/billboard-music-awards-2019-awkward-moments/" "Mozilla/5.0 (Windows NT 10.0; Win64; x64) AppleWebKit/537.36 (KHTML, like Gecko) Chrome/129.0.0.0 Safari/537.36"
94.103.88.177 - - [20/Oct/2025:14:55:49 -0400] "POST /wp-comments-post.php HTTP/1.1" 302 - "https://loloops.com/billboard-music-awards-2019-awkward-moments/" "Mozilla/5.0 (Windows NT 10.0; Win64; x64) AppleWebKit/537.36 (KHTML, like Gecko) Chrome/129.0.0.0 Safari/537.36"
94.103.88.177 - - [20/Oct/2025:14:55:50 -0400] "GET /billboard-music-awards-2019-awkward-moments/ HTTP/1.1" 200 204776 "https://loloops.com/billboard-music-awards-2019-awkward-moments/#comment-13783" "Mozilla/5.0 (Windows NT 10.0; Win64; x64) AppleWebKit/537.36 (KHTML, like Gecko) Chrome/129.0.0.0 Safari/537.36"
66.249.64.6 - - [20/Oct/2025:14:56:32 -0400] "GET /?shop/detail/NTc0NTAxNQ HTTP/1.1" 301 - "-" "Mozilla/5.0 (Linux; Android 6.0.1; Nexus 5X Build/MMB29P) AppleWebKit/537.36 (KHTML, like Gecko) Chrome/140.0.7339.207 Mobile Safari/537.36 (compatible; Googlebot/2.1; +http://www.google.com/bot.html)"
66.249.64.5 - - [20/Oct/2025:14:56:33 -0400] "GET /?shop%2Fdetail%2FNTc0NTAxNQ HTTP/1.1" 200 107648 "-" "Mozilla/5.0 (Linux; Android 6.0.1; Nexus 5X Build/MMB29P) AppleWebKit/537.36 (KHTML, like Gecko) Chrome/140.0.7339.207 Mobile Safari/537.36 (compatible; Googlebot/2.1; +http://www.google.com/bot.html)"
66.249.64.6 - - [20/Oct/2025:14:56:36 -0400] "GET /zhHant/product/surugaya/L63859822?campaign_uid=f64d716db5e979ed2f947dbaf4296895b951ae7f HTTP/1.1" 200 120021 "-" "Mozilla/5.0 (Linux; Android 6.0.1; Nexus 5X Build/MMB29P) AppleWebKit/537.36 (KHTML, like Gecko) Chrome/140.0.7339.207 Mobile Safari/537.36 (compatible; Googlebot/2.1; +http://www.google.com/bot.html)"
54.39.136.189 - - [20/Oct/2025:14:57:15 -0400] "GET /shop/detail/NDM0OTU1OA HTTP/1.1" 404 134462 "-" "Mozilla/5.0 (compatible; AhrefsBot/7.0; +http://ahrefs.com/robot/)"
66.249.64.6 - - [20/Oct/2025:14:57:30 -0400] "GET /?shop/detail/MjM4ODAyMw HTTP/1.1" 200 156632 "-" "Mozilla/5.0 (Linux; Android 6.0.1; Nexus 5X Build/MMB29P) AppleWebKit/537.36 (KHTML, like Gecko) Chrome/140.0.7339.207 Mobile Safari/537.36 (compatible; Googlebot/2.1; +http://www.google.com/bot.html)"
66.249.64.6 - - [20/Oct/2025:14:58:23 -0400] "GET /goods/861100854.shtml HTTP/1.1" 200 128752 "-" "Mozilla/5.0 (Linux; Android 6.0.1; Nexus 5X Build/MMB29P) AppleWebKit/537.36 (KHTML, like Gecko) Chrome/140.0.7339.207 Mobile Safari/537.36 (compatible; Googlebot/2.1; +http://www.google.com/bot.html)"
66.249.64.5 - - [20/Oct/2025:14:58:25 -0400] "GET /?shop/detail/MzcyMDk3NQ HTTP/1.1" 200 107628 "-" "Mozilla/5.0 (Linux; Android 6.0.1; Nexus 5X Build/MMB29P) AppleWebKit/537.36 (KHTML, like Gecko) Chrome/140.0.7339.207 Mobile Safari/537.36 (compatible; Googlebot/2.1; +http://www.google.com/bot.html)"
52.167.144.168 - - [20/Oct/2025:14:58:53 -0400] "GET /goods/551643390.shtml HTTP/1.1" 200 106240 "-" "Mozilla/5.0 AppleWebKit/537.36 (KHTML, like Gecko; compatible; bingbot/2.0; +http://www.bing.com/bingbot.htm) Chrome/116.0.1938.76 Safari/537.36"
15.235.27.110 - - [20/Oct/2025:14:59:01 -0400] "GET /shop/detail/NDE2MTI5NQ HTTP/1.1" 404 134462 "-" "Mozilla/5.0 (compatible; AhrefsBot/7.0; +http://ahrefs.com/robot/)"
66.249.64.5 - - [20/Oct/2025:15:00:01 -0400] "GET /?shop/detail/MjY1NDUwNA HTTP/1.1" 200 156611 "-" "Mozilla/5.0 (Linux; Android 6.0.1; Nexus 5X Build/MMB29P) AppleWebKit/537.36 (KHTML, like Gecko) Chrome/140.0.7339.207 Mobile Safari/537.36 (compatible; Googlebot/2.1; +http://www.google.com/bot.html)"
216.244.66.201 - - [20/Oct/2025:15:00:11 -0400] "GET /robots.txt HTTP/1.1" 200 75 "-" "Mozilla/5.0 (compatible; DotBot/1.2; +https://opensiteexplorer.org/dotbot; [email protected])"
43.152.72.244 - - [20/Oct/2025:15:00:26 -0400] "GET /category/entertainment/ HTTP/1.1" 200 212409 "-" "Mozilla/5.0 (iPhone; CPU iPhone OS 13_2_3 like Mac OS X) AppleWebKit/605.1.15 (KHTML, like Gecko) Version/13.0.3 Mobile/15E148 Safari/604.1"
188.165.71.78 - - [20/Oct/2025:15:00:39 -0400] "POST /xmlrpc.php HTTP/1.1" 200 403 "https://loloops.com" "Mozilla/5.0 (Macintosh; Intel Mac OS X 14.5) AppleWebKit/618.3.5 (KHTML, like Gecko) Version/17.4 Safari/618.3.5"
66.249.64.4 - - [20/Oct/2025:15:00:55 -0400] "GET /?shop/detail/NTQ1MDA3MA HTTP/1.1" 200 156611 "-" "Mozilla/5.0 (Linux; Android 6.0.1; Nexus 5X Build/MMB29P) AppleWebKit/537.36 (KHTML, like Gecko) Chrome/140.0.7339.207 Mobile Safari/537.36 (compatible; Googlebot/2.1; +http://www.google.com/bot.html)"
216.73.216.54 - - [20/Oct/2025:15:01:01 -0400] "GET /goods/1368474562.shtml HTTP/1.1" 404 134462 "-" "Mozilla/5.0 AppleWebKit/537.36 (KHTML, like Gecko; compatible; ClaudeBot/1.0; [email protected])"
216.73.216.54 - - [20/Oct/2025:15:01:04 -0400] "GET /goods/1368896132.shtml HTTP/1.1" 404 134462 "-" "Mozilla/5.0 AppleWebKit/537.36 (KHTML, like Gecko; compatible; ClaudeBot/1.0; [email protected])"
216.73.216.54 - - [20/Oct/2025:15:01:07 -0400] "GET /goods/1369060404.shtml HTTP/1.1" 404 134462 "-" "Mozilla/5.0 AppleWebKit/537.36 (KHTML, like Gecko; compatible; ClaudeBot/1.0; [email protected])"
216.73.216.54 - - [20/Oct/2025:15:01:10 -0400] "GET /goods/1369182822.shtml HTTP/1.1" 404 134462 "-" "Mozilla/5.0 AppleWebKit/537.36 (KHTML, like Gecko; compatible; ClaudeBot/1.0; [email protected])"
216.73.216.54 - - [20/Oct/2025:15:01:13 -0400] "GET /goods/1368974404.shtml HTTP/1.1" 404 134462 "-" "Mozilla/5.0 AppleWebKit/537.36 (KHTML, like Gecko; compatible; ClaudeBot/1.0; [email protected])"
15.235.27.178 - - [20/Oct/2025:15:01:21 -0400] "GET /shop/detail/NDE1MjU2OA HTTP/1.1" 404 134462 "-" "Mozilla/5.0 (compatible; AhrefsBot/7.0; +http://ahrefs.com/robot/)"
52.167.144.18 - - [20/Oct/2025:15:01:42 -0400] "GET /goods/1352408.shtml HTTP/1.1" 200 110069 "-" "Mozilla/5.0 AppleWebKit/537.36 (KHTML, like Gecko; compatible; bingbot/2.0; +http://www.bing.com/bingbot.htm) Chrome/116.0.1938.76 Safari/537.36"
15.235.98.47 - - [20/Oct/2025:15:02:26 -0400] "GET /shop/detail/NDA5NDY4Mw HTTP/1.1" 404 134462 "-" "Mozilla/5.0 (compatible; AhrefsBot/7.0; +http://ahrefs.com/robot/)"
52.167.144.18 - - [20/Oct/2025:15:02:32 -0400] "GET /goods/301525300.shtml HTTP/1.1" 200 106556 "-" "Mozilla/5.0 AppleWebKit/537.36 (KHTML, like Gecko; compatible; bingbot/2.0; +http://www.bing.com/bingbot.htm) Chrome/116.0.1938.76 Safari/537.36"
66.249.64.4 - - [20/Oct/2025:15:02:39 -0400] "GET /?shop/detail/MzMzOTY1MQ HTTP/1.1" 200 156611 "-" "Mozilla/5.0 (Linux; Android 6.0.1; Nexus 5X Build/MMB29P) AppleWebKit/537.36 (KHTML, like Gecko) Chrome/140.0.7339.207 Mobile Safari/537.36 (compatible; Googlebot/2.1; +http://www.google.com/bot.html)"
216.73.216.54 - - [20/Oct/2025:15:03:21 -0400] "GET /goods/1368691380.shtml HTTP/1.1" 404 134462 "-" "Mozilla/5.0 AppleWebKit/537.36 (KHTML, like Gecko; compatible; ClaudeBot/1.0; [email protected])"
216.73.216.54 - - [20/Oct/2025:15:03:24 -0400] "GET /goods/1368811090.shtml HTTP/1.1" 404 134462 "-" "Mozilla/5.0 AppleWebKit/537.36 (KHTML, like Gecko; compatible; ClaudeBot/1.0; [email protected])"
216.73.216.54 - - [20/Oct/2025:15:03:27 -0400] "GET /goods/1369157228.shtml HTTP/1.1" 404 134462 "-" "Mozilla/5.0 AppleWebKit/537.36 (KHTML, like Gecko; compatible; ClaudeBot/1.0; [email protected])"
66.249.64.5 - - [20/Oct/2025:15:03:33 -0400] "GET /?shop/detail/Mjg5NDI5OA HTTP/1.1" 200 156611 "-" "Mozilla/5.0 (Linux; Android 6.0.1; Nexus 5X Build/MMB29P) AppleWebKit/537.36 (KHTML, like Gecko) Chrome/140.0.7339.207 Mobile Safari/537.36 (compatible; Googlebot/2.1; +http://www.google.com/bot.html)"
216.73.216.54 - - [20/Oct/2025:15:03:36 -0400] "GET /goods/1369169542.shtml HTTP/1.1" 404 134462 "-" "Mozilla/5.0 AppleWebKit/537.36 (KHTML, like Gecko; compatible; ClaudeBot/1.0; [email protected])"
216.73.216.54 - - [20/Oct/2025:15:03:39 -0400] "GET /goods/1368748112.shtml HTTP/1.1" 404 134462 "-" "Mozilla/5.0 AppleWebKit/537.36 (KHTML, like Gecko; compatible; ClaudeBot/1.0; [email protected])"
216.73.216.54 - - [20/Oct/2025:15:03:42 -0400] "GET /goods/1368687834.shtml HTTP/1.1" 404 134462 "-" "Mozilla/5.0 AppleWebKit/537.36 (KHTML, like Gecko; compatible; ClaudeBot/1.0; [email protected])"
216.73.216.54 - - [20/Oct/2025:15:03:45 -0400] "GET /goods/1368952992.shtml HTTP/1.1" 404 134462 "-" "Mozilla/5.0 AppleWebKit/537.36 (KHTML, like Gecko; compatible; ClaudeBot/1.0; [email protected])"
216.73.216.54 - - [20/Oct/2025:15:03:48 -0400] "GET /goods/1368888532.shtml HTTP/1.1" 404 134462 "-" "Mozilla/5.0 AppleWebKit/537.36 (KHTML, like Gecko; compatible; ClaudeBot/1.0; [email protected])"
196.251.71.198 - - [20/Oct/2025:15:03:49 -0400] "POST /wp-login.php HTTP/1.1" 200 5866 "-" "Mozilla/5.0"
196.251.71.198 - - [20/Oct/2025:15:03:49 -0400] "POST /wp-login.php HTTP/1.1" 200 5868 "-" "Mozilla/5.0"
196.251.71.198 - - [20/Oct/2025:15:03:49 -0400] "POST /wp-login.php HTTP/1.1" 200 5864 "-" "Mozilla/5.0"
196.251.71.198 - - [20/Oct/2025:15:03:49 -0400] "POST /wp-login.php HTTP/1.1" 200 5870 "-" "Mozilla/5.0"
196.251.71.198 - - [20/Oct/2025:15:03:49 -0400] "POST /wp-login.php HTTP/1.1" 200 5866 "-" "Mozilla/5.0"
196.251.71.198 - - [20/Oct/2025:15:03:49 -0400] "POST /wp-login.php HTTP/1.1" 200 5872 "-" "Mozilla/5.0"
66.249.64.5 - - [20/Oct/2025:15:03:51 -0400] "GET /robots.txt HTTP/1.1" 200 76 "-" "Mozilla/5.0 (compatible; Googlebot/2.1; +http://www.google.com/bot.html)"
