45.154.98.70 - - [20/Oct/2025:16:15:30 -0400] "POST //xmlrpc.php HTTP/1.1" 200 401 "-" "Mozilla/5.0 (Windows NT 10.0; Win64; x64) AppleWebKit/537.36 (KHTML, like Gecko) Chrome/78.0.3904.108 Safari/537.36"
45.154.98.70 - - [20/Oct/2025:16:15:30 -0400] "POST //xmlrpc.php HTTP/1.1" 200 401 "-" "Mozilla/5.0 (Windows NT 10.0; Win64; x64) AppleWebKit/537.36 (KHTML, like Gecko) Chrome/78.0.3904.108 Safari/537.36"
54.39.203.232 - - [20/Oct/2025:16:15:30 -0400] "GET /goods/1425626738.shtml HTTP/1.1" 404 134462 "-" "Mozilla/5.0 (compatible; AhrefsBot/7.0; +http://ahrefs.com/robot/)"
45.154.98.70 - - [20/Oct/2025:16:15:31 -0400] "POST //xmlrpc.php HTTP/1.1" 200 401 "-" "Mozilla/5.0 (Windows NT 10.0; Win64; x64) AppleWebKit/537.36 (KHTML, like Gecko) Chrome/78.0.3904.108 Safari/537.36"
43.153.123.4 - - [20/Oct/2025:16:15:30 -0400] "GET /real-life-photos-of-celebrities/ HTTP/1.1" 200 274042 "-" "Mozilla/5.0 (iPhone; CPU iPhone OS 13_2_3 like Mac OS X) AppleWebKit/605.1.15 (KHTML, like Gecko) Version/13.0.3 Mobile/15E148 Safari/604.1"
216.73.216.54 - - [20/Oct/2025:16:15:31 -0400] "GET /goods/1460942796.shtml HTTP/1.1" 404 134462 "-" "Mozilla/5.0 AppleWebKit/537.36 (KHTML, like Gecko; compatible; ClaudeBot/1.0; [email protected])"
45.154.98.70 - - [20/Oct/2025:16:15:32 -0400] "POST //xmlrpc.php HTTP/1.1" 200 401 "-" "Mozilla/5.0 (Windows NT 10.0; Win64; x64) AppleWebKit/537.36 (KHTML, like Gecko) Chrome/78.0.3904.108 Safari/537.36"
45.154.98.70 - - [20/Oct/2025:16:15:32 -0400] "POST //xmlrpc.php HTTP/1.1" 200 401 "-" "Mozilla/5.0 (Windows NT 10.0; Win64; x64) AppleWebKit/537.36 (KHTML, like Gecko) Chrome/78.0.3904.108 Safari/537.36"
40.77.167.151 - - [20/Oct/2025:16:15:31 -0400] "GET /?o=9316021152802&channel=0b6a1b&from=goods.php?%3Fid%3D211528-6376%26name%3DCF+POSH+CF%E3%83%9D%E3%83%83%E3%82%B7%E3%83%A5+%E3%83%9F%E3%83%8B%E3%82%B9%E3%82%A4%E3%83%83%E3%83%81%E3%83%97%E3%83%83%E3%82%B7%E3%83%A5%E3%82%B9%E3%82%A4%E3%83%83%E3%83%81%EF%BC%86%E3%83%88%E3%82%B0%E3%83%AB%E3%82%B9%E3%82%A4%E3%83%83%E3%83%81%E3%82%BF%E3%82%A4%E3%83%97+%E3%82%AB%E3%83%A9%E3%83%BC%EF%BC%9A%E3%83%96%E3%83%A9%E3%83%83%E3%82%AF+%E6%B1%8E%E7%94%A8+HARLEY-DAVIDSON+%E3%83%8F%E3%83%BC%E3%83%AC%E3%83%BC%E3%83%80%E3%83%93%E3%83%83%E3%83%89%E3%82%BD%E3%83%B3+%E3%83%8F%E3%83%B3%E3%83%89%E3%83%AB%E5%91%A8%E8%BE%BA%E3%83%91%E3%83%BC%E3%83%84 HTTP/1.1" 200 117755 "-" "Mozilla/5.0 AppleWebKit/537.36 (KHTML, like Gecko; compatible; bingbot/2.0; +http://www.bing.com/bingbot.htm) Chrome/116.0.1938.76 Safari/537.36"
45.154.98.70 - - [20/Oct/2025:16:15:33 -0400] "POST //xmlrpc.php HTTP/1.1" 200 401 "-" "Mozilla/5.0 (Windows NT 10.0; Win64; x64) AppleWebKit/537.36 (KHTML, like Gecko) Chrome/78.0.3904.108 Safari/537.36"
45.154.98.70 - - [20/Oct/2025:16:15:33 -0400] "POST //xmlrpc.php HTTP/1.1" 200 401 "-" "Mozilla/5.0 (Windows NT 10.0; Win64; x64) AppleWebKit/537.36 (KHTML, like Gecko) Chrome/78.0.3904.108 Safari/537.36"
45.154.98.70 - - [20/Oct/2025:16:15:34 -0400] "POST //xmlrpc.php HTTP/1.1" 200 401 "-" "Mozilla/5.0 (Windows NT 10.0; Win64; x64) AppleWebKit/537.36 (KHTML, like Gecko) Chrome/78.0.3904.108 Safari/537.36"
216.73.216.54 - - [20/Oct/2025:16:15:34 -0400] "GET /goods/1461275262.shtml HTTP/1.1" 404 134462 "-" "Mozilla/5.0 AppleWebKit/537.36 (KHTML, like Gecko; compatible; ClaudeBot/1.0; [email protected])"
45.154.98.70 - - [20/Oct/2025:16:15:34 -0400] "POST //xmlrpc.php HTTP/1.1" 200 401 "-" "Mozilla/5.0 (Windows NT 10.0; Win64; x64) AppleWebKit/537.36 (KHTML, like Gecko) Chrome/78.0.3904.108 Safari/537.36"
45.154.98.70 - - [20/Oct/2025:16:15:35 -0400] "POST //xmlrpc.php HTTP/1.1" 200 401 "-" "Mozilla/5.0 (Windows NT 10.0; Win64; x64) AppleWebKit/537.36 (KHTML, like Gecko) Chrome/78.0.3904.108 Safari/537.36"
45.154.98.70 - - [20/Oct/2025:16:15:36 -0400] "POST //xmlrpc.php HTTP/1.1" 200 401 "-" "Mozilla/5.0 (Windows NT 10.0; Win64; x64) AppleWebKit/537.36 (KHTML, like Gecko) Chrome/78.0.3904.108 Safari/537.36"
45.154.98.70 - - [20/Oct/2025:16:15:36 -0400] "POST //xmlrpc.php HTTP/1.1" 200 401 "-" "Mozilla/5.0 (Windows NT 10.0; Win64; x64) AppleWebKit/537.36 (KHTML, like Gecko) Chrome/78.0.3904.108 Safari/537.36"
45.154.98.70 - - [20/Oct/2025:16:15:37 -0400] "POST //xmlrpc.php HTTP/1.1" 200 401 "-" "Mozilla/5.0 (Windows NT 10.0; Win64; x64) AppleWebKit/537.36 (KHTML, like Gecko) Chrome/78.0.3904.108 Safari/537.36"
216.73.216.54 - - [20/Oct/2025:16:15:37 -0400] "GET /goods/1643685206.shtml HTTP/1.1" 404 134462 "-" "Mozilla/5.0 AppleWebKit/537.36 (KHTML, like Gecko; compatible; ClaudeBot/1.0; [email protected])"
45.154.98.70 - - [20/Oct/2025:16:15:37 -0400] "POST //xmlrpc.php HTTP/1.1" 200 401 "-" "Mozilla/5.0 (Windows NT 10.0; Win64; x64) AppleWebKit/537.36 (KHTML, like Gecko) Chrome/78.0.3904.108 Safari/537.36"
45.154.98.70 - - [20/Oct/2025:16:15:38 -0400] "POST //xmlrpc.php HTTP/1.1" 200 401 "-" "Mozilla/5.0 (Windows NT 10.0; Win64; x64) AppleWebKit/537.36 (KHTML, like Gecko) Chrome/78.0.3904.108 Safari/537.36"
45.154.98.70 - - [20/Oct/2025:16:15:39 -0400] "POST //xmlrpc.php HTTP/1.1" 200 401 "-" "Mozilla/5.0 (Windows NT 10.0; Win64; x64) AppleWebKit/537.36 (KHTML, like Gecko) Chrome/78.0.3904.108 Safari/537.36"
45.154.98.70 - - [20/Oct/2025:16:15:40 -0400] "POST //xmlrpc.php HTTP/1.1" 200 401 "-" "Mozilla/5.0 (Windows NT 10.0; Win64; x64) AppleWebKit/537.36 (KHTML, like Gecko) Chrome/78.0.3904.108 Safari/537.36"
2409:8a56:c21:3590:69f9:ab04:19d6:425b - - [20/Oct/2025:16:15:40 -0400] "POST /xmlrpc.php HTTP/1.1" 200 403 "https://loloops.com/xmlrpc.php" "python-requests/2.27.1"
216.73.216.54 - - [20/Oct/2025:16:15:40 -0400] "GET /goods/1643527452.shtml HTTP/1.1" 404 134462 "-" "Mozilla/5.0 AppleWebKit/537.36 (KHTML, like Gecko; compatible; ClaudeBot/1.0; [email protected])"
45.154.98.70 - - [20/Oct/2025:16:15:40 -0400] "POST //xmlrpc.php HTTP/1.1" 200 401 "-" "Mozilla/5.0 (Windows NT 10.0; Win64; x64) AppleWebKit/537.36 (KHTML, like Gecko) Chrome/78.0.3904.108 Safari/537.36"
45.154.98.70 - - [20/Oct/2025:16:15:41 -0400] "POST //xmlrpc.php HTTP/1.1" 200 401 "-" "Mozilla/5.0 (Windows NT 10.0; Win64; x64) AppleWebKit/537.36 (KHTML, like Gecko) Chrome/78.0.3904.108 Safari/537.36"
45.154.98.70 - - [20/Oct/2025:16:15:42 -0400] "POST //xmlrpc.php HTTP/1.1" 200 401 "-" "Mozilla/5.0 (Windows NT 10.0; Win64; x64) AppleWebKit/537.36 (KHTML, like Gecko) Chrome/78.0.3904.108 Safari/537.36"
45.154.98.70 - - [20/Oct/2025:16:15:42 -0400] "POST //xmlrpc.php HTTP/1.1" 200 401 "-" "Mozilla/5.0 (Windows NT 10.0; Win64; x64) AppleWebKit/537.36 (KHTML, like Gecko) Chrome/78.0.3904.108 Safari/537.36"
45.154.98.70 - - [20/Oct/2025:16:15:43 -0400] "POST //xmlrpc.php HTTP/1.1" 200 401 "-" "Mozilla/5.0 (Windows NT 10.0; Win64; x64) AppleWebKit/537.36 (KHTML, like Gecko) Chrome/78.0.3904.108 Safari/537.36"
45.154.98.70 - - [20/Oct/2025:16:15:43 -0400] "POST //xmlrpc.php HTTP/1.1" 200 401 "-" "Mozilla/5.0 (Windows NT 10.0; Win64; x64) AppleWebKit/537.36 (KHTML, like Gecko) Chrome/78.0.3904.108 Safari/537.36"
216.73.216.54 - - [20/Oct/2025:16:15:43 -0400] "GET /goods/1461097970.shtml HTTP/1.1" 404 134462 "-" "Mozilla/5.0 AppleWebKit/537.36 (KHTML, like Gecko; compatible; ClaudeBot/1.0; [email protected])"
45.154.98.70 - - [20/Oct/2025:16:15:44 -0400] "POST //xmlrpc.php HTTP/1.1" 200 401 "-" "Mozilla/5.0 (Windows NT 10.0; Win64; x64) AppleWebKit/537.36 (KHTML, like Gecko) Chrome/78.0.3904.108 Safari/537.36"
45.154.98.70 - - [20/Oct/2025:16:15:44 -0400] "POST //xmlrpc.php HTTP/1.1" 200 401 "-" "Mozilla/5.0 (Windows NT 10.0; Win64; x64) AppleWebKit/537.36 (KHTML, like Gecko) Chrome/78.0.3904.108 Safari/537.36"
45.154.98.70 - - [20/Oct/2025:16:15:45 -0400] "POST //xmlrpc.php HTTP/1.1" 200 401 "-" "Mozilla/5.0 (Windows NT 10.0; Win64; x64) AppleWebKit/537.36 (KHTML, like Gecko) Chrome/78.0.3904.108 Safari/537.36"
45.154.98.70 - - [20/Oct/2025:16:15:45 -0400] "POST //xmlrpc.php HTTP/1.1" 200 401 "-" "Mozilla/5.0 (Windows NT 10.0; Win64; x64) AppleWebKit/537.36 (KHTML, like Gecko) Chrome/78.0.3904.108 Safari/537.36"
45.154.98.70 - - [20/Oct/2025:16:15:46 -0400] "POST //xmlrpc.php HTTP/1.1" 200 401 "-" "Mozilla/5.0 (Windows NT 10.0; Win64; x64) AppleWebKit/537.36 (KHTML, like Gecko) Chrome/78.0.3904.108 Safari/537.36"
216.73.216.54 - - [20/Oct/2025:16:15:46 -0400] "GET /goods/1461230968.shtml HTTP/1.1" 404 134462 "-" "Mozilla/5.0 AppleWebKit/537.36 (KHTML, like Gecko; compatible; ClaudeBot/1.0; [email protected])"
45.154.98.70 - - [20/Oct/2025:16:15:46 -0400] "POST //xmlrpc.php HTTP/1.1" 200 401 "-" "Mozilla/5.0 (Windows NT 10.0; Win64; x64) AppleWebKit/537.36 (KHTML, like Gecko) Chrome/78.0.3904.108 Safari/537.36"
45.154.98.70 - - [20/Oct/2025:16:15:47 -0400] "POST //xmlrpc.php HTTP/1.1" 200 401 "-" "Mozilla/5.0 (Windows NT 10.0; Win64; x64) AppleWebKit/537.36 (KHTML, like Gecko) Chrome/78.0.3904.108 Safari/537.36"
45.154.98.70 - - [20/Oct/2025:16:15:47 -0400] "POST //xmlrpc.php HTTP/1.1" 200 401 "-" "Mozilla/5.0 (Windows NT 10.0; Win64; x64) AppleWebKit/537.36 (KHTML, like Gecko) Chrome/78.0.3904.108 Safari/537.36"
45.154.98.70 - - [20/Oct/2025:16:15:48 -0400] "POST //xmlrpc.php HTTP/1.1" 200 401 "-" "Mozilla/5.0 (Windows NT 10.0; Win64; x64) AppleWebKit/537.36 (KHTML, like Gecko) Chrome/78.0.3904.108 Safari/537.36"
45.154.98.70 - - [20/Oct/2025:16:15:49 -0400] "POST //xmlrpc.php HTTP/1.1" 200 401 "-" "Mozilla/5.0 (Windows NT 10.0; Win64; x64) AppleWebKit/537.36 (KHTML, like Gecko) Chrome/78.0.3904.108 Safari/537.36"
45.154.98.70 - - [20/Oct/2025:16:15:49 -0400] "POST //xmlrpc.php HTTP/1.1" 200 401 "-" "Mozilla/5.0 (Windows NT 10.0; Win64; x64) AppleWebKit/537.36 (KHTML, like Gecko) Chrome/78.0.3904.108 Safari/537.36"
216.73.216.54 - - [20/Oct/2025:16:15:49 -0400] "GET /goods/1643676946.shtml HTTP/1.1" 404 134462 "-" "Mozilla/5.0 AppleWebKit/537.36 (KHTML, like Gecko; compatible; ClaudeBot/1.0; [email protected])"
45.154.98.70 - - [20/Oct/2025:16:15:50 -0400] "POST //xmlrpc.php HTTP/1.1" 200 401 "-" "Mozilla/5.0 (Windows NT 10.0; Win64; x64) AppleWebKit/537.36 (KHTML, like Gecko) Chrome/78.0.3904.108 Safari/537.36"
45.154.98.70 - - [20/Oct/2025:16:15:50 -0400] "POST //xmlrpc.php HTTP/1.1" 200 401 "-" "Mozilla/5.0 (Windows NT 10.0; Win64; x64) AppleWebKit/537.36 (KHTML, like Gecko) Chrome/78.0.3904.108 Safari/537.36"
2409:8a56:c21:3590:69f9:ab04:19d6:425b - - [20/Oct/2025:16:15:51 -0400] "POST /xmlrpc.php HTTP/1.1" 200 403 "https://loloops.com/xmlrpc.php" "python-requests/2.27.1"
45.154.98.70 - - [20/Oct/2025:16:15:51 -0400] "POST //xmlrpc.php HTTP/1.1" 200 401 "-" "Mozilla/5.0 (Windows NT 10.0; Win64; x64) AppleWebKit/537.36 (KHTML, like Gecko) Chrome/78.0.3904.108 Safari/537.36"
45.154.98.70 - - [20/Oct/2025:16:15:52 -0400] "POST //xmlrpc.php HTTP/1.1" 200 401 "-" "Mozilla/5.0 (Windows NT 10.0; Win64; x64) AppleWebKit/537.36 (KHTML, like Gecko) Chrome/78.0.3904.108 Safari/537.36"
45.154.98.70 - - [20/Oct/2025:16:15:52 -0400] "POST //xmlrpc.php HTTP/1.1" 200 401 "-" "Mozilla/5.0 (Windows NT 10.0; Win64; x64) AppleWebKit/537.36 (KHTML, like Gecko) Chrome/78.0.3904.108 Safari/537.36"
216.73.216.54 - - [20/Oct/2025:16:15:52 -0400] "GET /goods/1460802376.shtml HTTP/1.1" 404 134462 "-" "Mozilla/5.0 AppleWebKit/537.36 (KHTML, like Gecko; compatible; ClaudeBot/1.0; [email protected])"
45.154.98.70 - - [20/Oct/2025:16:15:53 -0400] "POST //xmlrpc.php HTTP/1.1" 200 401 "-" "Mozilla/5.0 (Windows NT 10.0; Win64; x64) AppleWebKit/537.36 (KHTML, like Gecko) Chrome/78.0.3904.108 Safari/537.36"
45.154.98.70 - - [20/Oct/2025:16:15:53 -0400] "POST //xmlrpc.php HTTP/1.1" 200 401 "-" "Mozilla/5.0 (Windows NT 10.0; Win64; x64) AppleWebKit/537.36 (KHTML, like Gecko) Chrome/78.0.3904.108 Safari/537.36"
45.154.98.70 - - [20/Oct/2025:16:15:54 -0400] "POST //xmlrpc.php HTTP/1.1" 200 401 "-" "Mozilla/5.0 (Windows NT 10.0; Win64; x64) AppleWebKit/537.36 (KHTML, like Gecko) Chrome/78.0.3904.108 Safari/537.36"
45.154.98.70 - - [20/Oct/2025:16:15:54 -0400] "POST //xmlrpc.php HTTP/1.1" 200 401 "-" "Mozilla/5.0 (Windows NT 10.0; Win64; x64) AppleWebKit/537.36 (KHTML, like Gecko) Chrome/78.0.3904.108 Safari/537.36"
45.154.98.70 - - [20/Oct/2025:16:15:55 -0400] "POST //xmlrpc.php HTTP/1.1" 200 401 "-" "Mozilla/5.0 (Windows NT 10.0; Win64; x64) AppleWebKit/537.36 (KHTML, like Gecko) Chrome/78.0.3904.108 Safari/537.36"
216.73.216.54 - - [20/Oct/2025:16:15:55 -0400] "GET /goods/1461366538.shtml HTTP/1.1" 404 134462 "-" "Mozilla/5.0 AppleWebKit/537.36 (KHTML, like Gecko; compatible; ClaudeBot/1.0; [email protected])"
45.154.98.70 - - [20/Oct/2025:16:15:55 -0400] "POST //xmlrpc.php HTTP/1.1" 200 401 "-" "Mozilla/5.0 (Windows NT 10.0; Win64; x64) AppleWebKit/537.36 (KHTML, like Gecko) Chrome/78.0.3904.108 Safari/537.36"
45.154.98.70 - - [20/Oct/2025:16:15:56 -0400] "POST //xmlrpc.php HTTP/1.1" 200 401 "-" "Mozilla/5.0 (Windows NT 10.0; Win64; x64) AppleWebKit/537.36 (KHTML, like Gecko) Chrome/78.0.3904.108 Safari/537.36"
45.154.98.70 - - [20/Oct/2025:16:15:56 -0400] "POST //xmlrpc.php HTTP/1.1" 200 401 "-" "Mozilla/5.0 (Windows NT 10.0; Win64; x64) AppleWebKit/537.36 (KHTML, like Gecko) Chrome/78.0.3904.108 Safari/537.36"
45.154.98.70 - - [20/Oct/2025:16:15:57 -0400] "POST //xmlrpc.php HTTP/1.1" 200 401 "-" "Mozilla/5.0 (Windows NT 10.0; Win64; x64) AppleWebKit/537.36 (KHTML, like Gecko) Chrome/78.0.3904.108 Safari/537.36"
45.154.98.70 - - [20/Oct/2025:16:15:58 -0400] "POST //xmlrpc.php HTTP/1.1" 200 401 "-" "Mozilla/5.0 (Windows NT 10.0; Win64; x64) AppleWebKit/537.36 (KHTML, like Gecko) Chrome/78.0.3904.108 Safari/537.36"
216.73.216.54 - - [20/Oct/2025:16:15:58 -0400] "GET /goods/1643752374.shtml HTTP/1.1" 404 134462 "-" "Mozilla/5.0 AppleWebKit/537.36 (KHTML, like Gecko; compatible; ClaudeBot/1.0; [email protected])"
45.154.98.70 - - [20/Oct/2025:16:15:58 -0400] "POST //xmlrpc.php HTTP/1.1" 200 401 "-" "Mozilla/5.0 (Windows NT 10.0; Win64; x64) AppleWebKit/537.36 (KHTML, like Gecko) Chrome/78.0.3904.108 Safari/537.36"
45.154.98.70 - - [20/Oct/2025:16:15:59 -0400] "POST //xmlrpc.php HTTP/1.1" 200 401 "-" "Mozilla/5.0 (Windows NT 10.0; Win64; x64) AppleWebKit/537.36 (KHTML, like Gecko) Chrome/78.0.3904.108 Safari/537.36"
45.154.98.70 - - [20/Oct/2025:16:16:00 -0400] "POST //xmlrpc.php HTTP/1.1" 200 401 "-" "Mozilla/5.0 (Windows NT 10.0; Win64; x64) AppleWebKit/537.36 (KHTML, like Gecko) Chrome/78.0.3904.108 Safari/537.36"
45.154.98.70 - - [20/Oct/2025:16:16:00 -0400] "POST //xmlrpc.php HTTP/1.1" 200 401 "-" "Mozilla/5.0 (Windows NT 10.0; Win64; x64) AppleWebKit/537.36 (KHTML, like Gecko) Chrome/78.0.3904.108 Safari/537.36"
45.154.98.70 - - [20/Oct/2025:16:16:01 -0400] "POST //xmlrpc.php HTTP/1.1" 200 401 "-" "Mozilla/5.0 (Windows NT 10.0; Win64; x64) AppleWebKit/537.36 (KHTML, like Gecko) Chrome/78.0.3904.108 Safari/537.36"
45.154.98.70 - - [20/Oct/2025:16:16:01 -0400] "POST //xmlrpc.php HTTP/1.1" 200 401 "-" "Mozilla/5.0 (Windows NT 10.0; Win64; x64) AppleWebKit/537.36 (KHTML, like Gecko) Chrome/78.0.3904.108 Safari/537.36"
216.73.216.54 - - [20/Oct/2025:16:16:01 -0400] "GET /goods/1460794776.shtml HTTP/1.1" 404 134462 "-" "Mozilla/5.0 AppleWebKit/537.36 (KHTML, like Gecko; compatible; ClaudeBot/1.0; [email protected])"
45.154.98.70 - - [20/Oct/2025:16:16:02 -0400] "POST //xmlrpc.php HTTP/1.1" 200 401 "-" "Mozilla/5.0 (Windows NT 10.0; Win64; x64) AppleWebKit/537.36 (KHTML, like Gecko) Chrome/78.0.3904.108 Safari/537.36"
45.154.98.70 - - [20/Oct/2025:16:16:02 -0400] "POST //xmlrpc.php HTTP/1.1" 200 401 "-" "Mozilla/5.0 (Windows NT 10.0; Win64; x64) AppleWebKit/537.36 (KHTML, like Gecko) Chrome/78.0.3904.108 Safari/537.36"
196.251.71.198 - - [20/Oct/2025:16:16:02 -0400] "POST /wp-login.php HTTP/1.1" 200 5868 "-" "Mozilla/5.0"
196.251.71.198 - - [20/Oct/2025:16:16:02 -0400] "POST /wp-login.php HTTP/1.1" 200 5866 "-" "Mozilla/5.0"
196.251.71.198 - - [20/Oct/2025:16:16:02 -0400] "POST /wp-login.php HTTP/1.1" 200 5870 "-" "Mozilla/5.0"
196.251.71.198 - - [20/Oct/2025:16:16:02 -0400] "POST /wp-login.php HTTP/1.1" 200 5872 "-" "Mozilla/5.0"
196.251.71.198 - - [20/Oct/2025:16:16:02 -0400] "POST /wp-login.php HTTP/1.1" 200 5864 "-" "Mozilla/5.0"
196.251.71.198 - - [20/Oct/2025:16:16:02 -0400] "POST /wp-login.php HTTP/1.1" 200 5866 "-" "Mozilla/5.0"
45.154.98.70 - - [20/Oct/2025:16:16:03 -0400] "POST //xmlrpc.php HTTP/1.1" 200 401 "-" "Mozilla/5.0 (Windows NT 10.0; Win64; x64) AppleWebKit/537.36 (KHTML, like Gecko) Chrome/78.0.3904.108 Safari/537.36"
2409:8a56:c21:3590:69f9:ab04:19d6:425b - - [20/Oct/2025:16:16:03 -0400] "POST /xmlrpc.php HTTP/1.1" 200 403 "https://loloops.com/xmlrpc.php" "python-requests/2.27.1"
45.154.98.70 - - [20/Oct/2025:16:16:03 -0400] "POST //xmlrpc.php HTTP/1.1" 200 401 "-" "Mozilla/5.0 (Windows NT 10.0; Win64; x64) AppleWebKit/537.36 (KHTML, like Gecko) Chrome/78.0.3904.108 Safari/537.36"
45.154.98.70 - - [20/Oct/2025:16:16:04 -0400] "POST //xmlrpc.php HTTP/1.1" 200 401 "-" "Mozilla/5.0 (Windows NT 10.0; Win64; x64) AppleWebKit/537.36 (KHTML, like Gecko) Chrome/78.0.3904.108 Safari/537.36"
216.73.216.54 - - [20/Oct/2025:16:16:04 -0400] "GET /goods/1643683010.shtml HTTP/1.1" 404 134462 "-" "Mozilla/5.0 AppleWebKit/537.36 (KHTML, like Gecko; compatible; ClaudeBot/1.0; [email protected])"
45.154.98.70 - - [20/Oct/2025:16:16:04 -0400] "POST //xmlrpc.php HTTP/1.1" 200 401 "-" "Mozilla/5.0 (Windows NT 10.0; Win64; x64) AppleWebKit/537.36 (KHTML, like Gecko) Chrome/78.0.3904.108 Safari/537.36"
45.154.98.70 - - [20/Oct/2025:16:16:05 -0400] "POST //xmlrpc.php HTTP/1.1" 200 401 "-" "Mozilla/5.0 (Windows NT 10.0; Win64; x64) AppleWebKit/537.36 (KHTML, like Gecko) Chrome/78.0.3904.108 Safari/537.36"
45.154.98.70 - - [20/Oct/2025:16:16:06 -0400] "POST //xmlrpc.php HTTP/1.1" 200 401 "-" "Mozilla/5.0 (Windows NT 10.0; Win64; x64) AppleWebKit/537.36 (KHTML, like Gecko) Chrome/78.0.3904.108 Safari/537.36"
45.154.98.70 - - [20/Oct/2025:16:16:06 -0400] "POST //xmlrpc.php HTTP/1.1" 200 401 "-" "Mozilla/5.0 (Windows NT 10.0; Win64; x64) AppleWebKit/537.36 (KHTML, like Gecko) Chrome/78.0.3904.108 Safari/537.36"
216.73.216.54 - - [20/Oct/2025:16:16:07 -0400] "GET /goods/1643787710.shtml HTTP/1.1" 404 134462 "-" "Mozilla/5.0 AppleWebKit/537.36 (KHTML, like Gecko; compatible; ClaudeBot/1.0; [email protected])"
216.73.216.54 - - [20/Oct/2025:16:16:10 -0400] "GET /goods/1461474594.shtml HTTP/1.1" 404 134462 "-" "Mozilla/5.0 AppleWebKit/537.36 (KHTML, like Gecko; compatible; ClaudeBot/1.0; [email protected])"
216.73.216.54 - - [20/Oct/2025:16:16:13 -0400] "GET /goods/1461263332.shtml HTTP/1.1" 404 134462 "-" "Mozilla/5.0 AppleWebKit/537.36 (KHTML, like Gecko; compatible; ClaudeBot/1.0; [email protected])"
216.73.216.54 - - [20/Oct/2025:16:16:16 -0400] "GET /goods/1643218698.shtml HTTP/1.1" 404 134462 "-" "Mozilla/5.0 AppleWebKit/537.36 (KHTML, like Gecko; compatible; ClaudeBot/1.0; [email protected])"
66.249.64.5 - - [20/Oct/2025:16:16:16 -0400] "GET /?shop/detail/NTE4MzQzOQ HTTP/1.1" 200 156632 "-" "Mozilla/5.0 (Linux; Android 6.0.1; Nexus 5X Build/MMB29P) AppleWebKit/537.36 (KHTML, like Gecko) Chrome/140.0.7339.207 Mobile Safari/537.36 (compatible; Googlebot/2.1; +http://www.google.com/bot.html)"
216.73.216.54 - - [20/Oct/2025:16:16:19 -0400] "GET /goods/1460926292.shtml HTTP/1.1" 404 134462 "-" "Mozilla/5.0 AppleWebKit/537.36 (KHTML, like Gecko; compatible; ClaudeBot/1.0; [email protected])"
216.73.216.54 - - [20/Oct/2025:16:16:22 -0400] "GET /goods/1460800196.shtml HTTP/1.1" 404 134462 "-" "Mozilla/5.0 AppleWebKit/537.36 (KHTML, like Gecko; compatible; ClaudeBot/1.0; [email protected])"
2409:8a56:c21:3590:69f9:ab04:19d6:425b - - [20/Oct/2025:16:16:25 -0400] "POST /xmlrpc.php HTTP/1.1" 200 403 "https://loloops.com/xmlrpc.php" "python-requests/2.27.1"
216.73.216.54 - - [20/Oct/2025:16:16:25 -0400] "GET /goods/1461431658.shtml HTTP/1.1" 404 134462 "-" "Mozilla/5.0 AppleWebKit/537.36 (KHTML, like Gecko; compatible; ClaudeBot/1.0; [email protected])"
216.73.216.54 - - [20/Oct/2025:16:16:28 -0400] "GET /goods/1461199702.shtml HTTP/1.1" 404 134462 "-" "Mozilla/5.0 AppleWebKit/537.36 (KHTML, like Gecko; compatible; ClaudeBot/1.0; [email protected])"
66.249.64.5 - - [20/Oct/2025:16:16:27 -0400] "GET /?o=00796101172400&channel=dcc554&from=shared.php?goods/1850335602.shtml HTTP/1.1" 200 138894 "-" "Mozilla/5.0 (Linux; Android 6.0.1; Nexus 5X Build/MMB29P) AppleWebKit/537.36 (KHTML, like Gecko) Chrome/140.0.7339.207 Mobile Safari/537.36 (compatible; Googlebot/2.1; +http://www.google.com/bot.html)"
216.73.216.54 - - [20/Oct/2025:16:16:31 -0400] "GET /goods/1460857754.shtml HTTP/1.1" 404 134462 "-" "Mozilla/5.0 AppleWebKit/537.36 (KHTML, like Gecko; compatible; ClaudeBot/1.0; [email protected])"
216.73.216.54 - - [20/Oct/2025:16:16:34 -0400] "GET /goods/1461442098.shtml HTTP/1.1" 404 134462 "-" "Mozilla/5.0 AppleWebKit/537.36 (KHTML, like Gecko; compatible; ClaudeBot/1.0; [email protected])"
2409:8a56:c21:3590:69f9:ab04:19d6:425b - - [20/Oct/2025:16:16:35 -0400] "POST /xmlrpc.php HTTP/1.1" 200 403 "https://loloops.com/xmlrpc.php" "python-requests/2.27.1"
216.73.216.54 - - [20/Oct/2025:16:16:37 -0400] "GET /goods/1461000502.shtml HTTP/1.1" 404 134462 "-" "Mozilla/5.0 AppleWebKit/537.36 (KHTML, like Gecko; compatible; ClaudeBot/1.0; [email protected])"
216.73.216.54 - - [20/Oct/2025:16:16:40 -0400] "GET /goods/1461035690.shtml HTTP/1.1" 404 134462 "-" "Mozilla/5.0 AppleWebKit/537.36 (KHTML, like Gecko; compatible; ClaudeBot/1.0; [email protected])"
2409:8a56:c21:3590:69f9:ab04:19d6:425b - - [20/Oct/2025:16:16:43 -0400] "POST /xmlrpc.php HTTP/1.1" 200 403 "https://loloops.com/xmlrpc.php" "python-requests/2.27.1"
216.73.216.54 - - [20/Oct/2025:16:16:47 -0400] "GET /goods/1643377950.shtml HTTP/1.1" 404 134462 "-" "Mozilla/5.0 AppleWebKit/537.36 (KHTML, like Gecko; compatible; ClaudeBot/1.0; [email protected])"
216.73.216.54 - - [20/Oct/2025:16:16:50 -0400] "GET /goods/1643782030.shtml HTTP/1.1" 404 134462 "-" "Mozilla/5.0 AppleWebKit/537.36 (KHTML, like Gecko; compatible; ClaudeBot/1.0; [email protected])"
216.73.216.54 - - [20/Oct/2025:16:16:53 -0400] "GET /goods/1461125752.shtml HTTP/1.1" 404 134462 "-" "Mozilla/5.0 AppleWebKit/537.36 (KHTML, like Gecko; compatible; ClaudeBot/1.0; [email protected])"
2409:8a56:c21:3590:69f9:ab04:19d6:425b - - [20/Oct/2025:16:16:55 -0400] "POST /xmlrpc.php HTTP/1.1" 200 403 "https://loloops.com/xmlrpc.php" "python-requests/2.27.1"
216.73.216.54 - - [20/Oct/2025:16:16:56 -0400] "GET /goods/1643476256.shtml HTTP/1.1" 404 134462 "-" "Mozilla/5.0 AppleWebKit/537.36 (KHTML, like Gecko; compatible; ClaudeBot/1.0; [email protected])"
216.73.216.54 - - [20/Oct/2025:16:16:59 -0400] "GET /goods/1461357596.shtml HTTP/1.1" 404 134462 "-" "Mozilla/5.0 AppleWebKit/537.36 (KHTML, like Gecko; compatible; ClaudeBot/1.0; [email protected])"
216.73.216.54 - - [20/Oct/2025:16:17:02 -0400] "GET /goods/1461074444.shtml HTTP/1.1" 404 134462 "-" "Mozilla/5.0 AppleWebKit/537.36 (KHTML, like Gecko; compatible; ClaudeBot/1.0; [email protected])"
2409:8a56:c21:3590:69f9:ab04:19d6:425b - - [20/Oct/2025:16:17:02 -0400] "POST /xmlrpc.php HTTP/1.1" 200 403 "https://loloops.com/xmlrpc.php" "python-requests/2.27.1"
66.249.64.4 - - [20/Oct/2025:16:17:02 -0400] "GET /goods/1415226854.shtml HTTP/1.1" 200 121660 "-" "Mozilla/5.0 (Linux; Android 6.0.1; Nexus 5X Build/MMB29P) AppleWebKit/537.36 (KHTML, like Gecko) Chrome/140.0.7339.207 Mobile Safari/537.36 (compatible; Googlebot/2.1; +http://www.google.com/bot.html)"
216.73.216.54 - - [20/Oct/2025:16:17:05 -0400] "GET /goods/1643373042.shtml HTTP/1.1" 404 134462 "-" "Mozilla/5.0 AppleWebKit/537.36 (KHTML, like Gecko; compatible; ClaudeBot/1.0; [email protected])"
216.73.216.54 - - [20/Oct/2025:16:17:08 -0400] "GET /goods/1643308070.shtml HTTP/1.1" 404 134462 "-" "Mozilla/5.0 AppleWebKit/537.36 (KHTML, like Gecko; compatible; ClaudeBot/1.0; [email protected])"
66.249.64.4 - - [20/Oct/2025:16:17:09 -0400] "GET /?o=00796101172400&channel=dcc554&from=shared.php?goods/1850372160.shtml HTTP/1.1" 200 146895 "-" "Mozilla/5.0 (Linux; Android 6.0.1; Nexus 5X Build/MMB29P) AppleWebKit/537.36 (KHTML, like Gecko) Chrome/140.0.7339.207 Mobile Safari/537.36 (compatible; Googlebot/2.1; +http://www.google.com/bot.html)"
2409:8a56:c21:3590:69f9:ab04:19d6:425b - - [20/Oct/2025:16:17:11 -0400] "POST /xmlrpc.php HTTP/1.1" 200 403 "https://loloops.com/xmlrpc.php" "python-requests/2.27.1"
216.73.216.54 - - [20/Oct/2025:16:17:11 -0400] "GET /goods/1643233860.shtml HTTP/1.1" 404 134462 "-" "Mozilla/5.0 AppleWebKit/537.36 (KHTML, like Gecko; compatible; ClaudeBot/1.0; [email protected])"
69.10.48.159 - - [20/Oct/2025:16:17:12 -0400] "GET /wp-content/uploads/2018/10/img_Workout-routine_2018_10.jpg HTTP/1.1" 200 31837 "-" "Mozilla/5.0 (Windows NT 10.0; Win64; x64) AppleWebKit/537.36 (KHTML, like Gecko) Chrome/124.0.0.0 Safari/537.36"
51.222.95.216 - - [20/Oct/2025:16:17:12 -0400] "GET /goods/1425555368.shtml HTTP/1.1" 404 134462 "-" "Mozilla/5.0 (compatible; AhrefsBot/7.0; +http://ahrefs.com/robot/)"
216.73.216.54 - - [20/Oct/2025:16:17:14 -0400] "GET /goods/1643235350.shtml HTTP/1.1" 404 134462 "-" "Mozilla/5.0 AppleWebKit/537.36 (KHTML, like Gecko; compatible; ClaudeBot/1.0; [email protected])"
216.73.216.54 - - [20/Oct/2025:16:17:17 -0400] "GET /goods/1461494644.shtml HTTP/1.1" 404 134462 "-" "Mozilla/5.0 AppleWebKit/537.36 (KHTML, like Gecko; compatible; ClaudeBot/1.0; [email protected])"
2409:8a56:c21:3590:69f9:ab04:19d6:425b - - [20/Oct/2025:16:17:20 -0400] "POST /xmlrpc.php HTTP/1.1" 200 403 "https://loloops.com/xmlrpc.php" "python-requests/2.27.1"
216.73.216.54 - - [20/Oct/2025:16:17:20 -0400] "GET /goods/1643359118.shtml HTTP/1.1" 404 134462 "-" "Mozilla/5.0 AppleWebKit/537.36 (KHTML, like Gecko; compatible; ClaudeBot/1.0; [email protected])"
216.73.216.54 - - [20/Oct/2025:16:17:23 -0400] "GET /goods/1643566838.shtml HTTP/1.1" 404 134462 "-" "Mozilla/5.0 AppleWebKit/537.36 (KHTML, like Gecko; compatible; ClaudeBot/1.0; [email protected])"
216.73.216.54 - - [20/Oct/2025:16:17:26 -0400] "GET /goods/1460815656.shtml HTTP/1.1" 404 134462 "-" "Mozilla/5.0 AppleWebKit/537.36 (KHTML, like Gecko; compatible; ClaudeBot/1.0; [email protected])"
216.73.216.54 - - [20/Oct/2025:16:17:29 -0400] "GET /goods/1643473416.shtml HTTP/1.1" 404 134462 "-" "Mozilla/5.0 AppleWebKit/537.36 (KHTML, like Gecko; compatible; ClaudeBot/1.0; [email protected])"
216.73.216.54 - - [20/Oct/2025:16:17:32 -0400] "GET /goods/1461324262.shtml HTTP/1.1" 404 134462 "-" "Mozilla/5.0 AppleWebKit/537.36 (KHTML, like Gecko; compatible; ClaudeBot/1.0; [email protected])"
216.73.216.54 - - [20/Oct/2025:16:17:35 -0400] "GET /goods/1643704550.shtml HTTP/1.1" 404 134462 "-" "Mozilla/5.0 AppleWebKit/537.36 (KHTML, like Gecko; compatible; ClaudeBot/1.0; [email protected])"
2409:8a56:c21:3590:69f9:ab04:19d6:425b - - [20/Oct/2025:16:17:38 -0400] "POST /xmlrpc.php HTTP/1.1" 200 403 "https://loloops.com/xmlrpc.php" "python-requests/2.27.1"
216.73.216.54 - - [20/Oct/2025:16:17:38 -0400] "GET /goods/1461395624.shtml HTTP/1.1" 404 134462 "-" "Mozilla/5.0 AppleWebKit/537.36 (KHTML, like Gecko; compatible; ClaudeBot/1.0; [email protected])"
216.73.216.54 - - [20/Oct/2025:16:17:41 -0400] "GET /goods/1643335014.shtml HTTP/1.1" 404 134462 "-" "Mozilla/5.0 AppleWebKit/537.36 (KHTML, like Gecko; compatible; ClaudeBot/1.0; [email protected])"
2409:8a56:c21:3590:69f9:ab04:19d6:425b - - [20/Oct/2025:16:17:41 -0400] "POST /xmlrpc.php HTTP/1.1" 200 403 "https://loloops.com/xmlrpc.php" "python-requests/2.27.1"
216.73.216.54 - - [20/Oct/2025:16:17:44 -0400] "GET /goods/1461225948.shtml HTTP/1.1" 404 134462 "-" "Mozilla/5.0 AppleWebKit/537.36 (KHTML, like Gecko; compatible; ClaudeBot/1.0; [email protected])"
2409:8a56:c21:3590:69f9:ab04:19d6:425b - - [20/Oct/2025:16:17:47 -0400] "POST /xmlrpc.php HTTP/1.1" 200 403 "https://loloops.com/xmlrpc.php" "python-requests/2.27.1"
216.73.216.54 - - [20/Oct/2025:16:17:47 -0400] "GET /goods/1460866852.shtml HTTP/1.1" 404 134462 "-" "Mozilla/5.0 AppleWebKit/537.36 (KHTML, like Gecko; compatible; ClaudeBot/1.0; [email protected])"
66.249.64.4 - - [20/Oct/2025:16:17:47 -0400] "GET /?shop/detail/MjU0Mzc5MA HTTP/1.1" 301 - "-" "Mozilla/5.0 (Linux; Android 6.0.1; Nexus 5X Build/MMB29P) AppleWebKit/537.36 (KHTML, like Gecko) Chrome/140.0.7339.207 Mobile Safari/537.36 (compatible; Googlebot/2.1; +http://www.google.com/bot.html)"
66.249.64.4 - - [20/Oct/2025:16:17:48 -0400] "GET /?shop%2Fdetail%2FMjU0Mzc5MA HTTP/1.1" 200 107648 "-" "Mozilla/5.0 (Linux; Android 6.0.1; Nexus 5X Build/MMB29P) AppleWebKit/537.36 (KHTML, like Gecko) Chrome/140.0.7339.207 Mobile Safari/537.36 (compatible; Googlebot/2.1; +http://www.google.com/bot.html)"
2409:8a56:c21:3590:69f9:ab04:19d6:425b - - [20/Oct/2025:16:17:51 -0400] "POST /xmlrpc.php HTTP/1.1" 200 403 "https://loloops.com/xmlrpc.php" "python-requests/2.27.1"
2409:8a56:c21:3590:69f9:ab04:19d6:425b - - [20/Oct/2025:16:17:53 -0400] "POST /xmlrpc.php HTTP/1.1" 200 403 "https://loloops.com/xmlrpc.php" "python-requests/2.27.1"
2409:8a56:c21:3590:69f9:ab04:19d6:425b - - [20/Oct/2025:16:17:55 -0400] "POST /xmlrpc.php HTTP/1.1" 200 403 "https://loloops.com/xmlrpc.php" "python-requests/2.27.1"
2409:8a56:c21:3590:69f9:ab04:19d6:425b - - [20/Oct/2025:16:17:58 -0400] "POST /xmlrpc.php HTTP/1.1" 200 403 "https://loloops.com/xmlrpc.php" "python-requests/2.27.1"
178.20.45.128 - - [20/Oct/2025:16:17:58 -0400] "GET /billboard-music-awards-2019-awkward-moments/ HTTP/1.1" 200 277906 "https://loloops.com/billboard-music-awards-2019-awkward-moments/#comment-9200" "Mozilla/5.0 (Windows NT 10.0; Win64; x64) AppleWebKit/537.36 (KHTML, like Gecko) Chrome/131.0.0.0 Safari/537.36"
2409:8a56:c21:3590:69f9:ab04:19d6:425b - - [20/Oct/2025:16:17:59 -0400] "POST /xmlrpc.php HTTP/1.1" 200 403 "https://loloops.com/xmlrpc.php" "python-requests/2.27.1"
216.244.66.201 - - [20/Oct/2025:16:18:01 -0400] "GET /celebrity-fails-and-falls/11/ HTTP/1.1" 301 - "-" "Mozilla/5.0 (compatible; DotBot/1.2; +https://opensiteexplorer.org/dotbot; [email protected])"
178.20.45.128 - - [20/Oct/2025:16:18:02 -0400] "POST /wp-comments-post.php HTTP/1.1" 302 - "https://loloops.com/billboard-music-awards-2019-awkward-moments/#comment-9200" "Mozilla/5.0 (Windows NT 10.0; Win64; x64) AppleWebKit/537.36 (KHTML, like Gecko) Chrome/131.0.0.0 Safari/537.36"
178.20.45.128 - - [20/Oct/2025:16:18:03 -0400] "GET /billboard-music-awards-2019-awkward-moments/ HTTP/1.1" 200 338476 "https://loloops.com/billboard-music-awards-2019-awkward-moments/#comment-13792" "Mozilla/5.0 (Windows NT 10.0; Win64; x64) AppleWebKit/537.36 (KHTML, like Gecko) Chrome/131.0.0.0 Safari/537.36"
2409:8a56:c21:3590:69f9:ab04:19d6:425b - - [20/Oct/2025:16:18:06 -0400] "POST /xmlrpc.php HTTP/1.1" 200 403 "https://loloops.com/xmlrpc.php" "python-requests/2.27.1"
216.73.216.54 - - [20/Oct/2025:16:18:06 -0400] "GET /goods/1461021068.shtml HTTP/1.1" 404 134462 "-" "Mozilla/5.0 AppleWebKit/537.36 (KHTML, like Gecko; compatible; ClaudeBot/1.0; [email protected])"
216.73.216.54 - - [20/Oct/2025:16:18:09 -0400] "GET /goods/1643735044.shtml HTTP/1.1" 404 134462 "-" "Mozilla/5.0 AppleWebKit/537.36 (KHTML, like Gecko; compatible; ClaudeBot/1.0; [email protected])"
2409:8a56:c21:3590:69f9:ab04:19d6:425b - - [20/Oct/2025:16:18:11 -0400] "POST /xmlrpc.php HTTP/1.1" 200 403 "https://loloops.com/xmlrpc.php" "python-requests/2.27.1"
216.73.216.54 - - [20/Oct/2025:16:18:12 -0400] "GET /goods/1461443448.shtml HTTP/1.1" 404 134462 "-" "Mozilla/5.0 AppleWebKit/537.36 (KHTML, like Gecko; compatible; ClaudeBot/1.0; [email protected])"
2409:8a56:c21:3590:69f9:ab04:19d6:425b - - [20/Oct/2025:16:18:13 -0400] "POST /xmlrpc.php HTTP/1.1" 200 403 "https://loloops.com/xmlrpc.php" "python-requests/2.27.1"
216.244.66.201 - - [20/Oct/2025:16:18:13 -0400] "GET /celebrity-fails-and-falls/8/ HTTP/1.1" 301 - "-" "Mozilla/5.0 (compatible; DotBot/1.2; +https://opensiteexplorer.org/dotbot; [email protected])"
2409:8a56:c21:3590:69f9:ab04:19d6:425b - - [20/Oct/2025:16:18:14 -0400] "POST /xmlrpc.php HTTP/1.1" 200 403 "https://loloops.com/xmlrpc.php" "python-requests/2.27.1"
216.73.216.54 - - [20/Oct/2025:16:18:15 -0400] "GET /goods/1460900690.shtml HTTP/1.1" 404 134462 "-" "Mozilla/5.0 AppleWebKit/537.36 (KHTML, like Gecko; compatible; ClaudeBot/1.0; [email protected])"
2409:8a56:c21:3590:69f9:ab04:19d6:425b - - [20/Oct/2025:16:18:16 -0400] "POST /xmlrpc.php HTTP/1.1" 200 403 "https://loloops.com/xmlrpc.php" "python-requests/2.27.1"
2409:8a56:c21:3590:69f9:ab04:19d6:425b - - [20/Oct/2025:16:18:18 -0400] "POST /xmlrpc.php HTTP/1.1" 200 403 "https://loloops.com/xmlrpc.php" "python-requests/2.27.1"
216.73.216.54 - - [20/Oct/2025:16:18:18 -0400] "GET /goods/1643571730.shtml HTTP/1.1" 404 134462 "-" "Mozilla/5.0 AppleWebKit/537.36 (KHTML, like Gecko; compatible; ClaudeBot/1.0; [email protected])"
216.73.216.54 - - [20/Oct/2025:16:18:21 -0400] "GET /goods/1643371700.shtml HTTP/1.1" 404 134462 "-" "Mozilla/5.0 AppleWebKit/537.36 (KHTML, like Gecko; compatible; ClaudeBot/1.0; [email protected])"
216.73.216.54 - - [20/Oct/2025:16:18:24 -0400] "GET /goods/1643710792.shtml HTTP/1.1" 404 134462 "-" "Mozilla/5.0 AppleWebKit/537.36 (KHTML, like Gecko; compatible; ClaudeBot/1.0; [email protected])"
2409:8a56:c21:3590:69f9:ab04:19d6:425b - - [20/Oct/2025:16:18:24 -0400] "POST /xmlrpc.php HTTP/1.1" 200 403 "https://loloops.com/xmlrpc.php" "python-requests/2.27.1"
216.73.216.54 - - [20/Oct/2025:16:18:27 -0400] "GET /goods/1461078626.shtml HTTP/1.1" 404 134462 "-" "Mozilla/5.0 AppleWebKit/537.36 (KHTML, like Gecko; compatible; ClaudeBot/1.0; [email protected])"
2409:8a56:c21:3590:69f9:ab04:19d6:425b - - [20/Oct/2025:16:18:28 -0400] "POST /xmlrpc.php HTTP/1.1" 200 403 "https://loloops.com/xmlrpc.php" "python-requests/2.27.1"
216.73.216.54 - - [20/Oct/2025:16:18:30 -0400] "GET /goods/1461354756.shtml HTTP/1.1" 404 134462 "-" "Mozilla/5.0 AppleWebKit/537.36 (KHTML, like Gecko; compatible; ClaudeBot/1.0; [email protected])"
2409:8a56:c21:3590:69f9:ab04:19d6:425b - - [20/Oct/2025:16:18:33 -0400] "POST /xmlrpc.php HTTP/1.1" 200 403 "https://loloops.com/xmlrpc.php" "python-requests/2.27.1"
216.73.216.54 - - [20/Oct/2025:16:18:33 -0400] "GET /goods/1461105570.shtml HTTP/1.1" 404 134462 "-" "Mozilla/5.0 AppleWebKit/537.36 (KHTML, like Gecko; compatible; ClaudeBot/1.0; [email protected])"
66.249.64.6 - - [20/Oct/2025:16:18:33 -0400] "GET /?shop/detail/MzQyMzc4OA HTTP/1.1" 200 156632 "-" "Mozilla/5.0 (Linux; Android 6.0.1; Nexus 5X Build/MMB29P) AppleWebKit/537.36 (KHTML, like Gecko) Chrome/140.0.7339.207 Mobile Safari/537.36 (compatible; Googlebot/2.1; +http://www.google.com/bot.html)"
216.73.216.54 - - [20/Oct/2025:16:18:36 -0400] "GET /goods/1461107068.shtml HTTP/1.1" 404 134462 "-" "Mozilla/5.0 AppleWebKit/537.36 (KHTML, like Gecko; compatible; ClaudeBot/1.0; [email protected])"
2409:8a56:c21:3590:69f9:ab04:19d6:425b - - [20/Oct/2025:16:18:36 -0400] "POST /xmlrpc.php HTTP/1.1" 200 403 "https://loloops.com/xmlrpc.php" "python-requests/2.27.1"
216.73.216.54 - - [20/Oct/2025:16:18:39 -0400] "GET /goods/1643519704.shtml HTTP/1.1" 404 134462 "-" "Mozilla/5.0 AppleWebKit/537.36 (KHTML, like Gecko; compatible; ClaudeBot/1.0; [email protected])"
216.73.216.54 - - [20/Oct/2025:16:18:42 -0400] "GET /goods/1643466514.shtml HTTP/1.1" 404 134462 "-" "Mozilla/5.0 AppleWebKit/537.36 (KHTML, like Gecko; compatible; ClaudeBot/1.0; [email protected])"
148.113.130.43 - - [20/Oct/2025:16:18:42 -0400] "GET /goods/1425259084.shtml HTTP/1.1" 404 134462 "-" "Mozilla/5.0 (compatible; AhrefsBot/7.0; +http://ahrefs.com/robot/)"
2409:8a56:c21:3590:69f9:ab04:19d6:425b - - [20/Oct/2025:16:18:43 -0400] "POST /xmlrpc.php HTTP/1.1" 200 403 "https://loloops.com/xmlrpc.php" "python-requests/2.27.1"
216.73.216.54 - - [20/Oct/2025:16:18:45 -0400] "GET /goods/1643793952.shtml HTTP/1.1" 404 134462 "-" "Mozilla/5.0 AppleWebKit/537.36 (KHTML, like Gecko; compatible; ClaudeBot/1.0; [email protected])"
2409:8a56:c21:3590:69f9:ab04:19d6:425b - - [20/Oct/2025:16:18:48 -0400] "POST /xmlrpc.php HTTP/1.1" 200 403 "https://loloops.com/xmlrpc.php" "python-requests/2.27.1"
216.73.216.54 - - [20/Oct/2025:16:18:48 -0400] "GET /goods/1643521900.shtml HTTP/1.1" 404 134462 "-" "Mozilla/5.0 AppleWebKit/537.36 (KHTML, like Gecko; compatible; ClaudeBot/1.0; [email protected])"
216.73.216.54 - - [20/Oct/2025:16:18:51 -0400] "GET /goods/1461174752.shtml HTTP/1.1" 404 134462 "-" "Mozilla/5.0 AppleWebKit/537.36 (KHTML, like Gecko; compatible; ClaudeBot/1.0; [email protected])"
216.73.216.54 - - [20/Oct/2025:16:18:54 -0400] "GET /goods/1643525256.shtml HTTP/1.1" 404 134462 "-" "Mozilla/5.0 AppleWebKit/537.36 (KHTML, like Gecko; compatible; ClaudeBot/1.0; [email protected])"
2409:8a56:c21:3590:69f9:ab04:19d6:425b - - [20/Oct/2025:16:18:57 -0400] "POST /xmlrpc.php HTTP/1.1" 200 403 "https://loloops.com/xmlrpc.php" "python-requests/2.27.1"
216.73.216.54 - - [20/Oct/2025:16:18:57 -0400] "GET /goods/1643529454.shtml HTTP/1.1" 404 134462 "-" "Mozilla/5.0 AppleWebKit/537.36 (KHTML, like Gecko; compatible; ClaudeBot/1.0; [email protected])"
216.73.216.54 - - [20/Oct/2025:16:19:00 -0400] "GET /goods/1643700352.shtml HTTP/1.1" 404 134462 "-" "Mozilla/5.0 AppleWebKit/537.36 (KHTML, like Gecko; compatible; ClaudeBot/1.0; [email protected])"
216.73.216.54 - - [20/Oct/2025:16:19:03 -0400] "GET /goods/1460791936.shtml HTTP/1.1" 404 134462 "-" "Mozilla/5.0 AppleWebKit/537.36 (KHTML, like Gecko; compatible; ClaudeBot/1.0; [email protected])"
2409:8a56:c21:3590:69f9:ab04:19d6:425b - - [20/Oct/2025:16:19:05 -0400] "POST /xmlrpc.php HTTP/1.1" 200 403 "https://loloops.com/xmlrpc.php" "python-requests/2.27.1"
216.73.216.54 - - [20/Oct/2025:16:19:06 -0400] "GET /goods/1643795310.shtml HTTP/1.1" 404 134462 "-" "Mozilla/5.0 AppleWebKit/537.36 (KHTML, like Gecko; compatible; ClaudeBot/1.0; [email protected])"
69.10.48.159 - - [20/Oct/2025:16:19:07 -0400] "GET /wp-content/uploads/2018/10/img_How-Taylor-Swift-Maintains-Her-Gorgeous-Than-Ever-Figure_2018_10.jpg HTTP/1.1" 200 40439 "-" "Mozilla/5.0 (Windows NT 10.0; Win64; x64) AppleWebKit/537.36 (KHTML, like Gecko) Chrome/124.0.0.0 Safari/537.36"
216.73.216.54 - - [20/Oct/2025:16:19:09 -0400] "GET /goods/1461447518.shtml HTTP/1.1" 404 134462 "-" "Mozilla/5.0 AppleWebKit/537.36 (KHTML, like Gecko; compatible; ClaudeBot/1.0; [email protected])"
216.73.216.54 - - [20/Oct/2025:16:19:12 -0400] "GET /goods/1643573080.shtml HTTP/1.1" 404 134462 "-" "Mozilla/5.0 AppleWebKit/537.36 (KHTML, like Gecko; compatible; ClaudeBot/1.0; [email protected])"
216.73.216.54 - - [20/Oct/2025:16:19:15 -0400] "GET /goods/1461288926.shtml HTTP/1.1" 404 134462 "-" "Mozilla/5.0 AppleWebKit/537.36 (KHTML, like Gecko; compatible; ClaudeBot/1.0; [email protected])"
2409:8a56:c21:3590:69f9:ab04:19d6:425b - - [20/Oct/2025:16:19:17 -0400] "POST /xmlrpc.php HTTP/1.1" 200 403 "https://loloops.com/xmlrpc.php" "python-requests/2.27.1"
216.73.216.54 - - [20/Oct/2025:16:19:18 -0400] "GET /goods/1461112472.shtml HTTP/1.1" 404 134462 "-" "Mozilla/5.0 AppleWebKit/537.36 (KHTML, like Gecko; compatible; ClaudeBot/1.0; [email protected])"
66.249.64.5 - - [20/Oct/2025:16:19:19 -0400] "GET /goods/1414768606.shtml HTTP/1.1" 200 143551 "-" "Mozilla/5.0 (Linux; Android 6.0.1; Nexus 5X Build/MMB29P) AppleWebKit/537.36 (KHTML, like Gecko) Chrome/140.0.7339.207 Mobile Safari/537.36 (compatible; Googlebot/2.1; +http://www.google.com/bot.html)"
216.73.216.54 - - [20/Oct/2025:16:19:21 -0400] "GET /goods/1461088368.shtml HTTP/1.1" 404 134462 "-" "Mozilla/5.0 AppleWebKit/537.36 (KHTML, like Gecko; compatible; ClaudeBot/1.0; [email protected])"
2409:8a56:c21:3590:69f9:ab04:19d6:425b - - [20/Oct/2025:16:19:24 -0400] "POST /xmlrpc.php HTTP/1.1" 200 403 "https://loloops.com/xmlrpc.php" "python-requests/2.27.1"
2409:8a56:c21:3590:69f9:ab04:19d6:425b - - [20/Oct/2025:16:19:29 -0400] "POST /xmlrpc.php HTTP/1.1" 200 403 "https://loloops.com/xmlrpc.php" "python-requests/2.27.1"
2409:8a56:c21:3590:69f9:ab04:19d6:425b - - [20/Oct/2025:16:19:32 -0400] "POST /xmlrpc.php HTTP/1.1" 200 403 "https://loloops.com/xmlrpc.php" "python-requests/2.27.1"
2409:8a56:c21:3590:69f9:ab04:19d6:425b - - [20/Oct/2025:16:19:40 -0400] "POST /xmlrpc.php HTTP/1.1" 200 403 "https://loloops.com/xmlrpc.php" "python-requests/2.27.1"
157.55.39.14 - - [20/Oct/2025:16:19:46 -0400] "GET /goods/874393124.shtml HTTP/1.1" 200 145980 "-" "Mozilla/5.0 AppleWebKit/537.36 (KHTML, like Gecko; compatible; bingbot/2.0; +http://www.bing.com/bingbot.htm) Chrome/116.0.1938.76 Safari/537.36"
2409:8a56:c21:3590:69f9:ab04:19d6:425b - - [20/Oct/2025:16:19:50 -0400] "POST /xmlrpc.php HTTP/1.1" 200 403 "https://loloops.com/xmlrpc.php" "python-requests/2.27.1"
2409:8a56:c21:3590:69f9:ab04:19d6:425b - - [20/Oct/2025:16:20:05 -0400] "POST /xmlrpc.php HTTP/1.1" 200 403 "https://loloops.com/xmlrpc.php" "python-requests/2.27.1"
66.249.64.6 - - [20/Oct/2025:16:20:04 -0400] "GET /?shop/detail/NDUxNzU1NA HTTP/1.1" 200 156611 "-" "Mozilla/5.0 (Linux; Android 6.0.1; Nexus 5X Build/MMB29P) AppleWebKit/537.36 (KHTML, like Gecko) Chrome/140.0.7339.207 Mobile Safari/537.36 (compatible; Googlebot/2.1; +http://www.google.com/bot.html)"
2409:8a56:c21:3590:69f9:ab04:19d6:425b - - [20/Oct/2025:16:20:13 -0400] "POST /xmlrpc.php HTTP/1.1" 200 403 "https://loloops.com/xmlrpc.php" "python-requests/2.27.1"
2409:8a56:c21:3590:69f9:ab04:19d6:425b - - [20/Oct/2025:16:20:20 -0400] "POST /xmlrpc.php HTTP/1.1" 200 403 "https://loloops.com/xmlrpc.php" "python-requests/2.27.1"
2409:8a56:c21:3590:69f9:ab04:19d6:425b - - [20/Oct/2025:16:20:27 -0400] "POST /xmlrpc.php HTTP/1.1" 200 403 "https://loloops.com/xmlrpc.php" "python-requests/2.27.1"
2409:8a56:c21:3590:69f9:ab04:19d6:425b - - [20/Oct/2025:16:20:36 -0400] "POST /xmlrpc.php HTTP/1.1" 200 403 "https://loloops.com/xmlrpc.php" "python-requests/2.27.1"
2409:8a56:c21:3590:69f9:ab04:19d6:425b - - [20/Oct/2025:16:20:47 -0400] "POST /xmlrpc.php HTTP/1.1" 200 403 "https://loloops.com/xmlrpc.php" "python-requests/2.27.1"
66.249.64.4 - - [20/Oct/2025:16:20:49 -0400] "GET /goods/2458627540.shtml HTTP/1.1" 200 137833 "-" "Mozilla/5.0 (Linux; Android 6.0.1; Nexus 5X Build/MMB29P) AppleWebKit/537.36 (KHTML, like Gecko) Chrome/140.0.7339.207 Mobile Safari/537.36 (compatible; Googlebot/2.1; +http://www.google.com/bot.html)"
66.249.64.5 - - [20/Oct/2025:16:20:49 -0400] "GET /goods/355241886.shtml HTTP/1.1" 200 110413 "-" "Mozilla/5.0 (Linux; Android 6.0.1; Nexus 5X Build/MMB29P) AppleWebKit/537.36 (KHTML, like Gecko) Chrome/140.0.7339.207 Mobile Safari/537.36 (compatible; Googlebot/2.1; +http://www.google.com/bot.html)"
142.44.220.79 - - [20/Oct/2025:16:20:50 -0400] "GET /goods/1425247422.shtml HTTP/1.1" 404 134462 "-" "Mozilla/5.0 (compatible; AhrefsBot/7.0; +http://ahrefs.com/robot/)"
2409:8a56:c21:3590:69f9:ab04:19d6:425b - - [20/Oct/2025:16:20:56 -0400] "POST /xmlrpc.php HTTP/1.1" 200 403 "https://loloops.com/xmlrpc.php" "python-requests/2.27.1"
216.73.216.54 - - [20/Oct/2025:16:20:57 -0400] "GET /goods/1643355196.shtml HTTP/1.1" 404 134462 "-" "Mozilla/5.0 AppleWebKit/537.36 (KHTML, like Gecko; compatible; ClaudeBot/1.0; [email protected])"
216.73.216.54 - - [20/Oct/2025:16:21:00 -0400] "GET /goods/1643323084.shtml HTTP/1.1" 404 134462 "-" "Mozilla/5.0 AppleWebKit/537.36 (KHTML, like Gecko; compatible; ClaudeBot/1.0; [email protected])"
216.73.216.54 - - [20/Oct/2025:16:21:03 -0400] "GET /goods/1643619516.shtml HTTP/1.1" 404 134462 "-" "Mozilla/5.0 AppleWebKit/537.36 (KHTML, like Gecko; compatible; ClaudeBot/1.0; [email protected])"
2409:8a56:c21:3590:69f9:ab04:19d6:425b - - [20/Oct/2025:16:21:04 -0400] "POST /xmlrpc.php HTTP/1.1" 200 403 "https://loloops.com/xmlrpc.php" "python-requests/2.27.1"
216.73.216.54 - - [20/Oct/2025:16:21:06 -0400] "GET /goods/1643512950.shtml HTTP/1.1" 404 134462 "-" "Mozilla/5.0 AppleWebKit/537.36 (KHTML, like Gecko; compatible; ClaudeBot/1.0; [email protected])"
157.55.39.14 - - [20/Oct/2025:16:21:07 -0400] "GET /wp-content/uploads/2019/06/img_cover_2019_06.jpg HTTP/1.1" 200 170358 "-" "Mozilla/5.0 AppleWebKit/537.36 (KHTML, like Gecko; compatible; bingbot/2.0; +http://www.bing.com/bingbot.htm) Chrome/116.0.1938.76 Safari/537.36"
216.73.216.54 - - [20/Oct/2025:16:21:09 -0400] "GET /goods/1643436858.shtml HTTP/1.1" 404 134462 "-" "Mozilla/5.0 AppleWebKit/537.36 (KHTML, like Gecko; compatible; ClaudeBot/1.0; [email protected])"
89.248.172.183 - - [20/Oct/2025:16:21:11 -0400] "POST /wp-json/tdw/save_css HTTP/1.1" 401 98 "-" "Mozilla/5.0 (Windows NT 10.0) AppleWebKit/537.36 (KHTML, like Gecko) Chrome/104.0.0.0 Safari/537.36"
216.73.216.54 - - [20/Oct/2025:16:21:12 -0400] "GET /goods/1643658262.shtml HTTP/1.1" 404 134462 "-" "Mozilla/5.0 AppleWebKit/537.36 (KHTML, like Gecko; compatible; ClaudeBot/1.0; [email protected])"
2409:8a56:c21:3590:69f9:ab04:19d6:425b - - [20/Oct/2025:16:21:15 -0400] "POST /xmlrpc.php HTTP/1.1" 200 403 "https://loloops.com/xmlrpc.php" "python-requests/2.27.1"
216.73.216.54 - - [20/Oct/2025:16:21:15 -0400] "GET /goods/1643393096.shtml HTTP/1.1" 404 134462 "-" "Mozilla/5.0 AppleWebKit/537.36 (KHTML, like Gecko; compatible; ClaudeBot/1.0; [email protected])"
216.73.216.54 - - [20/Oct/2025:16:21:18 -0400] "GET /goods/1461408776.shtml HTTP/1.1" 404 134462 "-" "Mozilla/5.0 AppleWebKit/537.36 (KHTML, like Gecko; compatible; ClaudeBot/1.0; [email protected])"
2409:8a56:c21:3590:69f9:ab04:19d6:425b - - [20/Oct/2025:16:21:18 -0400] "POST /xmlrpc.php HTTP/1.1" 200 403 "https://loloops.com/xmlrpc.php" "python-requests/2.27.1"
66.249.64.5 - - [20/Oct/2025:16:21:20 -0400] "GET /?o=00796101172400&channel=dcc554&from=shared.php?goods/1850325162.shtml HTTP/1.1" 200 134650 "-" "Mozilla/5.0 (Linux; Android 6.0.1; Nexus 5X Build/MMB29P) AppleWebKit/537.36 (KHTML, like Gecko) Chrome/140.0.7339.207 Mobile Safari/537.36 (compatible; Googlebot/2.1; +http://www.google.com/bot.html)"
216.73.216.54 - - [20/Oct/2025:16:21:21 -0400] "GET /goods/1643342614.shtml HTTP/1.1" 404 134462 "-" "Mozilla/5.0 AppleWebKit/537.36 (KHTML, like Gecko; compatible; ClaudeBot/1.0; [email protected])"
216.73.216.54 - - [20/Oct/2025:16:21:24 -0400] "GET /goods/1643541244.shtml HTTP/1.1" 404 134462 "-" "Mozilla/5.0 AppleWebKit/537.36 (KHTML, like Gecko; compatible; ClaudeBot/1.0; [email protected])"
216.73.216.54 - - [20/Oct/2025:16:21:27 -0400] "GET /goods/1643491278.shtml HTTP/1.1" 404 134462 "-" "Mozilla/5.0 AppleWebKit/537.36 (KHTML, like Gecko; compatible; ClaudeBot/1.0; [email protected])"
216.73.216.54 - - [20/Oct/2025:16:21:30 -0400] "GET /goods/1643299678.shtml HTTP/1.1" 404 134462 "-" "Mozilla/5.0 AppleWebKit/537.36 (KHTML, like Gecko; compatible; ClaudeBot/1.0; [email protected])"
216.73.216.54 - - [20/Oct/2025:16:21:33 -0400] "GET /goods/1643499670.shtml HTTP/1.1" 404 134462 "-" "Mozilla/5.0 AppleWebKit/537.36 (KHTML, like Gecko; compatible; ClaudeBot/1.0; [email protected])"
216.73.216.54 - - [20/Oct/2025:16:21:36 -0400] "GET /goods/1643297482.shtml HTTP/1.1" 404 134462 "-" "Mozilla/5.0 AppleWebKit/537.36 (KHTML, like Gecko; compatible; ClaudeBot/1.0; [email protected])"
2409:8a56:c21:3590:69f9:ab04:19d6:425b - - [20/Oct/2025:16:21:38 -0400] "POST /xmlrpc.php HTTP/1.1" 200 403 "https://loloops.com/xmlrpc.php" "python-requests/2.27.1"
216.73.216.54 - - [20/Oct/2025:16:21:39 -0400] "GET /goods/1643615178.shtml HTTP/1.1" 404 134462 "-" "Mozilla/5.0 AppleWebKit/537.36 (KHTML, like Gecko; compatible; ClaudeBot/1.0; [email protected])"
216.73.216.54 - - [20/Oct/2025:16:21:42 -0400] "GET /goods/1643653354.shtml HTTP/1.1" 404 134462 "-" "Mozilla/5.0 AppleWebKit/537.36 (KHTML, like Gecko; compatible; ClaudeBot/1.0; [email protected])"
216.73.216.54 - - [20/Oct/2025:16:21:45 -0400] "GET /goods/1643391742.shtml HTTP/1.1" 404 134462 "-" "Mozilla/5.0 AppleWebKit/537.36 (KHTML, like Gecko; compatible; ClaudeBot/1.0; [email protected])"
216.73.216.54 - - [20/Oct/2025:16:21:48 -0400] "GET /goods/1643417328.shtml HTTP/1.1" 404 134462 "-" "Mozilla/5.0 AppleWebKit/537.36 (KHTML, like Gecko; compatible; ClaudeBot/1.0; [email protected])"
216.73.216.54 - - [20/Oct/2025:16:21:51 -0400] "GET /goods/1643337854.shtml HTTP/1.1" 404 134462 "-" "Mozilla/5.0 AppleWebKit/537.36 (KHTML, like Gecko; compatible; ClaudeBot/1.0; [email protected])"
216.73.216.54 - - [20/Oct/2025:16:21:54 -0400] "GET /goods/1643415978.shtml HTTP/1.1" 404 134462 "-" "Mozilla/5.0 AppleWebKit/537.36 (KHTML, like Gecko; compatible; ClaudeBot/1.0; [email protected])"
216.73.216.54 - - [20/Oct/2025:16:21:57 -0400] "GET /goods/1643713500.shtml HTTP/1.1" 404 134462 "-" "Mozilla/5.0 AppleWebKit/537.36 (KHTML, like Gecko; compatible; ClaudeBot/1.0; [email protected])"
2409:8a56:c21:3590:69f9:ab04:19d6:425b - - [20/Oct/2025:16:21:59 -0400] "POST /xmlrpc.php HTTP/1.1" 200 403 "https://loloops.com/xmlrpc.php" "python-requests/2.27.1"
216.73.216.54 - - [20/Oct/2025:16:22:00 -0400] "GET /goods/1643319860.shtml HTTP/1.1" 404 134462 "-" "Mozilla/5.0 AppleWebKit/537.36 (KHTML, like Gecko; compatible; ClaudeBot/1.0; [email protected])"
51.161.65.9 - - [20/Oct/2025:16:22:02 -0400] "GET /goods/1425228078.shtml HTTP/1.1" 404 134462 "-" "Mozilla/5.0 (compatible; AhrefsBot/7.0; +http://ahrefs.com/robot/)"
216.73.216.54 - - [20/Oct/2025:16:22:03 -0400] "GET /goods/1643580634.shtml HTTP/1.1" 404 134462 "-" "Mozilla/5.0 AppleWebKit/537.36 (KHTML, like Gecko; compatible; ClaudeBot/1.0; [email protected])"
216.73.216.54 - - [20/Oct/2025:16:22:06 -0400] "GET /goods/1461093788.shtml HTTP/1.1" 404 134462 "-" "Mozilla/5.0 AppleWebKit/537.36 (KHTML, like Gecko; compatible; ClaudeBot/1.0; [email protected])"
2409:8a56:c21:3590:69f9:ab04:19d6:425b - - [20/Oct/2025:16:22:08 -0400] "POST /xmlrpc.php HTTP/1.1" 200 403 "https://loloops.com/xmlrpc.php" "python-requests/2.27.1"
216.73.216.54 - - [20/Oct/2025:16:22:09 -0400] "GET /goods/1643418690.shtml HTTP/1.1" 404 134462 "-" "Mozilla/5.0 AppleWebKit/537.36 (KHTML, like Gecko; compatible; ClaudeBot/1.0; [email protected])"
216.73.216.54 - - [20/Oct/2025:16:22:12 -0400] "GET /goods/1461408644.shtml HTTP/1.1" 404 134462 "-" "Mozilla/5.0 AppleWebKit/537.36 (KHTML, like Gecko; compatible; ClaudeBot/1.0; [email protected])"
