66.249.64.5 - - [20/Oct/2025:11:54:04 -0400] "GET /goods/593724158.shtml HTTP/1.1" 200 116814 "-" "Mozilla/5.0 (Linux; Android 6.0.1; Nexus 5X Build/MMB29P) AppleWebKit/537.36 (KHTML, like Gecko) Chrome/140.0.7339.207 Mobile Safari/537.36 (compatible; Googlebot/2.1; +http://www.google.com/bot.html)"
66.249.64.5 - - [20/Oct/2025:11:54:06 -0400] "GET /?shop%2Fdetail%2FNTEyNzg0MA HTTP/1.1" 200 107648 "-" "Mozilla/5.0 (Linux; Android 6.0.1; Nexus 5X Build/MMB29P) AppleWebKit/537.36 (KHTML, like Gecko) Chrome/140.0.7339.207 Mobile Safari/537.36 (compatible; Googlebot/2.1; +http://www.google.com/bot.html)"
114.119.140.237 - - [20/Oct/2025:11:54:54 -0400] "GET /funniest-movies-of-all-time/26 HTTP/1.1" 301 - "https://loloops.com/funniest-movies-of-all-time" "Mozilla/5.0 (compatible;PetalBot;+https://webmaster.petalsearch.com/site/petalbot)"
114.119.140.237 - - [20/Oct/2025:11:54:56 -0400] "GET /funniest-movies-of-all-time/26/ HTTP/1.1" 200 274978 "https://loloops.com/funniest-movies-of-all-time" "Mozilla/5.0 (compatible;PetalBot;+https://webmaster.petalsearch.com/site/petalbot)"
148.113.130.152 - - [20/Oct/2025:11:54:57 -0400] "GET /shop/detail/MzYxMDgxNg HTTP/1.1" 404 134462 "-" "Mozilla/5.0 (compatible; AhrefsBot/7.0; +http://ahrefs.com/robot/)"
216.244.66.201 - - [20/Oct/2025:11:55:20 -0400] "GET /bicycles-offered-by-leading-car-brands/20/ HTTP/1.1" 301 - "-" "Mozilla/5.0 (compatible; DotBot/1.2; +https://opensiteexplorer.org/dotbot; [email protected])"
216.244.66.201 - - [20/Oct/2025:11:55:26 -0400] "GET /bicycles-offered-by-leading-car-brands/9/ HTTP/1.1" 301 - "-" "Mozilla/5.0 (compatible; DotBot/1.2; +https://opensiteexplorer.org/dotbot; [email protected])"
107.189.14.177 - - [20/Oct/2025:11:55:26 -0400] "GET /wp-login.php HTTP/1.1" 200 5411 "-" "Mozilla/5.0 (Windows NT 6.1; WOW64) AppleWebKit/537.36 (KHTML, like Gecko) Chrome/36.0.1985.143 Safari/537.36"
216.244.66.201 - - [20/Oct/2025:11:55:31 -0400] "GET /hilarious-twitter-accounts/14/ HTTP/1.1" 301 - "-" "Mozilla/5.0 (compatible; DotBot/1.2; +https://opensiteexplorer.org/dotbot; [email protected])"
198.98.60.134 - - [20/Oct/2025:11:55:32 -0400] "POST /wp-login.php HTTP/1.1" 200 5894 "-" "Mozilla/5.0 (Macintosh; Intel Mac OS X 10.8; rv:30.0) Gecko/20100101 Firefox/30.0"
216.244.66.201 - - [20/Oct/2025:11:55:35 -0400] "GET /hilarious-twitter-accounts/9/ HTTP/1.1" 301 - "-" "Mozilla/5.0 (compatible; DotBot/1.2; +https://opensiteexplorer.org/dotbot; [email protected])"
66.249.64.5 - - [20/Oct/2025:11:55:40 -0400] "GET /?shop/detail/Mzg0ODE2MQ HTTP/1.1" 301 - "-" "Mozilla/5.0 (Linux; Android 6.0.1; Nexus 5X Build/MMB29P) AppleWebKit/537.36 (KHTML, like Gecko) Chrome/140.0.7339.207 Mobile Safari/537.36 (compatible; Googlebot/2.1; +http://www.google.com/bot.html)"
66.249.64.5 - - [20/Oct/2025:11:55:41 -0400] "GET /?shop%2Fdetail%2FMzg0ODE2MQ HTTP/1.1" 200 107648 "-" "Mozilla/5.0 (Linux; Android 6.0.1; Nexus 5X Build/MMB29P) AppleWebKit/537.36 (KHTML, like Gecko) Chrome/140.0.7339.207 Mobile Safari/537.36 (compatible; Googlebot/2.1; +http://www.google.com/bot.html)"
114.119.147.116 - - [20/Oct/2025:11:56:13 -0400] "GET /female-celebrities-who-lost-their-virginity/4/?amp HTTP/1.1" 200 269027 "https://loloops.com/female-celebrities-who-lost-their-virginity/4?amp" "Mozilla/5.0 (compatible;PetalBot;+https://webmaster.petalsearch.com/site/petalbot)"
142.44.220.49 - - [20/Oct/2025:11:56:24 -0400] "GET /shop/detail/MzUyNDA2Ng HTTP/1.1" 404 134462 "-" "Mozilla/5.0 (compatible; AhrefsBot/7.0; +http://ahrefs.com/robot/)"
66.249.64.5 - - [20/Oct/2025:11:56:30 -0400] "GET /?shop/detail/NDU0NjU3NA HTTP/1.1" 301 - "-" "Mozilla/5.0 (Linux; Android 6.0.1; Nexus 5X Build/MMB29P) AppleWebKit/537.36 (KHTML, like Gecko) Chrome/140.0.7339.207 Mobile Safari/537.36 (compatible; Googlebot/2.1; +http://www.google.com/bot.html)"
66.249.64.7 - - [20/Oct/2025:11:56:31 -0400] "GET /?shop%2Fdetail%2FNDU0NjU3NA HTTP/1.1" 200 107648 "-" "Mozilla/5.0 (Linux; Android 6.0.1; Nexus 5X Build/MMB29P) AppleWebKit/537.36 (KHTML, like Gecko) Chrome/140.0.7339.207 Mobile Safari/537.36 (compatible; Googlebot/2.1; +http://www.google.com/bot.html)"
185.177.72.11 - - [20/Oct/2025:11:56:53 -0400] "GET / HTTP/1.1" 301 - "-" "Mozilla/5.0 (iPad; CPU OS 10_0 like Mac OS X) AppleWebKit/601.1 (KHTML, like Gecko) CriOS/49.0.2623.109 Mobile/14A5335b Safari/601.1.46"
66.249.69.36 - - [20/Oct/2025:11:57:19 -0400] "GET /goods/677102814.shtml HTTP/1.1" 200 120775 "-" "Mozilla/5.0 (Linux; Android 6.0.1; Nexus 5X Build/MMB29P) AppleWebKit/537.36 (KHTML, like Gecko) Chrome/140.0.7339.207 Mobile Safari/537.36 (compatible; Googlebot/2.1; +http://www.google.com/bot.html)"
66.249.64.5 - - [20/Oct/2025:11:57:22 -0400] "GET /goods/1242835992.shtml HTTP/1.1" 200 151141 "-" "Mozilla/5.0 (Linux; Android 6.0.1; Nexus 5X Build/MMB29P) AppleWebKit/537.36 (KHTML, like Gecko) Chrome/140.0.7339.207 Mobile Safari/537.36 (compatible; Googlebot/2.1; +http://www.google.com/bot.html)"
66.249.64.6 - - [20/Oct/2025:11:57:24 -0400] "GET /?o=00796101172400&channel=dcc554&from=shared.php?goods/1850406142.shtml HTTP/1.1" 200 124495 "-" "Mozilla/5.0 (Linux; Android 6.0.1; Nexus 5X Build/MMB29P) AppleWebKit/537.36 (KHTML, like Gecko) Chrome/140.0.7339.207 Mobile Safari/537.36 (compatible; Googlebot/2.1; +http://www.google.com/bot.html)"
66.249.64.6 - - [20/Oct/2025:11:57:25 -0400] "GET /?o=00796101172400&channel=dcc554&from=shared.php?goods/1850390328.shtml HTTP/1.1" 200 117527 "-" "Mozilla/5.0 (Linux; Android 6.0.1; Nexus 5X Build/MMB29P) AppleWebKit/537.36 (KHTML, like Gecko) Chrome/140.0.7339.207 Mobile Safari/537.36 (compatible; Googlebot/2.1; +http://www.google.com/bot.html)"
114.119.143.103 - - [20/Oct/2025:11:57:37 -0400] "GET /female-celebrities-who-lost-their-virginity/2/?noamp=mobile&amp HTTP/1.1" 200 269089 "https://loloops.com/female-celebrities-who-lost-their-virginity/2/?noamp=mobile&amp" "Mozilla/5.0 (compatible;PetalBot;+https://webmaster.petalsearch.com/site/petalbot)"
15.235.98.149 - - [20/Oct/2025:11:58:03 -0400] "GET /shop/detail/MzUxODk2OQ HTTP/1.1" 404 134462 "-" "Mozilla/5.0 (compatible; AhrefsBot/7.0; +http://ahrefs.com/robot/)"
107.189.5.8 - - [20/Oct/2025:11:58:04 -0400] "GET /wp-login.php HTTP/1.1" 200 5411 "-" "Mozilla/5.0 (Macintosh; Intel Mac OS X 10_9_4) AppleWebKit/537.78.2 (KHTML, like Gecko) Version/7.0.6 Safari/537.78.2"
66.249.64.6 - - [20/Oct/2025:11:58:11 -0400] "GET /?shop/detail/NDU3MTQ3NA HTTP/1.1" 200 107628 "-" "Mozilla/5.0 (Linux; Android 6.0.1; Nexus 5X Build/MMB29P) AppleWebKit/537.36 (KHTML, like Gecko) Chrome/140.0.7339.207 Mobile Safari/537.36 (compatible; Googlebot/2.1; +http://www.google.com/bot.html)"
47.128.121.158 - - [20/Oct/2025:11:58:12 -0400] "GET /hottest-princesses-in-the-world/6/ HTTP/1.1" 200 273706 "-" "Mozilla/5.0 (Linux; Android 5.0) AppleWebKit/537.36 (KHTML, like Gecko) Mobile Safari/537.36 (compatible; TikTokSpider; [email protected])"
66.249.64.7 - - [20/Oct/2025:11:58:13 -0400] "GET /?shop/detail/NDQ1ODk3OA HTTP/1.1" 200 156611 "-" "Mozilla/5.0 (Linux; Android 6.0.1; Nexus 5X Build/MMB29P) AppleWebKit/537.36 (KHTML, like Gecko) Chrome/140.0.7339.207 Mobile Safari/537.36 (compatible; Googlebot/2.1; +http://www.google.com/bot.html)"
47.128.121.158 - - [20/Oct/2025:11:58:17 -0400] "GET /wp-content/uploads/2018/10/img_Princess-Ameera-Al-Taweel-of-Saudi-Arabia_2018_10-384x192.jpg HTTP/1.1" 200 15938 "https://loloops.com/hottest-princesses-in-the-world/6/" "Mozilla/5.0 (Linux; Android 5.0) AppleWebKit/537.36 (KHTML, like Gecko) Mobile Safari/537.36 (compatible; TikTokSpider; [email protected])"
47.128.121.158 - - [20/Oct/2025:11:58:19 -0400] "GET /wp-content/uploads/2018/10/img_Top-10-Princess-In-The-World-_2018_10.jpg HTTP/1.1" 304 - "https://loloops.com/hottest-princesses-in-the-world/6/" "Mozilla/5.0 (Linux; Android 5.0) AppleWebKit/537.36 (KHTML, like Gecko) Mobile Safari/537.36 (compatible; TikTokSpider; [email protected])"
114.119.139.88 - - [20/Oct/2025:11:59:01 -0400] "GET /destinations-to-beat-the-summer-heat/16/ HTTP/1.1" 200 274419 "https://loloops.com/destinations-to-beat-the-summer-heat/17/?amp" "Mozilla/5.0 (compatible;PetalBot;+https://webmaster.petalsearch.com/site/petalbot)"
54.39.0.161 - - [20/Oct/2025:11:59:47 -0400] "GET /shop/detail/MzUxNTU2NA HTTP/1.1" 404 134462 "-" "Mozilla/5.0 (compatible; AhrefsBot/7.0; +http://ahrefs.com/robot/)"
66.249.64.4 - - [20/Oct/2025:11:59:48 -0400] "GET /?shop/detail/NjIyMTIxNw HTTP/1.1" 200 110454 "-" "Mozilla/5.0 (Linux; Android 6.0.1; Nexus 5X Build/MMB29P) AppleWebKit/537.36 (KHTML, like Gecko) Chrome/140.0.7339.207 Mobile Safari/537.36 (compatible; Googlebot/2.1; +http://www.google.com/bot.html)"
114.119.147.116 - - [20/Oct/2025:12:00:23 -0400] "GET /crazy-tinder-profiles/15?amp HTTP/1.1" 301 - "https://loloops.com/crazy-tinder-profiles/10?amp" "Mozilla/5.0 (compatible;PetalBot;+https://webmaster.petalsearch.com/site/petalbot)"
114.119.147.116 - - [20/Oct/2025:12:00:24 -0400] "GET /crazy-tinder-profiles/15/?amp HTTP/1.1" 200 273267 "https://loloops.com/crazy-tinder-profiles/10?amp" "Mozilla/5.0 (compatible;PetalBot;+https://webmaster.petalsearch.com/site/petalbot)"
216.244.66.201 - - [20/Oct/2025:12:00:50 -0400] "GET /hilarious-twitter-accounts/8/ HTTP/1.1" 301 - "-" "Mozilla/5.0 (compatible; DotBot/1.2; +https://opensiteexplorer.org/dotbot; [email protected])"
8.217.174.99 - - [20/Oct/2025:12:00:58 -0400] "GET /wp-content/uploads/2019/08/img_cover_2019_08-1-364x205.jpg HTTP/1.1" 200 14995 "-" "Mozilla/5.0 (X11; Ubuntu; Linux x86_64; rv:72.0) Gecko/20100101 Firefox/72.0"
66.249.64.6 - - [20/Oct/2025:12:01:22 -0400] "GET /?shop/detail/NjE1NjA3OQ HTTP/1.1" 200 156611 "-" "Mozilla/5.0 (Linux; Android 6.0.1; Nexus 5X Build/MMB29P) AppleWebKit/537.36 (KHTML, like Gecko) Chrome/140.0.7339.207 Mobile Safari/537.36 (compatible; Googlebot/2.1; +http://www.google.com/bot.html)"
51.161.65.126 - - [20/Oct/2025:12:01:46 -0400] "GET /shop/detail/MzUxMjYwNA HTTP/1.1" 404 134462 "-" "Mozilla/5.0 (compatible; AhrefsBot/7.0; +http://ahrefs.com/robot/)"
114.119.143.114 - - [20/Oct/2025:12:01:49 -0400] "GET /craziest-hotels-in-the-world/8/?amp HTTP/1.1" 200 272255 "https://loloops.com/craziest-hotels-in-the-world/8?amp" "Mozilla/5.0 (compatible;PetalBot;+https://webmaster.petalsearch.com/site/petalbot)"
66.249.64.4 - - [20/Oct/2025:12:01:57 -0400] "GET /?o=00796101172400&channel=dcc554&from=shared.php?goods/1850403302.shtml HTTP/1.1" 200 113639 "-" "Mozilla/5.0 (Linux; Android 6.0.1; Nexus 5X Build/MMB29P) AppleWebKit/537.36 (KHTML, like Gecko) Chrome/140.0.7339.207 Mobile Safari/537.36 (compatible; Googlebot/2.1; +http://www.google.com/bot.html)"
196.251.71.198 - - [20/Oct/2025:12:02:09 -0400] "POST /wp-login.php HTTP/1.1" 200 5868 "-" "Mozilla/5.0"
196.251.71.198 - - [20/Oct/2025:12:02:09 -0400] "POST /wp-login.php HTTP/1.1" 200 5872 "-" "Mozilla/5.0"
196.251.71.198 - - [20/Oct/2025:12:02:10 -0400] "POST /wp-login.php HTTP/1.1" 200 5864 "-" "Mozilla/5.0"
196.251.71.198 - - [20/Oct/2025:12:02:10 -0400] "POST /wp-login.php HTTP/1.1" 200 5870 "-" "Mozilla/5.0"
196.251.71.198 - - [20/Oct/2025:12:02:10 -0400] "POST /wp-login.php HTTP/1.1" 200 5866 "-" "Mozilla/5.0"
196.251.71.198 - - [20/Oct/2025:12:02:10 -0400] "POST /wp-login.php HTTP/1.1" 200 5866 "-" "Mozilla/5.0"
66.249.64.4 - - [20/Oct/2025:12:02:10 -0400] "GET /?shop/detail/NjAyMzA0OA HTTP/1.1" 301 - "-" "Mozilla/5.0 (Linux; Android 6.0.1; Nexus 5X Build/MMB29P) AppleWebKit/537.36 (KHTML, like Gecko) Chrome/140.0.7339.207 Mobile Safari/537.36 (compatible; Googlebot/2.1; +http://www.google.com/bot.html)"
66.249.64.4 - - [20/Oct/2025:12:02:12 -0400] "GET /?shop%2Fdetail%2FNjAyMzA0OA HTTP/1.1" 200 107648 "-" "Mozilla/5.0 (Linux; Android 6.0.1; Nexus 5X Build/MMB29P) AppleWebKit/537.36 (KHTML, like Gecko) Chrome/140.0.7339.207 Mobile Safari/537.36 (compatible; Googlebot/2.1; +http://www.google.com/bot.html)"
2a03:2880:f800:27:: - - [20/Oct/2025:12:02:19 -0400] "GET /funny-kardashian-memes/3/ HTTP/1.1" 200 273072 "-" "meta-externalagent/1.1 (+https://developers.facebook.com/docs/sharing/webmasters/crawler)"
57.159.29.167 - - [20/Oct/2025:12:02:22 -0400] "POST /wp-login.php HTTP/1.1" 200 5872 "-" "Mozilla/5.0"
57.159.29.167 - - [20/Oct/2025:12:02:22 -0400] "POST /wp-login.php HTTP/1.1" 200 5864 "-" "Mozilla/5.0"
40.77.167.30 - - [20/Oct/2025:12:02:25 -0400] "GET /goods/1106956502.shtml HTTP/1.1" 200 125426 "-" "Mozilla/5.0 AppleWebKit/537.36 (KHTML, like Gecko; compatible; bingbot/2.0; +http://www.bing.com/bingbot.htm) Chrome/116.0.1938.76 Safari/537.36"
167.114.139.97 - - [20/Oct/2025:12:03:02 -0400] "GET /shop/detail/MzU2MjA1Mw HTTP/1.1" 404 134462 "-" "Mozilla/5.0 (compatible; AhrefsBot/7.0; +http://ahrefs.com/robot/)"
114.119.139.88 - - [20/Oct/2025:12:03:12 -0400] "GET /craziest-hotels-in-the-world/20/?noamp=mobile&amp HTTP/1.1" 200 272349 "https://loloops.com/craziest-hotels-in-the-world/20/?noamp=mobile&amp" "Mozilla/5.0 (compatible;PetalBot;+https://webmaster.petalsearch.com/site/petalbot)"
66.249.64.4 - - [20/Oct/2025:12:03:45 -0400] "GET /?shop/detail/MzUzNDM3Nw HTTP/1.1" 200 107628 "-" "Mozilla/5.0 (Linux; Android 6.0.1; Nexus 5X Build/MMB29P) AppleWebKit/537.36 (KHTML, like Gecko) Chrome/140.0.7339.207 Mobile Safari/537.36 (compatible; Googlebot/2.1; +http://www.google.com/bot.html)"
52.167.144.194 - - [20/Oct/2025:12:04:26 -0400] "GET /goods/551789392.shtml HTTP/1.1" 200 121529 "-" "Mozilla/5.0 AppleWebKit/537.36 (KHTML, like Gecko; compatible; bingbot/2.0; +http://www.bing.com/bingbot.htm) Chrome/116.0.1938.76 Safari/537.36"
66.249.64.5 - - [20/Oct/2025:12:04:28 -0400] "GET /?o=00796101172400&channel=dcc554&from=shared.php?goods/1850390860.shtml HTTP/1.1" 200 125171 "-" "Mozilla/5.0 (Linux; Android 6.0.1; Nexus 5X Build/MMB29P) AppleWebKit/537.36 (KHTML, like Gecko) Chrome/140.0.7339.207 Mobile Safari/537.36 (compatible; Googlebot/2.1; +http://www.google.com/bot.html)"
66.249.64.5 - - [20/Oct/2025:12:04:33 -0400] "GET /goods/541471962.shtml HTTP/1.1" 200 105784 "-" "Mozilla/5.0 (Linux; Android 6.0.1; Nexus 5X Build/MMB29P) AppleWebKit/537.36 (KHTML, like Gecko) Chrome/140.0.7339.207 Mobile Safari/537.36 (compatible; Googlebot/2.1; +http://www.google.com/bot.html)"
66.249.64.5 - - [20/Oct/2025:12:04:36 -0400] "GET /goods/2212168158.shtml HTTP/1.1" 200 155281 "-" "Mozilla/5.0 (Linux; Android 6.0.1; Nexus 5X Build/MMB29P) AppleWebKit/537.36 (KHTML, like Gecko) Chrome/140.0.7339.207 Mobile Safari/537.36 (compatible; Googlebot/2.1; +http://www.google.com/bot.html)"
114.119.140.237 - - [20/Oct/2025:12:04:37 -0400] "GET /celebrity-picking-nose/13/?amp HTTP/1.1" 200 273431 "https://loloops.com/celebrity-picking-nose/13/?amp" "Mozilla/5.0 (compatible;PetalBot;+https://webmaster.petalsearch.com/site/petalbot)"
66.249.64.4 - - [20/Oct/2025:12:04:49 -0400] "GET /?o=00796101172400&channel=dcc554&from=shared.php?goods/1850420644.shtml HTTP/1.1" 200 126072 "-" "Mozilla/5.0 (Linux; Android 6.0.1; Nexus 5X Build/MMB29P) AppleWebKit/537.36 (KHTML, like Gecko) Chrome/140.0.7339.207 Mobile Safari/537.36 (compatible; Googlebot/2.1; +http://www.google.com/bot.html)"
51.161.65.194 - - [20/Oct/2025:12:04:59 -0400] "GET /shop/detail/MzU1MjY2Mg HTTP/1.1" 404 134462 "-" "Mozilla/5.0 (compatible; AhrefsBot/7.0; +http://ahrefs.com/robot/)"
107.189.5.8 - - [20/Oct/2025:12:05:07 -0400] "GET /wp-login.php HTTP/1.1" 200 5411 "-" "Mozilla/5.0 (Macintosh; Intel Mac OS X 10_9_2) AppleWebKit/537.36 (KHTML, like Gecko) Chrome/35.0.1916.153 Safari/537.36"
66.249.64.4 - - [20/Oct/2025:12:05:24 -0400] "GET /goods/784089800.shtml HTTP/1.1" 200 128883 "-" "Mozilla/5.0 (Linux; Android 6.0.1; Nexus 5X Build/MMB29P) AppleWebKit/537.36 (KHTML, like Gecko) Chrome/140.0.7339.207 Mobile Safari/537.36 (compatible; Googlebot/2.1; +http://www.google.com/bot.html)"
66.249.64.4 - - [20/Oct/2025:12:05:25 -0400] "GET /?shop/detail/NTE5MDQ1OA HTTP/1.1" 200 156611 "-" "Mozilla/5.0 (Linux; Android 6.0.1; Nexus 5X Build/MMB29P) AppleWebKit/537.36 (KHTML, like Gecko) Chrome/140.0.7339.207 Mobile Safari/537.36 (compatible; Googlebot/2.1; +http://www.google.com/bot.html)"
114.119.147.116 - - [20/Oct/2025:12:06:00 -0400] "GET /celebrity-picking-nose/13/ HTTP/1.1" 200 273427 "https://loloops.com/celebrity-picking-nose/9/?amp" "Mozilla/5.0 (compatible;PetalBot;+https://webmaster.petalsearch.com/site/petalbot)"
66.249.64.4 - - [20/Oct/2025:12:06:13 -0400] "GET /goods/2334773252.shtml HTTP/1.1" 200 107349 "-" "Mozilla/5.0 (Linux; Android 6.0.1; Nexus 5X Build/MMB29P) AppleWebKit/537.36 (KHTML, like Gecko) Chrome/140.0.7339.207 Mobile Safari/537.36 (compatible; Googlebot/2.1; +http://www.google.com/bot.html)"
66.249.64.4 - - [20/Oct/2025:12:06:16 -0400] "GET /?shop/detail/MjU0NTg5Nw HTTP/1.1" 301 - "-" "Mozilla/5.0 (Linux; Android 6.0.1; Nexus 5X Build/MMB29P) AppleWebKit/537.36 (KHTML, like Gecko) Chrome/140.0.7339.207 Mobile Safari/537.36 (compatible; Googlebot/2.1; +http://www.google.com/bot.html)"
66.249.64.4 - - [20/Oct/2025:12:06:17 -0400] "GET /?shop%2Fdetail%2FMjU0NTg5Nw HTTP/1.1" 200 107648 "-" "Mozilla/5.0 (Linux; Android 6.0.1; Nexus 5X Build/MMB29P) AppleWebKit/537.36 (KHTML, like Gecko) Chrome/140.0.7339.207 Mobile Safari/537.36 (compatible; Googlebot/2.1; +http://www.google.com/bot.html)"
66.249.64.4 - - [20/Oct/2025:12:06:20 -0400] "GET /goods/227751578.shtml HTTP/1.1" 200 145642 "-" "Mozilla/5.0 (Linux; Android 6.0.1; Nexus 5X Build/MMB29P) AppleWebKit/537.36 (KHTML, like Gecko) Chrome/140.0.7339.207 Mobile Safari/537.36 (compatible; Googlebot/2.1; +http://www.google.com/bot.html)"
104.244.77.163 - - [20/Oct/2025:12:06:22 -0400] "GET /wp-login.php HTTP/1.1" 200 5411 "-" "Mozilla/5.0 (Windows NT 6.1; WOW64; rv:24.0) Gecko/20100101 Firefox/24.0"
66.249.64.4 - - [20/Oct/2025:12:06:24 -0400] "GET /?o=00796101172400&channel=dcc554&from=shared.php?goods/1850386798.shtml HTTP/1.1" 200 127810 "-" "Mozilla/5.0 (Linux; Android 6.0.1; Nexus 5X Build/MMB29P) AppleWebKit/537.36 (KHTML, like Gecko) Chrome/140.0.7339.207 Mobile Safari/537.36 (compatible; Googlebot/2.1; +http://www.google.com/bot.html)"
107.189.28.233 - - [20/Oct/2025:12:06:33 -0400] "GET /wp-login.php HTTP/1.1" 200 5411 "-" "Mozilla/5.0 (Windows NT 6.1; WOW64; Trident/7.0; rv:11.0) like Gecko"
148.113.128.112 - - [20/Oct/2025:12:06:44 -0400] "GET /shop/detail/MzQxMDI2Ng HTTP/1.1" 404 134462 "-" "Mozilla/5.0 (compatible; AhrefsBot/7.0; +http://ahrefs.com/robot/)"
136.117.243.33 - - [20/Oct/2025:12:07:22 -0400] "GET / HTTP/1.1" 301 - "http://www.loloops.com" "Mozilla/5.0 (compatible; CMS-Checker/1.0; +https://example.com)"
114.119.155.145 - - [20/Oct/2025:12:07:24 -0400] "GET /celebrity-makeup-blunders/?amp HTTP/1.1" 200 271482 "https://loloops.com/celebrity-makeup-blunders?amp" "Mozilla/5.0 (compatible;PetalBot;+https://webmaster.petalsearch.com/site/petalbot)"
185.197.195.89 - - [20/Oct/2025:12:07:25 -0400] "POST /xmlrpc.php HTTP/1.1" 200 403 "https://loloops.com" "Mozilla/5.0 (Windows NT 10.0; Win64; x64; rv:129.0) Gecko/20100101 Firefox/129.0"
136.117.243.33 - - [20/Oct/2025:12:07:25 -0400] "GET / HTTP/1.1" 200 193652 "https://www.loloops.com/" "Mozilla/5.0 (compatible; CMS-Checker/1.0; +https://example.com)"
66.249.64.4 - - [20/Oct/2025:12:07:27 -0400] "GET /?o=37407135734402&channel=3ca126&from=form.php?goods/1194349776.shtml HTTP/1.1" 200 139723 "-" "Mozilla/5.0 (Linux; Android 6.0.1; Nexus 5X Build/MMB29P) AppleWebKit/537.36 (KHTML, like Gecko) Chrome/140.0.7339.207 Mobile Safari/537.36 (compatible; Googlebot/2.1; +http://www.google.com/bot.html)"
66.249.64.5 - - [20/Oct/2025:12:07:49 -0400] "GET /?o=37407135734402&channel=3ca126&from=form.php?goods/1194350474.shtml HTTP/1.1" 200 140963 "-" "Mozilla/5.0 (Linux; Android 6.0.1; Nexus 5X Build/MMB29P) AppleWebKit/537.36 (KHTML, like Gecko) Chrome/140.0.7339.207 Mobile Safari/537.36 (compatible; Googlebot/2.1; +http://www.google.com/bot.html)"
66.249.64.5 - - [20/Oct/2025:12:07:50 -0400] "GET /?o=37407135734402&channel=3ca126&from=form.php?goods/1194406690.shtml HTTP/1.1" 200 134331 "-" "Mozilla/5.0 (Linux; Android 6.0.1; Nexus 5X Build/MMB29P) AppleWebKit/537.36 (KHTML, like Gecko) Chrome/140.0.7339.207 Mobile Safari/537.36 (compatible; Googlebot/2.1; +http://www.google.com/bot.html)"
66.249.64.4 - - [20/Oct/2025:12:07:54 -0400] "GET /?shop/detail/NDY0MzkwMQ HTTP/1.1" 301 - "-" "Mozilla/5.0 (Linux; Android 6.0.1; Nexus 5X Build/MMB29P) AppleWebKit/537.36 (KHTML, like Gecko) Chrome/140.0.7339.207 Mobile Safari/537.36 (compatible; Googlebot/2.1; +http://www.google.com/bot.html)"
66.249.64.4 - - [20/Oct/2025:12:07:55 -0400] "GET /?shop%2Fdetail%2FNDY0MzkwMQ HTTP/1.1" 200 107648 "-" "Mozilla/5.0 (Linux; Android 6.0.1; Nexus 5X Build/MMB29P) AppleWebKit/537.36 (KHTML, like Gecko) Chrome/140.0.7339.207 Mobile Safari/537.36 (compatible; Googlebot/2.1; +http://www.google.com/bot.html)"
66.249.64.5 - - [20/Oct/2025:12:08:29 -0400] "GET /?o=37407135734402&channel=3ca126&from=form.php?goods/1194359572.shtml HTTP/1.1" 200 136491 "-" "Mozilla/5.0 (Linux; Android 6.0.1; Nexus 5X Build/MMB29P) AppleWebKit/537.36 (KHTML, like Gecko) Chrome/140.0.7339.207 Mobile Safari/537.36 (compatible; Googlebot/2.1; +http://www.google.com/bot.html)"
66.249.64.5 - - [20/Oct/2025:12:08:36 -0400] "GET /?o=37407135734402&channel=3ca126&from=form.php?goods/1194401670.shtml HTTP/1.1" 200 122124 "-" "Mozilla/5.0 (Linux; Android 6.0.1; Nexus 5X Build/MMB29P) AppleWebKit/537.36 (KHTML, like Gecko) Chrome/140.0.7339.207 Mobile Safari/537.36 (compatible; Googlebot/2.1; +http://www.google.com/bot.html)"
15.235.27.227 - - [20/Oct/2025:12:08:42 -0400] "GET /shop/detail/MzQ5OTE0Nw HTTP/1.1" 404 134462 "-" "Mozilla/5.0 (compatible; AhrefsBot/7.0; +http://ahrefs.com/robot/)"
114.119.135.253 - - [20/Oct/2025:12:08:46 -0400] "GET /celebrity-makeup-blunders/5?amp HTTP/1.1" 301 - "https://loloops.com/celebrity-makeup-blunders/3?amp" "Mozilla/5.0 (compatible;PetalBot;+https://webmaster.petalsearch.com/site/petalbot)"
114.119.135.253 - - [20/Oct/2025:12:08:47 -0400] "GET /celebrity-makeup-blunders/5/?amp HTTP/1.1" 200 271282 "https://loloops.com/celebrity-makeup-blunders/3?amp" "Mozilla/5.0 (compatible;PetalBot;+https://webmaster.petalsearch.com/site/petalbot)"
66.249.64.4 - - [20/Oct/2025:12:08:48 -0400] "GET /?o=37407135734402&channel=3ca126&from=form.php?goods/1194338692.shtml HTTP/1.1" 200 136328 "-" "Mozilla/5.0 (Linux; Android 6.0.1; Nexus 5X Build/MMB29P) AppleWebKit/537.36 (KHTML, like Gecko) Chrome/140.0.7339.207 Mobile Safari/537.36 (compatible; Googlebot/2.1; +http://www.google.com/bot.html)"
209.141.33.200 - - [20/Oct/2025:12:09:12 -0400] "GET /wp-login.php HTTP/1.1" 200 5411 "-" "Mozilla/5.0 (X11; Ubuntu; Linux x86_64; rv:31.0) Gecko/20100101 Firefox/31.0"
66.249.64.5 - - [20/Oct/2025:12:09:11 -0400] "GET /?o=37407135734402&channel=3ca126&from=form.php?goods/1194334630.shtml HTTP/1.1" 200 161950 "-" "Mozilla/5.0 (Linux; Android 6.0.1; Nexus 5X Build/MMB29P) AppleWebKit/537.36 (KHTML, like Gecko) Chrome/140.0.7339.207 Mobile Safari/537.36 (compatible; Googlebot/2.1; +http://www.google.com/bot.html)"
66.249.64.4 - - [20/Oct/2025:12:09:28 -0400] "GET /?shop/detail/Mzg0MzczNA HTTP/1.1" 301 - "-" "Mozilla/5.0 (Linux; Android 6.0.1; Nexus 5X Build/MMB29P) AppleWebKit/537.36 (KHTML, like Gecko) Chrome/140.0.7339.207 Mobile Safari/537.36 (compatible; Googlebot/2.1; +http://www.google.com/bot.html)"
66.249.64.4 - - [20/Oct/2025:12:09:29 -0400] "GET /?shop%2Fdetail%2FMzg0MzczNA HTTP/1.1" 200 107648 "-" "Mozilla/5.0 (Linux; Android 6.0.1; Nexus 5X Build/MMB29P) AppleWebKit/537.36 (KHTML, like Gecko) Chrome/140.0.7339.207 Mobile Safari/537.36 (compatible; Googlebot/2.1; +http://www.google.com/bot.html)"
66.116.199.115 - - [20/Oct/2025:12:10:11 -0400] "POST /wp-cron.php?doing_wp_cron=1760976611.8058609962463378906250 HTTP/1.1" 200 - "-" "WordPress/6.8.3; https://loloops.com"
114.119.157.46 - - [20/Oct/2025:12:10:10 -0400] "GET /vehicles-to-arrive-in-2019/28/?amp HTTP/1.1" 200 276092 "https://loloops.com/vehicles-to-arrive-in-2019/28/?amp" "Mozilla/5.0 (compatible;PetalBot;+https://webmaster.petalsearch.com/site/petalbot)"
142.44.225.171 - - [20/Oct/2025:12:10:33 -0400] "GET /shop/detail/MzQ3NTIwMg HTTP/1.1" 404 134462 "-" "Mozilla/5.0 (compatible; AhrefsBot/7.0; +http://ahrefs.com/robot/)"
66.249.64.7 - - [20/Oct/2025:12:11:04 -0400] "GET /?shop/detail/NTA4NDcxNw HTTP/1.1" 200 156632 "-" "Mozilla/5.0 (Linux; Android 6.0.1; Nexus 5X Build/MMB29P) AppleWebKit/537.36 (KHTML, like Gecko) Chrome/140.0.7339.207 Mobile Safari/537.36 (compatible; Googlebot/2.1; +http://www.google.com/bot.html)"
52.167.144.146 - - [20/Oct/2025:12:11:07 -0400] "GET /?o=1822667282601&channel=f15685&from=shared.php%3Fid%3D672826-470%26name%3D%E3%83%87%E3%82%A3%E3%82%AF%E3%82%BB%E3%83%AB+KD+%E3%83%96%E3%83%AC%E3%83%BC%E3%82%AD%E3%83%AD%E3%83%BC%E3%82%BF%E3%83%BC+MOVE+LA100S+LA110S+10%2F12%E3%80%9C12%2F12+NA+%E3%83%95%E3%83%AD%E3%83%B3%E3%83%88%E7%94%A8+KD3818017S HTTP/1.1" 200 116261 "-" "Mozilla/5.0 AppleWebKit/537.36 (KHTML, like Gecko; compatible; bingbot/2.0; +http://www.bing.com/bingbot.htm) Chrome/116.0.1938.76 Safari/537.36"
114.119.140.237 - - [20/Oct/2025:12:11:34 -0400] "GET /vehicles-to-arrive-in-2019/13/ HTTP/1.1" 200 276076 "https://loloops.com/vehicles-to-arrive-in-2019/27?amp" "Mozilla/5.0 (compatible;PetalBot;+https://webmaster.petalsearch.com/site/petalbot)"
66.249.64.5 - - [20/Oct/2025:12:11:52 -0400] "GET /?shop/detail/NTgwNjg5Mg HTTP/1.1" 200 156611 "-" "Mozilla/5.0 (Linux; Android 6.0.1; Nexus 5X Build/MMB29P) AppleWebKit/537.36 (KHTML, like Gecko) Chrome/140.0.7339.207 Mobile Safari/537.36 (compatible; Googlebot/2.1; +http://www.google.com/bot.html)"
89.248.172.183 - - [20/Oct/2025:12:12:24 -0400] "POST /wp-json/tdw/save_css HTTP/1.1" 401 98 "-" "Mozilla/5.0 (Windows NT 10.0) AppleWebKit/537.36 (KHTML, like Gecko) Chrome/104.0.0.0 Safari/537.36"
114.119.143.103 - - [20/Oct/2025:12:12:58 -0400] "GET /the-notebook/6/?noamp=mobile&amp HTTP/1.1" 200 273585 "https://loloops.com/the-notebook/6/?noamp=mobile&amp" "Mozilla/5.0 (compatible;PetalBot;+https://webmaster.petalsearch.com/site/petalbot)"
198.98.48.136 - - [20/Oct/2025:12:13:01 -0400] "GET /wp-login.php HTTP/1.1" 200 5411 "-" "Mozilla/5.0 (iPhone; CPU iPhone OS 7_1 like Mac OS X) AppleWebKit/537.51.2 (KHTML, like Gecko) Version/7.0 Mobile/11D167 Safari/9537.53"
66.249.64.5 - - [20/Oct/2025:12:13:22 -0400] "GET /?o=37407135734402&channel=3ca126&from=form.php?goods/1194345714.shtml HTTP/1.1" 200 131820 "-" "Mozilla/5.0 (Linux; Android 6.0.1; Nexus 5X Build/MMB29P) AppleWebKit/537.36 (KHTML, like Gecko) Chrome/140.0.7339.207 Mobile Safari/537.36 (compatible; Googlebot/2.1; +http://www.google.com/bot.html)"
66.249.64.5 - - [20/Oct/2025:12:13:27 -0400] "GET /goods/2311470854.shtml HTTP/1.1" 200 118417 "-" "Mozilla/5.0 (Linux; Android 6.0.1; Nexus 5X Build/MMB29P) AppleWebKit/537.36 (KHTML, like Gecko) Chrome/140.0.7339.207 Mobile Safari/537.36 (compatible; Googlebot/2.1; +http://www.google.com/bot.html)"
142.44.225.166 - - [20/Oct/2025:12:13:28 -0400] "GET /shop/detail/MzMyOTc4Nw HTTP/1.1" 404 134462 "-" "Mozilla/5.0 (compatible; AhrefsBot/7.0; +http://ahrefs.com/robot/)"
66.249.64.6 - - [20/Oct/2025:12:13:30 -0400] "GET /?shop/detail/NDYzNjM3OQ HTTP/1.1" 200 107628 "-" "Mozilla/5.0 (Linux; Android 6.0.1; Nexus 5X Build/MMB29P) AppleWebKit/537.36 (KHTML, like Gecko) Chrome/140.0.7339.207 Mobile Safari/537.36 (compatible; Googlebot/2.1; +http://www.google.com/bot.html)"
66.249.64.5 - - [20/Oct/2025:12:13:32 -0400] "GET /goods/747600488.shtml HTTP/1.1" 200 107687 "-" "Mozilla/5.0 (Linux; Android 6.0.1; Nexus 5X Build/MMB29P) AppleWebKit/537.36 (KHTML, like Gecko) Chrome/140.0.7339.207 Mobile Safari/537.36 (compatible; Googlebot/2.1; +http://www.google.com/bot.html)"
107.189.7.63 - - [20/Oct/2025:12:13:33 -0400] "GET /wp-login.php HTTP/1.1" 200 5411 "-" "Mozilla/5.0 (Windows NT 5.1; rv:31.0) Gecko/20100101 Firefox/31.0"
66.249.64.5 - - [20/Oct/2025:12:13:35 -0400] "GET /?shop/detail/NTg4NzY4OQ HTTP/1.1" 200 156632 "-" "Mozilla/5.0 (Linux; Android 6.0.1; Nexus 5X Build/MMB29P) AppleWebKit/537.36 (KHTML, like Gecko) Chrome/140.0.7339.207 Mobile Safari/537.36 (compatible; Googlebot/2.1; +http://www.google.com/bot.html)"
198.98.48.136 - - [20/Oct/2025:12:13:38 -0400] "POST /wp-login.php HTTP/1.1" 200 5890 "-" "Mozilla/5.0 (iPhone; CPU iPhone OS 7_1 like Mac OS X) AppleWebKit/537.51.2 (KHTML, like Gecko) Version/7.0 Mobile/11D167 Safari/9537.53"
66.249.64.6 - - [20/Oct/2025:12:13:43 -0400] "GET /goods/223262328.shtml HTTP/1.1" 200 123833 "-" "Mozilla/5.0 (Linux; Android 6.0.1; Nexus 5X Build/MMB29P) AppleWebKit/537.36 (KHTML, like Gecko) Chrome/140.0.7339.207 Mobile Safari/537.36 (compatible; Googlebot/2.1; +http://www.google.com/bot.html)"
35.230.186.97 - - [20/Oct/2025:12:13:55 -0400] "GET / HTTP/1.1" 200 193652 "http://loloops.com" "Mozilla/5.0 (compatible; CMS-Checker/1.0; +https://example.com)"
54.39.203.25 - - [20/Oct/2025:12:13:55 -0400] "GET /shop/detail/MzI1NzI4OQ HTTP/1.1" 404 134462 "-" "Mozilla/5.0 (compatible; AhrefsBot/7.0; +http://ahrefs.com/robot/)"
114.119.143.114 - - [20/Oct/2025:12:14:21 -0400] "GET /the-notebook/15?amp HTTP/1.1" 301 - "-" "Mozilla/5.0 (compatible;PetalBot;+https://webmaster.petalsearch.com/site/petalbot)"
114.119.143.114 - - [20/Oct/2025:12:14:22 -0400] "GET /the-notebook/15/?amp HTTP/1.1" 200 273662 "-" "Mozilla/5.0 (compatible;PetalBot;+https://webmaster.petalsearch.com/site/petalbot)"
66.249.64.5 - - [20/Oct/2025:12:14:42 -0400] "GET /?shop/detail/Mjg0OTk2MA HTTP/1.1" 301 - "-" "Mozilla/5.0 (Linux; Android 6.0.1; Nexus 5X Build/MMB29P) AppleWebKit/537.36 (KHTML, like Gecko) Chrome/140.0.7339.207 Mobile Safari/537.36 (compatible; Googlebot/2.1; +http://www.google.com/bot.html)"
66.249.64.5 - - [20/Oct/2025:12:14:43 -0400] "GET /?shop%2Fdetail%2FMjg0OTk2MA HTTP/1.1" 200 107648 "-" "Mozilla/5.0 (Linux; Android 6.0.1; Nexus 5X Build/MMB29P) AppleWebKit/537.36 (KHTML, like Gecko) Chrome/140.0.7339.207 Mobile Safari/537.36 (compatible; Googlebot/2.1; +http://www.google.com/bot.html)"
66.116.199.115 - - [20/Oct/2025:12:15:14 -0400] "POST /wp-cron.php?doing_wp_cron=1760976914.0987679958343505859375 HTTP/1.1" 200 - "-" "WordPress/6.8.3; https://loloops.com"
216.244.66.201 - - [20/Oct/2025:12:15:13 -0400] "GET /me-too-movement/19/ HTTP/1.1" 301 - "-" "Mozilla/5.0 (compatible; DotBot/1.2; +https://opensiteexplorer.org/dotbot; [email protected])"
216.244.66.201 - - [20/Oct/2025:12:15:24 -0400] "GET /me-too-movement/27/ HTTP/1.1" 301 - "-" "Mozilla/5.0 (compatible; DotBot/1.2; +https://opensiteexplorer.org/dotbot; [email protected])"
114.119.157.46 - - [20/Oct/2025:12:15:45 -0400] "GET /tag/kardashian-memes/?amp HTTP/1.1" 200 123338 "https://loloops.com/funny-kardashian-memes/6/?noamp=mobile&amp" "Mozilla/5.0 (compatible;PetalBot;+https://webmaster.petalsearch.com/site/petalbot)"
15.235.96.150 - - [20/Oct/2025:12:15:48 -0400] "GET /shop/detail/MzI0OTIzNg HTTP/1.1" 404 134462 "-" "Mozilla/5.0 (compatible; AhrefsBot/7.0; +http://ahrefs.com/robot/)"
66.249.64.5 - - [20/Oct/2025:12:16:17 -0400] "GET /?shop/detail/NTczMDMyMQ HTTP/1.1" 200 117515 "-" "Mozilla/5.0 (Linux; Android 6.0.1; Nexus 5X Build/MMB29P) AppleWebKit/537.36 (KHTML, like Gecko) Chrome/140.0.7339.207 Mobile Safari/537.36 (compatible; Googlebot/2.1; +http://www.google.com/bot.html)"
198.98.62.116 - - [20/Oct/2025:12:16:33 -0400] "GET /wp-login.php HTTP/1.1" 200 5411 "-" "Mozilla/5.0 (Macintosh; Intel Mac OS X 10_9_4 AppleWebKit/537.36 (KHTML, like Gecko) Chrome/36.0.1985.125 Safari/537.36"
157.55.39.63 - - [20/Oct/2025:12:16:44 -0400] "GET /shop/detail/MjcyMjEzOA HTTP/1.1" 200 158010 "-" "Mozilla/5.0 AppleWebKit/537.36 (KHTML, like Gecko; compatible; bingbot/2.0; +http://www.bing.com/bingbot.htm) Chrome/116.0.1938.76 Safari/537.36"
198.98.62.116 - - [20/Oct/2025:12:16:51 -0400] "POST /wp-login.php HTTP/1.1" 200 5888 "-" "Mozilla/5.0 (Macintosh; Intel Mac OS X 10_9_4 AppleWebKit/537.36 (KHTML, like Gecko) Chrome/36.0.1985.125 Safari/537.36"
107.189.6.137 - - [20/Oct/2025:12:17:04 -0400] "GET /wp-login.php HTTP/1.1" 200 5411 "-" "Mozilla/5.0 (iPhone; CPU iPhone OS 7_1_2 like Mac OS X) AppleWebKit/537.51.2 (KHTML, like Gecko) Version/7.0 Mobile/11D257 Safari/9537.53"
114.119.147.116 - - [20/Oct/2025:12:17:09 -0400] "GET /sexiest-supercars/18/ HTTP/1.1" 200 273692 "https://loloops.com/sexiest-supercars/9" "Mozilla/5.0 (compatible;PetalBot;+https://webmaster.petalsearch.com/site/petalbot)"
66.249.64.5 - - [20/Oct/2025:12:17:10 -0400] "GET /?o=37407135734402&channel=3ca126&from=form.php?goods/1194362412.shtml HTTP/1.1" 200 166546 "-" "Mozilla/5.0 (Linux; Android 6.0.1; Nexus 5X Build/MMB29P) AppleWebKit/537.36 (KHTML, like Gecko) Chrome/140.0.7339.207 Mobile Safari/537.36 (compatible; Googlebot/2.1; +http://www.google.com/bot.html)"
66.249.64.6 - - [20/Oct/2025:12:17:29 -0400] "GET /?o=87481150549801&channel=4aeaad&from=info.php?goods/47516472.shtml HTTP/1.1" 200 114294 "-" "Mozilla/5.0 (Linux; Android 6.0.1; Nexus 5X Build/MMB29P) AppleWebKit/537.36 (KHTML, like Gecko) Chrome/140.0.7339.207 Mobile Safari/537.36 (compatible; Googlebot/2.1; +http://www.google.com/bot.html)"
54.39.89.243 - - [20/Oct/2025:12:17:38 -0400] "GET /shop/detail/MzEwMzgzMw HTTP/1.1" 404 134462 "-" "Mozilla/5.0 (compatible; AhrefsBot/7.0; +http://ahrefs.com/robot/)"
66.249.64.5 - - [20/Oct/2025:12:17:52 -0400] "GET /?shop/detail/Mjc3Nzg3Ng HTTP/1.1" 200 107628 "-" "Mozilla/5.0 (Linux; Android 6.0.1; Nexus 5X Build/MMB29P) AppleWebKit/537.36 (KHTML, like Gecko) Chrome/140.0.7339.207 Mobile Safari/537.36 (compatible; Googlebot/2.1; +http://www.google.com/bot.html)"
66.249.64.5 - - [20/Oct/2025:12:18:01 -0400] "GET /?o=37407135734402&channel=3ca126&from=form.php?goods/1194400440.shtml HTTP/1.1" 200 128464 "-" "Mozilla/5.0 (Linux; Android 6.0.1; Nexus 5X Build/MMB29P) AppleWebKit/537.36 (KHTML, like Gecko) Chrome/140.0.7339.207 Mobile Safari/537.36 (compatible; Googlebot/2.1; +http://www.google.com/bot.html)"
66.249.64.6 - - [20/Oct/2025:12:18:28 -0400] "GET /?o=4264281967200&channel=d0815b&from=shop.php?goods/55384130.shtml HTTP/1.1" 200 129321 "-" "Mozilla/5.0 (Linux; Android 6.0.1; Nexus 5X Build/MMB29P) AppleWebKit/537.36 (KHTML, like Gecko) Chrome/140.0.7339.207 Mobile Safari/537.36 (compatible; Googlebot/2.1; +http://www.google.com/bot.html)"
114.119.135.253 - - [20/Oct/2025:12:18:32 -0400] "GET /rare-historical-photos/17?amp HTTP/1.1" 301 - "https://loloops.com/rare-historical-photos/6?amp" "Mozilla/5.0 (compatible;PetalBot;+https://webmaster.petalsearch.com/site/petalbot)"
114.119.135.253 - - [20/Oct/2025:12:18:33 -0400] "GET /rare-historical-photos/17/?amp HTTP/1.1" 200 273829 "https://loloops.com/rare-historical-photos/6?amp" "Mozilla/5.0 (compatible;PetalBot;+https://webmaster.petalsearch.com/site/petalbot)"
157.55.39.63 - - [20/Oct/2025:12:19:06 -0400] "GET /beautiful-concept-bikes/ HTTP/1.1" 200 163611 "-" "Mozilla/5.0 AppleWebKit/537.36 (KHTML, like Gecko; compatible; bingbot/2.0; +http://www.bing.com/bingbot.htm) Chrome/116.0.1938.76 Safari/537.36"
54.39.6.102 - - [20/Oct/2025:12:19:09 -0400] "GET /shop/detail/MzA3NTU1OA HTTP/1.1" 404 134462 "-" "Mozilla/5.0 (compatible; AhrefsBot/7.0; +http://ahrefs.com/robot/)"
216.131.105.146 - - [20/Oct/2025:12:19:19 -0400] "GET /billboard-music-awards-2019-awkward-moments/ HTTP/1.1" 200 277906 "https://loloops.com/billboard-music-awards-2019-awkward-moments/" "Mozilla/5.0 (Windows NT 10.0; Win64; x64) AppleWebKit/537.36 (KHTML, like Gecko) Chrome/131.0.0.0 Safari/537.36 Avast/131.0.0.0"
107.189.5.8 - - [20/Oct/2025:12:19:22 -0400] "GET /wp-login.php HTTP/1.1" 200 5411 "-" "Mozilla/5.0 (Macintosh; Intel Mac OS X 10_7_5) AppleWebKit/537.36 (KHTML, like Gecko) Chrome/36.0.1985.125 Safari/537.36"
216.131.105.147 - - [20/Oct/2025:12:19:21 -0400] "POST /wp-comments-post.php HTTP/1.1" 302 - "https://loloops.com/billboard-music-awards-2019-awkward-moments/" "Mozilla/5.0 (Windows NT 10.0; Win64; x64) AppleWebKit/537.36 (KHTML, like Gecko) Chrome/131.0.0.0 Safari/537.36 Avast/131.0.0.0"
172.120.182.56 - - [20/Oct/2025:12:19:20 -0400] "GET /billboard-music-awards-2019-awkward-moments/ HTTP/1.1" 200 277906 "https://loloops.com/billboard-music-awards-2019-awkward-moments/#comment-14368" "Mozilla/5.0 (Windows NT 10.0; Win64; x64) AppleWebKit/537.36 (KHTML, like Gecko) Chrome/131.0.0.0 Safari/537.36 Avast/131.0.0.0"
216.131.105.147 - - [20/Oct/2025:12:19:22 -0400] "GET /billboard-music-awards-2019-awkward-moments/ HTTP/1.1" 200 279699 "https://loloops.com/billboard-music-awards-2019-awkward-moments/#comment-13778" "Mozilla/5.0 (Windows NT 10.0; Win64; x64) AppleWebKit/537.36 (KHTML, like Gecko) Chrome/131.0.0.0 Safari/537.36 Avast/131.0.0.0"
172.120.182.56 - - [20/Oct/2025:12:19:24 -0400] "POST /wp-comments-post.php HTTP/1.1" 302 - "https://loloops.com/billboard-music-awards-2019-awkward-moments/#comment-14368" "Mozilla/5.0 (Windows NT 10.0; Win64; x64) AppleWebKit/537.36 (KHTML, like Gecko) Chrome/131.0.0.0 Safari/537.36 Avast/131.0.0.0"
66.249.64.6 - - [20/Oct/2025:12:19:26 -0400] "GET /?shop/detail/NTkyNzkyOA HTTP/1.1" 200 107918 "-" "Mozilla/5.0 (Linux; Android 6.0.1; Nexus 5X Build/MMB29P) AppleWebKit/537.36 (KHTML, like Gecko) Chrome/140.0.7339.207 Mobile Safari/537.36 (compatible; Googlebot/2.1; +http://www.google.com/bot.html)"
172.120.182.56 - - [20/Oct/2025:12:19:26 -0400] "GET /billboard-music-awards-2019-awkward-moments/ HTTP/1.1" 200 204776 "https://loloops.com/billboard-music-awards-2019-awkward-moments/#comment-13779" "Mozilla/5.0 (Windows NT 10.0; Win64; x64) AppleWebKit/537.36 (KHTML, like Gecko) Chrome/131.0.0.0 Safari/537.36 Avast/131.0.0.0"
114.119.140.237 - - [20/Oct/2025:12:19:57 -0400] "GET /me-too-movement/4/?amp HTTP/1.1" 200 273045 "https://loloops.com/me-too-movement/4/?amp" "Mozilla/5.0 (compatible;PetalBot;+https://webmaster.petalsearch.com/site/petalbot)"
196.251.71.198 - - [20/Oct/2025:12:20:23 -0400] "POST /wp-login.php HTTP/1.1" 200 5870 "-" "Mozilla/5.0"
196.251.71.198 - - [20/Oct/2025:12:20:23 -0400] "POST /wp-login.php HTTP/1.1" 200 5864 "-" "Mozilla/5.0"
196.251.71.198 - - [20/Oct/2025:12:20:23 -0400] "POST /wp-login.php HTTP/1.1" 200 5872 "-" "Mozilla/5.0"
196.251.71.198 - - [20/Oct/2025:12:20:23 -0400] "POST /wp-login.php HTTP/1.1" 200 5868 "-" "Mozilla/5.0"
196.251.71.198 - - [20/Oct/2025:12:20:23 -0400] "POST /wp-login.php HTTP/1.1" 200 5866 "-" "Mozilla/5.0"
196.251.71.198 - - [20/Oct/2025:12:20:23 -0400] "POST /wp-login.php HTTP/1.1" 200 5866 "-" "Mozilla/5.0"
52.167.144.20 - - [20/Oct/2025:12:20:57 -0400] "GET /goods/230853864.shtml HTTP/1.1" 200 108399 "-" "Mozilla/5.0 AppleWebKit/537.36 (KHTML, like Gecko; compatible; bingbot/2.0; +http://www.bing.com/bingbot.htm) Chrome/116.0.1938.76 Safari/537.36"
66.249.64.7 - - [20/Oct/2025:12:21:01 -0400] "GET /?shop/detail/MjU3MzM2NA HTTP/1.1" 200 107628 "-" "Mozilla/5.0 (Linux; Android 6.0.1; Nexus 5X Build/MMB29P) AppleWebKit/537.36 (KHTML, like Gecko) Chrome/140.0.7339.207 Mobile Safari/537.36 (compatible; Googlebot/2.1; +http://www.google.com/bot.html)"
66.249.64.7 - - [20/Oct/2025:12:21:04 -0400] "GET /goods/1639352220.shtml HTTP/1.1" 200 131932 "-" "Mozilla/5.0 (Linux; Android 6.0.1; Nexus 5X Build/MMB29P) AppleWebKit/537.36 (KHTML, like Gecko) Chrome/140.0.7339.207 Mobile Safari/537.36 (compatible; Googlebot/2.1; +http://www.google.com/bot.html)"
216.73.216.54 - - [20/Oct/2025:12:21:10 -0400] "GET /robots.txt HTTP/1.1" 200 76 "-" "Mozilla/5.0 AppleWebKit/537.36 (KHTML, like Gecko; compatible; ClaudeBot/1.0; [email protected])"
216.73.216.54 - - [20/Oct/2025:12:21:11 -0400] "GET /goods/2028201438.shtml HTTP/1.1" 404 134462 "-" "Mozilla/5.0 AppleWebKit/537.36 (KHTML, like Gecko; compatible; ClaudeBot/1.0; [email protected])"
51.161.65.75 - - [20/Oct/2025:12:21:12 -0400] "GET /shop/detail/MzA3NDQ2OQ HTTP/1.1" 404 134462 "-" "Mozilla/5.0 (compatible; AhrefsBot/7.0; +http://ahrefs.com/robot/)"
216.244.66.201 - - [20/Oct/2025:12:21:14 -0400] "GET /20-wrong-number-texts-that-seemed-too-right-to-be-wrong/19/ HTTP/1.1" 301 - "-" "Mozilla/5.0 (compatible; DotBot/1.2; +https://opensiteexplorer.org/dotbot; [email protected])"
216.73.216.54 - - [20/Oct/2025:12:21:14 -0400] "GET /goods/2028338618.shtml HTTP/1.1" 404 134462 "-" "Mozilla/5.0 AppleWebKit/537.36 (KHTML, like Gecko; compatible; ClaudeBot/1.0; [email protected])"
216.73.216.54 - - [20/Oct/2025:12:21:17 -0400] "GET /goods/2028451434.shtml HTTP/1.1" 404 134462 "-" "Mozilla/5.0 AppleWebKit/537.36 (KHTML, like Gecko; compatible; ClaudeBot/1.0; [email protected])"
114.119.140.237 - - [20/Oct/2025:12:21:20 -0400] "GET /funny-memes/14?amp HTTP/1.1" 301 - "https://loloops.com/funny-memes/11?amp" "Mozilla/5.0 (compatible;PetalBot;+https://webmaster.petalsearch.com/site/petalbot)"
216.73.216.54 - - [20/Oct/2025:12:21:20 -0400] "GET /goods/2027863040.shtml HTTP/1.1" 404 134462 "-" "Mozilla/5.0 AppleWebKit/537.36 (KHTML, like Gecko; compatible; ClaudeBot/1.0; [email protected])"
114.119.140.237 - - [20/Oct/2025:12:21:21 -0400] "GET /funny-memes/14/?amp HTTP/1.1" 200 273386 "https://loloops.com/funny-memes/11?amp" "Mozilla/5.0 (compatible;PetalBot;+https://webmaster.petalsearch.com/site/petalbot)"
216.73.216.54 - - [20/Oct/2025:12:21:23 -0400] "GET /goods/2028068618.shtml HTTP/1.1" 404 134462 "-" "Mozilla/5.0 AppleWebKit/537.36 (KHTML, like Gecko; compatible; ClaudeBot/1.0; [email protected])"
216.73.216.54 - - [20/Oct/2025:12:21:26 -0400] "GET /goods/2028508034.shtml HTTP/1.1" 404 134462 "-" "Mozilla/5.0 AppleWebKit/537.36 (KHTML, like Gecko; compatible; ClaudeBot/1.0; [email protected])"
216.73.216.54 - - [20/Oct/2025:12:21:29 -0400] "GET /goods/2028012550.shtml HTTP/1.1" 404 134462 "-" "Mozilla/5.0 AppleWebKit/537.36 (KHTML, like Gecko; compatible; ClaudeBot/1.0; [email protected])"
66.249.64.4 - - [20/Oct/2025:12:21:52 -0400] "GET /?shop/detail/MzM0NDk2Mw HTTP/1.1" 301 - "-" "Mozilla/5.0 (Linux; Android 6.0.1; Nexus 5X Build/MMB29P) AppleWebKit/537.36 (KHTML, like Gecko) Chrome/140.0.7339.207 Mobile Safari/537.36 (compatible; Googlebot/2.1; +http://www.google.com/bot.html)"
66.249.64.4 - - [20/Oct/2025:12:21:52 -0400] "GET /goods/371804636.shtml HTTP/1.1" 200 144897 "-" "Mozilla/5.0 (Linux; Android 6.0.1; Nexus 5X Build/MMB29P) AppleWebKit/537.36 (KHTML, like Gecko) Chrome/140.0.7339.207 Mobile Safari/537.36 (compatible; Googlebot/2.1; +http://www.google.com/bot.html)"
66.249.64.4 - - [20/Oct/2025:12:21:54 -0400] "GET /?shop%2Fdetail%2FMzM0NDk2Mw HTTP/1.1" 200 107648 "-" "Mozilla/5.0 (Linux; Android 6.0.1; Nexus 5X Build/MMB29P) AppleWebKit/537.36 (KHTML, like Gecko) Chrome/140.0.7339.207 Mobile Safari/537.36 (compatible; Googlebot/2.1; +http://www.google.com/bot.html)"
216.73.216.54 - - [20/Oct/2025:12:22:36 -0400] "GET /goods/2028421650.shtml HTTP/1.1" 404 134462 "-" "Mozilla/5.0 AppleWebKit/537.36 (KHTML, like Gecko; compatible; ClaudeBot/1.0; [email protected])"
216.73.216.54 - - [20/Oct/2025:12:22:38 -0400] "GET /goods/2028059676.shtml HTTP/1.1" 404 134462 "-" "Mozilla/5.0 AppleWebKit/537.36 (KHTML, like Gecko; compatible; ClaudeBot/1.0; [email protected])"
54.39.89.49 - - [20/Oct/2025:12:22:40 -0400] "GET /shop/detail/MzA1MDM2Nw HTTP/1.1" 404 134462 "-" "Mozilla/5.0 (compatible; AhrefsBot/7.0; +http://ahrefs.com/robot/)"
216.73.216.54 - - [20/Oct/2025:12:22:42 -0400] "GET /goods/2028105964.shtml HTTP/1.1" 404 134462 "-" "Mozilla/5.0 AppleWebKit/537.36 (KHTML, like Gecko; compatible; ClaudeBot/1.0; [email protected])"
216.73.216.54 - - [20/Oct/2025:12:22:45 -0400] "GET /goods/2028148900.shtml HTTP/1.1" 404 134462 "-" "Mozilla/5.0 AppleWebKit/537.36 (KHTML, like Gecko; compatible; ClaudeBot/1.0; [email protected])"
114.119.140.237 - - [20/Oct/2025:12:22:45 -0400] "GET /funny-kardashian-memes/14?amp HTTP/1.1" 301 - "https://loloops.com/funny-kardashian-memes/3?amp" "Mozilla/5.0 (compatible;PetalBot;+https://webmaster.petalsearch.com/site/petalbot)"
114.119.140.237 - - [20/Oct/2025:12:22:47 -0400] "GET /funny-kardashian-memes/14/?amp HTTP/1.1" 200 273083 "https://loloops.com/funny-kardashian-memes/3?amp" "Mozilla/5.0 (compatible;PetalBot;+https://webmaster.petalsearch.com/site/petalbot)"
216.73.216.54 - - [20/Oct/2025:12:22:48 -0400] "GET /goods/2028024340.shtml HTTP/1.1" 404 134462 "-" "Mozilla/5.0 AppleWebKit/537.36 (KHTML, like Gecko; compatible; ClaudeBot/1.0; [email protected])"
216.73.216.54 - - [20/Oct/2025:12:22:51 -0400] "GET /goods/2028264556.shtml HTTP/1.1" 404 134462 "-" "Mozilla/5.0 AppleWebKit/537.36 (KHTML, like Gecko; compatible; ClaudeBot/1.0; [email protected])"
216.73.216.54 - - [20/Oct/2025:12:22:54 -0400] "GET /goods/2028207680.shtml HTTP/1.1" 404 134462 "-" "Mozilla/5.0 AppleWebKit/537.36 (KHTML, like Gecko; compatible; ClaudeBot/1.0; [email protected])"
216.73.216.54 - - [20/Oct/2025:12:22:57 -0400] "GET /goods/2028380064.shtml HTTP/1.1" 404 134462 "-" "Mozilla/5.0 AppleWebKit/537.36 (KHTML, like Gecko; compatible; ClaudeBot/1.0; [email protected])"
216.73.216.54 - - [20/Oct/2025:12:23:00 -0400] "GET /goods/2028167584.shtml HTTP/1.1" 404 134462 "-" "Mozilla/5.0 AppleWebKit/537.36 (KHTML, like Gecko; compatible; ClaudeBot/1.0; [email protected])"
216.73.216.54 - - [20/Oct/2025:12:23:03 -0400] "GET /goods/2028047222.shtml HTTP/1.1" 404 134462 "-" "Mozilla/5.0 AppleWebKit/537.36 (KHTML, like Gecko; compatible; ClaudeBot/1.0; [email protected])"
66.249.64.5 - - [20/Oct/2025:12:23:08 -0400] "GET /?o=27704138690500&channel=7daad2&from=news.php?goods/131380188.shtml HTTP/1.1" 200 177624 "-" "Mozilla/5.0 (Linux; Android 6.0.1; Nexus 5X Build/MMB29P) AppleWebKit/537.36 (KHTML, like Gecko) Chrome/140.0.7339.207 Mobile Safari/537.36 (compatible; Googlebot/2.1; +http://www.google.com/bot.html)"
66.249.64.5 - - [20/Oct/2025:12:23:11 -0400] "GET /?o=27704138690500&channel=7daad2&from=news.php?goods/131329140.shtml HTTP/1.1" 200 139401 "-" "Mozilla/5.0 (Linux; Android 6.0.1; Nexus 5X Build/MMB29P) AppleWebKit/537.36 (KHTML, like Gecko) Chrome/140.0.7339.207 Mobile Safari/537.36 (compatible; Googlebot/2.1; +http://www.google.com/bot.html)"
66.249.64.4 - - [20/Oct/2025:12:23:28 -0400] "GET /?shop/detail/MjQ5NjIxNA HTTP/1.1" 200 156611 "-" "Mozilla/5.0 (Linux; Android 6.0.1; Nexus 5X Build/MMB29P) AppleWebKit/537.36 (KHTML, like Gecko) Chrome/140.0.7339.207 Mobile Safari/537.36 (compatible; Googlebot/2.1; +http://www.google.com/bot.html)"
66.249.64.4 - - [20/Oct/2025:12:23:50 -0400] "GET /?o=27704138690500&channel=7daad2&from=news.php?goods/131342144.shtml HTTP/1.1" 200 130966 "-" "Mozilla/5.0 (Linux; Android 6.0.1; Nexus 5X Build/MMB29P) AppleWebKit/537.36 (KHTML, like Gecko) Chrome/140.0.7339.207 Mobile Safari/537.36 (compatible; Googlebot/2.1; +http://www.google.com/bot.html)"
216.73.216.54 - - [20/Oct/2025:12:23:52 -0400] "GET /goods/2028038264.shtml HTTP/1.1" 404 134462 "-" "Mozilla/5.0 AppleWebKit/537.36 (KHTML, like Gecko; compatible; ClaudeBot/1.0; [email protected])"
216.73.216.54 - - [20/Oct/2025:12:23:55 -0400] "GET /goods/2028178024.shtml HTTP/1.1" 404 134462 "-" "Mozilla/5.0 AppleWebKit/537.36 (KHTML, like Gecko; compatible; ClaudeBot/1.0; [email protected])"
216.73.216.54 - - [20/Oct/2025:12:23:58 -0400] "GET /goods/2028135620.shtml HTTP/1.1" 404 134462 "-" "Mozilla/5.0 AppleWebKit/537.36 (KHTML, like Gecko; compatible; ClaudeBot/1.0; [email protected])"
216.73.216.54 - - [20/Oct/2025:12:24:01 -0400] "GET /goods/2027833252.shtml HTTP/1.1" 404 134462 "-" "Mozilla/5.0 AppleWebKit/537.36 (KHTML, like Gecko; compatible; ClaudeBot/1.0; [email protected])"
216.73.216.54 - - [20/Oct/2025:12:24:04 -0400] "GET /goods/2028519134.shtml HTTP/1.1" 404 134462 "-" "Mozilla/5.0 AppleWebKit/537.36 (KHTML, like Gecko; compatible; ClaudeBot/1.0; [email protected])"
216.73.216.54 - - [20/Oct/2025:12:24:07 -0400] "GET /goods/2027793028.shtml HTTP/1.1" 404 134462 "-" "Mozilla/5.0 AppleWebKit/537.36 (KHTML, like Gecko; compatible; ClaudeBot/1.0; [email protected])"
114.119.157.46 - - [20/Oct/2025:12:24:07 -0400] "GET /funniest-and-cheesy-one-liners/18/ HTTP/1.1" 200 274244 "https://loloops.com/funniest-and-cheesy-one-liners/4/?amp" "Mozilla/5.0 (compatible;PetalBot;+https://webmaster.petalsearch.com/site/petalbot)"
216.73.216.54 - - [20/Oct/2025:12:24:10 -0400] "GET /goods/2028190338.shtml HTTP/1.1" 404 134462 "-" "Mozilla/5.0 AppleWebKit/537.36 (KHTML, like Gecko; compatible; ClaudeBot/1.0; [email protected])"
216.73.216.54 - - [20/Oct/2025:12:24:13 -0400] "GET /goods/2028146060.shtml HTTP/1.1" 404 134462 "-" "Mozilla/5.0 AppleWebKit/537.36 (KHTML, like Gecko; compatible; ClaudeBot/1.0; [email protected])"
216.73.216.54 - - [20/Oct/2025:12:24:16 -0400] "GET /goods/2027943872.shtml HTTP/1.1" 404 134462 "-" "Mozilla/5.0 AppleWebKit/537.36 (KHTML, like Gecko; compatible; ClaudeBot/1.0; [email protected])"
51.161.37.229 - - [20/Oct/2025:12:24:18 -0400] "GET /shop/detail/Mjk4NzQzNA HTTP/1.1" 404 134462 "-" "Mozilla/5.0 (compatible; AhrefsBot/7.0; +http://ahrefs.com/robot/)"
66.249.64.5 - - [20/Oct/2025:12:24:17 -0400] "GET /?o=27704138690500&channel=7daad2&from=news.php?goods/131393984.shtml HTTP/1.1" 200 165142 "-" "Mozilla/5.0 (Linux; Android 6.0.1; Nexus 5X Build/MMB29P) AppleWebKit/537.36 (KHTML, like Gecko) Chrome/140.0.7339.207 Mobile Safari/537.36 (compatible; Googlebot/2.1; +http://www.google.com/bot.html)"
216.73.216.54 - - [20/Oct/2025:12:24:19 -0400] "GET /goods/2027845698.shtml HTTP/1.1" 404 134462 "-" "Mozilla/5.0 AppleWebKit/537.36 (KHTML, like Gecko; compatible; ClaudeBot/1.0; [email protected])"
216.73.216.54 - - [20/Oct/2025:12:24:22 -0400] "GET /goods/2027885922.shtml HTTP/1.1" 404 134462 "-" "Mozilla/5.0 AppleWebKit/537.36 (KHTML, like Gecko; compatible; ClaudeBot/1.0; [email protected])"
216.73.216.54 - - [20/Oct/2025:12:24:25 -0400] "GET /goods/2028337128.shtml HTTP/1.1" 404 134462 "-" "Mozilla/5.0 AppleWebKit/537.36 (KHTML, like Gecko; compatible; ClaudeBot/1.0; [email protected])"
44.243.112.186 - - [20/Oct/2025:12:24:28 -0400] "GET /wp-login.php HTTP/1.1" 200 5411 "-" "Mozilla/5.0 (Windows NT 10.0; Win64; x64) AppleWebKit/537.36 (KHTML, like Gecko) Chrome/129.0.0.0 Safari/537.36"
