130.94.174.139 - - [20/Oct/2025:09:20:03 -0400] "GET /wp-content/themes/Newspaper/style.css?ver=12.7.1 HTTP/1.1" 304 - "https://loloops.com/emma-watson-hot-pics/11/" "Mozilla/5.0 (Linux; Android 8.0; Pixel 2 Build/OPD3.170816.012) AppleWebKit/537.36 (KHTML, like Gecko) Chrome/41.0.3576.1924 Mobile Safari/537.36"
130.94.174.139 - - [20/Oct/2025:09:20:03 -0400] "GET /wp-content/uploads/2019/05/img_Sexy-Pictures-of-Emma-Watson_11_2019_05-384x192.jpg HTTP/1.1" 200 11371 "https://loloops.com/emma-watson-hot-pics/11/" "Mozilla/5.0 (Linux; Android 8.0; Pixel 2 Build/OPD3.170816.012) AppleWebKit/537.36 (KHTML, like Gecko) Chrome/41.0.3576.1924 Mobile Safari/537.36"
130.94.174.139 - - [20/Oct/2025:09:20:03 -0400] "GET /wp-content/plugins/td-cloud-library/assets/css/tdb_main.css?ver=d578089f160957352b9b4ca6d880fd8f HTTP/1.1" 304 - "https://loloops.com/emma-watson-hot-pics/11/" "Mozilla/5.0 (Linux; Android 8.0; Pixel 2 Build/OPD3.170816.012) AppleWebKit/537.36 (KHTML, like Gecko) Chrome/41.0.3576.1924 Mobile Safari/537.36"
130.94.174.139 - - [20/Oct/2025:09:20:04 -0400] "GET /wp-content/uploads/2018/08/loloops-min-logo.png HTTP/1.1" 304 - "https://loloops.com/emma-watson-hot-pics/11/" "Mozilla/5.0 (Linux; Android 8.0; Pixel 2 Build/OPD3.170816.012) AppleWebKit/537.36 (KHTML, like Gecko) Chrome/41.0.3576.1924 Mobile Safari/537.36"
130.94.174.139 - - [20/Oct/2025:09:20:04 -0400] "GET /wp-content/uploads/2019/05/img_Sexy-Pictures-of-Emma-Watson_12_2019_05.jpg HTTP/1.1" 200 22551 "https://loloops.com/emma-watson-hot-pics/11/" "Mozilla/5.0 (Linux; Android 8.0; Pixel 2 Build/OPD3.170816.012) AppleWebKit/537.36 (KHTML, like Gecko) Chrome/41.0.3576.1924 Mobile Safari/537.36"
114.119.135.253 - - [20/Oct/2025:09:20:07 -0400] "GET /celebrity-weight-loss-secrets/15/ HTTP/1.1" 200 274331 "https://loloops.com/celebrity-weight-loss-secrets/4/?noamp=mobile&amp" "Mozilla/5.0 (compatible;PetalBot;+https://webmaster.petalsearch.com/site/petalbot)"
57.159.29.167 - - [20/Oct/2025:09:20:33 -0400] "POST /wp-login.php HTTP/1.1" 200 5864 "-" "Mozilla/5.0"
57.159.29.167 - - [20/Oct/2025:09:20:33 -0400] "POST /wp-login.php HTTP/1.1" 200 5872 "-" "Mozilla/5.0"
66.249.64.5 - - [20/Oct/2025:09:21:05 -0400] "GET /?shop/detail/MzQwMDIzMA HTTP/1.1" 200 110062 "-" "Mozilla/5.0 (Linux; Android 6.0.1; Nexus 5X Build/MMB29P) AppleWebKit/537.36 (KHTML, like Gecko) Chrome/140.0.7339.207 Mobile Safari/537.36 (compatible; Googlebot/2.1; +http://www.google.com/bot.html)"
54.39.136.134 - - [20/Oct/2025:09:21:08 -0400] "GET /shop/detail/MzkxNjcyNQ HTTP/1.1" 404 134462 "-" "Mozilla/5.0 (compatible; AhrefsBot/7.0; +http://ahrefs.com/robot/)"
66.249.64.5 - - [20/Oct/2025:09:21:27 -0400] "GET /sitemap-item-1434.xml HTTP/1.1" 200 160706 "-" "Mozilla/5.0 (compatible; Googlebot/2.1; +http://www.google.com/bot.html)"
114.119.135.253 - - [20/Oct/2025:09:21:30 -0400] "GET /funniest-movies-of-all-time/27?amp HTTP/1.1" 301 - "https://loloops.com/funniest-movies-of-all-time/4?amp" "Mozilla/5.0 (compatible;PetalBot;+https://webmaster.petalsearch.com/site/petalbot)"
114.119.135.253 - - [20/Oct/2025:09:21:31 -0400] "GET /funniest-movies-of-all-time/27/?amp HTTP/1.1" 200 274929 "https://loloops.com/funniest-movies-of-all-time/4?amp" "Mozilla/5.0 (compatible;PetalBot;+https://webmaster.petalsearch.com/site/petalbot)"
66.249.64.4 - - [20/Oct/2025:09:21:37 -0400] "GET /?shop/detail/MjQwNTQwOA HTTP/1.1" 200 113032 "-" "Mozilla/5.0 (Linux; Android 6.0.1; Nexus 5X Build/MMB29P) AppleWebKit/537.36 (KHTML, like Gecko) Chrome/140.0.7339.207 Mobile Safari/537.36 (compatible; Googlebot/2.1; +http://www.google.com/bot.html)"
192.241.179.13 - - [20/Oct/2025:09:22:02 -0400] "POST /xmlrpc.php HTTP/1.1" 200 403 "https://loloops.com" "Mozilla/5.0 (Macintosh; Intel Mac OS X 10_15_7; rv:126.0) Gecko/20100101 Firefox/126.0"
13.89.129.89 - - [20/Oct/2025:09:22:20 -0400] "GET /wp-content/file.php HTTP/1.1" 404 134398 "-" "-"
216.73.216.54 - - [20/Oct/2025:09:22:22 -0400] "GET /victorias-secret-angels-no-makeup-look HTTP/1.1" 301 - "-" "Mozilla/5.0 AppleWebKit/537.36 (KHTML, like Gecko; compatible; ClaudeBot/1.0; [email protected])"
13.89.129.89 - - [20/Oct/2025:09:22:22 -0400] "GET /wp-content/function.php HTTP/1.1" 404 134398 "-" "-"
216.73.216.54 - - [20/Oct/2025:09:22:23 -0400] "GET /victorias-secret-angels-no-makeup-look/ HTTP/1.1" 200 272547 "https://loloops.com/victorias-secret-angels-no-makeup-look" "Mozilla/5.0 AppleWebKit/537.36 (KHTML, like Gecko; compatible; ClaudeBot/1.0; [email protected])"
13.89.129.89 - - [20/Oct/2025:09:22:23 -0400] "GET /wp-content/lock360.php HTTP/1.1" 404 134398 "-" "-"
13.89.129.89 - - [20/Oct/2025:09:22:25 -0400] "GET /wp-content/moon.php HTTP/1.1" 404 134398 "-" "-"
13.89.129.89 - - [20/Oct/2025:09:22:27 -0400] "GET /wp-content/wp.php HTTP/1.1" 404 134398 "-" "-"
13.89.129.89 - - [20/Oct/2025:09:22:28 -0400] "GET /wp-content/aa.php HTTP/1.1" 404 134398 "-" "-"
13.89.129.89 - - [20/Oct/2025:09:22:30 -0400] "GET /wp-content/index.php HTTP/1.1" 200 - "-" "-"
13.89.129.89 - - [20/Oct/2025:09:22:30 -0400] "GET /wp-content/ioxi-o.php HTTP/1.1" 404 134398 "-" "-"
13.89.129.89 - - [20/Oct/2025:09:22:31 -0400] "GET /wp-content/autoload_classmap.php HTTP/1.1" 404 134398 "-" "-"
13.89.129.89 - - [20/Oct/2025:09:22:33 -0400] "GET /wp-content/alfa.php HTTP/1.1" 404 134398 "-" "-"
13.89.129.89 - - [20/Oct/2025:09:22:34 -0400] "GET /wp-content/bala.php HTTP/1.1" 404 134398 "-" "-"
13.89.129.89 - - [20/Oct/2025:09:22:36 -0400] "GET /wp-content/about.php HTTP/1.1" 404 134398 "-" "-"
13.89.129.89 - - [20/Oct/2025:09:22:37 -0400] "GET /wp-content/abcd.php HTTP/1.1" 404 134398 "-" "-"
13.89.129.89 - - [20/Oct/2025:09:22:39 -0400] "GET /wp-content/ab.php HTTP/1.1" 404 134398 "-" "-"
66.249.64.7 - - [20/Oct/2025:09:22:39 -0400] "GET /?shop/detail/NDY5ODg5OQ HTTP/1.1" 200 156611 "-" "Mozilla/5.0 (Linux; Android 6.0.1; Nexus 5X Build/MMB29P) AppleWebKit/537.36 (KHTML, like Gecko) Chrome/140.0.7339.207 Mobile Safari/537.36 (compatible; Googlebot/2.1; +http://www.google.com/bot.html)"
13.89.129.89 - - [20/Oct/2025:09:22:41 -0400] "GET /wp-content/classwithtostring.php HTTP/1.1" 404 134398 "-" "-"
13.89.129.89 - - [20/Oct/2025:09:22:42 -0400] "GET /wp-content/install.php HTTP/1.1" 404 134398 "-" "-"
13.89.129.89 - - [20/Oct/2025:09:22:44 -0400] "GET /wp-content/ova.php HTTP/1.1" 404 134398 "-" "-"
13.89.129.89 - - [20/Oct/2025:09:22:45 -0400] "GET /wp-content/wsa.php HTTP/1.1" 404 134398 "-" "-"
13.89.129.89 - - [20/Oct/2025:09:22:47 -0400] "GET /wp-content/admin.php HTTP/1.1" 404 134398 "-" "-"
13.89.129.89 - - [20/Oct/2025:09:22:49 -0400] "GET /abcd.php HTTP/1.1" 404 134398 "-" "-"
13.89.129.89 - - [20/Oct/2025:09:22:50 -0400] "GET /aa.php HTTP/1.1" 404 134398 "-" "-"
13.89.129.89 - - [20/Oct/2025:09:22:52 -0400] "GET /about.php HTTP/1.1" 404 134398 "-" "-"
13.89.129.89 - - [20/Oct/2025:09:22:53 -0400] "GET /admin.php HTTP/1.1" 404 134398 "-" "-"
114.119.140.237 - - [20/Oct/2025:09:22:54 -0400] "GET /scariest-roller-coasters/9/ HTTP/1.1" 200 274594 "https://loloops.com/scariest-roller-coasters/25/?noamp=mobile&amp" "Mozilla/5.0 (compatible;PetalBot;+https://webmaster.petalsearch.com/site/petalbot)"
13.89.129.89 - - [20/Oct/2025:09:22:55 -0400] "GET /akc.php HTTP/1.1" 404 134398 "-" "-"
13.89.129.89 - - [20/Oct/2025:09:22:57 -0400] "GET /alfa.php HTTP/1.1" 404 134398 "-" "-"
13.89.129.89 - - [20/Oct/2025:09:22:59 -0400] "GET /asasx.php HTTP/1.1" 404 134398 "-" "-"
13.89.129.89 - - [20/Oct/2025:09:23:00 -0400] "GET /atomlib.php HTTP/1.1" 404 134398 "-" "-"
13.89.129.89 - - [20/Oct/2025:09:23:02 -0400] "GET /autoload_classmap.php HTTP/1.1" 404 134398 "-" "-"
13.89.129.89 - - [20/Oct/2025:09:23:03 -0400] "GET /autoload_classmap/function.php HTTP/1.1" 404 134398 "-" "-"
13.89.129.89 - - [20/Oct/2025:09:23:04 -0400] "GET /buy.php HTTP/1.1" 404 134398 "-" "-"
13.89.129.89 - - [20/Oct/2025:09:23:06 -0400] "GET /chosen.php HTTP/1.1" 404 134398 "-" "-"
13.89.129.89 - - [20/Oct/2025:09:23:08 -0400] "GET /classwithtostring.php HTTP/1.1" 404 134398 "-" "-"
13.89.129.89 - - [20/Oct/2025:09:23:09 -0400] "GET /cong.php HTTP/1.1" 404 134398 "-" "-"
13.89.129.89 - - [20/Oct/2025:09:23:11 -0400] "GET /edit.php HTTP/1.1" 404 134398 "-" "-"
54.39.0.216 - - [20/Oct/2025:09:23:12 -0400] "GET /shop/detail/Mzk4NTk4NA HTTP/1.1" 404 134462 "-" "Mozilla/5.0 (compatible; AhrefsBot/7.0; +http://ahrefs.com/robot/)"
13.89.129.89 - - [20/Oct/2025:09:23:12 -0400] "GET /file.php HTTP/1.1" 404 134398 "-" "-"
13.89.129.89 - - [20/Oct/2025:09:23:14 -0400] "GET /file2.php HTTP/1.1" 404 134398 "-" "-"
13.89.129.89 - - [20/Oct/2025:09:23:15 -0400] "GET /flower.php HTTP/1.1" 404 134398 "-" "-"
13.89.129.89 - - [20/Oct/2025:09:23:17 -0400] "GET /gecko.php HTTP/1.1" 404 134398 "-" "-"
13.89.129.89 - - [20/Oct/2025:09:23:19 -0400] "GET /goat.php HTTP/1.1" 404 134398 "-" "-"
13.89.129.89 - - [20/Oct/2025:09:23:20 -0400] "GET /goods.php HTTP/1.1" 404 134398 "-" "-"
13.89.129.89 - - [20/Oct/2025:09:23:22 -0400] "GET /ioxi-o.php HTTP/1.1" 404 134398 "-" "-"
13.89.129.89 - - [20/Oct/2025:09:23:23 -0400] "GET /lock360.php HTTP/1.1" 404 134398 "-" "-"
13.89.129.89 - - [20/Oct/2025:09:23:25 -0400] "GET /makeasmtp.php HTTP/1.1" 404 134398 "-" "-"
13.89.129.89 - - [20/Oct/2025:09:23:27 -0400] "GET /mm.php HTTP/1.1" 404 134398 "-" "-"
13.89.129.89 - - [20/Oct/2025:09:23:28 -0400] "GET /nc4.php HTTP/1.1" 404 134398 "-" "-"
13.89.129.89 - - [20/Oct/2025:09:23:30 -0400] "GET /tinyfilemanager.php HTTP/1.1" 404 134398 "-" "-"
13.89.129.89 - - [20/Oct/2025:09:23:31 -0400] "GET /users.php HTTP/1.1" 404 134398 "-" "-"
13.89.129.89 - - [20/Oct/2025:09:23:33 -0400] "GET /w.php HTTP/1.1" 404 134398 "-" "-"
13.89.129.89 - - [20/Oct/2025:09:23:35 -0400] "GET /wp-admin/ HTTP/1.1" 302 - "-" "-"
13.89.129.89 - - [20/Oct/2025:09:23:35 -0400] "GET /wp-admin/ HTTP/1.1" 302 - "-" "-"
13.89.129.89 - - [20/Oct/2025:09:23:36 -0400] "GET /wp-login.php?redirect_to=https%3A%2F%2Floloops.com%2Fwp-admin%2F&reauth=1 HTTP/1.1" 200 5411 "-" "-"
13.89.129.89 - - [20/Oct/2025:09:23:37 -0400] "GET /wp-admin/css/colors/blue/index.php HTTP/1.1" 301 - "-" "-"
13.89.129.89 - - [20/Oct/2025:09:23:38 -0400] "GET /wp-admin/css/colors/blue/ HTTP/1.1" 404 134398 "-" "-"
13.89.129.89 - - [20/Oct/2025:09:23:40 -0400] "GET /wp-admin/images/moon.php HTTP/1.1" 404 134398 "-" "-"
13.89.129.89 - - [20/Oct/2025:09:23:41 -0400] "GET /wp-admin/js/index.php HTTP/1.1" 301 - "-" "-"
13.89.129.89 - - [20/Oct/2025:09:23:42 -0400] "GET /wp-admin/js/ HTTP/1.1" 404 134398 "-" "-"
13.89.129.89 - - [20/Oct/2025:09:23:44 -0400] "GET /wp-admin/setup-config.php HTTP/1.1" 409 2665 "-" "-"
13.89.129.89 - - [20/Oct/2025:09:23:44 -0400] "GET /wp-api.php HTTP/1.1" 404 134398 "-" "-"
13.89.129.89 - - [20/Oct/2025:09:23:46 -0400] "GET /wp-content/wp-conflg.php HTTP/1.1" 404 134398 "-" "-"
13.89.129.89 - - [20/Oct/2025:09:23:47 -0400] "GET /wp-includes/IXR/autoload_classmap.php HTTP/1.1" 404 134398 "-" "-"
13.89.129.89 - - [20/Oct/2025:09:23:49 -0400] "GET /wp-includes/fonts/admin.php HTTP/1.1" 404 134398 "-" "-"
13.89.129.89 - - [20/Oct/2025:09:23:51 -0400] "GET /wp-includes/fonts/index.php HTTP/1.1" 301 - "-" "-"
13.89.129.89 - - [20/Oct/2025:09:23:52 -0400] "GET /wp-includes/fonts/ HTTP/1.1" 404 134398 "-" "-"
13.89.129.89 - - [20/Oct/2025:09:23:53 -0400] "GET /wp-setup.php HTTP/1.1" 404 134398 "-" "-"
13.89.129.89 - - [20/Oct/2025:09:23:55 -0400] "GET /wp.php HTTP/1.1" 404 134398 "-" "-"
13.89.129.89 - - [20/Oct/2025:09:23:56 -0400] "GET /wsa.php HTTP/1.1" 404 134398 "-" "-"
114.119.147.116 - - [20/Oct/2025:09:24:17 -0400] "GET /amazing-online-games/3/ HTTP/1.1" 200 273836 "https://loloops.com/amazing-online-games/10/?noamp=mobile&amp" "Mozilla/5.0 (compatible;PetalBot;+https://webmaster.petalsearch.com/site/petalbot)"
66.249.64.6 - - [20/Oct/2025:09:24:26 -0400] "GET /?shop/detail/Mzg2OTE3OQ HTTP/1.1" 200 107628 "-" "Mozilla/5.0 (Linux; Android 6.0.1; Nexus 5X Build/MMB29P) AppleWebKit/537.36 (KHTML, like Gecko) Chrome/140.0.7339.207 Mobile Safari/537.36 (compatible; Googlebot/2.1; +http://www.google.com/bot.html)"
66.249.64.7 - - [20/Oct/2025:09:24:29 -0400] "GET /goods/1837706192.shtml HTTP/1.1" 200 138717 "-" "Mozilla/5.0 (Linux; Android 6.0.1; Nexus 5X Build/MMB29P) AppleWebKit/537.36 (KHTML, like Gecko) Chrome/140.0.7339.207 Mobile Safari/537.36 (compatible; Googlebot/2.1; +http://www.google.com/bot.html)"
15.235.96.64 - - [20/Oct/2025:09:24:37 -0400] "GET /shop/detail/Mzk0MTAxMw HTTP/1.1" 404 134462 "-" "Mozilla/5.0 (compatible; AhrefsBot/7.0; +http://ahrefs.com/robot/)"
66.249.64.6 - - [20/Oct/2025:09:25:01 -0400] "GET /?shop/detail/NjI0MTY1NA HTTP/1.1" 301 - "-" "Mozilla/5.0 (Linux; Android 6.0.1; Nexus 5X Build/MMB29P) AppleWebKit/537.36 (KHTML, like Gecko) Chrome/140.0.7339.207 Mobile Safari/537.36 (compatible; Googlebot/2.1; +http://www.google.com/bot.html)"
66.249.64.7 - - [20/Oct/2025:09:25:02 -0400] "GET /?shop%2Fdetail%2FNjI0MTY1NA HTTP/1.1" 200 107648 "-" "Mozilla/5.0 (Linux; Android 6.0.1; Nexus 5X Build/MMB29P) AppleWebKit/537.36 (KHTML, like Gecko) Chrome/140.0.7339.207 Mobile Safari/537.36 (compatible; Googlebot/2.1; +http://www.google.com/bot.html)"
113.44.10.197 - - [20/Oct/2025:09:25:19 -0400] "POST /xmlrpc.php HTTP/1.1" 200 403 "https://loloops.com" "Mozilla/5.0 (Windows NT 10.0; Win64; x64; rv:129.0) Gecko/20100101 Firefox/129.0"
114.119.155.145 - - [20/Oct/2025:09:25:41 -0400] "GET /amazing-online-games/18/ HTTP/1.1" 200 273864 "https://loloops.com/amazing-online-games/10/?noamp=mobile&amp" "Mozilla/5.0 (compatible;PetalBot;+https://webmaster.petalsearch.com/site/petalbot)"
54.39.136.164 - - [20/Oct/2025:09:25:58 -0400] "GET /shop/detail/MzgwNjYyMA HTTP/1.1" 404 134462 "-" "Mozilla/5.0 (compatible; AhrefsBot/7.0; +http://ahrefs.com/robot/)"
66.249.64.6 - - [20/Oct/2025:09:26:10 -0400] "GET /?shop/detail/NDI0NzAwNg HTTP/1.1" 301 - "-" "Mozilla/5.0 (Linux; Android 6.0.1; Nexus 5X Build/MMB29P) AppleWebKit/537.36 (KHTML, like Gecko) Chrome/140.0.7339.207 Mobile Safari/537.36 (compatible; Googlebot/2.1; +http://www.google.com/bot.html)"
66.249.64.5 - - [20/Oct/2025:09:26:11 -0400] "GET /?shop%2Fdetail%2FNDI0NzAwNg HTTP/1.1" 200 107648 "-" "Mozilla/5.0 (Linux; Android 6.0.1; Nexus 5X Build/MMB29P) AppleWebKit/537.36 (KHTML, like Gecko) Chrome/140.0.7339.207 Mobile Safari/537.36 (compatible; Googlebot/2.1; +http://www.google.com/bot.html)"
114.119.135.253 - - [20/Oct/2025:09:27:05 -0400] "GET /ugliest-cars-ever-built/21/?amp HTTP/1.1" 200 272007 "https://loloops.com/ugliest-cars-ever-built/21?amp" "Mozilla/5.0 (compatible;PetalBot;+https://webmaster.petalsearch.com/site/petalbot)"
66.249.64.7 - - [20/Oct/2025:09:27:12 -0400] "GET /sitemap-item-1711.xml HTTP/1.1" 200 160706 "-" "Mozilla/5.0 (compatible; Googlebot/2.1; +http://www.google.com/bot.html)"
64.233.173.140 - - [20/Oct/2025:09:27:21 -0400] "GET /wp-content/uploads/2020/10/cover-image.jpg HTTP/1.1" 304 - "-" "Mozilla/5.0 (Windows NT 5.1; rv:11.0) Gecko Firefox/11.0 (via ggpht.com GoogleImageProxy)"
66.249.64.6 - - [20/Oct/2025:09:27:20 -0400] "GET /?shop/detail/NDQ2NTg3OAm HTTP/1.1" 200 107633 "-" "Mozilla/5.0 (Linux; Android 6.0.1; Nexus 5X Build/MMB29P) AppleWebKit/537.36 (KHTML, like Gecko) Chrome/140.0.7339.207 Mobile Safari/537.36 (compatible; Googlebot/2.1; +http://www.google.com/bot.html)"
54.39.89.48 - - [20/Oct/2025:09:27:22 -0400] "GET /shop/detail/Mzg0NTgwNA HTTP/1.1" 404 134462 "-" "Mozilla/5.0 (compatible; AhrefsBot/7.0; +http://ahrefs.com/robot/)"
114.119.147.116 - - [20/Oct/2025:09:28:29 -0400] "GET /tag/dog-memes?amp HTTP/1.1" 301 - "https://loloops.com/cutest-dog-memes/16?amp" "Mozilla/5.0 (compatible;PetalBot;+https://webmaster.petalsearch.com/site/petalbot)"
114.119.147.116 - - [20/Oct/2025:09:28:31 -0400] "GET /tag/dog-memes/?amp HTTP/1.1" 200 123303 "https://loloops.com/cutest-dog-memes/16?amp" "Mozilla/5.0 (compatible;PetalBot;+https://webmaster.petalsearch.com/site/petalbot)"
66.249.64.6 - - [20/Oct/2025:09:28:30 -0400] "GET /?shop/detail/NDYwNDg4MQ HTTP/1.1" 200 156632 "-" "Mozilla/5.0 (Linux; Android 6.0.1; Nexus 5X Build/MMB29P) AppleWebKit/537.36 (KHTML, like Gecko) Chrome/140.0.7339.207 Mobile Safari/537.36 (compatible; Googlebot/2.1; +http://www.google.com/bot.html)"
66.249.64.5 - - [20/Oct/2025:09:28:36 -0400] "GET /sitemap-item-3046.xml HTTP/1.1" 200 159805 "-" "Mozilla/5.0 (compatible; Googlebot/2.1; +http://www.google.com/bot.html)"
54.39.210.249 - - [20/Oct/2025:09:29:01 -0400] "GET /shop/detail/MzcxODI0OQ HTTP/1.1" 404 134462 "-" "Mozilla/5.0 (compatible; AhrefsBot/7.0; +http://ahrefs.com/robot/)"
66.249.64.6 - - [20/Oct/2025:09:29:41 -0400] "GET /?shop/detail/MzU2NDMwMw HTTP/1.1" 200 107628 "-" "Mozilla/5.0 (Linux; Android 6.0.1; Nexus 5X Build/MMB29P) AppleWebKit/537.36 (KHTML, like Gecko) Chrome/140.0.7339.207 Mobile Safari/537.36 (compatible; Googlebot/2.1; +http://www.google.com/bot.html)"
66.249.64.4 - - [20/Oct/2025:09:29:42 -0400] "GET /sitemap-item-426.xml HTTP/1.1" 200 160706 "-" "Mozilla/5.0 (compatible; Googlebot/2.1; +http://www.google.com/bot.html)"
54.39.203.183 - - [20/Oct/2025:09:30:42 -0400] "GET /shop/detail/MzYzOTc3Ng HTTP/1.1" 404 134462 "-" "Mozilla/5.0 (compatible; AhrefsBot/7.0; +http://ahrefs.com/robot/)"
114.119.157.46 - - [20/Oct/2025:09:31:17 -0400] "GET /movie-scenes-which-never-fail-to-frustrate/12?amp HTTP/1.1" 301 - "https://loloops.com/movie-scenes-which-never-fail-to-frustrate/15?amp" "Mozilla/5.0 (compatible;PetalBot;+https://webmaster.petalsearch.com/site/petalbot)"
114.119.157.46 - - [20/Oct/2025:09:31:19 -0400] "GET /movie-scenes-which-never-fail-to-frustrate/12/?amp HTTP/1.1" 200 269938 "https://loloops.com/movie-scenes-which-never-fail-to-frustrate/15?amp" "Mozilla/5.0 (compatible;PetalBot;+https://webmaster.petalsearch.com/site/petalbot)"
66.249.64.5 - - [20/Oct/2025:09:31:35 -0400] "GET /?shop/detail/NTk2NDQ1OQ HTTP/1.1" 200 107628 "-" "Mozilla/5.0 (Linux; Android 6.0.1; Nexus 5X Build/MMB29P) AppleWebKit/537.36 (KHTML, like Gecko) Chrome/140.0.7339.207 Mobile Safari/537.36 (compatible; Googlebot/2.1; +http://www.google.com/bot.html)"
66.249.64.6 - - [20/Oct/2025:09:31:34 -0400] "GET /?shop/detail/NTA5MzE4Nw HTTP/1.1" 200 156611 "-" "Mozilla/5.0 (Linux; Android 6.0.1; Nexus 5X Build/MMB29P) AppleWebKit/537.36 (KHTML, like Gecko) Chrome/140.0.7339.207 Mobile Safari/537.36 (compatible; Googlebot/2.1; +http://www.google.com/bot.html)"
66.249.64.5 - - [20/Oct/2025:09:32:09 -0400] "GET /?shop/detail/NTM5MjQ1MQ HTTP/1.1" 200 156611 "-" "Mozilla/5.0 (Linux; Android 6.0.1; Nexus 5X Build/MMB29P) AppleWebKit/537.36 (KHTML, like Gecko) Chrome/140.0.7339.207 Mobile Safari/537.36 (compatible; Googlebot/2.1; +http://www.google.com/bot.html)"
114.119.155.145 - - [20/Oct/2025:09:32:42 -0400] "GET /kardashian-kid-moments/5/ HTTP/1.1" 200 277712 "https://loloops.com/kardashian-kid-moments/9" "Mozilla/5.0 (compatible;PetalBot;+https://webmaster.petalsearch.com/site/petalbot)"
142.44.233.81 - - [20/Oct/2025:09:32:40 -0400] "GET /shop/detail/MzY3MzgzMA HTTP/1.1" 404 134462 "-" "Mozilla/5.0 (compatible; AhrefsBot/7.0; +http://ahrefs.com/robot/)"
66.249.64.4 - - [20/Oct/2025:09:33:11 -0400] "GET /?shop/detail/NDAyMzkzNg HTTP/1.1" 200 141782 "-" "Mozilla/5.0 (Linux; Android 6.0.1; Nexus 5X Build/MMB29P) AppleWebKit/537.36 (KHTML, like Gecko) Chrome/140.0.7339.207 Mobile Safari/537.36 (compatible; Googlebot/2.1; +http://www.google.com/bot.html)"
54.39.89.238 - - [20/Oct/2025:09:33:46 -0400] "GET /shop/detail/MzUyMjA1MQ HTTP/1.1" 404 134462 "-" "Mozilla/5.0 (compatible; AhrefsBot/7.0; +http://ahrefs.com/robot/)"
40.77.167.52 - - [20/Oct/2025:09:33:59 -0400] "GET /shop/detail/MzYzNzEwNQ HTTP/1.1" 200 126494 "-" "Mozilla/5.0 AppleWebKit/537.36 (KHTML, like Gecko; compatible; bingbot/2.0; +http://www.bing.com/bingbot.htm) Chrome/116.0.1938.76 Safari/537.36"
114.119.155.145 - - [20/Oct/2025:09:34:03 -0400] "GET /hottest-princesses-in-the-world/9?amp HTTP/1.1" 301 - "-" "Mozilla/5.0 (compatible;PetalBot;+https://webmaster.petalsearch.com/site/petalbot)"
114.119.155.145 - - [20/Oct/2025:09:34:04 -0400] "GET /hottest-princesses-in-the-world/9/?amp HTTP/1.1" 200 274095 "-" "Mozilla/5.0 (compatible;PetalBot;+https://webmaster.petalsearch.com/site/petalbot)"
66.249.64.4 - - [20/Oct/2025:09:34:22 -0400] "GET /?shop/detail/NjEwMTg1Mg HTTP/1.1" 200 156611 "-" "Mozilla/5.0 (Linux; Android 6.0.1; Nexus 5X Build/MMB29P) AppleWebKit/537.36 (KHTML, like Gecko) Chrome/140.0.7339.207 Mobile Safari/537.36 (compatible; Googlebot/2.1; +http://www.google.com/bot.html)"
2a03:2880:f800:b:: - - [20/Oct/2025:09:34:29 -0400] "GET /funny-travel-memes/7/ HTTP/1.1" 200 273294 "-" "meta-externalagent/1.1 (+https://developers.facebook.com/docs/sharing/webmasters/crawler)"
2a03:2880:f800:39:: - - [20/Oct/2025:09:34:42 -0400] "GET /me-too-movement/26/ HTTP/1.1" 200 272748 "-" "meta-externalagent/1.1 (+https://developers.facebook.com/docs/sharing/webmasters/crawler)"
66.249.64.6 - - [20/Oct/2025:09:35:06 -0400] "GET /sitemap-item-1670.xml HTTP/1.1" 200 160706 "-" "Mozilla/5.0 (compatible; Googlebot/2.1; +http://www.google.com/bot.html)"
196.251.71.198 - - [20/Oct/2025:09:35:11 -0400] "POST /wp-login.php HTTP/1.1" 200 5868 "-" "Mozilla/5.0"
196.251.71.198 - - [20/Oct/2025:09:35:11 -0400] "POST /wp-login.php HTTP/1.1" 200 5870 "-" "Mozilla/5.0"
196.251.71.198 - - [20/Oct/2025:09:35:11 -0400] "POST /wp-login.php HTTP/1.1" 200 5872 "-" "Mozilla/5.0"
196.251.71.198 - - [20/Oct/2025:09:35:11 -0400] "POST /wp-login.php HTTP/1.1" 200 5866 "-" "Mozilla/5.0"
196.251.71.198 - - [20/Oct/2025:09:35:11 -0400] "POST /wp-login.php HTTP/1.1" 200 5864 "-" "Mozilla/5.0"
196.251.71.198 - - [20/Oct/2025:09:35:11 -0400] "POST /wp-login.php HTTP/1.1" 200 5866 "-" "Mozilla/5.0"
142.44.220.168 - - [20/Oct/2025:09:35:18 -0400] "GET /shop/detail/MzUxNjE0MA HTTP/1.1" 404 134462 "-" "Mozilla/5.0 (compatible; AhrefsBot/7.0; +http://ahrefs.com/robot/)"
120.77.56.103 - - [20/Oct/2025:09:35:22 -0400] "POST /wp-login.php HTTP/1.1" 200 5846 "https://loloops.com" "Mozilla/5.0 (Windows NT 10.0; Win64; x64) AppleWebKit/537.36 (KHTML, like Gecko) Chrome/116.0.5845.96 Safari/537.36 Edg/116.0.1938.62"
157.55.39.53 - - [20/Oct/2025:09:35:21 -0400] "GET /goods/783672.shtml HTTP/1.1" 200 139576 "-" "Mozilla/5.0 AppleWebKit/537.36 (KHTML, like Gecko; compatible; bingbot/2.0; +http://www.bing.com/bingbot.htm) Chrome/116.0.1938.76 Safari/537.36"
114.119.139.88 - - [20/Oct/2025:09:35:27 -0400] "GET /funniest-movies-of-all-time/2?amp HTTP/1.1" 301 - "https://loloops.com/funniest-movies-of-all-time/4?amp" "Mozilla/5.0 (compatible;PetalBot;+https://webmaster.petalsearch.com/site/petalbot)"
114.119.139.88 - - [20/Oct/2025:09:35:29 -0400] "GET /funniest-movies-of-all-time/2/?amp HTTP/1.1" 200 275149 "https://loloops.com/funniest-movies-of-all-time/4?amp" "Mozilla/5.0 (compatible;PetalBot;+https://webmaster.petalsearch.com/site/petalbot)"
66.249.64.6 - - [20/Oct/2025:09:36:03 -0400] "GET /?shop/detail/NjIwOTYzMA HTTP/1.1" 200 123085 "-" "Mozilla/5.0 (Linux; Android 6.0.1; Nexus 5X Build/MMB29P) AppleWebKit/537.36 (KHTML, like Gecko) Chrome/140.0.7339.207 Mobile Safari/537.36 (compatible; Googlebot/2.1; +http://www.google.com/bot.html)"
51.161.37.50 - - [20/Oct/2025:09:36:43 -0400] "GET /shop/detail/MzU3MjcwNA HTTP/1.1" 404 134462 "-" "Mozilla/5.0 (compatible; AhrefsBot/7.0; +http://ahrefs.com/robot/)"
114.119.147.116 - - [20/Oct/2025:09:36:50 -0400] "GET /female-celebrities-who-lost-their-virginity/8?amp HTTP/1.1" 301 - "https://loloops.com/female-celebrities-who-lost-their-virginity/6?amp" "Mozilla/5.0 (compatible;PetalBot;+https://webmaster.petalsearch.com/site/petalbot)"
114.119.147.116 - - [20/Oct/2025:09:36:51 -0400] "GET /female-celebrities-who-lost-their-virginity/8/?amp HTTP/1.1" 200 269152 "https://loloops.com/female-celebrities-who-lost-their-virginity/6?amp" "Mozilla/5.0 (compatible;PetalBot;+https://webmaster.petalsearch.com/site/petalbot)"
66.249.64.5 - - [20/Oct/2025:09:36:52 -0400] "GET /?shop/detail/NjE1NjE3Mw HTTP/1.1" 200 156611 "-" "Mozilla/5.0 (Linux; Android 6.0.1; Nexus 5X Build/MMB29P) AppleWebKit/537.36 (KHTML, like Gecko) Chrome/140.0.7339.207 Mobile Safari/537.36 (compatible; Googlebot/2.1; +http://www.google.com/bot.html)"
66.249.64.4 - - [20/Oct/2025:09:36:51 -0400] "GET /?shop/detail/MjkwNzM5Mg HTTP/1.1" 200 156611 "-" "Mozilla/5.0 (Linux; Android 6.0.1; Nexus 5X Build/MMB29P) AppleWebKit/537.36 (KHTML, like Gecko) Chrome/140.0.7339.207 Mobile Safari/537.36 (compatible; Googlebot/2.1; +http://www.google.com/bot.html)"
66.249.64.4 - - [20/Oct/2025:09:37:52 -0400] "GET /sitemap-item-2856.xml HTTP/1.1" 200 160706 "-" "Mozilla/5.0 (compatible; Googlebot/2.1; +http://www.google.com/bot.html)"
114.119.147.116 - - [20/Oct/2025:09:38:14 -0400] "GET /most-followed-celebrities-on-instagram/8/?amp HTTP/1.1" 200 277764 "https://loloops.com/most-followed-celebrities-on-instagram/8?amp" "Mozilla/5.0 (compatible;PetalBot;+https://webmaster.petalsearch.com/site/petalbot)"
89.248.172.183 - - [20/Oct/2025:09:38:25 -0400] "POST /wp-json/tdw/save_css HTTP/1.1" 401 98 "-" "Mozilla/5.0 (Windows NT 10.0) AppleWebKit/537.36 (KHTML, like Gecko) Chrome/104.0.0.0 Safari/537.36"
51.222.168.63 - - [20/Oct/2025:09:38:25 -0400] "GET /shop/detail/MzU3MDUzNQ HTTP/1.1" 404 134462 "-" "Mozilla/5.0 (compatible; AhrefsBot/7.0; +http://ahrefs.com/robot/)"
66.249.64.5 - - [20/Oct/2025:09:38:25 -0400] "GET /?shop/detail/NTI4MzE1OQ HTTP/1.1" 200 156632 "-" "Mozilla/5.0 (Linux; Android 6.0.1; Nexus 5X Build/MMB29P) AppleWebKit/537.36 (KHTML, like Gecko) Chrome/140.0.7339.207 Mobile Safari/537.36 (compatible; Googlebot/2.1; +http://www.google.com/bot.html)"
66.249.64.6 - - [20/Oct/2025:09:38:25 -0400] "GET /?shop/detail/MzgyNDQyNA HTTP/1.1" 200 157620 "-" "Mozilla/5.0 (Linux; Android 6.0.1; Nexus 5X Build/MMB29P) AppleWebKit/537.36 (KHTML, like Gecko) Chrome/140.0.7339.207 Mobile Safari/537.36 (compatible; Googlebot/2.1; +http://www.google.com/bot.html)"
66.249.64.6 - - [20/Oct/2025:09:38:28 -0400] "GET /goods/706319768.shtml HTTP/1.1" 200 166955 "-" "Mozilla/5.0 (Linux; Android 6.0.1; Nexus 5X Build/MMB29P) AppleWebKit/537.36 (KHTML, like Gecko) Chrome/140.0.7339.207 Mobile Safari/537.36 (compatible; Googlebot/2.1; +http://www.google.com/bot.html)"
66.249.64.4 - - [20/Oct/2025:09:38:28 -0400] "GET /goods/8265670.shtml HTTP/1.1" 200 132491 "-" "Mozilla/5.0 (Linux; Android 6.0.1; Nexus 5X Build/MMB29P) AppleWebKit/537.36 (KHTML, like Gecko) Chrome/140.0.7339.207 Mobile Safari/537.36 (compatible; Googlebot/2.1; +http://www.google.com/bot.html)"
50.87.144.179 - - [20/Oct/2025:09:38:40 -0400] "POST /wp-login.php HTTP/1.1" 200 5835 "https://loloops.com" "Mozilla/5.0 (Windows NT 10.0; Win64; x64; rv:126.0) Gecko/20100101 Firefox/126.0"
223.193.38.243 - - [20/Oct/2025:09:38:43 -0400] "GET /wp-content/uploads/2019/06/img_cover_2019_06-1-364x205.jpg HTTP/1.1" 200 18147 "-" "Mozilla/5.0 (Windows NT 10.0; Win64; x64) AppleWebKit/537.36 (KHTML, like Gecko) Chrome/103.0.0.0 Safari/537.36"
2a03:2880:f800:43:: - - [20/Oct/2025:09:39:13 -0400] "GET /funny-memes/14/ HTTP/1.1" 200 273382 "-" "meta-externalagent/1.1 (+https://developers.facebook.com/docs/sharing/webmasters/crawler)"
66.249.64.4 - - [20/Oct/2025:09:39:29 -0400] "GET /goods/1092800414.shtml HTTP/1.1" 200 124471 "-" "Mozilla/5.0 (Linux; Android 6.0.1; Nexus 5X Build/MMB29P) AppleWebKit/537.36 (KHTML, like Gecko) Chrome/140.0.7339.207 Mobile Safari/537.36 (compatible; Googlebot/2.1; +http://www.google.com/bot.html)"
114.119.140.237 - - [20/Oct/2025:09:39:39 -0400] "GET /gorgeous-beaches-in-the-world/25/?noamp=mobile&amp HTTP/1.1" 200 273198 "https://loloops.com/gorgeous-beaches-in-the-world/25/?noamp=mobile&amp" "Mozilla/5.0 (compatible;PetalBot;+https://webmaster.petalsearch.com/site/petalbot)"
142.44.220.173 - - [20/Oct/2025:09:39:56 -0400] "GET /shop/detail/MzQxMDE3OQ HTTP/1.1" 404 134462 "-" "Mozilla/5.0 (compatible; AhrefsBot/7.0; +http://ahrefs.com/robot/)"
66.249.64.6 - - [20/Oct/2025:09:40:17 -0400] "GET /goods/1902471316.shtml HTTP/1.1" 200 109012 "-" "Mozilla/5.0 (Linux; Android 6.0.1; Nexus 5X Build/MMB29P) AppleWebKit/537.36 (KHTML, like Gecko) Chrome/140.0.7339.207 Mobile Safari/537.36 (compatible; Googlebot/2.1; +http://www.google.com/bot.html)"
216.73.216.54 - - [20/Oct/2025:09:40:56 -0400] "GET /sitemap.xml HTTP/1.1" 200 160706 "-" "Mozilla/5.0 AppleWebKit/537.36 (KHTML, like Gecko; compatible; ClaudeBot/1.0; [email protected])"
114.119.139.88 - - [20/Oct/2025:09:41:06 -0400] "GET /scariest-roller-coasters/18 HTTP/1.1" 301 - "-" "Mozilla/5.0 (compatible;PetalBot;+https://webmaster.petalsearch.com/site/petalbot)"
114.119.139.88 - - [20/Oct/2025:09:41:07 -0400] "GET /scariest-roller-coasters/18/ HTTP/1.1" 200 274692 "-" "Mozilla/5.0 (compatible;PetalBot;+https://webmaster.petalsearch.com/site/petalbot)"
142.44.220.138 - - [20/Oct/2025:09:41:25 -0400] "GET /shop/detail/MzQwNTIxMw HTTP/1.1" 404 134462 "-" "Mozilla/5.0 (compatible; AhrefsBot/7.0; +http://ahrefs.com/robot/)"
66.249.64.5 - - [20/Oct/2025:09:41:51 -0400] "GET /?shop/detail/Mjg2ODg4OA HTTP/1.1" 200 107628 "-" "Mozilla/5.0 (Linux; Android 6.0.1; Nexus 5X Build/MMB29P) AppleWebKit/537.36 (KHTML, like Gecko) Chrome/140.0.7339.207 Mobile Safari/537.36 (compatible; Googlebot/2.1; +http://www.google.com/bot.html)"
114.119.155.145 - - [20/Oct/2025:09:42:25 -0400] "GET /rarest-cars-in-the-world/21/?amp HTTP/1.1" 200 272849 "https://loloops.com/rarest-cars-in-the-world/21?amp" "Mozilla/5.0 (compatible;PetalBot;+https://webmaster.petalsearch.com/site/petalbot)"
66.249.64.5 - - [20/Oct/2025:09:42:39 -0400] "GET /?shop/detail/MzA2MzYzNg HTTP/1.1" 301 - "-" "Mozilla/5.0 (Linux; Android 6.0.1; Nexus 5X Build/MMB29P) AppleWebKit/537.36 (KHTML, like Gecko) Chrome/140.0.7339.207 Mobile Safari/537.36 (compatible; Googlebot/2.1; +http://www.google.com/bot.html)"
54.39.136.235 - - [20/Oct/2025:09:43:00 -0400] "GET /shop/detail/MzM4MjI3Mg HTTP/1.1" 404 134462 "-" "Mozilla/5.0 (compatible; AhrefsBot/7.0; +http://ahrefs.com/robot/)"
66.249.64.4 - - [20/Oct/2025:09:43:25 -0400] "GET /goods/1889720326.shtml HTTP/1.1" 200 131792 "-" "Mozilla/5.0 (Linux; Android 6.0.1; Nexus 5X Build/MMB29P) AppleWebKit/537.36 (KHTML, like Gecko) Chrome/140.0.7339.207 Mobile Safari/537.36 (compatible; Googlebot/2.1; +http://www.google.com/bot.html)"
66.249.64.4 - - [20/Oct/2025:09:43:01 -0400] "GET /?shop%2Fdetail%2FMzA2MzYzNg HTTP/1.1" 200 107648 "-" "Mozilla/5.0 (Linux; Android 6.0.1; Nexus 5X Build/MMB29P) AppleWebKit/537.36 (KHTML, like Gecko) Chrome/140.0.7339.207 Mobile Safari/537.36 (compatible; Googlebot/2.1; +http://www.google.com/bot.html)"
114.119.143.114 - - [20/Oct/2025:09:43:49 -0400] "GET /donald-trump-facts/5/?noamp=mobile&amp HTTP/1.1" 200 273652 "https://loloops.com/donald-trump-facts/5/?noamp=mobile&amp" "Mozilla/5.0 (compatible;PetalBot;+https://webmaster.petalsearch.com/site/petalbot)"
66.249.64.6 - - [20/Oct/2025:09:44:13 -0400] "GET /?shop/detail/MzQxMjM4Ng HTTP/1.1" 200 156632 "-" "Mozilla/5.0 (Linux; Android 6.0.1; Nexus 5X Build/MMB29P) AppleWebKit/537.36 (KHTML, like Gecko) Chrome/140.0.7339.207 Mobile Safari/537.36 (compatible; Googlebot/2.1; +http://www.google.com/bot.html)"
40.77.167.43 - - [20/Oct/2025:09:44:34 -0400] "GET /goods/873818514.shtml HTTP/1.1" 200 132958 "-" "Mozilla/5.0 AppleWebKit/537.36 (KHTML, like Gecko; compatible; bingbot/2.0; +http://www.bing.com/bingbot.htm) Chrome/116.0.1938.76 Safari/537.36"
15.235.96.167 - - [20/Oct/2025:09:44:36 -0400] "GET /shop/detail/MzI5ODkyMw HTTP/1.1" 404 134462 "-" "Mozilla/5.0 (compatible; AhrefsBot/7.0; +http://ahrefs.com/robot/)"
66.249.64.6 - - [20/Oct/2025:09:45:01 -0400] "GET /?shop/detail/NTE1MjIwMA HTTP/1.1" 200 156611 "-" "Mozilla/5.0 (Linux; Android 6.0.1; Nexus 5X Build/MMB29P) AppleWebKit/537.36 (KHTML, like Gecko) Chrome/140.0.7339.207 Mobile Safari/537.36 (compatible; Googlebot/2.1; +http://www.google.com/bot.html)"
45.61.184.20 - - [20/Oct/2025:09:45:03 -0400] "GET /wp-login.php HTTP/1.1" 200 5411 "-" "Mozilla/5.0 (X11; Linux x86_64) AppleWebKit/537.36 (KHTML, like Gecko) Ubuntu Chromium/36.0.1985.125 Chrome/36.0.1985.125 Safari/537.36"
45.61.184.20 - - [20/Oct/2025:09:45:11 -0400] "POST /wp-login.php HTTP/1.1" 200 5888 "-" "Mozilla/5.0 (X11; Linux x86_64) AppleWebKit/537.36 (KHTML, like Gecko) Ubuntu Chromium/36.0.1985.125 Chrome/36.0.1985.125 Safari/537.36"
114.119.143.103 - - [20/Oct/2025:09:45:13 -0400] "GET /amazing-islands-in-the-world/ HTTP/1.1" 200 275467 "https://loloops.com/amazing-liquid-adventures/14" "Mozilla/5.0 (compatible;PetalBot;+https://webmaster.petalsearch.com/site/petalbot)"
82.97.199.40 - - [20/Oct/2025:09:45:21 -0400] "GET /robots.txt HTTP/1.1" 200 76 "-" "Brightbot 1.0"
34.74.243.195 - - [20/Oct/2025:09:45:26 -0400] "POST /wp-login.php HTTP/1.1" 200 5715 "https://loloops.com" "Mozilla/5.0 (Macintosh; Intel Mac OS X 10_15_7) AppleWebKit/537.36 (KHTML, like Gecko) Chrome/116.0.5845.96 Safari/537.36"
66.249.64.4 - - [20/Oct/2025:09:45:49 -0400] "GET /?shop/detail/MzQyNTQ2NA HTTP/1.1" 200 107628 "-" "Mozilla/5.0 (Linux; Android 6.0.1; Nexus 5X Build/MMB29P) AppleWebKit/537.36 (KHTML, like Gecko) Chrome/140.0.7339.207 Mobile Safari/537.36 (compatible; Googlebot/2.1; +http://www.google.com/bot.html)"
54.39.136.70 - - [20/Oct/2025:09:46:10 -0400] "GET /shop/detail/MzI4MDQ4MA HTTP/1.1" 404 134462 "-" "Mozilla/5.0 (compatible; AhrefsBot/7.0; +http://ahrefs.com/robot/)"
114.119.143.114 - - [20/Oct/2025:09:46:36 -0400] "GET /hottest-princesses-in-the-world/6?amp HTTP/1.1" 301 - "https://loloops.com/hottest-princesses-in-the-world/9?amp" "Mozilla/5.0 (compatible;PetalBot;+https://webmaster.petalsearch.com/site/petalbot)"
114.119.143.114 - - [20/Oct/2025:09:46:37 -0400] "GET /hottest-princesses-in-the-world/6/?amp HTTP/1.1" 200 273950 "https://loloops.com/hottest-princesses-in-the-world/9?amp" "Mozilla/5.0 (compatible;PetalBot;+https://webmaster.petalsearch.com/site/petalbot)"
66.249.64.6 - - [20/Oct/2025:09:46:37 -0400] "GET /?shop/detail/NjA2NzQxMg HTTP/1.1" 200 107628 "-" "Mozilla/5.0 (Linux; Android 6.0.1; Nexus 5X Build/MMB29P) AppleWebKit/537.36 (KHTML, like Gecko) Chrome/140.0.7339.207 Mobile Safari/537.36 (compatible; Googlebot/2.1; +http://www.google.com/bot.html)"
57.159.29.167 - - [20/Oct/2025:09:46:48 -0400] "POST /wp-login.php HTTP/1.1" 200 5864 "-" "Mozilla/5.0"
57.159.29.167 - - [20/Oct/2025:09:46:48 -0400] "POST /wp-login.php HTTP/1.1" 200 5872 "-" "Mozilla/5.0"
95.91.104.195 - - [20/Oct/2025:09:47:13 -0400] "GET /robots.txt HTTP/1.1" 200 76 "-" "Mozilla/5.0 (compatible; MJ12bot/v1.4.8; http://mj12bot.com/)"
95.91.104.195 - - [20/Oct/2025:09:47:18 -0400] "GET /cutest-dog-memes/ HTTP/1.1" 200 273518 "-" "Mozilla/5.0 (compatible; MJ12bot/v1.4.8; http://mj12bot.com/)"
95.91.104.195 - - [20/Oct/2025:09:47:23 -0400] "GET /cutest-dog-memes/10/ HTTP/1.1" 200 273381 "-" "Mozilla/5.0 (compatible; MJ12bot/v1.4.8; http://mj12bot.com/)"
66.249.64.4 - - [20/Oct/2025:09:47:25 -0400] "GET /?shop/detail/NDI3MDc3Nw HTTP/1.1" 200 107628 "-" "Mozilla/5.0 (Linux; Android 6.0.1; Nexus 5X Build/MMB29P) AppleWebKit/537.36 (KHTML, like Gecko) Chrome/140.0.7339.207 Mobile Safari/537.36 (compatible; Googlebot/2.1; +http://www.google.com/bot.html)"
66.249.64.5 - - [20/Oct/2025:09:47:26 -0400] "GET /goods/1770368556.shtml HTTP/1.1" 200 134821 "-" "Mozilla/5.0 (Linux; Android 6.0.1; Nexus 5X Build/MMB29P) AppleWebKit/537.36 (KHTML, like Gecko) Chrome/140.0.7339.207 Mobile Safari/537.36 (compatible; Googlebot/2.1; +http://www.google.com/bot.html)"
54.39.203.243 - - [20/Oct/2025:09:47:30 -0400] "GET /shop/detail/MzI2MjE2Nw HTTP/1.1" 404 134462 "-" "Mozilla/5.0 (compatible; AhrefsBot/7.0; +http://ahrefs.com/robot/)"
95.91.104.195 - - [20/Oct/2025:09:47:36 -0400] "GET /cutest-dog-memes/11/ HTTP/1.1" 200 273348 "-" "Mozilla/5.0 (compatible; MJ12bot/v1.4.8; http://mj12bot.com/)"
95.91.104.195 - - [20/Oct/2025:09:47:41 -0400] "GET /cutest-dog-memes/12/ HTTP/1.1" 200 273411 "-" "Mozilla/5.0 (compatible; MJ12bot/v1.4.8; http://mj12bot.com/)"
95.91.104.195 - - [20/Oct/2025:09:47:46 -0400] "GET /cutest-dog-memes/13/ HTTP/1.1" 200 273362 "-" "Mozilla/5.0 (compatible; MJ12bot/v1.4.8; http://mj12bot.com/)"
95.91.104.195 - - [20/Oct/2025:09:47:56 -0400] "GET /cutest-dog-memes/14/ HTTP/1.1" 200 273482 "-" "Mozilla/5.0 (compatible; MJ12bot/v1.4.8; http://mj12bot.com/)"
114.119.143.103 - - [20/Oct/2025:09:48:01 -0400] "GET /scariest-roller-coasters/8?amp HTTP/1.1" 301 - "https://loloops.com/scariest-roller-coasters/22?amp" "Mozilla/5.0 (compatible;PetalBot;+https://webmaster.petalsearch.com/site/petalbot)"
95.91.104.195 - - [20/Oct/2025:09:48:01 -0400] "GET /cutest-dog-memes/15/ HTTP/1.1" 200 273312 "-" "Mozilla/5.0 (compatible; MJ12bot/v1.4.8; http://mj12bot.com/)"
114.119.143.103 - - [20/Oct/2025:09:48:02 -0400] "GET /scariest-roller-coasters/8/?amp HTTP/1.1" 200 274539 "https://loloops.com/scariest-roller-coasters/22?amp" "Mozilla/5.0 (compatible;PetalBot;+https://webmaster.petalsearch.com/site/petalbot)"
95.91.104.195 - - [20/Oct/2025:09:48:06 -0400] "GET /cutest-dog-memes/16/ HTTP/1.1" 200 273353 "-" "Mozilla/5.0 (compatible; MJ12bot/v1.4.8; http://mj12bot.com/)"
95.91.104.195 - - [20/Oct/2025:09:48:11 -0400] "GET /cutest-dog-memes/17/ HTTP/1.1" 200 273127 "-" "Mozilla/5.0 (compatible; MJ12bot/v1.4.8; http://mj12bot.com/)"
95.91.104.195 - - [20/Oct/2025:09:48:16 -0400] "GET /cutest-dog-memes/2/ HTTP/1.1" 200 273404 "-" "Mozilla/5.0 (compatible; MJ12bot/v1.4.8; http://mj12bot.com/)"
95.91.104.195 - - [20/Oct/2025:09:48:21 -0400] "GET /cutest-dog-memes/3/ HTTP/1.1" 200 273313 "-" "Mozilla/5.0 (compatible; MJ12bot/v1.4.8; http://mj12bot.com/)"
89.248.172.183 - - [20/Oct/2025:09:48:25 -0400] "POST /wp-json/tdw/save_css HTTP/1.1" 401 98 "-" "Mozilla/5.0 (Windows NT 10.0) AppleWebKit/537.36 (KHTML, like Gecko) Chrome/104.0.0.0 Safari/537.36"
95.91.104.195 - - [20/Oct/2025:09:48:27 -0400] "GET /cutest-dog-memes/4/ HTTP/1.1" 200 273313 "-" "Mozilla/5.0 (compatible; MJ12bot/v1.4.8; http://mj12bot.com/)"
95.91.104.195 - - [20/Oct/2025:09:48:32 -0400] "GET /cutest-dog-memes/5/ HTTP/1.1" 200 273343 "-" "Mozilla/5.0 (compatible; MJ12bot/v1.4.8; http://mj12bot.com/)"
52.167.144.233 - - [20/Oct/2025:09:48:49 -0400] "GET /shop/detail/NDA3NjA5MQ HTTP/1.1" 200 107623 "-" "Mozilla/5.0 AppleWebKit/537.36 (KHTML, like Gecko; compatible; bingbot/2.0; +http://www.bing.com/bingbot.htm) Chrome/116.0.1938.76 Safari/537.36"
150.241.244.224 - - [20/Oct/2025:09:48:53 -0400] "POST /wp-login.php HTTP/1.1" 200 5830 "https://loloops.com" "Mozilla/5.0 (Windows NT 11.0; Win64; x64) AppleWebKit/537.36 (KHTML, like Gecko) Chrome/126.0.0.0 Safari/537.36 Edg/126.0.0.0"
66.249.64.4 - - [20/Oct/2025:09:48:59 -0400] "GET /?shop/detail/NTAzMDYwMA HTTP/1.1" 200 120972 "-" "Mozilla/5.0 (Linux; Android 6.0.1; Nexus 5X Build/MMB29P) AppleWebKit/537.36 (KHTML, like Gecko) Chrome/140.0.7339.207 Mobile Safari/537.36 (compatible; Googlebot/2.1; +http://www.google.com/bot.html)"
148.113.130.108 - - [20/Oct/2025:09:49:11 -0400] "GET /shop/detail/MzEyMzAwMQ HTTP/1.1" 404 134462 "-" "Mozilla/5.0 (compatible; AhrefsBot/7.0; +http://ahrefs.com/robot/)"
216.73.216.54 - - [20/Oct/2025:09:49:15 -0400] "GET /foods-for-weight-loss/2 HTTP/1.1" 301 - "-" "Mozilla/5.0 AppleWebKit/537.36 (KHTML, like Gecko; compatible; ClaudeBot/1.0; [email protected])"
66.249.64.4 - - [20/Oct/2025:09:49:15 -0400] "GET /sitemap-item-409.xml HTTP/1.1" 200 159805 "-" "Mozilla/5.0 (compatible; Googlebot/2.1; +http://www.google.com/bot.html)"
216.73.216.54 - - [20/Oct/2025:09:49:16 -0400] "GET /foods-for-weight-loss/2/ HTTP/1.1" 200 269163 "https://loloops.com/foods-for-weight-loss/2" "Mozilla/5.0 AppleWebKit/537.36 (KHTML, like Gecko; compatible; ClaudeBot/1.0; [email protected])"
114.119.155.145 - - [20/Oct/2025:09:49:24 -0400] "GET /funny-travel-memes/7/ HTTP/1.1" 200 273294 "https://loloops.com/funny-travel-memes/?noamp=mobile&amp" "Mozilla/5.0 (compatible;PetalBot;+https://webmaster.petalsearch.com/site/petalbot)"
95.91.104.195 - - [20/Oct/2025:09:49:27 -0400] "GET /cutest-dog-memes/6/ HTTP/1.1" 200 273242 "-" "Mozilla/5.0 (compatible; MJ12bot/v1.4.8; http://mj12bot.com/)"
95.91.104.195 - - [20/Oct/2025:09:49:36 -0400] "GET /cutest-dog-memes/7/ HTTP/1.1" 200 273461 "-" "Mozilla/5.0 (compatible; MJ12bot/v1.4.8; http://mj12bot.com/)"
95.91.104.195 - - [20/Oct/2025:09:49:41 -0400] "GET /cutest-dog-memes/8/ HTTP/1.1" 200 273381 "-" "Mozilla/5.0 (compatible; MJ12bot/v1.4.8; http://mj12bot.com/)"
95.91.104.195 - - [20/Oct/2025:09:49:46 -0400] "GET /cutest-dog-memes/9/ HTTP/1.1" 200 273373 "-" "Mozilla/5.0 (compatible; MJ12bot/v1.4.8; http://mj12bot.com/)"
66.249.64.4 - - [20/Oct/2025:09:49:47 -0400] "GET /?shop/detail/NDAzODE5NA HTTP/1.1" 200 156611 "-" "Mozilla/5.0 (Linux; Android 6.0.1; Nexus 5X Build/MMB29P) AppleWebKit/537.36 (KHTML, like Gecko) Chrome/140.0.7339.207 Mobile Safari/537.36 (compatible; Googlebot/2.1; +http://www.google.com/bot.html)"
95.91.104.195 - - [20/Oct/2025:09:49:51 -0400] "GET /cutest-dog-memes/feed/ HTTP/1.1" 200 782 "-" "Mozilla/5.0 (compatible; MJ12bot/v1.4.8; http://mj12bot.com/)"
95.91.104.195 - - [20/Oct/2025:09:49:56 -0400] "GET /donald-trump-facts/ HTTP/1.1" 200 273869 "-" "Mozilla/5.0 (compatible; MJ12bot/v1.4.8; http://mj12bot.com/)"
95.91.104.195 - - [20/Oct/2025:09:50:01 -0400] "GET /funniest-cat-memes/ HTTP/1.1" 200 287557 "-" "Mozilla/5.0 (compatible; MJ12bot/v1.4.8; http://mj12bot.com/)"
95.91.104.195 - - [20/Oct/2025:09:50:07 -0400] "GET /tag/dog-memes/ HTTP/1.1" 200 123303 "-" "Mozilla/5.0 (compatible; MJ12bot/v1.4.8; http://mj12bot.com/)"
114.119.155.145 - - [20/Oct/2025:09:50:49 -0400] "GET /famous-celebrity-laughs/7 HTTP/1.1" 301 - "https://loloops.com/famous-celebrity-laughs/12" "Mozilla/5.0 (compatible;PetalBot;+https://webmaster.petalsearch.com/site/petalbot)"
51.161.37.44 - - [20/Oct/2025:09:50:52 -0400] "GET /shop/detail/MzA5ODM3Ng HTTP/1.1" 404 134462 "-" "Mozilla/5.0 (compatible; AhrefsBot/7.0; +http://ahrefs.com/robot/)"
114.119.155.145 - - [20/Oct/2025:09:51:00 -0400] "GET /famous-celebrity-laughs/7/ HTTP/1.1" 200 273269 "https://loloops.com/famous-celebrity-laughs/12" "Mozilla/5.0 (compatible;PetalBot;+https://webmaster.petalsearch.com/site/petalbot)"
66.249.64.6 - - [20/Oct/2025:09:51:21 -0400] "GET /?shop/detail/NDYyMjgxMQ HTTP/1.1" 200 108939 "-" "Mozilla/5.0 (Linux; Android 6.0.1; Nexus 5X Build/MMB29P) AppleWebKit/537.36 (KHTML, like Gecko) Chrome/140.0.7339.207 Mobile Safari/537.36 (compatible; Googlebot/2.1; +http://www.google.com/bot.html)"
66.249.64.7 - - [20/Oct/2025:09:51:21 -0400] "GET /?shop/detail/NDc4NzA5OQ HTTP/1.1" 200 156632 "-" "Mozilla/5.0 (Linux; Android 6.0.1; Nexus 5X Build/MMB29P) AppleWebKit/537.36 (KHTML, like Gecko) Chrome/140.0.7339.207 Mobile Safari/537.36 (compatible; Googlebot/2.1; +http://www.google.com/bot.html)"
114.119.147.116 - - [20/Oct/2025:09:52:12 -0400] "GET /beautiful-concept-bikes/10/ HTTP/1.1" 200 271719 "https://loloops.com/beautiful-concept-bikes/12/?amp" "Mozilla/5.0 (compatible;PetalBot;+https://webmaster.petalsearch.com/site/petalbot)"
20.203.75.63 - - [20/Oct/2025:09:52:16 -0400] "POST /wp-login.php HTTP/1.1" 200 5832 "https://loloops.com" "Mozilla/5.0 (Macintosh; Intel Mac OS X 10_15_7) AppleWebKit/537.36 (KHTML, like Gecko) Chrome/116.0.5845.96 Safari/537.36"
15.235.96.39 - - [20/Oct/2025:09:52:22 -0400] "GET /shop/detail/MzA5NzA1OA HTTP/1.1" 404 134462 "-" "Mozilla/5.0 (compatible; AhrefsBot/7.0; +http://ahrefs.com/robot/)"
66.249.64.6 - - [20/Oct/2025:09:52:25 -0400] "GET /goods/1438285664.shtml HTTP/1.1" 200 123906 "-" "Mozilla/5.0 (Linux; Android 6.0.1; Nexus 5X Build/MMB29P) AppleWebKit/537.36 (KHTML, like Gecko) Chrome/140.0.7339.207 Mobile Safari/537.36 (compatible; Googlebot/2.1; +http://www.google.com/bot.html)"
66.249.64.6 - - [20/Oct/2025:09:52:25 -0400] "GET /?shop/detail/MjQzMDA5OQ HTTP/1.1" 200 156611 "-" "Mozilla/5.0 (Linux; Android 6.0.1; Nexus 5X Build/MMB29P) AppleWebKit/537.36 (KHTML, like Gecko) Chrome/140.0.7339.207 Mobile Safari/537.36 (compatible; Googlebot/2.1; +http://www.google.com/bot.html)"
66.249.64.7 - - [20/Oct/2025:09:53:14 -0400] "GET /?shop/detail/NDI5MTUzMQ HTTP/1.1" 200 156611 "-" "Mozilla/5.0 (Linux; Android 6.0.1; Nexus 5X Build/MMB29P) AppleWebKit/537.36 (KHTML, like Gecko) Chrome/140.0.7339.207 Mobile Safari/537.36 (compatible; Googlebot/2.1; +http://www.google.com/bot.html)"
196.251.71.198 - - [20/Oct/2025:09:53:15 -0400] "POST /wp-login.php HTTP/1.1" 200 5872 "-" "Mozilla/5.0"
196.251.71.198 - - [20/Oct/2025:09:53:15 -0400] "POST /wp-login.php HTTP/1.1" 200 5870 "-" "Mozilla/5.0"
196.251.71.198 - - [20/Oct/2025:09:53:15 -0400] "POST /wp-login.php HTTP/1.1" 200 5868 "-" "Mozilla/5.0"
196.251.71.198 - - [20/Oct/2025:09:53:15 -0400] "POST /wp-login.php HTTP/1.1" 200 5866 "-" "Mozilla/5.0"
196.251.71.198 - - [20/Oct/2025:09:53:15 -0400] "POST /wp-login.php HTTP/1.1" 200 5864 "-" "Mozilla/5.0"
196.251.71.198 - - [20/Oct/2025:09:53:15 -0400] "POST /wp-login.php HTTP/1.1" 200 5866 "-" "Mozilla/5.0"
114.119.139.88 - - [20/Oct/2025:09:53:35 -0400] "GET /amazing-concept-cars/8/?amp HTTP/1.1" 200 273758 "https://loloops.com/amazing-concept-cars/8?amp" "Mozilla/5.0 (compatible;PetalBot;+https://webmaster.petalsearch.com/site/petalbot)"
52.167.144.191 - - [20/Oct/2025:09:53:36 -0400] "GET /goods/1106978732.shtml HTTP/1.1" 200 170921 "-" "Mozilla/5.0 AppleWebKit/537.36 (KHTML, like Gecko; compatible; bingbot/2.0; +http://www.bing.com/bingbot.htm) Chrome/116.0.1938.76 Safari/537.36"
15.235.96.39 - - [20/Oct/2025:09:54:06 -0400] "GET /shop/detail/MzA4NTU3Mw HTTP/1.1" 404 134462 "-" "Mozilla/5.0 (compatible; AhrefsBot/7.0; +http://ahrefs.com/robot/)"
66.249.64.5 - - [20/Oct/2025:09:54:47 -0400] "GET /?shop/detail/MjY5NDc5MA HTTP/1.1" 200 156611 "-" "Mozilla/5.0 (Linux; Android 6.0.1; Nexus 5X Build/MMB29P) AppleWebKit/537.36 (KHTML, like Gecko) Chrome/140.0.7339.207 Mobile Safari/537.36 (compatible; Googlebot/2.1; +http://www.google.com/bot.html)"
114.119.147.116 - - [20/Oct/2025:09:54:59 -0400] "GET /amazing-concept-cars/12/?noamp=mobile&amp HTTP/1.1" 200 273714 "https://loloops.com/amazing-concept-cars/12/?noamp=mobile&amp" "Mozilla/5.0 (compatible;PetalBot;+https://webmaster.petalsearch.com/site/petalbot)"
66.249.64.5 - - [20/Oct/2025:09:55:35 -0400] "GET /?shop/detail/NDcwNTQ3MQ HTTP/1.1" 200 107628 "-" "Mozilla/5.0 (Linux; Android 6.0.1; Nexus 5X Build/MMB29P) AppleWebKit/537.36 (KHTML, like Gecko) Chrome/140.0.7339.207 Mobile Safari/537.36 (compatible; Googlebot/2.1; +http://www.google.com/bot.html)"
20.123.252.35 - - [20/Oct/2025:09:55:38 -0400] "POST /wp-login.php HTTP/1.1" 200 5840 "https://loloops.com" "Mozilla/5.0 (Macintosh; Intel Mac OS X 10_15_7) AppleWebKit/537.36 (KHTML, like Gecko) Chrome/126.0.0.0 Safari/537.36"
15.235.96.24 - - [20/Oct/2025:09:55:39 -0400] "GET /shop/detail/MzA1NTQ2Ng HTTP/1.1" 404 134462 "-" "Mozilla/5.0 (compatible; AhrefsBot/7.0; +http://ahrefs.com/robot/)"
114.119.140.237 - - [20/Oct/2025:09:56:24 -0400] "GET /9-nerds-who-made-it-big/ HTTP/1.1" 200 273271 "https://loloops.com/9-nerds-who-made-it-big/9" "Mozilla/5.0 (compatible;PetalBot;+https://webmaster.petalsearch.com/site/petalbot)"
66.249.64.7 - - [20/Oct/2025:09:57:09 -0400] "GET /?shop/detail/MzQ5NTExOQ HTTP/1.1" 200 156611 "-" "Mozilla/5.0 (Linux; Android 6.0.1; Nexus 5X Build/MMB29P) AppleWebKit/537.36 (KHTML, like Gecko) Chrome/140.0.7339.207 Mobile Safari/537.36 (compatible; Googlebot/2.1; +http://www.google.com/bot.html)"
66.249.64.6 - - [20/Oct/2025:09:57:12 -0400] "GET /goods/2451288534.shtml HTTP/1.1" 200 118440 "-" "Mozilla/5.0 (Linux; Android 6.0.1; Nexus 5X Build/MMB29P) AppleWebKit/537.36 (KHTML, like Gecko) Chrome/140.0.7339.207 Mobile Safari/537.36 (compatible; Googlebot/2.1; +http://www.google.com/bot.html)"
142.44.228.167 - - [20/Oct/2025:09:57:13 -0400] "GET /shop/detail/MjgzMTc5Mg HTTP/1.1" 404 134462 "-" "Mozilla/5.0 (compatible; AhrefsBot/7.0; +http://ahrefs.com/robot/)"
114.119.147.116 - - [20/Oct/2025:09:57:45 -0400] "GET /9-lol-moments-of-british-royals/3/?noamp=mobile&amp HTTP/1.1" 200 270341 "https://loloops.com/9-lol-moments-of-british-royals/3?amp" "Mozilla/5.0 (compatible;PetalBot;+https://webmaster.petalsearch.com/site/petalbot)"
66.249.64.6 - - [20/Oct/2025:09:58:00 -0400] "GET /?shop/detail/NjI2OTk4NQ HTTP/1.1" 200 107628 "-" "Mozilla/5.0 (Linux; Android 6.0.1; Nexus 5X Build/MMB29P) AppleWebKit/537.36 (KHTML, like Gecko) Chrome/140.0.7339.207 Mobile Safari/537.36 (compatible; Googlebot/2.1; +http://www.google.com/bot.html)"
142.44.225.187 - - [20/Oct/2025:09:59:09 -0400] "GET /shop/detail/Mjg2MzY1MQ HTTP/1.1" 404 134462 "-" "Mozilla/5.0 (compatible; AhrefsBot/7.0; +http://ahrefs.com/robot/)"
114.119.139.88 - - [20/Oct/2025:09:59:09 -0400] "GET /beautiful-concept-bikes/20/?amp HTTP/1.1" 200 264068 "https://loloops.com/beautiful-concept-bikes/20?amp" "Mozilla/5.0 (compatible;PetalBot;+https://webmaster.petalsearch.com/site/petalbot)"
66.249.64.6 - - [20/Oct/2025:09:59:36 -0400] "GET /?shop/detail/NTU2MjE1NQ HTTP/1.1" 200 107628 "-" "Mozilla/5.0 (Linux; Android 6.0.1; Nexus 5X Build/MMB29P) AppleWebKit/537.36 (KHTML, like Gecko) Chrome/140.0.7339.207 Mobile Safari/537.36 (compatible; Googlebot/2.1; +http://www.google.com/bot.html)"
66.249.64.5 - - [20/Oct/2025:09:59:37 -0400] "GET /goods/947129080.shtml HTTP/1.1" 200 132079 "-" "Mozilla/5.0 (Linux; Android 6.0.1; Nexus 5X Build/MMB29P) AppleWebKit/537.36 (KHTML, like Gecko) Chrome/140.0.7339.207 Mobile Safari/537.36 (compatible; Googlebot/2.1; +http://www.google.com/bot.html)"
66.249.64.7 - - [20/Oct/2025:10:00:25 -0400] "GET /?shop/detail/NjAyMDc5Nw HTTP/1.1" 200 156611 "-" "Mozilla/5.0 (Linux; Android 6.0.1; Nexus 5X Build/MMB29P) AppleWebKit/537.36 (KHTML, like Gecko) Chrome/140.0.7339.207 Mobile Safari/537.36 (compatible; Googlebot/2.1; +http://www.google.com/bot.html)"
