114.119.147.116 - - [20/Oct/2025:11:29:33 -0400] "GET /gorgeous-beaches-in-the-world/4/?amp HTTP/1.1" 200 273287 "https://loloops.com/gorgeous-beaches-in-the-world/2?amp" "Mozilla/5.0 (compatible;PetalBot;+https://webmaster.petalsearch.com/site/petalbot)"
114.119.140.237 - - [20/Oct/2025:11:30:04 -0400] "GET /gorgeous-beaches-in-the-world/28/?noamp=mobile&amp HTTP/1.1" 200 273253 "https://loloops.com/gorgeous-beaches-in-the-world/28/?noamp=mobile&amp" "Mozilla/5.0 (compatible;PetalBot;+https://webmaster.petalsearch.com/site/petalbot)"
66.249.64.5 - - [20/Oct/2025:11:30:20 -0400] "GET /?o=37407135734402&channel=3ca126&from=form.php?goods/1194333970.shtml HTTP/1.1" 200 130431 "-" "Mozilla/5.0 (Linux; Android 6.0.1; Nexus 5X Build/MMB29P) AppleWebKit/537.36 (KHTML, like Gecko) Chrome/140.0.7339.207 Mobile Safari/537.36 (compatible; Googlebot/2.1; +http://www.google.com/bot.html)"
66.249.64.5 - - [20/Oct/2025:11:30:26 -0400] "GET /?shop/detail/MzUwNDk0Mw HTTP/1.1" 301 - "-" "Mozilla/5.0 (Linux; Android 6.0.1; Nexus 5X Build/MMB29P) AppleWebKit/537.36 (KHTML, like Gecko) Chrome/140.0.7339.207 Mobile Safari/537.36 (compatible; Googlebot/2.1; +http://www.google.com/bot.html)"
66.249.64.5 - - [20/Oct/2025:11:30:27 -0400] "GET /?shop%2Fdetail%2FMzUwNDk0Mw HTTP/1.1" 200 107648 "-" "Mozilla/5.0 (Linux; Android 6.0.1; Nexus 5X Build/MMB29P) AppleWebKit/537.36 (KHTML, like Gecko) Chrome/140.0.7339.207 Mobile Safari/537.36 (compatible; Googlebot/2.1; +http://www.google.com/bot.html)"
51.222.168.236 - - [20/Oct/2025:11:30:34 -0400] "GET /wp-content/uploads/2018/07/got-5.jpg HTTP/1.1" 200 43373 "-" "Mozilla/5.0 (compatible; AhrefsBot/7.0; +http://ahrefs.com/robot/)"
54.39.0.76 - - [20/Oct/2025:11:30:48 -0400] "GET /shop/detail/NDQ4NDM3Ng HTTP/1.1" 404 134462 "-" "Mozilla/5.0 (compatible; AhrefsBot/7.0; +http://ahrefs.com/robot/)"
89.248.172.183 - - [20/Oct/2025:11:30:59 -0400] "POST /wp-json/tdw/save_css HTTP/1.1" 401 98 "-" "Mozilla/5.0 (Windows NT 10.0) AppleWebKit/537.36 (KHTML, like Gecko) Chrome/104.0.0.0 Safari/537.36"
207.46.13.124 - - [20/Oct/2025:11:30:59 -0400] "GET /?o=91729161463300&channel=541d0a&from=goods.php?%3Fid%3D1614633-8279%26name%3D%E5%AF%8C%E5%A3%AB%E5%B7%A5%E6%A5%AD%28FUJI+KOGYO%29+T-KWTG25+T-KWTG25 HTTP/1.1" 200 115501 "-" "Mozilla/5.0 AppleWebKit/537.36 (KHTML, like Gecko; compatible; bingbot/2.0; +http://www.bing.com/bingbot.htm) Chrome/116.0.1938.76 Safari/537.36"
216.73.216.54 - - [20/Oct/2025:11:31:01 -0400] "GET /goods/1643382140.shtml HTTP/1.1" 404 134462 "-" "Mozilla/5.0 AppleWebKit/537.36 (KHTML, like Gecko; compatible; ClaudeBot/1.0; [email protected])"
216.73.216.54 - - [20/Oct/2025:11:31:03 -0400] "GET /goods/1643312112.shtml HTTP/1.1" 404 134462 "-" "Mozilla/5.0 AppleWebKit/537.36 (KHTML, like Gecko; compatible; ClaudeBot/1.0; [email protected])"
216.73.216.54 - - [20/Oct/2025:11:31:06 -0400] "GET /goods/1643724072.shtml HTTP/1.1" 404 134462 "-" "Mozilla/5.0 AppleWebKit/537.36 (KHTML, like Gecko; compatible; ClaudeBot/1.0; [email protected])"
114.119.147.116 - - [20/Oct/2025:11:31:07 -0400] "GET /funny-travel-memes/7/?amp HTTP/1.1" 200 273298 "https://loloops.com/funny-travel-memes/7?amp" "Mozilla/5.0 (compatible;PetalBot;+https://webmaster.petalsearch.com/site/petalbot)"
216.73.216.54 - - [20/Oct/2025:11:31:09 -0400] "GET /goods/1643269894.shtml HTTP/1.1" 404 134462 "-" "Mozilla/5.0 AppleWebKit/537.36 (KHTML, like Gecko; compatible; ClaudeBot/1.0; [email protected])"
91.84.114.45 - - [20/Oct/2025:11:31:10 -0400] "GET /25-beautiful-black-women-in-the-world/ HTTP/1.1" 200 275836 "https://loloops.com/25-beautiful-black-women-in-the-world/" "Mozilla/5.0 (Windows NT 10.0; Win64; x64) AppleWebKit/537.36 (KHTML, like Gecko) Chrome/130.0.0.0 Safari/537.36"
91.84.114.45 - - [20/Oct/2025:11:31:12 -0400] "POST /wp-comments-post.php HTTP/1.1" 302 - "https://loloops.com/25-beautiful-black-women-in-the-world/" "Mozilla/5.0 (Windows NT 10.0; Win64; x64) AppleWebKit/537.36 (KHTML, like Gecko) Chrome/130.0.0.0 Safari/537.36"
216.73.216.54 - - [20/Oct/2025:11:31:12 -0400] "GET /goods/1643487208.shtml HTTP/1.1" 404 134462 "-" "Mozilla/5.0 AppleWebKit/537.36 (KHTML, like Gecko; compatible; ClaudeBot/1.0; [email protected])"
91.84.114.45 - - [20/Oct/2025:11:31:13 -0400] "GET /25-beautiful-black-women-in-the-world/ HTTP/1.1" 200 204776 "https://loloops.com/25-beautiful-black-women-in-the-world/#comment-13776" "Mozilla/5.0 (Windows NT 10.0; Win64; x64) AppleWebKit/537.36 (KHTML, like Gecko) Chrome/130.0.0.0 Safari/537.36"
216.73.216.54 - - [20/Oct/2025:11:31:15 -0400] "GET /goods/1643594620.shtml HTTP/1.1" 404 134462 "-" "Mozilla/5.0 AppleWebKit/537.36 (KHTML, like Gecko; compatible; ClaudeBot/1.0; [email protected])"
66.249.64.6 - - [20/Oct/2025:11:31:16 -0400] "GET /?shop/detail/NDAxMzg1Mw HTTP/1.1" 200 156611 "-" "Mozilla/5.0 (Linux; Android 6.0.1; Nexus 5X Build/MMB29P) AppleWebKit/537.36 (KHTML, like Gecko) Chrome/140.0.7339.207 Mobile Safari/537.36 (compatible; Googlebot/2.1; +http://www.google.com/bot.html)"
66.249.64.6 - - [20/Oct/2025:11:31:15 -0400] "GET /goods/673168636.shtml HTTP/1.1" 200 144927 "-" "Mozilla/5.0 (Linux; Android 6.0.1; Nexus 5X Build/MMB29P) AppleWebKit/537.36 (KHTML, like Gecko) Chrome/140.0.7339.207 Mobile Safari/537.36 (compatible; Googlebot/2.1; +http://www.google.com/bot.html)"
216.73.216.54 - - [20/Oct/2025:11:31:26 -0400] "GET /goods/1643217868.shtml HTTP/1.1" 404 134462 "-" "Mozilla/5.0 AppleWebKit/537.36 (KHTML, like Gecko; compatible; ClaudeBot/1.0; [email protected])"
216.73.216.54 - - [20/Oct/2025:11:31:29 -0400] "GET /goods/1643483166.shtml HTTP/1.1" 404 134462 "-" "Mozilla/5.0 AppleWebKit/537.36 (KHTML, like Gecko; compatible; ClaudeBot/1.0; [email protected])"
216.73.216.54 - - [20/Oct/2025:11:31:32 -0400] "GET /goods/1643569550.shtml HTTP/1.1" 404 134462 "-" "Mozilla/5.0 AppleWebKit/537.36 (KHTML, like Gecko; compatible; ClaudeBot/1.0; [email protected])"
216.73.216.54 - - [20/Oct/2025:11:31:35 -0400] "GET /goods/1643764828.shtml HTTP/1.1" 404 134462 "-" "Mozilla/5.0 AppleWebKit/537.36 (KHTML, like Gecko; compatible; ClaudeBot/1.0; [email protected])"
216.73.216.54 - - [20/Oct/2025:11:31:38 -0400] "GET /goods/1643744646.shtml HTTP/1.1" 404 134462 "-" "Mozilla/5.0 AppleWebKit/537.36 (KHTML, like Gecko; compatible; ClaudeBot/1.0; [email protected])"
192.161.185.170 - - [20/Oct/2025:11:31:50 -0400] "GET /real-life-photos-of-celebrities/17/ HTTP/1.1" 200 274035 "-" "Mozilla/5.0 (Linux; Android 6.0; Nexus 5 Build/MRA58N) AppleWebKit/537.36 (KHTML, like Gecko) Chrome/48.0.2847.1516 Mobile Safari/537.36"
192.161.185.170 - - [20/Oct/2025:11:31:52 -0400] "GET /wp-content/uploads/2018/08/img_gigi_hadid_2018_08.jpg HTTP/1.1" 200 26308 "https://loloops.com/real-life-photos-of-celebrities/17/" "Mozilla/5.0 (Linux; Android 6.0; Nexus 5 Build/MRA58N) AppleWebKit/537.36 (KHTML, like Gecko) Chrome/48.0.2847.1516 Mobile Safari/537.36"
192.161.185.170 - - [20/Oct/2025:11:31:52 -0400] "GET /wp-content/uploads/2018/08/img_taylor_swift_2018_08-608x408.jpg HTTP/1.1" 200 44412 "https://loloops.com/real-life-photos-of-celebrities/17/" "Mozilla/5.0 (Linux; Android 6.0; Nexus 5 Build/MRA58N) AppleWebKit/537.36 (KHTML, like Gecko) Chrome/48.0.2847.1516 Mobile Safari/537.36"
54.39.89.4 - - [20/Oct/2025:11:32:13 -0400] "GET /shop/detail/NDQ4MjI3NQ HTTP/1.1" 404 134462 "-" "Mozilla/5.0 (compatible; AhrefsBot/7.0; +http://ahrefs.com/robot/)"
114.119.139.88 - - [20/Oct/2025:11:32:30 -0400] "GET /funny-travel-memes/5/?noamp=mobile&amp HTTP/1.1" 200 273415 "https://loloops.com/funny-travel-memes/5/?noamp=mobile&amp" "Mozilla/5.0 (compatible;PetalBot;+https://webmaster.petalsearch.com/site/petalbot)"
66.249.64.7 - - [20/Oct/2025:11:32:50 -0400] "GET /?shop/detail/MzkwNTc4Mg HTTP/1.1" 200 156632 "-" "Mozilla/5.0 (Linux; Android 6.0.1; Nexus 5X Build/MMB29P) AppleWebKit/537.36 (KHTML, like Gecko) Chrome/140.0.7339.207 Mobile Safari/537.36 (compatible; Googlebot/2.1; +http://www.google.com/bot.html)"
216.73.216.54 - - [20/Oct/2025:11:33:06 -0400] "GET /goods/1643616016.shtml HTTP/1.1" 404 134462 "-" "Mozilla/5.0 AppleWebKit/537.36 (KHTML, like Gecko; compatible; ClaudeBot/1.0; [email protected])"
216.73.216.54 - - [20/Oct/2025:11:33:09 -0400] "GET /goods/1643550850.shtml HTTP/1.1" 404 134462 "-" "Mozilla/5.0 AppleWebKit/537.36 (KHTML, like Gecko; compatible; ClaudeBot/1.0; [email protected])"
216.73.216.54 - - [20/Oct/2025:11:33:12 -0400] "GET /goods/1643345454.shtml HTTP/1.1" 404 134462 "-" "Mozilla/5.0 AppleWebKit/537.36 (KHTML, like Gecko; compatible; ClaudeBot/1.0; [email protected])"
216.73.216.54 - - [20/Oct/2025:11:33:15 -0400] "GET /goods/1643479096.shtml HTTP/1.1" 404 134462 "-" "Mozilla/5.0 AppleWebKit/537.36 (KHTML, like Gecko; compatible; ClaudeBot/1.0; [email protected])"
216.73.216.54 - - [20/Oct/2025:11:33:18 -0400] "GET /goods/1643273378.shtml HTTP/1.1" 404 134462 "-" "Mozilla/5.0 AppleWebKit/537.36 (KHTML, like Gecko; compatible; ClaudeBot/1.0; [email protected])"
216.73.216.54 - - [20/Oct/2025:11:33:21 -0400] "GET /goods/1643389740.shtml HTTP/1.1" 404 134462 "-" "Mozilla/5.0 AppleWebKit/537.36 (KHTML, like Gecko; compatible; ClaudeBot/1.0; [email protected])"
51.222.168.84 - - [20/Oct/2025:11:33:47 -0400] "GET /shop/detail/NDQ1MDU2Mw HTTP/1.1" 404 134462 "-" "Mozilla/5.0 (compatible; AhrefsBot/7.0; +http://ahrefs.com/robot/)"
89.248.172.183 - - [20/Oct/2025:11:33:55 -0400] "POST /wp-json/tdw/save_css HTTP/1.1" 401 98 "-" "Mozilla/5.0 (Windows NT 10.0) AppleWebKit/537.36 (KHTML, like Gecko) Chrome/104.0.0.0 Safari/537.36"
114.119.139.88 - - [20/Oct/2025:11:33:56 -0400] "GET /funny-kardashian-memes/7?amp HTTP/1.1" 301 - "https://loloops.com/funny-kardashian-memes/3?amp" "Mozilla/5.0 (compatible;PetalBot;+https://webmaster.petalsearch.com/site/petalbot)"
114.119.139.88 - - [20/Oct/2025:11:33:58 -0400] "GET /funny-kardashian-memes/7/?amp HTTP/1.1" 200 273076 "https://loloops.com/funny-kardashian-memes/3?amp" "Mozilla/5.0 (compatible;PetalBot;+https://webmaster.petalsearch.com/site/petalbot)"
216.73.216.54 - - [20/Oct/2025:11:34:00 -0400] "GET /goods/1643727296.shtml HTTP/1.1" 404 134462 "-" "Mozilla/5.0 AppleWebKit/537.36 (KHTML, like Gecko; compatible; ClaudeBot/1.0; [email protected])"
216.73.216.54 - - [20/Oct/2025:11:34:03 -0400] "GET /goods/1643316314.shtml HTTP/1.1" 404 134462 "-" "Mozilla/5.0 AppleWebKit/537.36 (KHTML, like Gecko; compatible; ClaudeBot/1.0; [email protected])"
216.73.216.54 - - [20/Oct/2025:11:34:06 -0400] "GET /goods/1643694800.shtml HTTP/1.1" 404 134462 "-" "Mozilla/5.0 AppleWebKit/537.36 (KHTML, like Gecko; compatible; ClaudeBot/1.0; [email protected])"
216.73.216.54 - - [20/Oct/2025:11:34:09 -0400] "GET /goods/1643350858.shtml HTTP/1.1" 404 134462 "-" "Mozilla/5.0 AppleWebKit/537.36 (KHTML, like Gecko; compatible; ClaudeBot/1.0; [email protected])"
216.73.216.54 - - [20/Oct/2025:11:34:12 -0400] "GET /goods/1643426950.shtml HTTP/1.1" 404 134462 "-" "Mozilla/5.0 AppleWebKit/537.36 (KHTML, like Gecko; compatible; ClaudeBot/1.0; [email protected])"
216.73.216.54 - - [20/Oct/2025:11:34:15 -0400] "GET /goods/1643777960.shtml HTTP/1.1" 404 134462 "-" "Mozilla/5.0 AppleWebKit/537.36 (KHTML, like Gecko; compatible; ClaudeBot/1.0; [email protected])"
66.249.64.5 - - [20/Oct/2025:11:34:24 -0400] "GET /goods/1222768040.shtml HTTP/1.1" 200 127593 "-" "Mozilla/5.0 (Linux; Android 6.0.1; Nexus 5X Build/MMB29P) AppleWebKit/537.36 (KHTML, like Gecko) Chrome/140.0.7339.207 Mobile Safari/537.36 (compatible; Googlebot/2.1; +http://www.google.com/bot.html)"
66.249.64.5 - - [20/Oct/2025:11:34:24 -0400] "GET /?shop/detail/NTM5ODI1MA HTTP/1.1" 200 156611 "-" "Mozilla/5.0 (Linux; Android 6.0.1; Nexus 5X Build/MMB29P) AppleWebKit/537.36 (KHTML, like Gecko) Chrome/140.0.7339.207 Mobile Safari/537.36 (compatible; Googlebot/2.1; +http://www.google.com/bot.html)"
185.197.195.89 - - [20/Oct/2025:11:34:31 -0400] "POST /xmlrpc.php HTTP/1.1" 200 403 "https://loloops.com" "Mozilla/5.0 (Windows NT 11.0; Win64; x64; rv:126.0) Gecko/20100101 Firefox/126.0"
57.159.29.167 - - [20/Oct/2025:11:34:32 -0400] "POST /wp-login.php HTTP/1.1" 200 5864 "-" "Mozilla/5.0"
57.159.29.167 - - [20/Oct/2025:11:34:32 -0400] "POST /wp-login.php HTTP/1.1" 200 5872 "-" "Mozilla/5.0"
66.249.64.5 - - [20/Oct/2025:11:34:33 -0400] "GET /?o=00796101172400&channel=dcc554&from=shared.php?goods/1850406832.shtml HTTP/1.1" 200 125424 "-" "Mozilla/5.0 (Linux; Android 6.0.1; Nexus 5X Build/MMB29P) AppleWebKit/537.36 (KHTML, like Gecko) Chrome/140.0.7339.207 Mobile Safari/537.36 (compatible; Googlebot/2.1; +http://www.google.com/bot.html)"
66.249.64.5 - - [20/Oct/2025:11:34:38 -0400] "GET /?o=00796101172400&channel=dcc554&from=shared.php?goods/1850419146.shtml HTTP/1.1" 200 126791 "-" "Mozilla/5.0 (Linux; Android 6.0.1; Nexus 5X Build/MMB29P) AppleWebKit/537.36 (KHTML, like Gecko) Chrome/140.0.7339.207 Mobile Safari/537.36 (compatible; Googlebot/2.1; +http://www.google.com/bot.html)"
89.110.64.239 - - [20/Oct/2025:11:34:57 -0400] "GET /25-beautiful-black-women-in-the-world/ HTTP/1.1" 200 275836 "https://loloops.com/25-beautiful-black-women-in-the-world/" "Mozilla/5.0 (Windows NT 10.0; Win64; x64) AppleWebKit/537.36 (KHTML, like Gecko) Chrome/130.0.0.0 Safari/537.36"
89.110.64.239 - - [20/Oct/2025:11:34:59 -0400] "POST /wp-comments-post.php HTTP/1.1" 302 - "https://loloops.com/25-beautiful-black-women-in-the-world/" "Mozilla/5.0 (Windows NT 10.0; Win64; x64) AppleWebKit/537.36 (KHTML, like Gecko) Chrome/130.0.0.0 Safari/537.36"
89.110.64.239 - - [20/Oct/2025:11:34:59 -0400] "GET /25-beautiful-black-women-in-the-world/ HTTP/1.1" 200 204776 "https://loloops.com/25-beautiful-black-women-in-the-world/#comment-13777" "Mozilla/5.0 (Windows NT 10.0; Win64; x64) AppleWebKit/537.36 (KHTML, like Gecko) Chrome/130.0.0.0 Safari/537.36"
40.77.167.136 - - [20/Oct/2025:11:35:06 -0400] "GET /goods/230567872.shtml HTTP/1.1" 200 108879 "-" "Mozilla/5.0 AppleWebKit/537.36 (KHTML, like Gecko; compatible; bingbot/2.0; +http://www.bing.com/bingbot.htm) Chrome/116.0.1938.76 Safari/537.36"
66.249.64.7 - - [20/Oct/2025:11:35:15 -0400] "GET /goods/246664270.shtml HTTP/1.1" 200 115662 "-" "Mozilla/5.0 (Linux; Android 6.0.1; Nexus 5X Build/MMB29P) AppleWebKit/537.36 (KHTML, like Gecko) Chrome/140.0.7339.207 Mobile Safari/537.36 (compatible; Googlebot/2.1; +http://www.google.com/bot.html)"
114.119.140.237 - - [20/Oct/2025:11:35:21 -0400] "GET /funny-kardashian-memes/11/?noamp=mobile&amp HTTP/1.1" 200 273101 "https://loloops.com/funny-kardashian-memes/11/?noamp=mobile&amp" "Mozilla/5.0 (compatible;PetalBot;+https://webmaster.petalsearch.com/site/petalbot)"
216.73.216.54 - - [20/Oct/2025:11:35:33 -0400] "GET /goods/1643272734.shtml HTTP/1.1" 404 134462 "-" "Mozilla/5.0 AppleWebKit/537.36 (KHTML, like Gecko; compatible; ClaudeBot/1.0; [email protected])"
216.73.216.54 - - [20/Oct/2025:11:35:35 -0400] "GET /goods/1643231148.shtml HTTP/1.1" 404 134462 "-" "Mozilla/5.0 AppleWebKit/537.36 (KHTML, like Gecko; compatible; ClaudeBot/1.0; [email protected])"
216.73.216.54 - - [20/Oct/2025:11:35:38 -0400] "GET /goods/1643226958.shtml HTTP/1.1" 404 134462 "-" "Mozilla/5.0 AppleWebKit/537.36 (KHTML, like Gecko; compatible; ClaudeBot/1.0; [email protected])"
216.73.216.54 - - [20/Oct/2025:11:35:41 -0400] "GET /goods/1643636850.shtml HTTP/1.1" 404 134462 "-" "Mozilla/5.0 AppleWebKit/537.36 (KHTML, like Gecko; compatible; ClaudeBot/1.0; [email protected])"
54.39.89.60 - - [20/Oct/2025:11:35:44 -0400] "GET /shop/detail/NDQ0NjYwMg HTTP/1.1" 404 134462 "-" "Mozilla/5.0 (compatible; AhrefsBot/7.0; +http://ahrefs.com/robot/)"
216.73.216.54 - - [20/Oct/2025:11:35:44 -0400] "GET /goods/1643679654.shtml HTTP/1.1" 404 134462 "-" "Mozilla/5.0 AppleWebKit/537.36 (KHTML, like Gecko; compatible; ClaudeBot/1.0; [email protected])"
216.73.216.54 - - [20/Oct/2025:11:35:47 -0400] "GET /goods/1643213806.shtml HTTP/1.1" 404 134462 "-" "Mozilla/5.0 AppleWebKit/537.36 (KHTML, like Gecko; compatible; ClaudeBot/1.0; [email protected])"
216.73.216.54 - - [20/Oct/2025:11:35:50 -0400] "GET /goods/1643368860.shtml HTTP/1.1" 404 134462 "-" "Mozilla/5.0 AppleWebKit/537.36 (KHTML, like Gecko; compatible; ClaudeBot/1.0; [email protected])"
216.73.216.54 - - [20/Oct/2025:11:35:53 -0400] "GET /goods/1643467174.shtml HTTP/1.1" 404 134462 "-" "Mozilla/5.0 AppleWebKit/537.36 (KHTML, like Gecko; compatible; ClaudeBot/1.0; [email protected])"
216.73.216.54 - - [20/Oct/2025:11:35:56 -0400] "GET /goods/1643678296.shtml HTTP/1.1" 404 134462 "-" "Mozilla/5.0 AppleWebKit/537.36 (KHTML, like Gecko; compatible; ClaudeBot/1.0; [email protected])"
216.73.216.54 - - [20/Oct/2025:11:35:59 -0400] "GET /goods/1643477614.shtml HTTP/1.1" 404 134462 "-" "Mozilla/5.0 AppleWebKit/537.36 (KHTML, like Gecko; compatible; ClaudeBot/1.0; [email protected])"
216.73.216.54 - - [20/Oct/2025:11:36:02 -0400] "GET /goods/1643622080.shtml HTTP/1.1" 404 134462 "-" "Mozilla/5.0 AppleWebKit/537.36 (KHTML, like Gecko; compatible; ClaudeBot/1.0; [email protected])"
66.249.64.5 - - [20/Oct/2025:11:36:03 -0400] "GET /?shop/detail/NDAzMDk1OQ HTTP/1.1" 200 156611 "-" "Mozilla/5.0 (Linux; Android 6.0.1; Nexus 5X Build/MMB29P) AppleWebKit/537.36 (KHTML, like Gecko) Chrome/140.0.7339.207 Mobile Safari/537.36 (compatible; Googlebot/2.1; +http://www.google.com/bot.html)"
216.73.216.54 - - [20/Oct/2025:11:36:05 -0400] "GET /goods/1643569018.shtml HTTP/1.1" 404 134462 "-" "Mozilla/5.0 AppleWebKit/537.36 (KHTML, like Gecko; compatible; ClaudeBot/1.0; [email protected])"
66.249.64.7 - - [20/Oct/2025:11:36:06 -0400] "GET /?shop/detail/NTQzNzU0NQ HTTP/1.1" 301 - "-" "Mozilla/5.0 (Linux; Android 6.0.1; Nexus 5X Build/MMB29P) AppleWebKit/537.36 (KHTML, like Gecko) Chrome/140.0.7339.207 Mobile Safari/537.36 (compatible; Googlebot/2.1; +http://www.google.com/bot.html)"
66.249.64.6 - - [20/Oct/2025:11:36:08 -0400] "GET /?shop%2Fdetail%2FNTQzNzU0NQ HTTP/1.1" 200 107648 "-" "Mozilla/5.0 (Linux; Android 6.0.1; Nexus 5X Build/MMB29P) AppleWebKit/537.36 (KHTML, like Gecko) Chrome/140.0.7339.207 Mobile Safari/537.36 (compatible; Googlebot/2.1; +http://www.google.com/bot.html)"
216.73.216.54 - - [20/Oct/2025:11:36:08 -0400] "GET /goods/1643492760.shtml HTTP/1.1" 404 134462 "-" "Mozilla/5.0 AppleWebKit/537.36 (KHTML, like Gecko; compatible; ClaudeBot/1.0; [email protected])"
216.73.216.54 - - [20/Oct/2025:11:36:11 -0400] "GET /goods/1643338544.shtml HTTP/1.1" 404 134462 "-" "Mozilla/5.0 AppleWebKit/537.36 (KHTML, like Gecko; compatible; ClaudeBot/1.0; [email protected])"
216.73.216.54 - - [20/Oct/2025:11:36:14 -0400] "GET /goods/1643622926.shtml HTTP/1.1" 404 134462 "-" "Mozilla/5.0 AppleWebKit/537.36 (KHTML, like Gecko; compatible; ClaudeBot/1.0; [email protected])"
216.73.216.54 - - [20/Oct/2025:11:36:17 -0400] "GET /goods/1643623570.shtml HTTP/1.1" 404 134462 "-" "Mozilla/5.0 AppleWebKit/537.36 (KHTML, like Gecko; compatible; ClaudeBot/1.0; [email protected])"
216.73.216.54 - - [20/Oct/2025:11:36:20 -0400] "GET /goods/1643764680.shtml HTTP/1.1" 404 134462 "-" "Mozilla/5.0 AppleWebKit/537.36 (KHTML, like Gecko; compatible; ClaudeBot/1.0; [email protected])"
216.73.216.54 - - [20/Oct/2025:11:36:23 -0400] "GET /goods/1643512802.shtml HTTP/1.1" 404 134462 "-" "Mozilla/5.0 AppleWebKit/537.36 (KHTML, like Gecko; compatible; ClaudeBot/1.0; [email protected])"
216.73.216.54 - - [20/Oct/2025:11:36:26 -0400] "GET /goods/1643366020.shtml HTTP/1.1" 404 134462 "-" "Mozilla/5.0 AppleWebKit/537.36 (KHTML, like Gecko; compatible; ClaudeBot/1.0; [email protected])"
216.73.216.54 - - [20/Oct/2025:11:36:29 -0400] "GET /goods/1643380790.shtml HTTP/1.1" 404 134462 "-" "Mozilla/5.0 AppleWebKit/537.36 (KHTML, like Gecko; compatible; ClaudeBot/1.0; [email protected])"
216.73.216.54 - - [20/Oct/2025:11:36:38 -0400] "GET /goods/1643720394.shtml HTTP/1.1" 404 134462 "-" "Mozilla/5.0 AppleWebKit/537.36 (KHTML, like Gecko; compatible; ClaudeBot/1.0; [email protected])"
216.73.216.54 - - [20/Oct/2025:11:36:40 -0400] "GET /goods/1643714990.shtml HTTP/1.1" 404 134462 "-" "Mozilla/5.0 AppleWebKit/537.36 (KHTML, like Gecko; compatible; ClaudeBot/1.0; [email protected])"
114.119.157.46 - - [20/Oct/2025:11:36:42 -0400] "GET /floating-towns-in-the-world/5 HTTP/1.1" 301 - "https://loloops.com/floating-towns-in-the-world/4" "Mozilla/5.0 (compatible;PetalBot;+https://webmaster.petalsearch.com/site/petalbot)"
216.73.216.54 - - [20/Oct/2025:11:36:43 -0400] "GET /goods/1643691576.shtml HTTP/1.1" 404 134462 "-" "Mozilla/5.0 AppleWebKit/537.36 (KHTML, like Gecko; compatible; ClaudeBot/1.0; [email protected])"
114.119.157.46 - - [20/Oct/2025:11:36:43 -0400] "GET /floating-towns-in-the-world/5/ HTTP/1.1" 200 272127 "https://loloops.com/floating-towns-in-the-world/4" "Mozilla/5.0 (compatible;PetalBot;+https://webmaster.petalsearch.com/site/petalbot)"
216.73.216.54 - - [20/Oct/2025:11:36:46 -0400] "GET /goods/1643557236.shtml HTTP/1.1" 404 134462 "-" "Mozilla/5.0 AppleWebKit/537.36 (KHTML, like Gecko; compatible; ClaudeBot/1.0; [email protected])"
216.73.216.54 - - [20/Oct/2025:11:36:49 -0400] "GET /goods/1643689396.shtml HTTP/1.1" 404 134462 "-" "Mozilla/5.0 AppleWebKit/537.36 (KHTML, like Gecko; compatible; ClaudeBot/1.0; [email protected])"
216.73.216.54 - - [20/Oct/2025:11:36:52 -0400] "GET /goods/1643212448.shtml HTTP/1.1" 404 134462 "-" "Mozilla/5.0 AppleWebKit/537.36 (KHTML, like Gecko; compatible; ClaudeBot/1.0; [email protected])"
216.73.216.54 - - [20/Oct/2025:11:36:55 -0400] "GET /goods/1643465684.shtml HTTP/1.1" 404 134462 "-" "Mozilla/5.0 AppleWebKit/537.36 (KHTML, like Gecko; compatible; ClaudeBot/1.0; [email protected])"
66.249.64.4 - - [20/Oct/2025:11:36:56 -0400] "GET /?shop/detail/NjMwNjU2OA HTTP/1.1" 200 107628 "-" "Mozilla/5.0 (Linux; Android 6.0.1; Nexus 5X Build/MMB29P) AppleWebKit/537.36 (KHTML, like Gecko) Chrome/140.0.7339.207 Mobile Safari/537.36 (compatible; Googlebot/2.1; +http://www.google.com/bot.html)"
216.73.216.54 - - [20/Oct/2025:11:36:58 -0400] "GET /goods/1643681136.shtml HTTP/1.1" 404 134462 "-" "Mozilla/5.0 AppleWebKit/537.36 (KHTML, like Gecko; compatible; ClaudeBot/1.0; [email protected])"
216.73.216.54 - - [20/Oct/2025:11:37:01 -0400] "GET /goods/1643424238.shtml HTTP/1.1" 404 134462 "-" "Mozilla/5.0 AppleWebKit/537.36 (KHTML, like Gecko; compatible; ClaudeBot/1.0; [email protected])"
216.73.216.54 - - [20/Oct/2025:11:37:04 -0400] "GET /goods/1643422880.shtml HTTP/1.1" 404 134462 "-" "Mozilla/5.0 AppleWebKit/537.36 (KHTML, like Gecko; compatible; ClaudeBot/1.0; [email protected])"
216.73.216.54 - - [20/Oct/2025:11:37:07 -0400] "GET /goods/1643708080.shtml HTTP/1.1" 404 134462 "-" "Mozilla/5.0 AppleWebKit/537.36 (KHTML, like Gecko; compatible; ClaudeBot/1.0; [email protected])"
216.73.216.54 - - [20/Oct/2025:11:37:10 -0400] "GET /goods/1643494118.shtml HTTP/1.1" 404 134462 "-" "Mozilla/5.0 AppleWebKit/537.36 (KHTML, like Gecko; compatible; ClaudeBot/1.0; [email protected])"
216.73.216.54 - - [20/Oct/2025:11:37:13 -0400] "GET /goods/1643496958.shtml HTTP/1.1" 404 134462 "-" "Mozilla/5.0 AppleWebKit/537.36 (KHTML, like Gecko; compatible; ClaudeBot/1.0; [email protected])"
216.73.216.54 - - [20/Oct/2025:11:37:16 -0400] "GET /goods/1643796792.shtml HTTP/1.1" 404 134462 "-" "Mozilla/5.0 AppleWebKit/537.36 (KHTML, like Gecko; compatible; ClaudeBot/1.0; [email protected])"
216.73.216.54 - - [20/Oct/2025:11:37:19 -0400] "GET /goods/1643481676.shtml HTTP/1.1" 404 134462 "-" "Mozilla/5.0 AppleWebKit/537.36 (KHTML, like Gecko; compatible; ClaudeBot/1.0; [email protected])"
216.73.216.54 - - [20/Oct/2025:11:37:22 -0400] "GET /goods/1643393794.shtml HTTP/1.1" 404 134462 "-" "Mozilla/5.0 AppleWebKit/537.36 (KHTML, like Gecko; compatible; ClaudeBot/1.0; [email protected])"
2a03:2880:f800:12:: - - [20/Oct/2025:11:37:24 -0400] "GET /rare-historical-photos/8/ HTTP/1.1" 200 273915 "-" "meta-externalagent/1.1 (+https://developers.facebook.com/docs/sharing/webmasters/crawler)"
216.73.216.54 - - [20/Oct/2025:11:37:25 -0400] "GET /goods/1643782162.shtml HTTP/1.1" 404 134462 "-" "Mozilla/5.0 AppleWebKit/537.36 (KHTML, like Gecko; compatible; ClaudeBot/1.0; [email protected])"
216.73.216.54 - - [20/Oct/2025:11:37:28 -0400] "GET /goods/1643422236.shtml HTTP/1.1" 404 134462 "-" "Mozilla/5.0 AppleWebKit/537.36 (KHTML, like Gecko; compatible; ClaudeBot/1.0; [email protected])"
216.73.216.54 - - [20/Oct/2025:11:37:31 -0400] "GET /goods/1643770360.shtml HTTP/1.1" 404 134462 "-" "Mozilla/5.0 AppleWebKit/537.36 (KHTML, like Gecko; compatible; ClaudeBot/1.0; [email protected])"
51.222.95.181 - - [20/Oct/2025:11:37:33 -0400] "GET /shop/detail/NDEyMDY1Ng HTTP/1.1" 404 134462 "-" "Mozilla/5.0 (compatible; AhrefsBot/7.0; +http://ahrefs.com/robot/)"
216.73.216.54 - - [20/Oct/2025:11:37:34 -0400] "GET /goods/1643745996.shtml HTTP/1.1" 404 134462 "-" "Mozilla/5.0 AppleWebKit/537.36 (KHTML, like Gecko; compatible; ClaudeBot/1.0; [email protected])"
216.73.216.54 - - [20/Oct/2025:11:37:37 -0400] "GET /goods/1643260804.shtml HTTP/1.1" 404 134462 "-" "Mozilla/5.0 AppleWebKit/537.36 (KHTML, like Gecko; compatible; ClaudeBot/1.0; [email protected])"
216.73.216.54 - - [20/Oct/2025:11:37:40 -0400] "GET /goods/1643701178.shtml HTTP/1.1" 404 134462 "-" "Mozilla/5.0 AppleWebKit/537.36 (KHTML, like Gecko; compatible; ClaudeBot/1.0; [email protected])"
216.73.216.54 - - [20/Oct/2025:11:37:43 -0400] "GET /goods/1643215288.shtml HTTP/1.1" 404 134462 "-" "Mozilla/5.0 AppleWebKit/537.36 (KHTML, like Gecko; compatible; ClaudeBot/1.0; [email protected])"
216.73.216.54 - - [20/Oct/2025:11:37:46 -0400] "GET /goods/1643333656.shtml HTTP/1.1" 404 134462 "-" "Mozilla/5.0 AppleWebKit/537.36 (KHTML, like Gecko; compatible; ClaudeBot/1.0; [email protected])"
216.73.216.54 - - [20/Oct/2025:11:37:49 -0400] "GET /goods/1643795954.shtml HTTP/1.1" 404 134462 "-" "Mozilla/5.0 AppleWebKit/537.36 (KHTML, like Gecko; compatible; ClaudeBot/1.0; [email protected])"
216.73.216.54 - - [20/Oct/2025:11:37:52 -0400] "GET /goods/1643728142.shtml HTTP/1.1" 404 134462 "-" "Mozilla/5.0 AppleWebKit/537.36 (KHTML, like Gecko; compatible; ClaudeBot/1.0; [email protected])"
216.73.216.54 - - [20/Oct/2025:11:37:55 -0400] "GET /goods/1643332818.shtml HTTP/1.1" 404 134462 "-" "Mozilla/5.0 AppleWebKit/537.36 (KHTML, like Gecko; compatible; ClaudeBot/1.0; [email protected])"
216.73.216.54 - - [20/Oct/2025:11:37:58 -0400] "GET /goods/1643696290.shtml HTTP/1.1" 404 134462 "-" "Mozilla/5.0 AppleWebKit/537.36 (KHTML, like Gecko; compatible; ClaudeBot/1.0; [email protected])"
216.73.216.54 - - [20/Oct/2025:11:38:01 -0400] "GET /goods/1643395804.shtml HTTP/1.1" 404 134462 "-" "Mozilla/5.0 AppleWebKit/537.36 (KHTML, like Gecko; compatible; ClaudeBot/1.0; [email protected])"
216.73.216.54 - - [20/Oct/2025:11:38:04 -0400] "GET /goods/1643222888.shtml HTTP/1.1" 404 134462 "-" "Mozilla/5.0 AppleWebKit/537.36 (KHTML, like Gecko; compatible; ClaudeBot/1.0; [email protected])"
114.119.155.145 - - [20/Oct/2025:11:38:06 -0400] "GET /wp-content/uploads/2018/08/img_ztype_2018_08.jpg HTTP/1.1" 200 17754 "https://loloops.com/amazing-online-games/17/" "Mozilla/5.0 (Linux; Android 7.0;) AppleWebKit/537.36 (KHTML, like Gecko) Mobile Safari/537.36 (compatible; PetalBot;+https://webmaster.petalsearch.com/site/petalbot)"
216.73.216.54 - - [20/Oct/2025:11:38:07 -0400] "GET /goods/1643562640.shtml HTTP/1.1" 404 134462 "-" "Mozilla/5.0 AppleWebKit/537.36 (KHTML, like Gecko; compatible; ClaudeBot/1.0; [email protected])"
216.73.216.54 - - [20/Oct/2025:11:38:10 -0400] "GET /goods/1643303162.shtml HTTP/1.1" 404 134462 "-" "Mozilla/5.0 AppleWebKit/537.36 (KHTML, like Gecko; compatible; ClaudeBot/1.0; [email protected])"
216.73.216.54 - - [20/Oct/2025:11:38:13 -0400] "GET /goods/1643632668.shtml HTTP/1.1" 404 134462 "-" "Mozilla/5.0 AppleWebKit/537.36 (KHTML, like Gecko; compatible; ClaudeBot/1.0; [email protected])"
216.73.216.54 - - [20/Oct/2025:11:38:16 -0400] "GET /goods/1643485858.shtml HTTP/1.1" 404 134462 "-" "Mozilla/5.0 AppleWebKit/537.36 (KHTML, like Gecko; compatible; ClaudeBot/1.0; [email protected])"
66.249.64.5 - - [20/Oct/2025:11:38:31 -0400] "GET /goods/1858296868.shtml HTTP/1.1" 200 130163 "-" "Mozilla/5.0 (Linux; Android 6.0.1; Nexus 5X Build/MMB29P) AppleWebKit/537.36 (KHTML, like Gecko) Chrome/140.0.7339.207 Mobile Safari/537.36 (compatible; Googlebot/2.1; +http://www.google.com/bot.html)"
66.249.64.4 - - [20/Oct/2025:11:38:31 -0400] "GET /?shop/detail/NDQ5MjEwNQ HTTP/1.1" 200 156611 "-" "Mozilla/5.0 (Linux; Android 6.0.1; Nexus 5X Build/MMB29P) AppleWebKit/537.36 (KHTML, like Gecko) Chrome/140.0.7339.207 Mobile Safari/537.36 (compatible; Googlebot/2.1; +http://www.google.com/bot.html)"
66.249.70.198 - - [20/Oct/2025:11:38:46 -0400] "GET /robots.txt HTTP/1.1" 200 80 "-" "Mozilla/5.0 (compatible; Googlebot/2.1; +http://www.google.com/bot.html)"
66.249.70.197 - - [20/Oct/2025:11:38:47 -0400] "GET /ads.txt HTTP/1.1" 200 149286 "-" "Mozilla/5.0 (compatible; Googlebot/2.1; +http://www.google.com/bot.html)"
54.39.6.220 - - [20/Oct/2025:11:39:10 -0400] "GET /shop/detail/NDE5NDY2Mw HTTP/1.1" 404 134462 "-" "Mozilla/5.0 (compatible; AhrefsBot/7.0; +http://ahrefs.com/robot/)"
114.119.155.145 - - [20/Oct/2025:11:39:30 -0400] "GET /rarest-cars-in-the-world/7/ HTTP/1.1" 200 273852 "https://loloops.com/rarest-cars-in-the-world/10/" "Mozilla/5.0 (compatible;PetalBot;+https://webmaster.petalsearch.com/site/petalbot)"
66.249.64.6 - - [20/Oct/2025:11:40:18 -0400] "GET /goods/958724162.shtml HTTP/1.1" 200 133778 "-" "Mozilla/5.0 (Linux; Android 6.0.1; Nexus 5X Build/MMB29P) AppleWebKit/537.36 (KHTML, like Gecko) Chrome/140.0.7339.207 Mobile Safari/537.36 (compatible; Googlebot/2.1; +http://www.google.com/bot.html)"
66.249.64.5 - - [20/Oct/2025:11:40:18 -0400] "GET /?shop/detail/MzM4ODcyMg HTTP/1.1" 200 156632 "-" "Mozilla/5.0 (Linux; Android 6.0.1; Nexus 5X Build/MMB29P) AppleWebKit/537.36 (KHTML, like Gecko) Chrome/140.0.7339.207 Mobile Safari/537.36 (compatible; Googlebot/2.1; +http://www.google.com/bot.html)"
66.249.64.6 - - [20/Oct/2025:11:40:20 -0400] "GET /goods/86097598.shtml HTTP/1.1" 200 110904 "-" "Mozilla/5.0 (Linux; Android 6.0.1; Nexus 5X Build/MMB29P) AppleWebKit/537.36 (KHTML, like Gecko) Chrome/140.0.7339.207 Mobile Safari/537.36 (compatible; Googlebot/2.1; +http://www.google.com/bot.html)"
47.128.121.76 - - [20/Oct/2025:11:40:22 -0400] "GET /most-beautiful-fountains-in-the-world/12/ HTTP/1.1" 200 274293 "-" "Mozilla/5.0 (Linux; Android 5.0) AppleWebKit/537.36 (KHTML, like Gecko) Mobile Safari/537.36 (compatible; TikTokSpider; [email protected])"
47.128.121.76 - - [20/Oct/2025:11:40:27 -0400] "GET /wp-content/uploads/2018/08/img-nine-floating-fountains-osaka-japan-2018-08--608x408.jpg HTTP/1.1" 200 32822 "https://loloops.com/most-beautiful-fountains-in-the-world/12/" "Mozilla/5.0 (Linux; Android 5.0) AppleWebKit/537.36 (KHTML, like Gecko) Mobile Safari/537.36 (compatible; TikTokSpider; [email protected])"
47.128.121.76 - - [20/Oct/2025:11:40:29 -0400] "GET /wp-content/uploads/2018/08/img-fontana-swarovski-innsbruck-austria-2018-08-.jpg HTTP/1.1" 304 - "https://loloops.com/most-beautiful-fountains-in-the-world/12/" "Mozilla/5.0 (Linux; Android 5.0) AppleWebKit/537.36 (KHTML, like Gecko) Mobile Safari/537.36 (compatible; TikTokSpider; [email protected])"
89.248.172.183 - - [20/Oct/2025:11:40:48 -0400] "POST /wp-json/tdw/save_css HTTP/1.1" 401 98 "-" "Mozilla/5.0 (Windows NT 10.0) AppleWebKit/537.36 (KHTML, like Gecko) Chrome/104.0.0.0 Safari/537.36"
114.119.157.46 - - [20/Oct/2025:11:40:54 -0400] "GET /rarest-cars-in-the-world/14 HTTP/1.1" 301 - "-" "Mozilla/5.0 (compatible;PetalBot;+https://webmaster.petalsearch.com/site/petalbot)"
114.119.157.46 - - [20/Oct/2025:11:40:55 -0400] "GET /rarest-cars-in-the-world/14/ HTTP/1.1" 200 273898 "-" "Mozilla/5.0 (compatible;PetalBot;+https://webmaster.petalsearch.com/site/petalbot)"
15.235.98.159 - - [20/Oct/2025:11:41:00 -0400] "GET /shop/detail/NDE3MzM1OQ HTTP/1.1" 404 134462 "-" "Mozilla/5.0 (compatible; AhrefsBot/7.0; +http://ahrefs.com/robot/)"
66.249.64.4 - - [20/Oct/2025:11:41:09 -0400] "GET /?shop/detail/NDIwOTgxMA HTTP/1.1" 200 107504 "-" "Mozilla/5.0 (Linux; Android 6.0.1; Nexus 5X Build/MMB29P) AppleWebKit/537.36 (KHTML, like Gecko) Chrome/140.0.7339.207 Mobile Safari/537.36 (compatible; Googlebot/2.1; +http://www.google.com/bot.html)"
223.193.38.237 - - [20/Oct/2025:11:41:34 -0400] "GET /wp-content/uploads/2019/08/imgEvening-Herald_2019_08.jpg HTTP/1.1" 304 - "-" "Mozilla/5.0 (Windows NT 10.0; Win64; x64) AppleWebKit/537.36 (KHTML, like Gecko) Chrome/103.0.0.0 Safari/537.36"
178.157.64.219 - - [20/Oct/2025:11:42:03 -0400] "GET / HTTP/1.1" 301 - "-" "Mozilla/5.0 (Macintosh; Intel Mac OS X 10_15_7) AppleWebKit/537.36 (KHTML, like Gecko) Chrome/131.0.0.0 Safari/537.36"
178.157.64.219 - - [20/Oct/2025:11:42:05 -0400] "GET / HTTP/1.1" 200 193652 "https://www.loloops.com" "Mozilla/5.0 (Macintosh; Intel Mac OS X 10_15_7) AppleWebKit/537.36 (KHTML, like Gecko) Chrome/131.0.0.0 Safari/537.36"
54.39.0.47 - - [20/Oct/2025:11:42:17 -0400] "GET /shop/detail/NDAzNjY2Ng HTTP/1.1" 404 134462 "-" "Mozilla/5.0 (compatible; AhrefsBot/7.0; +http://ahrefs.com/robot/)"
114.119.157.46 - - [20/Oct/2025:11:42:18 -0400] "GET /popular-cryptocurrencies-of-2018/8/ HTTP/1.1" 200 271232 "https://loloops.com/popular-cryptocurrencies-of-2018/8" "Mozilla/5.0 (compatible;PetalBot;+https://webmaster.petalsearch.com/site/petalbot)"
66.249.64.5 - - [20/Oct/2025:11:42:43 -0400] "GET /?shop/detail/NDk0Mjg5Mw HTTP/1.1" 301 - "-" "Mozilla/5.0 (Linux; Android 6.0.1; Nexus 5X Build/MMB29P) AppleWebKit/537.36 (KHTML, like Gecko) Chrome/140.0.7339.207 Mobile Safari/537.36 (compatible; Googlebot/2.1; +http://www.google.com/bot.html)"
117.196.219.39 - - [20/Oct/2025:11:42:45 -0400] "POST /xmlrpc.php HTTP/1.1" 200 403 "https://loloops.com" "Mozilla/5.0 (Windows NT 10.0; Win64; x64) AppleWebKit/537.36 (KHTML, like Gecko) Chrome/115.0.5790.102 Safari/537.36"
66.249.64.6 - - [20/Oct/2025:11:42:44 -0400] "GET /?shop%2Fdetail%2FNDk0Mjg5Mw HTTP/1.1" 200 107648 "-" "Mozilla/5.0 (Linux; Android 6.0.1; Nexus 5X Build/MMB29P) AppleWebKit/537.36 (KHTML, like Gecko) Chrome/140.0.7339.207 Mobile Safari/537.36 (compatible; Googlebot/2.1; +http://www.google.com/bot.html)"
52.167.144.218 - - [20/Oct/2025:11:42:45 -0400] "GET /goods/1107462574.shtml HTTP/1.1" 200 125605 "-" "Mozilla/5.0 AppleWebKit/537.36 (KHTML, like Gecko; compatible; bingbot/2.0; +http://www.bing.com/bingbot.htm) Chrome/116.0.1938.76 Safari/537.36"
196.251.71.198 - - [20/Oct/2025:11:43:35 -0400] "POST /wp-login.php HTTP/1.1" 200 5866 "-" "Mozilla/5.0"
196.251.71.198 - - [20/Oct/2025:11:43:35 -0400] "POST /wp-login.php HTTP/1.1" 200 5872 "-" "Mozilla/5.0"
196.251.71.198 - - [20/Oct/2025:11:43:35 -0400] "POST /wp-login.php HTTP/1.1" 200 5864 "-" "Mozilla/5.0"
196.251.71.198 - - [20/Oct/2025:11:43:35 -0400] "POST /wp-login.php HTTP/1.1" 200 5870 "-" "Mozilla/5.0"
196.251.71.198 - - [20/Oct/2025:11:43:35 -0400] "POST /wp-login.php HTTP/1.1" 200 5868 "-" "Mozilla/5.0"
196.251.71.198 - - [20/Oct/2025:11:43:35 -0400] "POST /wp-login.php HTTP/1.1" 200 5866 "-" "Mozilla/5.0"
114.119.140.237 - - [20/Oct/2025:11:43:41 -0400] "GET /perfectly-timed-pictures-of-animals/10?amp HTTP/1.1" 301 - "https://loloops.com/perfectly-timed-pictures-of-animals/11?amp" "Mozilla/5.0 (compatible;PetalBot;+https://webmaster.petalsearch.com/site/petalbot)"
114.119.140.237 - - [20/Oct/2025:11:43:43 -0400] "GET /perfectly-timed-pictures-of-animals/10/?amp HTTP/1.1" 200 274512 "https://loloops.com/perfectly-timed-pictures-of-animals/11?amp" "Mozilla/5.0 (compatible;PetalBot;+https://webmaster.petalsearch.com/site/petalbot)"
15.235.27.13 - - [20/Oct/2025:11:43:46 -0400] "GET /shop/detail/NDAyMDYyMQ HTTP/1.1" 404 134462 "-" "Mozilla/5.0 (compatible; AhrefsBot/7.0; +http://ahrefs.com/robot/)"
66.249.64.6 - - [20/Oct/2025:11:44:10 -0400] "GET /?o=00796101172400&channel=dcc554&from=shared.php?goods/1850421986.shtml HTTP/1.1" 200 128060 "-" "Mozilla/5.0 (Linux; Android 6.0.1; Nexus 5X Build/MMB29P) AppleWebKit/537.36 (KHTML, like Gecko) Chrome/140.0.7339.207 Mobile Safari/537.36 (compatible; Googlebot/2.1; +http://www.google.com/bot.html)"
66.249.64.5 - - [20/Oct/2025:11:44:11 -0400] "GET /?o=00796101172400&channel=dcc554&from=shared.php?goods/1850419294.shtml HTTP/1.1" 200 142837 "-" "Mozilla/5.0 (Linux; Android 6.0.1; Nexus 5X Build/MMB29P) AppleWebKit/537.36 (KHTML, like Gecko) Chrome/140.0.7339.207 Mobile Safari/537.36 (compatible; Googlebot/2.1; +http://www.google.com/bot.html)"
66.249.64.5 - - [20/Oct/2025:11:44:19 -0400] "GET /?shop/detail/NTY5OTA3OA HTTP/1.1" 200 156611 "-" "Mozilla/5.0 (Linux; Android 6.0.1; Nexus 5X Build/MMB29P) AppleWebKit/537.36 (KHTML, like Gecko) Chrome/140.0.7339.207 Mobile Safari/537.36 (compatible; Googlebot/2.1; +http://www.google.com/bot.html)"
66.249.64.5 - - [20/Oct/2025:11:44:21 -0400] "GET /?shop/detail/MzI1NjAxNA HTTP/1.1" 200 156611 "-" "Mozilla/5.0 (Linux; Android 6.0.1; Nexus 5X Build/MMB29P) AppleWebKit/537.36 (KHTML, like Gecko) Chrome/140.0.7339.207 Mobile Safari/537.36 (compatible; Googlebot/2.1; +http://www.google.com/bot.html)"
66.249.64.4 - - [20/Oct/2025:11:44:23 -0400] "GET /goods/1377443084.shtml HTTP/1.1" 200 128488 "-" "Mozilla/5.0 (Linux; Android 6.0.1; Nexus 5X Build/MMB29P) AppleWebKit/537.36 (KHTML, like Gecko) Chrome/140.0.7339.207 Mobile Safari/537.36 (compatible; Googlebot/2.1; +http://www.google.com/bot.html)"
66.249.64.4 - - [20/Oct/2025:11:44:27 -0400] "GET /?shop/detail/MzUzMzE5Nw HTTP/1.1" 200 156611 "-" "Mozilla/5.0 (Linux; Android 6.0.1; Nexus 5X Build/MMB29P) AppleWebKit/537.36 (KHTML, like Gecko) Chrome/140.0.7339.207 Mobile Safari/537.36 (compatible; Googlebot/2.1; +http://www.google.com/bot.html)"
114.119.147.116 - - [20/Oct/2025:11:45:04 -0400] "GET /peaceful-countries-to-live/14/?noamp=mobile&amp HTTP/1.1" 200 274620 "https://loloops.com/peaceful-countries-to-live/14/?noamp=mobile&amp" "Mozilla/5.0 (compatible;PetalBot;+https://webmaster.petalsearch.com/site/petalbot)"
66.249.64.5 - - [20/Oct/2025:11:45:16 -0400] "GET /?shop/detail/Mzg4NzUxMw HTTP/1.1" 200 156632 "-" "Mozilla/5.0 (Linux; Android 6.0.1; Nexus 5X Build/MMB29P) AppleWebKit/537.36 (KHTML, like Gecko) Chrome/140.0.7339.207 Mobile Safari/537.36 (compatible; Googlebot/2.1; +http://www.google.com/bot.html)"
54.39.89.43 - - [20/Oct/2025:11:45:28 -0400] "GET /shop/detail/NDA4MDM5OA HTTP/1.1" 404 134462 "-" "Mozilla/5.0 (compatible; AhrefsBot/7.0; +http://ahrefs.com/robot/)"
104.244.73.83 - - [20/Oct/2025:11:45:46 -0400] "GET /wp-login.php HTTP/1.1" 200 5411 "-" "Mozilla/5.0 (X11; Linux i686) AppleWebKit/537.36 (KHTML, like Gecko) Chrome/36.0.1985.125 Safari/537.36"
66.249.64.5 - - [20/Oct/2025:11:46:18 -0400] "GET /?o=00796101172400&channel=dcc554&from=shared.php?goods/1850401944.shtml HTTP/1.1" 200 158541 "-" "Mozilla/5.0 (Linux; Android 6.0.1; Nexus 5X Build/MMB29P) AppleWebKit/537.36 (KHTML, like Gecko) Chrome/140.0.7339.207 Mobile Safari/537.36 (compatible; Googlebot/2.1; +http://www.google.com/bot.html)"
114.119.147.116 - - [20/Oct/2025:11:46:28 -0400] "GET /most-beautiful-fountains-in-the-world/19/ HTTP/1.1" 200 274786 "https://loloops.com/most-beautiful-fountains-in-the-world/21/?noamp=mobile&amp" "Mozilla/5.0 (compatible;PetalBot;+https://webmaster.petalsearch.com/site/petalbot)"
66.249.64.5 - - [20/Oct/2025:11:46:50 -0400] "GET /?shop/detail/NTczMDQwNg HTTP/1.1" 200 115144 "-" "Mozilla/5.0 (Linux; Android 6.0.1; Nexus 5X Build/MMB29P) AppleWebKit/537.36 (KHTML, like Gecko) Chrome/140.0.7339.207 Mobile Safari/537.36 (compatible; Googlebot/2.1; +http://www.google.com/bot.html)"
66.249.64.4 - - [20/Oct/2025:11:46:50 -0400] "GET /?shop/detail/MjQyNzU3NQ HTTP/1.1" 200 107628 "-" "Mozilla/5.0 (Linux; Android 6.0.1; Nexus 5X Build/MMB29P) AppleWebKit/537.36 (KHTML, like Gecko) Chrome/140.0.7339.207 Mobile Safari/537.36 (compatible; Googlebot/2.1; +http://www.google.com/bot.html)"
66.249.64.5 - - [20/Oct/2025:11:46:53 -0400] "GET /?shop/detail/MzIzNjEzNg HTTP/1.1" 200 152435 "-" "Mozilla/5.0 (Linux; Android 6.0.1; Nexus 5X Build/MMB29P) AppleWebKit/537.36 (KHTML, like Gecko) Chrome/140.0.7339.207 Mobile Safari/537.36 (compatible; Googlebot/2.1; +http://www.google.com/bot.html)"
15.235.96.49 - - [20/Oct/2025:11:47:05 -0400] "GET /shop/detail/NDA1MzczOQ HTTP/1.1" 404 134462 "-" "Mozilla/5.0 (compatible; AhrefsBot/7.0; +http://ahrefs.com/robot/)"
198.98.60.134 - - [20/Oct/2025:11:47:50 -0400] "GET /wp-login.php HTTP/1.1" 200 5411 "-" "Mozilla/5.0 (Macintosh; Intel Mac OS X 10.8; rv:30.0) Gecko/20100101 Firefox/30.0"
114.119.139.88 - - [20/Oct/2025:11:47:52 -0400] "GET /how-to-impress-a-girl-7-weird-tutorials-have-a-peep/4/?noamp=mobile&amp HTTP/1.1" 200 273090 "https://loloops.com/how-to-impress-a-girl-7-weird-tutorials-have-a-peep/4/?noamp=mobile&amp" "Mozilla/5.0 (compatible;PetalBot;+https://webmaster.petalsearch.com/site/petalbot)"
107.189.28.233 - - [20/Oct/2025:11:47:54 -0400] "GET /wp-login.php HTTP/1.1" 200 5411 "-" "Mozilla/5.0 (Windows NT 6.1; WOW64) AppleWebKit/537.36 (KHTML, like Gecko) Chrome/36.0.1985.143 Safari/537.36"
216.244.66.201 - - [20/Oct/2025:11:47:57 -0400] "GET /robots.txt HTTP/1.1" 200 75 "-" "Mozilla/5.0 (compatible; DotBot/1.2; +https://opensiteexplorer.org/dotbot; [email protected])"
2800:98:1902:b79:2521:db56:ea03:3815 - - [20/Oct/2025:11:48:07 -0400] "GET /wp-content/uploads/2018/08/img-flores-guatemala-2018-08.jpg HTTP/1.1" 200 82525 "https://www.bing.com/" "Mozilla/5.0 (Windows NT 10.0; Win64; x64) AppleWebKit/537.36 (KHTML, like Gecko) Chrome/141.0.0.0 Safari/537.36 Edg/141.0.0.0"
66.249.64.5 - - [20/Oct/2025:11:48:27 -0400] "GET /?shop/detail/NjE4NzA1NQ HTTP/1.1" 200 156632 "-" "Mozilla/5.0 (Linux; Android 6.0.1; Nexus 5X Build/MMB29P) AppleWebKit/537.36 (KHTML, like Gecko) Chrome/140.0.7339.207 Mobile Safari/537.36 (compatible; Googlebot/2.1; +http://www.google.com/bot.html)"
54.39.6.139 - - [20/Oct/2025:11:48:50 -0400] "GET /shop/detail/Mzk4MDY1MA HTTP/1.1" 404 134462 "-" "Mozilla/5.0 (compatible; AhrefsBot/7.0; +http://ahrefs.com/robot/)"
66.249.64.6 - - [20/Oct/2025:11:49:10 -0400] "GET /?o=00796101172400&channel=dcc554&from=shared.php?goods/1850408194.shtml HTTP/1.1" 200 119619 "-" "Mozilla/5.0 (Linux; Android 6.0.1; Nexus 5X Build/MMB29P) AppleWebKit/537.36 (KHTML, like Gecko) Chrome/140.0.7339.207 Mobile Safari/537.36 (compatible; Googlebot/2.1; +http://www.google.com/bot.html)"
114.119.139.88 - - [20/Oct/2025:11:49:15 -0400] "GET /gorgeous-beaches-in-the-world/4 HTTP/1.1" 301 - "https://loloops.com/gorgeous-beaches-in-the-world" "Mozilla/5.0 (compatible;PetalBot;+https://webmaster.petalsearch.com/site/petalbot)"
114.119.139.88 - - [20/Oct/2025:11:49:16 -0400] "GET /gorgeous-beaches-in-the-world/4/ HTTP/1.1" 200 273283 "https://loloops.com/gorgeous-beaches-in-the-world" "Mozilla/5.0 (compatible;PetalBot;+https://webmaster.petalsearch.com/site/petalbot)"
66.249.64.6 - - [20/Oct/2025:11:50:02 -0400] "GET /goods/268115252.shtml HTTP/1.1" 200 126928 "-" "Mozilla/5.0 (Linux; Android 6.0.1; Nexus 5X Build/MMB29P) AppleWebKit/537.36 (KHTML, like Gecko) Chrome/140.0.7339.207 Mobile Safari/537.36 (compatible; Googlebot/2.1; +http://www.google.com/bot.html)"
66.249.64.7 - - [20/Oct/2025:11:50:02 -0400] "GET /?shop/detail/NDk4MzQ5MQ HTTP/1.1" 200 156632 "-" "Mozilla/5.0 (Linux; Android 6.0.1; Nexus 5X Build/MMB29P) AppleWebKit/537.36 (KHTML, like Gecko) Chrome/140.0.7339.207 Mobile Safari/537.36 (compatible; Googlebot/2.1; +http://www.google.com/bot.html)"
45.61.184.47 - - [20/Oct/2025:11:50:19 -0400] "GET /wp-login.php HTTP/1.1" 200 5411 "-" "Mozilla/5.0 (Windows NT 6.1; rv:30.0) Gecko/20100101 Firefox/30.0"
54.39.6.221 - - [20/Oct/2025:11:50:37 -0400] "GET /shop/detail/Mzk0NzQxMQ HTTP/1.1" 404 134462 "-" "Mozilla/5.0 (compatible; AhrefsBot/7.0; +http://ahrefs.com/robot/)"
114.119.147.116 - - [20/Oct/2025:11:50:39 -0400] "GET /gorgeous-beaches-in-the-world/14?amp HTTP/1.1" 301 - "https://loloops.com/gorgeous-beaches-in-the-world/2?amp" "Mozilla/5.0 (compatible;PetalBot;+https://webmaster.petalsearch.com/site/petalbot)"
114.119.147.116 - - [20/Oct/2025:11:50:40 -0400] "GET /gorgeous-beaches-in-the-world/14/?amp HTTP/1.1" 200 273130 "https://loloops.com/gorgeous-beaches-in-the-world/2?amp" "Mozilla/5.0 (compatible;PetalBot;+https://webmaster.petalsearch.com/site/petalbot)"
66.249.64.5 - - [20/Oct/2025:11:50:51 -0400] "GET /goods/196768898.shtml HTTP/1.1" 200 126868 "-" "Mozilla/5.0 (Linux; Android 6.0.1; Nexus 5X Build/MMB29P) AppleWebKit/537.36 (KHTML, like Gecko) Chrome/140.0.7339.207 Mobile Safari/537.36 (compatible; Googlebot/2.1; +http://www.google.com/bot.html)"
66.249.64.5 - - [20/Oct/2025:11:50:51 -0400] "GET /?shop/detail/NTkxODY3Mw HTTP/1.1" 200 107628 "-" "Mozilla/5.0 (Linux; Android 6.0.1; Nexus 5X Build/MMB29P) AppleWebKit/537.36 (KHTML, like Gecko) Chrome/140.0.7339.207 Mobile Safari/537.36 (compatible; Googlebot/2.1; +http://www.google.com/bot.html)"
157.245.109.248 - - [20/Oct/2025:11:50:52 -0400] "POST /xmlrpc.php HTTP/1.1" 200 403 "https://loloops.com" "Mozilla/5.0 (Macintosh; Intel Mac OS X 10_15_7) AppleWebKit/537.36 (KHTML, like Gecko) Chrome/113.0.5672.93 Safari/537.36"
66.249.64.5 - - [20/Oct/2025:11:50:53 -0400] "GET /goods/1558650238.shtml HTTP/1.1" 200 149473 "-" "Mozilla/5.0 (Linux; Android 6.0.1; Nexus 5X Build/MMB29P) AppleWebKit/537.36 (KHTML, like Gecko) Chrome/140.0.7339.207 Mobile Safari/537.36 (compatible; Googlebot/2.1; +http://www.google.com/bot.html)"
66.249.64.5 - - [20/Oct/2025:11:50:53 -0400] "GET /goods/2433889042.shtml HTTP/1.1" 200 118776 "-" "Mozilla/5.0 (Linux; Android 6.0.1; Nexus 5X Build/MMB29P) AppleWebKit/537.36 (KHTML, like Gecko) Chrome/140.0.7339.207 Mobile Safari/537.36 (compatible; Googlebot/2.1; +http://www.google.com/bot.html)"
66.249.64.5 - - [20/Oct/2025:11:50:56 -0400] "GET /?shop/detail/MjY4MDk4MA HTTP/1.1" 200 156632 "-" "Mozilla/5.0 (Linux; Android 6.0.1; Nexus 5X Build/MMB29P) AppleWebKit/537.36 (KHTML, like Gecko) Chrome/140.0.7339.207 Mobile Safari/537.36 (compatible; Googlebot/2.1; +http://www.google.com/bot.html)"
107.189.14.177 - - [20/Oct/2025:11:51:13 -0400] "GET /wp-login.php HTTP/1.1" 200 5411 "-" "Mozilla/5.0 (Windows NT 6.0) AppleWebKit/537.36 (KHTML, like Gecko) Chrome/36.0.1985.125 Safari/537.36"
66.249.64.5 - - [20/Oct/2025:11:51:20 -0400] "GET /?o=00796101172400&channel=dcc554&from=shared.php?goods/1850407364.shtml HTTP/1.1" 200 134003 "-" "Mozilla/5.0 (Linux; Android 6.0.1; Nexus 5X Build/MMB29P) AppleWebKit/537.36 (KHTML, like Gecko) Chrome/140.0.7339.207 Mobile Safari/537.36 (compatible; Googlebot/2.1; +http://www.google.com/bot.html)"
66.249.64.6 - - [20/Oct/2025:11:51:23 -0400] "GET /sitemap-item-1275.xml HTTP/1.1" 200 160706 "-" "Mozilla/5.0 (compatible; Googlebot/2.1; +http://www.google.com/bot.html)"
66.249.64.6 - - [20/Oct/2025:11:51:26 -0400] "GET /?o=00796101172400&channel=dcc554&from=shared.php?goods/1850389490.shtml HTTP/1.1" 200 125801 "-" "Mozilla/5.0 (Linux; Android 6.0.1; Nexus 5X Build/MMB29P) AppleWebKit/537.36 (KHTML, like Gecko) Chrome/140.0.7339.207 Mobile Safari/537.36 (compatible; Googlebot/2.1; +http://www.google.com/bot.html)"
45.61.188.132 - - [20/Oct/2025:11:51:27 -0400] "GET /wp-login.php HTTP/1.1" 200 5411 "-" "Mozilla/5.0 (Macintosh; Intel Mac OS X 10_9_3) AppleWebKit/537.36 (KHTML, like Gecko) Chrome/35.0.1916.153 Safari/537.36"
114.119.139.88 - - [20/Oct/2025:11:52:03 -0400] "GET /funny-travel-memes/14?amp HTTP/1.1" 301 - "https://loloops.com/funny-travel-memes/3?amp" "Mozilla/5.0 (compatible;PetalBot;+https://webmaster.petalsearch.com/site/petalbot)"
114.119.139.88 - - [20/Oct/2025:11:52:04 -0400] "GET /funny-travel-memes/14/?amp HTTP/1.1" 200 273454 "https://loloops.com/funny-travel-memes/3?amp" "Mozilla/5.0 (compatible;PetalBot;+https://webmaster.petalsearch.com/site/petalbot)"
54.39.203.216 - - [20/Oct/2025:11:52:06 -0400] "GET /shop/detail/Mzc4OTIxOA HTTP/1.1" 404 134462 "-" "Mozilla/5.0 (compatible; AhrefsBot/7.0; +http://ahrefs.com/robot/)"
66.249.64.7 - - [20/Oct/2025:11:52:20 -0400] "GET /?o=00796101172400&channel=dcc554&from=shared.php?goods/1850415224.shtml HTTP/1.1" 200 128796 "-" "Mozilla/5.0 (Linux; Android 6.0.1; Nexus 5X Build/MMB29P) AppleWebKit/537.36 (KHTML, like Gecko) Chrome/140.0.7339.207 Mobile Safari/537.36 (compatible; Googlebot/2.1; +http://www.google.com/bot.html)"
66.249.64.5 - - [20/Oct/2025:11:52:30 -0400] "GET /goods/1088591476.shtml HTTP/1.1" 200 135177 "-" "Mozilla/5.0 (Linux; Android 6.0.1; Nexus 5X Build/MMB29P) AppleWebKit/537.36 (KHTML, like Gecko) Chrome/140.0.7339.207 Mobile Safari/537.36 (compatible; Googlebot/2.1; +http://www.google.com/bot.html)"
66.249.64.5 - - [20/Oct/2025:11:52:30 -0400] "GET /?shop/detail/NDExMjgyOQ HTTP/1.1" 200 181379 "-" "Mozilla/5.0 (Linux; Android 6.0.1; Nexus 5X Build/MMB29P) AppleWebKit/537.36 (KHTML, like Gecko) Chrome/140.0.7339.207 Mobile Safari/537.36 (compatible; Googlebot/2.1; +http://www.google.com/bot.html)"
114.119.143.114 - - [20/Oct/2025:11:53:26 -0400] "GET /funniest-movies-of-all-time/26?amp HTTP/1.1" 301 - "https://loloops.com/funniest-movies-of-all-time/4?amp" "Mozilla/5.0 (compatible;PetalBot;+https://webmaster.petalsearch.com/site/petalbot)"
114.119.143.114 - - [20/Oct/2025:11:53:27 -0400] "GET /funniest-movies-of-all-time/26/?amp HTTP/1.1" 200 274982 "https://loloops.com/funniest-movies-of-all-time/4?amp" "Mozilla/5.0 (compatible;PetalBot;+https://webmaster.petalsearch.com/site/petalbot)"
15.235.96.170 - - [20/Oct/2025:11:53:31 -0400] "GET /shop/detail/MzYzMjk4Nw HTTP/1.1" 404 134462 "-" "Mozilla/5.0 (compatible; AhrefsBot/7.0; +http://ahrefs.com/robot/)"
45.61.184.47 - - [20/Oct/2025:11:54:03 -0400] "GET /wp-login.php HTTP/1.1" 200 5411 "-" "Mozilla/5.0 (Windows NT 6.1; WOW64) AppleWebKit/537.36 (KHTML, like Gecko) Chrome/36.0.1985.125 Safari/537.36"
66.249.64.5 - - [20/Oct/2025:11:54:05 -0400] "GET /?shop/detail/NTEyNzg0MA HTTP/1.1" 301 - "-" "Mozilla/5.0 (Linux; Android 6.0.1; Nexus 5X Build/MMB29P) AppleWebKit/537.36 (KHTML, like Gecko) Chrome/140.0.7339.207 Mobile Safari/537.36 (compatible; Googlebot/2.1; +http://www.google.com/bot.html)"
