114.119.155.145 - - [20/Oct/2025:10:00:33 -0400] "GET /9-celebs-interviews-that-ruined-their-life/?amp HTTP/1.1" 200 270882 "https://loloops.com/9-celebs-interviews-that-ruined-their-life?amp" "Mozilla/5.0 (compatible;PetalBot;+https://webmaster.petalsearch.com/site/petalbot)"
15.235.27.118 - - [20/Oct/2025:10:00:37 -0400] "GET /shop/detail/MjcxODAzMg HTTP/1.1" 404 134462 "-" "Mozilla/5.0 (compatible; AhrefsBot/7.0; +http://ahrefs.com/robot/)"
198.98.53.242 - - [20/Oct/2025:10:00:52 -0400] "GET /wp-login.php HTTP/1.1" 200 5411 "-" "Mozilla/5.0 (Macintosh; Intel Mac OS X 10_10) AppleWebKit/600.1.3 (KHTML, like Gecko) Version/8.0 Safari/600.1.3"
66.249.64.7 - - [20/Oct/2025:10:01:13 -0400] "GET /goods/469958434.shtml HTTP/1.1" 200 113698 "-" "Mozilla/5.0 (Linux; Android 6.0.1; Nexus 5X Build/MMB29P) AppleWebKit/537.36 (KHTML, like Gecko) Chrome/140.0.7339.207 Mobile Safari/537.36 (compatible; Googlebot/2.1; +http://www.google.com/bot.html)"
205.185.120.218 - - [20/Oct/2025:10:01:33 -0400] "GET /wp-login.php HTTP/1.1" 200 5411 "-" "Mozilla/5.0 (X11; Linux x86_64) AppleWebKit/537.36 (KHTML, like Gecko) Ubuntu Chromium/36.0.1985.125 Chrome/36.0.1985.125 Safari/537.36"
148.113.128.52 - - [20/Oct/2025:10:01:54 -0400] "GET /shop/detail/MjcxNDE4MA HTTP/1.1" 404 134462 "-" "Mozilla/5.0 (compatible; AhrefsBot/7.0; +http://ahrefs.com/robot/)"
114.119.147.116 - - [20/Oct/2025:10:01:57 -0400] "GET /vehicles-to-arrive-in-2019/23 HTTP/1.1" 301 - "https://loloops.com/vehicles-to-arrive-in-2019/2" "Mozilla/5.0 (compatible;PetalBot;+https://webmaster.petalsearch.com/site/petalbot)"
114.119.147.116 - - [20/Oct/2025:10:01:57 -0400] "GET /vehicles-to-arrive-in-2019/23/ HTTP/1.1" 200 275827 "https://loloops.com/vehicles-to-arrive-in-2019/2" "Mozilla/5.0 (compatible;PetalBot;+https://webmaster.petalsearch.com/site/petalbot)"
66.249.64.7 - - [20/Oct/2025:10:02:02 -0400] "GET /?shop/detail/NjE0NjIyNw HTTP/1.1" 301 - "-" "Mozilla/5.0 (Linux; Android 6.0.1; Nexus 5X Build/MMB29P) AppleWebKit/537.36 (KHTML, like Gecko) Chrome/140.0.7339.207 Mobile Safari/537.36 (compatible; Googlebot/2.1; +http://www.google.com/bot.html)"
104.244.76.157 - - [20/Oct/2025:10:02:03 -0400] "GET /wp-login.php HTTP/1.1" 200 5411 "-" "Mozilla/5.0 (Windows NT 6.1) AppleWebKit/537.36 (KHTML, like Gecko) Chrome/36.0.1985.143 Safari/537.36"
66.249.64.5 - - [20/Oct/2025:10:02:03 -0400] "GET /?shop%2Fdetail%2FNjE0NjIyNw HTTP/1.1" 200 107648 "-" "Mozilla/5.0 (Linux; Android 6.0.1; Nexus 5X Build/MMB29P) AppleWebKit/537.36 (KHTML, like Gecko) Chrome/140.0.7339.207 Mobile Safari/537.36 (compatible; Googlebot/2.1; +http://www.google.com/bot.html)"
178.62.201.7 - - [20/Oct/2025:10:02:28 -0400] "POST /wp-login.php HTTP/1.1" 200 5836 "https://loloops.com" "Mozilla/5.0 (Windows NT 10.0; Win64; x64) AppleWebKit/537.36 (KHTML, like Gecko) Chrome/126.0.0.0 Safari/537.36 Edg/126.0.0.0"
66.249.64.5 - - [20/Oct/2025:10:02:51 -0400] "GET /?shop/detail/NTkzMjgxNA HTTP/1.1" 200 153681 "-" "Mozilla/5.0 (Linux; Android 6.0.1; Nexus 5X Build/MMB29P) AppleWebKit/537.36 (KHTML, like Gecko) Chrome/140.0.7339.207 Mobile Safari/537.36 (compatible; Googlebot/2.1; +http://www.google.com/bot.html)"
45.61.185.156 - - [20/Oct/2025:10:03:16 -0400] "GET /wp-login.php HTTP/1.1" 200 5411 "-" "Mozilla/5.0 (Windows NT 6.1; WOW64) AppleWebKit/537.36 (KHTML, like Gecko) Chrome/35.0.1916.114 Safari/537.36"
114.119.155.145 - - [20/Oct/2025:10:03:20 -0400] "GET /most-luxurious-cars-in-the-world/9/ HTTP/1.1" 200 272147 "https://loloops.com/most-luxurious-cars-in-the-world/11?amp" "Mozilla/5.0 (compatible;PetalBot;+https://webmaster.petalsearch.com/site/petalbot)"
54.39.6.150 - - [20/Oct/2025:10:03:31 -0400] "GET /shop/detail/MjYzNDc2MQ HTTP/1.1" 404 134462 "-" "Mozilla/5.0 (compatible; AhrefsBot/7.0; +http://ahrefs.com/robot/)"
66.249.64.6 - - [20/Oct/2025:10:04:24 -0400] "GET /?shop/detail/NDkwMDIxOA HTTP/1.1" 200 123767 "-" "Mozilla/5.0 (Linux; Android 6.0.1; Nexus 5X Build/MMB29P) AppleWebKit/537.36 (KHTML, like Gecko) Chrome/140.0.7339.207 Mobile Safari/537.36 (compatible; Googlebot/2.1; +http://www.google.com/bot.html)"
51.222.168.228 - - [20/Oct/2025:10:04:59 -0400] "GET /shop/detail/MjYwMDgyMQ HTTP/1.1" 404 134462 "-" "Mozilla/5.0 (compatible; AhrefsBot/7.0; +http://ahrefs.com/robot/)"
107.189.7.63 - - [20/Oct/2025:10:05:07 -0400] "GET /wp-login.php HTTP/1.1" 200 5411 "-" "Mozilla/5.0 (compatible; MSIE 9.0; Windows NT 6.1; WOW64; Trident/5.0)"
66.249.64.5 - - [20/Oct/2025:10:05:14 -0400] "GET /?shop/detail/MjY2NTg2OQ HTTP/1.1" 200 107628 "-" "Mozilla/5.0 (Linux; Android 6.0.1; Nexus 5X Build/MMB29P) AppleWebKit/537.36 (KHTML, like Gecko) Chrome/140.0.7339.207 Mobile Safari/537.36 (compatible; Googlebot/2.1; +http://www.google.com/bot.html)"
66.249.64.7 - - [20/Oct/2025:10:05:15 -0400] "GET /?shop/detail/NDY5MDI4MA HTTP/1.1" 200 156611 "-" "Mozilla/5.0 (Linux; Android 6.0.1; Nexus 5X Build/MMB29P) AppleWebKit/537.36 (KHTML, like Gecko) Chrome/140.0.7339.207 Mobile Safari/537.36 (compatible; Googlebot/2.1; +http://www.google.com/bot.html)"
114.119.135.253 - - [20/Oct/2025:10:05:19 -0400] "GET /funniest-movies-of-all-time/3/?noamp=mobile&amp HTTP/1.1" 200 274963 "https://loloops.com/funniest-movies-of-all-time/3/?noamp=mobile&amp" "Mozilla/5.0 (compatible;PetalBot;+https://webmaster.petalsearch.com/site/petalbot)"
207.46.13.151 - - [20/Oct/2025:10:05:21 -0400] "GET /goods/552152864.shtml HTTP/1.1" 200 117323 "-" "Mozilla/5.0 AppleWebKit/537.36 (KHTML, like Gecko; compatible; bingbot/2.0; +http://www.bing.com/bingbot.htm) Chrome/116.0.1938.76 Safari/537.36"
198.98.48.136 - - [20/Oct/2025:10:05:24 -0400] "GET /wp-login.php HTTP/1.1" 200 5411 "-" "Mozilla/5.0 (Macintosh; Intel Mac OS X 10_9_4) AppleWebKit/537.77.4 (KHTML, like Gecko) Version/7.0.5 Safari/537.77.4"
198.98.48.136 - - [20/Oct/2025:10:05:25 -0400] "POST /wp-login.php HTTP/1.1" 200 5888 "-" "Mozilla/5.0 (Macintosh; Intel Mac OS X 10_9_4) AppleWebKit/537.77.4 (KHTML, like Gecko) Version/7.0.5 Safari/537.77.4"
205.185.120.218 - - [20/Oct/2025:10:05:28 -0400] "GET /wp-login.php HTTP/1.1" 200 5411 "-" "Mozilla/5.0 (Windows NT 5.1; rv:31.0) Gecko/20100101 Firefox/31.0"
52.167.144.185 - - [20/Oct/2025:10:05:32 -0400] "GET /shop/detail/NDM0NTM1OQ HTTP/1.1" 404 134462 "-" "Mozilla/5.0 AppleWebKit/537.36 (KHTML, like Gecko; compatible; bingbot/2.0; +http://www.bing.com/bingbot.htm) Chrome/116.0.1938.76 Safari/537.36"
195.214.235.163 - - [20/Oct/2025:10:05:57 -0400] "POST /wp-login.php HTTP/1.1" 200 5836 "https://loloops.com" "Mozilla/5.0 (Macintosh; Intel Mac OS X 10_15_7; rv:129.0) Gecko/20100101 Firefox/129.0"
66.249.64.5 - - [20/Oct/2025:10:06:03 -0400] "GET /?shop/detail/NjE0MTg1MA HTTP/1.1" 301 - "-" "Mozilla/5.0 (Linux; Android 6.0.1; Nexus 5X Build/MMB29P) AppleWebKit/537.36 (KHTML, like Gecko) Chrome/140.0.7339.207 Mobile Safari/537.36 (compatible; Googlebot/2.1; +http://www.google.com/bot.html)"
66.249.64.5 - - [20/Oct/2025:10:06:04 -0400] "GET /?shop%2Fdetail%2FNjE0MTg1MA HTTP/1.1" 200 107648 "-" "Mozilla/5.0 (Linux; Android 6.0.1; Nexus 5X Build/MMB29P) AppleWebKit/537.36 (KHTML, like Gecko) Chrome/140.0.7339.207 Mobile Safari/537.36 (compatible; Googlebot/2.1; +http://www.google.com/bot.html)"
114.119.143.114 - - [20/Oct/2025:10:06:09 -0400] "GET /9-celebs-interviews-that-ruined-their-life/4/ HTTP/1.1" 200 270908 "https://loloops.com/9-celebs-interviews-that-ruined-their-life/7/?amp" "Mozilla/5.0 (compatible;PetalBot;+https://webmaster.petalsearch.com/site/petalbot)"
107.189.28.233 - - [20/Oct/2025:10:06:17 -0400] "GET /wp-login.php HTTP/1.1" 200 5411 "-" "Mozilla/5.0 (Windows NT 5.1; rv:31.0) Gecko/20100101 Firefox/31.0"
15.235.27.63 - - [20/Oct/2025:10:06:35 -0400] "GET /shop/detail/MjYwMDM4OA HTTP/1.1" 404 134462 "-" "Mozilla/5.0 (compatible; AhrefsBot/7.0; +http://ahrefs.com/robot/)"
107.189.5.8 - - [20/Oct/2025:10:06:46 -0400] "GET /wp-login.php HTTP/1.1" 200 5411 "-" "Mozilla/5.0 (X11; Ubuntu; Linux x86_64; rv:31.0) Gecko/20100101 Firefox/31.0"
45.61.184.87 - - [20/Oct/2025:10:07:02 -0400] "GET /wp-login.php HTTP/1.1" 200 5411 "-" "Mozilla/5.0 (Windows NT 6.3; WOW64) AppleWebKit/537.36 (KHTML, like Gecko) Chrome/36.0.1985.143 Safari/537.36"
104.244.73.83 - - [20/Oct/2025:10:07:18 -0400] "GET /wp-login.php HTTP/1.1" 200 5411 "-" "Mozilla/5.0 (X11; Linux i686) AppleWebKit/537.36 (KHTML, like Gecko) Chrome/36.0.1985.125 Safari/537.36"
45.61.184.87 - - [20/Oct/2025:10:07:31 -0400] "GET /wp-login.php HTTP/1.1" 200 5411 "-" "Mozilla/5.0 (Macintosh; Intel Mac OS X 10_9_4) AppleWebKit/537.78.2 (KHTML, like Gecko) Version/7.0.6 Safari/537.78.2"
107.189.7.63 - - [20/Oct/2025:10:07:34 -0400] "GET /wp-login.php HTTP/1.1" 200 5411 "-" "Mozilla/5.0 (Macintosh; Intel Mac OS X 10_6_8) AppleWebKit/534.59.10 (KHTML, like Gecko) Version/5.1.9 Safari/534.59.10"
114.119.140.237 - - [20/Oct/2025:10:07:34 -0400] "GET /9-celebs-interviews-that-ruined-their-life/10/?noamp=mobile&amp HTTP/1.1" 200 264028 "https://loloops.com/9-celebs-interviews-that-ruined-their-life/10/?noamp=mobile&amp" "Mozilla/5.0 (compatible;PetalBot;+https://webmaster.petalsearch.com/site/petalbot)"
66.249.64.7 - - [20/Oct/2025:10:07:37 -0400] "GET /goods/600642964.shtml HTTP/1.1" 200 138343 "-" "Mozilla/5.0 (Linux; Android 6.0.1; Nexus 5X Build/MMB29P) AppleWebKit/537.36 (KHTML, like Gecko) Chrome/140.0.7339.207 Mobile Safari/537.36 (compatible; Googlebot/2.1; +http://www.google.com/bot.html)"
66.249.64.5 - - [20/Oct/2025:10:07:38 -0400] "GET /?shop/detail/NDM4MjMyOA HTTP/1.1" 200 156632 "-" "Mozilla/5.0 (Linux; Android 6.0.1; Nexus 5X Build/MMB29P) AppleWebKit/537.36 (KHTML, like Gecko) Chrome/140.0.7339.207 Mobile Safari/537.36 (compatible; Googlebot/2.1; +http://www.google.com/bot.html)"
51.222.168.16 - - [20/Oct/2025:10:07:59 -0400] "GET /shop/detail/MjY0MDU2Ng HTTP/1.1" 404 134462 "-" "Mozilla/5.0 (compatible; AhrefsBot/7.0; +http://ahrefs.com/robot/)"
107.189.5.8 - - [20/Oct/2025:10:08:07 -0400] "GET /wp-login.php HTTP/1.1" 200 5411 "-" "Mozilla/5.0 (Macintosh; Intel Mac OS X 10_10) AppleWebKit/600.1.3 (KHTML, like Gecko) Version/8.0 Safari/600.1.3"
66.249.64.7 - - [20/Oct/2025:10:08:26 -0400] "GET /?shop/detail/MjUzNDY2MQ HTTP/1.1" 200 107628 "-" "Mozilla/5.0 (Linux; Android 6.0.1; Nexus 5X Build/MMB29P) AppleWebKit/537.36 (KHTML, like Gecko) Chrome/140.0.7339.207 Mobile Safari/537.36 (compatible; Googlebot/2.1; +http://www.google.com/bot.html)"
114.119.147.116 - - [20/Oct/2025:10:08:55 -0400] "GET /7-less-popular-royals-with-creepy-secrets/8/?noamp=mobile&amp HTTP/1.1" 200 264093 "https://loloops.com/7-less-popular-royals-with-creepy-secrets/8/?amp" "Mozilla/5.0 (compatible;PetalBot;+https://webmaster.petalsearch.com/site/petalbot)"
113.44.10.197 - - [20/Oct/2025:10:09:28 -0400] "POST /wp-login.php HTTP/1.1" 200 5830 "https://loloops.com" "Mozilla/5.0 (Windows NT 11.0; Win64; x64) AppleWebKit/537.36 (KHTML, like Gecko) Chrome/126.0.0.0 Safari/537.36 Edg/126.0.0.0"
167.114.139.194 - - [20/Oct/2025:10:09:34 -0400] "GET /shop/detail/MjU5NDQyMw HTTP/1.1" 404 134462 "-" "Mozilla/5.0 (compatible; AhrefsBot/7.0; +http://ahrefs.com/robot/)"
66.249.64.7 - - [20/Oct/2025:10:10:15 -0400] "GET /?o=0292317970&channel=ba685f&from=form.php?goods/2405308.shtml HTTP/1.1" 200 154726 "-" "Mozilla/5.0 (Linux; Android 6.0.1; Nexus 5X Build/MMB29P) AppleWebKit/537.36 (KHTML, like Gecko) Chrome/140.0.7339.207 Mobile Safari/537.36 (compatible; Googlebot/2.1; +http://www.google.com/bot.html)"
66.249.64.7 - - [20/Oct/2025:10:10:18 -0400] "GET /?shop/detail/NDU4NzI4Nw HTTP/1.1" 200 156632 "-" "Mozilla/5.0 (Linux; Android 6.0.1; Nexus 5X Build/MMB29P) AppleWebKit/537.36 (KHTML, like Gecko) Chrome/140.0.7339.207 Mobile Safari/537.36 (compatible; Googlebot/2.1; +http://www.google.com/bot.html)"
66.249.64.5 - - [20/Oct/2025:10:10:18 -0400] "GET /goods/1325035318.shtml HTTP/1.1" 200 167612 "-" "Mozilla/5.0 (Linux; Android 6.0.1; Nexus 5X Build/MMB29P) AppleWebKit/537.36 (KHTML, like Gecko) Chrome/140.0.7339.207 Mobile Safari/537.36 (compatible; Googlebot/2.1; +http://www.google.com/bot.html)"
66.116.199.115 - - [20/Oct/2025:10:10:20 -0400] "POST /wp-cron.php?doing_wp_cron=1760969420.6358590126037597656250 HTTP/1.1" 200 - "-" "WordPress/6.8.3; https://loloops.com"
114.119.155.145 - - [20/Oct/2025:10:10:19 -0400] "GET /most-luxurious-private-jets/21?amp HTTP/1.1" 301 - "-" "Mozilla/5.0 (compatible;PetalBot;+https://webmaster.petalsearch.com/site/petalbot)"
114.119.155.145 - - [20/Oct/2025:10:10:21 -0400] "GET /most-luxurious-private-jets/21/?amp HTTP/1.1" 200 272711 "-" "Mozilla/5.0 (compatible;PetalBot;+https://webmaster.petalsearch.com/site/petalbot)"
66.249.64.6 - - [20/Oct/2025:10:11:06 -0400] "GET /goods/549699084.shtml HTTP/1.1" 200 122594 "-" "Mozilla/5.0 (Linux; Android 6.0.1; Nexus 5X Build/MMB29P) AppleWebKit/537.36 (KHTML, like Gecko) Chrome/140.0.7339.207 Mobile Safari/537.36 (compatible; Googlebot/2.1; +http://www.google.com/bot.html)"
66.249.64.5 - - [20/Oct/2025:10:11:08 -0400] "GET /?shop/detail/NjE0NDM0Mg HTTP/1.1" 301 - "-" "Mozilla/5.0 (Linux; Android 6.0.1; Nexus 5X Build/MMB29P) AppleWebKit/537.36 (KHTML, like Gecko) Chrome/140.0.7339.207 Mobile Safari/537.36 (compatible; Googlebot/2.1; +http://www.google.com/bot.html)"
216.244.66.201 - - [20/Oct/2025:10:11:10 -0400] "GET /robots.txt HTTP/1.1" 200 75 "-" "Mozilla/5.0 (compatible; DotBot/1.2; +https://opensiteexplorer.org/dotbot; [email protected])"
66.249.64.7 - - [20/Oct/2025:10:11:09 -0400] "GET /?shop%2Fdetail%2FNjE0NDM0Mg HTTP/1.1" 200 107648 "-" "Mozilla/5.0 (Linux; Android 6.0.1; Nexus 5X Build/MMB29P) AppleWebKit/537.36 (KHTML, like Gecko) Chrome/140.0.7339.207 Mobile Safari/537.36 (compatible; Googlebot/2.1; +http://www.google.com/bot.html)"
15.235.98.25 - - [20/Oct/2025:10:11:22 -0400] "GET /shop/detail/MjU5MTcyOQ HTTP/1.1" 404 134462 "-" "Mozilla/5.0 (compatible; AhrefsBot/7.0; +http://ahrefs.com/robot/)"
196.251.71.198 - - [20/Oct/2025:10:11:28 -0400] "POST /wp-login.php HTTP/1.1" 200 5866 "-" "Mozilla/5.0"
196.251.71.198 - - [20/Oct/2025:10:11:28 -0400] "POST /wp-login.php HTTP/1.1" 200 5870 "-" "Mozilla/5.0"
196.251.71.198 - - [20/Oct/2025:10:11:28 -0400] "POST /wp-login.php HTTP/1.1" 200 5866 "-" "Mozilla/5.0"
196.251.71.198 - - [20/Oct/2025:10:11:28 -0400] "POST /wp-login.php HTTP/1.1" 200 5872 "-" "Mozilla/5.0"
196.251.71.198 - - [20/Oct/2025:10:11:28 -0400] "POST /wp-login.php HTTP/1.1" 200 5864 "-" "Mozilla/5.0"
196.251.71.198 - - [20/Oct/2025:10:11:28 -0400] "POST /wp-login.php HTTP/1.1" 200 5868 "-" "Mozilla/5.0"
114.119.143.103 - - [20/Oct/2025:10:11:45 -0400] "GET /taylor-swift-net-worth-and-charity/6/?noamp=mobile&amp HTTP/1.1" 200 271184 "https://loloops.com/taylor-swift-net-worth-and-charity/6/?noamp=mobile&amp" "Mozilla/5.0 (compatible;PetalBot;+https://webmaster.petalsearch.com/site/petalbot)"
66.249.64.5 - - [20/Oct/2025:10:11:57 -0400] "GET /goods/1464187162.shtml HTTP/1.1" 200 125464 "-" "Mozilla/5.0 (Linux; Android 6.0.1; Nexus 5X Build/MMB29P) AppleWebKit/537.36 (KHTML, like Gecko) Chrome/140.0.7339.207 Mobile Safari/537.36 (compatible; Googlebot/2.1; +http://www.google.com/bot.html)"
151.244.72.8 - - [20/Oct/2025:10:12:48 -0400] "POST /wp-login.php HTTP/1.1" 200 5830 "https://loloops.com" "Mozilla/5.0 (Macintosh; Intel Mac OS X 10_15_7) AppleWebKit/537.36 (KHTML, like Gecko) Chrome/113.0.5672.93 Safari/537.36"
54.39.6.212 - - [20/Oct/2025:10:12:59 -0400] "GET /shop/detail/MjQyOTM1NA HTTP/1.1" 404 134462 "-" "Mozilla/5.0 (compatible; AhrefsBot/7.0; +http://ahrefs.com/robot/)"
114.119.143.114 - - [20/Oct/2025:10:13:07 -0400] "GET /sexiest-supercars/8/?amp HTTP/1.1" 200 273657 "https://loloops.com/sexiest-supercars/8/?amp" "Mozilla/5.0 (compatible;PetalBot;+https://webmaster.petalsearch.com/site/petalbot)"
57.159.29.167 - - [20/Oct/2025:10:13:17 -0400] "POST /wp-login.php HTTP/1.1" 200 5864 "-" "Mozilla/5.0"
57.159.29.167 - - [20/Oct/2025:10:13:17 -0400] "POST /wp-login.php HTTP/1.1" 200 5872 "-" "Mozilla/5.0"
66.249.64.5 - - [20/Oct/2025:10:13:31 -0400] "GET /?shop/detail/MzI0NzU1MQ HTTP/1.1" 301 - "-" "Mozilla/5.0 (Linux; Android 6.0.1; Nexus 5X Build/MMB29P) AppleWebKit/537.36 (KHTML, like Gecko) Chrome/140.0.7339.207 Mobile Safari/537.36 (compatible; Googlebot/2.1; +http://www.google.com/bot.html)"
66.249.64.5 - - [20/Oct/2025:10:13:31 -0400] "GET /?shop/detail/Mjc5NjA0Mg HTTP/1.1" 200 156611 "-" "Mozilla/5.0 (Linux; Android 6.0.1; Nexus 5X Build/MMB29P) AppleWebKit/537.36 (KHTML, like Gecko) Chrome/140.0.7339.207 Mobile Safari/537.36 (compatible; Googlebot/2.1; +http://www.google.com/bot.html)"
66.249.64.4 - - [20/Oct/2025:10:13:32 -0400] "GET /?shop%2Fdetail%2FMzI0NzU1MQ HTTP/1.1" 200 107648 "-" "Mozilla/5.0 (Linux; Android 6.0.1; Nexus 5X Build/MMB29P) AppleWebKit/537.36 (KHTML, like Gecko) Chrome/140.0.7339.207 Mobile Safari/537.36 (compatible; Googlebot/2.1; +http://www.google.com/bot.html)"
157.55.39.7 - - [20/Oct/2025:10:13:50 -0400] "GET /goods/230360428.shtml HTTP/1.1" 200 146820 "-" "Mozilla/5.0 AppleWebKit/537.36 (KHTML, like Gecko; compatible; bingbot/2.0; +http://www.bing.com/bingbot.htm) Chrome/116.0.1938.76 Safari/537.36"
66.249.64.4 - - [20/Oct/2025:10:14:20 -0400] "GET /goods/652643138.shtml HTTP/1.1" 200 118347 "-" "Mozilla/5.0 (Linux; Android 6.0.1; Nexus 5X Build/MMB29P) AppleWebKit/537.36 (KHTML, like Gecko) Chrome/140.0.7339.207 Mobile Safari/537.36 (compatible; Googlebot/2.1; +http://www.google.com/bot.html)"
66.249.64.4 - - [20/Oct/2025:10:14:21 -0400] "GET /?shop/detail/MzE2ODE1NQ HTTP/1.1" 200 107628 "-" "Mozilla/5.0 (Linux; Android 6.0.1; Nexus 5X Build/MMB29P) AppleWebKit/537.36 (KHTML, like Gecko) Chrome/140.0.7339.207 Mobile Safari/537.36 (compatible; Googlebot/2.1; +http://www.google.com/bot.html)"
114.119.143.103 - - [20/Oct/2025:10:14:30 -0400] "GET /amazing-islands-in-the-world/7/ HTTP/1.1" 200 275326 "https://loloops.com/amazing-islands-in-the-world/12/?amp" "Mozilla/5.0 (compatible;PetalBot;+https://webmaster.petalsearch.com/site/petalbot)"
54.39.0.217 - - [20/Oct/2025:10:14:48 -0400] "GET /shop/detail/MjQ1NzMwOA HTTP/1.1" 404 134462 "-" "Mozilla/5.0 (compatible; AhrefsBot/7.0; +http://ahrefs.com/robot/)"
114.8.199.224 - - [20/Oct/2025:10:14:50 -0400] "GET /wp-login.php HTTP/1.1" 302 - "-" "Mozilla/5.0"
114.8.199.224 - - [20/Oct/2025:10:14:51 -0400] "GET /wp-login.php HTTP/1.1" 200 5411 "-" "Mozilla/5.0"
114.8.199.224 - - [20/Oct/2025:10:14:52 -0400] "POST /wp-login.php HTTP/1.1" 302 - "-" "Mozilla/5.0"
114.8.199.224 - - [20/Oct/2025:10:14:52 -0400] "GET /wp-login.php HTTP/1.1" 200 5411 "-" "Mozilla/5.0"
66.116.199.115 - - [20/Oct/2025:10:14:59 -0400] "POST /wp-cron.php?doing_wp_cron=1760969699.1795239448547363281250 HTTP/1.1" 200 - "-" "WordPress/6.8.3; https://loloops.com"
107.189.28.233 - - [20/Oct/2025:10:14:58 -0400] "GET /wp-login.php HTTP/1.1" 200 5411 "-" "Mozilla/5.0 (Windows NT 6.2; WOW64; rv:31.0) Gecko/20100101 Firefox/31.0"
66.249.64.4 - - [20/Oct/2025:10:15:54 -0400] "GET /goods/987673262.shtml HTTP/1.1" 200 119803 "-" "Mozilla/5.0 (Linux; Android 6.0.1; Nexus 5X Build/MMB29P) AppleWebKit/537.36 (KHTML, like Gecko) Chrome/140.0.7339.207 Mobile Safari/537.36 (compatible; Googlebot/2.1; +http://www.google.com/bot.html)"
66.249.64.4 - - [20/Oct/2025:10:15:54 -0400] "GET /?shop/detail/NTUxMDc2Mg HTTP/1.1" 200 107628 "-" "Mozilla/5.0 (Linux; Android 6.0.1; Nexus 5X Build/MMB29P) AppleWebKit/537.36 (KHTML, like Gecko) Chrome/140.0.7339.207 Mobile Safari/537.36 (compatible; Googlebot/2.1; +http://www.google.com/bot.html)"
66.116.199.115 - - [20/Oct/2025:10:15:56 -0400] "POST /wp-cron.php?doing_wp_cron=1760969756.0417280197143554687500 HTTP/1.1" 200 - "-" "WordPress/6.8.3; https://loloops.com"
114.119.143.103 - - [20/Oct/2025:10:15:55 -0400] "GET /rarest-cars-in-the-world/12 HTTP/1.1" 301 - "https://loloops.com/rarest-cars-in-the-world/18" "Mozilla/5.0 (compatible;PetalBot;+https://webmaster.petalsearch.com/site/petalbot)"
114.119.143.103 - - [20/Oct/2025:10:15:58 -0400] "GET /rarest-cars-in-the-world/12/ HTTP/1.1" 200 273883 "https://loloops.com/rarest-cars-in-the-world/18" "Mozilla/5.0 (compatible;PetalBot;+https://webmaster.petalsearch.com/site/petalbot)"
216.73.216.54 - - [20/Oct/2025:10:16:06 -0400] "GET /10-amazing-foods-for-weight-loss HTTP/1.1" 301 - "-" "Mozilla/5.0 AppleWebKit/537.36 (KHTML, like Gecko; compatible; ClaudeBot/1.0; [email protected])"
216.73.216.54 - - [20/Oct/2025:10:16:07 -0400] "GET /10-amazing-foods-for-weight-loss/ HTTP/1.1" 200 270507 "https://loloops.com/10-amazing-foods-for-weight-loss" "Mozilla/5.0 AppleWebKit/537.36 (KHTML, like Gecko; compatible; ClaudeBot/1.0; [email protected])"
216.73.216.54 - - [20/Oct/2025:10:16:12 -0400] "GET /sitemap.xml HTTP/1.1" 200 160706 "-" "Mozilla/5.0 AppleWebKit/537.36 (KHTML, like Gecko; compatible; ClaudeBot/1.0; [email protected])"
103.110.84.40 - - [20/Oct/2025:10:16:15 -0400] "POST /wp-login.php HTTP/1.1" 200 5830 "https://loloops.com" "Mozilla/5.0 (Windows NT 10.0; Win64; x64) AppleWebKit/537.36 (KHTML, like Gecko) Chrome/114.0.5735.199 Safari/537.36 Edg/114.0.1823.67"
54.39.210.86 - - [20/Oct/2025:10:16:32 -0400] "GET /goods/2387471226.shtml HTTP/1.1" 404 134462 "-" "Mozilla/5.0 (compatible; AhrefsBot/7.0; +http://ahrefs.com/robot/)"
66.249.64.4 - - [20/Oct/2025:10:16:42 -0400] "GET /?shop/detail/NTU0NzQxNw HTTP/1.1" 301 - "-" "Mozilla/5.0 (Linux; Android 6.0.1; Nexus 5X Build/MMB29P) AppleWebKit/537.36 (KHTML, like Gecko) Chrome/140.0.7339.207 Mobile Safari/537.36 (compatible; Googlebot/2.1; +http://www.google.com/bot.html)"
66.249.64.6 - - [20/Oct/2025:10:16:44 -0400] "GET /?shop%2Fdetail%2FNTU0NzQxNw HTTP/1.1" 200 107648 "-" "Mozilla/5.0 (Linux; Android 6.0.1; Nexus 5X Build/MMB29P) AppleWebKit/537.36 (KHTML, like Gecko) Chrome/140.0.7339.207 Mobile Safari/537.36 (compatible; Googlebot/2.1; +http://www.google.com/bot.html)"
66.249.64.5 - - [20/Oct/2025:10:17:12 -0400] "GET /?o=1658271736004&channel=3da043&from=jp.php?product/edit/L3676532864 HTTP/1.1" 200 128813 "-" "Mozilla/5.0 (Linux; Android 6.0.1; Nexus 5X Build/MMB29P) AppleWebKit/537.36 (KHTML, like Gecko) Chrome/140.0.7339.207 Mobile Safari/537.36 (compatible; Googlebot/2.1; +http://www.google.com/bot.html)"
114.119.139.88 - - [20/Oct/2025:10:17:18 -0400] "GET /orange-is-the-new-black-stars/26?amp HTTP/1.1" 301 - "https://loloops.com/orange-is-the-new-black-stars/24?amp" "Mozilla/5.0 (compatible;PetalBot;+https://webmaster.petalsearch.com/site/petalbot)"
114.119.139.88 - - [20/Oct/2025:10:17:19 -0400] "GET /orange-is-the-new-black-stars/26/?amp HTTP/1.1" 200 275176 "https://loloops.com/orange-is-the-new-black-stars/24?amp" "Mozilla/5.0 (compatible;PetalBot;+https://webmaster.petalsearch.com/site/petalbot)"
216.244.66.201 - - [20/Oct/2025:10:17:34 -0400] "GET /25-beautiful-black-women-in-the-world/3/ HTTP/1.1" 301 - "-" "Mozilla/5.0 (compatible; DotBot/1.2; +https://opensiteexplorer.org/dotbot; [email protected])"
216.244.66.201 - - [20/Oct/2025:10:17:40 -0400] "GET /funny-memes/17/ HTTP/1.1" 301 - "-" "Mozilla/5.0 (compatible; DotBot/1.2; +https://opensiteexplorer.org/dotbot; [email protected])"
216.244.66.201 - - [20/Oct/2025:10:17:45 -0400] "GET /hilarious-twitter-accounts/5/ HTTP/1.1" 301 - "-" "Mozilla/5.0 (compatible; DotBot/1.2; +https://opensiteexplorer.org/dotbot; [email protected])"
216.244.66.201 - - [20/Oct/2025:10:17:49 -0400] "GET /funniest-and-cheesy-one-liners/20/ HTTP/1.1" 301 - "-" "Mozilla/5.0 (compatible; DotBot/1.2; +https://opensiteexplorer.org/dotbot; [email protected])"
148.113.130.17 - - [20/Oct/2025:10:18:10 -0400] "GET /goods/2387253066.shtml HTTP/1.1" 404 134462 "-" "Mozilla/5.0 (compatible; AhrefsBot/7.0; +http://ahrefs.com/robot/)"
66.249.64.5 - - [20/Oct/2025:10:18:17 -0400] "GET /?shop/detail/MzI2NzA5Nw HTTP/1.1" 200 107628 "-" "Mozilla/5.0 (Linux; Android 6.0.1; Nexus 5X Build/MMB29P) AppleWebKit/537.36 (KHTML, like Gecko) Chrome/140.0.7339.207 Mobile Safari/537.36 (compatible; Googlebot/2.1; +http://www.google.com/bot.html)"
114.119.139.88 - - [20/Oct/2025:10:18:41 -0400] "GET /kim-kardashian-makeup-looks/7?amp HTTP/1.1" 301 - "https://loloops.com/kim-kardashian-makeup-looks/6?amp" "Mozilla/5.0 (compatible;PetalBot;+https://webmaster.petalsearch.com/site/petalbot)"
114.119.139.88 - - [20/Oct/2025:10:18:42 -0400] "GET /kim-kardashian-makeup-looks/7/?amp HTTP/1.1" 200 271323 "https://loloops.com/kim-kardashian-makeup-looks/6?amp" "Mozilla/5.0 (compatible;PetalBot;+https://webmaster.petalsearch.com/site/petalbot)"
47.128.111.128 - - [20/Oct/2025:10:18:44 -0400] "GET /best-beaches-in-mexico/ HTTP/1.1" 200 272014 "-" "Mozilla/5.0 (Linux; Android 5.0) AppleWebKit/537.36 (KHTML, like Gecko) Mobile Safari/537.36 (compatible; TikTokSpider; [email protected])"
47.128.111.128 - - [20/Oct/2025:10:18:45 -0400] "GET /wp-includes/css/dist/block-library/style.min.css?ver=6.8.3 HTTP/1.1" 304 - "https://loloops.com/best-beaches-in-mexico/" "Mozilla/5.0 (Linux; Android 5.0) AppleWebKit/537.36 (KHTML, like Gecko) Mobile Safari/537.36 (compatible; TikTokSpider; [email protected])"
47.128.111.128 - - [20/Oct/2025:10:18:45 -0400] "GET /wp-content/plugins/td-composer/legacy/Newspaper/assets/css/td_legacy_main.css?ver=492e3cf54bd42df3b24a3de8e2307cafx HTTP/1.1" 304 - "https://loloops.com/best-beaches-in-mexico/" "Mozilla/5.0 (Linux; Android 5.0) AppleWebKit/537.36 (KHTML, like Gecko) Mobile Safari/537.36 (compatible; TikTokSpider; [email protected])"
47.128.111.128 - - [20/Oct/2025:10:18:45 -0400] "GET /wp-content/plugins/td-composer/td-multi-purpose/style.css?ver=492e3cf54bd42df3b24a3de8e2307cafx HTTP/1.1" 304 - "https://loloops.com/best-beaches-in-mexico/" "Mozilla/5.0 (Linux; Android 5.0) AppleWebKit/537.36 (KHTML, like Gecko) Mobile Safari/537.36 (compatible; TikTokSpider; [email protected])"
47.128.111.128 - - [20/Oct/2025:10:18:45 -0400] "GET /wp-content/themes/Newspaper/style.css?ver=12.7.1 HTTP/1.1" 304 - "https://loloops.com/best-beaches-in-mexico/" "Mozilla/5.0 (Linux; Android 5.0) AppleWebKit/537.36 (KHTML, like Gecko) Mobile Safari/537.36 (compatible; TikTokSpider; [email protected])"
47.128.111.128 - - [20/Oct/2025:10:18:45 -0400] "GET /wp-content/plugins/td-cloud-library/assets/css/tdb_main.css?ver=d578089f160957352b9b4ca6d880fd8f HTTP/1.1" 304 - "https://loloops.com/best-beaches-in-mexico/" "Mozilla/5.0 (Linux; Android 5.0) AppleWebKit/537.36 (KHTML, like Gecko) Mobile Safari/537.36 (compatible; TikTokSpider; [email protected])"
47.128.111.128 - - [20/Oct/2025:10:18:45 -0400] "GET /wp-content/uploads/2018/08/img-tulum-quintana-roo-2018-08-608x408.jpg HTTP/1.1" 200 58607 "https://loloops.com/best-beaches-in-mexico/" "Mozilla/5.0 (Linux; Android 5.0) AppleWebKit/537.36 (KHTML, like Gecko) Mobile Safari/537.36 (compatible; TikTokSpider; [email protected])"
47.128.111.128 - - [20/Oct/2025:10:18:45 -0400] "GET /wp-content/uploads/2018/08/loloops-min-logo.png HTTP/1.1" 304 - "https://loloops.com/best-beaches-in-mexico/" "Mozilla/5.0 (Linux; Android 5.0) AppleWebKit/537.36 (KHTML, like Gecko) Mobile Safari/537.36 (compatible; TikTokSpider; [email protected])"
47.128.111.128 - - [20/Oct/2025:10:18:45 -0400] "GET /wp-content/uploads/2018/08/img-huatulco-oaxaca-2018-08.jpg HTTP/1.1" 304 - "https://loloops.com/best-beaches-in-mexico/" "Mozilla/5.0 (Linux; Android 5.0) AppleWebKit/537.36 (KHTML, like Gecko) Mobile Safari/537.36 (compatible; TikTokSpider; [email protected])"
66.249.64.5 - - [20/Oct/2025:10:18:48 -0400] "GET /?o=7119062211600&channel=b7282d&from=category-info.php?product/edit/L4050370498 HTTP/1.1" 200 146528 "-" "Mozilla/5.0 (Linux; Android 6.0.1; Nexus 5X Build/MMB29P) AppleWebKit/537.36 (KHTML, like Gecko) Chrome/140.0.7339.207 Mobile Safari/537.36 (compatible; Googlebot/2.1; +http://www.google.com/bot.html)"
66.249.64.5 - - [20/Oct/2025:10:19:05 -0400] "GET /?shop/detail/NjI3MTY3Mw HTTP/1.1" 200 107628 "-" "Mozilla/5.0 (Linux; Android 6.0.1; Nexus 5X Build/MMB29P) AppleWebKit/537.36 (KHTML, like Gecko) Chrome/140.0.7339.207 Mobile Safari/537.36 (compatible; Googlebot/2.1; +http://www.google.com/bot.html)"
104.244.77.163 - - [20/Oct/2025:10:19:21 -0400] "GET /wp-login.php HTTP/1.1" 200 5411 "-" "Mozilla/5.0 (Windows NT 6.2; WOW64; rv:31.0) Gecko/20100101 Firefox/31.0"
54.39.203.203 - - [20/Oct/2025:10:19:34 -0400] "GET /goods/2387043426.shtml HTTP/1.1" 404 134462 "-" "Mozilla/5.0 (compatible; AhrefsBot/7.0; +http://ahrefs.com/robot/)"
66.249.64.4 - - [20/Oct/2025:10:19:53 -0400] "GET /goods/1954353270.shtml HTTP/1.1" 200 112886 "-" "Mozilla/5.0 (Linux; Android 6.0.1; Nexus 5X Build/MMB29P) AppleWebKit/537.36 (KHTML, like Gecko) Chrome/140.0.7339.207 Mobile Safari/537.36 (compatible; Googlebot/2.1; +http://www.google.com/bot.html)"
114.119.140.237 - - [20/Oct/2025:10:20:05 -0400] "GET /famous-celebrity-laughs/10/?amp HTTP/1.1" 200 273235 "https://loloops.com/famous-celebrity-laughs/10?amp" "Mozilla/5.0 (compatible;PetalBot;+https://webmaster.petalsearch.com/site/petalbot)"
66.249.64.6 - - [20/Oct/2025:10:20:42 -0400] "GET /?shop/detail/NDA5MzgzMQ HTTP/1.1" 200 156611 "-" "Mozilla/5.0 (Linux; Android 6.0.1; Nexus 5X Build/MMB29P) AppleWebKit/537.36 (KHTML, like Gecko) Chrome/140.0.7339.207 Mobile Safari/537.36 (compatible; Googlebot/2.1; +http://www.google.com/bot.html)"
66.249.64.4 - - [20/Oct/2025:10:20:44 -0400] "GET /goods/312184484.shtml HTTP/1.1" 200 170988 "-" "Mozilla/5.0 (Linux; Android 6.0.1; Nexus 5X Build/MMB29P) AppleWebKit/537.36 (KHTML, like Gecko) Chrome/140.0.7339.207 Mobile Safari/537.36 (compatible; Googlebot/2.1; +http://www.google.com/bot.html)"
223.193.38.246 - - [20/Oct/2025:10:20:53 -0400] "GET /wp-content/uploads/2018/08/img_mini_countryman_2018_08.jpg HTTP/1.1" 200 35668 "-" "Mozilla/5.0 (Windows NT 10.0; Win64; x64) AppleWebKit/537.36 (KHTML, like Gecko) Chrome/103.0.0.0 Safari/537.36"
51.161.37.80 - - [20/Oct/2025:10:20:59 -0400] "GET /goods/2386967994.shtml HTTP/1.1" 404 134462 "-" "Mozilla/5.0 (compatible; AhrefsBot/7.0; +http://ahrefs.com/robot/)"
216.244.66.201 - - [20/Oct/2025:10:21:13 -0400] "GET /me-too-movement/24/ HTTP/1.1" 301 - "-" "Mozilla/5.0 (compatible; DotBot/1.2; +https://opensiteexplorer.org/dotbot; [email protected])"
216.244.66.201 - - [20/Oct/2025:10:21:18 -0400] "GET /real-life-photos-of-celebrities/22/ HTTP/1.1" 301 - "-" "Mozilla/5.0 (compatible; DotBot/1.2; +https://opensiteexplorer.org/dotbot; [email protected])"
114.119.139.88 - - [20/Oct/2025:10:21:28 -0400] "GET /popular-cryptocurrencies-of-2018/6/?amp HTTP/1.1" 200 271349 "https://loloops.com/popular-cryptocurrencies-of-2018/6?amp" "Mozilla/5.0 (compatible;PetalBot;+https://webmaster.petalsearch.com/site/petalbot)"
66.249.64.6 - - [20/Oct/2025:10:21:33 -0400] "GET /?shop/detail/MjkwNjY1Mw HTTP/1.1" 200 156611 "-" "Mozilla/5.0 (Linux; Android 6.0.1; Nexus 5X Build/MMB29P) AppleWebKit/537.36 (KHTML, like Gecko) Chrome/140.0.7339.207 Mobile Safari/537.36 (compatible; Googlebot/2.1; +http://www.google.com/bot.html)"
216.244.66.201 - - [20/Oct/2025:10:22:07 -0400] "GET /most-luxurious-cars-in-the-world/2/ HTTP/1.1" 301 - "-" "Mozilla/5.0 (compatible; DotBot/1.2; +https://opensiteexplorer.org/dotbot; [email protected])"
216.244.66.201 - - [20/Oct/2025:10:22:14 -0400] "GET /perfectly-timed-pictures-of-animals/15/ HTTP/1.1" 301 - "-" "Mozilla/5.0 (compatible; DotBot/1.2; +https://opensiteexplorer.org/dotbot; [email protected])"
54.39.203.174 - - [20/Oct/2025:10:22:17 -0400] "GET /goods/2386939560.shtml HTTP/1.1" 404 134462 "-" "Mozilla/5.0 (compatible; AhrefsBot/7.0; +http://ahrefs.com/robot/)"
83.217.213.120 - - [20/Oct/2025:10:22:18 -0400] "GET /billboard-music-awards-2019-awkward-moments/ HTTP/1.1" 200 277906 "https://loloops.com/billboard-music-awards-2019-awkward-moments/" "Mozilla/5.0 (Windows NT 10.0; Win64; x64) AppleWebKit/537.36 (KHTML, like Gecko) Chrome/129.0.0.0 Safari/537.36"
83.217.213.120 - - [20/Oct/2025:10:22:20 -0400] "POST /wp-comments-post.php HTTP/1.1" 302 - "https://loloops.com/billboard-music-awards-2019-awkward-moments/" "Mozilla/5.0 (Windows NT 10.0; Win64; x64) AppleWebKit/537.36 (KHTML, like Gecko) Chrome/129.0.0.0 Safari/537.36"
83.217.213.120 - - [20/Oct/2025:10:22:21 -0400] "GET /billboard-music-awards-2019-awkward-moments/ HTTP/1.1" 200 287398 "https://loloops.com/billboard-music-awards-2019-awkward-moments/#comment-13766" "Mozilla/5.0 (Windows NT 10.0; Win64; x64) AppleWebKit/537.36 (KHTML, like Gecko) Chrome/129.0.0.0 Safari/537.36"
66.249.64.5 - - [20/Oct/2025:10:22:21 -0400] "GET /goods/373936530.shtml HTTP/1.1" 200 108146 "-" "Mozilla/5.0 (Linux; Android 6.0.1; Nexus 5X Build/MMB29P) AppleWebKit/537.36 (KHTML, like Gecko) Chrome/140.0.7339.207 Mobile Safari/537.36 (compatible; Googlebot/2.1; +http://www.google.com/bot.html)"
66.249.64.4 - - [20/Oct/2025:10:22:25 -0400] "GET /?shop/detail/NjI5NTc5Nw HTTP/1.1" 200 156611 "-" "Mozilla/5.0 (Linux; Android 6.0.1; Nexus 5X Build/MMB29P) AppleWebKit/537.36 (KHTML, like Gecko) Chrome/140.0.7339.207 Mobile Safari/537.36 (compatible; Googlebot/2.1; +http://www.google.com/bot.html)"
47.128.121.88 - - [20/Oct/2025:10:22:44 -0400] "GET /robots.txt HTTP/1.1" 200 76 "-" "Go-http-client/2.0"
66.249.64.4 - - [20/Oct/2025:10:22:48 -0400] "GET /?o=1092814368300&channel=4c1a58&from=goods.php?product/edit/L695622299 HTTP/1.1" 200 128577 "-" "Mozilla/5.0 (Linux; Android 6.0.1; Nexus 5X Build/MMB29P) AppleWebKit/537.36 (KHTML, like Gecko) Chrome/140.0.7339.207 Mobile Safari/537.36 (compatible; Googlebot/2.1; +http://www.google.com/bot.html)"
54.66.131.54 - - [20/Oct/2025:10:22:52 -0400] "GET /wp-content/uploads/2018/08/img_the_cook_islands_2018_08-364x205.jpg HTTP/1.1" 200 25942 "-" "Mozilla/5.0 (X11; Ubuntu; Linux x86_64; rv:72.0) Gecko/20100101 Firefox/72.0"
66.249.64.4 - - [20/Oct/2025:10:22:50 -0400] "GET /?o=9819734788401&channel=5bff3a&from=article.php?goods/4572538.shtml HTTP/1.1" 200 156305 "-" "Mozilla/5.0 (Linux; Android 6.0.1; Nexus 5X Build/MMB29P) AppleWebKit/537.36 (KHTML, like Gecko) Chrome/140.0.7339.207 Mobile Safari/537.36 (compatible; Googlebot/2.1; +http://www.google.com/bot.html)"
114.119.143.114 - - [20/Oct/2025:10:22:54 -0400] "GET /me-too-movement/9 HTTP/1.1" 301 - "https://loloops.com/me-too-movement/24" "Mozilla/5.0 (compatible;PetalBot;+https://webmaster.petalsearch.com/site/petalbot)"
114.119.143.114 - - [20/Oct/2025:10:22:55 -0400] "GET /me-too-movement/9/ HTTP/1.1" 200 272934 "https://loloops.com/me-too-movement/24" "Mozilla/5.0 (compatible;PetalBot;+https://webmaster.petalsearch.com/site/petalbot)"
52.167.144.167 - - [20/Oct/2025:10:22:57 -0400] "GET /?o=5281281928004&channel=46763f&from=jp.php%3Fid%3D819280-1631%26name%3DBabolat+Pure+Aero+98+%E3%83%86%E3%83%8B%E3%82%B9%E3%83%A9%E3%82%B1%E3%83%83%E3%83%88+%E3%83%90%E3%83%9C%E3%83%A9%E3%80%80%E3%82%B0%E3%83%AA%E3%83%83%E3%83%972 HTTP/1.1" 200 115312 "-" "Mozilla/5.0 AppleWebKit/537.36 (KHTML, like Gecko; compatible; bingbot/2.0; +http://www.bing.com/bingbot.htm) Chrome/116.0.1938.76 Safari/537.36"
1.13.18.100 - - [20/Oct/2025:10:23:16 -0400] "POST /wp-login.php HTTP/1.1" 200 5837 "https://loloops.com" "Mozilla/5.0 (Macintosh; Intel Mac OS X 13_3) AppleWebKit/537.36 (KHTML, like Gecko) Chrome/126.0.0.0 Safari/537.36"
216.244.66.201 - - [20/Oct/2025:10:23:21 -0400] "GET /amazing-online-games/19/ HTTP/1.1" 301 - "-" "Mozilla/5.0 (compatible; DotBot/1.2; +https://opensiteexplorer.org/dotbot; [email protected])"
216.244.66.201 - - [20/Oct/2025:10:23:27 -0400] "GET /celebrity-fails-and-falls/2/ HTTP/1.1" 301 - "-" "Mozilla/5.0 (compatible; DotBot/1.2; +https://opensiteexplorer.org/dotbot; [email protected])"
216.244.66.201 - - [20/Oct/2025:10:23:32 -0400] "GET /funniest-and-cheesy-one-liners/15/ HTTP/1.1" 301 - "-" "Mozilla/5.0 (compatible; DotBot/1.2; +https://opensiteexplorer.org/dotbot; [email protected])"
216.244.66.201 - - [20/Oct/2025:10:23:36 -0400] "GET /peaceful-countries-to-live/23/ HTTP/1.1" 301 - "-" "Mozilla/5.0 (compatible; DotBot/1.2; +https://opensiteexplorer.org/dotbot; [email protected])"
51.161.65.108 - - [20/Oct/2025:10:23:57 -0400] "GET /goods/2386863310.shtml HTTP/1.1" 404 134462 "-" "Mozilla/5.0 (compatible; AhrefsBot/7.0; +http://ahrefs.com/robot/)"
66.249.64.6 - - [20/Oct/2025:10:24:01 -0400] "GET /?shop/detail/NTA4MzcwMA HTTP/1.1" 200 156632 "-" "Mozilla/5.0 (Linux; Android 6.0.1; Nexus 5X Build/MMB29P) AppleWebKit/537.36 (KHTML, like Gecko) Chrome/140.0.7339.207 Mobile Safari/537.36 (compatible; Googlebot/2.1; +http://www.google.com/bot.html)"
66.249.64.6 - - [20/Oct/2025:10:24:06 -0400] "GET /?o=87481150549801&channel=4aeaad&from=info.php?goods/47561942.shtml HTTP/1.1" 200 122247 "-" "Mozilla/5.0 (Linux; Android 6.0.1; Nexus 5X Build/MMB29P) AppleWebKit/537.36 (KHTML, like Gecko) Chrome/140.0.7339.207 Mobile Safari/537.36 (compatible; Googlebot/2.1; +http://www.google.com/bot.html)"
66.249.64.5 - - [20/Oct/2025:10:24:11 -0400] "GET /sitemap-item-2467.xml HTTP/1.1" 200 160706 "-" "Mozilla/5.0 (compatible; Googlebot/2.1; +http://www.google.com/bot.html)"
114.119.155.145 - - [20/Oct/2025:10:24:15 -0400] "GET /kim-kardashian-makeup-looks/7 HTTP/1.1" 301 - "-" "Mozilla/5.0 (compatible;PetalBot;+https://webmaster.petalsearch.com/site/petalbot)"
114.119.155.145 - - [20/Oct/2025:10:24:16 -0400] "GET /kim-kardashian-makeup-looks/7/ HTTP/1.1" 200 271319 "-" "Mozilla/5.0 (compatible;PetalBot;+https://webmaster.petalsearch.com/site/petalbot)"
66.249.64.5 - - [20/Oct/2025:10:24:22 -0400] "GET /?o=87481150549801&channel=4aeaad&from=info.php?goods/47564122.shtml HTTP/1.1" 301 - "-" "Mozilla/5.0 (Linux; Android 6.0.1; Nexus 5X Build/MMB29P) AppleWebKit/537.36 (KHTML, like Gecko) Chrome/140.0.7339.207 Mobile Safari/537.36 (compatible; Googlebot/2.1; +http://www.google.com/bot.html)"
51.222.168.238 - - [20/Oct/2025:10:25:28 -0400] "GET /goods/2314474302.shtml HTTP/1.1" 404 134462 "-" "Mozilla/5.0 (compatible; AhrefsBot/7.0; +http://ahrefs.com/robot/)"
66.249.64.5 - - [20/Oct/2025:10:24:51 -0400] "GET /?shop/detail/MzA4NjI0Mw HTTP/1.1" 200 156632 "-" "Mozilla/5.0 (Linux; Android 6.0.1; Nexus 5X Build/MMB29P) AppleWebKit/537.36 (KHTML, like Gecko) Chrome/140.0.7339.207 Mobile Safari/537.36 (compatible; Googlebot/2.1; +http://www.google.com/bot.html)"
216.244.66.201 - - [20/Oct/2025:10:25:31 -0400] "GET /taylor-swift-net-worth-and-charity/8/ HTTP/1.1" 301 - "-" "Mozilla/5.0 (compatible; DotBot/1.2; +https://opensiteexplorer.org/dotbot; [email protected])"
66.249.64.6 - - [20/Oct/2025:10:25:32 -0400] "GET /?shop/detail/MzIxMzI4Mw HTTP/1.1" 200 156632 "-" "Mozilla/5.0 (Linux; Android 6.0.1; Nexus 5X Build/MMB29P) AppleWebKit/537.36 (KHTML, like Gecko) Chrome/140.0.7339.207 Mobile Safari/537.36 (compatible; Googlebot/2.1; +http://www.google.com/bot.html)"
216.244.66.201 - - [20/Oct/2025:10:25:36 -0400] "GET /when-you-see-it/17/ HTTP/1.1" 301 - "-" "Mozilla/5.0 (compatible; DotBot/1.2; +https://opensiteexplorer.org/dotbot; [email protected])"
114.119.147.116 - - [20/Oct/2025:10:25:39 -0400] "GET /gorgeous-beaches-in-the-world/7/?noamp=mobile&amp HTTP/1.1" 200 273271 "https://loloops.com/gorgeous-beaches-in-the-world/7/?noamp=mobile&amp" "Mozilla/5.0 (compatible;PetalBot;+https://webmaster.petalsearch.com/site/petalbot)"
66.249.64.5 - - [20/Oct/2025:10:24:42 -0400] "GET /?o=87481150549801&channel=4aeaad&from=info.php%3Fgoods%2F47564122.shtml HTTP/1.1" 200 193338 "-" "Mozilla/5.0 (Linux; Android 6.0.1; Nexus 5X Build/MMB29P) AppleWebKit/537.36 (KHTML, like Gecko) Chrome/140.0.7339.207 Mobile Safari/537.36 (compatible; Googlebot/2.1; +http://www.google.com/bot.html)"
66.249.64.5 - - [20/Oct/2025:10:26:09 -0400] "GET /?o=7119062211600&channel=b7282d&from=category-info.php?product/edit/L2049009949 HTTP/1.1" 200 141358 "-" "Mozilla/5.0 (Linux; Android 6.0.1; Nexus 5X Build/MMB29P) AppleWebKit/537.36 (KHTML, like Gecko) Chrome/140.0.7339.207 Mobile Safari/537.36 (compatible; Googlebot/2.1; +http://www.google.com/bot.html)"
66.249.64.5 - - [20/Oct/2025:10:26:11 -0400] "GET /?o=87481150549801&channel=4aeaad&from=info.php?goods/47541368.shtml HTTP/1.1" 200 136208 "-" "Mozilla/5.0 (Linux; Android 6.0.1; Nexus 5X Build/MMB29P) AppleWebKit/537.36 (KHTML, like Gecko) Chrome/140.0.7339.207 Mobile Safari/537.36 (compatible; Googlebot/2.1; +http://www.google.com/bot.html)"
66.249.64.6 - - [20/Oct/2025:10:26:20 -0400] "GET /?shop/detail/MzUyMDQwOQ HTTP/1.1" 200 134297 "-" "Mozilla/5.0 (Linux; Android 6.0.1; Nexus 5X Build/MMB29P) AppleWebKit/537.36 (KHTML, like Gecko) Chrome/140.0.7339.207 Mobile Safari/537.36 (compatible; Googlebot/2.1; +http://www.google.com/bot.html)"
207.46.13.154 - - [20/Oct/2025:10:26:26 -0400] "GET /goods/1010417600.shtml HTTP/1.1" 200 125640 "-" "Mozilla/5.0 AppleWebKit/537.36 (KHTML, like Gecko; compatible; bingbot/2.0; +http://www.bing.com/bingbot.htm) Chrome/116.0.1938.76 Safari/537.36"
114.119.143.103 - - [20/Oct/2025:10:27:04 -0400] "GET /rare-historical-photos/3/?amp HTTP/1.1" 200 273837 "https://loloops.com/rare-historical-photos/3?amp" "Mozilla/5.0 (compatible;PetalBot;+https://webmaster.petalsearch.com/site/petalbot)"
66.249.64.6 - - [20/Oct/2025:10:27:08 -0400] "GET /?shop/detail/NDI4MTE1Mg HTTP/1.1" 200 156632 "-" "Mozilla/5.0 (Linux; Android 6.0.1; Nexus 5X Build/MMB29P) AppleWebKit/537.36 (KHTML, like Gecko) Chrome/140.0.7339.207 Mobile Safari/537.36 (compatible; Googlebot/2.1; +http://www.google.com/bot.html)"
51.161.65.111 - - [20/Oct/2025:10:27:12 -0400] "GET /goods/2314419568.shtml HTTP/1.1" 404 134462 "-" "Mozilla/5.0 (compatible; AhrefsBot/7.0; +http://ahrefs.com/robot/)"
66.249.64.7 - - [20/Oct/2025:10:28:15 -0400] "GET /?o=097719596807&channel=98c37e&from=shop.php?product/edit/L2456155307 HTTP/1.1" 200 124847 "-" "Mozilla/5.0 (Linux; Android 6.0.1; Nexus 5X Build/MMB29P) AppleWebKit/537.36 (KHTML, like Gecko) Chrome/140.0.7339.207 Mobile Safari/537.36 (compatible; Googlebot/2.1; +http://www.google.com/bot.html)"
216.73.216.54 - - [20/Oct/2025:10:28:16 -0400] "GET /sitemap.xml HTTP/1.1" 200 160706 "-" "Mozilla/5.0 AppleWebKit/537.36 (KHTML, like Gecko; compatible; ClaudeBot/1.0; [email protected])"
114.119.155.145 - - [20/Oct/2025:10:28:29 -0400] "GET /gorgeous-beaches-in-the-world/15/?noamp=mobile&amp HTTP/1.1" 200 273197 "https://loloops.com/gorgeous-beaches-in-the-world/15/?noamp=mobile&amp" "Mozilla/5.0 (compatible;PetalBot;+https://webmaster.petalsearch.com/site/petalbot)"
216.244.66.201 - - [20/Oct/2025:10:28:34 -0400] "GET /celebrities-with-herpes/8/ HTTP/1.1" 301 - "-" "Mozilla/5.0 (compatible; DotBot/1.2; +https://opensiteexplorer.org/dotbot; [email protected])"
66.249.64.6 - - [20/Oct/2025:10:28:42 -0400] "GET /?shop/detail/MzM4NjUwMA HTTP/1.1" 200 156632 "-" "Mozilla/5.0 (Linux; Android 6.0.1; Nexus 5X Build/MMB29P) AppleWebKit/537.36 (KHTML, like Gecko) Chrome/140.0.7339.207 Mobile Safari/537.36 (compatible; Googlebot/2.1; +http://www.google.com/bot.html)"
15.235.98.68 - - [20/Oct/2025:10:29:14 -0400] "GET /goods/2314349688.shtml HTTP/1.1" 404 134462 "-" "Mozilla/5.0 (compatible; AhrefsBot/7.0; +http://ahrefs.com/robot/)"
16.16.128.31 - - [20/Oct/2025:10:29:29 -0400] "GET /wp-content/uploads/2018/09/img_Cardano_2018_09.jpg HTTP/1.1" 200 26834 "-" "Googlebot-Image/1.0"
66.249.64.6 - - [20/Oct/2025:10:29:30 -0400] "GET /?shop/detail/NDA3MDc0Nw HTTP/1.1" 200 107628 "-" "Mozilla/5.0 (Linux; Android 6.0.1; Nexus 5X Build/MMB29P) AppleWebKit/537.36 (KHTML, like Gecko) Chrome/140.0.7339.207 Mobile Safari/537.36 (compatible; Googlebot/2.1; +http://www.google.com/bot.html)"
196.251.71.198 - - [20/Oct/2025:10:29:41 -0400] "POST /wp-login.php HTTP/1.1" 200 5866 "-" "Mozilla/5.0"
196.251.71.198 - - [20/Oct/2025:10:29:41 -0400] "POST /wp-login.php HTTP/1.1" 200 5866 "-" "Mozilla/5.0"
196.251.71.198 - - [20/Oct/2025:10:29:41 -0400] "POST /wp-login.php HTTP/1.1" 200 5870 "-" "Mozilla/5.0"
196.251.71.198 - - [20/Oct/2025:10:29:41 -0400] "POST /wp-login.php HTTP/1.1" 200 5872 "-" "Mozilla/5.0"
196.251.71.198 - - [20/Oct/2025:10:29:41 -0400] "POST /wp-login.php HTTP/1.1" 200 5868 "-" "Mozilla/5.0"
196.251.71.198 - - [20/Oct/2025:10:29:41 -0400] "POST /wp-login.php HTTP/1.1" 200 5864 "-" "Mozilla/5.0"
114.119.155.145 - - [20/Oct/2025:10:29:49 -0400] "GET /emma-watson-hot-pics/18/?amp HTTP/1.1" 200 273661 "https://loloops.com/emma-watson-hot-pics/18/?amp" "Mozilla/5.0 (compatible;PetalBot;+https://webmaster.petalsearch.com/site/petalbot)"
54.39.89.25 - - [20/Oct/2025:10:30:00 -0400] "GET /goods/2314264386.shtml HTTP/1.1" 404 134462 "-" "Mozilla/5.0 (compatible; AhrefsBot/7.0; +http://ahrefs.com/robot/)"
2001:818:dac0:a400:6c11:d2ff:fe53:1deb - - [20/Oct/2025:10:30:11 -0400] "POST /wp-login.php HTTP/1.1" 200 5838 "https://loloops.com" "Mozilla/5.0 (Windows NT 11.0; Win64; x64) AppleWebKit/537.36 (KHTML, like Gecko) Chrome/126.0.0.0 Safari/537.36 Edg/126.0.0.0"
193.36.224.163 - - [20/Oct/2025:10:30:41 -0400] "GET /shell20250630.php HTTP/1.1" 404 134398 "-" "Go-http-client/1.1"
193.36.224.163 - - [20/Oct/2025:10:30:43 -0400] "GET /wp-content/shell20250630.php HTTP/1.1" 404 134398 "-" "Go-http-client/1.1"
193.36.224.163 - - [20/Oct/2025:10:30:44 -0400] "GET /wp-content/themes/shell20250630.php HTTP/1.1" 404 134398 "-" "Go-http-client/1.1"
193.36.224.163 - - [20/Oct/2025:10:30:45 -0400] "GET /wp-admin/shell20250630.php HTTP/1.1" 404 134398 "-" "Go-http-client/1.1"
193.36.224.163 - - [20/Oct/2025:10:30:47 -0400] "GET /wp-includes/shell20250630.php HTTP/1.1" 404 134398 "-" "Go-http-client/1.1"
193.36.224.163 - - [20/Oct/2025:10:30:49 -0400] "GET /wpssl.php HTTP/1.1" 404 134398 "-" "Go-http-client/1.1"
193.36.224.163 - - [20/Oct/2025:10:30:50 -0400] "GET /sid.php HTTP/1.1" 404 134398 "-" "Go-http-client/1.1"
193.36.224.163 - - [20/Oct/2025:10:30:52 -0400] "GET /indekss.php HTTP/1.1" 404 134398 "-" "Go-http-client/1.1"
193.36.224.163 - - [20/Oct/2025:10:30:53 -0400] "GET /axy99.php HTTP/1.1" 404 134398 "-" "Go-http-client/1.1"
193.36.224.163 - - [20/Oct/2025:10:30:55 -0400] "GET /ERY.php HTTP/1.1" 404 134398 "-" "Go-http-client/1.1"
193.36.224.163 - - [20/Oct/2025:10:30:57 -0400] "GET /wxz.php HTTP/1.1" 404 134398 "-" "Go-http-client/1.1"
193.36.224.163 - - [20/Oct/2025:10:30:58 -0400] "GET /ab.php HTTP/1.1" 404 134398 "-" "Go-http-client/1.1"
193.36.224.163 - - [20/Oct/2025:10:31:00 -0400] "GET /millo.php HTTP/1.1" 404 134398 "-" "Go-http-client/1.1"
193.36.224.163 - - [20/Oct/2025:10:31:01 -0400] "GET /goldu.php HTTP/1.1" 404 134398 "-" "Go-http-client/1.1"
193.36.224.163 - - [20/Oct/2025:10:31:02 -0400] "GET /wp-good.php HTTP/1.1" 404 134398 "-" "Go-http-client/1.1"
193.36.224.163 - - [20/Oct/2025:10:31:04 -0400] "GET /witm.php HTTP/1.1" 404 134398 "-" "Go-http-client/1.1"
66.249.64.4 - - [20/Oct/2025:10:31:03 -0400] "GET /?shop/detail/NTgxOTMyNQ HTTP/1.1" 200 133483 "-" "Mozilla/5.0 (Linux; Android 6.0.1; Nexus 5X Build/MMB29P) AppleWebKit/537.36 (KHTML, like Gecko) Chrome/140.0.7339.207 Mobile Safari/537.36 (compatible; Googlebot/2.1; +http://www.google.com/bot.html)"
207.46.13.154 - - [20/Oct/2025:10:31:07 -0400] "GET /shop/detail/MjUxNzY1Mg HTTP/1.1" 200 156606 "-" "Mozilla/5.0 AppleWebKit/537.36 (KHTML, like Gecko; compatible; bingbot/2.0; +http://www.bing.com/bingbot.htm) Chrome/116.0.1938.76 Safari/537.36"
114.119.140.237 - - [20/Oct/2025:10:31:13 -0400] "GET /emma-watson-hot-pics/12/?noamp=mobile&amp HTTP/1.1" 200 273698 "https://loloops.com/emma-watson-hot-pics/12/?noamp=mobile&amp" "Mozilla/5.0 (compatible;PetalBot;+https://webmaster.petalsearch.com/site/petalbot)"
66.249.64.5 - - [20/Oct/2025:10:31:16 -0400] "GET /?o=87481150549801&channel=4aeaad&from=info.php?goods/47562632.shtml HTTP/1.1" 200 127847 "-" "Mozilla/5.0 (Linux; Android 6.0.1; Nexus 5X Build/MMB29P) AppleWebKit/537.36 (KHTML, like Gecko) Chrome/140.0.7339.207 Mobile Safari/537.36 (compatible; Googlebot/2.1; +http://www.google.com/bot.html)"
148.113.130.137 - - [20/Oct/2025:10:31:27 -0400] "GET /goods/2314200054.shtml HTTP/1.1" 404 134462 "-" "Mozilla/5.0 (compatible; AhrefsBot/7.0; +http://ahrefs.com/robot/)"
66.249.64.4 - - [20/Oct/2025:10:31:51 -0400] "GET /?shop/detail/NDkyMDM2MA HTTP/1.1" 200 107628 "-" "Mozilla/5.0 (Linux; Android 6.0.1; Nexus 5X Build/MMB29P) AppleWebKit/537.36 (KHTML, like Gecko) Chrome/140.0.7339.207 Mobile Safari/537.36 (compatible; Googlebot/2.1; +http://www.google.com/bot.html)"
114.119.135.253 - - [20/Oct/2025:10:32:37 -0400] "GET /taylor-swift-net-worth-and-charity/8/ HTTP/1.1" 200 271166 "https://loloops.com/taylor-swift-net-worth-and-charity" "Mozilla/5.0 (compatible;PetalBot;+https://webmaster.petalsearch.com/site/petalbot)"
15.235.96.107 - - [20/Oct/2025:10:33:01 -0400] "GET /goods/2314189102.shtml HTTP/1.1" 404 134462 "-" "Mozilla/5.0 (compatible; AhrefsBot/7.0; +http://ahrefs.com/robot/)"
66.249.64.5 - - [20/Oct/2025:10:33:25 -0400] "GET /?shop/detail/NDQ1MjA3Nw HTTP/1.1" 200 156611 "-" "Mozilla/5.0 (Linux; Android 6.0.1; Nexus 5X Build/MMB29P) AppleWebKit/537.36 (KHTML, like Gecko) Chrome/140.0.7339.207 Mobile Safari/537.36 (compatible; Googlebot/2.1; +http://www.google.com/bot.html)"
66.249.64.4 - - [20/Oct/2025:10:33:25 -0400] "GET /?shop/detail/MjQzNjk5MA HTTP/1.1" 200 156611 "-" "Mozilla/5.0 (Linux; Android 6.0.1; Nexus 5X Build/MMB29P) AppleWebKit/537.36 (KHTML, like Gecko) Chrome/140.0.7339.207 Mobile Safari/537.36 (compatible; Googlebot/2.1; +http://www.google.com/bot.html)"
34.168.79.94 - - [20/Oct/2025:10:33:39 -0400] "POST /wp-login.php HTTP/1.1" 200 5837 "https://loloops.com" "Mozilla/5.0 (Macintosh; Intel Mac OS X 10_15_7; rv:127.0) Gecko/20100101 Firefox/127.0"
114.119.135.253 - - [20/Oct/2025:10:34:00 -0400] "GET /orange-is-the-new-black-stars/21/?amp HTTP/1.1" 200 275172 "https://loloops.com/orange-is-the-new-black-stars/21/?amp" "Mozilla/5.0 (compatible;PetalBot;+https://webmaster.petalsearch.com/site/petalbot)"
66.249.64.4 - - [20/Oct/2025:10:34:14 -0400] "GET /?shop/detail/MzQwMzIwNQ HTTP/1.1" 200 117114 "-" "Mozilla/5.0 (Linux; Android 6.0.1; Nexus 5X Build/MMB29P) AppleWebKit/537.36 (KHTML, like Gecko) Chrome/140.0.7339.207 Mobile Safari/537.36 (compatible; Googlebot/2.1; +http://www.google.com/bot.html)"
