65.21.35.250 - - [20/Oct/2025:11:11:01 -0400] "GET /7-things-no-one-tells-you-about-losing-your-virginity/?amp HTTP/2.0" 200 310418 "-" "Mozilla/5.0 (compatible; SeekportBot; +https://bot.seekport.com)"
65.21.35.250 - - [20/Oct/2025:11:11:04 -0400] "GET /health-benefits-of-white-peas/?amp HTTP/2.0" 200 311308 "-" "Mozilla/5.0 (compatible; SeekportBot; +https://bot.seekport.com)"
116.179.33.80 - - [20/Oct/2025:11:11:08 -0400] "GET /wp-content/plugins/td-composer/legacy/Newspaper/js/tdModalPostImages.js?ver=12.7.1 HTTP/2.0" 304 - "https://blushin.com/latest-beauty-campaign-stars-model-syndrome-guccis-beautiful-gesture-wins-hearts-around/" "Mozilla/5.0 (Windows NT 10.0; Win64; x64) AppleWebKit/537.36 (KHTML, like Gecko) Chrome/99.0.4844.51 Safari/537.36"
116.179.33.71 - - [20/Oct/2025:11:11:08 -0400] "GET /wp-content/plugins/td-composer/legacy/Newspaper/js/tdLoginMobile.js?ver=12.7.1 HTTP/2.0" 304 - "https://blushin.com/latest-beauty-campaign-stars-model-syndrome-guccis-beautiful-gesture-wins-hearts-around/" "Mozilla/5.0 (Windows NT 10.0; Win64; x64) AppleWebKit/537.36 (KHTML, like Gecko) Chrome/99.0.4844.51 Safari/537.36"
65.21.35.250 - - [20/Oct/2025:11:11:06 -0400] "GET /top-5-beauty-benefits-of-salt-water-for-your-skin/?amp HTTP/2.0" 200 310768 "-" "Mozilla/5.0 (compatible; SeekportBot; +https://bot.seekport.com)"
65.21.35.250 - - [20/Oct/2025:11:11:11 -0400] "GET /9-sizzling-item-songs-of-kareena-kapoor-khan/?amp HTTP/2.0" 200 310738 "-" "Mozilla/5.0 (compatible; SeekportBot; +https://bot.seekport.com)"
65.21.35.250 - - [20/Oct/2025:11:11:14 -0400] "GET /benefits-of-cucumber-juice/?amp HTTP/2.0" 200 310805 "-" "Mozilla/5.0 (compatible; SeekportBot; +https://bot.seekport.com)"
216.244.66.235 - - [20/Oct/2025:11:11:15 -0400] "GET /tag/mba-lessons/ HTTP/2.0" 200 449843 "-" "Mozilla/5.0 (compatible; DotBot/1.2; +https://opensiteexplorer.org/dotbot; [email protected])"
65.21.35.250 - - [20/Oct/2025:11:11:16 -0400] "GET /vegetable-oil-for-hair-growth/?amp HTTP/2.0" 200 311809 "-" "Mozilla/5.0 (compatible; SeekportBot; +https://bot.seekport.com)"
65.21.35.250 - - [20/Oct/2025:11:11:19 -0400] "GET /benefits-of-skimmed-milk/?amp HTTP/2.0" 200 309485 "-" "Mozilla/5.0 (compatible; SeekportBot; +https://bot.seekport.com)"
65.21.35.250 - - [20/Oct/2025:11:11:21 -0400] "GET /6-benefits-rose-water-dry-eyes/?amp HTTP/2.0" 200 310051 "-" "Mozilla/5.0 (compatible; SeekportBot; +https://bot.seekport.com)"
65.21.35.250 - - [20/Oct/2025:11:11:24 -0400] "GET /makeup-hack-dos-donts-makeup-application/?amp HTTP/2.0" 200 312930 "-" "Mozilla/5.0 (compatible; SeekportBot; +https://bot.seekport.com)"
65.21.35.250 - - [20/Oct/2025:11:11:26 -0400] "GET /how-much-milk-you-should-drink-everyday/?amp HTTP/2.0" 200 304741 "-" "Mozilla/5.0 (compatible; SeekportBot; +https://bot.seekport.com)"
2a03:2880:f800:2d:: - - [20/Oct/2025:11:11:27 -0400] "GET /tag/gauhar-khan/ HTTP/2.0" 200 449843 "-" "meta-externalagent/1.1 (+https://developers.facebook.com/docs/sharing/webmasters/crawler)"
2a03:2880:f800:18:: - - [20/Oct/2025:11:11:28 -0400] "GET /foods-to-prevent-blood-clots-stroke/ HTTP/2.0" 200 449843 "-" "meta-externalagent/1.1 (+https://developers.facebook.com/docs/sharing/webmasters/crawler)"
216.244.66.235 - - [20/Oct/2025:11:11:29 -0400] "GET /tag/olive-oil-can-relieve-period-pain/ HTTP/2.0" 200 449843 "-" "Mozilla/5.0 (compatible; DotBot/1.2; +https://opensiteexplorer.org/dotbot; [email protected])"
65.21.35.250 - - [20/Oct/2025:11:11:28 -0400] "GET /tiny-tattoos-with-huge-meanings-for-women/ HTTP/2.0" 200 309598 "-" "Mozilla/5.0 (compatible; SeekportBot; +https://bot.seekport.com)"
65.21.35.250 - - [20/Oct/2025:11:11:33 -0400] "GET /10-health-and-beauty-benefits-of-bottle-gourd-juice/?amp HTTP/2.0" 200 312205 "-" "Mozilla/5.0 (compatible; SeekportBot; +https://bot.seekport.com)"
65.21.35.250 - - [20/Oct/2025:11:11:37 -0400] "GET /mayonnaise-for-face-skin-hair/?amp HTTP/2.0" 200 322287 "-" "Mozilla/5.0 (compatible; SeekportBot; +https://bot.seekport.com)"
159.223.139.13 - - [20/Oct/2025:11:11:37 -0400] "GET /robots.txt HTTP/2.0" 200 449843 "-" "Mozilla/5.0 (Macintosh; Intel Mac OS X 10_15_7) AppleWebKit/537.36 (KHTML, like Gecko) Chrome/135.0.0.0 Safari/537.36"
216.244.66.235 - - [20/Oct/2025:11:11:43 -0400] "GET /tag/slimming-wedding-dresses-for-plus-size/ HTTP/2.0" 200 449843 "-" "Mozilla/5.0 (compatible; DotBot/1.2; +https://opensiteexplorer.org/dotbot; [email protected])"
74.125.217.100 - - [20/Oct/2025:11:11:44 -0400] "GET /latest-beauty-campaign-stars-model-syndrome-guccis-beautiful-gesture-wins-hearts-around/ HTTP/2.0" 200 449843 "-" "Mediapartners-Google"
2a03:2880:f800:3e:: - - [20/Oct/2025:11:11:52 -0400] "GET /simple-tips-to-make-your-foundation-last-longer/ HTTP/2.0" 200 449843 "-" "meta-externalagent/1.1 (+https://developers.facebook.com/docs/sharing/webmasters/crawler)"
2a03:2880:f800:17:: - - [20/Oct/2025:11:11:53 -0400] "GET /trendy-outfits-you-must-try-this-christmas/ HTTP/2.0" 200 449843 "-" "meta-externalagent/1.1 (+https://developers.facebook.com/docs/sharing/webmasters/crawler)"
2a03:2880:f800:a:: - - [20/Oct/2025:11:11:54 -0400] "GET /dessert-special-simple-sweet-potato-halwa-recipe/ HTTP/2.0" 200 449843 "-" "meta-externalagent/1.1 (+https://developers.facebook.com/docs/sharing/webmasters/crawler)"
216.244.66.235 - - [20/Oct/2025:11:11:56 -0400] "GET /tag/storing-eggs/ HTTP/2.0" 200 449843 "-" "Mozilla/5.0 (compatible; DotBot/1.2; +https://opensiteexplorer.org/dotbot; [email protected])"
52.167.144.184 - - [20/Oct/2025:11:12:07 -0400] "GET /10-lipstick-rules-to-get-a-tempting-pout/ HTTP/2.0" 200 449843 "-" "Mozilla/5.0 AppleWebKit/537.36 (KHTML, like Gecko; compatible; bingbot/2.0; +http://www.bing.com/bingbot.htm) Chrome/116.0.1938.76 Safari/537.36"
216.244.66.235 - - [20/Oct/2025:11:12:09 -0400] "GET /tag/sunset-eyeshadow-look/ HTTP/2.0" 200 449843 "-" "Mozilla/5.0 (compatible; DotBot/1.2; +https://opensiteexplorer.org/dotbot; [email protected])"
216.244.66.235 - - [20/Oct/2025:11:12:21 -0400] "GET /tag/treats-and-prevents-acne/ HTTP/2.0" 200 449843 "-" "Mozilla/5.0 (compatible; DotBot/1.2; +https://opensiteexplorer.org/dotbot; [email protected])"
2001:ee0:46d6:9dd1:bd71:5d0b:f44:4407 - - [20/Oct/2025:11:12:21 -0400] "GET /?channel=b1d365&from=article.php%3Fid%3D1082664-8340&l=95547108266400&name=%E3%82%A2%E3%83%87%E3%82%A3%E3%83%80%E3%82%B9%28adidas%29+%E3%82%B5%E3%83%83%E3%82%AB%E3%83%BC%E3%83%9C%E3%83%BC%E3%83%AB5%E5%8F%B7%E7%90%83+%E3%82%A2%E3%83%AB%E3%83%BB%E3%83%AA%E3%83%95%E3%83%A9+%E3%83%97%E3%83%AD+%E5%85%AC%E5%BC%8F%E8%A9%A6%E5%90%88%E7%90%83+AF550 HTTP/2.0" 404 181138 "-" "Mozilla/5.0 (Macintosh; Intel Mac OS X 10_15_6) AppleWebKit/537.36 (KHTML, like Gecko) Chrome/88.0.4324.150 Safari/537.36"
95.108.213.144 - - [20/Oct/2025:11:12:23 -0400] "GET /robots.txt HTTP/2.0" 200 112 "-" "Mozilla/5.0 (compatible; YandexBot/3.0; +http://yandex.com/bots)"
87.250.224.40 - - [20/Oct/2025:11:12:25 -0400] "GET /7-things-only-happy-couples-do-in-a-relationship.html HTTP/2.0" 404 181138 "-" "Mozilla/5.0 (compatible; YandexBot/3.0; +http://yandex.com/bots)"
216.244.66.235 - - [20/Oct/2025:11:12:31 -0400] "GET /tag/aamir-khan-car-number/ HTTP/2.0" 200 449843 "-" "Mozilla/5.0 (compatible; DotBot/1.2; +https://opensiteexplorer.org/dotbot; [email protected])"
2a03:2880:f800:49:: - - [20/Oct/2025:11:12:35 -0400] "GET /tag/lakme-foundation/ HTTP/2.0" 200 449843 "-" "meta-externalagent/1.1 (+https://developers.facebook.com/docs/sharing/webmasters/crawler)"
45.182.150.64 - - [20/Oct/2025:11:12:36 -0400] "GET /188bet-250-860/ HTTP/2.0" 200 310133 "-" "Mozilla/5.0 (Macintosh; Intel Mac OS X 10_8_2) AppleWebKit/537.17 (KHTML, like Gecko) Chrome/24.0.1309.0 Safari/537.17"
216.244.66.235 - - [20/Oct/2025:11:12:41 -0400] "GET /tag/artificial-nails/ HTTP/2.0" 200 449843 "-" "Mozilla/5.0 (compatible; DotBot/1.2; +https://opensiteexplorer.org/dotbot; [email protected])"
216.244.66.235 - - [20/Oct/2025:11:12:51 -0400] "GET /tag/benefits-of-eating-oatmeal-at-night/ HTTP/2.0" 200 449843 "-" "Mozilla/5.0 (compatible; DotBot/1.2; +https://opensiteexplorer.org/dotbot; [email protected])"
2a03:2880:f800:19:: - - [20/Oct/2025:11:13:01 -0400] "GET /relationship-signs-to-be-aware-of/ HTTP/2.0" 200 449843 "-" "meta-externalagent/1.1 (+https://developers.facebook.com/docs/sharing/webmasters/crawler)"
216.244.66.235 - - [20/Oct/2025:11:13:03 -0400] "GET /tag/biggest-bollywood-stars-of-all-time/ HTTP/2.0" 200 449843 "-" "Mozilla/5.0 (compatible; DotBot/1.2; +https://opensiteexplorer.org/dotbot; [email protected])"
216.244.66.235 - - [20/Oct/2025:11:13:14 -0400] "GET /tag/breaking-up-was-the-best-thing-that-happened-to-me/ HTTP/2.0" 200 449843 "-" "Mozilla/5.0 (compatible; DotBot/1.2; +https://opensiteexplorer.org/dotbot; [email protected])"
14.230.6.185 - - [20/Oct/2025:11:13:17 -0400] "GET /usdt-bep20-564/ HTTP/2.0" 200 305938 "-" "Mozilla/5.0 (Macintosh; Intel Mac OS X 10_16_0) AppleWebKit/537.36 (KHTML, like Gecko) Chrome/84.0.4147.89 Safari/537.36"
216.244.66.235 - - [20/Oct/2025:11:13:24 -0400] "GET /tag/chetak-horse-story-in-hindi/ HTTP/2.0" 200 449843 "-" "Mozilla/5.0 (compatible; DotBot/1.2; +https://opensiteexplorer.org/dotbot; [email protected])"
40.77.167.6 - - [20/Oct/2025:11:13:33 -0400] "GET /wp-content/uploads/2016/06/Fitness-Apps2.jpg HTTP/2.0" 200 449843 "-" "Mozilla/5.0 AppleWebKit/537.36 (KHTML, like Gecko; compatible; bingbot/2.0; +http://www.bing.com/bingbot.htm) Chrome/116.0.1938.76 Safari/537.36"
216.244.66.235 - - [20/Oct/2025:11:13:36 -0400] "GET /tag/dahi-bhalla-recipe-pakistani/ HTTP/2.0" 200 449843 "-" "Mozilla/5.0 (compatible; DotBot/1.2; +https://opensiteexplorer.org/dotbot; [email protected])"
40.77.167.6 - - [20/Oct/2025:11:13:37 -0400] "GET /hair-care-hack-8-benefits-of-using-coconut-milk-for-your-hair/feed/ HTTP/2.0" 200 449843 "-" "Mozilla/5.0 AppleWebKit/537.36 (KHTML, like Gecko; compatible; bingbot/2.0; +http://www.bing.com/bingbot.htm) Chrome/116.0.1938.76 Safari/537.36"
216.244.66.235 - - [20/Oct/2025:11:13:52 -0400] "GET /tag/dahi-bhalla-recipe-video/ HTTP/2.0" 200 449843 "-" "Mozilla/5.0 (compatible; DotBot/1.2; +https://opensiteexplorer.org/dotbot; [email protected])"
20.193.135.142 - - [20/Oct/2025:11:13:54 -0400] "POST /wp-login.php HTTP/2.0" 200 6943 "-" "Mozilla/5.0"
20.193.135.142 - - [20/Oct/2025:11:13:54 -0400] "POST /wp-login.php HTTP/2.0" 200 6941 "-" "Mozilla/5.0"
20.193.135.142 - - [20/Oct/2025:11:13:54 -0400] "POST /wp-login.php HTTP/2.0" 200 6907 "-" "Mozilla/5.0"
20.193.135.142 - - [20/Oct/2025:11:13:54 -0400] "POST /wp-login.php HTTP/2.0" 200 6947 "-" "Mozilla/5.0"
2a03:2880:f800:f:: - - [20/Oct/2025:11:14:02 -0400] "GET /things-that-every-backbencher-can-relate-to/ HTTP/2.0" 200 449843 "-" "meta-externalagent/1.1 (+https://developers.facebook.com/docs/sharing/webmasters/crawler)"
216.244.66.235 - - [20/Oct/2025:11:14:08 -0400] "GET /tag/dont-forget-to-carry-shades/ HTTP/2.0" 200 449843 "-" "Mozilla/5.0 (compatible; DotBot/1.2; +https://opensiteexplorer.org/dotbot; [email protected])"
2a03:2880:f800:3d:: - - [20/Oct/2025:11:14:19 -0400] "GET /diy-hairspray-for-dry-and-frizzy-hair/ HTTP/2.0" 200 449843 "-" "meta-externalagent/1.1 (+https://developers.facebook.com/docs/sharing/webmasters/crawler)"
216.244.66.235 - - [20/Oct/2025:11:14:23 -0400] "GET /tag/eat-home-cooked-food/ HTTP/2.0" 200 449843 "-" "Mozilla/5.0 (compatible; DotBot/1.2; +https://opensiteexplorer.org/dotbot; [email protected])"
66.249.74.101 - - [20/Oct/2025:11:14:26 -0400] "GET /here-is-why-eating-corn-during-monsoon-is-good-for-your-health/ HTTP/2.0" 200 449843 "-" "Mozilla/5.0 (Linux; Android 6.0.1; Nexus 5X Build/MMB29P) AppleWebKit/537.36 (KHTML, like Gecko) Chrome/140.0.7339.207 Mobile Safari/537.36 (compatible; Googlebot/2.1; +http://www.google.com/bot.html)"
168.121.40.135 - - [20/Oct/2025:11:14:27 -0400] "GET /777slot-ph-472/ HTTP/2.0" 200 288867 "-" "Mozilla/5.0 (Macintosh; Intel Mac OS X 11_2) AppleWebKit/537.36 (KHTML, like Gecko) Chrome/96.0.4702.147 Safari/537.36"
109.199.112.212 - - [20/Oct/2025:11:14:35 -0400] "POST /wp-login.php HTTP/2.0" 200 6907 "-" "Mozilla/5.0"
109.199.112.212 - - [20/Oct/2025:11:14:35 -0400] "POST /wp-login.php HTTP/2.0" 200 6941 "-" "Mozilla/5.0"
109.199.112.212 - - [20/Oct/2025:11:14:35 -0400] "POST /wp-login.php HTTP/2.0" 200 6947 "-" "Mozilla/5.0"
109.199.112.212 - - [20/Oct/2025:11:14:35 -0400] "POST /wp-login.php HTTP/2.0" 200 6943 "-" "Mozilla/5.0"
216.244.66.235 - - [20/Oct/2025:11:14:38 -0400] "GET /tag/home-remedies-for-acne-scars/ HTTP/2.0" 200 449843 "-" "Mozilla/5.0 (compatible; DotBot/1.2; +https://opensiteexplorer.org/dotbot; [email protected])"
216.244.66.235 - - [20/Oct/2025:11:14:55 -0400] "GET /tag/homemade-birthday-gift-ideas-for-mom-from-daughter/ HTTP/2.0" 200 449843 "-" "Mozilla/5.0 (compatible; DotBot/1.2; +https://opensiteexplorer.org/dotbot; [email protected])"
2a03:2880:f800:6:: - - [20/Oct/2025:11:15:03 -0400] "GET /here-is-how-to-make-cinnamon-balls/ HTTP/2.0" 200 449843 "-" "meta-externalagent/1.1 (+https://developers.facebook.com/docs/sharing/webmasters/crawler)"
2a03:2880:f800:25:: - - [20/Oct/2025:11:15:04 -0400] "GET /tag/easy-mutton-biryani-recipe/ HTTP/2.0" 200 449843 "-" "meta-externalagent/1.1 (+https://developers.facebook.com/docs/sharing/webmasters/crawler)"
213.230.65.2 - - [20/Oct/2025:11:15:06 -0400] "POST /xmlrpc.php HTTP/2.0" 200 403 "https://blushin.com" "Mozilla/5.0 (Windows NT 10.0; Win64; x64; rv:128.0) Gecko/20100101 Firefox/128.0"
216.244.66.235 - - [20/Oct/2025:11:15:12 -0400] "GET /tag/homemade-face-scrub-for-sensitive-skin/ HTTP/2.0" 200 449843 "-" "Mozilla/5.0 (compatible; DotBot/1.2; +https://opensiteexplorer.org/dotbot; [email protected])"
216.244.66.235 - - [20/Oct/2025:11:15:27 -0400] "GET /tag/how-much-iron-in-milk/ HTTP/2.0" 200 449843 "-" "Mozilla/5.0 (compatible; DotBot/1.2; +https://opensiteexplorer.org/dotbot; [email protected])"
216.244.66.235 - - [20/Oct/2025:11:15:40 -0400] "GET /tag/how-to-improve-your-mood-at-work/ HTTP/2.0" 200 449843 "-" "Mozilla/5.0 (compatible; DotBot/1.2; +https://opensiteexplorer.org/dotbot; [email protected])"
216.244.66.235 - - [20/Oct/2025:11:15:53 -0400] "GET /tag/how-to-keep-your-dog-cool-at-night/ HTTP/2.0" 200 449843 "-" "Mozilla/5.0 (compatible; DotBot/1.2; +https://opensiteexplorer.org/dotbot; [email protected])"
216.244.66.235 - - [20/Oct/2025:11:16:05 -0400] "GET /tag/how-to-make-soya-kulcha/ HTTP/2.0" 200 449843 "-" "Mozilla/5.0 (compatible; DotBot/1.2; +https://opensiteexplorer.org/dotbot; [email protected])"
216.244.66.235 - - [20/Oct/2025:11:16:16 -0400] "GET /tag/hydrate-faster-than-water/ HTTP/2.0" 200 449843 "-" "Mozilla/5.0 (compatible; DotBot/1.2; +https://opensiteexplorer.org/dotbot; [email protected])"
223.193.38.246 - - [20/Oct/2025:11:16:21 -0400] "GET /wp-content/uploads/2016/03/Celebrate-Holi15.jpg HTTP/2.0" 200 139890 "-" "Mozilla/5.0 (Windows NT 10.0; Win64; x64) AppleWebKit/537.36 (KHTML, like Gecko) Chrome/103.0.0.0 Safari/537.36"
171.251.3.236 - - [20/Oct/2025:11:16:26 -0400] "GET /tag/free-spin-casino/ HTTP/2.0" 200 228653 "-" "Mozilla/5.0 (Windows NT 6.2; WOW64) AppleWebKit/537.36 (KHTML, like Gecko) Chrome/29.0.1547.2 Safari/537.36"
2a03:2880:f800:13:: - - [20/Oct/2025:11:16:25 -0400] "GET /tag/how-to-make-laddu-with-khoya/ HTTP/2.0" 200 449843 "-" "meta-externalagent/1.1 (+https://developers.facebook.com/docs/sharing/webmasters/crawler)"
216.244.66.235 - - [20/Oct/2025:11:16:27 -0400] "GET /tag/im-not-ready-for-a-relationship-but-i-like-him/ HTTP/2.0" 200 449843 "-" "Mozilla/5.0 (compatible; DotBot/1.2; +https://opensiteexplorer.org/dotbot; [email protected])"
68.221.67.166 - - [20/Oct/2025:11:16:27 -0400] "GET / HTTP/2.0" 200 - "-" "Mozilla/5.0 AppleWebKit/537.36 (KHTML, like Gecko); compatible; ChatGPT-User/1.0; +https://openai.com/bot"
216.244.66.235 - - [20/Oct/2025:11:16:37 -0400] "GET /tag/indian-egg-roll-recipe-step-by-step/ HTTP/2.0" 200 449843 "-" "Mozilla/5.0 (compatible; DotBot/1.2; +https://opensiteexplorer.org/dotbot; [email protected])"
216.244.66.235 - - [20/Oct/2025:11:16:46 -0400] "GET /tag/iron-and-vitamin-c/ HTTP/2.0" 200 449843 "-" "Mozilla/5.0 (compatible; DotBot/1.2; +https://opensiteexplorer.org/dotbot; [email protected])"
216.244.66.235 - - [20/Oct/2025:11:16:58 -0400] "GET /tag/italian-pasta-bean-salad/ HTTP/2.0" 200 449843 "-" "Mozilla/5.0 (compatible; DotBot/1.2; +https://opensiteexplorer.org/dotbot; [email protected])"
216.244.66.235 - - [20/Oct/2025:11:17:09 -0400] "GET /tag/launji-meaning/feed/ HTTP/2.0" 200 449843 "-" "Mozilla/5.0 (compatible; DotBot/1.2; +https://opensiteexplorer.org/dotbot; [email protected])"
2605:340::26d - - [20/Oct/2025:11:17:21 -0400] "GET /wp-content/uploads/2018/01/Your-advice-is-not-going-to-affect-his-ego.jpg HTTP/2.0" 200 69199 "-" "python-requests/2.32.3"
216.244.66.235 - - [20/Oct/2025:11:17:19 -0400] "GET /tag/maintains-blood-pressure-levels/ HTTP/2.0" 200 449843 "-" "Mozilla/5.0 (compatible; DotBot/1.2; +https://opensiteexplorer.org/dotbot; [email protected])"
216.244.66.235 - - [20/Oct/2025:11:17:29 -0400] "GET /tag/mango-and-cardamom-iced-tea/ HTTP/2.0" 200 449843 "-" "Mozilla/5.0 (compatible; DotBot/1.2; +https://opensiteexplorer.org/dotbot; [email protected])"
216.244.66.235 - - [20/Oct/2025:11:17:42 -0400] "GET /tag/meetha-cheela-with-sugar/ HTTP/2.0" 200 449843 "-" "Mozilla/5.0 (compatible; DotBot/1.2; +https://opensiteexplorer.org/dotbot; [email protected])"
216.244.66.235 - - [20/Oct/2025:11:17:58 -0400] "GET /tag/most-followed-indian-on-social-media-2017/ HTTP/2.0" 200 449843 "-" "Mozilla/5.0 (compatible; DotBot/1.2; +https://opensiteexplorer.org/dotbot; [email protected])"
216.244.66.235 - - [20/Oct/2025:11:18:13 -0400] "GET /tag/multani-mitti-for-fairness/ HTTP/2.0" 200 449843 "-" "Mozilla/5.0 (compatible; DotBot/1.2; +https://opensiteexplorer.org/dotbot; [email protected])"
151.244.69.186 - - [20/Oct/2025:11:18:24 -0400] "GET /obzor-aktualnogo-litsenzirovannogo-onlajnkazino/ HTTP/2.0" 404 181138 "-" "Mozilla/5.0 (Windows NT 10.0; Win64; x64) AppleWebKit/537.36 (KHTML, like Gecko) Chrome/94.0.4606.81 Safari/537.36 OPR/80.0.4170.40"
216.244.66.235 - - [20/Oct/2025:11:18:27 -0400] "GET /tag/neck-pain-pillow/ HTTP/2.0" 200 449843 "-" "Mozilla/5.0 (compatible; DotBot/1.2; +https://opensiteexplorer.org/dotbot; [email protected])"
151.244.69.186 - - [20/Oct/2025:11:18:31 -0400] "GET /obzor-aktualnogo-litsenzirovannogo-onlajnkazino/ HTTP/2.0" 404 181138 "-" "Mozilla/5.0 (Windows NT 10.0; Win64; x64) AppleWebKit/537.36 (KHTML, like Gecko) Chrome/94.0.4606.81 Safari/537.36 OPR/80.0.4170.40"
151.244.69.186 - - [20/Oct/2025:11:18:39 -0400] "GET /obzor-aktualnogo-litsenzirovannogo-onlajnkazino/ HTTP/2.0" 404 181138 "-" "Mozilla/5.0 (Windows NT 10.0; Win64; x64) AppleWebKit/537.36 (KHTML, like Gecko) Chrome/94.0.4606.81 Safari/537.36 OPR/80.0.4170.40"
20.193.135.142 - - [20/Oct/2025:11:18:40 -0400] "POST /wp-login.php HTTP/2.0" 200 6907 "-" "Mozilla/5.0"
20.193.135.142 - - [20/Oct/2025:11:18:40 -0400] "POST /wp-login.php HTTP/2.0" 200 6947 "-" "Mozilla/5.0"
20.193.135.142 - - [20/Oct/2025:11:18:40 -0400] "POST /wp-login.php HTTP/2.0" 200 6941 "-" "Mozilla/5.0"
20.193.135.142 - - [20/Oct/2025:11:18:40 -0400] "POST /wp-login.php HTTP/2.0" 200 6943 "-" "Mozilla/5.0"
151.244.69.186 - - [20/Oct/2025:11:18:44 -0400] "GET /obzor-aktualnogo-litsenzirovannogo-onlajnkazino/ HTTP/2.0" 404 181138 "-" "Mozilla/5.0 (Windows NT 10.0; Win64; x64) AppleWebKit/537.36 (KHTML, like Gecko) Chrome/94.0.4606.81 Safari/537.36 OPR/80.0.4170.40"
216.244.66.235 - - [20/Oct/2025:11:18:47 -0400] "GET /tag/nepali-thukpa-recipe/ HTTP/2.0" 200 449843 "-" "Mozilla/5.0 (compatible; DotBot/1.2; +https://opensiteexplorer.org/dotbot; [email protected])"
213.145.75.207 - - [20/Oct/2025:11:18:51 -0400] "GET /obzor-aktualnogo-litsenzirovannogo-onlajnkazino/ HTTP/2.0" 404 181138 "-" "Mozilla/5.0 (Windows NT 10.0; Win64; x64) AppleWebKit/537.36 (KHTML, like Gecko) Chrome/94.0.4606.81 Safari/537.36 OPR/80.0.4170.40"
191.101.89.212 - - [20/Oct/2025:11:19:00 -0400] "GET /obzor-aktualnogo-litsenzirovannogo-onlajnkazino/ HTTP/2.0" 404 181138 "-" "Mozilla/5.0 (Windows NT 10.0; Win64; x64) AppleWebKit/537.36 (KHTML, like Gecko) Chrome/94.0.4606.81 Safari/537.36 OPR/80.0.4170.40"
216.244.66.235 - - [20/Oct/2025:11:19:04 -0400] "GET /tag/oblong-face-shape/ HTTP/2.0" 200 449843 "-" "Mozilla/5.0 (compatible; DotBot/1.2; +https://opensiteexplorer.org/dotbot; [email protected])"
2a03:2880:f800:33:: - - [20/Oct/2025:11:19:08 -0400] "GET /5-soothing-massages-that-can-help-you-de-stress-your-partner/ HTTP/2.0" 200 449843 "-" "meta-externalagent/1.1 (+https://developers.facebook.com/docs/sharing/webmasters/crawler)"
216.244.66.235 - - [20/Oct/2025:11:19:21 -0400] "GET /tag/pantene-pro-v-smooth-sleek-dry-oil-with-argan-oil/ HTTP/2.0" 200 449843 "-" "Mozilla/5.0 (compatible; DotBot/1.2; +https://opensiteexplorer.org/dotbot; [email protected])"
52.167.144.145 - - [20/Oct/2025:11:19:18 -0400] "GET /how-to-remove-unwanted-hair-permanently-at-home/ HTTP/2.0" 200 449843 "-" "Mozilla/5.0 AppleWebKit/537.36 (KHTML, like Gecko; compatible; bingbot/2.0; +http://www.bing.com/bingbot.htm) Chrome/116.0.1938.76 Safari/537.36"
216.244.66.235 - - [20/Oct/2025:11:19:35 -0400] "GET /tag/papaya-and-oatmeal-face-pack/ HTTP/2.0" 200 449843 "-" "Mozilla/5.0 (compatible; DotBot/1.2; +https://opensiteexplorer.org/dotbot; [email protected])"
216.73.216.143 - - [20/Oct/2025:11:19:45 -0400] "GET /tag/weight-loss-herbs-in-ayurveda HTTP/2.0" 200 449843 "-" "Mozilla/5.0 AppleWebKit/537.36 (KHTML, like Gecko; compatible; ClaudeBot/1.0; [email protected])"
2a03:2880:f800:23:: - - [20/Oct/2025:11:19:49 -0400] "GET /potato-curry-recipe-south-indian-style/ HTTP/2.0" 200 449843 "-" "meta-externalagent/1.1 (+https://developers.facebook.com/docs/sharing/webmasters/crawler)"
216.244.66.235 - - [20/Oct/2025:11:19:51 -0400] "GET /tag/pcos-diet-chart/ HTTP/2.0" 200 449843 "-" "Mozilla/5.0 (compatible; DotBot/1.2; +https://opensiteexplorer.org/dotbot; [email protected])"
216.244.66.235 - - [20/Oct/2025:11:20:06 -0400] "GET /tag/periodsheavy-bleeding-in-periods/ HTTP/2.0" 200 449843 "-" "Mozilla/5.0 (compatible; DotBot/1.2; +https://opensiteexplorer.org/dotbot; [email protected])"
2a03:2880:f800:39:: - - [20/Oct/2025:11:20:15 -0400] "GET /paneer-do-pyaza-recipe/ HTTP/2.0" 200 449843 "-" "meta-externalagent/1.1 (+https://developers.facebook.com/docs/sharing/webmasters/crawler)"
65.108.46.72 - - [20/Oct/2025:11:20:16 -0400] "GET /know-about-the-benefits-of-orange-peel-for-hair/ HTTP/2.0" 200 309787 "-" "Mozilla/5.0 (compatible; MJ12bot/v1.4.8; http://mj12bot.com/)"
2a03:2880:f800:9:: - - [20/Oct/2025:11:20:16 -0400] "GET /overusing-these-products-may-cause-more-harm-than-good/ HTTP/2.0" 200 449843 "-" "meta-externalagent/1.1 (+https://developers.facebook.com/docs/sharing/webmasters/crawler)"
65.108.46.72 - - [20/Oct/2025:11:20:19 -0400] "GET /mayonnaise-for-face-skin-hair/ HTTP/2.0" 200 322287 "-" "Mozilla/5.0 (compatible; MJ12bot/v1.4.8; http://mj12bot.com/)"
216.244.66.235 - - [20/Oct/2025:11:20:21 -0400] "GET /tag/plantains-in-spanish/ HTTP/2.0" 200 449843 "-" "Mozilla/5.0 (compatible; DotBot/1.2; +https://opensiteexplorer.org/dotbot; [email protected])"
216.244.66.235 - - [20/Oct/2025:11:20:36 -0400] "GET /tag/quick-weight-loss-foods/ HTTP/2.0" 200 449843 "-" "Mozilla/5.0 (compatible; DotBot/1.2; +https://opensiteexplorer.org/dotbot; [email protected])"
216.244.66.235 - - [20/Oct/2025:11:20:49 -0400] "GET /tag/red-sandalwood/ HTTP/2.0" 200 449843 "-" "Mozilla/5.0 (compatible; DotBot/1.2; +https://opensiteexplorer.org/dotbot; [email protected])"
216.244.66.235 - - [20/Oct/2025:11:21:01 -0400] "GET /tag/sendha-namak-for-health/ HTTP/2.0" 200 449843 "-" "Mozilla/5.0 (compatible; DotBot/1.2; +https://opensiteexplorer.org/dotbot; [email protected])"
216.244.66.235 - - [20/Oct/2025:11:21:13 -0400] "GET /tag/st-barts/ HTTP/2.0" 200 449843 "-" "Mozilla/5.0 (compatible; DotBot/1.2; +https://opensiteexplorer.org/dotbot; [email protected])"
66.249.74.107 - - [20/Oct/2025:11:21:19 -0400] "GET /benefits-of-walking/ HTTP/2.0" 200 449843 "-" "Mozilla/5.0 (Linux; Android 6.0.1; Nexus 5X Build/MMB29P) AppleWebKit/537.36 (KHTML, like Gecko) Chrome/140.0.7339.207 Mobile Safari/537.36 (compatible; Googlebot/2.1; +http://www.google.com/bot.html)"
216.244.66.235 - - [20/Oct/2025:11:21:23 -0400] "GET /tag/taani/ HTTP/2.0" 200 449843 "-" "Mozilla/5.0 (compatible; DotBot/1.2; +https://opensiteexplorer.org/dotbot; [email protected])"
156.155.26.39 - - [20/Oct/2025:11:21:23 -0400] "GET /category/20bet-casino-review-412/ HTTP/2.0" 200 218424 "-" "Mozilla/5.0 (Windows NT 10.0; Win64; x64) AppleWebKit/537.36 (KHTML, like Gecko) Chrome/74.0.3729.169 Safari/537.36"
216.73.216.143 - - [20/Oct/2025:11:21:32 -0400] "GET /tag/happy-love HTTP/2.0" 200 449843 "-" "Mozilla/5.0 AppleWebKit/537.36 (KHTML, like Gecko; compatible; ClaudeBot/1.0; [email protected])"
216.244.66.235 - - [20/Oct/2025:11:21:44 -0400] "GET /tag/taimur-ali-khan-latest-pic/ HTTP/2.0" 200 449843 "-" "Mozilla/5.0 (compatible; DotBot/1.2; +https://opensiteexplorer.org/dotbot; [email protected])"
217.113.196.71 - - [20/Oct/2025:11:21:49 -0400] "GET /bet-20-201/ HTTP/2.0" 200 303933 "-" "Mozilla/5.0 (compatible; IbouBot/1.0; [email protected]; +https://ibou.io/iboubot.html)"
216.244.66.235 - - [20/Oct/2025:11:22:03 -0400] "GET /tag/training-bras/ HTTP/2.0" 200 449843 "-" "Mozilla/5.0 (compatible; DotBot/1.2; +https://opensiteexplorer.org/dotbot; [email protected])"
2a03:2880:f800:1d:: - - [20/Oct/2025:11:22:08 -0400] "GET /tag/nisha-madhulika-breakfast-recipe-in-hindi/ HTTP/2.0" 200 449843 "-" "meta-externalagent/1.1 (+https://developers.facebook.com/docs/sharing/webmasters/crawler)"
216.244.66.235 - - [20/Oct/2025:11:22:20 -0400] "GET /tag/traveling-in-your-20s/ HTTP/2.0" 200 449843 "-" "Mozilla/5.0 (compatible; DotBot/1.2; +https://opensiteexplorer.org/dotbot; [email protected])"
2a03:2880:f800:46:: - - [20/Oct/2025:11:22:27 -0400] "GET /white-onion-health-benefits/ HTTP/2.0" 200 449843 "-" "meta-externalagent/1.1 (+https://developers.facebook.com/docs/sharing/webmasters/crawler)"
47.128.110.90 - - [20/Oct/2025:11:22:36 -0400] "GET /6-rules-women-should-follow-on-their-first-date/ HTTP/2.0" 200 74293 "-" "Mozilla/5.0 (Linux; Android 5.0) AppleWebKit/537.36 (KHTML, like Gecko) Mobile Safari/537.36 (compatible; TikTokSpider; [email protected])"
216.73.216.143 - - [20/Oct/2025:11:22:35 -0400] "GET /tag/blonde-hair HTTP/2.0" 200 449843 "-" "Mozilla/5.0 AppleWebKit/537.36 (KHTML, like Gecko; compatible; ClaudeBot/1.0; [email protected])"
216.244.66.235 - - [20/Oct/2025:11:22:36 -0400] "GET /tag/tricolour-nail-art/ HTTP/2.0" 200 449843 "-" "Mozilla/5.0 (compatible; DotBot/1.2; +https://opensiteexplorer.org/dotbot; [email protected])"
47.128.110.90 - - [20/Oct/2025:11:22:40 -0400] "GET /wp-content/uploads/2018/01/date-1.jpg HTTP/2.0" 200 74787 "https://blushin.com/6-rules-women-should-follow-on-their-first-date/" "Mozilla/5.0 (Linux; Android 5.0) AppleWebKit/537.36 (KHTML, like Gecko) Mobile Safari/537.36 (compatible; TikTokSpider; [email protected])"
47.128.110.90 - - [20/Oct/2025:11:22:43 -0400] "GET /wp-content/uploads/2018/01/date-2.jpg HTTP/2.0" 200 51622 "https://blushin.com/6-rules-women-should-follow-on-their-first-date/" "Mozilla/5.0 (Linux; Android 5.0) AppleWebKit/537.36 (KHTML, like Gecko) Mobile Safari/537.36 (compatible; TikTokSpider; [email protected])"
47.128.110.90 - - [20/Oct/2025:11:22:43 -0400] "GET /wp-content/uploads/2018/01/coooo.png HTTP/2.0" 200 327227 "https://blushin.com/6-rules-women-should-follow-on-their-first-date/" "Mozilla/5.0 (Linux; Android 5.0) AppleWebKit/537.36 (KHTML, like Gecko) Mobile Safari/537.36 (compatible; TikTokSpider; [email protected])"
47.128.110.90 - - [20/Oct/2025:11:22:44 -0400] "GET /wp-content/uploads/2018/01/date-3.jpg HTTP/2.0" 200 66420 "https://blushin.com/6-rules-women-should-follow-on-their-first-date/" "Mozilla/5.0 (Linux; Android 5.0) AppleWebKit/537.36 (KHTML, like Gecko) Mobile Safari/537.36 (compatible; TikTokSpider; [email protected])"
47.128.110.90 - - [20/Oct/2025:11:22:44 -0400] "GET /wp-content/uploads/2020/12/Benefits-Of-Curd-For-Acidity-265x198.jpg HTTP/2.0" 304 - "https://blushin.com/6-rules-women-should-follow-on-their-first-date/" "Mozilla/5.0 (Linux; Android 5.0) AppleWebKit/537.36 (KHTML, like Gecko) Mobile Safari/537.36 (compatible; TikTokSpider; [email protected])"
47.128.110.90 - - [20/Oct/2025:11:22:44 -0400] "GET /wp-content/uploads/2020/12/Is-Papaya-Good-For-Diabetes-Everything-You-Need-To-Know-265x198.jpg HTTP/2.0" 304 - "https://blushin.com/6-rules-women-should-follow-on-their-first-date/" "Mozilla/5.0 (Linux; Android 5.0) AppleWebKit/537.36 (KHTML, like Gecko) Mobile Safari/537.36 (compatible; TikTokSpider; [email protected])"
47.128.110.90 - - [20/Oct/2025:11:22:44 -0400] "GET /wp-content/uploads/2020/12/Jaggery-VS-Brown-Sugar-Which-Is-Healthier-Know-The-Difference-265x198.jpg HTTP/2.0" 304 - "https://blushin.com/6-rules-women-should-follow-on-their-first-date/" "Mozilla/5.0 (Linux; Android 5.0) AppleWebKit/537.36 (KHTML, like Gecko) Mobile Safari/537.36 (compatible; TikTokSpider; [email protected])"
216.73.216.143 - - [20/Oct/2025:11:22:43 -0400] "GET /tag/naturally-straighten-hair HTTP/2.0" 200 449843 "-" "Mozilla/5.0 AppleWebKit/537.36 (KHTML, like Gecko; compatible; ClaudeBot/1.0; [email protected])"
47.128.110.90 - - [20/Oct/2025:11:22:46 -0400] "GET /wp-content/uploads/2018/01/date-4.jpg HTTP/2.0" 200 110864 "https://blushin.com/6-rules-women-should-follow-on-their-first-date/" "Mozilla/5.0 (Linux; Android 5.0) AppleWebKit/537.36 (KHTML, like Gecko) Mobile Safari/537.36 (compatible; TikTokSpider; [email protected])"
47.128.110.90 - - [20/Oct/2025:11:22:46 -0400] "GET /wp-content/uploads/2018/01/date-5.jpg HTTP/2.0" 200 80856 "https://blushin.com/6-rules-women-should-follow-on-their-first-date/" "Mozilla/5.0 (Linux; Android 5.0) AppleWebKit/537.36 (KHTML, like Gecko) Mobile Safari/537.36 (compatible; TikTokSpider; [email protected])"
47.128.110.90 - - [20/Oct/2025:11:22:46 -0400] "GET /wp-content/uploads/2018/01/date6.jpg HTTP/2.0" 200 82255 "https://blushin.com/6-rules-women-should-follow-on-their-first-date/" "Mozilla/5.0 (Linux; Android 5.0) AppleWebKit/537.36 (KHTML, like Gecko) Mobile Safari/537.36 (compatible; TikTokSpider; [email protected])"
216.244.66.235 - - [20/Oct/2025:11:22:51 -0400] "GET /tag/true-friends-in-bollywood/ HTTP/2.0" 200 449843 "-" "Mozilla/5.0 (compatible; DotBot/1.2; +https://opensiteexplorer.org/dotbot; [email protected])"
216.244.66.235 - - [20/Oct/2025:11:23:06 -0400] "GET /tag/try-out-different-brands/ HTTP/2.0" 200 449843 "-" "Mozilla/5.0 (compatible; DotBot/1.2; +https://opensiteexplorer.org/dotbot; [email protected])"
2a03:2880:f800:21:: - - [20/Oct/2025:11:23:11 -0400] "GET /tag/lose-5kg-in-a-week-guaranteed/ HTTP/2.0" 200 449843 "-" "meta-externalagent/1.1 (+https://developers.facebook.com/docs/sharing/webmasters/crawler)"
2a03:2880:f800:3d:: - - [20/Oct/2025:11:23:12 -0400] "GET /tag/salman-khan-relationship/ HTTP/2.0" 200 449843 "-" "meta-externalagent/1.1 (+https://developers.facebook.com/docs/sharing/webmasters/crawler)"
2a03:2880:f800:12:: - - [20/Oct/2025:11:23:13 -0400] "GET /diy-home-remedies-to-lighten-private-parts/ HTTP/2.0" 200 449843 "-" "meta-externalagent/1.1 (+https://developers.facebook.com/docs/sharing/webmasters/crawler)"
20.193.135.142 - - [20/Oct/2025:11:23:19 -0400] "POST /wp-login.php HTTP/2.0" 200 6941 "-" "Mozilla/5.0"
20.193.135.142 - - [20/Oct/2025:11:23:19 -0400] "POST /wp-login.php HTTP/2.0" 200 6947 "-" "Mozilla/5.0"
20.193.135.142 - - [20/Oct/2025:11:23:19 -0400] "POST /wp-login.php HTTP/2.0" 200 6943 "-" "Mozilla/5.0"
20.193.135.142 - - [20/Oct/2025:11:23:19 -0400] "POST /wp-login.php HTTP/2.0" 200 6907 "-" "Mozilla/5.0"
216.244.66.235 - - [20/Oct/2025:11:23:19 -0400] "GET /tag/ultimate-style-guide/ HTTP/2.0" 200 449843 "-" "Mozilla/5.0 (compatible; DotBot/1.2; +https://opensiteexplorer.org/dotbot; [email protected])"
216.244.66.235 - - [20/Oct/2025:11:23:33 -0400] "GET /tag/virat-kohli-family/ HTTP/2.0" 200 449843 "-" "Mozilla/5.0 (compatible; DotBot/1.2; +https://opensiteexplorer.org/dotbot; [email protected])"
2a03:2880:f800:a:: - - [20/Oct/2025:11:23:51 -0400] "GET /tag/i-loveyou-in-manipuri/ HTTP/2.0" 200 449843 "-" "meta-externalagent/1.1 (+https://developers.facebook.com/docs/sharing/webmasters/crawler)"
216.244.66.235 - - [20/Oct/2025:11:23:53 -0400] "GET /tag/vitamin-e-on-face-before-bed/ HTTP/2.0" 200 449843 "-" "Mozilla/5.0 (compatible; DotBot/1.2; +https://opensiteexplorer.org/dotbot; [email protected])"
54.236.1.52 - - [20/Oct/2025:11:23:57 -0400] "GET /use-tea-tree-oil-to-get-rid-of-moles/ HTTP/2.0" 200 449843 "-" "Mozilla/5.0 (compatible; Pinterestbot/1.0; +http://www.pinterest.com/bot.html)"
216.244.66.235 - - [20/Oct/2025:11:24:09 -0400] "GET /tag/washing-cotton-clothes/ HTTP/2.0" 200 449843 "-" "Mozilla/5.0 (compatible; DotBot/1.2; +https://opensiteexplorer.org/dotbot; [email protected])"
2a03:2880:f800:3c:: - - [20/Oct/2025:11:24:11 -0400] "GET /how-many-times-a-week-should-you-oil-your-hair/ HTTP/2.0" 200 449843 "-" "meta-externalagent/1.1 (+https://developers.facebook.com/docs/sharing/webmasters/crawler)"
2a03:2880:f800:3f:: - - [20/Oct/2025:11:24:11 -0400] "GET /tag/hrithik-roshan-and-harman-baweja/ HTTP/2.0" 200 449843 "-" "meta-externalagent/1.1 (+https://developers.facebook.com/docs/sharing/webmasters/crawler)"
216.73.216.143 - - [20/Oct/2025:11:24:13 -0400] "GET /home-remedies-to-cure-sun-bruised-skin-during-summers HTTP/2.0" 200 449843 "-" "Mozilla/5.0 AppleWebKit/537.36 (KHTML, like Gecko; compatible; ClaudeBot/1.0; [email protected])"
91.92.240.238 - - [20/Oct/2025:11:24:19 -0400] "POST /wp-login.php?action=register HTTP/2.0" 302 - "-" "-"
91.92.240.238 - - [20/Oct/2025:11:24:21 -0400] "POST /wp-login.php?action=register HTTP/2.0" 302 - "-" "-"
91.92.240.238 - - [20/Oct/2025:11:24:22 -0400] "POST /wp-login.php?action=register HTTP/2.0" 302 - "-" "-"
91.92.240.238 - - [20/Oct/2025:11:24:23 -0400] "POST /wp-login.php?action=register HTTP/2.0" 302 - "-" "-"
91.92.240.238 - - [20/Oct/2025:11:24:24 -0400] "POST /wp-login.php?action=register HTTP/2.0" 302 - "-" "-"
91.92.240.238 - - [20/Oct/2025:11:24:25 -0400] "POST /wp-login.php?action=register HTTP/2.0" 302 - "-" "-"
191.253.126.197 - - [20/Oct/2025:11:24:24 -0400] "GET /nv-kasyno-20-euro-236/ HTTP/2.0" 200 286153 "-" "Mozilla/5.0 (Windows NT 6.1; WOW64) AppleWebKit/537.36 (KHTML, like Gecko) Chrome/104.0.0.0 Safari/537.36"
91.92.240.238 - - [20/Oct/2025:11:24:27 -0400] "POST /wp-login.php?action=register HTTP/2.0" 302 - "-" "-"
216.244.66.235 - - [20/Oct/2025:11:24:26 -0400] "GET /tag/what-do-parents-usually-fight-about/ HTTP/2.0" 200 449843 "-" "Mozilla/5.0 (compatible; DotBot/1.2; +https://opensiteexplorer.org/dotbot; [email protected])"
91.92.240.238 - - [20/Oct/2025:11:24:28 -0400] "POST /wp-login.php?action=register HTTP/2.0" 302 - "-" "-"
91.92.240.238 - - [20/Oct/2025:11:24:29 -0400] "POST /wp-login.php?action=register HTTP/2.0" 302 - "-" "-"
216.73.216.143 - - [20/Oct/2025:11:24:29 -0400] "GET /tag/dry-grapes-benefits-for-health HTTP/2.0" 200 449843 "-" "Mozilla/5.0 AppleWebKit/537.36 (KHTML, like Gecko; compatible; ClaudeBot/1.0; [email protected])"
91.92.240.238 - - [20/Oct/2025:11:24:30 -0400] "POST /wp-login.php?action=register HTTP/2.0" 302 - "-" "-"
91.92.240.238 - - [20/Oct/2025:11:24:31 -0400] "POST /wp-login.php?action=register HTTP/2.0" 302 - "-" "-"
91.92.240.238 - - [20/Oct/2025:11:24:32 -0400] "POST /wp-login.php?action=register HTTP/2.0" 302 - "-" "-"
91.92.240.238 - - [20/Oct/2025:11:24:34 -0400] "POST /wp-login.php?action=register HTTP/2.0" 302 - "-" "-"
91.92.240.238 - - [20/Oct/2025:11:24:36 -0400] "POST /wp-login.php?action=register HTTP/2.0" 302 - "-" "-"
91.92.240.238 - - [20/Oct/2025:11:24:37 -0400] "POST /wp-login.php?action=register HTTP/2.0" 302 - "-" "-"
91.92.240.238 - - [20/Oct/2025:11:24:38 -0400] "POST /wp-login.php?action=register HTTP/2.0" 302 - "-" "-"
2a03:2880:f800:3a:: - - [20/Oct/2025:11:24:38 -0400] "GET /tag/bade-acche-lagte-hain/ HTTP/2.0" 200 449843 "-" "meta-externalagent/1.1 (+https://developers.facebook.com/docs/sharing/webmasters/crawler)"
91.92.240.238 - - [20/Oct/2025:11:24:39 -0400] "POST /wp-login.php?action=register HTTP/2.0" 302 - "-" "-"
91.92.240.238 - - [20/Oct/2025:11:24:40 -0400] "POST /wp-login.php?action=register HTTP/2.0" 302 - "-" "-"
91.92.240.238 - - [20/Oct/2025:11:24:42 -0400] "POST /wp-login.php?action=register HTTP/2.0" 302 - "-" "-"
216.244.66.235 - - [20/Oct/2025:11:24:41 -0400] "GET /tag/what-to-do-with-my-life-at-40/ HTTP/2.0" 200 449843 "-" "Mozilla/5.0 (compatible; DotBot/1.2; +https://opensiteexplorer.org/dotbot; [email protected])"
91.92.240.238 - - [20/Oct/2025:11:24:43 -0400] "POST /wp-login.php?action=register HTTP/2.0" 302 - "-" "-"
91.92.240.238 - - [20/Oct/2025:11:24:44 -0400] "POST /wp-login.php?action=register HTTP/2.0" 302 - "-" "-"
91.92.240.238 - - [20/Oct/2025:11:24:45 -0400] "POST /wp-login.php?action=register HTTP/2.0" 302 - "-" "-"
216.73.216.143 - - [20/Oct/2025:11:24:43 -0400] "GET /neem-leaves-to-treat-dengue-fever HTTP/2.0" 200 449843 "-" "Mozilla/5.0 AppleWebKit/537.36 (KHTML, like Gecko; compatible; ClaudeBot/1.0; [email protected])"
91.92.240.238 - - [20/Oct/2025:11:24:46 -0400] "POST /wp-login.php?action=register HTTP/2.0" 302 - "-" "-"
91.92.240.238 - - [20/Oct/2025:11:24:47 -0400] "POST /wp-login.php?action=register HTTP/2.0" 302 - "-" "-"
91.92.240.238 - - [20/Oct/2025:11:24:49 -0400] "POST /wp-login.php?action=register HTTP/2.0" 302 - "-" "-"
91.92.240.238 - - [20/Oct/2025:11:24:49 -0400] "POST /wp-login.php?action=register HTTP/2.0" 302 - "-" "-"
91.92.240.238 - - [20/Oct/2025:11:24:51 -0400] "POST /wp-login.php?action=register HTTP/2.0" 302 - "-" "-"
91.92.240.238 - - [20/Oct/2025:11:24:52 -0400] "POST /wp-login.php?action=register HTTP/2.0" 302 - "-" "-"
91.92.240.238 - - [20/Oct/2025:11:24:53 -0400] "POST /wp-login.php?action=register HTTP/2.0" 302 - "-" "-"
91.92.240.238 - - [20/Oct/2025:11:24:54 -0400] "POST /wp-login.php?action=register HTTP/2.0" 302 - "-" "-"
91.92.240.238 - - [20/Oct/2025:11:24:55 -0400] "POST /wp-login.php?action=register HTTP/2.0" 302 - "-" "-"
91.92.240.238 - - [20/Oct/2025:11:24:56 -0400] "POST /wp-login.php?action=register HTTP/2.0" 302 - "-" "-"
216.244.66.235 - - [20/Oct/2025:11:24:55 -0400] "GET /tag/when-you-lose-weight-do-stretch-marks-go-away/feed/ HTTP/2.0" 200 449843 "-" "Mozilla/5.0 (compatible; DotBot/1.2; +https://opensiteexplorer.org/dotbot; [email protected])"
91.92.240.238 - - [20/Oct/2025:11:24:57 -0400] "POST /wp-login.php?action=register HTTP/2.0" 302 - "-" "-"
91.92.240.238 - - [20/Oct/2025:11:24:58 -0400] "POST /wp-login.php?action=register HTTP/2.0" 302 - "-" "-"
91.92.240.238 - - [20/Oct/2025:11:24:59 -0400] "POST /wp-login.php?action=register HTTP/2.0" 302 - "-" "-"
91.92.240.238 - - [20/Oct/2025:11:25:00 -0400] "POST /wp-login.php?action=register HTTP/2.0" 302 - "-" "-"
91.92.240.238 - - [20/Oct/2025:11:25:01 -0400] "POST /wp-login.php?action=register HTTP/2.0" 302 - "-" "-"
91.92.240.238 - - [20/Oct/2025:11:25:03 -0400] "POST /wp-login.php?action=register HTTP/2.0" 302 - "-" "-"
91.92.240.238 - - [20/Oct/2025:11:25:04 -0400] "POST /wp-login.php?action=register HTTP/2.0" 302 - "-" "-"
91.92.240.238 - - [20/Oct/2025:11:25:06 -0400] "POST /wp-login.php?action=register HTTP/2.0" 302 - "-" "-"
91.92.240.238 - - [20/Oct/2025:11:25:07 -0400] "POST /wp-login.php?action=register HTTP/2.0" 302 - "-" "-"
91.92.240.238 - - [20/Oct/2025:11:25:08 -0400] "POST /wp-login.php?action=register HTTP/2.0" 302 - "-" "-"
216.244.66.235 - - [20/Oct/2025:11:25:09 -0400] "GET /tag/white-highlighter/ HTTP/2.0" 200 449843 "-" "Mozilla/5.0 (compatible; DotBot/1.2; +https://opensiteexplorer.org/dotbot; [email protected])"
91.92.240.238 - - [20/Oct/2025:11:25:09 -0400] "POST /wp-login.php?action=register HTTP/2.0" 302 - "-" "-"
2a03:2880:f800:7:: - - [20/Oct/2025:11:25:09 -0400] "GET /tag/raw-milk-vs-boiled-milk/ HTTP/2.0" 200 449843 "-" "meta-externalagent/1.1 (+https://developers.facebook.com/docs/sharing/webmasters/crawler)"
91.92.240.238 - - [20/Oct/2025:11:25:11 -0400] "POST /wp-login.php?action=register HTTP/2.0" 302 - "-" "-"
2a03:2880:f800:36:: - - [20/Oct/2025:11:25:10 -0400] "GET /best-lip-makeup-tips/ HTTP/2.0" 200 449843 "-" "meta-externalagent/1.1 (+https://developers.facebook.com/docs/sharing/webmasters/crawler)"
102.66.135.101 - - [20/Oct/2025:11:25:10 -0400] "GET /bizzo-casino-promo-code-937/ HTTP/2.0" 404 181138 "-" "Mozilla/5.0 (Macintosh; Intel Mac OS X 10_15_7) AppleWebKit/537.36 (KHTML, like Gecko) Chrome/92.0.4515.69 Safari/537.36"
91.92.240.238 - - [20/Oct/2025:11:25:12 -0400] "POST /wp-login.php?action=register HTTP/2.0" 302 - "-" "-"
91.92.240.238 - - [20/Oct/2025:11:25:13 -0400] "POST /wp-login.php?action=register HTTP/2.0" 302 - "-" "-"
91.92.240.238 - - [20/Oct/2025:11:25:14 -0400] "POST /wp-login.php?action=register HTTP/2.0" 302 - "-" "-"
91.92.240.238 - - [20/Oct/2025:11:25:16 -0400] "POST /wp-login.php?action=register HTTP/2.0" 302 - "-" "-"
91.92.240.238 - - [20/Oct/2025:11:25:17 -0400] "POST /wp-login.php?action=register HTTP/2.0" 302 - "-" "-"
91.92.240.238 - - [20/Oct/2025:11:25:18 -0400] "POST /wp-login.php?action=register HTTP/2.0" 302 - "-" "-"
91.92.240.238 - - [20/Oct/2025:11:25:20 -0400] "POST /wp-login.php?action=register HTTP/2.0" 302 - "-" "-"
91.92.240.238 - - [20/Oct/2025:11:25:21 -0400] "POST /wp-login.php?action=register HTTP/2.0" 302 - "-" "-"
216.244.66.235 - - [20/Oct/2025:11:25:20 -0400] "GET /tag/winter-skincare-hacks/ HTTP/2.0" 200 449843 "-" "Mozilla/5.0 (compatible; DotBot/1.2; +https://opensiteexplorer.org/dotbot; [email protected])"
91.92.240.238 - - [20/Oct/2025:11:25:22 -0400] "POST /wp-login.php?action=register HTTP/2.0" 302 - "-" "-"
91.92.240.238 - - [20/Oct/2025:11:25:23 -0400] "POST /wp-login.php?action=register HTTP/2.0" 302 - "-" "-"
91.92.240.238 - - [20/Oct/2025:11:25:24 -0400] "POST /wp-login.php?action=register HTTP/2.0" 302 - "-" "-"
91.92.240.238 - - [20/Oct/2025:11:25:25 -0400] "POST /wp-login.php?action=register HTTP/2.0" 302 - "-" "-"
91.92.240.238 - - [20/Oct/2025:11:25:26 -0400] "POST /wp-login.php?action=register HTTP/2.0" 302 - "-" "-"
2001:ee0:4b41:ff04:4d8:69fa:1417:7fca - - [20/Oct/2025:11:25:26 -0400] "GET /category/hell-spin-promo-code-300/ HTTP/2.0" 200 221148 "-" "Mozilla/5.0 (Macintosh; Intel Mac OS X 10_14_5) AppleWebKit/537.36 (KHTML, like Gecko) Chrome/89.0.4389.90 Safari/537.36"
91.92.240.238 - - [20/Oct/2025:11:25:28 -0400] "POST /wp-login.php?action=register HTTP/2.0" 302 - "-" "-"
91.92.240.238 - - [20/Oct/2025:11:25:29 -0400] "POST /wp-login.php?action=register HTTP/2.0" 302 - "-" "-"
91.92.240.238 - - [20/Oct/2025:11:25:30 -0400] "POST /wp-login.php?action=register HTTP/2.0" 302 - "-" "-"
91.92.240.238 - - [20/Oct/2025:11:25:31 -0400] "POST /wp-login.php?action=register HTTP/2.0" 302 - "-" "-"
216.244.66.235 - - [20/Oct/2025:11:25:31 -0400] "GET /tag/an-unbelievable-proposal-for-an-unusual-beauty-queen/ HTTP/2.0" 200 449843 "-" "Mozilla/5.0 (compatible; DotBot/1.2; +https://opensiteexplorer.org/dotbot; [email protected])"
91.92.240.238 - - [20/Oct/2025:11:25:33 -0400] "POST /wp-login.php?action=register HTTP/2.0" 302 - "-" "-"
91.92.240.238 - - [20/Oct/2025:11:25:35 -0400] "POST /wp-login.php?action=register HTTP/2.0" 302 - "-" "-"
91.92.240.238 - - [20/Oct/2025:11:25:36 -0400] "POST /wp-login.php?action=register HTTP/2.0" 302 - "-" "-"
91.92.240.238 - - [20/Oct/2025:11:25:38 -0400] "POST /wp-login.php?action=register HTTP/2.0" 302 - "-" "-"
91.92.240.238 - - [20/Oct/2025:11:25:39 -0400] "POST /wp-login.php?action=register HTTP/2.0" 302 - "-" "-"
91.92.240.238 - - [20/Oct/2025:11:25:40 -0400] "POST /wp-login.php?action=register HTTP/2.0" 302 - "-" "-"
91.92.240.238 - - [20/Oct/2025:11:25:41 -0400] "POST /wp-login.php?action=register HTTP/2.0" 302 - "-" "-"
216.244.66.235 - - [20/Oct/2025:11:25:41 -0400] "GET /tag/bending-during-pregnancy-third-trimester/ HTTP/2.0" 200 449843 "-" "Mozilla/5.0 (compatible; DotBot/1.2; +https://opensiteexplorer.org/dotbot; [email protected])"
91.92.240.238 - - [20/Oct/2025:11:25:42 -0400] "POST /wp-login.php?action=register HTTP/2.0" 302 - "-" "-"
91.92.240.238 - - [20/Oct/2025:11:25:44 -0400] "POST /wp-login.php?action=register HTTP/2.0" 302 - "-" "-"
91.92.240.238 - - [20/Oct/2025:11:25:45 -0400] "POST /wp-login.php?action=register HTTP/2.0" 302 - "-" "-"
91.92.240.238 - - [20/Oct/2025:11:25:46 -0400] "POST /wp-login.php?action=register HTTP/2.0" 302 - "-" "-"
91.92.240.238 - - [20/Oct/2025:11:25:47 -0400] "POST /wp-login.php?action=register HTTP/2.0" 302 - "-" "-"
91.92.240.238 - - [20/Oct/2025:11:25:49 -0400] "POST /wp-login.php?action=register HTTP/2.0" 302 - "-" "-"
135.235.193.179 - - [20/Oct/2025:11:25:49 -0400] "POST /wp-login.php HTTP/2.0" 200 6907 "-" "Mozilla/5.0"
135.235.193.179 - - [20/Oct/2025:11:25:49 -0400] "POST /wp-login.php HTTP/2.0" 200 6947 "-" "Mozilla/5.0"
135.235.193.179 - - [20/Oct/2025:11:25:49 -0400] "POST /wp-login.php HTTP/2.0" 200 6943 "-" "Mozilla/5.0"
135.235.193.179 - - [20/Oct/2025:11:25:49 -0400] "POST /wp-login.php HTTP/2.0" 200 6941 "-" "Mozilla/5.0"
91.92.240.238 - - [20/Oct/2025:11:25:50 -0400] "POST /wp-login.php?action=register HTTP/2.0" 302 - "-" "-"
216.244.66.235 - - [20/Oct/2025:11:25:50 -0400] "GET /tag/best-bollywood-couples-in-real-life/ HTTP/2.0" 200 449843 "-" "Mozilla/5.0 (compatible; DotBot/1.2; +https://opensiteexplorer.org/dotbot; [email protected])"
91.92.240.238 - - [20/Oct/2025:11:25:51 -0400] "POST /wp-login.php?action=register HTTP/2.0" 302 - "-" "-"
91.92.240.238 - - [20/Oct/2025:11:25:52 -0400] "POST /wp-login.php?action=register HTTP/2.0" 302 - "-" "-"
91.92.240.238 - - [20/Oct/2025:11:25:53 -0400] "POST /wp-login.php?action=register HTTP/2.0" 302 - "-" "-"
91.92.240.238 - - [20/Oct/2025:11:25:54 -0400] "POST /wp-login.php?action=register HTTP/2.0" 302 - "-" "-"
91.92.240.238 - - [20/Oct/2025:11:25:56 -0400] "POST /wp-login.php?action=register HTTP/2.0" 302 - "-" "-"
91.92.240.238 - - [20/Oct/2025:11:25:57 -0400] "POST /wp-login.php?action=register HTTP/2.0" 302 - "-" "-"
216.244.66.235 - - [20/Oct/2025:11:25:58 -0400] "GET /tag/breakup-advice/feed/ HTTP/2.0" 200 449843 "-" "Mozilla/5.0 (compatible; DotBot/1.2; +https://opensiteexplorer.org/dotbot; [email protected])"
91.92.240.238 - - [20/Oct/2025:11:25:58 -0400] "POST /wp-login.php?action=register HTTP/2.0" 302 - "-" "-"
91.92.240.238 - - [20/Oct/2025:11:26:00 -0400] "POST /wp-login.php?action=register HTTP/2.0" 302 - "-" "-"
91.92.240.238 - - [20/Oct/2025:11:26:01 -0400] "POST /wp-login.php?action=register HTTP/2.0" 302 - "-" "-"
91.92.240.238 - - [20/Oct/2025:11:26:03 -0400] "POST /wp-login.php?action=register HTTP/2.0" 302 - "-" "-"
91.92.240.238 - - [20/Oct/2025:11:26:05 -0400] "POST /wp-login.php?action=register HTTP/2.0" 302 - "-" "-"
91.92.240.238 - - [20/Oct/2025:11:26:06 -0400] "POST /wp-login.php?action=register HTTP/2.0" 302 - "-" "-"
91.92.240.238 - - [20/Oct/2025:11:26:08 -0400] "POST /wp-login.php?action=register HTTP/2.0" 302 - "-" "-"
216.244.66.235 - - [20/Oct/2025:11:26:08 -0400] "GET /tag/cardamom-ice-cream-gordon-ramsay/ HTTP/2.0" 200 449843 "-" "Mozilla/5.0 (compatible; DotBot/1.2; +https://opensiteexplorer.org/dotbot; [email protected])"
91.92.240.238 - - [20/Oct/2025:11:26:09 -0400] "POST /wp-login.php?action=register HTTP/2.0" 302 - "-" "-"
91.92.240.238 - - [20/Oct/2025:11:26:10 -0400] "POST /wp-login.php?action=register HTTP/2.0" 302 - "-" "-"
91.92.240.238 - - [20/Oct/2025:11:26:12 -0400] "POST /wp-login.php?action=register HTTP/2.0" 302 - "-" "-"
91.92.240.238 - - [20/Oct/2025:11:26:13 -0400] "POST /wp-login.php?action=register HTTP/2.0" 302 - "-" "-"
91.92.240.238 - - [20/Oct/2025:11:26:14 -0400] "POST /wp-login.php?action=register HTTP/2.0" 302 - "-" "-"
2a03:2880:f800:21:: - - [20/Oct/2025:11:26:14 -0400] "GET /tag/top-10-handsome-man-in-pakistan/ HTTP/2.0" 200 449843 "-" "meta-externalagent/1.1 (+https://developers.facebook.com/docs/sharing/webmasters/crawler)"
216.244.66.235 - - [20/Oct/2025:11:26:16 -0400] "GET /tag/celebrities-who-dated-minors/feed/ HTTP/2.0" 200 449843 "-" "Mozilla/5.0 (compatible; DotBot/1.2; +https://opensiteexplorer.org/dotbot; [email protected])"
216.244.66.235 - - [20/Oct/2025:11:26:31 -0400] "GET /tag/factors-that-promote-sleep/feed/ HTTP/2.0" 200 449843 "-" "Mozilla/5.0 (compatible; DotBot/1.2; +https://opensiteexplorer.org/dotbot; [email protected])"
216.244.66.235 - - [20/Oct/2025:11:26:44 -0400] "GET /tag/fashion-tips-for-teenage-girl/feed/ HTTP/2.0" 200 449843 "-" "Mozilla/5.0 (compatible; DotBot/1.2; +https://opensiteexplorer.org/dotbot; [email protected])"
209.190.62.98 - - [20/Oct/2025:11:26:53 -0400] "GET /ads.txt HTTP/2.0" 200 449843 "http://blushin.com" "Mozilla/5.0 (Macintosh; Intel Mac OS X 10_15_7) AppleWebKit/537.36 (KHTML, like Gecko) Chrome/118.0.0.0 Safari/537.36"
216.244.66.235 - - [20/Oct/2025:11:26:55 -0400] "GET /tag/food-items-that-affect-your-skin/ HTTP/2.0" 200 449843 "-" "Mozilla/5.0 (compatible; DotBot/1.2; +https://opensiteexplorer.org/dotbot; [email protected])"
2a03:2880:f800:29:: - - [20/Oct/2025:11:26:56 -0400] "GET /tag/lip-gloss/ HTTP/2.0" 200 449843 "-" "meta-externalagent/1.1 (+https://developers.facebook.com/docs/sharing/webmasters/crawler)"
191.85.14.106 - - [20/Oct/2025:11:27:06 -0400] "GET /bet-188-686/ HTTP/2.0" 200 305257 "-" "Mozilla/5.0 (Macintosh; Intel Mac OS X 10_11) AppleWebKit/537.36 (KHTML, like Gecko) Chrome/99.0.4886.93 Safari/537.36"
57.159.29.167 - - [20/Oct/2025:11:27:14 -0400] "POST /wp-login.php HTTP/2.0" 200 6907 "-" "Mozilla/5.0"
57.159.29.167 - - [20/Oct/2025:11:27:14 -0400] "POST /wp-login.php HTTP/2.0" 200 6943 "-" "Mozilla/5.0"
57.159.29.167 - - [20/Oct/2025:11:27:14 -0400] "POST /wp-login.php HTTP/2.0" 200 6947 "-" "Mozilla/5.0"
