47.128.122.101 - - [20/Oct/2025:12:11:10 -0400] "GET /wp-content/uploads/2021/05/Good-for-heart-600x300.jpg HTTP/2.0" 200 15227 "https://blushin.com/red-grapes-benefits/" "Mozilla/5.0 (Linux; Android 5.0) AppleWebKit/537.36 (KHTML, like Gecko) Mobile Safari/537.36 (compatible; TikTokSpider; [email protected])"
91.92.240.187 - - [20/Oct/2025:12:11:10 -0400] "POST /wp-login.php?action=register HTTP/2.0" 302 - "-" "-"
91.92.240.187 - - [20/Oct/2025:12:11:11 -0400] "POST /wp-login.php?action=register HTTP/2.0" 302 - "-" "-"
91.92.240.187 - - [20/Oct/2025:12:11:12 -0400] "POST /wp-login.php?action=register HTTP/2.0" 302 - "-" "-"
91.92.240.187 - - [20/Oct/2025:12:11:13 -0400] "POST /wp-login.php?action=register HTTP/2.0" 302 - "-" "-"
14.176.110.71 - - [20/Oct/2025:12:11:14 -0400] "GET /hellspin-casino-cz-89/ HTTP/2.0" 200 305067 "-" "Mozilla/5.0 (Macintosh; Intel Mac OS X 11_3_0) AppleWebKit/537.36 (KHTML, like Gecko) Chrome/89.0.4389.114 Safari/537.36"
91.92.240.187 - - [20/Oct/2025:12:11:14 -0400] "POST /wp-login.php?action=register HTTP/2.0" 302 - "-" "-"
91.92.240.187 - - [20/Oct/2025:12:11:16 -0400] "POST /wp-login.php?action=register HTTP/2.0" 302 - "-" "-"
91.92.240.187 - - [20/Oct/2025:12:11:17 -0400] "POST /wp-login.php?action=register HTTP/2.0" 302 - "-" "-"
91.92.240.187 - - [20/Oct/2025:12:11:18 -0400] "POST /wp-login.php?action=register HTTP/2.0" 302 - "-" "-"
91.92.240.187 - - [20/Oct/2025:12:11:19 -0400] "POST /wp-login.php?action=register HTTP/2.0" 302 - "-" "-"
91.92.240.187 - - [20/Oct/2025:12:11:21 -0400] "POST /wp-login.php?action=register HTTP/2.0" 302 - "-" "-"
91.92.240.187 - - [20/Oct/2025:12:11:22 -0400] "POST /wp-login.php?action=register HTTP/2.0" 302 - "-" "-"
91.92.240.187 - - [20/Oct/2025:12:11:23 -0400] "POST /wp-login.php?action=register HTTP/2.0" 302 - "-" "-"
91.92.240.187 - - [20/Oct/2025:12:11:24 -0400] "POST /wp-login.php?action=register HTTP/2.0" 302 - "-" "-"
91.92.240.187 - - [20/Oct/2025:12:11:25 -0400] "POST /wp-login.php?action=register HTTP/2.0" 302 - "-" "-"
161.178.140.163 - - [20/Oct/2025:12:11:26 -0400] "POST /xmlrpc.php HTTP/2.0" 200 403 "-" "Mozilla/5.0 (Macintosh; Intel Mac OS X 10_15_1) AppleWebKit/537.36 (KHTML, like Gecko) Chrome/80.0.3987.132 Safari/537.36"
91.92.240.187 - - [20/Oct/2025:12:11:26 -0400] "POST /wp-login.php?action=register HTTP/2.0" 302 - "-" "-"
161.178.140.163 - - [20/Oct/2025:12:11:27 -0400] "POST /xmlrpc.php HTTP/2.0" 200 403 "-" "Mozilla/5.0 (Macintosh; Intel Mac OS X 10_15_1) AppleWebKit/537.36 (KHTML, like Gecko) Chrome/80.0.3987.132 Safari/537.36"
91.92.240.187 - - [20/Oct/2025:12:11:27 -0400] "POST /wp-login.php?action=register HTTP/2.0" 302 - "-" "-"
161.178.140.163 - - [20/Oct/2025:12:11:28 -0400] "POST /xmlrpc.php HTTP/2.0" 200 403 "-" "Mozilla/5.0 (Macintosh; Intel Mac OS X 10_15_1) AppleWebKit/537.36 (KHTML, like Gecko) Chrome/80.0.3987.132 Safari/537.36"
91.92.240.187 - - [20/Oct/2025:12:11:28 -0400] "POST /wp-login.php?action=register HTTP/2.0" 302 - "-" "-"
161.178.140.163 - - [20/Oct/2025:12:11:29 -0400] "POST /xmlrpc.php HTTP/2.0" 200 403 "-" "Mozilla/5.0 (Macintosh; Intel Mac OS X 10_15_1) AppleWebKit/537.36 (KHTML, like Gecko) Chrome/80.0.3987.132 Safari/537.36"
216.244.66.235 - - [20/Oct/2025:12:11:29 -0400] "GET /tag/toxic-friendship-definition/ HTTP/2.0" 200 449843 "-" "Mozilla/5.0 (compatible; DotBot/1.2; +https://opensiteexplorer.org/dotbot; [email protected])"
161.178.140.163 - - [20/Oct/2025:12:11:30 -0400] "POST /xmlrpc.php HTTP/2.0" 200 403 "-" "Mozilla/5.0 (Macintosh; Intel Mac OS X 10_15_1) AppleWebKit/537.36 (KHTML, like Gecko) Chrome/80.0.3987.132 Safari/537.36"
91.92.240.187 - - [20/Oct/2025:12:11:30 -0400] "POST /wp-login.php?action=register HTTP/2.0" 302 - "-" "-"
161.178.140.163 - - [20/Oct/2025:12:11:31 -0400] "POST /xmlrpc.php HTTP/2.0" 200 403 "-" "Mozilla/5.0 (Macintosh; Intel Mac OS X 10_15_1) AppleWebKit/537.36 (KHTML, like Gecko) Chrome/80.0.3987.132 Safari/537.36"
91.92.240.187 - - [20/Oct/2025:12:11:31 -0400] "POST /wp-login.php?action=register HTTP/2.0" 302 - "-" "-"
161.178.140.163 - - [20/Oct/2025:12:11:32 -0400] "POST /xmlrpc.php HTTP/2.0" 200 403 "-" "Mozilla/5.0 (Macintosh; Intel Mac OS X 10_15_1) AppleWebKit/537.36 (KHTML, like Gecko) Chrome/80.0.3987.132 Safari/537.36"
91.92.240.187 - - [20/Oct/2025:12:11:32 -0400] "POST /wp-login.php?action=register HTTP/2.0" 302 - "-" "-"
114.119.141.53 - - [20/Oct/2025:12:11:32 -0400] "GET /tag/how-long-does-it-take-for-white-spots-on-nails-to-go-away/ HTTP/2.0" 200 48706 "https://blushin.com/6-ways-get-rid-white-spots-fingernails/" "Mozilla/5.0 (Linux; Android 7.0;) AppleWebKit/537.36 (KHTML, like Gecko) Mobile Safari/537.36 (compatible; PetalBot;+https://webmaster.petalsearch.com/site/petalbot)"
161.178.140.163 - - [20/Oct/2025:12:11:33 -0400] "POST /xmlrpc.php HTTP/2.0" 200 403 "-" "Mozilla/5.0 (Macintosh; Intel Mac OS X 10_15_1) AppleWebKit/537.36 (KHTML, like Gecko) Chrome/80.0.3987.132 Safari/537.36"
91.92.240.187 - - [20/Oct/2025:12:11:34 -0400] "POST /wp-login.php?action=register HTTP/2.0" 302 - "-" "-"
161.178.140.163 - - [20/Oct/2025:12:11:34 -0400] "POST /xmlrpc.php HTTP/2.0" 200 403 "-" "Mozilla/5.0 (Macintosh; Intel Mac OS X 10_15_1) AppleWebKit/537.36 (KHTML, like Gecko) Chrome/80.0.3987.132 Safari/537.36"
91.92.240.187 - - [20/Oct/2025:12:11:35 -0400] "POST /wp-login.php?action=register HTTP/2.0" 302 - "-" "-"
91.92.240.187 - - [20/Oct/2025:12:11:36 -0400] "POST /wp-login.php?action=register HTTP/2.0" 302 - "-" "-"
91.92.240.187 - - [20/Oct/2025:12:11:38 -0400] "POST /wp-login.php?action=register HTTP/2.0" 302 - "-" "-"
91.92.240.187 - - [20/Oct/2025:12:11:39 -0400] "POST /wp-login.php?action=register HTTP/2.0" 302 - "-" "-"
2a03:2880:f800:27:: - - [20/Oct/2025:12:11:38 -0400] "GET /tag/bollywood-actresses-plastic-surgery-gone-wrong/ HTTP/2.0" 200 449843 "-" "meta-externalagent/1.1 (+https://developers.facebook.com/docs/sharing/webmasters/crawler)"
91.92.240.187 - - [20/Oct/2025:12:11:40 -0400] "POST /wp-login.php?action=register HTTP/2.0" 302 - "-" "-"
91.92.240.187 - - [20/Oct/2025:12:11:41 -0400] "POST /wp-login.php?action=register HTTP/2.0" 302 - "-" "-"
91.92.240.187 - - [20/Oct/2025:12:11:42 -0400] "POST /wp-login.php?action=register HTTP/2.0" 302 - "-" "-"
91.92.240.187 - - [20/Oct/2025:12:11:43 -0400] "POST /wp-login.php?action=register HTTP/2.0" 302 - "-" "-"
91.92.240.187 - - [20/Oct/2025:12:11:44 -0400] "POST /wp-login.php?action=register HTTP/2.0" 302 - "-" "-"
91.92.240.187 - - [20/Oct/2025:12:11:45 -0400] "POST /wp-login.php?action=register HTTP/2.0" 302 - "-" "-"
91.92.240.187 - - [20/Oct/2025:12:11:47 -0400] "POST /wp-login.php?action=register HTTP/2.0" 302 - "-" "-"
91.92.240.187 - - [20/Oct/2025:12:11:48 -0400] "POST /wp-login.php?action=register HTTP/2.0" 302 - "-" "-"
91.92.240.187 - - [20/Oct/2025:12:11:49 -0400] "POST /wp-login.php?action=register HTTP/2.0" 302 - "-" "-"
2001:ee0:4294:1dc:5d7c:9a99:a43:d7d - - [20/Oct/2025:12:11:49 -0400] "GET /tag/losing-weight-workout-routine/ HTTP/2.0" 200 208458 "-" "Mozilla/5.0 (Windows NT 6.1) AppleWebKit/537.36 (KHTML, like Gecko) Chrome/106.0.0.0 Safari/537.36"
91.92.240.187 - - [20/Oct/2025:12:11:50 -0400] "POST /wp-login.php?action=register HTTP/2.0" 302 - "-" "-"
91.92.240.187 - - [20/Oct/2025:12:11:51 -0400] "POST /wp-login.php?action=register HTTP/2.0" 302 - "-" "-"
91.92.240.187 - - [20/Oct/2025:12:11:52 -0400] "POST /wp-login.php?action=register HTTP/2.0" 302 - "-" "-"
91.92.240.187 - - [20/Oct/2025:12:11:53 -0400] "POST /wp-login.php?action=register HTTP/2.0" 302 - "-" "-"
216.244.66.235 - - [20/Oct/2025:12:11:53 -0400] "GET /tag/travel-tips/ HTTP/2.0" 200 449843 "-" "Mozilla/5.0 (compatible; DotBot/1.2; +https://opensiteexplorer.org/dotbot; [email protected])"
52.167.144.161 - - [20/Oct/2025:12:11:53 -0400] "GET /?l=511886486502&channel=f09ded&from=blog.php%3Fid%3D64865-3129%26name%3DBMW+F45++AT%E3%82%B7%E3%83%95%E3%83%88%E3%83%AC%E3%83%90%E3%83%BC%E3%80%80%E8%BB%8A%E8%BC%8C%E5%8B%95%E3%81%8D%E5%87%BA%E3%81%97%E6%B3%A8%E6%84%8F%E3%80%80%E4%BA%A4%E6%8F%9B%E3%83%87%E3%83%A2%E3%81%AB%EF%BC%81%EF%BC%88%EF%BC%A2%EF%BC%AD%EF%BC%B7%E3%80%91%EF%BC%A1%EF%BC%B4%E3%82%B7%E3%83%95%E3%83%88%E3%82%B9%E3%83%97%E3%83%AA%E3%83%B3%E3%82%B0%E4%BA%A4%E6%8F%9B%E3%80%8C%E8%BB%8A%E4%B8%A1%E5%8B%95%E3%81%8D%E5%87%BA%E3%81%97%E6%B3%A8%E6%84%8F%E3%80%8DX1%EF%BC%88F48%EF%BC%892%E3%82%B7%E3%83%AA%E3%83%BC%E3%82%BA%EF%BC%88F45%EF%BC%89%EF%BC%88F46%EF%BC%89MINI%2854%29++%28F55%29%28F56%29%28F57%29%28F60%29+%7C+%E5%92%8C%E6%AD%8C%E5%B1%B1+%E8%BB%8A%E4%BF%AE%E7%90%86%E3%83%BB%E8%BB%8A%E6%A4%9C%E3%80%8C%E3%82%AA%E3%83%BC%E3%83%88%E3%82%AC%E3%83%AC%E3%83%BC%E3%82%B8%E3%82%B5%E3%82%AF%E3%83%A9%E3%82%A4%E3%80%8D%EF%BC%89 HTTP/2.0" 200 449843 "-" "Mozilla/5.0 AppleWebKit/537.36 (KHTML, like Gecko; compatible; bingbot/2.0; +http://www.bing.com/bingbot.htm) Chrome/116.0.1938.76 Safari/537.36"
91.92.240.187 - - [20/Oct/2025:12:11:54 -0400] "POST /wp-login.php?action=register HTTP/2.0" 302 - "-" "-"
91.92.240.187 - - [20/Oct/2025:12:11:55 -0400] "POST /wp-login.php?action=register HTTP/2.0" 302 - "-" "-"
91.92.240.187 - - [20/Oct/2025:12:11:56 -0400] "POST /wp-login.php?action=register HTTP/2.0" 302 - "-" "-"
91.92.240.187 - - [20/Oct/2025:12:11:58 -0400] "POST /wp-login.php?action=register HTTP/2.0" 302 - "-" "-"
91.92.240.187 - - [20/Oct/2025:12:11:59 -0400] "POST /wp-login.php?action=register HTTP/2.0" 302 - "-" "-"
66.249.74.108 - - [20/Oct/2025:12:11:59 -0400] "GET /how-to-get-attractive-and-strong-hair-with-hair-spa/ HTTP/2.0" 200 449843 "-" "Mozilla/5.0 (Linux; Android 6.0.1; Nexus 5X Build/MMB29P) AppleWebKit/537.36 (KHTML, like Gecko) Chrome/140.0.7339.207 Mobile Safari/537.36 (compatible; Googlebot/2.1; +http://www.google.com/bot.html)"
91.92.240.187 - - [20/Oct/2025:12:12:00 -0400] "POST /wp-login.php?action=register HTTP/2.0" 302 - "-" "-"
91.92.240.187 - - [20/Oct/2025:12:12:01 -0400] "POST /wp-login.php?action=register HTTP/2.0" 302 - "-" "-"
91.92.240.187 - - [20/Oct/2025:12:12:02 -0400] "POST /wp-login.php?action=register HTTP/2.0" 302 - "-" "-"
91.92.240.187 - - [20/Oct/2025:12:12:03 -0400] "POST /wp-login.php?action=register HTTP/2.0" 302 - "-" "-"
2a03:2880:f800:34:: - - [20/Oct/2025:12:12:03 -0400] "GET /9-glamorous-hair-accessories-for-long-hair/ HTTP/2.0" 200 449843 "-" "meta-externalagent/1.1 (+https://developers.facebook.com/docs/sharing/webmasters/crawler)"
91.92.240.187 - - [20/Oct/2025:12:12:05 -0400] "POST /wp-login.php?action=register HTTP/2.0" 302 - "-" "-"
91.92.240.187 - - [20/Oct/2025:12:12:06 -0400] "POST /wp-login.php?action=register HTTP/2.0" 302 - "-" "-"
91.92.240.187 - - [20/Oct/2025:12:12:07 -0400] "POST /wp-login.php?action=register HTTP/2.0" 302 - "-" "-"
91.92.240.187 - - [20/Oct/2025:12:12:08 -0400] "POST /wp-login.php?action=register HTTP/2.0" 302 - "-" "-"
91.92.240.187 - - [20/Oct/2025:12:12:09 -0400] "POST /wp-login.php?action=register HTTP/2.0" 302 - "-" "-"
91.92.240.187 - - [20/Oct/2025:12:12:10 -0400] "POST /wp-login.php?action=register HTTP/2.0" 302 - "-" "-"
91.92.240.187 - - [20/Oct/2025:12:12:11 -0400] "POST /wp-login.php?action=register HTTP/2.0" 302 - "-" "-"
91.92.240.187 - - [20/Oct/2025:12:12:12 -0400] "POST /wp-login.php?action=register HTTP/2.0" 302 - "-" "-"
91.92.240.187 - - [20/Oct/2025:12:12:13 -0400] "POST /wp-login.php?action=register HTTP/2.0" 302 - "-" "-"
91.92.240.187 - - [20/Oct/2025:12:12:14 -0400] "POST /wp-login.php?action=register HTTP/2.0" 302 - "-" "-"
216.244.66.235 - - [20/Oct/2025:12:12:14 -0400] "GET /tag/tulsi-leaf-cancer/ HTTP/2.0" 200 449843 "-" "Mozilla/5.0 (compatible; DotBot/1.2; +https://opensiteexplorer.org/dotbot; [email protected])"
91.92.240.187 - - [20/Oct/2025:12:12:15 -0400] "POST /wp-login.php?action=register HTTP/2.0" 302 - "-" "-"
91.92.240.187 - - [20/Oct/2025:12:12:16 -0400] "POST /wp-login.php?action=register HTTP/2.0" 302 - "-" "-"
91.92.240.187 - - [20/Oct/2025:12:12:18 -0400] "POST /wp-login.php?action=register HTTP/2.0" 302 - "-" "-"
91.92.240.187 - - [20/Oct/2025:12:12:19 -0400] "POST /wp-login.php?action=register HTTP/2.0" 302 - "-" "-"
91.92.240.187 - - [20/Oct/2025:12:12:20 -0400] "POST /wp-login.php?action=register HTTP/2.0" 302 - "-" "-"
91.92.240.187 - - [20/Oct/2025:12:12:21 -0400] "POST /wp-login.php?action=register HTTP/2.0" 302 - "-" "-"
91.92.240.187 - - [20/Oct/2025:12:12:22 -0400] "POST /wp-login.php?action=register HTTP/2.0" 302 - "-" "-"
91.92.240.187 - - [20/Oct/2025:12:12:24 -0400] "POST /wp-login.php?action=register HTTP/2.0" 302 - "-" "-"
20.57.67.38 - - [20/Oct/2025:12:12:24 -0400] "GET /robots.txt HTTP/2.0" 200 449843 "-" "Mozilla/5.0 AppleWebKit/537.36 (KHTML, like Gecko; compatible; GPTBot/1.0; +https://openai.com/gptbot)"
91.92.240.187 - - [20/Oct/2025:12:12:25 -0400] "POST /wp-login.php?action=register HTTP/2.0" 302 - "-" "-"
91.92.240.187 - - [20/Oct/2025:12:12:26 -0400] "POST /wp-login.php?action=register HTTP/2.0" 302 - "-" "-"
91.92.240.187 - - [20/Oct/2025:12:12:27 -0400] "POST /wp-login.php?action=register HTTP/2.0" 302 - "-" "-"
91.92.240.187 - - [20/Oct/2025:12:12:29 -0400] "POST /wp-login.php?action=register HTTP/2.0" 302 - "-" "-"
91.92.240.187 - - [20/Oct/2025:12:12:30 -0400] "POST /wp-login.php?action=register HTTP/2.0" 302 - "-" "-"
91.92.240.187 - - [20/Oct/2025:12:12:33 -0400] "POST /wp-login.php?action=register HTTP/2.0" 302 - "-" "-"
91.92.240.187 - - [20/Oct/2025:12:12:34 -0400] "POST /wp-login.php?action=register HTTP/2.0" 302 - "-" "-"
91.92.240.187 - - [20/Oct/2025:12:12:35 -0400] "POST /wp-login.php?action=register HTTP/2.0" 302 - "-" "-"
2a03:2880:f800:47:: - - [20/Oct/2025:12:12:35 -0400] "GET /health-benefits-of-turmeric-coffee/ HTTP/2.0" 200 449843 "-" "meta-externalagent/1.1 (+https://developers.facebook.com/docs/sharing/webmasters/crawler)"
216.244.66.235 - - [20/Oct/2025:12:12:36 -0400] "GET /tag/ways-to-make-your-crush-love-you/ HTTP/2.0" 200 449843 "-" "Mozilla/5.0 (compatible; DotBot/1.2; +https://opensiteexplorer.org/dotbot; [email protected])"
91.92.240.187 - - [20/Oct/2025:12:12:36 -0400] "POST /wp-login.php?action=register HTTP/2.0" 302 - "-" "-"
91.92.240.187 - - [20/Oct/2025:12:12:37 -0400] "POST /wp-login.php?action=register HTTP/2.0" 302 - "-" "-"
2a03:2880:f800:32:: - - [20/Oct/2025:12:12:37 -0400] "GET /tag/karela-juice/ HTTP/2.0" 200 449843 "-" "meta-externalagent/1.1 (+https://developers.facebook.com/docs/sharing/webmasters/crawler)"
2a03:2880:f800:29:: - - [20/Oct/2025:12:12:38 -0400] "GET /tag/how-to-avoid-cakey-makeup/ HTTP/2.0" 200 449843 "-" "meta-externalagent/1.1 (+https://developers.facebook.com/docs/sharing/webmasters/crawler)"
91.92.240.187 - - [20/Oct/2025:12:12:38 -0400] "POST /wp-login.php?action=register HTTP/2.0" 302 - "-" "-"
91.92.240.187 - - [20/Oct/2025:12:12:40 -0400] "POST /wp-login.php?action=register HTTP/2.0" 302 - "-" "-"
91.92.240.187 - - [20/Oct/2025:12:12:41 -0400] "POST /wp-login.php?action=register HTTP/2.0" 302 - "-" "-"
177.37.185.118 - - [20/Oct/2025:12:12:39 -0400] "GET /tag/beauty-secrets-revealed-by-bollywood-beauty-jacqueline-fernandez/ HTTP/2.0" 200 208623 "-" "Mozilla/5.0 (Windows NT 10.0) AppleWebKit/537.36 (KHTML, like Gecko) Brave Chrome/89.0.4389.114 Safari/537.36"
91.92.240.187 - - [20/Oct/2025:12:12:42 -0400] "POST /wp-login.php?action=register HTTP/2.0" 302 - "-" "-"
2a03:2880:f800:31:: - - [20/Oct/2025:12:12:41 -0400] "GET /tag/sweets/ HTTP/2.0" 200 449843 "-" "meta-externalagent/1.1 (+https://developers.facebook.com/docs/sharing/webmasters/crawler)"
91.92.240.187 - - [20/Oct/2025:12:12:43 -0400] "POST /wp-login.php?action=register HTTP/2.0" 302 - "-" "-"
91.92.240.187 - - [20/Oct/2025:12:12:44 -0400] "POST /wp-login.php?action=register HTTP/2.0" 302 - "-" "-"
91.92.240.187 - - [20/Oct/2025:12:12:45 -0400] "POST /wp-login.php?action=register HTTP/2.0" 302 - "-" "-"
216.73.216.143 - - [20/Oct/2025:12:12:48 -0400] "GET /8-easy-volumizing-styling-tips-for-thin-hair HTTP/2.0" 200 449843 "-" "Mozilla/5.0 AppleWebKit/537.36 (KHTML, like Gecko; compatible; ClaudeBot/1.0; [email protected])"
216.244.66.235 - - [20/Oct/2025:12:12:55 -0400] "GET /tag/weight-loss-pills-walmart/ HTTP/2.0" 200 449843 "-" "Mozilla/5.0 (compatible; DotBot/1.2; +https://opensiteexplorer.org/dotbot; [email protected])"
114.119.145.239 - - [20/Oct/2025:12:12:56 -0400] "GET /tag/healthy-breasts/ HTTP/2.0" 200 48483 "https://blushin.com/7-natural-foods-to-eat-for-healthy-breasts/" "Mozilla/5.0 (Linux; Android 7.0;) AppleWebKit/537.36 (KHTML, like Gecko) Mobile Safari/537.36 (compatible; PetalBot;+https://webmaster.petalsearch.com/site/petalbot)"
2a03:2880:f800:38:: - - [20/Oct/2025:12:13:01 -0400] "GET /tag/latest-mehndi-design-free-download/ HTTP/2.0" 200 449843 "-" "meta-externalagent/1.1 (+https://developers.facebook.com/docs/sharing/webmasters/crawler)"
2a03:2880:f800:28:: - - [20/Oct/2025:12:13:03 -0400] "GET /tag/himanshi-khurana/ HTTP/2.0" 200 449843 "-" "meta-externalagent/1.1 (+https://developers.facebook.com/docs/sharing/webmasters/crawler)"
2a03:2880:f800:7:: - - [20/Oct/2025:12:13:05 -0400] "GET /diy-banana-deep-conditioning-hair-mask/ HTTP/2.0" 200 449843 "-" "meta-externalagent/1.1 (+https://developers.facebook.com/docs/sharing/webmasters/crawler)"
113.173.136.19 - - [20/Oct/2025:12:13:05 -0400] "GET /tag/fragrance-personality-quiz/ HTTP/2.0" 200 208231 "-" "Mozilla/5.0 (Macintosh; Intel Mac OS X 10_7_3) AppleWebKit/537.36 (KHTML, like Gecko, Mediapartners-Google) Chrome/89.0.4389.130 Safari/537.36"
217.113.196.99 - - [20/Oct/2025:12:13:12 -0400] "GET /category/mehandi/page/2/ HTTP/2.0" 200 225270 "-" "Mozilla/5.0 (compatible; IbouBot/1.0; [email protected]; +https://ibou.io/iboubot.html)"
188.163.73.252 - - [20/Oct/2025:12:13:13 -0400] "GET /20-bet-bet-554/ HTTP/2.0" 200 312512 "-" "Mozilla/5.0 (Macintosh; Intel Mac OS X 10_13_6) AppleWebKit/537.36 (KHTML, like Gecko) Chrome/89.0.4389.90 Safari/537.36"
216.244.66.235 - - [20/Oct/2025:12:13:15 -0400] "GET /tag/with-milk/ HTTP/2.0" 200 449843 "-" "Mozilla/5.0 (compatible; DotBot/1.2; +https://opensiteexplorer.org/dotbot; [email protected])"
216.244.66.235 - - [20/Oct/2025:12:13:32 -0400] "GET /tag/advice-for-a-happy-marriage-quotes/ HTTP/2.0" 200 449843 "-" "Mozilla/5.0 (compatible; DotBot/1.2; +https://opensiteexplorer.org/dotbot; [email protected])"
2a03:2880:f800:3d:: - - [20/Oct/2025:12:13:34 -0400] "GET /tag/luise-rainer/ HTTP/2.0" 200 449843 "-" "meta-externalagent/1.1 (+https://developers.facebook.com/docs/sharing/webmasters/crawler)"
216.244.66.235 - - [20/Oct/2025:12:13:49 -0400] "GET /tag/anushka-sharma-biography/ HTTP/2.0" 200 449843 "-" "Mozilla/5.0 (compatible; DotBot/1.2; +https://opensiteexplorer.org/dotbot; [email protected])"
206.42.52.55 - - [20/Oct/2025:12:14:00 -0400] "GET /tag/how-to-reach-an-orgasm-in-males/ HTTP/2.0" 200 208182 "-" "Mozilla/5.0 (Macintosh; Intel Mac OS X 10_15_4) AppleWebKit/537.36 (KHTML, like Gecko) Chrome/98.0.4758.80 Safari/537.36"
62.210.38.192 - - [20/Oct/2025:12:14:04 -0400] "GET /tag/carrot-sandwich-filling/ HTTP/2.0" 200 208400 "-" "Mozilla/5.0 (Windows NT 6.1; Win64; x64) AppleWebKit/537.36 (KHTML, like Gecko) Chrome/84.0.4147.135 Safari/537.36"
216.244.66.235 - - [20/Oct/2025:12:14:05 -0400] "GET /tag/beautiful-neck-exercise/ HTTP/2.0" 200 449843 "-" "Mozilla/5.0 (compatible; DotBot/1.2; +https://opensiteexplorer.org/dotbot; [email protected])"
216.73.216.143 - - [20/Oct/2025:12:14:06 -0400] "GET /signs-of-a-vitamin-deficiency-2 HTTP/2.0" 200 449843 "-" "Mozilla/5.0 AppleWebKit/537.36 (KHTML, like Gecko; compatible; ClaudeBot/1.0; [email protected])"
107.173.17.18 - - [20/Oct/2025:12:14:08 -0400] "GET /tag/botox-for-hair-loss/ HTTP/2.0" 200 449843 "-" "Mozilla/5.0 (Windows NT 10.0; Win64; x64) AppleWebKit/537.36 (KHTML, like Gecko) Chrome/136.0.0.0 Safari/537.36"
45.235.152.65 - - [20/Oct/2025:12:14:12 -0400] "GET /tag/bejewelled-nail-art/ HTTP/2.0" 200 208173 "-" "Mozilla/5.0 (Windows NT 10.0; WOW64) AppleWebKit/537.36 (KHTML, like Gecko) Chrome/67.0.3396.87 Safari/537.36"
216.244.66.235 - - [20/Oct/2025:12:14:19 -0400] "GET /tag/beauty-benefits-of-mint-leaves/ HTTP/2.0" 200 449843 "-" "Mozilla/5.0 (compatible; DotBot/1.2; +https://opensiteexplorer.org/dotbot; [email protected])"
114.119.141.53 - - [20/Oct/2025:12:14:21 -0400] "GET /tag/good-places-for-hidden-tattoos/ HTTP/2.0" 200 48553 "https://blushin.com/7-best-spots-in-the-body-to-get-a-tattoo-for-a-woman/" "Mozilla/5.0 (Linux; Android 7.0;) AppleWebKit/537.36 (KHTML, like Gecko) Mobile Safari/537.36 (compatible; PetalBot;+https://webmaster.petalsearch.com/site/petalbot)"
216.73.216.143 - - [20/Oct/2025:12:14:21 -0400] "GET /tag/tips-for-healthy-skin HTTP/2.0" 200 449843 "-" "Mozilla/5.0 AppleWebKit/537.36 (KHTML, like Gecko; compatible; ClaudeBot/1.0; [email protected])"
2a03:2880:f800:40:: - - [20/Oct/2025:12:14:27 -0400] "GET /tag/morning-and-night-skincare-routine/ HTTP/2.0" 200 449843 "-" "meta-externalagent/1.1 (+https://developers.facebook.com/docs/sharing/webmasters/crawler)"
2a03:2880:f800:2c:: - - [20/Oct/2025:12:14:30 -0400] "GET /christmas-special-quick-mixed-fruit-yogurt-parfait-recipe/ HTTP/2.0" 200 449843 "-" "meta-externalagent/1.1 (+https://developers.facebook.com/docs/sharing/webmasters/crawler)"
205.210.31.181 - - [20/Oct/2025:12:14:31 -0400] "GET / HTTP/2.0" 200 449843 "-" "-"
2a03:2880:f800:23:: - - [20/Oct/2025:12:14:31 -0400] "GET /10-tips-keep-makeup-sweat-free-summer/ HTTP/2.0" 200 449843 "-" "meta-externalagent/1.1 (+https://developers.facebook.com/docs/sharing/webmasters/crawler)"
216.244.66.235 - - [20/Oct/2025:12:14:32 -0400] "GET /tag/beauty-food/ HTTP/2.0" 200 449843 "-" "Mozilla/5.0 (compatible; DotBot/1.2; +https://opensiteexplorer.org/dotbot; [email protected])"
201.68.190.21 - - [20/Oct/2025:12:14:42 -0400] "GET /tag/bridal-trends-2016/ HTTP/2.0" 200 208235 "-" "Mozilla/5.0 (Macintosh; Intel Mac OS X 10_15_6) AppleWebKit/537.36 (KHTML, like Gecko) Chrome/88.0.4324.150 Safari/537.36"
113.191.155.110 - - [20/Oct/2025:12:14:45 -0400] "GET /tag/salman-khan-car-number-plate/ HTTP/2.0" 200 208374 "-" "Mozilla/5.0 (Macintosh; Intel Mac OS X 10_15_2) AppleWebKit/537.36 (KHTML, like Gecko) Chrome/101.0.4951.64 Safari/537.36"
216.244.66.235 - - [20/Oct/2025:12:14:46 -0400] "GET /tag/beauty-tips-for-face-in-hindi/ HTTP/2.0" 200 449843 "-" "Mozilla/5.0 (compatible; DotBot/1.2; +https://opensiteexplorer.org/dotbot; [email protected])"
89.248.172.183 - - [20/Oct/2025:12:14:48 -0400] "POST /wp-json/tdw/save_css HTTP/2.0" 401 98 "-" "Mozilla/5.0 (Windows NT 10.0) AppleWebKit/537.36 (KHTML, like Gecko) Chrome/104.0.0.0 Safari/537.36"
2a03:2880:f800:1d:: - - [20/Oct/2025:12:14:50 -0400] "GET /tag/salman-yusuf-khan/ HTTP/2.0" 200 449843 "-" "meta-externalagent/1.1 (+https://developers.facebook.com/docs/sharing/webmasters/crawler)"
216.244.66.235 - - [20/Oct/2025:12:14:59 -0400] "GET /tag/beauty-tips-for-new-moms/ HTTP/2.0" 200 449843 "-" "Mozilla/5.0 (compatible; DotBot/1.2; +https://opensiteexplorer.org/dotbot; [email protected])"
198.203.28.164 - - [20/Oct/2025:12:15:03 -0400] "POST /xmlrpc.php HTTP/2.0" 200 403 "-" "Mozilla/5.0 (Windows NT 10.0; Win64; x64) AppleWebKit/537.36 (KHTML, like Gecko) Chrome/114.0.0.0 Safari/537.36"
198.203.28.164 - - [20/Oct/2025:12:15:05 -0400] "POST /xmlrpc.php HTTP/2.0" 200 403 "-" "Mozilla/5.0 (Windows NT 10.0; Win64; x64) AppleWebKit/537.36 (KHTML, like Gecko) Chrome/114.0.0.0 Safari/537.36"
187.62.78.50 - - [20/Oct/2025:12:15:04 -0400] "GET /tag/how-to-get-rid-of-ants-in-room/ HTTP/2.0" 200 208297 "-" "Mozilla/5.0 (Macintosh; Intel Mac OS X 10_15_7) AppleWebKit/537.36 (KHTML, like Gecko) Chrome/94.0.4606.114 Safari/537.36"
216.244.66.235 - - [20/Oct/2025:12:15:15 -0400] "GET /tag/benefits-castor-oil-eyes/ HTTP/2.0" 200 449843 "-" "Mozilla/5.0 (compatible; DotBot/1.2; +https://opensiteexplorer.org/dotbot; [email protected])"
45.138.16.228 - - [20/Oct/2025:12:15:16 -0400] "GET /wp-content/themes/seotheme/db.php?u HTTP/2.0" 404 52438 "www.google.com" "Mozlila/5.0 (Linux; Android 7.0; SM-G892A Bulid/NRD90M; wv) AppleWebKit/537.36 (KHTML, like Gecko) Version/4.0 Chrome/60.0.3112.107 Moblie Safari/537.36"
45.138.16.228 - - [20/Oct/2025:12:15:16 -0400] "GET / HTTP/2.0" 200 64180 "-" "Mozlila/5.0 (Linux; Android 7.0; SM-G892A Bulid/NRD90M; wv) AppleWebKit/537.36 (KHTML, like Gecko) Version/4.0 Chrome/60.0.3112.107 Moblie Safari/537.36"
45.138.16.228 - - [20/Oct/2025:12:15:16 -0400] "POST /wp-plain.php HTTP/2.0" 404 52438 "www.google.com" "Mozilla/5.0 (Linux; Android 7.0; SM-G892A Bulid/NRD90M; wv) AppleWebKit/537.36 (KHTML, like Gecko) Version/4.0 Chrome/60.0.3112.107 Moblie Safari/537.36"
45.138.16.228 - - [20/Oct/2025:12:15:16 -0400] "POST /ALFA_DATA/alfacgiapi/perl.alfa HTTP/2.0" 404 52438 "www.google.com" "Mozlila/5.0 (Linux; Android 7.0; SM-G892A Bulid/NRD90M; wv) AppleWebKit/537.36 (KHTML, like Gecko) Version/4.0 Chrome/60.0.3112.107 Moblie Safari/537.36"
45.138.16.228 - - [20/Oct/2025:12:15:16 -0400] "GET /wp-content/plugins/fix/up.php HTTP/2.0" 404 181138 "-" "Mozilla/5.0 (Windows NT 10.0; Win64; x64) AppleWebKit/537.36 (KHTML, like Gecko) Chrome/85.0.4183.102 Safari/537.36"
45.138.16.228 - - [20/Oct/2025:12:15:18 -0400] "GET /mrrtsurg.php?Fox=d3wL7 HTTP/2.0" 404 52438 "www.google.com" "Mozilla/5.0 (Linux; Android 7.0; SM-G892A Bulid/NRD90M; wv) AppleWebKit/537.36 (KHTML, like Gecko) Version/4.0 Chrome/60.0.3112.107 Moblie Safari/537.36"
45.138.16.228 - - [20/Oct/2025:12:15:18 -0400] "GET /wp-content/themes/seotheme/db.php?u HTTP/2.0" 404 52438 "www.google.com" "Mozlila/5.0 (Linux; Android 7.0; SM-G892A Bulid/NRD90M; wv) AppleWebKit/537.36 (KHTML, like Gecko) Version/4.0 Chrome/60.0.3112.107 Moblie Safari/537.36"
45.138.16.228 - - [20/Oct/2025:12:15:18 -0400] "GET /wp-content/plugins/apikey/apikey.php?test=hello HTTP/2.0" 404 52438 "-" "Mozlila/5.0 (Linux; Android 7.0; SM-G892A Bulid/NRD90M; wv) AppleWebKit/537.36 (KHTML, like Gecko) Version/4.0 Chrome/60.0.3112.107 Moblie Safari/537.36"
45.138.16.228 - - [20/Oct/2025:12:15:18 -0400] "POST /alfacgiapi/perl.alfa HTTP/2.0" 404 52438 "www.google.com" "Mozlila/5.0 (Linux; Android 7.0; SM-G892A Bulid/NRD90M; wv) AppleWebKit/537.36 (KHTML, like Gecko) Version/4.0 Chrome/60.0.3112.107 Moblie Safari/537.36"
45.138.16.228 - - [20/Oct/2025:12:15:20 -0400] "GET /plugins/content/apismtp/apismtp.php?test=hello HTTP/2.0" 404 52438 "-" "Mozlila/5.0 (Linux; Android 7.0; SM-G892A Bulid/NRD90M; wv) AppleWebKit/537.36 (KHTML, like Gecko) Version/4.0 Chrome/60.0.3112.107 Moblie Safari/537.36"
2a03:2880:f800:47:: - - [20/Oct/2025:12:15:20 -0400] "GET /tag/til-ke-ladoo-recipe-by-manjula/ HTTP/2.0" 200 449843 "-" "meta-externalagent/1.1 (+https://developers.facebook.com/docs/sharing/webmasters/crawler)"
45.138.16.228 - - [20/Oct/2025:12:15:21 -0400] "GET /wp-content/plugins/apikey/apikey.php.suspected?test=hello HTTP/2.0" 404 52438 "-" "Mozlila/5.0 (Linux; Android 7.0; SM-G892A Bulid/NRD90M; wv) AppleWebKit/537.36 (KHTML, like Gecko) Version/4.0 Chrome/60.0.3112.107 Moblie Safari/537.36"
45.138.16.228 - - [20/Oct/2025:12:15:23 -0400] "GET /plugins/content/apismtp/apismtp.php.suspected?test=hello HTTP/2.0" 404 52438 "-" "Mozlila/5.0 (Linux; Android 7.0; SM-G892A Bulid/NRD90M; wv) AppleWebKit/537.36 (KHTML, like Gecko) Version/4.0 Chrome/60.0.3112.107 Moblie Safari/537.36"
52.167.144.161 - - [20/Oct/2025:12:15:23 -0400] "GET /tag/festive-hairstyles/ HTTP/2.0" 200 449843 "-" "Mozilla/5.0 AppleWebKit/537.36 (KHTML, like Gecko; compatible; bingbot/2.0; +http://www.bing.com/bingbot.htm) Chrome/116.0.1938.76 Safari/537.36"
216.244.66.235 - - [20/Oct/2025:12:15:31 -0400] "GET /tag/best-nail-treatment-for-peeling-nails/ HTTP/2.0" 200 449843 "-" "Mozilla/5.0 (compatible; DotBot/1.2; +https://opensiteexplorer.org/dotbot; [email protected])"
114.119.140.79 - - [20/Oct/2025:12:15:43 -0400] "GET /tag/get-thick-hair-naturally/ HTTP/2.0" 200 48449 "https://blushin.com/add-volume-to-hair-2/?amp" "Mozilla/5.0 (Linux; Android 7.0;) AppleWebKit/537.36 (KHTML, like Gecko) Mobile Safari/537.36 (compatible; PetalBot;+https://webmaster.petalsearch.com/site/petalbot)"
179.125.154.167 - - [20/Oct/2025:12:15:43 -0400] "GET /tadhana-slot-app-575/ HTTP/2.0" 200 294915 "-" "Mozilla/5.0 (Windows NT 6.1) AppleWebKit/537.36 (KHTML, like Gecko) Chrome/90.0.4427.5 Safari/537.36"
216.244.66.235 - - [20/Oct/2025:12:15:45 -0400] "GET /tag/body-hydrated/ HTTP/2.0" 200 449843 "-" "Mozilla/5.0 (compatible; DotBot/1.2; +https://opensiteexplorer.org/dotbot; [email protected])"
20.193.135.142 - - [20/Oct/2025:12:15:53 -0400] "POST /wp-login.php HTTP/2.0" 200 6907 "-" "Mozilla/5.0"
20.193.135.142 - - [20/Oct/2025:12:15:53 -0400] "POST /wp-login.php HTTP/2.0" 200 6943 "-" "Mozilla/5.0"
20.193.135.142 - - [20/Oct/2025:12:15:53 -0400] "POST /wp-login.php HTTP/2.0" 200 6947 "-" "Mozilla/5.0"
20.193.135.142 - - [20/Oct/2025:12:15:53 -0400] "POST /wp-login.php HTTP/2.0" 200 6941 "-" "Mozilla/5.0"
216.244.66.235 - - [20/Oct/2025:12:15:58 -0400] "GET /tag/carry-a-face-mist/ HTTP/2.0" 200 449843 "-" "Mozilla/5.0 (compatible; DotBot/1.2; +https://opensiteexplorer.org/dotbot; [email protected])"
200.53.195.84 - - [20/Oct/2025:12:16:05 -0400] "GET /tag/how-to-prevent-acne-after-working-out/ HTTP/2.0" 200 208352 "-" "Mozilla/5.0 (Windows NT 6.3; WOW64) AppleWebKit/537.36 (KHTML, like Gecko) Chrome/63.0.3215.0 Safari/537.36"
57.159.28.36 - - [20/Oct/2025:12:16:11 -0400] "POST /wp-login.php HTTP/2.0" 200 6907 "-" "Mozilla/5.0"
57.159.28.36 - - [20/Oct/2025:12:16:11 -0400] "POST /wp-login.php HTTP/2.0" 200 6947 "-" "Mozilla/5.0"
57.159.28.36 - - [20/Oct/2025:12:16:11 -0400] "POST /wp-login.php HTTP/2.0" 200 6943 "-" "Mozilla/5.0"
57.159.28.36 - - [20/Oct/2025:12:16:11 -0400] "POST /wp-login.php HTTP/2.0" 200 6941 "-" "Mozilla/5.0"
216.244.66.235 - - [20/Oct/2025:12:16:11 -0400] "GET /tag/chhole-poori/ HTTP/2.0" 200 449843 "-" "Mozilla/5.0 (compatible; DotBot/1.2; +https://opensiteexplorer.org/dotbot; [email protected])"
201.219.248.67 - - [20/Oct/2025:12:16:12 -0400] "GET /tag/rahul-khanna/ HTTP/2.0" 200 208183 "-" "Mozilla/5.0 (Macintosh; Intel Mac OS X 10_11_6) AppleWebKit/537.36 (KHTML, like Gecko) Chrome/63.0.3239.132 Safari/537.36"
2a03:2880:f800:45:: - - [20/Oct/2025:12:16:16 -0400] "GET /tag/latest-kurti-styles/ HTTP/2.0" 200 449843 "-" "meta-externalagent/1.1 (+https://developers.facebook.com/docs/sharing/webmasters/crawler)"
161.178.140.163 - - [20/Oct/2025:12:16:19 -0400] "POST /xmlrpc.php HTTP/2.0" 200 403 "-" "Mozilla/5.0 (Macintosh; Intel Mac OS X 12_5) AppleWebKit/537.36 (KHTML, like Gecko) Chrome/114.0.0.0 Safari/537.36 Edg/114.0.1264.71"
2a03:2880:f800:24:: - - [20/Oct/2025:12:16:18 -0400] "GET /tag/how-to-apply-foundation-without-a-brush-or-sponge/ HTTP/2.0" 200 449843 "-" "meta-externalagent/1.1 (+https://developers.facebook.com/docs/sharing/webmasters/crawler)"
161.178.140.163 - - [20/Oct/2025:12:16:20 -0400] "POST /xmlrpc.php HTTP/2.0" 200 403 "-" "Mozilla/5.0 (Macintosh; Intel Mac OS X 12_5) AppleWebKit/537.36 (KHTML, like Gecko) Chrome/114.0.0.0 Safari/537.36 Edg/114.0.1264.71"
161.178.140.163 - - [20/Oct/2025:12:16:21 -0400] "POST /xmlrpc.php HTTP/2.0" 200 403 "-" "Mozilla/5.0 (Macintosh; Intel Mac OS X 12_5) AppleWebKit/537.36 (KHTML, like Gecko) Chrome/114.0.0.0 Safari/537.36 Edg/114.0.1264.71"
2a03:2880:f800:24:: - - [20/Oct/2025:12:16:20 -0400] "GET /6-effective-aloe-vera-face-masks-glowing-skin/ HTTP/2.0" 200 449843 "-" "meta-externalagent/1.1 (+https://developers.facebook.com/docs/sharing/webmasters/crawler)"
161.178.140.163 - - [20/Oct/2025:12:16:22 -0400] "POST /xmlrpc.php HTTP/2.0" 200 403 "-" "Mozilla/5.0 (Macintosh; Intel Mac OS X 12_5) AppleWebKit/537.36 (KHTML, like Gecko) Chrome/114.0.0.0 Safari/537.36 Edg/114.0.1264.71"
2a03:2880:f800:17:: - - [20/Oct/2025:12:16:21 -0400] "GET /10-kitchen-secrets-every-woman-should-be-knowing-by-now/ HTTP/2.0" 200 449843 "-" "meta-externalagent/1.1 (+https://developers.facebook.com/docs/sharing/webmasters/crawler)"
161.178.140.163 - - [20/Oct/2025:12:16:23 -0400] "POST /xmlrpc.php HTTP/2.0" 200 403 "-" "Mozilla/5.0 (Macintosh; Intel Mac OS X 12_5) AppleWebKit/537.36 (KHTML, like Gecko) Chrome/114.0.0.0 Safari/537.36 Edg/114.0.1264.71"
216.244.66.235 - - [20/Oct/2025:12:16:23 -0400] "GET /tag/chicken-masala-recipe-in-marathi/ HTTP/2.0" 200 449843 "-" "Mozilla/5.0 (compatible; DotBot/1.2; +https://opensiteexplorer.org/dotbot; [email protected])"
161.178.140.163 - - [20/Oct/2025:12:16:24 -0400] "POST /xmlrpc.php HTTP/2.0" 200 403 "-" "Mozilla/5.0 (Macintosh; Intel Mac OS X 12_5) AppleWebKit/537.36 (KHTML, like Gecko) Chrome/114.0.0.0 Safari/537.36 Edg/114.0.1264.71"
2a03:2880:f800:14:: - - [20/Oct/2025:12:16:23 -0400] "GET /tag/shilpa-shetty-beauty-tips/ HTTP/2.0" 200 449843 "-" "meta-externalagent/1.1 (+https://developers.facebook.com/docs/sharing/webmasters/crawler)"
161.178.140.163 - - [20/Oct/2025:12:16:25 -0400] "POST /xmlrpc.php HTTP/2.0" 200 403 "-" "Mozilla/5.0 (Macintosh; Intel Mac OS X 12_5) AppleWebKit/537.36 (KHTML, like Gecko) Chrome/114.0.0.0 Safari/537.36 Edg/114.0.1264.71"
161.178.140.163 - - [20/Oct/2025:12:16:26 -0400] "POST /xmlrpc.php HTTP/2.0" 200 403 "-" "Mozilla/5.0 (Macintosh; Intel Mac OS X 12_5) AppleWebKit/537.36 (KHTML, like Gecko) Chrome/114.0.0.0 Safari/537.36 Edg/114.0.1264.71"
161.178.140.163 - - [20/Oct/2025:12:16:27 -0400] "POST /xmlrpc.php HTTP/2.0" 200 403 "-" "Mozilla/5.0 (Macintosh; Intel Mac OS X 12_5) AppleWebKit/537.36 (KHTML, like Gecko) Chrome/114.0.0.0 Safari/537.36 Edg/114.0.1264.71"
216.244.66.235 - - [20/Oct/2025:12:16:33 -0400] "GET /tag/chinese-skin-care-products/ HTTP/2.0" 200 449843 "-" "Mozilla/5.0 (compatible; DotBot/1.2; +https://opensiteexplorer.org/dotbot; [email protected])"
2a03:2880:f800:38:: - - [20/Oct/2025:12:16:44 -0400] "GET /6-yoga-poses-for-hair-loss-treatment/ HTTP/2.0" 200 449843 "-" "meta-externalagent/1.1 (+https://developers.facebook.com/docs/sharing/webmasters/crawler)"
2a03:2880:f800:1f:: - - [20/Oct/2025:12:16:45 -0400] "GET /tag/relationship-with-salman-khan/ HTTP/2.0" 200 449843 "-" "meta-externalagent/1.1 (+https://developers.facebook.com/docs/sharing/webmasters/crawler)"
186.208.11.18 - - [20/Oct/2025:12:16:47 -0400] "GET /category/womens-kitty/know-more/page/23/ HTTP/2.0" 200 225845 "-" "Mozilla/5.0 (Windows NT 10.0; Win64; x64) AppleWebKit/537.36 (KHTML, like Gecko) Chrome/71.0.3578.98 Safari/537.36"
216.244.66.235 - - [20/Oct/2025:12:16:49 -0400] "GET /tag/creative-wedding-photography/ HTTP/2.0" 200 449843 "-" "Mozilla/5.0 (compatible; DotBot/1.2; +https://opensiteexplorer.org/dotbot; [email protected])"
216.244.66.235 - - [20/Oct/2025:12:17:01 -0400] "GET /tag/cucumber-mask-for-rosacea/ HTTP/2.0" 200 449843 "-" "Mozilla/5.0 (compatible; DotBot/1.2; +https://opensiteexplorer.org/dotbot; [email protected])"
114.119.137.43 - - [20/Oct/2025:12:17:08 -0400] "GET /tag/get-rid-of-spider-and-mice/ HTTP/2.0" 200 48629 "https://blushin.com/get-rid-of-spider-and-mice/?amp" "Mozilla/5.0 (Linux; Android 7.0;) AppleWebKit/537.36 (KHTML, like Gecko) Mobile Safari/537.36 (compatible; PetalBot;+https://webmaster.petalsearch.com/site/petalbot)"
216.244.66.235 - - [20/Oct/2025:12:17:13 -0400] "GET /tag/deep-fried-bal/ HTTP/2.0" 200 449843 "-" "Mozilla/5.0 (compatible; DotBot/1.2; +https://opensiteexplorer.org/dotbot; [email protected])"
2a03:2880:f800:e:: - - [20/Oct/2025:12:17:15 -0400] "GET /tag/red-benarasi-saree-look/ HTTP/2.0" 200 449843 "-" "meta-externalagent/1.1 (+https://developers.facebook.com/docs/sharing/webmasters/crawler)"
2a03:2880:f800:3a:: - - [20/Oct/2025:12:17:20 -0400] "GET /tag/how-to-whiten-arms-fast/ HTTP/2.0" 200 449843 "-" "meta-externalagent/1.1 (+https://developers.facebook.com/docs/sharing/webmasters/crawler)"
179.54.210.194 - - [20/Oct/2025:12:17:22 -0400] "GET /tag/rosacea-natural-treatment-apple-cider-vinegar/ HTTP/2.0" 200 208423 "-" "Mozilla/5.0 (Macintosh; Intel Mac OS X 10_15_7) AppleWebKit/537.36 (KHTML, like Gecko) Chrome/100.0.4896.79 Safari/537.36"
216.244.66.235 - - [20/Oct/2025:12:17:25 -0400] "GET /tag/drinking-water-during-ramadan/ HTTP/2.0" 200 449843 "-" "Mozilla/5.0 (compatible; DotBot/1.2; +https://opensiteexplorer.org/dotbot; [email protected])"
5.189.148.15 - - [20/Oct/2025:12:17:36 -0400] "POST /wp-login.php HTTP/2.0" 200 6907 "-" "Mozilla/5.0"
5.189.148.15 - - [20/Oct/2025:12:17:36 -0400] "POST /wp-login.php HTTP/2.0" 200 6947 "-" "Mozilla/5.0"
5.189.148.15 - - [20/Oct/2025:12:17:36 -0400] "POST /wp-login.php HTTP/2.0" 200 6941 "-" "Mozilla/5.0"
216.244.66.235 - - [20/Oct/2025:12:17:39 -0400] "GET /tag/egg-masala-kerala-style/ HTTP/2.0" 200 449843 "-" "Mozilla/5.0 (compatible; DotBot/1.2; +https://opensiteexplorer.org/dotbot; [email protected])"
2a03:2880:f800:36:: - - [20/Oct/2025:12:17:39 -0400] "GET /tag/bong-beauty/ HTTP/2.0" 200 449843 "-" "meta-externalagent/1.1 (+https://developers.facebook.com/docs/sharing/webmasters/crawler)"
135.235.193.179 - - [20/Oct/2025:12:17:41 -0400] "POST /wp-login.php HTTP/2.0" 200 6943 "-" "Mozilla/5.0"
135.235.193.179 - - [20/Oct/2025:12:17:41 -0400] "POST /wp-login.php HTTP/2.0" 200 6941 "-" "Mozilla/5.0"
135.235.193.179 - - [20/Oct/2025:12:17:41 -0400] "POST /wp-login.php HTTP/2.0" 200 6947 "-" "Mozilla/5.0"
135.235.193.179 - - [20/Oct/2025:12:17:41 -0400] "POST /wp-login.php HTTP/2.0" 200 6907 "-" "Mozilla/5.0"
2a03:2880:f800:3e:: - - [20/Oct/2025:12:17:41 -0400] "GET /7-famously-handsome-indian-tv-actors-who-are-married-but-we-dont-know/ HTTP/2.0" 200 449843 "-" "meta-externalagent/1.1 (+https://developers.facebook.com/docs/sharing/webmasters/crawler)"
113.167.75.152 - - [20/Oct/2025:12:17:47 -0400] "GET /tag/how-to-strengthen-relationship-with-girlfriend/ HTTP/2.0" 200 208528 "-" "Mozilla/5.0 (Windows NT 6.1) AppleWebKit/537.36 (KHTML, like Gecko) Brave Chrome/88.0.4324.152 Safari/537.36"
216.244.66.235 - - [20/Oct/2025:12:17:51 -0400] "GET /tag/evening-chinese-snacks/ HTTP/2.0" 200 449843 "-" "Mozilla/5.0 (compatible; DotBot/1.2; +https://opensiteexplorer.org/dotbot; [email protected])"
66.180.148.196 - - [20/Oct/2025:12:17:58 -0400] "GET /health-benefits-of-skipping-for-women/ HTTP/2.0" 200 449843 "-" "Mozilla/5.0 (Linux; Android 6.0; Nexus 5 Build/MRA58N) AppleWebKit/537.36 (KHTML, like Gecko) Chrome/52.0.2180.1279 Mobile Safari/537.36"
216.244.66.235 - - [20/Oct/2025:12:18:03 -0400] "GET /tag/fibre-content/ HTTP/2.0" 200 449843 "-" "Mozilla/5.0 (compatible; DotBot/1.2; +https://opensiteexplorer.org/dotbot; [email protected])"
2a03:2880:f800:3a:: - - [20/Oct/2025:12:18:08 -0400] "GET /tag/how-to-check-your-moles/ HTTP/2.0" 200 449843 "-" "meta-externalagent/1.1 (+https://developers.facebook.com/docs/sharing/webmasters/crawler)"
216.244.66.235 - - [20/Oct/2025:12:18:15 -0400] "GET /tag/flower-valley-of-nanital/ HTTP/2.0" 200 449843 "-" "Mozilla/5.0 (compatible; DotBot/1.2; +https://opensiteexplorer.org/dotbot; [email protected])"
43.173.181.140 - - [20/Oct/2025:12:18:17 -0400] "GET / HTTP/2.0" 200 226125 "http://blushin.com" "Mozilla/5.0 (Windows NT 10.0; Win64; x64) AppleWebKit/537.36 (KHTML, like Gecko) Chrome/107.0.0.0 Safari/537.36"
216.244.66.235 - - [20/Oct/2025:12:18:26 -0400] "GET /tag/foods-for-hair-regrowth/ HTTP/2.0" 200 449843 "-" "Mozilla/5.0 (compatible; DotBot/1.2; +https://opensiteexplorer.org/dotbot; [email protected])"
223.193.38.244 - - [20/Oct/2025:12:18:28 -0400] "GET /wp-content/uploads/2017/06/Almonds-paste-for-healthy-skin-and-improved-texture.jpg HTTP/2.0" 200 96732 "-" "Mozilla/5.0 (Windows NT 10.0; Win64; x64) AppleWebKit/537.36 (KHTML, like Gecko) Chrome/103.0.0.0 Safari/537.36"
139.59.24.60 - - [20/Oct/2025:12:18:29 -0400] "POST /xmlrpc.php HTTP/2.0" 200 403 "https://blushin.com" "Mozilla/5.0 (Windows NT 10.0; Win64; x64) AppleWebKit/537.36 (KHTML, like Gecko) Chrome/116.0.5845.96 Safari/537.36"
190.131.139.61 - - [20/Oct/2025:12:18:30 -0400] "GET /how-to-use-mustard-oil-for-skin-and-hair/ HTTP/2.0" 200 311793 "-" "Mozilla/5.0 (Windows NT 6.1; Win64; x64) AppleWebKit/537.36 (KHTML, like Gecko) Chrome/64.0.3282.24 Safari/537.36"
114.119.158.193 - - [20/Oct/2025:12:18:32 -0400] "GET /tag/gel-manicure/ HTTP/2.0" 200 49812 "https://blushin.com/6-different-types-of-manicure-you-should-know-about/" "Mozilla/5.0 (Linux; Android 7.0;) AppleWebKit/537.36 (KHTML, like Gecko) Mobile Safari/537.36 (compatible; PetalBot;+https://webmaster.petalsearch.com/site/petalbot)"
186.249.138.111 - - [20/Oct/2025:12:18:36 -0400] "GET /tag/feather-earrings/ HTTP/2.0" 200 208246 "-" "Mozilla/5.0 (Macintosh; Intel Mac OS X 10_11_6) AppleWebKit/537.36 (KHTML, like Gecko) Brave Chrome/84.0.4147.135 Safari/537.36"
216.244.66.235 - - [20/Oct/2025:12:18:37 -0400] "GET /tag/foolish-dowry-benefits-in-textbook/ HTTP/2.0" 200 449843 "-" "Mozilla/5.0 (compatible; DotBot/1.2; +https://opensiteexplorer.org/dotbot; [email protected])"
197.15.236.186 - - [20/Oct/2025:12:18:40 -0400] "GET /tag/reasons-to-eat-watermelon-seeds/ HTTP/2.0" 200 208399 "-" "Mozilla/5.0 (Macintosh; Intel Mac OS X 10_11_6) AppleWebKit/537.36 (KHTML, like Gecko) Chrome/80.0.3987.87 Safari/537.36"
216.244.66.235 - - [20/Oct/2025:12:18:45 -0400] "GET /tag/hair-packs/ HTTP/2.0" 200 449843 "-" "Mozilla/5.0 (compatible; DotBot/1.2; +https://opensiteexplorer.org/dotbot; [email protected])"
89.248.172.183 - - [20/Oct/2025:12:18:48 -0400] "POST /wp-json/tdw/save_css HTTP/2.0" 401 98 "-" "Mozilla/5.0 (Windows NT 10.0) AppleWebKit/537.36 (KHTML, like Gecko) Chrome/104.0.0.0 Safari/537.36"
2a03:2880:f800:1f:: - - [20/Oct/2025:12:18:51 -0400] "GET /under-eye-bags-in-men-what-can-men-do-to-hide-under-eye-bags/ HTTP/2.0" 200 449843 "-" "meta-externalagent/1.1 (+https://developers.facebook.com/docs/sharing/webmasters/crawler)"
216.244.66.235 - - [20/Oct/2025:12:18:53 -0400] "GET /tag/health-facts-about-chocolate/ HTTP/2.0" 200 449843 "-" "Mozilla/5.0 (compatible; DotBot/1.2; +https://opensiteexplorer.org/dotbot; [email protected])"
216.244.66.235 - - [20/Oct/2025:12:19:01 -0400] "GET /tag/healthy-breasts-for-life/ HTTP/2.0" 200 449843 "-" "Mozilla/5.0 (compatible; DotBot/1.2; +https://opensiteexplorer.org/dotbot; [email protected])"
216.244.66.235 - - [20/Oct/2025:12:19:10 -0400] "GET /tag/how-long-to-plan-a-wedding-uk/ HTTP/2.0" 200 449843 "-" "Mozilla/5.0 (compatible; DotBot/1.2; +https://opensiteexplorer.org/dotbot; [email protected])"
216.244.66.235 - - [20/Oct/2025:12:19:18 -0400] "GET /tag/how-to-apply-foundation-and-concealer-professionally/ HTTP/2.0" 200 449843 "-" "Mozilla/5.0 (compatible; DotBot/1.2; +https://opensiteexplorer.org/dotbot; [email protected])"
200.162.172.62 - - [20/Oct/2025:12:19:19 -0400] "GET /tag/homemade-fruit-face-packs-for-radiant-skin/ HTTP/2.0" 200 208394 "-" "Mozilla/5.0 (Windows NT 10.0; WOW64) AppleWebKit/537.36 (KHTML, like Gecko) Chrome/62.0.3202.9 Safari/537.36"
216.244.66.235 - - [20/Oct/2025:12:19:25 -0400] "GET /tag/how-to-bring-hair-back-to-life-naturally/ HTTP/2.0" 200 449843 "-" "Mozilla/5.0 (compatible; DotBot/1.2; +https://opensiteexplorer.org/dotbot; [email protected])"
113.165.218.164 - - [20/Oct/2025:12:19:27 -0400] "GET /tag/kalonji-benefits-for-hair-growth/ HTTP/2.0" 200 208276 "-" "Mozilla/5.0 (Macintosh; Intel Mac OS X 10_14_6) AppleWebKit/537.36 (KHTML, like Gecko) Chrome/98.0.4758.109 Safari/537.36"
216.244.66.235 - - [20/Oct/2025:12:19:33 -0400] "GET /tag/how-to-cure-acidity-permanently/ HTTP/2.0" 200 449843 "-" "Mozilla/5.0 (compatible; DotBot/1.2; +https://opensiteexplorer.org/dotbot; [email protected])"
2a03:2880:f800:27:: - - [20/Oct/2025:12:19:34 -0400] "GET /tag/kapoor-swara/ HTTP/2.0" 200 449843 "-" "meta-externalagent/1.1 (+https://developers.facebook.com/docs/sharing/webmasters/crawler)"
216.244.66.235 - - [20/Oct/2025:12:19:40 -0400] "GET /tag/how-to-do-makeup-like-katrina-kaif/ HTTP/2.0" 200 449843 "-" "Mozilla/5.0 (compatible; DotBot/1.2; +https://opensiteexplorer.org/dotbot; [email protected])"
200.192.101.5 - - [20/Oct/2025:12:19:46 -0400] "GET /tag/almond-oil/ HTTP/2.0" 200 229079 "-" "Mozilla/5.0 (Macintosh; Intel Mac OS X 10_15_4) AppleWebKit/537.36 (KHTML, like Gecko) Brave Chrome/87.0.4280.101 Safari/537.36"
216.244.66.235 - - [20/Oct/2025:12:19:48 -0400] "GET /tag/how-to-do-makeup-within-a-minute/ HTTP/2.0" 200 449843 "-" "Mozilla/5.0 (compatible; DotBot/1.2; +https://opensiteexplorer.org/dotbot; [email protected])"
114.119.131.42 - - [20/Oct/2025:12:19:53 -0400] "GET /tag/foods-to-eat-for-better-breast/?amp HTTP/2.0" 200 48573 "https://blushin.com/7-natural-foods-to-eat-for-healthy-breasts/?noamp=mobile&" "Mozilla/5.0 (Linux; Android 7.0;) AppleWebKit/537.36 (KHTML, like Gecko) Mobile Safari/537.36 (compatible; PetalBot;+https://webmaster.petalsearch.com/site/petalbot)"
216.244.66.235 - - [20/Oct/2025:12:19:55 -0400] "GET /tag/how-to-get-beautiful/ HTTP/2.0" 200 449843 "-" "Mozilla/5.0 (compatible; DotBot/1.2; +https://opensiteexplorer.org/dotbot; [email protected])"
79.124.40.174 - - [20/Oct/2025:12:19:55 -0400] "GET /?XDEBUG_SESSION_START=phpstorm HTTP/1.1" 200 226134 "-" "Mozilla/5.0 (Windows NT 10.0; Win64; x64) AppleWebKit/537.36 (KHTML, like Gecko) Chrome/78.0.3904.108 Safari/537.36"
216.244.66.235 - - [20/Oct/2025:12:20:04 -0400] "GET /tag/how-to-stay-healthy-during-flu-season/ HTTP/2.0" 200 449843 "-" "Mozilla/5.0 (compatible; DotBot/1.2; +https://opensiteexplorer.org/dotbot; [email protected])"
2001:ee0:4f36:b54a:c1ae:1f05:ebe1:7779 - - [20/Oct/2025:12:20:13 -0400] "GET /category/entertainment/celeb-talk/spooks/page/9/ HTTP/2.0" 200 226933 "-" "Mozilla/5.0 (Macintosh; Intel Mac OS X 10_15_7) AppleWebKit/537.36 (KHTML, like Gecko) Chrome/93.0.4577.63 Safari/537.36"
216.244.66.235 - - [20/Oct/2025:12:20:17 -0400] "GET /tag/how-to-stop-bad-habits/ HTTP/2.0" 200 449843 "-" "Mozilla/5.0 (compatible; DotBot/1.2; +https://opensiteexplorer.org/dotbot; [email protected])"
52.167.144.177 - - [20/Oct/2025:12:20:21 -0400] "GET /wp-content/uploads/2016/06/mother-specialty4.jpg HTTP/2.0" 200 449843 "-" "Mozilla/5.0 AppleWebKit/537.36 (KHTML, like Gecko; compatible; bingbot/2.0; +http://www.bing.com/bingbot.htm) Chrome/116.0.1938.76 Safari/537.36"
2a03:2880:f800:2a:: - - [20/Oct/2025:12:20:27 -0400] "GET /natural-soft-hairs/ HTTP/2.0" 200 449843 "-" "meta-externalagent/1.1 (+https://developers.facebook.com/docs/sharing/webmasters/crawler)"
216.244.66.235 - - [20/Oct/2025:12:20:30 -0400] "GET /tag/how-to-use-almond-for-skin/ HTTP/2.0" 200 449843 "-" "Mozilla/5.0 (compatible; DotBot/1.2; +https://opensiteexplorer.org/dotbot; [email protected])"
20.193.135.142 - - [20/Oct/2025:12:20:31 -0400] "POST /wp-login.php HTTP/2.0" 200 6907 "-" "Mozilla/5.0"
20.193.135.142 - - [20/Oct/2025:12:20:31 -0400] "POST /wp-login.php HTTP/2.0" 200 6947 "-" "Mozilla/5.0"
20.193.135.142 - - [20/Oct/2025:12:20:31 -0400] "POST /wp-login.php HTTP/2.0" 200 6941 "-" "Mozilla/5.0"
20.193.135.142 - - [20/Oct/2025:12:20:31 -0400] "POST /wp-login.php HTTP/2.0" 200 6943 "-" "Mozilla/5.0"
223.193.38.243 - - [20/Oct/2025:12:20:40 -0400] "GET /wp-content/uploads/2017/09/How-to-use-flax-seeds-for-weight-loss.jpeg HTTP/2.0" 200 87749 "-" "Mozilla/5.0 (Windows NT 10.0; Win64; x64) AppleWebKit/537.36 (KHTML, like Gecko) Chrome/103.0.0.0 Safari/537.36"
216.244.66.235 - - [20/Oct/2025:12:20:41 -0400] "GET /tag/hyderabadi-dahi-bhindi-masala/ HTTP/2.0" 200 449843 "-" "Mozilla/5.0 (compatible; DotBot/1.2; +https://opensiteexplorer.org/dotbot; [email protected])"
216.244.66.235 - - [20/Oct/2025:12:20:50 -0400] "GET /tag/karva-chauth-vrat-katha/ HTTP/2.0" 200 449843 "-" "Mozilla/5.0 (compatible; DotBot/1.2; +https://opensiteexplorer.org/dotbot; [email protected])"
216.244.66.235 - - [20/Oct/2025:12:21:00 -0400] "GET /tag/kingfisher-models-fitness-rules/ HTTP/2.0" 200 449843 "-" "Mozilla/5.0 (compatible; DotBot/1.2; +https://opensiteexplorer.org/dotbot; [email protected])"
43.173.174.223 - - [20/Oct/2025:12:21:02 -0400] "GET /tag/he-will-leave-no-chance-to-get-the-attention/ HTTP/2.0" 200 208470 "-" "Mozilla/5.0 (Windows NT 10.0; Win64; x64) AppleWebKit/537.36 (KHTML, like Gecko) Chrome/116.0.0.0 Safari/537.36"
43.173.174.54 - - [20/Oct/2025:12:21:03 -0400] "GET /tag/how-to-make-honeymoon-special-for-her/ HTTP/2.0" 200 208600 "-" "Mozilla/5.0 (Windows NT 6.1; Win64; x64) AppleWebKit/537.36 (KHTML, like Gecko) Chrome/126.0.6478.114 Safari/537.36"
216.244.66.235 - - [20/Oct/2025:12:21:08 -0400] "GET /tag/last-minute-mothers-day-gift-ideas/ HTTP/2.0" 200 449843 "-" "Mozilla/5.0 (compatible; DotBot/1.2; +https://opensiteexplorer.org/dotbot; [email protected])"
216.244.66.235 - - [20/Oct/2025:12:21:16 -0400] "GET /tag/loose-waves/ HTTP/2.0" 200 449843 "-" "Mozilla/5.0 (compatible; DotBot/1.2; +https://opensiteexplorer.org/dotbot; [email protected])"
114.119.141.53 - - [20/Oct/2025:12:21:18 -0400] "GET /tag/feeding-birds-benefits-in-hindi/ HTTP/2.0" 200 48460 "https://blushin.com/10-benefits-of-feeding-the-birds/?amp" "Mozilla/5.0 (Linux; Android 7.0;) AppleWebKit/537.36 (KHTML, like Gecko) Mobile Safari/537.36 (compatible; PetalBot;+https://webmaster.petalsearch.com/site/petalbot)"
216.244.66.235 - - [20/Oct/2025:12:21:26 -0400] "GET /tag/mother-health/ HTTP/2.0" 200 449843 "-" "Mozilla/5.0 (compatible; DotBot/1.2; +https://opensiteexplorer.org/dotbot; [email protected])"
179.108.232.115 - - [20/Oct/2025:12:21:35 -0400] "GET /?channel=7637db&from=product.php%3Fid%3D743625-9288&l=1828574362500&name=%E3%83%81%E3%82%A7%E3%83%83%E3%82%AF%E6%9F%84%E3%80%80%E3%81%8B%E3%82%8F%E3%81%84%E3%81%84%E3%82%B9%E3%82%AB%E3%83%BC%E3%83%88+%E3%83%AC%E3%83%87%E3%82%A3%E3%83%BC%E3%82%B9+%E7%88%BD%E3%82%84+%E3%81%8B%E3%81%AA+%E3%83%96%E3%83%AB%E3%83%BC%E3%81%A8+%E3%83%91%E3%83%BC%E3%83%97%E3%83%AB%E3%81%AE+%E3%83%81%E3%82%A7%E3%83%83%E3%82%AF+%E6%9F%84+%E3%82%B9%E3%82%AB%E3%83%BC%E3%83%88+2025+%E6%98%A5%E5%A4%8F+%E3%83%AC%E3%83%88%E3%83%AD+%E3%83%97%E3%83%AA%E3%83%BC%E3%83%84+%E3%82%B9%E3%83%AA%E3%83%A0+%E3%83%AD%E3%83%B3%E3%82%B0 HTTP/2.0" 404 181138 "-" "Mozilla/5.0 (Macintosh; Intel Mac OS X 10_3) AppleWebKit/537.36 (KHTML, like Gecko) Chrome/100.0.4880.146 Safari/537.36"
