57.159.29.167 - - [20/Oct/2025:11:27:14 -0400] "POST /wp-login.php HTTP/2.0" 200 6941 "-" "Mozilla/5.0"
216.244.66.235 - - [20/Oct/2025:11:27:14 -0400] "GET /tag/foundation-and-concealer-difference/feed/ HTTP/2.0" 200 449843 "-" "Mozilla/5.0 (compatible; DotBot/1.2; +https://opensiteexplorer.org/dotbot; [email protected])"
177.39.118.238 - - [20/Oct/2025:11:27:13 -0400] "GET /category/betsafe-deposit-75/ HTTP/2.0" 200 217083 "-" "Mozilla/5.0 (Windows NT 6.1) AppleWebKit/537.36 (KHTML, like Gecko) Chrome/95.0.4638.69 Safari/537.36"
2a03:2880:f800:8:: - - [20/Oct/2025:11:27:23 -0400] "GET /makeup-hack-top-5-smudge-proof-makeup-tips/ HTTP/2.0" 200 449843 "-" "meta-externalagent/1.1 (+https://developers.facebook.com/docs/sharing/webmasters/crawler)"
2a03:2880:f800:1a:: - - [20/Oct/2025:11:27:24 -0400] "GET /tag/pratyusha-banerjee/ HTTP/2.0" 200 449843 "-" "meta-externalagent/1.1 (+https://developers.facebook.com/docs/sharing/webmasters/crawler)"
2a03:2880:f800:10:: - - [20/Oct/2025:11:27:25 -0400] "GET /tag/dahi-aloo-recipe-in-hindi/ HTTP/2.0" 200 449843 "-" "meta-externalagent/1.1 (+https://developers.facebook.com/docs/sharing/webmasters/crawler)"
66.249.74.107 - - [20/Oct/2025:11:27:27 -0400] "GET /feeds HTTP/2.0" 200 449843 "-" "Mozilla/5.0 (compatible; Googlebot/2.1; +http://www.google.com/bot.html)"
216.244.66.235 - - [20/Oct/2025:11:27:38 -0400] "GET /tag/get-rid-of-office-stress-in-few-minutes/ HTTP/2.0" 200 449843 "-" "Mozilla/5.0 (compatible; DotBot/1.2; +https://opensiteexplorer.org/dotbot; [email protected])"
2a03:2880:f800:18:: - - [20/Oct/2025:11:27:48 -0400] "GET /top-10-beauty-benefits-strawberries-skin-hair/ HTTP/2.0" 200 449843 "-" "meta-externalagent/1.1 (+https://developers.facebook.com/docs/sharing/webmasters/crawler)"
216.244.66.235 - - [20/Oct/2025:11:28:02 -0400] "GET /tag/grilled-mixed-vegetables-nutrition/feed/ HTTP/2.0" 200 449843 "-" "Mozilla/5.0 (compatible; DotBot/1.2; +https://opensiteexplorer.org/dotbot; [email protected])"
2a03:2880:f800:26:: - - [20/Oct/2025:11:28:05 -0400] "GET /time-saving-cooking-hacks/ HTTP/2.0" 200 449843 "-" "meta-externalagent/1.1 (+https://developers.facebook.com/docs/sharing/webmasters/crawler)"
20.193.135.142 - - [20/Oct/2025:11:28:17 -0400] "POST /wp-login.php HTTP/2.0" 200 6943 "-" "Mozilla/5.0"
20.193.135.142 - - [20/Oct/2025:11:28:17 -0400] "POST /wp-login.php HTTP/2.0" 200 6947 "-" "Mozilla/5.0"
20.193.135.142 - - [20/Oct/2025:11:28:17 -0400] "POST /wp-login.php HTTP/2.0" 200 6907 "-" "Mozilla/5.0"
66.116.199.115 - - [20/Oct/2025:11:28:17 -0400] "POST /wp-cron.php?doing_wp_cron=1760974097.9377110004425048828125 HTTP/2.0" 200 - "-" "WordPress/6.8.3; https://blushin.com"
20.193.135.142 - - [20/Oct/2025:11:28:17 -0400] "POST /wp-login.php HTTP/2.0" 200 6941 "-" "Mozilla/5.0"
216.244.66.235 - - [20/Oct/2025:11:28:25 -0400] "GET /tag/hindi-songs-to-dedicate-to-your-crush/ HTTP/2.0" 200 449843 "-" "Mozilla/5.0 (compatible; DotBot/1.2; +https://opensiteexplorer.org/dotbot; [email protected])"
2a03:2880:f800:1d:: - - [20/Oct/2025:11:28:33 -0400] "GET /tag/padmavat-story/ HTTP/2.0" 200 449843 "-" "meta-externalagent/1.1 (+https://developers.facebook.com/docs/sharing/webmasters/crawler)"
52.167.144.238 - - [20/Oct/2025:11:28:38 -0400] "GET /tag/makhana-kheer-recipe/ HTTP/2.0" 200 449843 "-" "Mozilla/5.0 AppleWebKit/537.36 (KHTML, like Gecko; compatible; bingbot/2.0; +http://www.bing.com/bingbot.htm) Chrome/116.0.1938.76 Safari/537.36"
216.244.66.235 - - [20/Oct/2025:11:28:47 -0400] "GET /tag/homemade-tips-for-glowing-skin/ HTTP/2.0" 200 449843 "-" "Mozilla/5.0 (compatible; DotBot/1.2; +https://opensiteexplorer.org/dotbot; [email protected])"
216.244.66.235 - - [20/Oct/2025:11:29:08 -0400] "GET /tag/how-can-we-save-money/feed/ HTTP/2.0" 200 449843 "-" "Mozilla/5.0 (compatible; DotBot/1.2; +https://opensiteexplorer.org/dotbot; [email protected])"
216.244.66.235 - - [20/Oct/2025:11:29:27 -0400] "GET /tag/how-to-get-rid-of-period-cramps-at-night/ HTTP/2.0" 200 449843 "-" "Mozilla/5.0 (compatible; DotBot/1.2; +https://opensiteexplorer.org/dotbot; [email protected])"
120.133.84.228 - - [20/Oct/2025:11:29:34 -0400] "GET /wp-content/uploads/2016/02/Nail-Extension-Facts7.jpg HTTP/2.0" 200 93290 "-" "Mozilla/5.0 (X11; Ubuntu; Linux x86_64; rv:72.0) Gecko/20100101 Firefox/72.0"
216.244.66.235 - - [20/Oct/2025:11:29:46 -0400] "GET /tag/how-to-keep-a-clean-house-schedule/ HTTP/2.0" 200 449843 "-" "Mozilla/5.0 (compatible; DotBot/1.2; +https://opensiteexplorer.org/dotbot; [email protected])"
216.244.66.235 - - [20/Oct/2025:11:30:03 -0400] "GET /tag/how-to-take-care-of-your-face-naturally/ HTTP/2.0" 200 449843 "-" "Mozilla/5.0 (compatible; DotBot/1.2; +https://opensiteexplorer.org/dotbot; [email protected])"
216.244.66.235 - - [20/Oct/2025:11:30:20 -0400] "GET /tag/jewellery-clean-with-baking-soda/feed/ HTTP/2.0" 200 449843 "-" "Mozilla/5.0 (compatible; DotBot/1.2; +https://opensiteexplorer.org/dotbot; [email protected])"
17.241.227.180 - - [20/Oct/2025:11:30:33 -0400] "GET /health-benefits-and-side-effects-of-dried-dates/ HTTP/2.0" 200 449843 "-" "Mozilla/5.0 (Macintosh; Intel Mac OS X 10_15_7) AppleWebKit/605.1.15 (KHTML, like Gecko) Version/17.4 Safari/605.1.15 (Applebot/0.1; +http://www.apple.com/go/applebot)"
216.244.66.235 - - [20/Oct/2025:11:30:35 -0400] "GET /tag/kareena-kapoor-khan-house/feed/ HTTP/2.0" 200 449843 "-" "Mozilla/5.0 (compatible; DotBot/1.2; +https://opensiteexplorer.org/dotbot; [email protected])"
2a03:2880:f800:43:: - - [20/Oct/2025:11:30:37 -0400] "GET /tea-special-how-to-make-apple-tea-at-home/ HTTP/2.0" 200 449843 "-" "meta-externalagent/1.1 (+https://developers.facebook.com/docs/sharing/webmasters/crawler)"
216.244.66.235 - - [20/Oct/2025:11:30:50 -0400] "GET /tag/kareena-kapoor-weight-loss-yoga/ HTTP/2.0" 200 449843 "-" "Mozilla/5.0 (compatible; DotBot/1.2; +https://opensiteexplorer.org/dotbot; [email protected])"
168.196.5.104 - - [20/Oct/2025:11:30:59 -0400] "GET /category/x8bet-675/ HTTP/2.0" 200 218358 "-" "Mozilla/5.0 (Macintosh; Intel Mac OS X 10_15_7) AppleWebKit/537.36 (KHTML, like Gecko) Chrome/93.0.4577.63 Safari/537.36"
2a03:2880:f800:31:: - - [20/Oct/2025:11:31:03 -0400] "GET /12-old-school-stationery-items-will-make-you-nostalgic/ HTTP/2.0" 200 449843 "-" "meta-externalagent/1.1 (+https://developers.facebook.com/docs/sharing/webmasters/crawler)"
216.244.66.235 - - [20/Oct/2025:11:31:05 -0400] "GET /tag/secret-skincare-tips-that-you-must-follow-in-your-20s/ HTTP/2.0" 200 449843 "-" "Mozilla/5.0 (compatible; DotBot/1.2; +https://opensiteexplorer.org/dotbot; [email protected])"
57.159.28.36 - - [20/Oct/2025:11:31:12 -0400] "POST /wp-login.php HTTP/2.0" 200 6907 "-" "Mozilla/5.0"
57.159.28.36 - - [20/Oct/2025:11:31:12 -0400] "POST /wp-login.php HTTP/2.0" 200 6943 "-" "Mozilla/5.0"
57.159.28.36 - - [20/Oct/2025:11:31:12 -0400] "POST /wp-login.php HTTP/2.0" 200 6941 "-" "Mozilla/5.0"
57.159.28.36 - - [20/Oct/2025:11:31:12 -0400] "POST /wp-login.php HTTP/2.0" 200 6947 "-" "Mozilla/5.0"
103.72.97.210 - - [20/Oct/2025:11:31:16 -0400] "POST /xmlrpc.php HTTP/2.0" 200 403 "https://blushin.com" "Mozilla/5.0 (Macintosh; Intel Mac OS X 14.5) AppleWebKit/618.3.5 (KHTML, like Gecko) Version/17.4 Safari/618.3.5"
216.244.66.235 - - [20/Oct/2025:11:31:19 -0400] "GET /tag/skin-whitening-bleach/feed/ HTTP/2.0" 200 449843 "-" "Mozilla/5.0 (compatible; DotBot/1.2; +https://opensiteexplorer.org/dotbot; [email protected])"
5.102.173.71 - - [20/Oct/2025:11:31:23 -0400] "GET /shop/women/skincare/body/bath-body HTTP/2.0" 404 181138 "-" "Mozilla/5.0 (compatible; MojeekBot/0.11; +https://www.mojeek.com/bot.html)"
216.244.66.235 - - [20/Oct/2025:11:31:32 -0400] "GET /tag/waht-to-wear-this-diwali/feed/ HTTP/2.0" 200 449843 "-" "Mozilla/5.0 (compatible; DotBot/1.2; +https://opensiteexplorer.org/dotbot; [email protected])"
216.244.66.235 - - [20/Oct/2025:11:31:45 -0400] "GET /tag/who-is-your-celebrity-girlfriend-playbuzz/ HTTP/2.0" 200 449843 "-" "Mozilla/5.0 (compatible; DotBot/1.2; +https://opensiteexplorer.org/dotbot; [email protected])"
2a03:2880:f800:1e:: - - [20/Oct/2025:11:31:46 -0400] "GET /skin-whitening-home-remedies-for-men/ HTTP/2.0" 200 449843 "-" "meta-externalagent/1.1 (+https://developers.facebook.com/docs/sharing/webmasters/crawler)"
2a03:2880:f800:31:: - - [20/Oct/2025:11:31:47 -0400] "GET /tag/hair-colour-for-dusky-skin/ HTTP/2.0" 200 449843 "-" "meta-externalagent/1.1 (+https://developers.facebook.com/docs/sharing/webmasters/crawler)"
216.244.66.235 - - [20/Oct/2025:11:31:59 -0400] "GET /tag/why-do-relationships-fail/feed/ HTTP/2.0" 200 449843 "-" "Mozilla/5.0 (compatible; DotBot/1.2; +https://opensiteexplorer.org/dotbot; [email protected])"
216.244.66.235 - - [20/Oct/2025:11:32:12 -0400] "GET /tag/workout-apart-from-cardio/feed/ HTTP/2.0" 200 449843 "-" "Mozilla/5.0 (compatible; DotBot/1.2; +https://opensiteexplorer.org/dotbot; [email protected])"
216.244.66.235 - - [20/Oct/2025:11:32:24 -0400] "GET /tag/zee-cine-awards-2018-nominations/ HTTP/2.0" 200 449843 "-" "Mozilla/5.0 (compatible; DotBot/1.2; +https://opensiteexplorer.org/dotbot; [email protected])"
84.54.44.19 - - [20/Oct/2025:11:32:33 -0400] "GET /how-to-tighten-saggy-breasts/ HTTP/2.0" 200 327712 "https://blushin.com/how-to-tighten-saggy-breasts/#comment-92758/" "Mozilla/5.0 (Windows NT 10.0; Win64; x64) AppleWebKit/537.36 (KHTML, like Gecko) Chrome/129.0.0.0 Safari/537.36"
84.54.44.19 - - [20/Oct/2025:11:32:36 -0400] "POST /wp-comments-post.php HTTP/2.0" 302 - "https://blushin.com/how-to-tighten-saggy-breasts/#comment-92758/" "Mozilla/5.0 (Windows NT 10.0; Win64; x64) AppleWebKit/537.36 (KHTML, like Gecko) Chrome/129.0.0.0 Safari/537.36"
216.244.66.235 - - [20/Oct/2025:11:32:36 -0400] "GET /tag/bollywood-biggest-love-affairs-and-break-ups/feed/ HTTP/2.0" 200 449843 "-" "Mozilla/5.0 (compatible; DotBot/1.2; +https://opensiteexplorer.org/dotbot; [email protected])"
84.54.44.19 - - [20/Oct/2025:11:32:37 -0400] "GET /how-to-tighten-saggy-breasts/ HTTP/2.0" 200 355235 "https://blushin.com/how-to-tighten-saggy-breasts/#comment-92481" "Mozilla/5.0 (Windows NT 10.0; Win64; x64) AppleWebKit/537.36 (KHTML, like Gecko) Chrome/129.0.0.0 Safari/537.36"
109.199.112.212 - - [20/Oct/2025:11:32:43 -0400] "POST /wp-login.php HTTP/2.0" 200 6947 "-" "Mozilla/5.0"
109.199.112.212 - - [20/Oct/2025:11:32:43 -0400] "POST /wp-login.php HTTP/2.0" 200 6907 "-" "Mozilla/5.0"
109.199.112.212 - - [20/Oct/2025:11:32:43 -0400] "POST /wp-login.php HTTP/2.0" 200 6943 "-" "Mozilla/5.0"
109.199.112.212 - - [20/Oct/2025:11:32:43 -0400] "POST /wp-login.php HTTP/2.0" 200 6941 "-" "Mozilla/5.0"
216.244.66.235 - - [20/Oct/2025:11:32:52 -0400] "GET /tag/cool-gadgets/feed/ HTTP/2.0" 200 449843 "-" "Mozilla/5.0 (compatible; DotBot/1.2; +https://opensiteexplorer.org/dotbot; [email protected])"
20.193.135.142 - - [20/Oct/2025:11:32:55 -0400] "POST /wp-login.php HTTP/2.0" 200 6947 "-" "Mozilla/5.0"
20.193.135.142 - - [20/Oct/2025:11:32:55 -0400] "POST /wp-login.php HTTP/2.0" 200 6943 "-" "Mozilla/5.0"
20.193.135.142 - - [20/Oct/2025:11:32:55 -0400] "POST /wp-login.php HTTP/2.0" 200 6941 "-" "Mozilla/5.0"
66.116.199.115 - - [20/Oct/2025:11:32:55 -0400] "POST /wp-cron.php?doing_wp_cron=1760974375.8989551067352294921875 HTTP/2.0" 200 - "-" "WordPress/6.8.3; https://blushin.com"
20.193.135.142 - - [20/Oct/2025:11:32:55 -0400] "POST /wp-login.php HTTP/2.0" 200 6907 "-" "Mozilla/5.0"
216.244.66.235 - - [20/Oct/2025:11:33:07 -0400] "GET /tag/deepika-padukone-fashion-style/feed/ HTTP/2.0" 200 449843 "-" "Mozilla/5.0 (compatible; DotBot/1.2; +https://opensiteexplorer.org/dotbot; [email protected])"
216.244.66.235 - - [20/Oct/2025:11:33:23 -0400] "GET /tag/describe-perfect-date/ HTTP/2.0" 200 449843 "-" "Mozilla/5.0 (compatible; DotBot/1.2; +https://opensiteexplorer.org/dotbot; [email protected])"
2a03:2880:f800:5:: - - [20/Oct/2025:11:33:36 -0400] "GET /raw-banana-stir-fry-recipe/ HTTP/2.0" 200 449843 "-" "meta-externalagent/1.1 (+https://developers.facebook.com/docs/sharing/webmasters/crawler)"
216.244.66.235 - - [20/Oct/2025:11:33:37 -0400] "GET /tag/dry-brushing-before-and-after/feed/ HTTP/2.0" 200 449843 "-" "Mozilla/5.0 (compatible; DotBot/1.2; +https://opensiteexplorer.org/dotbot; [email protected])"
201.10.26.154 - - [20/Oct/2025:11:33:50 -0400] "GET /nv-kasyno-online-556/ HTTP/2.0" 200 311656 "-" "Mozilla/5.0 (Windows NT 10.0; WOW64) AppleWebKit/537.36 (KHTML, like Gecko) Chrome/75.0.3770.100 ADG/11.0.2566 AOLBUILD/11.0.2566 Safari/537.36"
216.244.66.235 - - [20/Oct/2025:11:33:51 -0400] "GET /tag/fenugreek-seeds-for-hair/feed/ HTTP/2.0" 200 449843 "-" "Mozilla/5.0 (compatible; DotBot/1.2; +https://opensiteexplorer.org/dotbot; [email protected])"
216.244.66.235 - - [20/Oct/2025:11:34:03 -0400] "GET /tag/hartalika-teej-2016-bihar/feed/ HTTP/2.0" 200 449843 "-" "Mozilla/5.0 (compatible; DotBot/1.2; +https://opensiteexplorer.org/dotbot; [email protected])"
216.244.66.235 - - [20/Oct/2025:11:34:15 -0400] "GET /tag/henna-simple-design/feed/ HTTP/2.0" 200 449843 "-" "Mozilla/5.0 (compatible; DotBot/1.2; +https://opensiteexplorer.org/dotbot; [email protected])"
216.244.66.235 - - [20/Oct/2025:11:34:25 -0400] "GET /tag/lychee-recipe/feed/ HTTP/2.0" 200 449843 "-" "Mozilla/5.0 (compatible; DotBot/1.2; +https://opensiteexplorer.org/dotbot; [email protected])"
216.244.66.235 - - [20/Oct/2025:11:34:36 -0400] "GET /tag/manushi-chhillar-education/feed/ HTTP/2.0" 200 449843 "-" "Mozilla/5.0 (compatible; DotBot/1.2; +https://opensiteexplorer.org/dotbot; [email protected])"
223.193.38.241 - - [20/Oct/2025:11:34:41 -0400] "GET /wp-content/uploads/2017/10/7-Hacks-to-Prevent-Frizziness-of-Hair-4.jpg HTTP/2.0" 200 95560 "-" "Mozilla/5.0 (Windows NT 10.0; Win64; x64) AppleWebKit/537.36 (KHTML, like Gecko) Chrome/103.0.0.0 Safari/537.36"
213.180.203.162 - - [20/Oct/2025:11:34:41 -0400] "GET /wanna-look-like-katrina-kaif-daily-skin-care-regime-follows.html HTTP/2.0" 404 181138 "-" "Mozilla/5.0 (compatible; YandexBot/3.0; +http://yandex.com/bots)"
2a03:2880:f800:2c:: - - [20/Oct/2025:11:34:45 -0400] "GET /tag/bollywood-actress-makeup-tutorial/ HTTP/2.0" 200 449843 "-" "meta-externalagent/1.1 (+https://developers.facebook.com/docs/sharing/webmasters/crawler)"
216.244.66.235 - - [20/Oct/2025:11:34:46 -0400] "GET /tag/metallic-red-chrome/feed/ HTTP/2.0" 200 449843 "-" "Mozilla/5.0 (compatible; DotBot/1.2; +https://opensiteexplorer.org/dotbot; [email protected])"
216.244.66.235 - - [20/Oct/2025:11:34:56 -0400] "GET /tag/muscle-cramps/feed/ HTTP/2.0" 200 449843 "-" "Mozilla/5.0 (compatible; DotBot/1.2; +https://opensiteexplorer.org/dotbot; [email protected])"
40.77.167.75 - - [20/Oct/2025:11:34:59 -0400] "GET /tag/bulging-belly/ HTTP/2.0" 200 449843 "-" "Mozilla/5.0 AppleWebKit/537.36 (KHTML, like Gecko; compatible; bingbot/2.0; +http://www.bing.com/bingbot.htm) Chrome/116.0.1938.76 Safari/537.36"
2a03:2880:f800:9:: - - [20/Oct/2025:11:35:13 -0400] "GET /tag/eyeliner-for-round-face-shape/ HTTP/2.0" 200 449843 "-" "meta-externalagent/1.1 (+https://developers.facebook.com/docs/sharing/webmasters/crawler)"
216.244.66.235 - - [20/Oct/2025:11:35:14 -0400] "GET /tag/natural-way-to-remove-uper-lip-hair/feed/ HTTP/2.0" 200 449843 "-" "Mozilla/5.0 (compatible; DotBot/1.2; +https://opensiteexplorer.org/dotbot; [email protected])"
2a03:2880:f800:1:: - - [20/Oct/2025:11:35:14 -0400] "GET /quick-recipe-try-this-simple-sweet-potato-cutlets-recipe-at-home/ HTTP/2.0" 200 449843 "-" "meta-externalagent/1.1 (+https://developers.facebook.com/docs/sharing/webmasters/crawler)"
216.244.66.235 - - [20/Oct/2025:11:35:31 -0400] "GET /tag/papaya-leaf-juice-patanjali/feed/ HTTP/2.0" 200 449843 "-" "Mozilla/5.0 (compatible; DotBot/1.2; +https://opensiteexplorer.org/dotbot; [email protected])"
2a03:2880:f800:37:: - - [20/Oct/2025:11:35:37 -0400] "GET /tag/favorite-color-red/ HTTP/2.0" 200 449843 "-" "meta-externalagent/1.1 (+https://developers.facebook.com/docs/sharing/webmasters/crawler)"
216.244.66.235 - - [20/Oct/2025:11:35:47 -0400] "GET /tag/red-kidney-beans-benefits/feed/ HTTP/2.0" 200 449843 "-" "Mozilla/5.0 (compatible; DotBot/1.2; +https://opensiteexplorer.org/dotbot; [email protected])"
216.244.66.235 - - [20/Oct/2025:11:36:01 -0400] "GET /tag/sancare/feed/ HTTP/2.0" 200 449843 "-" "Mozilla/5.0 (compatible; DotBot/1.2; +https://opensiteexplorer.org/dotbot; [email protected])"
2a03:2880:f800:e:: - - [20/Oct/2025:11:36:13 -0400] "GET /check-out-the-pics-in-which-katrina-kaif-looked-flawless-without-makeup/ HTTP/2.0" 200 449843 "-" "meta-externalagent/1.1 (+https://developers.facebook.com/docs/sharing/webmasters/crawler)"
2a03:2880:f800:22:: - - [20/Oct/2025:11:36:15 -0400] "GET /have-you-ever-used-bay-leaf-tejpatta-for-hair-and-skin/ HTTP/2.0" 200 449843 "-" "meta-externalagent/1.1 (+https://developers.facebook.com/docs/sharing/webmasters/crawler)"
216.244.66.235 - - [20/Oct/2025:11:36:16 -0400] "GET /tag/the-decorating-tradition-of-christmas-tree-was-started-a-long-time-back/feed/ HTTP/2.0" 200 449843 "-" "Mozilla/5.0 (compatible; DotBot/1.2; +https://opensiteexplorer.org/dotbot; [email protected])"
41.248.50.36 - - [20/Oct/2025:11:36:30 -0400] "GET /bmw-slot-casino-470/ HTTP/2.0" 200 311117 "-" "Mozilla/5.0 (Macintosh; Intel Mac OS X 10_15_3) AppleWebKit/537.36 (KHTML, like Gecko) Chrome/98.0.4758.80 Safari/537.36"
216.244.66.235 - - [20/Oct/2025:11:36:38 -0400] "GET /tag/ways-to-reuse-tea-bags/feed/ HTTP/2.0" 200 449843 "-" "Mozilla/5.0 (compatible; DotBot/1.2; +https://opensiteexplorer.org/dotbot; [email protected])"
2a03:2880:f800:20:: - - [20/Oct/2025:11:36:44 -0400] "GET /7-romantic-ways-to-celebrate-valentines-day-when-youre-in-a-long-distance-relationship/ HTTP/2.0" 200 449843 "-" "meta-externalagent/1.1 (+https://developers.facebook.com/docs/sharing/webmasters/crawler)"
2a03:2880:f800:14:: - - [20/Oct/2025:11:36:46 -0400] "GET /tag/favorite-color-red/ HTTP/2.0" 200 449843 "-" "meta-externalagent/1.1 (+https://developers.facebook.com/docs/sharing/webmasters/crawler)"
2a03:2880:f800:1c:: - - [20/Oct/2025:11:36:46 -0400] "GET /celebrities-who-belong-to-royal-families/ HTTP/2.0" 200 449843 "-" "meta-externalagent/1.1 (+https://developers.facebook.com/docs/sharing/webmasters/crawler)"
216.244.66.235 - - [20/Oct/2025:11:36:56 -0400] "GET /tag/yoga-for-breast-tightening/feed/ HTTP/2.0" 200 449843 "-" "Mozilla/5.0 (compatible; DotBot/1.2; +https://opensiteexplorer.org/dotbot; [email protected])"
216.244.66.235 - - [20/Oct/2025:11:37:12 -0400] "GET /know-how-to-make-your-make-your-love-life-better/ HTTP/2.0" 200 449843 "-" "Mozilla/5.0 (compatible; DotBot/1.2; +https://opensiteexplorer.org/dotbot; [email protected])"
196.115.89.202 - - [20/Oct/2025:11:37:14 -0400] "GET /vantazhni-perevezennja-bud-jakoi-skladnosti-v-2/ HTTP/2.0" 200 297182 "-" "Mozilla/5.0 (Windows NT 6.1; WOW64) AppleWebKit/537.36 (KHTML, like Gecko) Chrome/67.0.3396.62 Safari/537.36"
38.10.114.78 - - [20/Oct/2025:11:37:15 -0400] "GET /get-rid-of-spiders-and-other-insects-with-just-one-plant/ HTTP/2.0" 200 304356 "-" "Mozilla/5.0 (Macintosh; Intel Mac OS X 10_9_5) AppleWebKit/537.36 (KHTML, like Gecko) Chrome/66.0.3359.181 Safari/537.36"
2a03:2880:f800:45:: - - [20/Oct/2025:11:37:16 -0400] "GET /diy-black-onion-seed-kalonji-and-milk-face-pack-for-younger-looking-skin/ HTTP/2.0" 200 449843 "-" "meta-externalagent/1.1 (+https://developers.facebook.com/docs/sharing/webmasters/crawler)"
216.244.66.235 - - [20/Oct/2025:11:37:29 -0400] "GET /tag/aloo-ki-sabzi-gravy-recipe-in-hindi/feed/ HTTP/2.0" 200 449843 "-" "Mozilla/5.0 (compatible; DotBot/1.2; +https://opensiteexplorer.org/dotbot; [email protected])"
20.193.135.142 - - [20/Oct/2025:11:37:40 -0400] "POST /wp-login.php HTTP/2.0" 200 6943 "-" "Mozilla/5.0"
20.193.135.142 - - [20/Oct/2025:11:37:40 -0400] "POST /wp-login.php HTTP/2.0" 200 6947 "-" "Mozilla/5.0"
20.193.135.142 - - [20/Oct/2025:11:37:40 -0400] "POST /wp-login.php HTTP/2.0" 200 6941 "-" "Mozilla/5.0"
20.193.135.142 - - [20/Oct/2025:11:37:40 -0400] "POST /wp-login.php HTTP/2.0" 200 6907 "-" "Mozilla/5.0"
216.244.66.235 - - [20/Oct/2025:11:37:45 -0400] "GET /tag/comb-your-hair-before-going-to-bed/feed/ HTTP/2.0" 200 449843 "-" "Mozilla/5.0 (compatible; DotBot/1.2; +https://opensiteexplorer.org/dotbot; [email protected])"
123.23.44.106 - - [20/Oct/2025:11:37:47 -0400] "GET /?channel=99b02c&from=product.php%3Fid%3D298635-7337&l=7079629863500&name=%E3%82%AD%E3%83%A3%E3%83%96%E3%83%AC%E3%82%BF%E3%83%BC+435+435E+440+440E+CS410+CS2240+%E3%82%AD%E3%83%A3%E3%83%96%E3%83%AC%E3%82%BF%E3%83%BC+506450501 HTTP/2.0" 404 181138 "-" "Mozilla/5.0 (Windows NT 10.0; Win64; x64) AppleWebKit/537.36 (KHTML, like Gecko) Chrome/87.0.4280.88 Safari/537.36"
216.244.66.235 - - [20/Oct/2025:11:37:59 -0400] "GET /10-amazing-food-items-to-improve-breast-milk-supply.html HTTP/2.0" 200 449843 "-" "Mozilla/5.0 (compatible; DotBot/1.2; +https://opensiteexplorer.org/dotbot; [email protected])"
223.193.38.254 - - [20/Oct/2025:11:38:02 -0400] "GET /wp-content/uploads/2018/10/img_Peel-The-Hard-Boiled-Eggs-This-Way_2018_10.jpg HTTP/2.0" 200 30313 "-" "Mozilla/5.0 (Windows NT 10.0; Win64; x64) AppleWebKit/537.36 (KHTML, like Gecko) Chrome/103.0.0.0 Safari/537.36"
138.36.56.167 - - [20/Oct/2025:11:38:01 -0400] "GET /vitamins-for-women/ HTTP/2.0" 200 308528 "-" "Mozilla/5.0 (Windows NT 6.1) AppleWebKit/537.36 (KHTML, like Gecko) Chrome/90.0.4427.5 Safari/537.36"
54.236.1.13 - - [20/Oct/2025:11:38:03 -0400] "GET /add-eggs-in-your-diet/ HTTP/2.0" 200 449843 "-" "Mozilla/5.0 (compatible; Pinterestbot/1.0; +http://www.pinterest.com/bot.html)"
216.244.66.235 - - [20/Oct/2025:11:38:13 -0400] "GET /preventing-makeup-from-getting-cakey/ HTTP/2.0" 200 449843 "-" "Mozilla/5.0 (compatible; DotBot/1.2; +https://opensiteexplorer.org/dotbot; [email protected])"
2a03:2880:f800:b:: - - [20/Oct/2025:11:38:16 -0400] "GET /5-things-guys-look-for-in-a-woman-they-want-to-marry/ HTTP/2.0" 200 449843 "-" "meta-externalagent/1.1 (+https://developers.facebook.com/docs/sharing/webmasters/crawler)"
216.244.66.235 - - [20/Oct/2025:11:38:25 -0400] "GET /useful-hack-to-peel-garlic-in-1-minute.html HTTP/2.0" 200 449843 "-" "Mozilla/5.0 (compatible; DotBot/1.2; +https://opensiteexplorer.org/dotbot; [email protected])"
2a03:2880:f800:43:: - - [20/Oct/2025:11:38:35 -0400] "GET /benefits-apple-skin/ HTTP/2.0" 200 449843 "-" "meta-externalagent/1.1 (+https://developers.facebook.com/docs/sharing/webmasters/crawler)"
2a03:2880:f800:1a:: - - [20/Oct/2025:11:38:37 -0400] "GET /tag/anushka-sharma-in-ae-dil-hai-mushkil/ HTTP/2.0" 200 449843 "-" "meta-externalagent/1.1 (+https://developers.facebook.com/docs/sharing/webmasters/crawler)"
2a03:2880:f800:10:: - - [20/Oct/2025:11:38:38 -0400] "GET /simple-genius-skincare-routine-for-teenagers/ HTTP/2.0" 200 449843 "-" "meta-externalagent/1.1 (+https://developers.facebook.com/docs/sharing/webmasters/crawler)"
165.232.36.33 - - [20/Oct/2025:11:38:44 -0400] "GET /.env HTTP/1.1" 404 181187 "-" "Mozilla/5.0; Keydrop.io/1.0(onlyscans.com/about);"
165.232.36.33 - - [20/Oct/2025:11:38:46 -0400] "GET / HTTP/1.0" 301 - "-" "-"
165.232.36.33 - - [20/Oct/2025:11:38:48 -0400] "GET /.git/config HTTP/1.1" 404 181187 "-" "Mozilla/5.0; Keydrop.io/1.0(onlyscans.com/about);"
165.232.36.33 - - [20/Oct/2025:11:38:50 -0400] "GET / HTTP/1.0" 301 - "-" "-"
216.244.66.235 - - [20/Oct/2025:11:38:52 -0400] "GET /ranbir-kapoor-alia-bhatt-pictures/3/ HTTP/2.0" 200 449843 "-" "Mozilla/5.0 (compatible; DotBot/1.2; +https://opensiteexplorer.org/dotbot; [email protected])"
216.244.66.235 - - [20/Oct/2025:11:39:04 -0400] "GET /scientific-reasons-behind-why-women-wear-toe-rings-bicchiya.html HTTP/2.0" 200 449843 "-" "Mozilla/5.0 (compatible; DotBot/1.2; +https://opensiteexplorer.org/dotbot; [email protected])"
216.244.66.235 - - [20/Oct/2025:11:39:15 -0400] "GET /strawberry-cucumber-and-honeydew-salad-recipe.html HTTP/2.0" 200 449843 "-" "Mozilla/5.0 (compatible; DotBot/1.2; +https://opensiteexplorer.org/dotbot; [email protected])"
2a03:2880:f800:: - - [20/Oct/2025:11:39:24 -0400] "GET /paneer-makhani-recipe-at-home/ HTTP/2.0" 200 449843 "-" "meta-externalagent/1.1 (+https://developers.facebook.com/docs/sharing/webmasters/crawler)"
152.53.103.246 - - [20/Oct/2025:11:39:26 -0400] "POST /xmlrpc.php HTTP/2.0" 200 403 "https://blushin.com" "Mozilla/5.0 (Windows NT 10.0; Win64; x64) AppleWebKit/537.36 (KHTML, like Gecko) Chrome/112.0.5615.138 Safari/537.36 Edg/112.0.1722.68"
40.77.167.123 - - [20/Oct/2025:11:39:28 -0400] "GET /wp-content/uploads/2016/12/Bollywood-Queen-in-Ethnic-wear-6.jpg HTTP/2.0" 200 449843 "-" "Mozilla/5.0 AppleWebKit/537.36 (KHTML, like Gecko; compatible; bingbot/2.0; +http://www.bing.com/bingbot.htm) Chrome/116.0.1938.76 Safari/537.36"
216.244.66.235 - - [20/Oct/2025:11:39:33 -0400] "GET /tag/108-meaning-angel/feed/ HTTP/2.0" 200 449843 "-" "Mozilla/5.0 (compatible; DotBot/1.2; +https://opensiteexplorer.org/dotbot; [email protected])"
40.77.167.5 - - [20/Oct/2025:11:39:39 -0400] "GET /tag/benefits-of-oolong-tea-for-weight-loss/ HTTP/2.0" 200 449843 "-" "Mozilla/5.0 AppleWebKit/537.36 (KHTML, like Gecko; compatible; bingbot/2.0; +http://www.bing.com/bingbot.htm) Chrome/116.0.1938.76 Safari/537.36"
216.244.66.235 - - [20/Oct/2025:11:39:47 -0400] "GET /tag/beauty-tips-in-hindi-for-eyes/feed/ HTTP/2.0" 200 449843 "-" "Mozilla/5.0 (compatible; DotBot/1.2; +https://opensiteexplorer.org/dotbot; [email protected])"
40.77.167.32 - - [20/Oct/2025:11:39:58 -0400] "GET /8-signs-that-your-partner-might-be-cheating-on-you/signs-partner-cheating5/ HTTP/2.0" 200 449843 "-" "Mozilla/5.0 AppleWebKit/537.36 (KHTML, like Gecko; compatible; bingbot/2.0; +http://www.bing.com/bingbot.htm) Chrome/116.0.1938.76 Safari/537.36"
216.244.66.235 - - [20/Oct/2025:11:40:01 -0400] "GET /tag/benefits-of-eating-dates-in-the-morning/feed/ HTTP/2.0" 200 449843 "-" "Mozilla/5.0 (compatible; DotBot/1.2; +https://opensiteexplorer.org/dotbot; [email protected])"
2a03:2880:f800:7:: - - [20/Oct/2025:11:40:07 -0400] "GET /nankhatai-recipe/ HTTP/2.0" 200 449843 "-" "meta-externalagent/1.1 (+https://developers.facebook.com/docs/sharing/webmasters/crawler)"
2a03:2880:f800:31:: - - [20/Oct/2025:11:40:08 -0400] "GET /butter-garlic-mushroom-recipe/ HTTP/2.0" 200 449843 "-" "meta-externalagent/1.1 (+https://developers.facebook.com/docs/sharing/webmasters/crawler)"
216.244.66.235 - - [20/Oct/2025:11:40:23 -0400] "GET /tag/better-things-to-be-than-rich/feed/ HTTP/2.0" 200 449843 "-" "Mozilla/5.0 (compatible; DotBot/1.2; +https://opensiteexplorer.org/dotbot; [email protected])"
216.244.66.235 - - [20/Oct/2025:11:40:42 -0400] "GET /tag/cartoons-by-decade/feed/ HTTP/2.0" 200 449843 "-" "Mozilla/5.0 (compatible; DotBot/1.2; +https://opensiteexplorer.org/dotbot; [email protected])"
2a03:2880:f800:46:: - - [20/Oct/2025:11:40:49 -0400] "GET /7-diy-toners-get-glowing-skin-home/ HTTP/2.0" 200 449843 "-" "meta-externalagent/1.1 (+https://developers.facebook.com/docs/sharing/webmasters/crawler)"
2a03:2880:f800:16:: - - [20/Oct/2025:11:40:51 -0400] "GET /tag/full-sleeves-blouse/ HTTP/2.0" 200 449843 "-" "meta-externalagent/1.1 (+https://developers.facebook.com/docs/sharing/webmasters/crawler)"
2a03:2880:f800:10:: - - [20/Oct/2025:11:40:52 -0400] "GET /how-to-get-rosy-cheeks-naturally-at-home/ HTTP/2.0" 200 449843 "-" "meta-externalagent/1.1 (+https://developers.facebook.com/docs/sharing/webmasters/crawler)"
146.174.187.242 - - [20/Oct/2025:11:40:55 -0400] "GET /20bet-casino-105/ HTTP/2.0" 200 316390 "-" "Mozilla/5.0 (X11; U; Linux x86_64; pl-PL; rv:1.9.2.13) Gecko/20101206 Ubuntu/10.04 (lucid) Firefox/3.6.13"
216.244.66.235 - - [20/Oct/2025:11:40:59 -0400] "GET /tag/clarifying-hair-shampoo/ HTTP/2.0" 200 449843 "-" "Mozilla/5.0 (compatible; DotBot/1.2; +https://opensiteexplorer.org/dotbot; [email protected])"
216.73.216.143 - - [20/Oct/2025:11:41:04 -0400] "GET /quick-recipe-how-to-make-chicken-pizza-at-home HTTP/2.0" 200 449843 "-" "Mozilla/5.0 AppleWebKit/537.36 (KHTML, like Gecko; compatible; ClaudeBot/1.0; [email protected])"
89.248.172.183 - - [20/Oct/2025:11:41:05 -0400] "POST /wp-json/tdw/save_css HTTP/2.0" 401 - "-" "Mozilla/5.0 (Windows NT 10.0) AppleWebKit/537.36 (KHTML, like Gecko) Chrome/104.0.0.0 Safari/537.36"
216.244.66.235 - - [20/Oct/2025:11:41:15 -0400] "GET /tag/dahi-palak-sanjeev-kapoor/feed/ HTTP/2.0" 200 449843 "-" "Mozilla/5.0 (compatible; DotBot/1.2; +https://opensiteexplorer.org/dotbot; [email protected])"
159.89.165.4 - - [20/Oct/2025:11:41:32 -0400] "GET /wp-admin/css/ HTTP/2.0" 200 19369 "binance.com" "Mozilla/5.0 (Windows NT 10.0; Win64; x64) AppleWebKit/537.36 (KHTML, like Gecko) Chrome/90.0.4430.85 Safari/537.36"
216.244.66.235 - - [20/Oct/2025:11:41:32 -0400] "GET /tag/dharma-productions-movies/feed/ HTTP/2.0" 200 449843 "-" "Mozilla/5.0 (compatible; DotBot/1.2; +https://opensiteexplorer.org/dotbot; [email protected])"
175.106.108.246 - - [20/Oct/2025:11:41:32 -0400] "GET /wp-content/uploads/2016/12/Beauty-Hacks1.jpg HTTP/2.0" 404 181138 "-" "Mozilla/5.0 (X11; Ubuntu; Linux x86_64; rv:72.0) Gecko/20100101 Firefox/72.0"
159.89.165.4 - - [20/Oct/2025:11:41:42 -0400] "GET /wp-content/uploads/2025/10/ HTTP/2.0" 200 666 "binance.com" "Mozilla/5.0 (Windows NT 10.0; Win64; x64) AppleWebKit/537.36 (KHTML, like Gecko) Chrome/90.0.4430.85 Safari/537.36"
40.77.167.5 - - [20/Oct/2025:11:41:41 -0400] "GET /10-ways-to-get-rid-of-cockroaches/get-rid-of-cockroaches3/ HTTP/2.0" 200 449843 "-" "Mozilla/5.0 AppleWebKit/537.36 (KHTML, like Gecko; compatible; bingbot/2.0; +http://www.bing.com/bingbot.htm) Chrome/116.0.1938.76 Safari/537.36"
159.89.165.4 - - [20/Oct/2025:11:41:46 -0400] "GET /wp-content/uploads/2025/09/ HTTP/2.0" 200 125726 "binance.com" "Mozilla/5.0 (Windows NT 10.0; Win64; x64) AppleWebKit/537.36 (KHTML, like Gecko) Chrome/90.0.4430.85 Safari/537.36"
216.244.66.235 - - [20/Oct/2025:11:41:46 -0400] "GET /tag/disadvantages-of-arranged-marriage-essay/feed/ HTTP/2.0" 200 449843 "-" "Mozilla/5.0 (compatible; DotBot/1.2; +https://opensiteexplorer.org/dotbot; [email protected])"
159.89.165.4 - - [20/Oct/2025:11:41:52 -0400] "GET /wp-content/uploads/ HTTP/2.0" 200 4746 "binance.com" "Mozilla/5.0 (Windows NT 10.0; Win64; x64) AppleWebKit/537.36 (KHTML, like Gecko) Chrome/90.0.4430.85 Safari/537.36"
40.77.167.14 - - [20/Oct/2025:11:41:52 -0400] "GET /tag/ways-to-use-nail-paint/ HTTP/2.0" 200 449843 "-" "Mozilla/5.0 AppleWebKit/537.36 (KHTML, like Gecko; compatible; bingbot/2.0; +http://www.bing.com/bingbot.htm) Chrome/116.0.1938.76 Safari/537.36"
159.89.165.4 - - [20/Oct/2025:11:42:02 -0400] "GET /wp-content/upgrade/ HTTP/2.0" 200 637 "binance.com" "Mozilla/5.0 (Windows NT 10.0; Win64; x64) AppleWebKit/537.36 (KHTML, like Gecko) Chrome/90.0.4430.85 Safari/537.36"
216.244.66.235 - - [20/Oct/2025:11:42:03 -0400] "GET /tag/fade-eyebrows/feed/ HTTP/2.0" 200 449843 "-" "Mozilla/5.0 (compatible; DotBot/1.2; +https://opensiteexplorer.org/dotbot; [email protected])"
159.89.165.4 - - [20/Oct/2025:11:42:09 -0400] "GET /wp-content/languages/ HTTP/2.0" 301 - "binance.com" "Mozilla/5.0 (Windows NT 10.0; Win64; x64) AppleWebKit/537.36 (KHTML, like Gecko) Chrome/90.0.4430.85 Safari/537.36"
159.89.165.4 - - [20/Oct/2025:11:42:15 -0400] "GET /wp-content/languages/ HTTP/2.0" 404 181138 "binance.com" "Mozilla/5.0 (Windows NT 10.0; Win64; x64) AppleWebKit/537.36 (KHTML, like Gecko) Chrome/90.0.4430.85 Safari/537.36"
114.119.158.193 - - [20/Oct/2025:11:42:16 -0400] "GET /wp-content/uploads/2015/11/kiss.jpg HTTP/2.0" 200 82049 "https://blushin.com/kiss/" "Mozilla/5.0 (Linux; Android 7.0;) AppleWebKit/537.36 (KHTML, like Gecko) Mobile Safari/537.36 (compatible; PetalBot;+https://webmaster.petalsearch.com/site/petalbot)"
216.244.66.235 - - [20/Oct/2025:11:42:18 -0400] "GET /tag/hot-lemon-water-before-bed/feed/ HTTP/2.0" 200 449843 "-" "Mozilla/5.0 (compatible; DotBot/1.2; +https://opensiteexplorer.org/dotbot; [email protected])"
159.89.165.4 - - [20/Oct/2025:11:42:28 -0400] "GET /wp-admin/includes/ HTTP/2.0" 200 20996 "binance.com" "Mozilla/5.0 (Windows NT 10.0; Win64; x64) AppleWebKit/537.36 (KHTML, like Gecko) Chrome/90.0.4430.85 Safari/537.36"
20.193.135.142 - - [20/Oct/2025:11:42:28 -0400] "POST /wp-login.php HTTP/2.0" 200 6943 "-" "Mozilla/5.0"
20.193.135.142 - - [20/Oct/2025:11:42:28 -0400] "POST /wp-login.php HTTP/2.0" 200 6907 "-" "Mozilla/5.0"
20.193.135.142 - - [20/Oct/2025:11:42:28 -0400] "POST /wp-login.php HTTP/2.0" 200 6947 "-" "Mozilla/5.0"
20.193.135.142 - - [20/Oct/2025:11:42:28 -0400] "POST /wp-login.php HTTP/2.0" 200 6941 "-" "Mozilla/5.0"
62.171.130.174 - - [20/Oct/2025:11:42:36 -0400] "GET /wp-admin/css/ HTTP/2.0" 200 19369 "binance.com" "Mozilla/5.0 (Windows NT 10.0; Win64; x64) AppleWebKit/537.36 (KHTML, like Gecko) Chrome/90.0.4430.85 Safari/537.36"
159.89.165.4 - - [20/Oct/2025:11:42:38 -0400] "GET /wp-admin/includes/ HTTP/2.0" 200 20996 "binance.com" "Mozilla/5.0 (Windows NT 10.0; Win64; x64) AppleWebKit/537.36 (KHTML, like Gecko) Chrome/90.0.4430.85 Safari/537.36"
216.244.66.235 - - [20/Oct/2025:11:42:39 -0400] "GET /tag/khichdi-nutrition-facts/feed/ HTTP/2.0" 200 449843 "-" "Mozilla/5.0 (compatible; DotBot/1.2; +https://opensiteexplorer.org/dotbot; [email protected])"
113.189.22.107 - - [20/Oct/2025:11:42:40 -0400] "GET /?channel=8fbbff&from=news.php%3Fid%3D645885-1315&l=7570764588500&name=NS+MHRH430R+0.8XR0.1X6+4%E6%9E%9A%E5%88%83%E3%83%AD%E3%83%B3%E3%82%B0%E3%83%A9%E3%82%B8%E3%82%A2%E3%82%B9%E3%82%A8%E3%83%B3%E3%83%89%E3%83%9F%E3%83%AB+MHRH430R+%CF%860.8XR0.1X6+%E3%80%901%E6%9C%AC%E3%80%91 HTTP/2.0" 404 181138 "-" "Mozilla/5.0 (Windows NT 6.1; Win64; x64) AppleWebKit/537.36 (KHTML, like Gecko) Chrome/75.0.3770.100 Safari/537.36"
159.89.165.4 - - [20/Oct/2025:11:42:49 -0400] "GET /wp-admin/maint/ HTTP/2.0" 200 805 "binance.com" "Mozilla/5.0 (Windows NT 10.0; Win64; x64) AppleWebKit/537.36 (KHTML, like Gecko) Chrome/90.0.4430.85 Safari/537.36"
62.171.130.174 - - [20/Oct/2025:11:42:52 -0400] "GET /wp-content/uploads/2025/10/ HTTP/2.0" 200 666 "binance.com" "Mozilla/5.0 (Windows NT 10.0; Win64; x64) AppleWebKit/537.36 (KHTML, like Gecko) Chrome/90.0.4430.85 Safari/537.36"
159.89.165.4 - - [20/Oct/2025:11:42:59 -0400] "GET /wp-admin/maint/ HTTP/2.0" 200 805 "binance.com" "Mozilla/5.0 (Windows NT 10.0; Win64; x64) AppleWebKit/537.36 (KHTML, like Gecko) Chrome/90.0.4430.85 Safari/537.36"
62.171.130.174 - - [20/Oct/2025:11:43:06 -0400] "GET /wp-content/uploads/2025/09/ HTTP/2.0" 200 125726 "binance.com" "Mozilla/5.0 (Windows NT 10.0; Win64; x64) AppleWebKit/537.36 (KHTML, like Gecko) Chrome/90.0.4430.85 Safari/537.36"
159.89.165.4 - - [20/Oct/2025:11:43:09 -0400] "GET /wp-admin/network/ HTTP/2.0" 302 - "binance.com" "Mozilla/5.0 (Windows NT 10.0; Win64; x64) AppleWebKit/537.36 (KHTML, like Gecko) Chrome/90.0.4430.85 Safari/537.36"
159.89.165.4 - - [20/Oct/2025:11:43:14 -0400] "GET /wp-login.php?redirect_to=https%3A%2F%2Fwww.blushin.com%2Fwp-admin%2Fnetwork%2F&reauth=1 HTTP/2.0" 200 6498 "binance.com" "Mozilla/5.0 (Windows NT 10.0; Win64; x64) AppleWebKit/537.36 (KHTML, like Gecko) Chrome/90.0.4430.85 Safari/537.36"
135.235.193.179 - - [20/Oct/2025:11:43:18 -0400] "POST /wp-login.php HTTP/2.0" 200 6907 "-" "Mozilla/5.0"
135.235.193.179 - - [20/Oct/2025:11:43:18 -0400] "POST /wp-login.php HTTP/2.0" 200 6943 "-" "Mozilla/5.0"
135.235.193.179 - - [20/Oct/2025:11:43:18 -0400] "POST /wp-login.php HTTP/2.0" 200 6941 "-" "Mozilla/5.0"
135.235.193.179 - - [20/Oct/2025:11:43:18 -0400] "POST /wp-login.php HTTP/2.0" 200 6947 "-" "Mozilla/5.0"
62.171.130.174 - - [20/Oct/2025:11:43:21 -0400] "GET /wp-content/uploads/ HTTP/2.0" 200 4746 "binance.com" "Mozilla/5.0 (Windows NT 10.0; Win64; x64) AppleWebKit/537.36 (KHTML, like Gecko) Chrome/90.0.4430.85 Safari/537.36"
159.89.165.4 - - [20/Oct/2025:11:43:22 -0400] "GET /wp-admin/user/ HTTP/2.0" 302 - "binance.com" "Mozilla/5.0 (Windows NT 10.0; Win64; x64) AppleWebKit/537.36 (KHTML, like Gecko) Chrome/90.0.4430.85 Safari/537.36"
159.89.165.4 - - [20/Oct/2025:11:43:28 -0400] "GET /wp-login.php?redirect_to=https%3A%2F%2Fwww.blushin.com%2Fwp-admin%2Fuser%2F&reauth=1 HTTP/2.0" 200 6495 "binance.com" "Mozilla/5.0 (Windows NT 10.0; Win64; x64) AppleWebKit/537.36 (KHTML, like Gecko) Chrome/90.0.4430.85 Safari/537.36"
66.249.74.109 - - [20/Oct/2025:11:43:29 -0400] "GET /robots.txt HTTP/2.0" 200 449843 "-" "Mozilla/5.0 (compatible; Googlebot/2.1; +http://www.google.com/bot.html)"
66.249.74.109 - - [20/Oct/2025:11:43:30 -0400] "GET /10-benefits-of-feeding-the-birds HTTP/2.0" 200 449843 "-" "Mozilla/5.0 (Linux; Android 6.0.1; Nexus 5X Build/MMB29P) AppleWebKit/537.36 (KHTML, like Gecko) Chrome/140.0.7339.207 Mobile Safari/537.36 (compatible; GoogleOther)"
62.171.130.174 - - [20/Oct/2025:11:43:35 -0400] "GET /wp-content/upgrade/ HTTP/2.0" 200 637 "binance.com" "Mozilla/5.0 (Windows NT 10.0; Win64; x64) AppleWebKit/537.36 (KHTML, like Gecko) Chrome/90.0.4430.85 Safari/537.36"
159.89.165.4 - - [20/Oct/2025:11:43:38 -0400] "GET /wp-admin/css/ HTTP/2.0" 200 19369 "binance.com" "Mozilla/5.0 (Windows NT 10.0; Win64; x64) AppleWebKit/537.36 (KHTML, like Gecko) Chrome/90.0.4430.85 Safari/537.36"
170.233.104.243 - - [20/Oct/2025:11:43:38 -0400] "GET /slottica-50-free-spins-no-deposit-398/ HTTP/2.0" 200 312956 "-" "Mozilla/5.0 (Macintosh; Intel Mac OS X 11_2_2) AppleWebKit/537.36 (KHTML, like Gecko) Brave Chrome/89.0.4389.72 Safari/537.36"
2a03:2880:f800:9:: - - [20/Oct/2025:11:43:41 -0400] "GET /indian-instagrammers-you-need-to-follow-to-stay-fit/ HTTP/2.0" 200 449843 "-" "meta-externalagent/1.1 (+https://developers.facebook.com/docs/sharing/webmasters/crawler)"
2a03:2880:f800:34:: - - [20/Oct/2025:11:43:42 -0400] "GET /scientific-reason-why-do-we-offer-milk-to-shiva-linga/ HTTP/2.0" 200 449843 "-" "meta-externalagent/1.1 (+https://developers.facebook.com/docs/sharing/webmasters/crawler)"
159.89.165.4 - - [20/Oct/2025:11:43:49 -0400] "GET /wp-admin/css/colors/ HTTP/2.0" 200 2585 "binance.com" "Mozilla/5.0 (Windows NT 10.0; Win64; x64) AppleWebKit/537.36 (KHTML, like Gecko) Chrome/90.0.4430.85 Safari/537.36"
62.171.130.174 - - [20/Oct/2025:11:43:49 -0400] "GET /wp-content/languages/ HTTP/2.0" 404 181138 "binance.com" "Mozilla/5.0 (Windows NT 10.0; Win64; x64) AppleWebKit/537.36 (KHTML, like Gecko) Chrome/90.0.4430.85 Safari/537.36"
159.89.165.4 - - [20/Oct/2025:11:44:03 -0400] "GET /wp-admin/css/colors/blue/ HTTP/2.0" 200 1565 "binance.com" "Mozilla/5.0 (Windows NT 10.0; Win64; x64) AppleWebKit/537.36 (KHTML, like Gecko) Chrome/90.0.4430.85 Safari/537.36"
62.171.130.174 - - [20/Oct/2025:11:44:08 -0400] "GET /wp-admin/includes/ HTTP/2.0" 200 20996 "binance.com" "Mozilla/5.0 (Windows NT 10.0; Win64; x64) AppleWebKit/537.36 (KHTML, like Gecko) Chrome/90.0.4430.85 Safari/537.36"
159.89.165.4 - - [20/Oct/2025:11:44:15 -0400] "GET /wp-admin/css/colors/coffee/ HTTP/2.0" 200 1569 "binance.com" "Mozilla/5.0 (Windows NT 10.0; Win64; x64) AppleWebKit/537.36 (KHTML, like Gecko) Chrome/90.0.4430.85 Safari/537.36"
62.171.130.174 - - [20/Oct/2025:11:44:23 -0400] "GET /wp-admin/includes/ HTTP/2.0" 200 20996 "binance.com" "Mozilla/5.0 (Windows NT 10.0; Win64; x64) AppleWebKit/537.36 (KHTML, like Gecko) Chrome/90.0.4430.85 Safari/537.36"
159.89.165.4 - - [20/Oct/2025:11:44:29 -0400] "GET /wp-admin/css/colors/ectoplasm/ HTTP/2.0" 200 1575 "binance.com" "Mozilla/5.0 (Windows NT 10.0; Win64; x64) AppleWebKit/537.36 (KHTML, like Gecko) Chrome/90.0.4430.85 Safari/537.36"
91.84.117.102 - - [20/Oct/2025:11:44:36 -0400] "GET /%D1%81%D0%B0%D0%B9%D1%82-%D0%BC%D0%B0%D0%B3%D0%B0%D0%B7%D0%B8%D0%BD-%D0%BA%D1%80%D0%B0%D0%BA%D0%B5%D0%BD-%D0%B0%D0%BA%D1%82%D1%83%D0%B0%D0%BB%D1%8C%D0%BD%D1%8B%D0%B9/ HTTP/2.0" 200 303500 "https://blushin.com/%D1%81%D0%B0%D0%B9%D1%82-%D0%BC%D0%B0%D0%B3%D0%B0%D0%B7%D0%B8%D0%BD-%D0%BA%D1%80%D0%B0%D0%BA%D0%B5%D0%BD-%D0%B0%D0%BA%D1%82%D1%83%D0%B0%D0%BB%D1%8C%D0%BD%D1%8B%D0%B9/" "Mozilla/5.0 (Windows NT 10.0; Win64; x64) AppleWebKit/537.36 (KHTML, like Gecko) Chrome/130.0.0.0 Safari/537.36 CCleaner/130.0.0.0"
159.89.165.4 - - [20/Oct/2025:11:44:39 -0400] "GET /wp-admin/css/colors/light/ HTTP/2.0" 200 1567 "binance.com" "Mozilla/5.0 (Windows NT 10.0; Win64; x64) AppleWebKit/537.36 (KHTML, like Gecko) Chrome/90.0.4430.85 Safari/537.36"
62.171.130.174 - - [20/Oct/2025:11:44:44 -0400] "GET /wp-admin/maint/ HTTP/2.0" 200 805 "binance.com" "Mozilla/5.0 (Windows NT 10.0; Win64; x64) AppleWebKit/537.36 (KHTML, like Gecko) Chrome/90.0.4430.85 Safari/537.36"
2a03:2880:f800:19:: - - [20/Oct/2025:11:44:44 -0400] "GET /henna-hair-packs/ HTTP/2.0" 200 449843 "-" "meta-externalagent/1.1 (+https://developers.facebook.com/docs/sharing/webmasters/crawler)"
159.89.165.4 - - [20/Oct/2025:11:44:54 -0400] "GET /wp-admin/css/colors/midnight/ HTTP/2.0" 200 1573 "binance.com" "Mozilla/5.0 (Windows NT 10.0; Win64; x64) AppleWebKit/537.36 (KHTML, like Gecko) Chrome/90.0.4430.85 Safari/537.36"
62.171.130.174 - - [20/Oct/2025:11:44:58 -0400] "GET /wp-admin/maint/ HTTP/2.0" 200 805 "binance.com" "Mozilla/5.0 (Windows NT 10.0; Win64; x64) AppleWebKit/537.36 (KHTML, like Gecko) Chrome/90.0.4430.85 Safari/537.36"
159.89.165.4 - - [20/Oct/2025:11:45:08 -0400] "GET /wp-admin/css/colors/modern/ HTTP/2.0" 200 1569 "binance.com" "Mozilla/5.0 (Windows NT 10.0; Win64; x64) AppleWebKit/537.36 (KHTML, like Gecko) Chrome/90.0.4430.85 Safari/537.36"
2a03:2880:f800:: - - [20/Oct/2025:11:45:08 -0400] "GET /here-is-how-to-get-more-likes-on-instagram/ HTTP/2.0" 200 449843 "-" "meta-externalagent/1.1 (+https://developers.facebook.com/docs/sharing/webmasters/crawler)"
62.171.130.174 - - [20/Oct/2025:11:45:15 -0400] "GET /wp-admin/network/ HTTP/2.0" 302 - "binance.com" "Mozilla/5.0 (Windows NT 10.0; Win64; x64) AppleWebKit/537.36 (KHTML, like Gecko) Chrome/90.0.4430.85 Safari/537.36"
62.171.130.174 - - [20/Oct/2025:11:45:20 -0400] "GET /wp-login.php?redirect_to=https%3A%2F%2Fblushin.com%2Fwp-admin%2Fnetwork%2F&reauth=1 HTTP/2.0" 200 6494 "binance.com" "Mozilla/5.0 (Windows NT 10.0; Win64; x64) AppleWebKit/537.36 (KHTML, like Gecko) Chrome/90.0.4430.85 Safari/537.36"
159.89.165.4 - - [20/Oct/2025:11:45:21 -0400] "GET /wp-admin/css/colors/ocean/ HTTP/2.0" 200 1567 "binance.com" "Mozilla/5.0 (Windows NT 10.0; Win64; x64) AppleWebKit/537.36 (KHTML, like Gecko) Chrome/90.0.4430.85 Safari/537.36"
66.249.74.108 - - [20/Oct/2025:11:45:27 -0400] "GET /bizzo-casino-it-647/ HTTP/2.0" 200 449843 "-" "Mozilla/5.0 (compatible; Googlebot/2.1; +http://www.google.com/bot.html)"
200.202.98.129 - - [20/Oct/2025:11:45:29 -0400] "GET /category/womens-kitty/page/15/ HTTP/2.0" 200 225933 "-" "Mozilla/5.0 (Windows NT 10.0; WOW64) AppleWebKit/537.36 (KHTML, like Gecko) Chrome/86.0.4240.198 Safari/537.36"
159.89.165.4 - - [20/Oct/2025:11:45:33 -0400] "GET /wp-admin/css/colors/sunrise/%20 HTTP/2.0" 301 - "binance.com" "Mozilla/5.0 (Windows NT 10.0; Win64; x64) AppleWebKit/537.36 (KHTML, like Gecko) Chrome/90.0.4430.85 Safari/537.36"
2001:41d0:303:8698::1 - - [20/Oct/2025:11:45:39 -0400] "GET /robots.txt HTTP/2.0" 200 112 "-" "Mozilla/5.0 (compatible; MJ12bot/v1.4.8; http://mj12bot.com/)"
159.89.165.4 - - [20/Oct/2025:11:45:41 -0400] "GET /wp-admin/css/colors/sunrise/ HTTP/2.0" 200 1571 "binance.com" "Mozilla/5.0 (Windows NT 10.0; Win64; x64) AppleWebKit/537.36 (KHTML, like Gecko) Chrome/90.0.4430.85 Safari/537.36"
216.73.216.143 - - [20/Oct/2025:11:45:42 -0400] "GET /tag/haircuts-to-make-hair-look-thicker HTTP/2.0" 200 449843 "-" "Mozilla/5.0 AppleWebKit/537.36 (KHTML, like Gecko; compatible; ClaudeBot/1.0; [email protected])"
62.171.130.174 - - [20/Oct/2025:11:45:45 -0400] "GET /wp-admin/user/ HTTP/2.0" 302 - "binance.com" "Mozilla/5.0 (Windows NT 10.0; Win64; x64) AppleWebKit/537.36 (KHTML, like Gecko) Chrome/90.0.4430.85 Safari/537.36"
2001:41d0:303:8698::1 - - [20/Oct/2025:11:45:44 -0400] "GET /what-happens-when-you-use-tea-tree-oil-and-lemon-on-your-skin-daily/ HTTP/2.0" 200 310092 "-" "Mozilla/5.0 (compatible; MJ12bot/v1.4.8; http://mj12bot.com/)"
62.171.130.174 - - [20/Oct/2025:11:45:50 -0400] "GET /wp-login.php?redirect_to=https%3A%2F%2Fblushin.com%2Fwp-admin%2Fuser%2F&reauth=1 HTTP/2.0" 200 6491 "binance.com" "Mozilla/5.0 (Windows NT 10.0; Win64; x64) AppleWebKit/537.36 (KHTML, like Gecko) Chrome/90.0.4430.85 Safari/537.36"
2001:41d0:303:8698::1 - - [20/Oct/2025:11:45:48 -0400] "GET /9-home-remedies-to-induce-periods/ HTTP/2.0" 200 312546 "-" "Mozilla/5.0 (compatible; MJ12bot/v1.4.8; http://mj12bot.com/)"
159.89.165.4 - - [20/Oct/2025:11:45:53 -0400] "GET /wp-admin/images/ HTTP/2.0" 200 14902 "binance.com" "Mozilla/5.0 (Windows NT 10.0; Win64; x64) AppleWebKit/537.36 (KHTML, like Gecko) Chrome/90.0.4430.85 Safari/537.36"
190.150.121.228 - - [20/Oct/2025:11:45:52 -0400] "GET /tag/kajol-and-srk/ HTTP/2.0" 200 208170 "-" "Mozilla/5.0 (Macintosh; Intel Mac OS X 10_15_7) AppleWebKit/537.36 (KHTML, like Gecko) Brave Chrome/86.0.4240.111 Safari/537.36"
159.89.165.4 - - [20/Oct/2025:11:46:04 -0400] "GET /wp-admin/js/ HTTP/2.0" 200 18683 "binance.com" "Mozilla/5.0 (Windows NT 10.0; Win64; x64) AppleWebKit/537.36 (KHTML, like Gecko) Chrome/90.0.4430.85 Safari/537.36"
62.171.130.174 - - [20/Oct/2025:11:46:06 -0400] "GET /wp-admin/css/ HTTP/2.0" 200 19369 "binance.com" "Mozilla/5.0 (Windows NT 10.0; Win64; x64) AppleWebKit/537.36 (KHTML, like Gecko) Chrome/90.0.4430.85 Safari/537.36"
40.77.167.32 - - [20/Oct/2025:11:46:09 -0400] "GET /wp-content/uploads/2016/12/Microwaved-Food6.jpg HTTP/2.0" 200 449843 "-" "Mozilla/5.0 AppleWebKit/537.36 (KHTML, like Gecko; compatible; bingbot/2.0; +http://www.bing.com/bingbot.htm) Chrome/116.0.1938.76 Safari/537.36"
62.171.130.174 - - [20/Oct/2025:11:46:13 -0400] "GET /wp-admin/css/colors/ HTTP/2.0" 200 2585 "binance.com" "Mozilla/5.0 (Windows NT 10.0; Win64; x64) AppleWebKit/537.36 (KHTML, like Gecko) Chrome/90.0.4430.85 Safari/537.36"
159.89.165.4 - - [20/Oct/2025:11:46:15 -0400] "GET /wp-admin/js/widgets/ HTTP/2.0" 200 3313 "binance.com" "Mozilla/5.0 (Windows NT 10.0; Win64; x64) AppleWebKit/537.36 (KHTML, like Gecko) Chrome/90.0.4430.85 Safari/537.36"
159.89.165.4 - - [20/Oct/2025:11:46:25 -0400] "GET /wp-includes/ HTTP/2.0" 200 52246 "binance.com" "Mozilla/5.0 (Windows NT 10.0; Win64; x64) AppleWebKit/537.36 (KHTML, like Gecko) Chrome/90.0.4430.85 Safari/537.36"
62.171.130.174 - - [20/Oct/2025:11:46:26 -0400] "GET /wp-admin/css/colors/blue/ HTTP/2.0" 200 1565 "binance.com" "Mozilla/5.0 (Windows NT 10.0; Win64; x64) AppleWebKit/537.36 (KHTML, like Gecko) Chrome/90.0.4430.85 Safari/537.36"
62.171.130.174 - - [20/Oct/2025:11:46:37 -0400] "GET /wp-admin/css/colors/coffee/ HTTP/2.0" 200 1569 "binance.com" "Mozilla/5.0 (Windows NT 10.0; Win64; x64) AppleWebKit/537.36 (KHTML, like Gecko) Chrome/90.0.4430.85 Safari/537.36"
159.89.165.4 - - [20/Oct/2025:11:46:38 -0400] "GET /wp-includes/ HTTP/2.0" 200 52246 "binance.com" "Mozilla/5.0 (Windows NT 10.0; Win64; x64) AppleWebKit/537.36 (KHTML, like Gecko) Chrome/90.0.4430.85 Safari/537.36"
62.171.130.174 - - [20/Oct/2025:11:46:43 -0400] "GET /wp-admin/css/colors/ectoplasm/ HTTP/2.0" 200 1575 "binance.com" "Mozilla/5.0 (Windows NT 10.0; Win64; x64) AppleWebKit/537.36 (KHTML, like Gecko) Chrome/90.0.4430.85 Safari/537.36"
159.89.165.4 - - [20/Oct/2025:11:46:49 -0400] "GET /wp-includes/block-bindings.php HTTP/2.0" 200 - "binance.com" "Mozilla/5.0 (Windows NT 10.0; Win64; x64) AppleWebKit/537.36 (KHTML, like Gecko) Chrome/90.0.4430.85 Safari/537.36"
62.171.130.174 - - [20/Oct/2025:11:46:56 -0400] "GET /wp-admin/css/colors/light/ HTTP/2.0" 200 1567 "binance.com" "Mozilla/5.0 (Windows NT 10.0; Win64; x64) AppleWebKit/537.36 (KHTML, like Gecko) Chrome/90.0.4430.85 Safari/537.36"
159.89.165.4 - - [20/Oct/2025:11:46:59 -0400] "GET /wp-includes/block-editor.php HTTP/2.0" 200 - "binance.com" "Mozilla/5.0 (Windows NT 10.0; Win64; x64) AppleWebKit/537.36 (KHTML, like Gecko) Chrome/90.0.4430.85 Safari/537.36"
223.193.38.237 - - [20/Oct/2025:11:47:00 -0400] "GET /wp-content/uploads/2016/08/places-to-Enjoy-in-Delhi-Without-Spending-Money8.jpg HTTP/2.0" 404 181138 "-" "Mozilla/5.0 (Windows NT 10.0; Win64; x64) AppleWebKit/537.36 (KHTML, like Gecko) Chrome/103.0.0.0 Safari/537.36"
217.113.196.68 - - [20/Oct/2025:11:47:04 -0400] "GET /fit-body-mind/ HTTP/2.0" 200 309661 "-" "Mozilla/5.0 (compatible; IbouBot/1.0; [email protected]; +https://ibou.io/iboubot.html)"
159.89.165.4 - - [20/Oct/2025:11:47:09 -0400] "GET /wp-includes/block-template-utils.php HTTP/2.0" 200 - "binance.com" "Mozilla/5.0 (Windows NT 10.0; Win64; x64) AppleWebKit/537.36 (KHTML, like Gecko) Chrome/90.0.4430.85 Safari/537.36"
62.171.130.174 - - [20/Oct/2025:11:47:09 -0400] "GET /wp-admin/css/colors/midnight/ HTTP/2.0" 200 1573 "binance.com" "Mozilla/5.0 (Windows NT 10.0; Win64; x64) AppleWebKit/537.36 (KHTML, like Gecko) Chrome/90.0.4430.85 Safari/537.36"
20.193.135.142 - - [20/Oct/2025:11:47:18 -0400] "POST /wp-login.php HTTP/2.0" 200 6907 "-" "Mozilla/5.0"
20.193.135.142 - - [20/Oct/2025:11:47:18 -0400] "POST /wp-login.php HTTP/2.0" 200 6947 "-" "Mozilla/5.0"
20.193.135.142 - - [20/Oct/2025:11:47:18 -0400] "POST /wp-login.php HTTP/2.0" 200 6941 "-" "Mozilla/5.0"
20.193.135.142 - - [20/Oct/2025:11:47:18 -0400] "POST /wp-login.php HTTP/2.0" 200 6943 "-" "Mozilla/5.0"
5.255.231.38 - - [20/Oct/2025:11:47:19 -0400] "GET /5-bollywood-actresses-who-look-beautiful-even-without-makeup.html HTTP/2.0" 404 181138 "-" "Mozilla/5.0 (compatible; YandexBot/3.0; +http://yandex.com/bots)"
159.89.165.4 - - [20/Oct/2025:11:47:22 -0400] "GET /wp-includes/block-template.php HTTP/2.0" 200 - "binance.com" "Mozilla/5.0 (Windows NT 10.0; Win64; x64) AppleWebKit/537.36 (KHTML, like Gecko) Chrome/90.0.4430.85 Safari/537.36"
62.171.130.174 - - [20/Oct/2025:11:47:26 -0400] "GET /wp-admin/css/colors/modern/ HTTP/2.0" 200 1569 "binance.com" "Mozilla/5.0 (Windows NT 10.0; Win64; x64) AppleWebKit/537.36 (KHTML, like Gecko) Chrome/90.0.4430.85 Safari/537.36"
159.89.165.4 - - [20/Oct/2025:11:47:31 -0400] "GET /wp-includes/class-avif-info.php HTTP/2.0" 200 - "binance.com" "Mozilla/5.0 (Windows NT 10.0; Win64; x64) AppleWebKit/537.36 (KHTML, like Gecko) Chrome/90.0.4430.85 Safari/537.36"
