62.171.130.174 - - [20/Oct/2025:11:47:34 -0400] "GET /wp-admin/css/colors/ocean/ HTTP/2.0" 200 1567 "binance.com" "Mozilla/5.0 (Windows NT 10.0; Win64; x64) AppleWebKit/537.36 (KHTML, like Gecko) Chrome/90.0.4430.85 Safari/537.36"
2a03:2880:f800:5:: - - [20/Oct/2025:11:47:35 -0400] "GET /ayurvedic-remedies-for-malaria-treatment/ HTTP/2.0" 200 449843 "-" "meta-externalagent/1.1 (+https://developers.facebook.com/docs/sharing/webmasters/crawler)"
159.89.165.4 - - [20/Oct/2025:11:47:38 -0400] "GET /wp-includes/class-wp-block-bindings-registry.php HTTP/2.0" 200 - "binance.com" "Mozilla/5.0 (Windows NT 10.0; Win64; x64) AppleWebKit/537.36 (KHTML, like Gecko) Chrome/90.0.4430.85 Safari/537.36"
159.89.165.4 - - [20/Oct/2025:11:47:42 -0400] "GET /wp-includes/class-wp-block-bindings-source.php HTTP/2.0" 200 - "binance.com" "Mozilla/5.0 (Windows NT 10.0; Win64; x64) AppleWebKit/537.36 (KHTML, like Gecko) Chrome/90.0.4430.85 Safari/537.36"
62.171.130.174 - - [20/Oct/2025:11:47:42 -0400] "GET /wp-admin/css/colors/sunrise/%20 HTTP/2.0" 301 - "binance.com" "Mozilla/5.0 (Windows NT 10.0; Win64; x64) AppleWebKit/537.36 (KHTML, like Gecko) Chrome/90.0.4430.85 Safari/537.36"
136.243.220.212 - - [20/Oct/2025:11:47:41 -0400] "GET /cornflakes-chaat-recipe/ HTTP/2.0" 200 304752 "-" "Mozilla/5.0 (compatible; DataForSeoBot/1.0; +https://dataforseo.com/dataforseo-bot)"
62.171.130.174 - - [20/Oct/2025:11:47:47 -0400] "GET /wp-admin/css/colors/sunrise/ HTTP/2.0" 200 1571 "binance.com" "Mozilla/5.0 (Windows NT 10.0; Win64; x64) AppleWebKit/537.36 (KHTML, like Gecko) Chrome/90.0.4430.85 Safari/537.36"
159.89.165.4 - - [20/Oct/2025:11:47:49 -0400] "GET /wp-includes/class-wp-block-editor-context.php HTTP/2.0" 200 - "binance.com" "Mozilla/5.0 (Windows NT 10.0; Win64; x64) AppleWebKit/537.36 (KHTML, like Gecko) Chrome/90.0.4430.85 Safari/537.36"
213.180.203.33 - - [20/Oct/2025:11:47:49 -0400] "GET /tag/collar-neckline-kurtis-and-blouses HTTP/2.0" 301 - "-" "Mozilla/5.0 (compatible; YandexBot/3.0; +http://yandex.com/bots)"
95.108.213.122 - - [20/Oct/2025:11:47:51 -0400] "GET /tag/collar-neckline-kurtis-and-blouses/ HTTP/2.0" 200 208281 "-" "Mozilla/5.0 (compatible; YandexBot/3.0; +http://yandex.com/bots)"
216.244.66.235 - - [20/Oct/2025:11:47:55 -0400] "GET /robots.txt HTTP/2.0" 200 449843 "-" "Mozilla/5.0 (compatible; DotBot/1.2; +https://opensiteexplorer.org/dotbot; [email protected])"
159.89.165.4 - - [20/Oct/2025:11:48:00 -0400] "GET /wp-includes/class-wp-block-metadata-registry.php HTTP/2.0" 200 - "binance.com" "Mozilla/5.0 (Windows NT 10.0; Win64; x64) AppleWebKit/537.36 (KHTML, like Gecko) Chrome/90.0.4430.85 Safari/537.36"
62.171.130.174 - - [20/Oct/2025:11:48:03 -0400] "GET /wp-admin/images/ HTTP/2.0" 200 14902 "binance.com" "Mozilla/5.0 (Windows NT 10.0; Win64; x64) AppleWebKit/537.36 (KHTML, like Gecko) Chrome/90.0.4430.85 Safari/537.36"
159.89.165.4 - - [20/Oct/2025:11:48:08 -0400] "GET /wp-includes/class-wp-block-parser-block.php HTTP/2.0" 200 - "binance.com" "Mozilla/5.0 (Windows NT 10.0; Win64; x64) AppleWebKit/537.36 (KHTML, like Gecko) Chrome/90.0.4430.85 Safari/537.36"
2a03:2880:f800:1b:: - - [20/Oct/2025:11:48:06 -0400] "GET /potatoes-for-weight-loss/ HTTP/2.0" 200 449843 "-" "meta-externalagent/1.1 (+https://developers.facebook.com/docs/sharing/webmasters/crawler)"
62.171.130.174 - - [20/Oct/2025:11:48:16 -0400] "GET /wp-admin/js/ HTTP/2.0" 200 18683 "binance.com" "Mozilla/5.0 (Windows NT 10.0; Win64; x64) AppleWebKit/537.36 (KHTML, like Gecko) Chrome/90.0.4430.85 Safari/537.36"
159.89.165.4 - - [20/Oct/2025:11:48:17 -0400] "GET /wp-includes/class-wp-block-parser-frame.php HTTP/2.0" 200 - "binance.com" "Mozilla/5.0 (Windows NT 10.0; Win64; x64) AppleWebKit/537.36 (KHTML, like Gecko) Chrome/90.0.4430.85 Safari/537.36"
66.249.74.107 - - [20/Oct/2025:11:48:19 -0400] "GET /feeds HTTP/2.0" 200 449843 "-" "Mozilla/5.0 (compatible; Googlebot/2.1; +http://www.google.com/bot.html)"
62.171.130.174 - - [20/Oct/2025:11:48:23 -0400] "GET /wp-admin/js/widgets/ HTTP/2.0" 200 3313 "binance.com" "Mozilla/5.0 (Windows NT 10.0; Win64; x64) AppleWebKit/537.36 (KHTML, like Gecko) Chrome/90.0.4430.85 Safari/537.36"
159.89.165.4 - - [20/Oct/2025:11:48:27 -0400] "GET /wp-includes/class-wp-block-template.php HTTP/2.0" 200 - "binance.com" "Mozilla/5.0 (Windows NT 10.0; Win64; x64) AppleWebKit/537.36 (KHTML, like Gecko) Chrome/90.0.4430.85 Safari/537.36"
2a02:2f0e:3905:3500:69e9:a1ff:e9a9:ce01 - - [20/Oct/2025:11:48:24 -0400] "GET /kod-promocyjny-nv-kasyno-68/ HTTP/2.0" 200 307903 "-" "Mozilla/5.0 (Windows NT 10.0; Win64; x64) AppleWebKit/537.36 (KHTML, like Gecko) Chrome/80.0.3987.116 Safari/537.36"
62.171.130.174 - - [20/Oct/2025:11:48:34 -0400] "GET /wp-includes/ HTTP/2.0" 200 52246 "binance.com" "Mozilla/5.0 (Windows NT 10.0; Win64; x64) AppleWebKit/537.36 (KHTML, like Gecko) Chrome/90.0.4430.85 Safari/537.36"
159.89.165.4 - - [20/Oct/2025:11:48:35 -0400] "GET /wp-includes/class-wp-block-templates-registry.php HTTP/2.0" 200 - "binance.com" "Mozilla/5.0 (Windows NT 10.0; Win64; x64) AppleWebKit/537.36 (KHTML, like Gecko) Chrome/90.0.4430.85 Safari/537.36"
223.193.38.243 - - [20/Oct/2025:11:48:36 -0400] "GET /wp-content/uploads/2017/08/Cells-in-human-body.jpeg HTTP/2.0" 200 82606 "-" "Mozilla/5.0 (Windows NT 10.0; Win64; x64) AppleWebKit/537.36 (KHTML, like Gecko) Chrome/103.0.0.0 Safari/537.36"
62.171.130.174 - - [20/Oct/2025:11:48:41 -0400] "GET /wp-includes/ HTTP/2.0" 200 52246 "binance.com" "Mozilla/5.0 (Windows NT 10.0; Win64; x64) AppleWebKit/537.36 (KHTML, like Gecko) Chrome/90.0.4430.85 Safari/537.36"
159.89.165.4 - - [20/Oct/2025:11:48:45 -0400] "GET /wp-includes/class-wp-classic-to-block-menu-converter.php HTTP/2.0" 200 - "binance.com" "Mozilla/5.0 (Windows NT 10.0; Win64; x64) AppleWebKit/537.36 (KHTML, like Gecko) Chrome/90.0.4430.85 Safari/537.36"
159.89.165.4 - - [20/Oct/2025:11:48:56 -0400] "GET /wp-includes/class-wp-dependencies.php HTTP/2.0" 200 - "binance.com" "Mozilla/5.0 (Windows NT 10.0; Win64; x64) AppleWebKit/537.36 (KHTML, like Gecko) Chrome/90.0.4430.85 Safari/537.36"
159.89.165.4 - - [20/Oct/2025:11:49:10 -0400] "GET /wp-includes/class-wp-duotone.php HTTP/2.0" 200 - "binance.com" "Mozilla/5.0 (Windows NT 10.0; Win64; x64) AppleWebKit/537.36 (KHTML, like Gecko) Chrome/90.0.4430.85 Safari/537.36"
62.171.130.174 - - [20/Oct/2025:11:49:12 -0400] "GET /wp-includes/block-bindings.php HTTP/2.0" 200 - "binance.com" "Mozilla/5.0 (Windows NT 10.0; Win64; x64) AppleWebKit/537.36 (KHTML, like Gecko) Chrome/90.0.4430.85 Safari/537.36"
216.73.216.143 - - [20/Oct/2025:11:49:12 -0400] "GET /category/health/page/107 HTTP/2.0" 200 449843 "-" "Mozilla/5.0 AppleWebKit/537.36 (KHTML, like Gecko; compatible; ClaudeBot/1.0; [email protected])"
114.119.140.79 - - [20/Oct/2025:11:49:15 -0400] "GET /use-castor-oil-for-longer-lashes-lustrous-locks/ HTTP/2.0" 200 76495 "https://blushin.com/healthy-diets-must-include-for-expecting-mommies-celebrate-mommyfiesta/" "Mozilla/5.0 (Linux; Android 7.0;) AppleWebKit/537.36 (KHTML, like Gecko) Mobile Safari/537.36 (compatible; PetalBot;+https://webmaster.petalsearch.com/site/petalbot)"
62.171.130.174 - - [20/Oct/2025:11:49:19 -0400] "GET /wp-includes/block-editor.php HTTP/2.0" 200 - "binance.com" "Mozilla/5.0 (Windows NT 10.0; Win64; x64) AppleWebKit/537.36 (KHTML, like Gecko) Chrome/90.0.4430.85 Safari/537.36"
159.89.165.4 - - [20/Oct/2025:11:49:19 -0400] "GET /wp-includes/class-wp-exception.php HTTP/2.0" 200 - "binance.com" "Mozilla/5.0 (Windows NT 10.0; Win64; x64) AppleWebKit/537.36 (KHTML, like Gecko) Chrome/90.0.4430.85 Safari/537.36"
2a03:2880:f800:40:: - - [20/Oct/2025:11:49:28 -0400] "GET /tag/pahari-girl-status/ HTTP/2.0" 200 449843 "-" "meta-externalagent/1.1 (+https://developers.facebook.com/docs/sharing/webmasters/crawler)"
62.171.130.174 - - [20/Oct/2025:11:49:30 -0400] "GET /wp-includes/block-template-utils.php HTTP/2.0" 200 - "binance.com" "Mozilla/5.0 (Windows NT 10.0; Win64; x64) AppleWebKit/537.36 (KHTML, like Gecko) Chrome/90.0.4430.85 Safari/537.36"
159.89.165.4 - - [20/Oct/2025:11:49:31 -0400] "GET /wp-includes/class-wp-http.php HTTP/2.0" 200 2 "binance.com" "Mozilla/5.0 (Windows NT 10.0; Win64; x64) AppleWebKit/537.36 (KHTML, like Gecko) Chrome/90.0.4430.85 Safari/537.36"
220.181.108.166 - - [20/Oct/2025:11:49:30 -0400] "GET /wp-sitemap.xml HTTP/2.0" 200 2567 "-" "Mozilla/5.0 (compatible; Baiduspider/2.0; +http://www.baidu.com/search/spider.html)"
2a03:2880:f800:8:: - - [20/Oct/2025:11:49:30 -0400] "GET /how-to-use-a-makeup-sponge-properly/ HTTP/2.0" 200 449843 "-" "meta-externalagent/1.1 (+https://developers.facebook.com/docs/sharing/webmasters/crawler)"
62.171.130.174 - - [20/Oct/2025:11:49:41 -0400] "GET /wp-includes/block-template.php HTTP/2.0" 200 - "binance.com" "Mozilla/5.0 (Windows NT 10.0; Win64; x64) AppleWebKit/537.36 (KHTML, like Gecko) Chrome/90.0.4430.85 Safari/537.36"
159.89.165.4 - - [20/Oct/2025:11:49:42 -0400] "GET /wp-includes/class-wp-navigation-fallback.php HTTP/2.0" 200 - "binance.com" "Mozilla/5.0 (Windows NT 10.0; Win64; x64) AppleWebKit/537.36 (KHTML, like Gecko) Chrome/90.0.4430.85 Safari/537.36"
177.193.213.49 - - [20/Oct/2025:11:49:40 -0400] "GET /category/betriot-app-283/ HTTP/2.0" 200 221049 "-" "Mozilla/5.0 (Windows NT 10.0; Win64; x64) AppleWebKit/537.36 (KHTML, like Gecko) Brave Chrome/79.0.3945.88 Safari/537.36"
62.171.130.174 - - [20/Oct/2025:11:49:54 -0400] "GET /wp-includes/class-avif-info.php HTTP/2.0" 200 - "binance.com" "Mozilla/5.0 (Windows NT 10.0; Win64; x64) AppleWebKit/537.36 (KHTML, like Gecko) Chrome/90.0.4430.85 Safari/537.36"
159.89.165.4 - - [20/Oct/2025:11:49:57 -0400] "GET /wp-includes/class-wp-phpmailer.php HTTP/2.0" 500 - "binance.com" "Mozilla/5.0 (Windows NT 10.0; Win64; x64) AppleWebKit/537.36 (KHTML, like Gecko) Chrome/90.0.4430.85 Safari/537.36"
159.89.165.4 - - [20/Oct/2025:11:50:09 -0400] "GET /wp-includes/class-wp-plugin-dependencies.php HTTP/2.0" 200 - "binance.com" "Mozilla/5.0 (Windows NT 10.0; Win64; x64) AppleWebKit/537.36 (KHTML, like Gecko) Chrome/90.0.4430.85 Safari/537.36"
62.171.130.174 - - [20/Oct/2025:11:50:11 -0400] "GET /wp-includes/class-wp-block-bindings-registry.php HTTP/2.0" 200 - "binance.com" "Mozilla/5.0 (Windows NT 10.0; Win64; x64) AppleWebKit/537.36 (KHTML, like Gecko) Chrome/90.0.4430.85 Safari/537.36"
159.89.165.4 - - [20/Oct/2025:11:50:16 -0400] "GET /wp-includes/class-wp-script-modules.php HTTP/2.0" 200 - "binance.com" "Mozilla/5.0 (Windows NT 10.0; Win64; x64) AppleWebKit/537.36 (KHTML, like Gecko) Chrome/90.0.4430.85 Safari/537.36"
198.203.28.164 - - [20/Oct/2025:11:50:24 -0400] "POST /xmlrpc.php HTTP/2.0" 200 403 "-" "Mozilla/5.0 (Windows NT 10.0; Win64; x64) AppleWebKit/537.36 (KHTML, like Gecko) Chrome/114.0.0.0 Safari/537.36"
159.89.165.4 - - [20/Oct/2025:11:50:25 -0400] "GET /wp-includes/class-wp-scripts.php HTTP/2.0" 500 - "binance.com" "Mozilla/5.0 (Windows NT 10.0; Win64; x64) AppleWebKit/537.36 (KHTML, like Gecko) Chrome/90.0.4430.85 Safari/537.36"
62.171.130.174 - - [20/Oct/2025:11:50:27 -0400] "GET /wp-includes/class-wp-block-bindings-source.php HTTP/2.0" 200 - "binance.com" "Mozilla/5.0 (Windows NT 10.0; Win64; x64) AppleWebKit/537.36 (KHTML, like Gecko) Chrome/90.0.4430.85 Safari/537.36"
198.203.28.164 - - [20/Oct/2025:11:50:26 -0400] "POST /xmlrpc.php HTTP/2.0" 200 403 "-" "Mozilla/5.0 (Windows NT 10.0; Win64; x64) AppleWebKit/537.36 (KHTML, like Gecko) Chrome/114.0.0.0 Safari/537.36"
114.119.141.53 - - [20/Oct/2025:11:50:39 -0400] "GET /types-of-hunger-and-how-to-deal-with-them/?noamp=mobile& HTTP/2.0" 200 74427 "https://blushin.com/types-of-hunger-and-how-to-deal-with-them/?noamp=mobile&" "Mozilla/5.0 (Linux; Android 7.0;) AppleWebKit/537.36 (KHTML, like Gecko) Mobile Safari/537.36 (compatible; PetalBot;+https://webmaster.petalsearch.com/site/petalbot)"
159.89.165.4 - - [20/Oct/2025:11:50:40 -0400] "GET /wp-includes/class-wp-speculation-rules.php HTTP/2.0" 200 - "binance.com" "Mozilla/5.0 (Windows NT 10.0; Win64; x64) AppleWebKit/537.36 (KHTML, like Gecko) Chrome/90.0.4430.85 Safari/537.36"
62.171.130.174 - - [20/Oct/2025:11:50:42 -0400] "GET /wp-includes/class-wp-block-editor-context.php HTTP/2.0" 200 - "binance.com" "Mozilla/5.0 (Windows NT 10.0; Win64; x64) AppleWebKit/537.36 (KHTML, like Gecko) Chrome/90.0.4430.85 Safari/537.36"
62.171.130.174 - - [20/Oct/2025:11:50:57 -0400] "GET /wp-includes/class-wp-block-metadata-registry.php HTTP/2.0" 200 - "binance.com" "Mozilla/5.0 (Windows NT 10.0; Win64; x64) AppleWebKit/537.36 (KHTML, like Gecko) Chrome/90.0.4430.85 Safari/537.36"
159.89.165.4 - - [20/Oct/2025:11:51:02 -0400] "GET /wp-includes/class-wp-styles.php HTTP/2.0" 500 - "binance.com" "Mozilla/5.0 (Windows NT 10.0; Win64; x64) AppleWebKit/537.36 (KHTML, like Gecko) Chrome/90.0.4430.85 Safari/537.36"
109.199.112.212 - - [20/Oct/2025:11:51:03 -0400] "POST /wp-login.php HTTP/2.0" 200 6943 "-" "Mozilla/5.0"
109.199.112.212 - - [20/Oct/2025:11:51:03 -0400] "POST /wp-login.php HTTP/2.0" 200 6907 "-" "Mozilla/5.0"
109.199.112.212 - - [20/Oct/2025:11:51:03 -0400] "POST /wp-login.php HTTP/2.0" 200 6947 "-" "Mozilla/5.0"
109.199.112.212 - - [20/Oct/2025:11:51:03 -0400] "POST /wp-login.php HTTP/2.0" 200 6941 "-" "Mozilla/5.0"
159.89.165.4 - - [20/Oct/2025:11:51:14 -0400] "GET /wp-includes/class-wp-textdomain-registry.php HTTP/2.0" 200 - "binance.com" "Mozilla/5.0 (Windows NT 10.0; Win64; x64) AppleWebKit/537.36 (KHTML, like Gecko) Chrome/90.0.4430.85 Safari/537.36"
62.171.130.174 - - [20/Oct/2025:11:51:14 -0400] "GET /wp-includes/class-wp-block-parser-block.php HTTP/2.0" 200 - "binance.com" "Mozilla/5.0 (Windows NT 10.0; Win64; x64) AppleWebKit/537.36 (KHTML, like Gecko) Chrome/90.0.4430.85 Safari/537.36"
159.89.165.4 - - [20/Oct/2025:11:51:24 -0400] "GET /wp-includes/class-wp-theme-json-data.php HTTP/2.0" 200 - "binance.com" "Mozilla/5.0 (Windows NT 10.0; Win64; x64) AppleWebKit/537.36 (KHTML, like Gecko) Chrome/90.0.4430.85 Safari/537.36"
62.171.130.174 - - [20/Oct/2025:11:51:29 -0400] "GET /wp-includes/class-wp-block-parser-frame.php HTTP/2.0" 200 - "binance.com" "Mozilla/5.0 (Windows NT 10.0; Win64; x64) AppleWebKit/537.36 (KHTML, like Gecko) Chrome/90.0.4430.85 Safari/537.36"
159.89.165.4 - - [20/Oct/2025:11:51:33 -0400] "GET /wp-includes/class-wp-theme-json-resolver.php HTTP/2.0" 200 - "binance.com" "Mozilla/5.0 (Windows NT 10.0; Win64; x64) AppleWebKit/537.36 (KHTML, like Gecko) Chrome/90.0.4430.85 Safari/537.36"
159.89.165.4 - - [20/Oct/2025:11:51:45 -0400] "GET /wp-includes/class-wp-theme-json-schema.php HTTP/2.0" 200 - "binance.com" "Mozilla/5.0 (Windows NT 10.0; Win64; x64) AppleWebKit/537.36 (KHTML, like Gecko) Chrome/90.0.4430.85 Safari/537.36"
62.171.130.174 - - [20/Oct/2025:11:51:48 -0400] "GET /wp-includes/class-wp-block-template.php HTTP/2.0" 200 - "binance.com" "Mozilla/5.0 (Windows NT 10.0; Win64; x64) AppleWebKit/537.36 (KHTML, like Gecko) Chrome/90.0.4430.85 Safari/537.36"
159.89.165.4 - - [20/Oct/2025:11:51:56 -0400] "GET /wp-includes/class-wp-theme-json.php HTTP/2.0" 200 - "binance.com" "Mozilla/5.0 (Windows NT 10.0; Win64; x64) AppleWebKit/537.36 (KHTML, like Gecko) Chrome/90.0.4430.85 Safari/537.36"
20.193.135.142 - - [20/Oct/2025:11:51:56 -0400] "POST /wp-login.php HTTP/2.0" 200 6907 "-" "Mozilla/5.0"
20.193.135.142 - - [20/Oct/2025:11:51:56 -0400] "POST /wp-login.php HTTP/2.0" 200 6941 "-" "Mozilla/5.0"
20.193.135.142 - - [20/Oct/2025:11:51:56 -0400] "POST /wp-login.php HTTP/2.0" 200 6943 "-" "Mozilla/5.0"
20.193.135.142 - - [20/Oct/2025:11:51:56 -0400] "POST /wp-login.php HTTP/2.0" 200 6947 "-" "Mozilla/5.0"
2a03:2880:f800:28:: - - [20/Oct/2025:11:52:02 -0400] "GET /popular-villains-of-bollywood-till-now/ HTTP/2.0" 200 449843 "-" "meta-externalagent/1.1 (+https://developers.facebook.com/docs/sharing/webmasters/crawler)"
62.171.130.174 - - [20/Oct/2025:11:52:04 -0400] "GET /wp-includes/class-wp-block-templates-registry.php HTTP/2.0" 200 - "binance.com" "Mozilla/5.0 (Windows NT 10.0; Win64; x64) AppleWebKit/537.36 (KHTML, like Gecko) Chrome/90.0.4430.85 Safari/537.36"
114.119.145.239 - - [20/Oct/2025:11:52:04 -0400] "GET /top-8-indian-foods/ HTTP/2.0" 200 75552 "https://blushin.com/signs-of-skinny-fat/?noamp=mobile&" "Mozilla/5.0 (Linux; Android 7.0;) AppleWebKit/537.36 (KHTML, like Gecko) Mobile Safari/537.36 (compatible; PetalBot;+https://webmaster.petalsearch.com/site/petalbot)"
2a03:2880:f800:43:: - - [20/Oct/2025:11:52:04 -0400] "GET /quick-recipe-try-this-simple-sweet-rice-recipe-with-coconut-at-home/ HTTP/2.0" 200 449843 "-" "meta-externalagent/1.1 (+https://developers.facebook.com/docs/sharing/webmasters/crawler)"
2a03:2880:f800:b:: - - [20/Oct/2025:11:52:06 -0400] "GET /tag/besan-face-pack-to-remove-tan/ HTTP/2.0" 200 449843 "-" "meta-externalagent/1.1 (+https://developers.facebook.com/docs/sharing/webmasters/crawler)"
2a03:2880:f800:3f:: - - [20/Oct/2025:11:52:08 -0400] "GET /tag/half-saree/ HTTP/2.0" 200 449843 "-" "meta-externalagent/1.1 (+https://developers.facebook.com/docs/sharing/webmasters/crawler)"
159.89.165.4 - - [20/Oct/2025:11:52:10 -0400] "GET /wp-includes/class-wp-token-map.php HTTP/2.0" 200 - "binance.com" "Mozilla/5.0 (Windows NT 10.0; Win64; x64) AppleWebKit/537.36 (KHTML, like Gecko) Chrome/90.0.4430.85 Safari/537.36"
62.171.130.174 - - [20/Oct/2025:11:52:15 -0400] "GET /wp-includes/class-wp-classic-to-block-menu-converter.php HTTP/2.0" 200 - "binance.com" "Mozilla/5.0 (Windows NT 10.0; Win64; x64) AppleWebKit/537.36 (KHTML, like Gecko) Chrome/90.0.4430.85 Safari/537.36"
159.89.165.4 - - [20/Oct/2025:11:52:24 -0400] "GET /wp-includes/class-wp-url-pattern-prefixer.php HTTP/2.0" 200 - "binance.com" "Mozilla/5.0 (Windows NT 10.0; Win64; x64) AppleWebKit/537.36 (KHTML, like Gecko) Chrome/90.0.4430.85 Safari/537.36"
62.171.130.174 - - [20/Oct/2025:11:52:24 -0400] "GET /wp-includes/class-wp-dependencies.php HTTP/2.0" 200 - "binance.com" "Mozilla/5.0 (Windows NT 10.0; Win64; x64) AppleWebKit/537.36 (KHTML, like Gecko) Chrome/90.0.4430.85 Safari/537.36"
2a03:2880:f800:3b:: - - [20/Oct/2025:11:52:28 -0400] "GET /tag/salman-khan-brothers/ HTTP/2.0" 200 449843 "-" "meta-externalagent/1.1 (+https://developers.facebook.com/docs/sharing/webmasters/crawler)"
2a03:2880:f800:d:: - - [20/Oct/2025:11:52:30 -0400] "GET /remembering-shashi-kapoor-top-6-movies-of-shashi-kapoor/ HTTP/2.0" 200 449843 "-" "meta-externalagent/1.1 (+https://developers.facebook.com/docs/sharing/webmasters/crawler)"
159.89.165.4 - - [20/Oct/2025:11:52:36 -0400] "GET /wp-includes/class-wpdb.php HTTP/2.0" 200 - "binance.com" "Mozilla/5.0 (Windows NT 10.0; Win64; x64) AppleWebKit/537.36 (KHTML, like Gecko) Chrome/90.0.4430.85 Safari/537.36"
62.171.130.174 - - [20/Oct/2025:11:52:36 -0400] "GET /wp-includes/class-wp-duotone.php HTTP/2.0" 200 - "binance.com" "Mozilla/5.0 (Windows NT 10.0; Win64; x64) AppleWebKit/537.36 (KHTML, like Gecko) Chrome/90.0.4430.85 Safari/537.36"
2a03:2880:f800:18:: - - [20/Oct/2025:11:52:44 -0400] "GET /7-actresses-who-were-in-a-relationship-with-salman-khan-once/ HTTP/2.0" 200 449843 "-" "meta-externalagent/1.1 (+https://developers.facebook.com/docs/sharing/webmasters/crawler)"
159.89.165.4 - - [20/Oct/2025:11:52:48 -0400] "GET /wp-includes/fonts.php HTTP/2.0" 200 - "binance.com" "Mozilla/5.0 (Windows NT 10.0; Win64; x64) AppleWebKit/537.36 (KHTML, like Gecko) Chrome/90.0.4430.85 Safari/537.36"
62.171.130.174 - - [20/Oct/2025:11:52:49 -0400] "GET /wp-includes/class-wp-exception.php HTTP/2.0" 200 - "binance.com" "Mozilla/5.0 (Windows NT 10.0; Win64; x64) AppleWebKit/537.36 (KHTML, like Gecko) Chrome/90.0.4430.85 Safari/537.36"
62.171.130.174 - - [20/Oct/2025:11:52:57 -0400] "GET /wp-includes/class-wp-http.php HTTP/2.0" 200 2 "binance.com" "Mozilla/5.0 (Windows NT 10.0; Win64; x64) AppleWebKit/537.36 (KHTML, like Gecko) Chrome/90.0.4430.85 Safari/537.36"
159.89.165.4 - - [20/Oct/2025:11:53:03 -0400] "GET /wp-includes/global-styles-and-settings.php HTTP/2.0" 200 - "binance.com" "Mozilla/5.0 (Windows NT 10.0; Win64; x64) AppleWebKit/537.36 (KHTML, like Gecko) Chrome/90.0.4430.85 Safari/537.36"
2001:ee0:8102:883e:448c:8236:2d48:c1da - - [20/Oct/2025:11:53:04 -0400] "GET /phlwin-casino-698/ HTTP/2.0" 200 315592 "-" "Mozilla/5.0 (Macintosh; Intel Mac OS X 10_15_7) AppleWebKit/537.36 (KHTML, like Gecko) Chrome/100.0.4896.60 Safari/537.36"
62.171.130.174 - - [20/Oct/2025:11:53:09 -0400] "GET /wp-includes/class-wp-navigation-fallback.php HTTP/2.0" 200 - "binance.com" "Mozilla/5.0 (Windows NT 10.0; Win64; x64) AppleWebKit/537.36 (KHTML, like Gecko) Chrome/90.0.4430.85 Safari/537.36"
159.89.165.4 - - [20/Oct/2025:11:53:15 -0400] "GET /wp-includes/https-detection.php HTTP/2.0" 200 - "binance.com" "Mozilla/5.0 (Windows NT 10.0; Win64; x64) AppleWebKit/537.36 (KHTML, like Gecko) Chrome/90.0.4430.85 Safari/537.36"
198.12.96.5 - - [20/Oct/2025:11:53:23 -0400] "GET /10-ways-to-get-rid-of-cockroaches/ HTTP/2.0" 200 449843 "-" "Mozilla/5.0 (Macintosh; Intel Mac OS X 10_15_7) AppleWebKit/537.36 (KHTML, like Gecko) Chrome/132.0.0.0 Safari/537.36"
62.171.130.174 - - [20/Oct/2025:11:53:24 -0400] "GET /wp-includes/class-wp-phpmailer.php HTTP/2.0" 500 - "binance.com" "Mozilla/5.0 (Windows NT 10.0; Win64; x64) AppleWebKit/537.36 (KHTML, like Gecko) Chrome/90.0.4430.85 Safari/537.36"
159.89.165.4 - - [20/Oct/2025:11:53:26 -0400] "GET /wp-includes/https-migration.php HTTP/2.0" 200 - "binance.com" "Mozilla/5.0 (Windows NT 10.0; Win64; x64) AppleWebKit/537.36 (KHTML, like Gecko) Chrome/90.0.4430.85 Safari/537.36"
114.119.158.193 - - [20/Oct/2025:11:53:26 -0400] "GET /top-5-natural-cleansers-which-are-better-than-your-face-wash/ HTTP/2.0" 200 74063 "https://blushin.com/get-fairer-skin-in-few-days-naturally/?amp" "Mozilla/5.0 (Linux; Android 7.0;) AppleWebKit/537.36 (KHTML, like Gecko) Mobile Safari/537.36 (compatible; PetalBot;+https://webmaster.petalsearch.com/site/petalbot)"
2001:ee0:4681:4829:d465:a835:d3f5:96d - - [20/Oct/2025:11:53:31 -0400] "GET /?channel=ab5966&from=category-info.php%3Fid%3D993135-10713&l=2001399313507&name=%E6%B4%97%E9%A1%94+%E3%83%AD%E3%82%A6%E3%82%A7%E3%83%8A+lowena+%E3%83%AD%E3%82%A6%E3%82%A7%E3%83%8A+%E3%82%A8%E3%83%AC%E3%83%A1%E3%83%B3%E3%82%BF%E3%83%AB+%E3%82%A6%E3%82%A9%E3%83%83%E3%82%B7%E3%83%A5+LOWENA HTTP/2.0" 404 181138 "-" "Mozilla/5.0 (Windows NT 10.0; WOW64) AppleWebKit/537.36 (KHTML, like Gecko) Chrome/86.0.4240.198 Safari/537.36"
62.171.130.174 - - [20/Oct/2025:11:53:36 -0400] "GET /wp-includes/class-wp-plugin-dependencies.php HTTP/2.0" 200 - "binance.com" "Mozilla/5.0 (Windows NT 10.0; Win64; x64) AppleWebKit/537.36 (KHTML, like Gecko) Chrome/90.0.4430.85 Safari/537.36"
159.89.165.4 - - [20/Oct/2025:11:53:40 -0400] "GET /wp-includes/robots-template.php HTTP/2.0" 200 - "binance.com" "Mozilla/5.0 (Windows NT 10.0; Win64; x64) AppleWebKit/537.36 (KHTML, like Gecko) Chrome/90.0.4430.85 Safari/537.36"
62.171.130.174 - - [20/Oct/2025:11:53:48 -0400] "GET /wp-includes/class-wp-script-modules.php HTTP/2.0" 200 - "binance.com" "Mozilla/5.0 (Windows NT 10.0; Win64; x64) AppleWebKit/537.36 (KHTML, like Gecko) Chrome/90.0.4430.85 Safari/537.36"
159.89.165.4 - - [20/Oct/2025:11:53:48 -0400] "GET /wp-includes/script-modules.php HTTP/2.0" 200 - "binance.com" "Mozilla/5.0 (Windows NT 10.0; Win64; x64) AppleWebKit/537.36 (KHTML, like Gecko) Chrome/90.0.4430.85 Safari/537.36"
62.171.130.174 - - [20/Oct/2025:11:53:58 -0400] "GET /wp-includes/class-wp-scripts.php HTTP/2.0" 500 - "binance.com" "Mozilla/5.0 (Windows NT 10.0; Win64; x64) AppleWebKit/537.36 (KHTML, like Gecko) Chrome/90.0.4430.85 Safari/537.36"
159.89.165.4 - - [20/Oct/2025:11:54:01 -0400] "GET /wp-includes/speculative-loading.php HTTP/2.0" 200 - "binance.com" "Mozilla/5.0 (Windows NT 10.0; Win64; x64) AppleWebKit/537.36 (KHTML, like Gecko) Chrome/90.0.4430.85 Safari/537.36"
159.89.165.4 - - [20/Oct/2025:11:54:10 -0400] "GET /wp-includes/style-engine.php HTTP/2.0" 200 - "binance.com" "Mozilla/5.0 (Windows NT 10.0; Win64; x64) AppleWebKit/537.36 (KHTML, like Gecko) Chrome/90.0.4430.85 Safari/537.36"
216.73.216.143 - - [20/Oct/2025:11:54:08 -0400] "GET /tag/acne-removal HTTP/2.0" 200 449843 "-" "Mozilla/5.0 AppleWebKit/537.36 (KHTML, like Gecko; compatible; ClaudeBot/1.0; [email protected])"
62.171.130.174 - - [20/Oct/2025:11:54:13 -0400] "GET /wp-includes/class-wp-speculation-rules.php HTTP/2.0" 200 - "binance.com" "Mozilla/5.0 (Windows NT 10.0; Win64; x64) AppleWebKit/537.36 (KHTML, like Gecko) Chrome/90.0.4430.85 Safari/537.36"
159.89.165.4 - - [20/Oct/2025:11:54:16 -0400] "GET /wp-includes/template-canvas.php HTTP/2.0" 500 - "binance.com" "Mozilla/5.0 (Windows NT 10.0; Win64; x64) AppleWebKit/537.36 (KHTML, like Gecko) Chrome/90.0.4430.85 Safari/537.36"
159.89.165.4 - - [20/Oct/2025:11:54:21 -0400] "GET /wp-includes/theme-previews.php HTTP/2.0" 200 - "binance.com" "Mozilla/5.0 (Windows NT 10.0; Win64; x64) AppleWebKit/537.36 (KHTML, like Gecko) Chrome/90.0.4430.85 Safari/537.36"
62.171.130.174 - - [20/Oct/2025:11:54:26 -0400] "GET /wp-includes/class-wp-styles.php HTTP/2.0" 500 - "binance.com" "Mozilla/5.0 (Windows NT 10.0; Win64; x64) AppleWebKit/537.36 (KHTML, like Gecko) Chrome/90.0.4430.85 Safari/537.36"
159.89.165.4 - - [20/Oct/2025:11:54:28 -0400] "GET /wp-includes/theme-templates.php HTTP/2.0" 200 - "binance.com" "Mozilla/5.0 (Windows NT 10.0; Win64; x64) AppleWebKit/537.36 (KHTML, like Gecko) Chrome/90.0.4430.85 Safari/537.36"
57.159.28.36 - - [20/Oct/2025:11:54:33 -0400] "POST /wp-login.php HTTP/2.0" 200 6907 "-" "Mozilla/5.0"
57.159.28.36 - - [20/Oct/2025:11:54:33 -0400] "POST /wp-login.php HTTP/2.0" 200 6947 "-" "Mozilla/5.0"
57.159.28.36 - - [20/Oct/2025:11:54:33 -0400] "POST /wp-login.php HTTP/2.0" 200 6943 "-" "Mozilla/5.0"
57.159.28.36 - - [20/Oct/2025:11:54:33 -0400] "POST /wp-login.php HTTP/2.0" 200 6941 "-" "Mozilla/5.0"
159.89.165.4 - - [20/Oct/2025:11:54:35 -0400] "GET /wp-includes/wp-blog-header.php HTTP/2.0" 200 - "binance.com" "Mozilla/5.0 (Windows NT 10.0; Win64; x64) AppleWebKit/537.36 (KHTML, like Gecko) Chrome/90.0.4430.85 Safari/537.36"
62.171.130.174 - - [20/Oct/2025:11:54:42 -0400] "GET /wp-includes/class-wp-textdomain-registry.php HTTP/2.0" 200 - "binance.com" "Mozilla/5.0 (Windows NT 10.0; Win64; x64) AppleWebKit/537.36 (KHTML, like Gecko) Chrome/90.0.4430.85 Safari/537.36"
2a03:2880:f800:12:: - - [20/Oct/2025:11:54:44 -0400] "GET /tag/bollywood-actresses-with-big-eyes/ HTTP/2.0" 200 449843 "-" "meta-externalagent/1.1 (+https://developers.facebook.com/docs/sharing/webmasters/crawler)"
159.89.165.4 - - [20/Oct/2025:11:54:46 -0400] "GET /wp-includes/wp-cron.php HTTP/2.0" 200 - "binance.com" "Mozilla/5.0 (Windows NT 10.0; Win64; x64) AppleWebKit/537.36 (KHTML, like Gecko) Chrome/90.0.4430.85 Safari/537.36"
2a03:2880:f800:3:: - - [20/Oct/2025:11:54:46 -0400] "GET /tag/wheatish-skin-tone/ HTTP/2.0" 200 449843 "-" "meta-externalagent/1.1 (+https://developers.facebook.com/docs/sharing/webmasters/crawler)"
57.159.29.167 - - [20/Oct/2025:11:54:49 -0400] "POST /wp-login.php HTTP/2.0" 200 6943 "-" "Mozilla/5.0"
57.159.29.167 - - [20/Oct/2025:11:54:49 -0400] "POST /wp-login.php HTTP/2.0" 200 6907 "-" "Mozilla/5.0"
57.159.29.167 - - [20/Oct/2025:11:54:49 -0400] "POST /wp-login.php HTTP/2.0" 200 6941 "-" "Mozilla/5.0"
57.159.29.167 - - [20/Oct/2025:11:54:49 -0400] "POST /wp-login.php HTTP/2.0" 200 6947 "-" "Mozilla/5.0"
2a03:2880:f800:12:: - - [20/Oct/2025:11:54:48 -0400] "GET /ways-to-use-honey-for-oily-skin/ HTTP/2.0" 200 449843 "-" "meta-externalagent/1.1 (+https://developers.facebook.com/docs/sharing/webmasters/crawler)"
114.119.145.88 - - [20/Oct/2025:11:54:49 -0400] "GET /terms-of-use/?noamp=mobile& HTTP/2.0" 200 47399 "https://blushin.com/terms-of-use/?amp" "Mozilla/5.0 (Linux; Android 7.0;) AppleWebKit/537.36 (KHTML, like Gecko) Mobile Safari/537.36 (compatible; PetalBot;+https://webmaster.petalsearch.com/site/petalbot)"
62.171.130.174 - - [20/Oct/2025:11:54:54 -0400] "GET /wp-includes/class-wp-theme-json-data.php HTTP/2.0" 200 - "binance.com" "Mozilla/5.0 (Windows NT 10.0; Win64; x64) AppleWebKit/537.36 (KHTML, like Gecko) Chrome/90.0.4430.85 Safari/537.36"
159.89.165.4 - - [20/Oct/2025:11:54:54 -0400] "GET /wp-includes/ID3/ HTTP/2.0" 200 4042 "binance.com" "Mozilla/5.0 (Windows NT 10.0; Win64; x64) AppleWebKit/537.36 (KHTML, like Gecko) Chrome/90.0.4430.85 Safari/537.36"
159.89.165.4 - - [20/Oct/2025:11:55:05 -0400] "GET /wp-includes/ID3/ HTTP/2.0" 200 4042 "binance.com" "Mozilla/5.0 (Windows NT 10.0; Win64; x64) AppleWebKit/537.36 (KHTML, like Gecko) Chrome/90.0.4430.85 Safari/537.36"
62.171.130.174 - - [20/Oct/2025:11:55:09 -0400] "GET /wp-includes/class-wp-theme-json-resolver.php HTTP/2.0" 200 - "binance.com" "Mozilla/5.0 (Windows NT 10.0; Win64; x64) AppleWebKit/537.36 (KHTML, like Gecko) Chrome/90.0.4430.85 Safari/537.36"
2a03:2880:f800:24:: - - [20/Oct/2025:11:55:10 -0400] "GET /tag/side-effects-of-fairness-creams/ HTTP/2.0" 200 449843 "-" "meta-externalagent/1.1 (+https://developers.facebook.com/docs/sharing/webmasters/crawler)"
159.89.165.4 - - [20/Oct/2025:11:55:16 -0400] "GET /wp-includes/IXR/ HTTP/2.0" 200 2538 "binance.com" "Mozilla/5.0 (Windows NT 10.0; Win64; x64) AppleWebKit/537.36 (KHTML, like Gecko) Chrome/90.0.4430.85 Safari/537.36"
62.171.130.174 - - [20/Oct/2025:11:55:18 -0400] "GET /wp-includes/class-wp-theme-json-schema.php HTTP/2.0" 200 - "binance.com" "Mozilla/5.0 (Windows NT 10.0; Win64; x64) AppleWebKit/537.36 (KHTML, like Gecko) Chrome/90.0.4430.85 Safari/537.36"
216.73.216.143 - - [20/Oct/2025:11:55:17 -0400] "GET /tag/castor-oil-and-skin-lightening HTTP/2.0" 200 449843 "-" "Mozilla/5.0 AppleWebKit/537.36 (KHTML, like Gecko; compatible; ClaudeBot/1.0; [email protected])"
54.236.1.53 - - [20/Oct/2025:11:55:25 -0400] "GET /foods-to-cut-belly-fat/ HTTP/2.0" 200 449843 "-" "Mozilla/5.0 (compatible; Pinterestbot/1.0; +http://www.pinterest.com/bot.html)"
159.89.165.4 - - [20/Oct/2025:11:55:30 -0400] "GET /wp-includes/IXR/ HTTP/2.0" 200 2538 "binance.com" "Mozilla/5.0 (Windows NT 10.0; Win64; x64) AppleWebKit/537.36 (KHTML, like Gecko) Chrome/90.0.4430.85 Safari/537.36"
62.171.130.174 - - [20/Oct/2025:11:55:32 -0400] "GET /wp-includes/class-wp-theme-json.php HTTP/2.0" 200 - "binance.com" "Mozilla/5.0 (Windows NT 10.0; Win64; x64) AppleWebKit/537.36 (KHTML, like Gecko) Chrome/90.0.4430.85 Safari/537.36"
159.89.165.4 - - [20/Oct/2025:11:55:41 -0400] "GET /wp-includes/PHPMailer/ HTTP/2.0" 200 1182 "binance.com" "Mozilla/5.0 (Windows NT 10.0; Win64; x64) AppleWebKit/537.36 (KHTML, like Gecko) Chrome/90.0.4430.85 Safari/537.36"
62.171.130.174 - - [20/Oct/2025:11:55:42 -0400] "GET /wp-includes/class-wp-token-map.php HTTP/2.0" 200 - "binance.com" "Mozilla/5.0 (Windows NT 10.0; Win64; x64) AppleWebKit/537.36 (KHTML, like Gecko) Chrome/90.0.4430.85 Safari/537.36"
146.19.216.29 - - [20/Oct/2025:11:55:47 -0400] "POST /xmlrpc.php HTTP/2.0" 200 403 "https://blushin.com" "Mozilla/5.0 (Windows NT 10.0; Win64; x64) AppleWebKit/537.36 (KHTML, like Gecko) Chrome/113.0.5672.93 Safari/537.36"
62.171.130.174 - - [20/Oct/2025:11:55:52 -0400] "GET /wp-includes/class-wp-url-pattern-prefixer.php HTTP/2.0" 200 - "binance.com" "Mozilla/5.0 (Windows NT 10.0; Win64; x64) AppleWebKit/537.36 (KHTML, like Gecko) Chrome/90.0.4430.85 Safari/537.36"
159.89.165.4 - - [20/Oct/2025:11:55:53 -0400] "GET /wp-includes/PHPMailer/ HTTP/2.0" 200 1182 "binance.com" "Mozilla/5.0 (Windows NT 10.0; Win64; x64) AppleWebKit/537.36 (KHTML, like Gecko) Chrome/90.0.4430.85 Safari/537.36"
62.171.130.174 - - [20/Oct/2025:11:56:05 -0400] "GET /wp-includes/class-wpdb.php HTTP/2.0" 200 - "binance.com" "Mozilla/5.0 (Windows NT 10.0; Win64; x64) AppleWebKit/537.36 (KHTML, like Gecko) Chrome/90.0.4430.85 Safari/537.36"
159.89.165.4 - - [20/Oct/2025:11:56:06 -0400] "GET /wp-includes/Text/ HTTP/2.0" 200 1164 "binance.com" "Mozilla/5.0 (Windows NT 10.0; Win64; x64) AppleWebKit/537.36 (KHTML, like Gecko) Chrome/90.0.4430.85 Safari/537.36"
114.119.145.88 - - [20/Oct/2025:11:56:13 -0400] "GET /tag/yoga-abdominal-exercises/ HTTP/2.0" 200 48900 "https://blushin.com/fitness-secret-shilpa-shetty-practices-these-yoga-poses-to-get-a-perfect-figure/?noamp=mobile&" "Mozilla/5.0 (Linux; Android 7.0;) AppleWebKit/537.36 (KHTML, like Gecko) Mobile Safari/537.36 (compatible; PetalBot;+https://webmaster.petalsearch.com/site/petalbot)"
62.171.130.174 - - [20/Oct/2025:11:56:15 -0400] "GET /wp-includes/fonts.php HTTP/2.0" 200 - "binance.com" "Mozilla/5.0 (Windows NT 10.0; Win64; x64) AppleWebKit/537.36 (KHTML, like Gecko) Chrome/90.0.4430.85 Safari/537.36"
159.89.165.4 - - [20/Oct/2025:11:56:16 -0400] "GET /wp-includes/Text/ HTTP/2.0" 200 1164 "binance.com" "Mozilla/5.0 (Windows NT 10.0; Win64; x64) AppleWebKit/537.36 (KHTML, like Gecko) Chrome/90.0.4430.85 Safari/537.36"
62.171.130.174 - - [20/Oct/2025:11:56:24 -0400] "GET /wp-includes/global-styles-and-settings.php HTTP/2.0" 200 - "binance.com" "Mozilla/5.0 (Windows NT 10.0; Win64; x64) AppleWebKit/537.36 (KHTML, like Gecko) Chrome/90.0.4430.85 Safari/537.36"
159.89.165.4 - - [20/Oct/2025:11:56:28 -0400] "GET /wp-includes/Text/Diff/ HTTP/2.0" 200 1181 "binance.com" "Mozilla/5.0 (Windows NT 10.0; Win64; x64) AppleWebKit/537.36 (KHTML, like Gecko) Chrome/90.0.4430.85 Safari/537.36"
62.171.130.174 - - [20/Oct/2025:11:56:36 -0400] "GET /wp-includes/https-detection.php HTTP/2.0" 200 - "binance.com" "Mozilla/5.0 (Windows NT 10.0; Win64; x64) AppleWebKit/537.36 (KHTML, like Gecko) Chrome/90.0.4430.85 Safari/537.36"
2a03:2880:f800:21:: - - [20/Oct/2025:11:56:37 -0400] "GET /tag/is-it-safe-to-drink-jaljeera-during-pregnancy/ HTTP/2.0" 200 449843 "-" "meta-externalagent/1.1 (+https://developers.facebook.com/docs/sharing/webmasters/crawler)"
2a03:2880:f800:15:: - - [20/Oct/2025:11:56:39 -0400] "GET /tag/mustard-oil-on-face-overnight/ HTTP/2.0" 200 449843 "-" "meta-externalagent/1.1 (+https://developers.facebook.com/docs/sharing/webmasters/crawler)"
62.171.130.174 - - [20/Oct/2025:11:56:44 -0400] "GET /wp-includes/https-migration.php HTTP/2.0" 200 - "binance.com" "Mozilla/5.0 (Windows NT 10.0; Win64; x64) AppleWebKit/537.36 (KHTML, like Gecko) Chrome/90.0.4430.85 Safari/537.36"
159.89.165.4 - - [20/Oct/2025:11:56:44 -0400] "GET /wp-includes/Text/Diff/ HTTP/2.0" 200 1181 "binance.com" "Mozilla/5.0 (Windows NT 10.0; Win64; x64) AppleWebKit/537.36 (KHTML, like Gecko) Chrome/90.0.4430.85 Safari/537.36"
20.193.135.142 - - [20/Oct/2025:11:56:54 -0400] "POST /wp-login.php HTTP/2.0" 200 6907 "-" "Mozilla/5.0"
20.193.135.142 - - [20/Oct/2025:11:56:54 -0400] "POST /wp-login.php HTTP/2.0" 200 6943 "-" "Mozilla/5.0"
20.193.135.142 - - [20/Oct/2025:11:56:54 -0400] "POST /wp-login.php HTTP/2.0" 200 6947 "-" "Mozilla/5.0"
20.193.135.142 - - [20/Oct/2025:11:56:54 -0400] "POST /wp-login.php HTTP/2.0" 200 6941 "-" "Mozilla/5.0"
159.89.165.4 - - [20/Oct/2025:11:56:57 -0400] "GET /wp-includes/Text/Diff/Engine/ HTTP/2.0" 200 1378 "binance.com" "Mozilla/5.0 (Windows NT 10.0; Win64; x64) AppleWebKit/537.36 (KHTML, like Gecko) Chrome/90.0.4430.85 Safari/537.36"
62.171.130.174 - - [20/Oct/2025:11:56:58 -0400] "GET /wp-includes/robots-template.php HTTP/2.0" 200 - "binance.com" "Mozilla/5.0 (Windows NT 10.0; Win64; x64) AppleWebKit/537.36 (KHTML, like Gecko) Chrome/90.0.4430.85 Safari/537.36"
2a03:2880:f800:e:: - - [20/Oct/2025:11:56:58 -0400] "GET /tag/white-matar-chaat-recipe-in-hindi/ HTTP/2.0" 200 449843 "-" "meta-externalagent/1.1 (+https://developers.facebook.com/docs/sharing/webmasters/crawler)"
159.89.165.4 - - [20/Oct/2025:11:57:10 -0400] "GET /wp-includes/Text/Diff/Engine/ HTTP/2.0" 200 1378 "binance.com" "Mozilla/5.0 (Windows NT 10.0; Win64; x64) AppleWebKit/537.36 (KHTML, like Gecko) Chrome/90.0.4430.85 Safari/537.36"
62.171.130.174 - - [20/Oct/2025:11:57:17 -0400] "GET /wp-includes/script-modules.php HTTP/2.0" 200 - "binance.com" "Mozilla/5.0 (Windows NT 10.0; Win64; x64) AppleWebKit/537.36 (KHTML, like Gecko) Chrome/90.0.4430.85 Safari/537.36"
17.246.15.189 - - [20/Oct/2025:11:57:17 -0400] "GET /gram-flour-or-sattu/ HTTP/2.0" 200 449843 "-" "Mozilla/5.0 (Macintosh; Intel Mac OS X 10_15_7) AppleWebKit/605.1.15 (KHTML, like Gecko) Version/17.4 Safari/605.1.15 (Applebot/0.1; +http://www.apple.com/go/applebot)"
191.7.203.114 - - [20/Oct/2025:11:57:21 -0400] "GET /?channel=6adf2a&from=product.php%3Fid%3D612416-560&l=2945361241600&name=%E3%80%90%E4%B8%AD%E5%8F%A4%E3%80%91%E3%82%B7%E3%82%B0%E3%83%9E%28Sigma%29+SIGMA+%E3%82%B7%E3%82%B0%E3%83%9E+Sony+E%E3%83%9E%E3%82%A6%E3%83%B3%E3%83%88+%E3%83%AC%E3%83%B3%E3%82%BA+20mm+F1.4+DG+DN+%E5%8D%98%E7%84%A6%E7%82%B9+%E5%BA%83%E8%A7%92+%E3%83%95%E3%83%AB%E3%82%B5%E3%82%A4%E3%82%BA+Art%E3%83%9F%E3%83%A9%E3%83%BC%E3%83%AC%E3%82%B9%E5%B0%82%E7%94%A8 HTTP/2.0" 404 181138 "-" "Mozilla/5.0 (Macintosh; Intel Mac OS X 10_15_3) AppleWebKit/537.36 (KHTML, like Gecko) Brave Chrome/80.0.3987.87 Safari/537.36"
2a03:2880:f800:3a:: - - [20/Oct/2025:11:57:21 -0400] "GET /best-face-washes-for-fair-and-glowing-skin/ HTTP/2.0" 200 449843 "-" "meta-externalagent/1.1 (+https://developers.facebook.com/docs/sharing/webmasters/crawler)"
159.89.165.4 - - [20/Oct/2025:11:57:24 -0400] "GET /wp-includes/Text/Diff/Renderer/ HTTP/2.0" 200 850 "binance.com" "Mozilla/5.0 (Windows NT 10.0; Win64; x64) AppleWebKit/537.36 (KHTML, like Gecko) Chrome/90.0.4430.85 Safari/537.36"
2a03:2880:f800:43:: - - [20/Oct/2025:11:57:24 -0400] "GET /tag/9-manifestations-of-maa-durga/ HTTP/2.0" 200 449843 "-" "meta-externalagent/1.1 (+https://developers.facebook.com/docs/sharing/webmasters/crawler)"
2a03:2880:f800:29:: - - [20/Oct/2025:11:57:25 -0400] "GET /tag/coconut-oil-for-blackheads/ HTTP/2.0" 200 449843 "-" "meta-externalagent/1.1 (+https://developers.facebook.com/docs/sharing/webmasters/crawler)"
62.171.130.174 - - [20/Oct/2025:11:57:31 -0400] "GET /wp-includes/speculative-loading.php HTTP/2.0" 200 - "binance.com" "Mozilla/5.0 (Windows NT 10.0; Win64; x64) AppleWebKit/537.36 (KHTML, like Gecko) Chrome/90.0.4430.85 Safari/537.36"
159.89.165.4 - - [20/Oct/2025:11:57:37 -0400] "GET /wp-includes/Text/Diff/Renderer/ HTTP/2.0" 200 850 "binance.com" "Mozilla/5.0 (Windows NT 10.0; Win64; x64) AppleWebKit/537.36 (KHTML, like Gecko) Chrome/90.0.4430.85 Safari/537.36"
114.119.140.79 - - [20/Oct/2025:11:57:36 -0400] "GET /tag/wedding-photography-checklist-printable/ HTTP/2.0" 200 48662 "https://blushin.com/how-to-choose-the-best-wedding-photographer-for-your-special-day/?noamp=mobile&" "Mozilla/5.0 (Linux; Android 7.0;) AppleWebKit/537.36 (KHTML, like Gecko) Mobile Safari/537.36 (compatible; PetalBot;+https://webmaster.petalsearch.com/site/petalbot)"
159.89.165.4 - - [20/Oct/2025:11:57:47 -0400] "GET /wp-includes/blocks/ HTTP/2.0" 200 2 "binance.com" "Mozilla/5.0 (Windows NT 10.0; Win64; x64) AppleWebKit/537.36 (KHTML, like Gecko) Chrome/90.0.4430.85 Safari/537.36"
62.171.130.174 - - [20/Oct/2025:11:57:48 -0400] "GET /wp-includes/style-engine.php HTTP/2.0" 200 - "binance.com" "Mozilla/5.0 (Windows NT 10.0; Win64; x64) AppleWebKit/537.36 (KHTML, like Gecko) Chrome/90.0.4430.85 Safari/537.36"
159.89.165.4 - - [20/Oct/2025:11:57:57 -0400] "GET /wp-includes/pomo/ HTTP/2.0" 200 1706 "binance.com" "Mozilla/5.0 (Windows NT 10.0; Win64; x64) AppleWebKit/537.36 (KHTML, like Gecko) Chrome/90.0.4430.85 Safari/537.36"
62.171.130.174 - - [20/Oct/2025:11:58:03 -0400] "GET /wp-includes/template-canvas.php HTTP/2.0" 500 - "binance.com" "Mozilla/5.0 (Windows NT 10.0; Win64; x64) AppleWebKit/537.36 (KHTML, like Gecko) Chrome/90.0.4430.85 Safari/537.36"
159.89.165.4 - - [20/Oct/2025:11:58:09 -0400] "GET /wp-includes/pomo/ HTTP/2.0" 200 1706 "binance.com" "Mozilla/5.0 (Windows NT 10.0; Win64; x64) AppleWebKit/537.36 (KHTML, like Gecko) Chrome/90.0.4430.85 Safari/537.36"
62.171.130.174 - - [20/Oct/2025:11:58:18 -0400] "GET /wp-includes/theme-previews.php HTTP/2.0" 200 - "binance.com" "Mozilla/5.0 (Windows NT 10.0; Win64; x64) AppleWebKit/537.36 (KHTML, like Gecko) Chrome/90.0.4430.85 Safari/537.36"
159.89.165.4 - - [20/Oct/2025:11:58:22 -0400] "GET /wp-includes/sitemaps/ HTTP/2.0" 200 2013 "binance.com" "Mozilla/5.0 (Windows NT 10.0; Win64; x64) AppleWebKit/537.36 (KHTML, like Gecko) Chrome/90.0.4430.85 Safari/537.36"
2a03:2880:f800:44:: - - [20/Oct/2025:11:58:25 -0400] "GET /tag/mustard-oil-on-face-overnight/ HTTP/2.0" 200 449843 "-" "meta-externalagent/1.1 (+https://developers.facebook.com/docs/sharing/webmasters/crawler)"
2a03:2880:f800:8:: - - [20/Oct/2025:11:58:28 -0400] "GET /tag/is-it-safe-to-drink-jaljeera-during-pregnancy/ HTTP/2.0" 200 449843 "-" "meta-externalagent/1.1 (+https://developers.facebook.com/docs/sharing/webmasters/crawler)"
15.235.27.115 - - [20/Oct/2025:11:58:29 -0400] "GET /wp-sitemap.xml HTTP/2.0" 200 2567 "-" "Mozilla/5.0 (compatible; AhrefsBot/7.0; +http://ahrefs.com/robot/)"
40.77.167.151 - - [20/Oct/2025:11:58:30 -0400] "GET /tag/get-rid-of-prickly-heat-this-summer/ HTTP/2.0" 200 449843 "-" "Mozilla/5.0 AppleWebKit/537.36 (KHTML, like Gecko; compatible; bingbot/2.0; +http://www.bing.com/bingbot.htm) Chrome/116.0.1938.76 Safari/537.36"
62.171.130.174 - - [20/Oct/2025:11:58:32 -0400] "GET /wp-includes/theme-templates.php HTTP/2.0" 200 - "binance.com" "Mozilla/5.0 (Windows NT 10.0; Win64; x64) AppleWebKit/537.36 (KHTML, like Gecko) Chrome/90.0.4430.85 Safari/537.36"
167.114.139.206 - - [20/Oct/2025:11:58:32 -0400] "GET /wp-sitemap-posts-post-1.xml HTTP/2.0" 200 264870 "-" "Mozilla/5.0 (compatible; AhrefsBot/7.0; +http://ahrefs.com/robot/)"
159.89.165.4 - - [20/Oct/2025:11:58:35 -0400] "GET /wp-includes/sitemaps/ HTTP/2.0" 200 2013 "binance.com" "Mozilla/5.0 (Windows NT 10.0; Win64; x64) AppleWebKit/537.36 (KHTML, like Gecko) Chrome/90.0.4430.85 Safari/537.36"
54.39.89.116 - - [20/Oct/2025:11:58:36 -0400] "GET /wp-sitemap-posts-post-2.xml HTTP/2.0" 200 257781 "-" "Mozilla/5.0 (compatible; AhrefsBot/7.0; +http://ahrefs.com/robot/)"
167.250.148.80 - - [20/Oct/2025:11:58:38 -0400] "GET /canl-casino-oyunlarnn-yukselii-ve-gelecei-15/ HTTP/2.0" 200 299355 "-" "Mozilla/5.0 (Macintosh; Intel Mac OS X 10_11_6) AppleWebKit/537.36 (KHTML, like Gecko) Chrome/97.0.4692.99 Safari/537.36"
54.39.203.105 - - [20/Oct/2025:11:58:39 -0400] "GET /wp-sitemap-posts-post-3.xml HTTP/2.0" 200 232350 "-" "Mozilla/5.0 (compatible; AhrefsBot/7.0; +http://ahrefs.com/robot/)"
62.171.130.174 - - [20/Oct/2025:11:58:44 -0400] "GET /wp-includes/wp-blog-header.php HTTP/2.0" 200 - "binance.com" "Mozilla/5.0 (Windows NT 10.0; Win64; x64) AppleWebKit/537.36 (KHTML, like Gecko) Chrome/90.0.4430.85 Safari/537.36"
159.89.165.4 - - [20/Oct/2025:11:58:45 -0400] "GET /wp-includes/sitemaps/providers/ HTTP/2.0" 200 1270 "binance.com" "Mozilla/5.0 (Windows NT 10.0; Win64; x64) AppleWebKit/537.36 (KHTML, like Gecko) Chrome/90.0.4430.85 Safari/537.36"
159.89.165.4 - - [20/Oct/2025:11:58:53 -0400] "GET /wp-includes/sitemaps/providers/ HTTP/2.0" 200 1270 "binance.com" "Mozilla/5.0 (Windows NT 10.0; Win64; x64) AppleWebKit/537.36 (KHTML, like Gecko) Chrome/90.0.4430.85 Safari/537.36"
2a03:2880:f800:2e:: - - [20/Oct/2025:11:58:53 -0400] "GET /tag/sridevis-airport-style-with-gucci-belt/ HTTP/2.0" 200 449843 "-" "meta-externalagent/1.1 (+https://developers.facebook.com/docs/sharing/webmasters/crawler)"
62.171.130.174 - - [20/Oct/2025:11:58:58 -0400] "GET /wp-includes/wp-cron.php HTTP/2.0" 200 - "binance.com" "Mozilla/5.0 (Windows NT 10.0; Win64; x64) AppleWebKit/537.36 (KHTML, like Gecko) Chrome/90.0.4430.85 Safari/537.36"
114.119.153.220 - - [20/Oct/2025:11:59:01 -0400] "GET /tag/ways-to-get-thicker-eyebrows/ HTTP/2.0" 200 48531 "https://blushin.com/thicker-eyebrows/" "Mozilla/5.0 (Linux; Android 7.0;) AppleWebKit/537.36 (KHTML, like Gecko) Mobile Safari/537.36 (compatible; PetalBot;+https://webmaster.petalsearch.com/site/petalbot)"
159.89.165.4 - - [20/Oct/2025:11:59:03 -0400] "GET /wp-includes/widgets/ HTTP/2.0" 200 4621 "binance.com" "Mozilla/5.0 (Windows NT 10.0; Win64; x64) AppleWebKit/537.36 (KHTML, like Gecko) Chrome/90.0.4430.85 Safari/537.36"
5.189.148.15 - - [20/Oct/2025:11:59:13 -0400] "POST /wp-login.php HTTP/2.0" 200 6947 "-" "Mozilla/5.0"
5.189.148.15 - - [20/Oct/2025:11:59:13 -0400] "POST /wp-login.php HTTP/2.0" 200 6907 "-" "Mozilla/5.0"
5.189.148.15 - - [20/Oct/2025:11:59:13 -0400] "POST /wp-login.php HTTP/2.0" 200 6943 "-" "Mozilla/5.0"
5.189.148.15 - - [20/Oct/2025:11:59:13 -0400] "POST /wp-login.php HTTP/2.0" 200 6941 "-" "Mozilla/5.0"
15.235.96.142 - - [20/Oct/2025:11:59:13 -0400] "GET /wp-sitemap-posts-post-4.xml HTTP/2.0" 200 88241 "-" "Mozilla/5.0 (compatible; AhrefsBot/7.0; +http://ahrefs.com/robot/)"
62.171.130.174 - - [20/Oct/2025:11:59:15 -0400] "GET /wp-includes/ID3/ HTTP/2.0" 200 4042 "binance.com" "Mozilla/5.0 (Windows NT 10.0; Win64; x64) AppleWebKit/537.36 (KHTML, like Gecko) Chrome/90.0.4430.85 Safari/537.36"
54.39.203.143 - - [20/Oct/2025:11:59:17 -0400] "GET /wp-sitemap-posts-page-1.xml HTTP/2.0" 200 3363 "-" "Mozilla/5.0 (compatible; AhrefsBot/7.0; +http://ahrefs.com/robot/)"
159.89.165.4 - - [20/Oct/2025:11:59:18 -0400] "GET /wp-includes/widgets/ HTTP/2.0" 200 4621 "binance.com" "Mozilla/5.0 (Windows NT 10.0; Win64; x64) AppleWebKit/537.36 (KHTML, like Gecko) Chrome/90.0.4430.85 Safari/537.36"
2a03:2880:f800:18:: - - [20/Oct/2025:11:59:16 -0400] "GET /tag/indian-celebrity-beauty-secrets/ HTTP/2.0" 200 449843 "-" "meta-externalagent/1.1 (+https://developers.facebook.com/docs/sharing/webmasters/crawler)"
62.171.130.174 - - [20/Oct/2025:11:59:24 -0400] "GET /wp-includes/ID3/ HTTP/2.0" 200 4042 "binance.com" "Mozilla/5.0 (Windows NT 10.0; Win64; x64) AppleWebKit/537.36 (KHTML, like Gecko) Chrome/90.0.4430.85 Safari/537.36"
159.89.165.4 - - [20/Oct/2025:11:59:26 -0400] "GET /wp-includes/widgets/class-wp-widget-block.php HTTP/2.0" 500 - "binance.com" "Mozilla/5.0 (Windows NT 10.0; Win64; x64) AppleWebKit/537.36 (KHTML, like Gecko) Chrome/90.0.4430.85 Safari/537.36"
51.222.95.0 - - [20/Oct/2025:11:59:29 -0400] "GET /wp-sitemap-posts-tdb_templates-1.xml HTTP/2.0" 200 1243 "-" "Mozilla/5.0 (compatible; AhrefsBot/7.0; +http://ahrefs.com/robot/)"
54.39.210.63 - - [20/Oct/2025:11:59:31 -0400] "GET /wp-sitemap-taxonomies-category-1.xml HTTP/2.0" 200 64693 "-" "Mozilla/5.0 (compatible; AhrefsBot/7.0; +http://ahrefs.com/robot/)"
2a03:2880:f800:11:: - - [20/Oct/2025:11:59:32 -0400] "GET /tag/sushmita-sen-and-alishah/ HTTP/2.0" 200 449843 "-" "meta-externalagent/1.1 (+https://developers.facebook.com/docs/sharing/webmasters/crawler)"
2a03:2880:f800:7:: - - [20/Oct/2025:11:59:35 -0400] "GET /tag/sonali-bendre/ HTTP/2.0" 200 449843 "-" "meta-externalagent/1.1 (+https://developers.facebook.com/docs/sharing/webmasters/crawler)"
159.89.165.4 - - [20/Oct/2025:11:59:37 -0400] "GET /wp-includes/css/ HTTP/2.0" 200 8735 "binance.com" "Mozilla/5.0 (Windows NT 10.0; Win64; x64) AppleWebKit/537.36 (KHTML, like Gecko) Chrome/90.0.4430.85 Safari/537.36"
62.171.130.174 - - [20/Oct/2025:11:59:39 -0400] "GET /wp-includes/IXR/ HTTP/2.0" 200 2538 "binance.com" "Mozilla/5.0 (Windows NT 10.0; Win64; x64) AppleWebKit/537.36 (KHTML, like Gecko) Chrome/90.0.4430.85 Safari/537.36"
51.161.65.192 - - [20/Oct/2025:11:59:42 -0400] "GET /wp-sitemap-taxonomies-post_tag-1.xml HTTP/2.0" 200 133892 "-" "Mozilla/5.0 (compatible; AhrefsBot/7.0; +http://ahrefs.com/robot/)"
62.171.130.174 - - [20/Oct/2025:11:59:47 -0400] "GET /wp-includes/IXR/ HTTP/2.0" 200 2538 "binance.com" "Mozilla/5.0 (Windows NT 10.0; Win64; x64) AppleWebKit/537.36 (KHTML, like Gecko) Chrome/90.0.4430.85 Safari/537.36"
142.44.228.210 - - [20/Oct/2025:11:59:46 -0400] "GET /wp-sitemap-taxonomies-post_tag-2.xml HTTP/2.0" 200 134444 "-" "Mozilla/5.0 (compatible; AhrefsBot/7.0; +http://ahrefs.com/robot/)"
159.89.165.4 - - [20/Oct/2025:11:59:51 -0400] "GET /wp-includes/css/dist/ HTTP/2.0" 200 3708 "binance.com" "Mozilla/5.0 (Windows NT 10.0; Win64; x64) AppleWebKit/537.36 (KHTML, like Gecko) Chrome/90.0.4430.85 Safari/537.36"
54.39.136.81 - - [20/Oct/2025:11:59:50 -0400] "GET /wp-sitemap-taxonomies-post_tag-3.xml HTTP/2.0" 200 128777 "-" "Mozilla/5.0 (compatible; AhrefsBot/7.0; +http://ahrefs.com/robot/)"
62.171.130.174 - - [20/Oct/2025:11:59:54 -0400] "GET /wp-includes/PHPMailer/ HTTP/2.0" 200 1182 "binance.com" "Mozilla/5.0 (Windows NT 10.0; Win64; x64) AppleWebKit/537.36 (KHTML, like Gecko) Chrome/90.0.4430.85 Safari/537.36"
54.39.136.49 - - [20/Oct/2025:11:59:53 -0400] "GET /wp-sitemap-taxonomies-post_tag-4.xml HTTP/2.0" 200 129369 "-" "Mozilla/5.0 (compatible; AhrefsBot/7.0; +http://ahrefs.com/robot/)"
62.171.130.174 - - [20/Oct/2025:12:00:05 -0400] "GET /wp-includes/PHPMailer/ HTTP/2.0" 200 1182 "binance.com" "Mozilla/5.0 (Windows NT 10.0; Win64; x64) AppleWebKit/537.36 (KHTML, like Gecko) Chrome/90.0.4430.85 Safari/537.36"
159.89.165.4 - - [20/Oct/2025:12:00:06 -0400] "GET /wp-includes/fonts/ HTTP/2.0" 200 2522 "binance.com" "Mozilla/5.0 (Windows NT 10.0; Win64; x64) AppleWebKit/537.36 (KHTML, like Gecko) Chrome/90.0.4430.85 Safari/537.36"
2a03:2880:f800:37:: - - [20/Oct/2025:12:00:05 -0400] "GET /tag/natural-makeup-look-for-brown-skin/ HTTP/2.0" 200 449843 "-" "meta-externalagent/1.1 (+https://developers.facebook.com/docs/sharing/webmasters/crawler)"
159.89.165.4 - - [20/Oct/2025:12:00:17 -0400] "GET /wp-includes/fonts/ HTTP/2.0" 200 2522 "binance.com" "Mozilla/5.0 (Windows NT 10.0; Win64; x64) AppleWebKit/537.36 (KHTML, like Gecko) Chrome/90.0.4430.85 Safari/537.36"
62.171.130.174 - - [20/Oct/2025:12:00:18 -0400] "GET /wp-includes/Text/ HTTP/2.0" 200 1164 "binance.com" "Mozilla/5.0 (Windows NT 10.0; Win64; x64) AppleWebKit/537.36 (KHTML, like Gecko) Chrome/90.0.4430.85 Safari/537.36"
114.119.158.193 - - [20/Oct/2025:12:00:24 -0400] "GET /tag/post-holi-meaning/ HTTP/2.0" 200 48418 "https://blushin.com/8-effective-ways-take-care-skin-holi/" "Mozilla/5.0 (Linux; Android 7.0;) AppleWebKit/537.36 (KHTML, like Gecko) Mobile Safari/537.36 (compatible; PetalBot;+https://webmaster.petalsearch.com/site/petalbot)"
62.171.130.174 - - [20/Oct/2025:12:00:27 -0400] "GET /wp-includes/Text/ HTTP/2.0" 200 1164 "binance.com" "Mozilla/5.0 (Windows NT 10.0; Win64; x64) AppleWebKit/537.36 (KHTML, like Gecko) Chrome/90.0.4430.85 Safari/537.36"
