196.251.86.68 - - [20/Oct/2025:10:59:54 -0400] "POST //xmlrpc.php HTTP/2.0" 200 401 "-" "Mozilla/5.0 (Windows NT 10.0; Win64; x64) AppleWebKit/537.36 (KHTML, like Gecko) Chrome/80.0.3987.149 Safari/537.36"
57.159.29.167 - - [20/Oct/2025:10:59:54 -0400] "POST /wp-login.php HTTP/2.0" 200 6941 "-" "Mozilla/5.0"
196.251.86.68 - - [20/Oct/2025:10:59:55 -0400] "POST //xmlrpc.php HTTP/2.0" 200 401 "-" "Mozilla/5.0 (Windows NT 10.0; Win64; x64) AppleWebKit/537.36 (KHTML, like Gecko) Chrome/80.0.3987.149 Safari/537.36"
196.251.86.68 - - [20/Oct/2025:10:59:56 -0400] "POST //xmlrpc.php HTTP/2.0" 200 401 "-" "Mozilla/5.0 (Windows NT 10.0; Win64; x64) AppleWebKit/537.36 (KHTML, like Gecko) Chrome/80.0.3987.149 Safari/537.36"
196.251.86.68 - - [20/Oct/2025:10:59:56 -0400] "POST //xmlrpc.php HTTP/2.0" 200 401 "-" "Mozilla/5.0 (Windows NT 10.0; Win64; x64) AppleWebKit/537.36 (KHTML, like Gecko) Chrome/80.0.3987.149 Safari/537.36"
196.251.86.68 - - [20/Oct/2025:10:59:57 -0400] "POST //xmlrpc.php HTTP/2.0" 200 401 "-" "Mozilla/5.0 (Windows NT 10.0; Win64; x64) AppleWebKit/537.36 (KHTML, like Gecko) Chrome/80.0.3987.149 Safari/537.36"
196.251.86.68 - - [20/Oct/2025:10:59:57 -0400] "POST //xmlrpc.php HTTP/2.0" 200 401 "-" "Mozilla/5.0 (Windows NT 10.0; Win64; x64) AppleWebKit/537.36 (KHTML, like Gecko) Chrome/80.0.3987.149 Safari/537.36"
196.251.86.68 - - [20/Oct/2025:10:59:58 -0400] "POST //xmlrpc.php HTTP/2.0" 200 401 "-" "Mozilla/5.0 (Windows NT 10.0; Win64; x64) AppleWebKit/537.36 (KHTML, like Gecko) Chrome/80.0.3987.149 Safari/537.36"
196.251.86.68 - - [20/Oct/2025:10:59:58 -0400] "POST //xmlrpc.php HTTP/2.0" 200 401 "-" "Mozilla/5.0 (Windows NT 10.0; Win64; x64) AppleWebKit/537.36 (KHTML, like Gecko) Chrome/80.0.3987.149 Safari/537.36"
196.251.86.68 - - [20/Oct/2025:10:59:59 -0400] "POST //xmlrpc.php HTTP/2.0" 200 401 "-" "Mozilla/5.0 (Windows NT 10.0; Win64; x64) AppleWebKit/537.36 (KHTML, like Gecko) Chrome/80.0.3987.149 Safari/537.36"
196.251.86.68 - - [20/Oct/2025:10:59:59 -0400] "POST //xmlrpc.php HTTP/2.0" 200 401 "-" "Mozilla/5.0 (Windows NT 10.0; Win64; x64) AppleWebKit/537.36 (KHTML, like Gecko) Chrome/80.0.3987.149 Safari/537.36"
196.251.86.68 - - [20/Oct/2025:11:00:00 -0400] "POST //xmlrpc.php HTTP/2.0" 200 401 "-" "Mozilla/5.0 (Windows NT 10.0; Win64; x64) AppleWebKit/537.36 (KHTML, like Gecko) Chrome/80.0.3987.149 Safari/537.36"
196.251.86.68 - - [20/Oct/2025:11:00:01 -0400] "POST //xmlrpc.php HTTP/2.0" 200 401 "-" "Mozilla/5.0 (Windows NT 10.0; Win64; x64) AppleWebKit/537.36 (KHTML, like Gecko) Chrome/80.0.3987.149 Safari/537.36"
196.251.86.68 - - [20/Oct/2025:11:00:01 -0400] "POST //xmlrpc.php HTTP/2.0" 200 401 "-" "Mozilla/5.0 (Windows NT 10.0; Win64; x64) AppleWebKit/537.36 (KHTML, like Gecko) Chrome/80.0.3987.149 Safari/537.36"
196.251.86.68 - - [20/Oct/2025:11:00:02 -0400] "POST //xmlrpc.php HTTP/2.0" 200 401 "-" "Mozilla/5.0 (Windows NT 10.0; Win64; x64) AppleWebKit/537.36 (KHTML, like Gecko) Chrome/80.0.3987.149 Safari/537.36"
196.251.86.68 - - [20/Oct/2025:11:00:03 -0400] "POST //xmlrpc.php HTTP/2.0" 200 401 "-" "Mozilla/5.0 (Windows NT 10.0; Win64; x64) AppleWebKit/537.36 (KHTML, like Gecko) Chrome/80.0.3987.149 Safari/537.36"
196.251.86.68 - - [20/Oct/2025:11:00:03 -0400] "POST //xmlrpc.php HTTP/2.0" 200 401 "-" "Mozilla/5.0 (Windows NT 10.0; Win64; x64) AppleWebKit/537.36 (KHTML, like Gecko) Chrome/80.0.3987.149 Safari/537.36"
196.251.86.68 - - [20/Oct/2025:11:00:04 -0400] "POST //xmlrpc.php HTTP/2.0" 200 401 "-" "Mozilla/5.0 (Windows NT 10.0; Win64; x64) AppleWebKit/537.36 (KHTML, like Gecko) Chrome/80.0.3987.149 Safari/537.36"
196.251.86.68 - - [20/Oct/2025:11:00:04 -0400] "POST //xmlrpc.php HTTP/2.0" 200 401 "-" "Mozilla/5.0 (Windows NT 10.0; Win64; x64) AppleWebKit/537.36 (KHTML, like Gecko) Chrome/80.0.3987.149 Safari/537.36"
196.251.86.68 - - [20/Oct/2025:11:00:05 -0400] "POST //xmlrpc.php HTTP/2.0" 200 401 "-" "Mozilla/5.0 (Windows NT 10.0; Win64; x64) AppleWebKit/537.36 (KHTML, like Gecko) Chrome/80.0.3987.149 Safari/537.36"
196.251.86.68 - - [20/Oct/2025:11:00:05 -0400] "POST //xmlrpc.php HTTP/2.0" 200 401 "-" "Mozilla/5.0 (Windows NT 10.0; Win64; x64) AppleWebKit/537.36 (KHTML, like Gecko) Chrome/80.0.3987.149 Safari/537.36"
196.251.86.68 - - [20/Oct/2025:11:00:06 -0400] "POST //xmlrpc.php HTTP/2.0" 200 401 "-" "Mozilla/5.0 (Windows NT 10.0; Win64; x64) AppleWebKit/537.36 (KHTML, like Gecko) Chrome/80.0.3987.149 Safari/537.36"
196.251.86.68 - - [20/Oct/2025:11:00:06 -0400] "POST //xmlrpc.php HTTP/2.0" 200 401 "-" "Mozilla/5.0 (Windows NT 10.0; Win64; x64) AppleWebKit/537.36 (KHTML, like Gecko) Chrome/80.0.3987.149 Safari/537.36"
196.251.86.68 - - [20/Oct/2025:11:00:07 -0400] "POST //xmlrpc.php HTTP/2.0" 200 401 "-" "Mozilla/5.0 (Windows NT 10.0; Win64; x64) AppleWebKit/537.36 (KHTML, like Gecko) Chrome/80.0.3987.149 Safari/537.36"
196.251.86.68 - - [20/Oct/2025:11:00:07 -0400] "POST //xmlrpc.php HTTP/2.0" 200 401 "-" "Mozilla/5.0 (Windows NT 10.0; Win64; x64) AppleWebKit/537.36 (KHTML, like Gecko) Chrome/80.0.3987.149 Safari/537.36"
196.251.86.68 - - [20/Oct/2025:11:00:08 -0400] "POST //xmlrpc.php HTTP/2.0" 200 401 "-" "Mozilla/5.0 (Windows NT 10.0; Win64; x64) AppleWebKit/537.36 (KHTML, like Gecko) Chrome/80.0.3987.149 Safari/537.36"
196.251.86.68 - - [20/Oct/2025:11:00:08 -0400] "POST //xmlrpc.php HTTP/2.0" 200 401 "-" "Mozilla/5.0 (Windows NT 10.0; Win64; x64) AppleWebKit/537.36 (KHTML, like Gecko) Chrome/80.0.3987.149 Safari/537.36"
201.33.174.128 - - [20/Oct/2025:11:00:07 -0400] "GET /777-slot-game-481/ HTTP/2.0" 200 312503 "-" "Mozilla/5.0 (Windows NT 6.1; Win64; x64) AppleWebKit/537.36 (KHTML, like Gecko) Chrome/96.0.4664.110 Safari/537.36"
196.251.86.68 - - [20/Oct/2025:11:00:09 -0400] "POST //xmlrpc.php HTTP/2.0" 200 401 "-" "Mozilla/5.0 (Windows NT 10.0; Win64; x64) AppleWebKit/537.36 (KHTML, like Gecko) Chrome/80.0.3987.149 Safari/537.36"
196.251.86.68 - - [20/Oct/2025:11:00:10 -0400] "POST //xmlrpc.php HTTP/2.0" 200 401 "-" "Mozilla/5.0 (Windows NT 10.0; Win64; x64) AppleWebKit/537.36 (KHTML, like Gecko) Chrome/80.0.3987.149 Safari/537.36"
196.251.86.68 - - [20/Oct/2025:11:00:10 -0400] "POST //xmlrpc.php HTTP/2.0" 200 401 "-" "Mozilla/5.0 (Windows NT 10.0; Win64; x64) AppleWebKit/537.36 (KHTML, like Gecko) Chrome/80.0.3987.149 Safari/537.36"
196.251.86.68 - - [20/Oct/2025:11:00:11 -0400] "POST //xmlrpc.php HTTP/2.0" 200 401 "-" "Mozilla/5.0 (Windows NT 10.0; Win64; x64) AppleWebKit/537.36 (KHTML, like Gecko) Chrome/80.0.3987.149 Safari/537.36"
196.251.86.68 - - [20/Oct/2025:11:00:11 -0400] "POST //xmlrpc.php HTTP/2.0" 200 401 "-" "Mozilla/5.0 (Windows NT 10.0; Win64; x64) AppleWebKit/537.36 (KHTML, like Gecko) Chrome/80.0.3987.149 Safari/537.36"
196.251.86.68 - - [20/Oct/2025:11:00:12 -0400] "POST //xmlrpc.php HTTP/2.0" 200 401 "-" "Mozilla/5.0 (Windows NT 10.0; Win64; x64) AppleWebKit/537.36 (KHTML, like Gecko) Chrome/80.0.3987.149 Safari/537.36"
196.251.86.68 - - [20/Oct/2025:11:00:12 -0400] "POST //xmlrpc.php HTTP/2.0" 200 401 "-" "Mozilla/5.0 (Windows NT 10.0; Win64; x64) AppleWebKit/537.36 (KHTML, like Gecko) Chrome/80.0.3987.149 Safari/537.36"
196.251.86.68 - - [20/Oct/2025:11:00:13 -0400] "POST //xmlrpc.php HTTP/2.0" 200 401 "-" "Mozilla/5.0 (Windows NT 10.0; Win64; x64) AppleWebKit/537.36 (KHTML, like Gecko) Chrome/80.0.3987.149 Safari/537.36"
196.251.86.68 - - [20/Oct/2025:11:00:13 -0400] "POST //xmlrpc.php HTTP/2.0" 200 401 "-" "Mozilla/5.0 (Windows NT 10.0; Win64; x64) AppleWebKit/537.36 (KHTML, like Gecko) Chrome/80.0.3987.149 Safari/537.36"
196.251.86.68 - - [20/Oct/2025:11:00:14 -0400] "POST //xmlrpc.php HTTP/2.0" 200 401 "-" "Mozilla/5.0 (Windows NT 10.0; Win64; x64) AppleWebKit/537.36 (KHTML, like Gecko) Chrome/80.0.3987.149 Safari/537.36"
196.251.86.68 - - [20/Oct/2025:11:00:15 -0400] "POST //xmlrpc.php HTTP/2.0" 200 401 "-" "Mozilla/5.0 (Windows NT 10.0; Win64; x64) AppleWebKit/537.36 (KHTML, like Gecko) Chrome/80.0.3987.149 Safari/537.36"
196.251.86.68 - - [20/Oct/2025:11:00:15 -0400] "POST //xmlrpc.php HTTP/2.0" 200 401 "-" "Mozilla/5.0 (Windows NT 10.0; Win64; x64) AppleWebKit/537.36 (KHTML, like Gecko) Chrome/80.0.3987.149 Safari/537.36"
196.251.86.68 - - [20/Oct/2025:11:00:16 -0400] "POST //xmlrpc.php HTTP/2.0" 200 401 "-" "Mozilla/5.0 (Windows NT 10.0; Win64; x64) AppleWebKit/537.36 (KHTML, like Gecko) Chrome/80.0.3987.149 Safari/537.36"
196.251.86.68 - - [20/Oct/2025:11:00:16 -0400] "POST //xmlrpc.php HTTP/2.0" 200 401 "-" "Mozilla/5.0 (Windows NT 10.0; Win64; x64) AppleWebKit/537.36 (KHTML, like Gecko) Chrome/80.0.3987.149 Safari/537.36"
196.251.86.68 - - [20/Oct/2025:11:00:17 -0400] "POST //xmlrpc.php HTTP/2.0" 200 401 "-" "Mozilla/5.0 (Windows NT 10.0; Win64; x64) AppleWebKit/537.36 (KHTML, like Gecko) Chrome/80.0.3987.149 Safari/537.36"
196.251.86.68 - - [20/Oct/2025:11:00:17 -0400] "POST //xmlrpc.php HTTP/2.0" 200 401 "-" "Mozilla/5.0 (Windows NT 10.0; Win64; x64) AppleWebKit/537.36 (KHTML, like Gecko) Chrome/80.0.3987.149 Safari/537.36"
196.251.86.68 - - [20/Oct/2025:11:00:18 -0400] "POST //xmlrpc.php HTTP/2.0" 200 401 "-" "Mozilla/5.0 (Windows NT 10.0; Win64; x64) AppleWebKit/537.36 (KHTML, like Gecko) Chrome/80.0.3987.149 Safari/537.36"
196.251.86.68 - - [20/Oct/2025:11:00:18 -0400] "POST //xmlrpc.php HTTP/2.0" 200 401 "-" "Mozilla/5.0 (Windows NT 10.0; Win64; x64) AppleWebKit/537.36 (KHTML, like Gecko) Chrome/80.0.3987.149 Safari/537.36"
196.251.86.68 - - [20/Oct/2025:11:00:19 -0400] "POST //xmlrpc.php HTTP/2.0" 200 401 "-" "Mozilla/5.0 (Windows NT 10.0; Win64; x64) AppleWebKit/537.36 (KHTML, like Gecko) Chrome/80.0.3987.149 Safari/537.36"
196.251.86.68 - - [20/Oct/2025:11:00:19 -0400] "POST //xmlrpc.php HTTP/2.0" 200 401 "-" "Mozilla/5.0 (Windows NT 10.0; Win64; x64) AppleWebKit/537.36 (KHTML, like Gecko) Chrome/80.0.3987.149 Safari/537.36"
196.251.86.68 - - [20/Oct/2025:11:00:20 -0400] "POST //xmlrpc.php HTTP/2.0" 200 401 "-" "Mozilla/5.0 (Windows NT 10.0; Win64; x64) AppleWebKit/537.36 (KHTML, like Gecko) Chrome/80.0.3987.149 Safari/537.36"
196.251.86.68 - - [20/Oct/2025:11:00:21 -0400] "POST //xmlrpc.php HTTP/2.0" 200 401 "-" "Mozilla/5.0 (Windows NT 10.0; Win64; x64) AppleWebKit/537.36 (KHTML, like Gecko) Chrome/80.0.3987.149 Safari/537.36"
196.251.86.68 - - [20/Oct/2025:11:00:21 -0400] "POST //xmlrpc.php HTTP/2.0" 200 401 "-" "Mozilla/5.0 (Windows NT 10.0; Win64; x64) AppleWebKit/537.36 (KHTML, like Gecko) Chrome/80.0.3987.149 Safari/537.36"
196.251.86.68 - - [20/Oct/2025:11:00:22 -0400] "POST //xmlrpc.php HTTP/2.0" 200 401 "-" "Mozilla/5.0 (Windows NT 10.0; Win64; x64) AppleWebKit/537.36 (KHTML, like Gecko) Chrome/80.0.3987.149 Safari/537.36"
2a03:2880:f800:2a:: - - [20/Oct/2025:11:00:21 -0400] "GET /tag/benefits-of-fennel-seed-tea/ HTTP/2.0" 200 449843 "-" "meta-externalagent/1.1 (+https://developers.facebook.com/docs/sharing/webmasters/crawler)"
196.251.86.68 - - [20/Oct/2025:11:00:23 -0400] "POST //xmlrpc.php HTTP/2.0" 200 401 "-" "Mozilla/5.0 (Windows NT 10.0; Win64; x64) AppleWebKit/537.36 (KHTML, like Gecko) Chrome/80.0.3987.149 Safari/537.36"
196.251.86.68 - - [20/Oct/2025:11:00:23 -0400] "POST //xmlrpc.php HTTP/2.0" 200 401 "-" "Mozilla/5.0 (Windows NT 10.0; Win64; x64) AppleWebKit/537.36 (KHTML, like Gecko) Chrome/80.0.3987.149 Safari/537.36"
196.251.86.68 - - [20/Oct/2025:11:00:24 -0400] "POST //xmlrpc.php HTTP/2.0" 200 401 "-" "Mozilla/5.0 (Windows NT 10.0; Win64; x64) AppleWebKit/537.36 (KHTML, like Gecko) Chrome/80.0.3987.149 Safari/537.36"
196.251.86.68 - - [20/Oct/2025:11:00:24 -0400] "POST //xmlrpc.php HTTP/2.0" 200 401 "-" "Mozilla/5.0 (Windows NT 10.0; Win64; x64) AppleWebKit/537.36 (KHTML, like Gecko) Chrome/80.0.3987.149 Safari/537.36"
196.251.86.68 - - [20/Oct/2025:11:00:25 -0400] "POST //xmlrpc.php HTTP/2.0" 200 401 "-" "Mozilla/5.0 (Windows NT 10.0; Win64; x64) AppleWebKit/537.36 (KHTML, like Gecko) Chrome/80.0.3987.149 Safari/537.36"
196.251.86.68 - - [20/Oct/2025:11:00:25 -0400] "POST //xmlrpc.php HTTP/2.0" 200 401 "-" "Mozilla/5.0 (Windows NT 10.0; Win64; x64) AppleWebKit/537.36 (KHTML, like Gecko) Chrome/80.0.3987.149 Safari/537.36"
196.251.86.68 - - [20/Oct/2025:11:00:26 -0400] "POST //xmlrpc.php HTTP/2.0" 200 401 "-" "Mozilla/5.0 (Windows NT 10.0; Win64; x64) AppleWebKit/537.36 (KHTML, like Gecko) Chrome/80.0.3987.149 Safari/537.36"
196.251.86.68 - - [20/Oct/2025:11:00:26 -0400] "POST //xmlrpc.php HTTP/2.0" 200 401 "-" "Mozilla/5.0 (Windows NT 10.0; Win64; x64) AppleWebKit/537.36 (KHTML, like Gecko) Chrome/80.0.3987.149 Safari/537.36"
196.251.86.68 - - [20/Oct/2025:11:00:27 -0400] "POST //xmlrpc.php HTTP/2.0" 200 401 "-" "Mozilla/5.0 (Windows NT 10.0; Win64; x64) AppleWebKit/537.36 (KHTML, like Gecko) Chrome/80.0.3987.149 Safari/537.36"
196.251.86.68 - - [20/Oct/2025:11:00:27 -0400] "POST //xmlrpc.php HTTP/2.0" 200 401 "-" "Mozilla/5.0 (Windows NT 10.0; Win64; x64) AppleWebKit/537.36 (KHTML, like Gecko) Chrome/80.0.3987.149 Safari/537.36"
196.251.86.68 - - [20/Oct/2025:11:00:28 -0400] "POST //xmlrpc.php HTTP/2.0" 200 401 "-" "Mozilla/5.0 (Windows NT 10.0; Win64; x64) AppleWebKit/537.36 (KHTML, like Gecko) Chrome/80.0.3987.149 Safari/537.36"
196.251.86.68 - - [20/Oct/2025:11:00:28 -0400] "POST //xmlrpc.php HTTP/2.0" 200 401 "-" "Mozilla/5.0 (Windows NT 10.0; Win64; x64) AppleWebKit/537.36 (KHTML, like Gecko) Chrome/80.0.3987.149 Safari/537.36"
196.251.86.68 - - [20/Oct/2025:11:00:29 -0400] "POST //xmlrpc.php HTTP/2.0" 200 401 "-" "Mozilla/5.0 (Windows NT 10.0; Win64; x64) AppleWebKit/537.36 (KHTML, like Gecko) Chrome/80.0.3987.149 Safari/537.36"
196.251.86.68 - - [20/Oct/2025:11:00:30 -0400] "POST //xmlrpc.php HTTP/2.0" 200 401 "-" "Mozilla/5.0 (Windows NT 10.0; Win64; x64) AppleWebKit/537.36 (KHTML, like Gecko) Chrome/80.0.3987.149 Safari/537.36"
196.251.86.68 - - [20/Oct/2025:11:00:30 -0400] "POST //xmlrpc.php HTTP/2.0" 200 401 "-" "Mozilla/5.0 (Windows NT 10.0; Win64; x64) AppleWebKit/537.36 (KHTML, like Gecko) Chrome/80.0.3987.149 Safari/537.36"
196.251.86.68 - - [20/Oct/2025:11:00:31 -0400] "POST //xmlrpc.php HTTP/2.0" 200 401 "-" "Mozilla/5.0 (Windows NT 10.0; Win64; x64) AppleWebKit/537.36 (KHTML, like Gecko) Chrome/80.0.3987.149 Safari/537.36"
196.251.86.68 - - [20/Oct/2025:11:00:31 -0400] "POST //xmlrpc.php HTTP/2.0" 200 401 "-" "Mozilla/5.0 (Windows NT 10.0; Win64; x64) AppleWebKit/537.36 (KHTML, like Gecko) Chrome/80.0.3987.149 Safari/537.36"
196.251.86.68 - - [20/Oct/2025:11:00:32 -0400] "POST //xmlrpc.php HTTP/2.0" 200 401 "-" "Mozilla/5.0 (Windows NT 10.0; Win64; x64) AppleWebKit/537.36 (KHTML, like Gecko) Chrome/80.0.3987.149 Safari/537.36"
196.251.86.68 - - [20/Oct/2025:11:00:32 -0400] "POST //xmlrpc.php HTTP/2.0" 200 401 "-" "Mozilla/5.0 (Windows NT 10.0; Win64; x64) AppleWebKit/537.36 (KHTML, like Gecko) Chrome/80.0.3987.149 Safari/537.36"
196.251.86.68 - - [20/Oct/2025:11:00:33 -0400] "POST //xmlrpc.php HTTP/2.0" 200 401 "-" "Mozilla/5.0 (Windows NT 10.0; Win64; x64) AppleWebKit/537.36 (KHTML, like Gecko) Chrome/80.0.3987.149 Safari/537.36"
196.251.86.68 - - [20/Oct/2025:11:00:33 -0400] "POST //xmlrpc.php HTTP/2.0" 200 401 "-" "Mozilla/5.0 (Windows NT 10.0; Win64; x64) AppleWebKit/537.36 (KHTML, like Gecko) Chrome/80.0.3987.149 Safari/537.36"
66.249.74.107 - - [20/Oct/2025:11:00:34 -0400] "GET /wp-content/uploads/2021/03/Benefits-of-using-Sesame-Oil-for-Skin-265x198.jpg HTTP/2.0" 200 8580 "-" "Googlebot-Image/1.0"
196.251.86.68 - - [20/Oct/2025:11:00:34 -0400] "POST //xmlrpc.php HTTP/2.0" 200 401 "-" "Mozilla/5.0 (Windows NT 10.0; Win64; x64) AppleWebKit/537.36 (KHTML, like Gecko) Chrome/80.0.3987.149 Safari/537.36"
196.251.86.68 - - [20/Oct/2025:11:00:34 -0400] "POST //xmlrpc.php HTTP/2.0" 200 401 "-" "Mozilla/5.0 (Windows NT 10.0; Win64; x64) AppleWebKit/537.36 (KHTML, like Gecko) Chrome/80.0.3987.149 Safari/537.36"
196.251.86.68 - - [20/Oct/2025:11:00:35 -0400] "POST //xmlrpc.php HTTP/2.0" 200 401 "-" "Mozilla/5.0 (Windows NT 10.0; Win64; x64) AppleWebKit/537.36 (KHTML, like Gecko) Chrome/80.0.3987.149 Safari/537.36"
196.251.86.68 - - [20/Oct/2025:11:00:35 -0400] "POST //xmlrpc.php HTTP/2.0" 200 401 "-" "Mozilla/5.0 (Windows NT 10.0; Win64; x64) AppleWebKit/537.36 (KHTML, like Gecko) Chrome/80.0.3987.149 Safari/537.36"
196.251.86.68 - - [20/Oct/2025:11:00:36 -0400] "POST //xmlrpc.php HTTP/2.0" 200 401 "-" "Mozilla/5.0 (Windows NT 10.0; Win64; x64) AppleWebKit/537.36 (KHTML, like Gecko) Chrome/80.0.3987.149 Safari/537.36"
196.251.86.68 - - [20/Oct/2025:11:00:37 -0400] "POST //xmlrpc.php HTTP/2.0" 200 401 "-" "Mozilla/5.0 (Windows NT 10.0; Win64; x64) AppleWebKit/537.36 (KHTML, like Gecko) Chrome/80.0.3987.149 Safari/537.36"
196.251.86.68 - - [20/Oct/2025:11:00:37 -0400] "POST //xmlrpc.php HTTP/2.0" 200 401 "-" "Mozilla/5.0 (Windows NT 10.0; Win64; x64) AppleWebKit/537.36 (KHTML, like Gecko) Chrome/80.0.3987.149 Safari/537.36"
196.251.86.68 - - [20/Oct/2025:11:00:38 -0400] "POST //xmlrpc.php HTTP/2.0" 200 401 "-" "Mozilla/5.0 (Windows NT 10.0; Win64; x64) AppleWebKit/537.36 (KHTML, like Gecko) Chrome/80.0.3987.149 Safari/537.36"
196.251.86.68 - - [20/Oct/2025:11:00:38 -0400] "POST //xmlrpc.php HTTP/2.0" 200 401 "-" "Mozilla/5.0 (Windows NT 10.0; Win64; x64) AppleWebKit/537.36 (KHTML, like Gecko) Chrome/80.0.3987.149 Safari/537.36"
196.251.86.68 - - [20/Oct/2025:11:00:39 -0400] "POST //xmlrpc.php HTTP/2.0" 200 401 "-" "Mozilla/5.0 (Windows NT 10.0; Win64; x64) AppleWebKit/537.36 (KHTML, like Gecko) Chrome/80.0.3987.149 Safari/537.36"
196.251.86.68 - - [20/Oct/2025:11:00:39 -0400] "POST //xmlrpc.php HTTP/2.0" 200 401 "-" "Mozilla/5.0 (Windows NT 10.0; Win64; x64) AppleWebKit/537.36 (KHTML, like Gecko) Chrome/80.0.3987.149 Safari/537.36"
196.251.86.68 - - [20/Oct/2025:11:00:40 -0400] "POST //xmlrpc.php HTTP/2.0" 200 401 "-" "Mozilla/5.0 (Windows NT 10.0; Win64; x64) AppleWebKit/537.36 (KHTML, like Gecko) Chrome/80.0.3987.149 Safari/537.36"
196.251.86.68 - - [20/Oct/2025:11:00:40 -0400] "POST //xmlrpc.php HTTP/2.0" 200 401 "-" "Mozilla/5.0 (Windows NT 10.0; Win64; x64) AppleWebKit/537.36 (KHTML, like Gecko) Chrome/80.0.3987.149 Safari/537.36"
196.251.86.68 - - [20/Oct/2025:11:00:41 -0400] "POST //xmlrpc.php HTTP/2.0" 200 401 "-" "Mozilla/5.0 (Windows NT 10.0; Win64; x64) AppleWebKit/537.36 (KHTML, like Gecko) Chrome/80.0.3987.149 Safari/537.36"
196.251.86.68 - - [20/Oct/2025:11:00:41 -0400] "POST //xmlrpc.php HTTP/2.0" 200 401 "-" "Mozilla/5.0 (Windows NT 10.0; Win64; x64) AppleWebKit/537.36 (KHTML, like Gecko) Chrome/80.0.3987.149 Safari/537.36"
196.251.86.68 - - [20/Oct/2025:11:00:42 -0400] "POST //xmlrpc.php HTTP/2.0" 200 401 "-" "Mozilla/5.0 (Windows NT 10.0; Win64; x64) AppleWebKit/537.36 (KHTML, like Gecko) Chrome/80.0.3987.149 Safari/537.36"
196.251.86.68 - - [20/Oct/2025:11:00:42 -0400] "POST //xmlrpc.php HTTP/2.0" 200 401 "-" "Mozilla/5.0 (Windows NT 10.0; Win64; x64) AppleWebKit/537.36 (KHTML, like Gecko) Chrome/80.0.3987.149 Safari/537.36"
196.251.86.68 - - [20/Oct/2025:11:00:43 -0400] "POST //xmlrpc.php HTTP/2.0" 200 401 "-" "Mozilla/5.0 (Windows NT 10.0; Win64; x64) AppleWebKit/537.36 (KHTML, like Gecko) Chrome/80.0.3987.149 Safari/537.36"
196.251.86.68 - - [20/Oct/2025:11:00:43 -0400] "POST //xmlrpc.php HTTP/2.0" 200 401 "-" "Mozilla/5.0 (Windows NT 10.0; Win64; x64) AppleWebKit/537.36 (KHTML, like Gecko) Chrome/80.0.3987.149 Safari/537.36"
196.251.86.68 - - [20/Oct/2025:11:00:44 -0400] "POST //xmlrpc.php HTTP/2.0" 200 401 "-" "Mozilla/5.0 (Windows NT 10.0; Win64; x64) AppleWebKit/537.36 (KHTML, like Gecko) Chrome/80.0.3987.149 Safari/537.36"
196.251.86.68 - - [20/Oct/2025:11:00:45 -0400] "POST //xmlrpc.php HTTP/2.0" 200 401 "-" "Mozilla/5.0 (Windows NT 10.0; Win64; x64) AppleWebKit/537.36 (KHTML, like Gecko) Chrome/80.0.3987.149 Safari/537.36"
196.251.86.68 - - [20/Oct/2025:11:00:45 -0400] "POST //xmlrpc.php HTTP/2.0" 200 401 "-" "Mozilla/5.0 (Windows NT 10.0; Win64; x64) AppleWebKit/537.36 (KHTML, like Gecko) Chrome/80.0.3987.149 Safari/537.36"
196.251.86.68 - - [20/Oct/2025:11:00:46 -0400] "POST //xmlrpc.php HTTP/2.0" 200 401 "-" "Mozilla/5.0 (Windows NT 10.0; Win64; x64) AppleWebKit/537.36 (KHTML, like Gecko) Chrome/80.0.3987.149 Safari/537.36"
196.251.86.68 - - [20/Oct/2025:11:00:46 -0400] "POST //xmlrpc.php HTTP/2.0" 200 401 "-" "Mozilla/5.0 (Windows NT 10.0; Win64; x64) AppleWebKit/537.36 (KHTML, like Gecko) Chrome/80.0.3987.149 Safari/537.36"
196.251.86.68 - - [20/Oct/2025:11:00:47 -0400] "POST //xmlrpc.php HTTP/2.0" 200 401 "-" "Mozilla/5.0 (Windows NT 10.0; Win64; x64) AppleWebKit/537.36 (KHTML, like Gecko) Chrome/80.0.3987.149 Safari/537.36"
196.251.86.68 - - [20/Oct/2025:11:00:47 -0400] "POST //xmlrpc.php HTTP/2.0" 200 401 "-" "Mozilla/5.0 (Windows NT 10.0; Win64; x64) AppleWebKit/537.36 (KHTML, like Gecko) Chrome/80.0.3987.149 Safari/537.36"
196.251.86.68 - - [20/Oct/2025:11:00:48 -0400] "POST //xmlrpc.php HTTP/2.0" 200 401 "-" "Mozilla/5.0 (Windows NT 10.0; Win64; x64) AppleWebKit/537.36 (KHTML, like Gecko) Chrome/80.0.3987.149 Safari/537.36"
196.251.86.68 - - [20/Oct/2025:11:00:48 -0400] "POST //xmlrpc.php HTTP/2.0" 200 401 "-" "Mozilla/5.0 (Windows NT 10.0; Win64; x64) AppleWebKit/537.36 (KHTML, like Gecko) Chrome/80.0.3987.149 Safari/537.36"
196.251.86.68 - - [20/Oct/2025:11:00:49 -0400] "POST //xmlrpc.php HTTP/2.0" 200 401 "-" "Mozilla/5.0 (Windows NT 10.0; Win64; x64) AppleWebKit/537.36 (KHTML, like Gecko) Chrome/80.0.3987.149 Safari/537.36"
196.251.86.68 - - [20/Oct/2025:11:00:49 -0400] "POST //xmlrpc.php HTTP/2.0" 200 401 "-" "Mozilla/5.0 (Windows NT 10.0; Win64; x64) AppleWebKit/537.36 (KHTML, like Gecko) Chrome/80.0.3987.149 Safari/537.36"
2a03:2880:f800:1d:: - - [20/Oct/2025:11:01:18 -0400] "GET /tag/soya-kathi-kabab-recipe-veg/ HTTP/2.0" 200 449843 "-" "meta-externalagent/1.1 (+https://developers.facebook.com/docs/sharing/webmasters/crawler)"
136.243.220.212 - - [20/Oct/2025:11:01:41 -0400] "GET /10-cinematic-jodis-whose-tragic-bollywood-love-stories-didnt-live-happily-ever-after/ HTTP/2.0" 200 316575 "-" "Mozilla/5.0 (compatible; DataForSeoBot/1.0; +https://dataforseo.com/dataforseo-bot)"
2a03:2880:f800:38:: - - [20/Oct/2025:11:02:03 -0400] "GET /benefits-of-black-pepper/ HTTP/2.0" 200 449843 "-" "meta-externalagent/1.1 (+https://developers.facebook.com/docs/sharing/webmasters/crawler)"
2a03:2880:f800:f:: - - [20/Oct/2025:11:02:04 -0400] "GET /tag/how-to-talk-to-your-mother-in-law-for-the-first-time/ HTTP/2.0" 200 449843 "-" "meta-externalagent/1.1 (+https://developers.facebook.com/docs/sharing/webmasters/crawler)"
66.249.74.108 - - [20/Oct/2025:11:02:51 -0400] "GET /tag/examples-of-healthy-boundaries-in-relationships/ HTTP/2.0" 200 449843 "-" "Mozilla/5.0 (Linux; Android 6.0.1; Nexus 5X Build/MMB29P) AppleWebKit/537.36 (KHTML, like Gecko) Chrome/140.0.7339.207 Mobile Safari/537.36 (compatible; Googlebot/2.1; +http://www.google.com/bot.html)"
198.12.96.6 - - [20/Oct/2025:11:03:02 -0400] "GET /hairstyles-for-this-rainy-season/ HTTP/2.0" 200 449843 "-" "Mozilla/5.0 (Macintosh; Intel Mac OS X 10_15_7) AppleWebKit/537.36 (KHTML, like Gecko) Chrome/135.0.0.0 Safari/537.36"
2a03:2880:f800:30:: - - [20/Oct/2025:11:03:27 -0400] "GET /tag/potato-snacks-recipes-by-sanjeev-kapoor/ HTTP/2.0" 200 449843 "-" "meta-externalagent/1.1 (+https://developers.facebook.com/docs/sharing/webmasters/crawler)"
88.151.183.234 - - [20/Oct/2025:11:03:39 -0400] "GET /gas-fee-calculator-653/ HTTP/2.0" 200 304539 "-" "Mozilla/5.0 (Macintosh; Intel Mac OS X 10_13_5) AppleWebKit/537.36 (KHTML, like Gecko) Chrome/67.0.3396.87 Safari/537.36"
40.77.167.9 - - [20/Oct/2025:11:04:15 -0400] "GET /tag/high-on-caffeine/ HTTP/2.0" 200 449843 "-" "Mozilla/5.0 AppleWebKit/537.36 (KHTML, like Gecko; compatible; bingbot/2.0; +http://www.bing.com/bingbot.htm) Chrome/116.0.1938.76 Safari/537.36"
2a03:2880:f800:1b:: - - [20/Oct/2025:11:04:25 -0400] "GET /how-to-make-spicy-gol-gappe-at-home/ HTTP/2.0" 200 449843 "-" "meta-externalagent/1.1 (+https://developers.facebook.com/docs/sharing/webmasters/crawler)"
20.193.135.142 - - [20/Oct/2025:11:04:28 -0400] "POST /wp-login.php HTTP/2.0" 200 6947 "-" "Mozilla/5.0"
20.193.135.142 - - [20/Oct/2025:11:04:28 -0400] "POST /wp-login.php HTTP/2.0" 200 6943 "-" "Mozilla/5.0"
20.193.135.142 - - [20/Oct/2025:11:04:28 -0400] "POST /wp-login.php HTTP/2.0" 200 6907 "-" "Mozilla/5.0"
20.193.135.142 - - [20/Oct/2025:11:04:28 -0400] "POST /wp-login.php HTTP/2.0" 200 6941 "-" "Mozilla/5.0"
2a03:2880:f800:4a:: - - [20/Oct/2025:11:04:26 -0400] "GET /bridal-skincare-7-natural-ways-get-rid-stretch-marks/ HTTP/2.0" 200 449843 "-" "meta-externalagent/1.1 (+https://developers.facebook.com/docs/sharing/webmasters/crawler)"
45.175.142.154 - - [20/Oct/2025:11:04:35 -0400] "GET /2-8/ HTTP/2.0" 200 149902 "-" "Mozilla/5.0 (Macintosh; Intel Mac OS X 10_8_2) AppleWebKit/537.17 (KHTML, like Gecko) Chrome/24.0.1309.0 Safari/537.17"
89.248.172.183 - - [20/Oct/2025:11:04:39 -0400] "POST /wp-json/tdw/save_css HTTP/2.0" 401 98 "-" "Mozilla/5.0 (Windows NT 10.0) AppleWebKit/537.36 (KHTML, like Gecko) Chrome/104.0.0.0 Safari/537.36"
45.169.121.144 - - [20/Oct/2025:11:04:39 -0400] "GET /?channel=0e21e3&from=form.php%3Fid%3D333144-7866&l=6277833314403&name=Logicool+MX+Master+3 HTTP/2.0" 404 181138 "-" "Mozilla/5.0 (Macintosh; Intel Mac OS X 10_13_6) AppleWebKit/537.36 (KHTML, like Gecko) Brave Chrome/86.0.4240.198 Safari/537.36"
2a03:2880:f800:37:: - - [20/Oct/2025:11:04:41 -0400] "GET /tag/natural-makeup-look-black-girl/ HTTP/2.0" 200 449843 "-" "meta-externalagent/1.1 (+https://developers.facebook.com/docs/sharing/webmasters/crawler)"
91.84.117.102 - - [20/Oct/2025:11:04:42 -0400] "GET /%D1%81%D0%B0%D0%B9%D1%82-%D0%BC%D0%B0%D0%B3%D0%B0%D0%B7%D0%B8%D0%BD-%D0%BA%D1%80%D0%B0%D0%BA%D0%B5%D0%BD-%D0%B0%D0%BA%D1%82%D1%83%D0%B0%D0%BB%D1%8C%D0%BD%D1%8B%D0%B9/ HTTP/2.0" 200 303500 "https://blushin.com/%D1%81%D0%B0%D0%B9%D1%82-%D0%BC%D0%B0%D0%B3%D0%B0%D0%B7%D0%B8%D0%BD-%D0%BA%D1%80%D0%B0%D0%BA%D0%B5%D0%BD-%D0%B0%D0%BA%D1%82%D1%83%D0%B0%D0%BB%D1%8C%D0%BD%D1%8B%D0%B9/" "Mozilla/5.0 (Windows NT 10.0; Win64; x64) AppleWebKit/537.36 (KHTML, like Gecko) Chrome/131.0.0.0 Safari/537.36"
45.162.202.197 - - [20/Oct/2025:11:04:49 -0400] "GET /tag/tala888-online/ HTTP/2.0" 200 214331 "-" "Mozilla/5.0 (Windows NT 10.0; Win64; x64) AppleWebKit/537.36 (KHTML, like Gecko) Chrome/99.0.4844.74 Safari/537.36"
131.108.74.131 - - [20/Oct/2025:11:05:31 -0400] "GET /casino-888starz-402/ HTTP/2.0" 200 305444 "-" "Mozilla/5.0 (Macintosh; Intel Mac OS X 10_13_3) AppleWebKit/537.36 (KHTML, like Gecko) Chrome/65.0.3325.181 Safari/537.36"
66.249.74.108 - - [20/Oct/2025:11:05:51 -0400] "GET /feeds HTTP/2.0" 200 449843 "-" "Mozilla/5.0 (compatible; Googlebot/2.1; +http://www.google.com/bot.html)"
2a03:2880:f800:f:: - - [20/Oct/2025:11:06:04 -0400] "GET /tag/simple-mehndi-designs-for-front-hands/ HTTP/2.0" 200 449843 "-" "meta-externalagent/1.1 (+https://developers.facebook.com/docs/sharing/webmasters/crawler)"
2a03:2880:f800:19:: - - [20/Oct/2025:11:06:05 -0400] "GET /tag/guide-for-dark-skin/ HTTP/2.0" 200 449843 "-" "meta-externalagent/1.1 (+https://developers.facebook.com/docs/sharing/webmasters/crawler)"
2a03:2880:f800:41:: - - [20/Oct/2025:11:06:06 -0400] "GET /10-everyday-items-from-your-fridge-for-salon-gorgeous-hair/ HTTP/2.0" 200 449843 "-" "meta-externalagent/1.1 (+https://developers.facebook.com/docs/sharing/webmasters/crawler)"
52.167.144.184 - - [20/Oct/2025:11:06:09 -0400] "GET /tag/paneer-tikka-recipe-sanjeev-kapoor/ HTTP/2.0" 200 449843 "-" "Mozilla/5.0 AppleWebKit/537.36 (KHTML, like Gecko; compatible; bingbot/2.0; +http://www.bing.com/bingbot.htm) Chrome/116.0.1938.76 Safari/537.36"
138.94.168.160 - - [20/Oct/2025:11:06:15 -0400] "GET /casino-20-euros-gratis-sin-deposito-por-registrar-10-bet-622/ HTTP/2.0" 200 311386 "-" "Mozilla/5.0 (Macintosh; Intel Mac OS X 10_15_6) AppleWebKit/537.36 (KHTML, like Gecko) Brave Chrome/84.0.4147.125 Safari/537.36"
91.84.117.102 - - [20/Oct/2025:11:06:21 -0400] "GET /%D1%81%D0%B0%D0%B9%D1%82-%D0%BC%D0%B0%D0%B3%D0%B0%D0%B7%D0%B8%D0%BD-%D0%BA%D1%80%D0%B0%D0%BA%D0%B5%D0%BD-%D0%B0%D0%BA%D1%82%D1%83%D0%B0%D0%BB%D1%8C%D0%BD%D1%8B%D0%B9/ HTTP/2.0" 200 303500 "https://blushin.com/%D1%81%D0%B0%D0%B9%D1%82-%D0%BC%D0%B0%D0%B3%D0%B0%D0%B7%D0%B8%D0%BD-%D0%BA%D1%80%D0%B0%D0%BA%D0%B5%D0%BD-%D0%B0%D0%BA%D1%82%D1%83%D0%B0%D0%BB%D1%8C%D0%BD%D1%8B%D0%B9/" "Mozilla/5.0 (Windows NT 10.0; Win64; x64) AppleWebKit/537.36 (KHTML, like Gecko) Chrome/130.0.0.0 Safari/537.36"
91.84.117.102 - - [20/Oct/2025:11:06:22 -0400] "GET /%D1%81%D0%B0%D0%B9%D1%82-%D0%BC%D0%B0%D0%B3%D0%B0%D0%B7%D0%B8%D0%BD-%D0%BA%D1%80%D0%B0%D0%BA%D0%B5%D0%BD-%D0%B0%D0%BA%D1%82%D1%83%D0%B0%D0%BB%D1%8C%D0%BD%D1%8B%D0%B9/ HTTP/2.0" 200 303500 "https://blushin.com/%D1%81%D0%B0%D0%B9%D1%82-%D0%BC%D0%B0%D0%B3%D0%B0%D0%B7%D0%B8%D0%BD-%D0%BA%D1%80%D0%B0%D0%BA%D0%B5%D0%BD-%D0%B0%D0%BA%D1%82%D1%83%D0%B0%D0%BB%D1%8C%D0%BD%D1%8B%D0%B9/" "Mozilla/5.0 (Windows NT 10.0; Win64; x64) AppleWebKit/537.36 (KHTML, like Gecko) Chrome/130.0.0.0 Safari/537.36"
2a03:2880:f800:35:: - - [20/Oct/2025:11:06:22 -0400] "GET /7-footwear-styles-for-groom-to-be-to-rock-their-wedding-celebrations/ HTTP/2.0" 200 449843 "-" "meta-externalagent/1.1 (+https://developers.facebook.com/docs/sharing/webmasters/crawler)"
2a03:2880:f800:22:: - - [20/Oct/2025:11:07:03 -0400] "GET /winter-skincare-7-face-masks-to-tackle-dry-skin-this-winter/ HTTP/2.0" 200 449843 "-" "meta-externalagent/1.1 (+https://developers.facebook.com/docs/sharing/webmasters/crawler)"
40.77.167.9 - - [20/Oct/2025:11:07:04 -0400] "GET /tag/natural-beauty-tips-for-women/ HTTP/2.0" 200 449843 "-" "Mozilla/5.0 AppleWebKit/537.36 (KHTML, like Gecko; compatible; bingbot/2.0; +http://www.bing.com/bingbot.htm) Chrome/116.0.1938.76 Safari/537.36"
91.151.95.70 - - [20/Oct/2025:11:07:08 -0400] "POST /xmlrpc.php HTTP/2.0" 200 403 "https://blushin.com" "Mozilla/5.0 (Macintosh; Intel Mac OS X 10_15_7; rv:128.0) Gecko/20100101 Firefox/128.0"
65.21.35.250 - - [20/Oct/2025:11:07:08 -0400] "GET /robots.txt HTTP/2.0" 200 112 "-" "Mozilla/5.0 (compatible; SeekportBot; +https://bot.seekport.com)"
65.21.35.250 - - [20/Oct/2025:11:07:11 -0400] "GET /cucumber-for-weight-loss/?amp HTTP/2.0" 200 309772 "-" "Mozilla/5.0 (compatible; SeekportBot; +https://bot.seekport.com)"
65.21.35.250 - - [20/Oct/2025:11:07:14 -0400] "GET /10-famous-bollywood-celebrities-and-their-childhood-pictures/?amp HTTP/2.0" 200 311696 "-" "Mozilla/5.0 (compatible; SeekportBot; +https://bot.seekport.com)"
17.241.219.183 - - [20/Oct/2025:11:07:15 -0400] "GET /try-this-easy-sabudana-vada-recipe-at-home/feed/ HTTP/2.0" 200 449843 "-" "Mozilla/5.0 (Macintosh; Intel Mac OS X 10_15_7) AppleWebKit/605.1.15 (KHTML, like Gecko) Version/17.4 Safari/605.1.15 (Applebot/0.1; +http://www.apple.com/go/applebot)"
65.21.35.250 - - [20/Oct/2025:11:07:17 -0400] "GET /types-perms-try-perfect-makeover/?amp HTTP/2.0" 200 315658 "-" "Mozilla/5.0 (compatible; SeekportBot; +https://bot.seekport.com)"
65.21.35.250 - - [20/Oct/2025:11:07:21 -0400] "GET /health-benefits-of-green-bananas/?amp HTTP/2.0" 200 311674 "-" "Mozilla/5.0 (compatible; SeekportBot; +https://bot.seekport.com)"
65.21.35.250 - - [20/Oct/2025:11:07:23 -0400] "GET /how-to-get-rid-of-dark-neck-naturally/ HTTP/2.0" 200 314678 "-" "Mozilla/5.0 (compatible; SeekportBot; +https://bot.seekport.com)"
65.21.35.250 - - [20/Oct/2025:11:07:27 -0400] "GET /7-side-effects-of-lemon-juice-no-one-can-think-about/?amp HTTP/2.0" 200 307738 "-" "Mozilla/5.0 (compatible; SeekportBot; +https://bot.seekport.com)"
2a03:2880:f800:30:: - - [20/Oct/2025:11:07:28 -0400] "GET /blackheads-home-remedies/ HTTP/2.0" 200 449843 "-" "meta-externalagent/1.1 (+https://developers.facebook.com/docs/sharing/webmasters/crawler)"
65.21.35.250 - - [20/Oct/2025:11:07:30 -0400] "GET /blush-application-tips-according-to-your-face-shape/?amp HTTP/2.0" 200 310610 "-" "Mozilla/5.0 (compatible; SeekportBot; +https://bot.seekport.com)"
2a03:2880:f800:9:: - - [20/Oct/2025:11:07:31 -0400] "GET /tag/latest-sarees/ HTTP/2.0" 200 449843 "-" "meta-externalagent/1.1 (+https://developers.facebook.com/docs/sharing/webmasters/crawler)"
2a03:2880:f800:1f:: - - [20/Oct/2025:11:07:31 -0400] "GET /tag/plain-black-kurti/ HTTP/2.0" 200 449843 "-" "meta-externalagent/1.1 (+https://developers.facebook.com/docs/sharing/webmasters/crawler)"
65.21.35.250 - - [20/Oct/2025:11:07:32 -0400] "GET /top-7-tips-to-get-rid-of-oily-hair-and-scalp/?amp HTTP/2.0" 200 311849 "-" "Mozilla/5.0 (compatible; SeekportBot; +https://bot.seekport.com)"
65.21.35.250 - - [20/Oct/2025:11:07:36 -0400] "GET /4-beauty-hacks-you-can-do-using-mascara-wand/?amp HTTP/2.0" 200 306340 "-" "Mozilla/5.0 (compatible; SeekportBot; +https://bot.seekport.com)"
65.21.35.250 - - [20/Oct/2025:11:07:39 -0400] "GET /top-10-health-benefits-dalia-know/?amp HTTP/2.0" 200 310878 "-" "Mozilla/5.0 (compatible; SeekportBot; +https://bot.seekport.com)"
65.21.35.250 - - [20/Oct/2025:11:07:42 -0400] "GET /side-effects-of-milk-tea/ HTTP/2.0" 200 317552 "-" "Mozilla/5.0 (compatible; SeekportBot; +https://bot.seekport.com)"
65.21.35.250 - - [20/Oct/2025:11:07:46 -0400] "GET /lemon-special-try-this-simple-lemon-fudge-recipe-at-home/?amp HTTP/2.0" 200 306574 "-" "Mozilla/5.0 (compatible; SeekportBot; +https://bot.seekport.com)"
65.21.35.250 - - [20/Oct/2025:11:07:48 -0400] "GET /how-to-identify-your-best-friend-is-toxic/?amp HTTP/2.0" 200 310987 "-" "Mozilla/5.0 (compatible; SeekportBot; +https://bot.seekport.com)"
65.21.35.250 - - [20/Oct/2025:11:07:51 -0400] "GET /top-15-hacks-to-apply-makeup-on-dry-skin/ HTTP/2.0" 200 320618 "-" "Mozilla/5.0 (compatible; SeekportBot; +https://bot.seekport.com)"
65.21.35.250 - - [20/Oct/2025:11:07:53 -0400] "GET /top-10-makeup-tips-for-sensitive-skin-and-eye/?amp HTTP/2.0" 200 312152 "-" "Mozilla/5.0 (compatible; SeekportBot; +https://bot.seekport.com)"
65.21.35.250 - - [20/Oct/2025:11:07:56 -0400] "GET /dos-and-donts-for-bridal-makeup-that-every-bride-to-be-should-know/?amp HTTP/2.0" 200 311233 "-" "Mozilla/5.0 (compatible; SeekportBot; +https://bot.seekport.com)"
40.77.167.73 - - [20/Oct/2025:11:07:55 -0400] "GET /how-to-take-care-of-skin-post-workout/ HTTP/2.0" 200 449843 "-" "Mozilla/5.0 AppleWebKit/537.36 (KHTML, like Gecko; compatible; bingbot/2.0; +http://www.bing.com/bingbot.htm) Chrome/116.0.1938.76 Safari/537.36"
65.21.35.250 - - [20/Oct/2025:11:07:59 -0400] "GET /9-home-remedies-to-induce-periods/?amp HTTP/2.0" 200 312546 "-" "Mozilla/5.0 (compatible; SeekportBot; +https://bot.seekport.com)"
65.21.35.250 - - [20/Oct/2025:11:08:02 -0400] "GET /health-benefits-of-custard-apple/?amp HTTP/2.0" 200 313345 "-" "Mozilla/5.0 (compatible; SeekportBot; +https://bot.seekport.com)"
65.21.35.250 - - [20/Oct/2025:11:08:06 -0400] "GET /teas-to-treat-diarrhoea/?amp HTTP/2.0" 200 309855 "-" "Mozilla/5.0 (compatible; SeekportBot; +https://bot.seekport.com)"
65.21.35.250 - - [20/Oct/2025:11:08:08 -0400] "GET /ginger-to-treat-skin-hypopigmentation/?amp HTTP/2.0" 200 307681 "-" "Mozilla/5.0 (compatible; SeekportBot; +https://bot.seekport.com)"
65.21.35.250 - - [20/Oct/2025:11:08:11 -0400] "GET /health-benefits-of-turmeric-coffee/?amp HTTP/2.0" 200 311277 "-" "Mozilla/5.0 (compatible; SeekportBot; +https://bot.seekport.com)"
65.21.35.250 - - [20/Oct/2025:11:08:13 -0400] "GET /5-best-ways-deal-passive-aggressive-partner/?amp HTTP/2.0" 200 307918 "-" "Mozilla/5.0 (compatible; SeekportBot; +https://bot.seekport.com)"
65.21.35.250 - - [20/Oct/2025:11:08:16 -0400] "GET /10-surprising-health-benefits-eating-soaked-almonds/?amp HTTP/2.0" 200 313751 "-" "Mozilla/5.0 (compatible; SeekportBot; +https://bot.seekport.com)"
65.21.35.250 - - [20/Oct/2025:11:08:18 -0400] "GET /amazing-foods-to-avoid-and-eat-on-an-empty-stomach/?amp HTTP/2.0" 200 314224 "-" "Mozilla/5.0 (compatible; SeekportBot; +https://bot.seekport.com)"
65.21.35.250 - - [20/Oct/2025:11:08:21 -0400] "GET /corn-silk-health-benefits/?amp HTTP/2.0" 200 312228 "-" "Mozilla/5.0 (compatible; SeekportBot; +https://bot.seekport.com)"
65.21.35.250 - - [20/Oct/2025:11:08:24 -0400] "GET /how-about-having-mirror-on-your-nails-try-this-mirror-nail-polish/?amp HTTP/2.0" 200 302971 "-" "Mozilla/5.0 (compatible; SeekportBot; +https://bot.seekport.com)"
65.21.35.250 - - [20/Oct/2025:11:08:27 -0400] "GET /7-simple-ways-to-get-rid-of-moles/?amp HTTP/2.0" 200 308169 "-" "Mozilla/5.0 (compatible; SeekportBot; +https://bot.seekport.com)"
65.21.35.250 - - [20/Oct/2025:11:08:29 -0400] "GET /21-best-holiday-beauty-tips-must-dos-skincare-vacation/?amp HTTP/2.0" 200 333819 "-" "Mozilla/5.0 (compatible; SeekportBot; +https://bot.seekport.com)"
65.21.35.250 - - [20/Oct/2025:11:08:32 -0400] "GET /6-bollywood-movies-captured-unrequited-love/?amp HTTP/2.0" 200 308142 "-" "Mozilla/5.0 (compatible; SeekportBot; +https://bot.seekport.com)"
65.21.35.250 - - [20/Oct/2025:11:08:34 -0400] "GET /5-surprising-benefits-of-cucumber-for-your-skin/?amp HTTP/2.0" 200 309242 "-" "Mozilla/5.0 (compatible; SeekportBot; +https://bot.seekport.com)"
65.21.35.250 - - [20/Oct/2025:11:08:37 -0400] "GET /side-effects-of-consuming-walnuts/?amp HTTP/2.0" 200 318194 "-" "Mozilla/5.0 (compatible; SeekportBot; +https://bot.seekport.com)"
65.21.35.250 - - [20/Oct/2025:11:08:39 -0400] "GET /bangs-or-no-bangs-what%E2%80%99s-your-choice/?amp HTTP/2.0" 200 308993 "-" "Mozilla/5.0 (compatible; SeekportBot; +https://bot.seekport.com)"
65.21.35.250 - - [20/Oct/2025:11:08:41 -0400] "GET /8-incredible-health-benefits-sparkling-mineral-water/?amp HTTP/2.0" 200 310604 "-" "Mozilla/5.0 (compatible; SeekportBot; +https://bot.seekport.com)"
65.21.35.250 - - [20/Oct/2025:11:08:44 -0400] "GET /bhindi-masala-recipe/ HTTP/2.0" 200 304986 "-" "Mozilla/5.0 (compatible; SeekportBot; +https://bot.seekport.com)"
135.235.193.179 - - [20/Oct/2025:11:08:46 -0400] "POST /wp-login.php HTTP/2.0" 200 6943 "-" "Mozilla/5.0"
135.235.193.179 - - [20/Oct/2025:11:08:46 -0400] "POST /wp-login.php HTTP/2.0" 200 6907 "-" "Mozilla/5.0"
135.235.193.179 - - [20/Oct/2025:11:08:46 -0400] "POST /wp-login.php HTTP/2.0" 200 6947 "-" "Mozilla/5.0"
135.235.193.179 - - [20/Oct/2025:11:08:46 -0400] "POST /wp-login.php HTTP/2.0" 200 6941 "-" "Mozilla/5.0"
65.21.35.250 - - [20/Oct/2025:11:08:47 -0400] "GET /5-highly-lovable-bollywood-movies-that-are-not-so-lovely-actually/?amp HTTP/2.0" 200 312203 "-" "Mozilla/5.0 (compatible; SeekportBot; +https://bot.seekport.com)"
65.21.35.250 - - [20/Oct/2025:11:08:49 -0400] "GET /8-after-effects-of-permanent-hair-straightening/?amp HTTP/2.0" 200 313708 "-" "Mozilla/5.0 (compatible; SeekportBot; +https://bot.seekport.com)"
65.21.35.250 - - [20/Oct/2025:11:08:52 -0400] "GET /indigo-powder-for-hair/?amp HTTP/2.0" 200 310460 "-" "Mozilla/5.0 (compatible; SeekportBot; +https://bot.seekport.com)"
65.21.35.250 - - [20/Oct/2025:11:08:54 -0400] "GET /repeated-waxing-can-harm-your-skin-in-these-7-ways/?amp HTTP/2.0" 200 309298 "-" "Mozilla/5.0 (compatible; SeekportBot; +https://bot.seekport.com)"
65.21.35.250 - - [20/Oct/2025:11:08:59 -0400] "GET /natural-face-sprays-recipes-for-glowing-skin/?amp HTTP/2.0" 200 310350 "-" "Mozilla/5.0 (compatible; SeekportBot; +https://bot.seekport.com)"
65.21.35.250 - - [20/Oct/2025:11:09:03 -0400] "GET /5-ways-use-onions-glowing-face/?amp HTTP/2.0" 200 309778 "-" "Mozilla/5.0 (compatible; SeekportBot; +https://bot.seekport.com)"
20.193.135.142 - - [20/Oct/2025:11:09:05 -0400] "POST /wp-login.php HTTP/2.0" 200 6943 "-" "Mozilla/5.0"
20.193.135.142 - - [20/Oct/2025:11:09:05 -0400] "POST /wp-login.php HTTP/2.0" 200 6907 "-" "Mozilla/5.0"
20.193.135.142 - - [20/Oct/2025:11:09:05 -0400] "POST /wp-login.php HTTP/2.0" 200 6947 "-" "Mozilla/5.0"
20.193.135.142 - - [20/Oct/2025:11:09:05 -0400] "POST /wp-login.php HTTP/2.0" 200 6941 "-" "Mozilla/5.0"
65.21.35.250 - - [20/Oct/2025:11:09:06 -0400] "GET /skipping-for-weight-loss/?amp HTTP/2.0" 200 305242 "-" "Mozilla/5.0 (compatible; SeekportBot; +https://bot.seekport.com)"
2a03:2880:f800:43:: - - [20/Oct/2025:11:09:08 -0400] "GET /tag/how-to-tie-a-pagri-for-marriage/ HTTP/2.0" 200 449843 "-" "meta-externalagent/1.1 (+https://developers.facebook.com/docs/sharing/webmasters/crawler)"
65.21.35.250 - - [20/Oct/2025:11:09:09 -0400] "GET /7-benefits-consuming-watermelon-pregnancy/?amp HTTP/2.0" 200 309576 "-" "Mozilla/5.0 (compatible; SeekportBot; +https://bot.seekport.com)"
13.200.61.124 - - [20/Oct/2025:11:09:17 -0400] "POST /xmlrpc.php HTTP/2.0" 200 401 "-" "Mozilla/5.0 (X11; Ubuntu; Linux x86_64; rv:85.0) Gecko/20100101 Firefox/91.0"
65.21.35.250 - - [20/Oct/2025:11:09:13 -0400] "GET /5-ways-deal-fear-cheated/?amp HTTP/2.0" 200 306725 "-" "Mozilla/5.0 (compatible; SeekportBot; +https://bot.seekport.com)"
65.21.35.250 - - [20/Oct/2025:11:09:19 -0400] "GET /methi-seeds-hair-make-hair-thicker/?amp HTTP/2.0" 200 315852 "-" "Mozilla/5.0 (compatible; SeekportBot; +https://bot.seekport.com)"
54.198.254.230 - - [20/Oct/2025:11:09:21 -0400] "GET /ads.txt HTTP/2.0" 200 449843 "-" "Mozilla/5.0 (Windows NT 10.0; Win64; x64) AppleWebKit/537.36 (KHTML, like Gecko) Chrome/124.0.0.0 Safari/537.36"
65.21.35.250 - - [20/Oct/2025:11:09:24 -0400] "GET /10-emotional-stages-cracking-phone-screen-go/?amp HTTP/2.0" 200 310516 "-" "Mozilla/5.0 (compatible; SeekportBot; +https://bot.seekport.com)"
65.21.35.250 - - [20/Oct/2025:11:09:28 -0400] "GET /benefits-of-ghee-for-hair/?amp HTTP/2.0" 200 319794 "-" "Mozilla/5.0 (compatible; SeekportBot; +https://bot.seekport.com)"
57.159.28.36 - - [20/Oct/2025:11:09:33 -0400] "POST /wp-login.php HTTP/2.0" 200 6941 "-" "Mozilla/5.0"
57.159.28.36 - - [20/Oct/2025:11:09:33 -0400] "POST /wp-login.php HTTP/2.0" 200 6907 "-" "Mozilla/5.0"
57.159.28.36 - - [20/Oct/2025:11:09:33 -0400] "POST /wp-login.php HTTP/2.0" 200 6947 "-" "Mozilla/5.0"
57.159.28.36 - - [20/Oct/2025:11:09:33 -0400] "POST /wp-login.php HTTP/2.0" 200 6943 "-" "Mozilla/5.0"
65.21.35.250 - - [20/Oct/2025:11:09:32 -0400] "GET /top-10-mustard-oil-hair-masks-for-dull-dry-hair/?amp HTTP/2.0" 200 311753 "-" "Mozilla/5.0 (compatible; SeekportBot; +https://bot.seekport.com)"
65.21.35.250 - - [20/Oct/2025:11:09:36 -0400] "GET /12-eye-makeup-tips-to-keep-in-mind-when-wearing-contact-lenses/?amp HTTP/2.0" 200 313293 "-" "Mozilla/5.0 (compatible; SeekportBot; +https://bot.seekport.com)"
66.249.74.109 - - [20/Oct/2025:11:09:40 -0400] "GET /wp-content/uploads/2019/11/cropped-blushin-small-logo-32x32.png HTTP/2.0" 200 1371 "-" "Googlebot-Image/1.0"
65.21.35.250 - - [20/Oct/2025:11:09:39 -0400] "GET /11-facts-you-must-know-about-neerja-bhanot-ac/?amp HTTP/2.0" 200 312112 "-" "Mozilla/5.0 (compatible; SeekportBot; +https://bot.seekport.com)"
65.21.35.250 - - [20/Oct/2025:11:09:43 -0400] "GET /top-6-hacks-get-rid-pores-home/?amp HTTP/2.0" 200 308567 "-" "Mozilla/5.0 (compatible; SeekportBot; +https://bot.seekport.com)"
65.21.35.250 - - [20/Oct/2025:11:09:46 -0400] "GET /know-significance-bells-temples/?amp HTTP/2.0" 200 309224 "-" "Mozilla/5.0 (compatible; SeekportBot; +https://bot.seekport.com)"
216.244.66.235 - - [20/Oct/2025:11:09:49 -0400] "GET /tag/how-to-make-paneer-curry-at-home/ HTTP/2.0" 200 449843 "-" "Mozilla/5.0 (compatible; DotBot/1.2; +https://opensiteexplorer.org/dotbot; [email protected])"
65.21.35.250 - - [20/Oct/2025:11:09:50 -0400] "GET /is-it-safe-to-use-castor-oil-during-pregnancy/?amp HTTP/2.0" 200 312643 "-" "Mozilla/5.0 (compatible; SeekportBot; +https://bot.seekport.com)"
65.21.35.250 - - [20/Oct/2025:11:09:54 -0400] "GET /best-herbs-to-burn-belly-fat-faster/?amp HTTP/2.0" 200 312925 "-" "Mozilla/5.0 (compatible; SeekportBot; +https://bot.seekport.com)"
65.21.35.250 - - [20/Oct/2025:11:09:57 -0400] "GET /flirting-tips/?amp HTTP/2.0" 200 317133 "-" "Mozilla/5.0 (compatible; SeekportBot; +https://bot.seekport.com)"
65.21.35.250 - - [20/Oct/2025:11:10:00 -0400] "GET /6-awesome-tips-to-get-rid-of-butt-fat-easily/?amp HTTP/2.0" 200 308841 "-" "Mozilla/5.0 (compatible; SeekportBot; +https://bot.seekport.com)"
65.21.35.250 - - [20/Oct/2025:11:10:03 -0400] "GET /7-things-you-need-to-put-on-your-face-before-going-to-bed/?amp HTTP/2.0" 200 309512 "-" "Mozilla/5.0 (compatible; SeekportBot; +https://bot.seekport.com)"
65.21.35.250 - - [20/Oct/2025:11:10:05 -0400] "GET /control-eyelash-loss-10-days-causes-treatment-remedies/?amp HTTP/2.0" 200 318631 "-" "Mozilla/5.0 (compatible; SeekportBot; +https://bot.seekport.com)"
216.244.66.235 - - [20/Oct/2025:11:10:07 -0400] "GET /tag/lipstick-shades-for-medium-skin-tones/ HTTP/2.0" 200 449843 "-" "Mozilla/5.0 (compatible; DotBot/1.2; +https://opensiteexplorer.org/dotbot; [email protected])"
65.21.35.250 - - [20/Oct/2025:11:10:08 -0400] "GET /buzz-6-shortest-marriages-bollywood/?amp HTTP/2.0" 200 308970 "-" "Mozilla/5.0 (compatible; SeekportBot; +https://bot.seekport.com)"
65.21.35.250 - - [20/Oct/2025:11:10:11 -0400] "GET /mushroom-manchurian-dry-recipe/?amp HTTP/2.0" 200 303425 "-" "Mozilla/5.0 (compatible; SeekportBot; +https://bot.seekport.com)"
20.235.75.216 - - [20/Oct/2025:11:10:13 -0400] "GET / HTTP/2.0" 200 226287 "-" "Mozilla/5.0 AppleWebKit/537.36 (KHTML, like Gecko); compatible; ChatGPT-User/1.0; +https://openai.com/bot"
65.21.35.250 - - [20/Oct/2025:11:10:15 -0400] "GET /acupressure-to-reduce-bloating/?amp HTTP/2.0" 200 309873 "-" "Mozilla/5.0 (compatible; SeekportBot; +https://bot.seekport.com)"
65.21.35.250 - - [20/Oct/2025:11:10:18 -0400] "GET /charcoal-mask-benefits/?amp HTTP/2.0" 200 310978 "-" "Mozilla/5.0 (compatible; SeekportBot; +https://bot.seekport.com)"
65.21.35.250 - - [20/Oct/2025:11:10:21 -0400] "GET /different-phobias-and-their-meanings/?amp HTTP/2.0" 200 311248 "-" "Mozilla/5.0 (compatible; SeekportBot; +https://bot.seekport.com)"
65.21.35.250 - - [20/Oct/2025:11:10:25 -0400] "GET /how-to-reduce-breast-size-best-7-ways/?amp HTTP/2.0" 200 308050 "-" "Mozilla/5.0 (compatible; SeekportBot; +https://bot.seekport.com)"
119.249.100.179 - - [20/Oct/2025:11:10:25 -0400] "GET /latest-beauty-campaign-stars-model-syndrome-guccis-beautiful-gesture-wins-hearts-around/ HTTP/2.0" 200 310467 "-" "Mozilla/5.0 (Windows NT 10.0; WOW64) AppleWebKit/537.36 (KHTML, like Gecko) Chrome/48.0.2564.116 Safari/537.36"
216.244.66.235 - - [20/Oct/2025:11:10:26 -0400] "GET /tag/losing-weight-breasts-sagging/ HTTP/2.0" 200 449843 "-" "Mozilla/5.0 (compatible; DotBot/1.2; +https://opensiteexplorer.org/dotbot; [email protected])"
65.21.35.250 - - [20/Oct/2025:11:10:27 -0400] "GET /benefits-of-steaming-your-hair/?amp HTTP/2.0" 200 317581 "-" "Mozilla/5.0 (compatible; SeekportBot; +https://bot.seekport.com)"
170.231.191.118 - - [20/Oct/2025:11:10:28 -0400] "GET /tag/casino-yukon-gold/ HTTP/2.0" 200 208241 "-" "Mozilla/5.0 (Macintosh; Intel Mac OS X 10_15_7) AppleWebKit/537.36 (KHTML, like Gecko) Chrome/100.0.4896.60 Safari/537.36"
65.21.35.250 - - [20/Oct/2025:11:10:30 -0400] "GET /how-to-use-leftover-papaya-seeds-for-beauty/ HTTP/2.0" 200 306995 "-" "Mozilla/5.0 (compatible; SeekportBot; +https://bot.seekport.com)"
177.86.9.18 - - [20/Oct/2025:11:10:30 -0400] "GET /hell-spin-free-spins-524/ HTTP/2.0" 200 309250 "-" "Mozilla/5.0 (Windows NT 10.0; Win64; x64) AppleWebKit/537.36 (KHTML, like Gecko) Chrome/71.0.3578.98 Safari/537.36"
65.21.35.250 - - [20/Oct/2025:11:10:32 -0400] "GET /honey-and-ginger-face-pack/?amp HTTP/2.0" 200 307032 "-" "Mozilla/5.0 (compatible; SeekportBot; +https://bot.seekport.com)"
65.21.35.250 - - [20/Oct/2025:11:10:34 -0400] "GET /10-skin-whitening-remedies-for-oily-skin/?amp HTTP/2.0" 200 311585 "-" "Mozilla/5.0 (compatible; SeekportBot; +https://bot.seekport.com)"
65.21.35.250 - - [20/Oct/2025:11:10:37 -0400] "GET /holi-special-quick-recipe-for-bhang-thandai/?amp HTTP/2.0" 200 305886 "-" "Mozilla/5.0 (compatible; SeekportBot; +https://bot.seekport.com)"
54.236.1.11 - - [20/Oct/2025:11:10:37 -0400] "GET /foods-to-prevent-acidity/ HTTP/2.0" 200 449843 "-" "Mozilla/5.0 (compatible; Pinterestbot/1.0; +http://www.pinterest.com/bot.html)"
65.21.35.250 - - [20/Oct/2025:11:10:40 -0400] "GET /side-effects-of-banana/?amp HTTP/2.0" 200 318070 "-" "Mozilla/5.0 (compatible; SeekportBot; +https://bot.seekport.com)"
65.21.35.250 - - [20/Oct/2025:11:10:43 -0400] "GET /real-padman-lesser-known-facts-about-arunachalam-muruganantham/?amp HTTP/2.0" 200 311725 "-" "Mozilla/5.0 (compatible; SeekportBot; +https://bot.seekport.com)"
216.244.66.235 - - [20/Oct/2025:11:10:42 -0400] "GET /tag/mango-ice-cream-recipe-david-lebovitz/ HTTP/2.0" 200 449843 "-" "Mozilla/5.0 (compatible; DotBot/1.2; +https://opensiteexplorer.org/dotbot; [email protected])"
65.21.35.250 - - [20/Oct/2025:11:10:45 -0400] "GET /7-reasons-why-women-wear-makeup/?amp HTTP/2.0" 200 308730 "-" "Mozilla/5.0 (compatible; SeekportBot; +https://bot.seekport.com)"
65.21.35.250 - - [20/Oct/2025:11:10:48 -0400] "GET /10-health-benefits-of-eating-ginger-for-a-month/?amp HTTP/2.0" 200 311119 "-" "Mozilla/5.0 (compatible; SeekportBot; +https://bot.seekport.com)"
65.21.35.250 - - [20/Oct/2025:11:10:52 -0400] "GET /olive-oil-face-masks/?amp HTTP/2.0" 200 316160 "-" "Mozilla/5.0 (compatible; SeekportBot; +https://bot.seekport.com)"
146.174.182.196 - - [20/Oct/2025:11:10:55 -0400] "GET /a-mobil-jatek-novekedese-a-kaszinoiparban-43/ HTTP/2.0" 200 299925 "-" "Mozilla/5.0 (Windows; U; Windows NT 6.1; en-US) AppleWebKit/534.17 (KHTML, like Gecko) Chrome/11.0.654.0 Safari/534.17"
52.167.144.184 - - [20/Oct/2025:11:10:55 -0400] "GET /tag/back-hand-mehndi-designs/ HTTP/2.0" 200 449843 "-" "Mozilla/5.0 AppleWebKit/537.36 (KHTML, like Gecko; compatible; bingbot/2.0; +http://www.bing.com/bingbot.htm) Chrome/116.0.1938.76 Safari/537.36"
65.21.35.250 - - [20/Oct/2025:11:10:55 -0400] "GET /10-ways-to-get-rid-of-cockroaches/?amp HTTP/2.0" 200 316603 "-" "Mozilla/5.0 (compatible; SeekportBot; +https://bot.seekport.com)"
65.21.35.250 - - [20/Oct/2025:11:10:58 -0400] "GET /top-10-health-benefits-gelatin-know/?amp HTTP/2.0" 200 312699 "-" "Mozilla/5.0 (compatible; SeekportBot; +https://bot.seekport.com)"
216.244.66.235 - - [20/Oct/2025:11:11:00 -0400] "GET /tag/masoor-dal-for-acne-scars/ HTTP/2.0" 200 449843 "-" "Mozilla/5.0 (compatible; DotBot/1.2; +https://opensiteexplorer.org/dotbot; [email protected])"
