196.251.86.68 - - [20/Oct/2025:10:47:03 -0400] "POST //xmlrpc.php HTTP/2.0" 200 401 "-" "Mozilla/5.0 (Windows NT 10.0; Win64; x64) AppleWebKit/537.36 (KHTML, like Gecko) Chrome/80.0.3987.149 Safari/537.36"
196.251.86.68 - - [20/Oct/2025:10:47:04 -0400] "POST //xmlrpc.php HTTP/2.0" 200 401 "-" "Mozilla/5.0 (Windows NT 10.0; Win64; x64) AppleWebKit/537.36 (KHTML, like Gecko) Chrome/80.0.3987.149 Safari/537.36"
196.251.86.68 - - [20/Oct/2025:10:47:05 -0400] "POST //xmlrpc.php HTTP/2.0" 200 401 "-" "Mozilla/5.0 (Windows NT 10.0; Win64; x64) AppleWebKit/537.36 (KHTML, like Gecko) Chrome/80.0.3987.149 Safari/537.36"
2a03:2880:f800:3c:: - - [20/Oct/2025:10:47:03 -0400] "GET /how-to-make-tasty-and-crunchy-aloo-tikki-chaat/ HTTP/2.0" 200 449843 "-" "meta-externalagent/1.1 (+https://developers.facebook.com/docs/sharing/webmasters/crawler)"
196.251.86.68 - - [20/Oct/2025:10:47:05 -0400] "POST //xmlrpc.php HTTP/2.0" 200 401 "-" "Mozilla/5.0 (Windows NT 10.0; Win64; x64) AppleWebKit/537.36 (KHTML, like Gecko) Chrome/80.0.3987.149 Safari/537.36"
196.251.86.68 - - [20/Oct/2025:10:47:06 -0400] "POST //xmlrpc.php HTTP/2.0" 200 401 "-" "Mozilla/5.0 (Windows NT 10.0; Win64; x64) AppleWebKit/537.36 (KHTML, like Gecko) Chrome/80.0.3987.149 Safari/537.36"
196.251.86.68 - - [20/Oct/2025:10:47:06 -0400] "POST //xmlrpc.php HTTP/2.0" 200 401 "-" "Mozilla/5.0 (Windows NT 10.0; Win64; x64) AppleWebKit/537.36 (KHTML, like Gecko) Chrome/80.0.3987.149 Safari/537.36"
196.251.86.68 - - [20/Oct/2025:10:47:07 -0400] "POST //xmlrpc.php HTTP/2.0" 200 401 "-" "Mozilla/5.0 (Windows NT 10.0; Win64; x64) AppleWebKit/537.36 (KHTML, like Gecko) Chrome/80.0.3987.149 Safari/537.36"
196.251.86.68 - - [20/Oct/2025:10:47:08 -0400] "POST //xmlrpc.php HTTP/2.0" 200 401 "-" "Mozilla/5.0 (Windows NT 10.0; Win64; x64) AppleWebKit/537.36 (KHTML, like Gecko) Chrome/80.0.3987.149 Safari/537.36"
196.251.86.68 - - [20/Oct/2025:10:47:08 -0400] "POST //xmlrpc.php HTTP/2.0" 200 401 "-" "Mozilla/5.0 (Windows NT 10.0; Win64; x64) AppleWebKit/537.36 (KHTML, like Gecko) Chrome/80.0.3987.149 Safari/537.36"
216.244.66.235 - - [20/Oct/2025:10:47:06 -0400] "GET /tag/kissing-facts-kiss-benefits/feed/ HTTP/2.0" 200 449843 "-" "Mozilla/5.0 (compatible; DotBot/1.2; +https://opensiteexplorer.org/dotbot; [email protected])"
196.251.86.68 - - [20/Oct/2025:10:47:09 -0400] "POST //xmlrpc.php HTTP/2.0" 200 401 "-" "Mozilla/5.0 (Windows NT 10.0; Win64; x64) AppleWebKit/537.36 (KHTML, like Gecko) Chrome/80.0.3987.149 Safari/537.36"
196.251.86.68 - - [20/Oct/2025:10:47:10 -0400] "POST //xmlrpc.php HTTP/2.0" 200 401 "-" "Mozilla/5.0 (Windows NT 10.0; Win64; x64) AppleWebKit/537.36 (KHTML, like Gecko) Chrome/80.0.3987.149 Safari/537.36"
196.251.86.68 - - [20/Oct/2025:10:47:11 -0400] "POST //xmlrpc.php HTTP/2.0" 200 401 "-" "Mozilla/5.0 (Windows NT 10.0; Win64; x64) AppleWebKit/537.36 (KHTML, like Gecko) Chrome/80.0.3987.149 Safari/537.36"
196.251.86.68 - - [20/Oct/2025:10:47:11 -0400] "POST //xmlrpc.php HTTP/2.0" 200 401 "-" "Mozilla/5.0 (Windows NT 10.0; Win64; x64) AppleWebKit/537.36 (KHTML, like Gecko) Chrome/80.0.3987.149 Safari/537.36"
196.251.86.68 - - [20/Oct/2025:10:47:12 -0400] "POST //xmlrpc.php HTTP/2.0" 200 401 "-" "Mozilla/5.0 (Windows NT 10.0; Win64; x64) AppleWebKit/537.36 (KHTML, like Gecko) Chrome/80.0.3987.149 Safari/537.36"
196.251.86.68 - - [20/Oct/2025:10:47:13 -0400] "POST //xmlrpc.php HTTP/2.0" 200 401 "-" "Mozilla/5.0 (Windows NT 10.0; Win64; x64) AppleWebKit/537.36 (KHTML, like Gecko) Chrome/80.0.3987.149 Safari/537.36"
196.251.86.68 - - [20/Oct/2025:10:47:13 -0400] "POST //xmlrpc.php HTTP/2.0" 200 401 "-" "Mozilla/5.0 (Windows NT 10.0; Win64; x64) AppleWebKit/537.36 (KHTML, like Gecko) Chrome/80.0.3987.149 Safari/537.36"
196.251.86.68 - - [20/Oct/2025:10:47:14 -0400] "POST //xmlrpc.php HTTP/2.0" 200 401 "-" "Mozilla/5.0 (Windows NT 10.0; Win64; x64) AppleWebKit/537.36 (KHTML, like Gecko) Chrome/80.0.3987.149 Safari/537.36"
196.251.86.68 - - [20/Oct/2025:10:47:14 -0400] "POST //xmlrpc.php HTTP/2.0" 200 401 "-" "Mozilla/5.0 (Windows NT 10.0; Win64; x64) AppleWebKit/537.36 (KHTML, like Gecko) Chrome/80.0.3987.149 Safari/537.36"
196.251.86.68 - - [20/Oct/2025:10:47:15 -0400] "POST //xmlrpc.php HTTP/2.0" 200 401 "-" "Mozilla/5.0 (Windows NT 10.0; Win64; x64) AppleWebKit/537.36 (KHTML, like Gecko) Chrome/80.0.3987.149 Safari/537.36"
196.251.86.68 - - [20/Oct/2025:10:47:15 -0400] "POST //xmlrpc.php HTTP/2.0" 200 401 "-" "Mozilla/5.0 (Windows NT 10.0; Win64; x64) AppleWebKit/537.36 (KHTML, like Gecko) Chrome/80.0.3987.149 Safari/537.36"
196.251.86.68 - - [20/Oct/2025:10:47:16 -0400] "POST //xmlrpc.php HTTP/2.0" 200 401 "-" "Mozilla/5.0 (Windows NT 10.0; Win64; x64) AppleWebKit/537.36 (KHTML, like Gecko) Chrome/80.0.3987.149 Safari/537.36"
196.251.86.68 - - [20/Oct/2025:10:47:16 -0400] "POST //xmlrpc.php HTTP/2.0" 200 401 "-" "Mozilla/5.0 (Windows NT 10.0; Win64; x64) AppleWebKit/537.36 (KHTML, like Gecko) Chrome/80.0.3987.149 Safari/537.36"
196.251.86.68 - - [20/Oct/2025:10:47:17 -0400] "POST //xmlrpc.php HTTP/2.0" 200 401 "-" "Mozilla/5.0 (Windows NT 10.0; Win64; x64) AppleWebKit/537.36 (KHTML, like Gecko) Chrome/80.0.3987.149 Safari/537.36"
196.251.86.68 - - [20/Oct/2025:10:47:17 -0400] "POST //xmlrpc.php HTTP/2.0" 200 401 "-" "Mozilla/5.0 (Windows NT 10.0; Win64; x64) AppleWebKit/537.36 (KHTML, like Gecko) Chrome/80.0.3987.149 Safari/537.36"
196.251.86.68 - - [20/Oct/2025:10:47:18 -0400] "POST //xmlrpc.php HTTP/2.0" 200 401 "-" "Mozilla/5.0 (Windows NT 10.0; Win64; x64) AppleWebKit/537.36 (KHTML, like Gecko) Chrome/80.0.3987.149 Safari/537.36"
196.251.86.68 - - [20/Oct/2025:10:47:18 -0400] "POST //xmlrpc.php HTTP/2.0" 200 401 "-" "Mozilla/5.0 (Windows NT 10.0; Win64; x64) AppleWebKit/537.36 (KHTML, like Gecko) Chrome/80.0.3987.149 Safari/537.36"
196.251.86.68 - - [20/Oct/2025:10:47:20 -0400] "POST //xmlrpc.php HTTP/2.0" 200 401 "-" "Mozilla/5.0 (Windows NT 10.0; Win64; x64) AppleWebKit/537.36 (KHTML, like Gecko) Chrome/80.0.3987.149 Safari/537.36"
196.251.86.68 - - [20/Oct/2025:10:47:20 -0400] "POST //xmlrpc.php HTTP/2.0" 200 401 "-" "Mozilla/5.0 (Windows NT 10.0; Win64; x64) AppleWebKit/537.36 (KHTML, like Gecko) Chrome/80.0.3987.149 Safari/537.36"
196.251.86.68 - - [20/Oct/2025:10:47:20 -0400] "POST //xmlrpc.php HTTP/2.0" 200 401 "-" "Mozilla/5.0 (Windows NT 10.0; Win64; x64) AppleWebKit/537.36 (KHTML, like Gecko) Chrome/80.0.3987.149 Safari/537.36"
196.251.86.68 - - [20/Oct/2025:10:47:21 -0400] "POST //xmlrpc.php HTTP/2.0" 200 401 "-" "Mozilla/5.0 (Windows NT 10.0; Win64; x64) AppleWebKit/537.36 (KHTML, like Gecko) Chrome/80.0.3987.149 Safari/537.36"
196.251.86.68 - - [20/Oct/2025:10:47:22 -0400] "POST //xmlrpc.php HTTP/2.0" 200 401 "-" "Mozilla/5.0 (Windows NT 10.0; Win64; x64) AppleWebKit/537.36 (KHTML, like Gecko) Chrome/80.0.3987.149 Safari/537.36"
196.251.86.68 - - [20/Oct/2025:10:47:22 -0400] "POST //xmlrpc.php HTTP/2.0" 200 401 "-" "Mozilla/5.0 (Windows NT 10.0; Win64; x64) AppleWebKit/537.36 (KHTML, like Gecko) Chrome/80.0.3987.149 Safari/537.36"
196.251.86.68 - - [20/Oct/2025:10:47:23 -0400] "POST //xmlrpc.php HTTP/2.0" 200 401 "-" "Mozilla/5.0 (Windows NT 10.0; Win64; x64) AppleWebKit/537.36 (KHTML, like Gecko) Chrome/80.0.3987.149 Safari/537.36"
196.251.86.68 - - [20/Oct/2025:10:47:23 -0400] "POST //xmlrpc.php HTTP/2.0" 200 401 "-" "Mozilla/5.0 (Windows NT 10.0; Win64; x64) AppleWebKit/537.36 (KHTML, like Gecko) Chrome/80.0.3987.149 Safari/537.36"
216.244.66.235 - - [20/Oct/2025:10:47:22 -0400] "GET /tag/mango-ice-cream-cuisinart-ice-cream-maker/feed/ HTTP/2.0" 200 449843 "-" "Mozilla/5.0 (compatible; DotBot/1.2; +https://opensiteexplorer.org/dotbot; [email protected])"
196.251.86.68 - - [20/Oct/2025:10:47:24 -0400] "POST //xmlrpc.php HTTP/2.0" 200 401 "-" "Mozilla/5.0 (Windows NT 10.0; Win64; x64) AppleWebKit/537.36 (KHTML, like Gecko) Chrome/80.0.3987.149 Safari/537.36"
196.251.86.68 - - [20/Oct/2025:10:47:25 -0400] "POST //xmlrpc.php HTTP/2.0" 200 401 "-" "Mozilla/5.0 (Windows NT 10.0; Win64; x64) AppleWebKit/537.36 (KHTML, like Gecko) Chrome/80.0.3987.149 Safari/537.36"
196.251.86.68 - - [20/Oct/2025:10:47:25 -0400] "POST //xmlrpc.php HTTP/2.0" 200 401 "-" "Mozilla/5.0 (Windows NT 10.0; Win64; x64) AppleWebKit/537.36 (KHTML, like Gecko) Chrome/80.0.3987.149 Safari/537.36"
196.251.86.68 - - [20/Oct/2025:10:47:26 -0400] "POST //xmlrpc.php HTTP/2.0" 200 401 "-" "Mozilla/5.0 (Windows NT 10.0; Win64; x64) AppleWebKit/537.36 (KHTML, like Gecko) Chrome/80.0.3987.149 Safari/537.36"
196.251.86.68 - - [20/Oct/2025:10:47:26 -0400] "POST //xmlrpc.php HTTP/2.0" 200 401 "-" "Mozilla/5.0 (Windows NT 10.0; Win64; x64) AppleWebKit/537.36 (KHTML, like Gecko) Chrome/80.0.3987.149 Safari/537.36"
196.251.86.68 - - [20/Oct/2025:10:47:27 -0400] "POST //xmlrpc.php HTTP/2.0" 200 401 "-" "Mozilla/5.0 (Windows NT 10.0; Win64; x64) AppleWebKit/537.36 (KHTML, like Gecko) Chrome/80.0.3987.149 Safari/537.36"
196.251.86.68 - - [20/Oct/2025:10:47:27 -0400] "POST //xmlrpc.php HTTP/2.0" 200 401 "-" "Mozilla/5.0 (Windows NT 10.0; Win64; x64) AppleWebKit/537.36 (KHTML, like Gecko) Chrome/80.0.3987.149 Safari/537.36"
196.251.86.68 - - [20/Oct/2025:10:47:28 -0400] "POST //xmlrpc.php HTTP/2.0" 200 401 "-" "Mozilla/5.0 (Windows NT 10.0; Win64; x64) AppleWebKit/537.36 (KHTML, like Gecko) Chrome/80.0.3987.149 Safari/537.36"
196.251.86.68 - - [20/Oct/2025:10:47:28 -0400] "POST //xmlrpc.php HTTP/2.0" 200 401 "-" "Mozilla/5.0 (Windows NT 10.0; Win64; x64) AppleWebKit/537.36 (KHTML, like Gecko) Chrome/80.0.3987.149 Safari/537.36"
196.251.86.68 - - [20/Oct/2025:10:47:29 -0400] "POST //xmlrpc.php HTTP/2.0" 200 401 "-" "Mozilla/5.0 (Windows NT 10.0; Win64; x64) AppleWebKit/537.36 (KHTML, like Gecko) Chrome/80.0.3987.149 Safari/537.36"
196.251.86.68 - - [20/Oct/2025:10:47:30 -0400] "POST //xmlrpc.php HTTP/2.0" 200 401 "-" "Mozilla/5.0 (Windows NT 10.0; Win64; x64) AppleWebKit/537.36 (KHTML, like Gecko) Chrome/80.0.3987.149 Safari/537.36"
196.251.86.68 - - [20/Oct/2025:10:47:31 -0400] "POST //xmlrpc.php HTTP/2.0" 200 401 "-" "Mozilla/5.0 (Windows NT 10.0; Win64; x64) AppleWebKit/537.36 (KHTML, like Gecko) Chrome/80.0.3987.149 Safari/537.36"
196.251.86.68 - - [20/Oct/2025:10:47:31 -0400] "POST //xmlrpc.php HTTP/2.0" 200 401 "-" "Mozilla/5.0 (Windows NT 10.0; Win64; x64) AppleWebKit/537.36 (KHTML, like Gecko) Chrome/80.0.3987.149 Safari/537.36"
196.251.86.68 - - [20/Oct/2025:10:47:32 -0400] "POST //xmlrpc.php HTTP/2.0" 200 401 "-" "Mozilla/5.0 (Windows NT 10.0; Win64; x64) AppleWebKit/537.36 (KHTML, like Gecko) Chrome/80.0.3987.149 Safari/537.36"
196.251.86.68 - - [20/Oct/2025:10:47:32 -0400] "POST //xmlrpc.php HTTP/2.0" 200 401 "-" "Mozilla/5.0 (Windows NT 10.0; Win64; x64) AppleWebKit/537.36 (KHTML, like Gecko) Chrome/80.0.3987.149 Safari/537.36"
196.251.86.68 - - [20/Oct/2025:10:47:33 -0400] "POST //xmlrpc.php HTTP/2.0" 200 401 "-" "Mozilla/5.0 (Windows NT 10.0; Win64; x64) AppleWebKit/537.36 (KHTML, like Gecko) Chrome/80.0.3987.149 Safari/537.36"
196.251.86.68 - - [20/Oct/2025:10:47:34 -0400] "POST //xmlrpc.php HTTP/2.0" 200 401 "-" "Mozilla/5.0 (Windows NT 10.0; Win64; x64) AppleWebKit/537.36 (KHTML, like Gecko) Chrome/80.0.3987.149 Safari/537.36"
196.251.86.68 - - [20/Oct/2025:10:47:34 -0400] "POST //xmlrpc.php HTTP/2.0" 200 401 "-" "Mozilla/5.0 (Windows NT 10.0; Win64; x64) AppleWebKit/537.36 (KHTML, like Gecko) Chrome/80.0.3987.149 Safari/537.36"
196.251.86.68 - - [20/Oct/2025:10:47:35 -0400] "POST //xmlrpc.php HTTP/2.0" 200 401 "-" "Mozilla/5.0 (Windows NT 10.0; Win64; x64) AppleWebKit/537.36 (KHTML, like Gecko) Chrome/80.0.3987.149 Safari/537.36"
196.251.86.68 - - [20/Oct/2025:10:47:35 -0400] "POST //xmlrpc.php HTTP/2.0" 200 401 "-" "Mozilla/5.0 (Windows NT 10.0; Win64; x64) AppleWebKit/537.36 (KHTML, like Gecko) Chrome/80.0.3987.149 Safari/537.36"
196.251.86.68 - - [20/Oct/2025:10:47:36 -0400] "POST //xmlrpc.php HTTP/2.0" 200 401 "-" "Mozilla/5.0 (Windows NT 10.0; Win64; x64) AppleWebKit/537.36 (KHTML, like Gecko) Chrome/80.0.3987.149 Safari/537.36"
196.251.86.68 - - [20/Oct/2025:10:47:36 -0400] "POST //xmlrpc.php HTTP/2.0" 200 401 "-" "Mozilla/5.0 (Windows NT 10.0; Win64; x64) AppleWebKit/537.36 (KHTML, like Gecko) Chrome/80.0.3987.149 Safari/537.36"
196.251.86.68 - - [20/Oct/2025:10:47:37 -0400] "POST //xmlrpc.php HTTP/2.0" 200 401 "-" "Mozilla/5.0 (Windows NT 10.0; Win64; x64) AppleWebKit/537.36 (KHTML, like Gecko) Chrome/80.0.3987.149 Safari/537.36"
196.251.86.68 - - [20/Oct/2025:10:47:38 -0400] "POST //xmlrpc.php HTTP/2.0" 200 401 "-" "Mozilla/5.0 (Windows NT 10.0; Win64; x64) AppleWebKit/537.36 (KHTML, like Gecko) Chrome/80.0.3987.149 Safari/537.36"
216.244.66.235 - - [20/Oct/2025:10:47:36 -0400] "GET /tag/orange-peel-for-skin/feed/ HTTP/2.0" 200 449843 "-" "Mozilla/5.0 (compatible; DotBot/1.2; +https://opensiteexplorer.org/dotbot; [email protected])"
196.251.86.68 - - [20/Oct/2025:10:47:38 -0400] "POST //xmlrpc.php HTTP/2.0" 200 401 "-" "Mozilla/5.0 (Windows NT 10.0; Win64; x64) AppleWebKit/537.36 (KHTML, like Gecko) Chrome/80.0.3987.149 Safari/537.36"
196.251.86.68 - - [20/Oct/2025:10:47:39 -0400] "POST //xmlrpc.php HTTP/2.0" 200 401 "-" "Mozilla/5.0 (Windows NT 10.0; Win64; x64) AppleWebKit/537.36 (KHTML, like Gecko) Chrome/80.0.3987.149 Safari/537.36"
196.251.86.68 - - [20/Oct/2025:10:47:39 -0400] "POST //xmlrpc.php HTTP/2.0" 200 401 "-" "Mozilla/5.0 (Windows NT 10.0; Win64; x64) AppleWebKit/537.36 (KHTML, like Gecko) Chrome/80.0.3987.149 Safari/537.36"
196.251.86.68 - - [20/Oct/2025:10:47:40 -0400] "POST //xmlrpc.php HTTP/2.0" 200 401 "-" "Mozilla/5.0 (Windows NT 10.0; Win64; x64) AppleWebKit/537.36 (KHTML, like Gecko) Chrome/80.0.3987.149 Safari/537.36"
196.251.86.68 - - [20/Oct/2025:10:47:40 -0400] "POST //xmlrpc.php HTTP/2.0" 200 401 "-" "Mozilla/5.0 (Windows NT 10.0; Win64; x64) AppleWebKit/537.36 (KHTML, like Gecko) Chrome/80.0.3987.149 Safari/537.36"
196.251.86.68 - - [20/Oct/2025:10:47:41 -0400] "POST //xmlrpc.php HTTP/2.0" 200 401 "-" "Mozilla/5.0 (Windows NT 10.0; Win64; x64) AppleWebKit/537.36 (KHTML, like Gecko) Chrome/80.0.3987.149 Safari/537.36"
196.251.86.68 - - [20/Oct/2025:10:47:42 -0400] "POST //xmlrpc.php HTTP/2.0" 200 401 "-" "Mozilla/5.0 (Windows NT 10.0; Win64; x64) AppleWebKit/537.36 (KHTML, like Gecko) Chrome/80.0.3987.149 Safari/537.36"
196.251.86.68 - - [20/Oct/2025:10:47:42 -0400] "POST //xmlrpc.php HTTP/2.0" 200 401 "-" "Mozilla/5.0 (Windows NT 10.0; Win64; x64) AppleWebKit/537.36 (KHTML, like Gecko) Chrome/80.0.3987.149 Safari/537.36"
196.251.86.68 - - [20/Oct/2025:10:47:43 -0400] "POST //xmlrpc.php HTTP/2.0" 200 401 "-" "Mozilla/5.0 (Windows NT 10.0; Win64; x64) AppleWebKit/537.36 (KHTML, like Gecko) Chrome/80.0.3987.149 Safari/537.36"
2a03:2880:f800:2e:: - - [20/Oct/2025:10:47:41 -0400] "GET /tag/famous-cricketers/ HTTP/2.0" 200 449843 "-" "meta-externalagent/1.1 (+https://developers.facebook.com/docs/sharing/webmasters/crawler)"
196.251.86.68 - - [20/Oct/2025:10:47:43 -0400] "POST //xmlrpc.php HTTP/2.0" 200 401 "-" "Mozilla/5.0 (Windows NT 10.0; Win64; x64) AppleWebKit/537.36 (KHTML, like Gecko) Chrome/80.0.3987.149 Safari/537.36"
196.251.86.68 - - [20/Oct/2025:10:47:44 -0400] "POST //xmlrpc.php HTTP/2.0" 200 401 "-" "Mozilla/5.0 (Windows NT 10.0; Win64; x64) AppleWebKit/537.36 (KHTML, like Gecko) Chrome/80.0.3987.149 Safari/537.36"
2a03:2880:f800:14:: - - [20/Oct/2025:10:47:42 -0400] "GET /tag/amazing-facts-about-human-body-in-hindi/ HTTP/2.0" 200 449843 "-" "meta-externalagent/1.1 (+https://developers.facebook.com/docs/sharing/webmasters/crawler)"
196.251.86.68 - - [20/Oct/2025:10:47:44 -0400] "POST //xmlrpc.php HTTP/2.0" 200 401 "-" "Mozilla/5.0 (Windows NT 10.0; Win64; x64) AppleWebKit/537.36 (KHTML, like Gecko) Chrome/80.0.3987.149 Safari/537.36"
196.251.86.68 - - [20/Oct/2025:10:47:45 -0400] "POST //xmlrpc.php HTTP/2.0" 200 401 "-" "Mozilla/5.0 (Windows NT 10.0; Win64; x64) AppleWebKit/537.36 (KHTML, like Gecko) Chrome/80.0.3987.149 Safari/537.36"
192.3.114.223 - - [20/Oct/2025:10:47:44 -0400] "GET /ginger-to-treat-skin-hypopigmentation/ HTTP/2.0" 200 449843 "-" "Mozilla/5.0 (Windows NT 10.0; Win64; x64) AppleWebKit/537.36 (KHTML, like Gecko) Chrome/133.0.0.0 Safari/537.36"
196.251.86.68 - - [20/Oct/2025:10:47:46 -0400] "POST //xmlrpc.php HTTP/2.0" 200 401 "-" "Mozilla/5.0 (Windows NT 10.0; Win64; x64) AppleWebKit/537.36 (KHTML, like Gecko) Chrome/80.0.3987.149 Safari/537.36"
196.251.86.68 - - [20/Oct/2025:10:47:46 -0400] "POST //xmlrpc.php HTTP/2.0" 200 401 "-" "Mozilla/5.0 (Windows NT 10.0; Win64; x64) AppleWebKit/537.36 (KHTML, like Gecko) Chrome/80.0.3987.149 Safari/537.36"
196.251.86.68 - - [20/Oct/2025:10:47:47 -0400] "POST //xmlrpc.php HTTP/2.0" 200 401 "-" "Mozilla/5.0 (Windows NT 10.0; Win64; x64) AppleWebKit/537.36 (KHTML, like Gecko) Chrome/80.0.3987.149 Safari/537.36"
196.251.86.68 - - [20/Oct/2025:10:47:48 -0400] "POST //xmlrpc.php HTTP/2.0" 200 401 "-" "Mozilla/5.0 (Windows NT 10.0; Win64; x64) AppleWebKit/537.36 (KHTML, like Gecko) Chrome/80.0.3987.149 Safari/537.36"
196.251.86.68 - - [20/Oct/2025:10:47:48 -0400] "POST //xmlrpc.php HTTP/2.0" 200 401 "-" "Mozilla/5.0 (Windows NT 10.0; Win64; x64) AppleWebKit/537.36 (KHTML, like Gecko) Chrome/80.0.3987.149 Safari/537.36"
196.251.86.68 - - [20/Oct/2025:10:47:49 -0400] "POST //xmlrpc.php HTTP/2.0" 200 401 "-" "Mozilla/5.0 (Windows NT 10.0; Win64; x64) AppleWebKit/537.36 (KHTML, like Gecko) Chrome/80.0.3987.149 Safari/537.36"
196.251.86.68 - - [20/Oct/2025:10:47:49 -0400] "POST //xmlrpc.php HTTP/2.0" 200 401 "-" "Mozilla/5.0 (Windows NT 10.0; Win64; x64) AppleWebKit/537.36 (KHTML, like Gecko) Chrome/80.0.3987.149 Safari/537.36"
196.251.86.68 - - [20/Oct/2025:10:47:50 -0400] "POST //xmlrpc.php HTTP/2.0" 200 401 "-" "Mozilla/5.0 (Windows NT 10.0; Win64; x64) AppleWebKit/537.36 (KHTML, like Gecko) Chrome/80.0.3987.149 Safari/537.36"
216.244.66.235 - - [20/Oct/2025:10:47:49 -0400] "GET /tag/perks-of-dating-your-best-friend/feed/ HTTP/2.0" 200 449843 "-" "Mozilla/5.0 (compatible; DotBot/1.2; +https://opensiteexplorer.org/dotbot; [email protected])"
196.251.86.68 - - [20/Oct/2025:10:47:51 -0400] "POST //xmlrpc.php HTTP/2.0" 200 401 "-" "Mozilla/5.0 (Windows NT 10.0; Win64; x64) AppleWebKit/537.36 (KHTML, like Gecko) Chrome/80.0.3987.149 Safari/537.36"
196.251.86.68 - - [20/Oct/2025:10:47:51 -0400] "POST //xmlrpc.php HTTP/2.0" 200 401 "-" "Mozilla/5.0 (Windows NT 10.0; Win64; x64) AppleWebKit/537.36 (KHTML, like Gecko) Chrome/80.0.3987.149 Safari/537.36"
196.251.86.68 - - [20/Oct/2025:10:47:52 -0400] "POST //xmlrpc.php HTTP/2.0" 200 401 "-" "Mozilla/5.0 (Windows NT 10.0; Win64; x64) AppleWebKit/537.36 (KHTML, like Gecko) Chrome/80.0.3987.149 Safari/537.36"
196.251.86.68 - - [20/Oct/2025:10:47:52 -0400] "POST //xmlrpc.php HTTP/2.0" 200 401 "-" "Mozilla/5.0 (Windows NT 10.0; Win64; x64) AppleWebKit/537.36 (KHTML, like Gecko) Chrome/80.0.3987.149 Safari/537.36"
196.251.86.68 - - [20/Oct/2025:10:47:53 -0400] "POST //xmlrpc.php HTTP/2.0" 200 401 "-" "Mozilla/5.0 (Windows NT 10.0; Win64; x64) AppleWebKit/537.36 (KHTML, like Gecko) Chrome/80.0.3987.149 Safari/537.36"
202.76.164.36 - - [20/Oct/2025:10:47:51 -0400] "GET /tag/20bet-5-reais/ HTTP/2.0" 200 210987 "-" "Mozilla/5.0 (Macintosh; U; PPC Mac OS X; fr) AppleWebKit/85.7 (KHTML, like Gecko) Safari/85.5"
196.251.86.68 - - [20/Oct/2025:10:47:54 -0400] "POST //xmlrpc.php HTTP/2.0" 200 401 "-" "Mozilla/5.0 (Windows NT 10.0; Win64; x64) AppleWebKit/537.36 (KHTML, like Gecko) Chrome/80.0.3987.149 Safari/537.36"
196.251.86.68 - - [20/Oct/2025:10:47:54 -0400] "POST //xmlrpc.php HTTP/2.0" 200 401 "-" "Mozilla/5.0 (Windows NT 10.0; Win64; x64) AppleWebKit/537.36 (KHTML, like Gecko) Chrome/80.0.3987.149 Safari/537.36"
196.251.86.68 - - [20/Oct/2025:10:47:55 -0400] "POST //xmlrpc.php HTTP/2.0" 200 401 "-" "Mozilla/5.0 (Windows NT 10.0; Win64; x64) AppleWebKit/537.36 (KHTML, like Gecko) Chrome/80.0.3987.149 Safari/537.36"
2a03:2880:f800:40:: - - [20/Oct/2025:10:47:53 -0400] "GET /16-incredible-uses-of-petroleum-jelly/ HTTP/2.0" 200 449843 "-" "meta-externalagent/1.1 (+https://developers.facebook.com/docs/sharing/webmasters/crawler)"
196.251.86.68 - - [20/Oct/2025:10:47:55 -0400] "POST //xmlrpc.php HTTP/2.0" 200 401 "-" "Mozilla/5.0 (Windows NT 10.0; Win64; x64) AppleWebKit/537.36 (KHTML, like Gecko) Chrome/80.0.3987.149 Safari/537.36"
196.251.86.68 - - [20/Oct/2025:10:47:56 -0400] "POST //xmlrpc.php HTTP/2.0" 200 401 "-" "Mozilla/5.0 (Windows NT 10.0; Win64; x64) AppleWebKit/537.36 (KHTML, like Gecko) Chrome/80.0.3987.149 Safari/537.36"
196.251.86.68 - - [20/Oct/2025:10:47:56 -0400] "POST //xmlrpc.php HTTP/2.0" 200 401 "-" "Mozilla/5.0 (Windows NT 10.0; Win64; x64) AppleWebKit/537.36 (KHTML, like Gecko) Chrome/80.0.3987.149 Safari/537.36"
196.251.86.68 - - [20/Oct/2025:10:47:57 -0400] "POST //xmlrpc.php HTTP/2.0" 200 401 "-" "Mozilla/5.0 (Windows NT 10.0; Win64; x64) AppleWebKit/537.36 (KHTML, like Gecko) Chrome/80.0.3987.149 Safari/537.36"
196.251.86.68 - - [20/Oct/2025:10:47:58 -0400] "POST //xmlrpc.php HTTP/2.0" 200 401 "-" "Mozilla/5.0 (Windows NT 10.0; Win64; x64) AppleWebKit/537.36 (KHTML, like Gecko) Chrome/80.0.3987.149 Safari/537.36"
196.251.86.68 - - [20/Oct/2025:10:47:58 -0400] "POST //xmlrpc.php HTTP/2.0" 200 401 "-" "Mozilla/5.0 (Windows NT 10.0; Win64; x64) AppleWebKit/537.36 (KHTML, like Gecko) Chrome/80.0.3987.149 Safari/537.36"
196.251.86.68 - - [20/Oct/2025:10:47:59 -0400] "POST //xmlrpc.php HTTP/2.0" 200 401 "-" "Mozilla/5.0 (Windows NT 10.0; Win64; x64) AppleWebKit/537.36 (KHTML, like Gecko) Chrome/80.0.3987.149 Safari/537.36"
114.119.141.53 - - [20/Oct/2025:10:47:58 -0400] "GET /tag/hindi-songs-to-dedicate-to-your-crush/ HTTP/2.0" 200 48554 "https://blushin.com/wp-sitemap-taxonomies-post_tag-17.xml" "Mozilla/5.0 (Linux; Android 7.0;) AppleWebKit/537.36 (KHTML, like Gecko) Mobile Safari/537.36 (compatible; PetalBot;+https://webmaster.petalsearch.com/site/petalbot)"
196.251.86.68 - - [20/Oct/2025:10:48:00 -0400] "POST //xmlrpc.php HTTP/2.0" 200 401 "-" "Mozilla/5.0 (Windows NT 10.0; Win64; x64) AppleWebKit/537.36 (KHTML, like Gecko) Chrome/80.0.3987.149 Safari/537.36"
196.251.86.68 - - [20/Oct/2025:10:48:01 -0400] "POST //xmlrpc.php HTTP/2.0" 200 401 "-" "Mozilla/5.0 (Windows NT 10.0; Win64; x64) AppleWebKit/537.36 (KHTML, like Gecko) Chrome/80.0.3987.149 Safari/537.36"
196.251.86.68 - - [20/Oct/2025:10:48:01 -0400] "POST //xmlrpc.php HTTP/2.0" 200 401 "-" "Mozilla/5.0 (Windows NT 10.0; Win64; x64) AppleWebKit/537.36 (KHTML, like Gecko) Chrome/80.0.3987.149 Safari/537.36"
196.251.86.68 - - [20/Oct/2025:10:48:02 -0400] "POST //xmlrpc.php HTTP/2.0" 200 401 "-" "Mozilla/5.0 (Windows NT 10.0; Win64; x64) AppleWebKit/537.36 (KHTML, like Gecko) Chrome/80.0.3987.149 Safari/537.36"
196.251.86.68 - - [20/Oct/2025:10:48:02 -0400] "POST //xmlrpc.php HTTP/2.0" 200 401 "-" "Mozilla/5.0 (Windows NT 10.0; Win64; x64) AppleWebKit/537.36 (KHTML, like Gecko) Chrome/80.0.3987.149 Safari/537.36"
196.251.86.68 - - [20/Oct/2025:10:48:03 -0400] "POST //xmlrpc.php HTTP/2.0" 200 401 "-" "Mozilla/5.0 (Windows NT 10.0; Win64; x64) AppleWebKit/537.36 (KHTML, like Gecko) Chrome/80.0.3987.149 Safari/537.36"
196.251.86.68 - - [20/Oct/2025:10:48:04 -0400] "POST //xmlrpc.php HTTP/2.0" 200 401 "-" "Mozilla/5.0 (Windows NT 10.0; Win64; x64) AppleWebKit/537.36 (KHTML, like Gecko) Chrome/80.0.3987.149 Safari/537.36"
196.251.86.68 - - [20/Oct/2025:10:48:04 -0400] "POST //xmlrpc.php HTTP/2.0" 200 401 "-" "Mozilla/5.0 (Windows NT 10.0; Win64; x64) AppleWebKit/537.36 (KHTML, like Gecko) Chrome/80.0.3987.149 Safari/537.36"
196.251.86.68 - - [20/Oct/2025:10:48:05 -0400] "POST //xmlrpc.php HTTP/2.0" 200 401 "-" "Mozilla/5.0 (Windows NT 10.0; Win64; x64) AppleWebKit/537.36 (KHTML, like Gecko) Chrome/80.0.3987.149 Safari/537.36"
196.251.86.68 - - [20/Oct/2025:10:48:05 -0400] "POST //xmlrpc.php HTTP/2.0" 200 401 "-" "Mozilla/5.0 (Windows NT 10.0; Win64; x64) AppleWebKit/537.36 (KHTML, like Gecko) Chrome/80.0.3987.149 Safari/537.36"
196.251.86.68 - - [20/Oct/2025:10:48:06 -0400] "POST //xmlrpc.php HTTP/2.0" 200 401 "-" "Mozilla/5.0 (Windows NT 10.0; Win64; x64) AppleWebKit/537.36 (KHTML, like Gecko) Chrome/80.0.3987.149 Safari/537.36"
196.251.86.68 - - [20/Oct/2025:10:48:06 -0400] "POST //xmlrpc.php HTTP/2.0" 200 401 "-" "Mozilla/5.0 (Windows NT 10.0; Win64; x64) AppleWebKit/537.36 (KHTML, like Gecko) Chrome/80.0.3987.149 Safari/537.36"
196.251.86.68 - - [20/Oct/2025:10:48:07 -0400] "POST //xmlrpc.php HTTP/2.0" 200 401 "-" "Mozilla/5.0 (Windows NT 10.0; Win64; x64) AppleWebKit/537.36 (KHTML, like Gecko) Chrome/80.0.3987.149 Safari/537.36"
196.251.86.68 - - [20/Oct/2025:10:48:07 -0400] "POST //xmlrpc.php HTTP/2.0" 200 401 "-" "Mozilla/5.0 (Windows NT 10.0; Win64; x64) AppleWebKit/537.36 (KHTML, like Gecko) Chrome/80.0.3987.149 Safari/537.36"
196.251.86.68 - - [20/Oct/2025:10:48:08 -0400] "POST //xmlrpc.php HTTP/2.0" 200 401 "-" "Mozilla/5.0 (Windows NT 10.0; Win64; x64) AppleWebKit/537.36 (KHTML, like Gecko) Chrome/80.0.3987.149 Safari/537.36"
216.244.66.235 - - [20/Oct/2025:10:48:07 -0400] "GET /tag/prevents-cavities/feed/ HTTP/2.0" 200 449843 "-" "Mozilla/5.0 (compatible; DotBot/1.2; +https://opensiteexplorer.org/dotbot; [email protected])"
196.251.86.68 - - [20/Oct/2025:10:48:09 -0400] "POST //xmlrpc.php HTTP/2.0" 200 401 "-" "Mozilla/5.0 (Windows NT 10.0; Win64; x64) AppleWebKit/537.36 (KHTML, like Gecko) Chrome/80.0.3987.149 Safari/537.36"
57.159.28.36 - - [20/Oct/2025:10:48:09 -0400] "POST /wp-login.php HTTP/2.0" 200 6943 "-" "Mozilla/5.0"
57.159.28.36 - - [20/Oct/2025:10:48:09 -0400] "POST /wp-login.php HTTP/2.0" 200 6907 "-" "Mozilla/5.0"
57.159.28.36 - - [20/Oct/2025:10:48:09 -0400] "POST /wp-login.php HTTP/2.0" 200 6941 "-" "Mozilla/5.0"
57.159.28.36 - - [20/Oct/2025:10:48:09 -0400] "POST /wp-login.php HTTP/2.0" 200 6947 "-" "Mozilla/5.0"
196.251.86.68 - - [20/Oct/2025:10:48:09 -0400] "POST //xmlrpc.php HTTP/2.0" 200 401 "-" "Mozilla/5.0 (Windows NT 10.0; Win64; x64) AppleWebKit/537.36 (KHTML, like Gecko) Chrome/80.0.3987.149 Safari/537.36"
196.251.86.68 - - [20/Oct/2025:10:48:10 -0400] "POST //xmlrpc.php HTTP/2.0" 200 401 "-" "Mozilla/5.0 (Windows NT 10.0; Win64; x64) AppleWebKit/537.36 (KHTML, like Gecko) Chrome/80.0.3987.149 Safari/537.36"
196.251.86.68 - - [20/Oct/2025:10:48:11 -0400] "POST //xmlrpc.php HTTP/2.0" 200 401 "-" "Mozilla/5.0 (Windows NT 10.0; Win64; x64) AppleWebKit/537.36 (KHTML, like Gecko) Chrome/80.0.3987.149 Safari/537.36"
196.251.86.68 - - [20/Oct/2025:10:48:11 -0400] "POST //xmlrpc.php HTTP/2.0" 200 401 "-" "Mozilla/5.0 (Windows NT 10.0; Win64; x64) AppleWebKit/537.36 (KHTML, like Gecko) Chrome/80.0.3987.149 Safari/537.36"
196.251.86.68 - - [20/Oct/2025:10:48:12 -0400] "POST //xmlrpc.php HTTP/2.0" 200 401 "-" "Mozilla/5.0 (Windows NT 10.0; Win64; x64) AppleWebKit/537.36 (KHTML, like Gecko) Chrome/80.0.3987.149 Safari/537.36"
196.251.86.68 - - [20/Oct/2025:10:48:13 -0400] "POST //xmlrpc.php HTTP/2.0" 200 401 "-" "Mozilla/5.0 (Windows NT 10.0; Win64; x64) AppleWebKit/537.36 (KHTML, like Gecko) Chrome/80.0.3987.149 Safari/537.36"
196.251.86.68 - - [20/Oct/2025:10:48:13 -0400] "POST //xmlrpc.php HTTP/2.0" 200 401 "-" "Mozilla/5.0 (Windows NT 10.0; Win64; x64) AppleWebKit/537.36 (KHTML, like Gecko) Chrome/80.0.3987.149 Safari/537.36"
196.251.86.68 - - [20/Oct/2025:10:48:14 -0400] "POST //xmlrpc.php HTTP/2.0" 200 401 "-" "Mozilla/5.0 (Windows NT 10.0; Win64; x64) AppleWebKit/537.36 (KHTML, like Gecko) Chrome/80.0.3987.149 Safari/537.36"
196.251.86.68 - - [20/Oct/2025:10:48:14 -0400] "POST //xmlrpc.php HTTP/2.0" 200 401 "-" "Mozilla/5.0 (Windows NT 10.0; Win64; x64) AppleWebKit/537.36 (KHTML, like Gecko) Chrome/80.0.3987.149 Safari/537.36"
196.251.86.68 - - [20/Oct/2025:10:48:15 -0400] "POST //xmlrpc.php HTTP/2.0" 200 401 "-" "Mozilla/5.0 (Windows NT 10.0; Win64; x64) AppleWebKit/537.36 (KHTML, like Gecko) Chrome/80.0.3987.149 Safari/537.36"
196.251.86.68 - - [20/Oct/2025:10:48:16 -0400] "POST //xmlrpc.php HTTP/2.0" 200 401 "-" "Mozilla/5.0 (Windows NT 10.0; Win64; x64) AppleWebKit/537.36 (KHTML, like Gecko) Chrome/80.0.3987.149 Safari/537.36"
196.251.86.68 - - [20/Oct/2025:10:48:16 -0400] "POST //xmlrpc.php HTTP/2.0" 200 401 "-" "Mozilla/5.0 (Windows NT 10.0; Win64; x64) AppleWebKit/537.36 (KHTML, like Gecko) Chrome/80.0.3987.149 Safari/537.36"
196.251.86.68 - - [20/Oct/2025:10:48:17 -0400] "POST //xmlrpc.php HTTP/2.0" 200 401 "-" "Mozilla/5.0 (Windows NT 10.0; Win64; x64) AppleWebKit/537.36 (KHTML, like Gecko) Chrome/80.0.3987.149 Safari/537.36"
196.251.86.68 - - [20/Oct/2025:10:48:18 -0400] "POST //xmlrpc.php HTTP/2.0" 200 401 "-" "Mozilla/5.0 (Windows NT 10.0; Win64; x64) AppleWebKit/537.36 (KHTML, like Gecko) Chrome/80.0.3987.149 Safari/537.36"
196.251.86.68 - - [20/Oct/2025:10:48:19 -0400] "POST //xmlrpc.php HTTP/2.0" 200 401 "-" "Mozilla/5.0 (Windows NT 10.0; Win64; x64) AppleWebKit/537.36 (KHTML, like Gecko) Chrome/80.0.3987.149 Safari/537.36"
196.251.86.68 - - [20/Oct/2025:10:48:20 -0400] "POST //xmlrpc.php HTTP/2.0" 200 401 "-" "Mozilla/5.0 (Windows NT 10.0; Win64; x64) AppleWebKit/537.36 (KHTML, like Gecko) Chrome/80.0.3987.149 Safari/537.36"
196.251.86.68 - - [20/Oct/2025:10:48:20 -0400] "POST //xmlrpc.php HTTP/2.0" 200 401 "-" "Mozilla/5.0 (Windows NT 10.0; Win64; x64) AppleWebKit/537.36 (KHTML, like Gecko) Chrome/80.0.3987.149 Safari/537.36"
196.251.86.68 - - [20/Oct/2025:10:48:21 -0400] "POST //xmlrpc.php HTTP/2.0" 200 401 "-" "Mozilla/5.0 (Windows NT 10.0; Win64; x64) AppleWebKit/537.36 (KHTML, like Gecko) Chrome/80.0.3987.149 Safari/537.36"
196.251.86.68 - - [20/Oct/2025:10:48:22 -0400] "POST //xmlrpc.php HTTP/2.0" 200 401 "-" "Mozilla/5.0 (Windows NT 10.0; Win64; x64) AppleWebKit/537.36 (KHTML, like Gecko) Chrome/80.0.3987.149 Safari/537.36"
196.251.86.68 - - [20/Oct/2025:10:48:22 -0400] "POST //xmlrpc.php HTTP/2.0" 200 401 "-" "Mozilla/5.0 (Windows NT 10.0; Win64; x64) AppleWebKit/537.36 (KHTML, like Gecko) Chrome/80.0.3987.149 Safari/537.36"
196.251.86.68 - - [20/Oct/2025:10:48:23 -0400] "POST //xmlrpc.php HTTP/2.0" 200 401 "-" "Mozilla/5.0 (Windows NT 10.0; Win64; x64) AppleWebKit/537.36 (KHTML, like Gecko) Chrome/80.0.3987.149 Safari/537.36"
196.251.86.68 - - [20/Oct/2025:10:48:24 -0400] "POST //xmlrpc.php HTTP/2.0" 200 401 "-" "Mozilla/5.0 (Windows NT 10.0; Win64; x64) AppleWebKit/537.36 (KHTML, like Gecko) Chrome/80.0.3987.149 Safari/537.36"
196.251.86.68 - - [20/Oct/2025:10:48:24 -0400] "POST //xmlrpc.php HTTP/2.0" 200 401 "-" "Mozilla/5.0 (Windows NT 10.0; Win64; x64) AppleWebKit/537.36 (KHTML, like Gecko) Chrome/80.0.3987.149 Safari/537.36"
216.244.66.235 - - [20/Oct/2025:10:48:23 -0400] "GET /tag/reasons-men-leave-their-marriages/feed/ HTTP/2.0" 200 449843 "-" "Mozilla/5.0 (compatible; DotBot/1.2; +https://opensiteexplorer.org/dotbot; [email protected])"
196.251.86.68 - - [20/Oct/2025:10:48:25 -0400] "POST //xmlrpc.php HTTP/2.0" 200 401 "-" "Mozilla/5.0 (Windows NT 10.0; Win64; x64) AppleWebKit/537.36 (KHTML, like Gecko) Chrome/80.0.3987.149 Safari/537.36"
196.251.86.68 - - [20/Oct/2025:10:48:26 -0400] "POST //xmlrpc.php HTTP/2.0" 200 401 "-" "Mozilla/5.0 (Windows NT 10.0; Win64; x64) AppleWebKit/537.36 (KHTML, like Gecko) Chrome/80.0.3987.149 Safari/537.36"
196.251.86.68 - - [20/Oct/2025:10:48:27 -0400] "POST //xmlrpc.php HTTP/2.0" 200 401 "-" "Mozilla/5.0 (Windows NT 10.0; Win64; x64) AppleWebKit/537.36 (KHTML, like Gecko) Chrome/80.0.3987.149 Safari/537.36"
196.251.86.68 - - [20/Oct/2025:10:48:27 -0400] "POST //xmlrpc.php HTTP/2.0" 200 401 "-" "Mozilla/5.0 (Windows NT 10.0; Win64; x64) AppleWebKit/537.36 (KHTML, like Gecko) Chrome/80.0.3987.149 Safari/537.36"
196.251.86.68 - - [20/Oct/2025:10:48:28 -0400] "POST //xmlrpc.php HTTP/2.0" 200 401 "-" "Mozilla/5.0 (Windows NT 10.0; Win64; x64) AppleWebKit/537.36 (KHTML, like Gecko) Chrome/80.0.3987.149 Safari/537.36"
196.251.86.68 - - [20/Oct/2025:10:48:28 -0400] "POST //xmlrpc.php HTTP/2.0" 200 401 "-" "Mozilla/5.0 (Windows NT 10.0; Win64; x64) AppleWebKit/537.36 (KHTML, like Gecko) Chrome/80.0.3987.149 Safari/537.36"
196.251.86.68 - - [20/Oct/2025:10:48:29 -0400] "POST //xmlrpc.php HTTP/2.0" 200 401 "-" "Mozilla/5.0 (Windows NT 10.0; Win64; x64) AppleWebKit/537.36 (KHTML, like Gecko) Chrome/80.0.3987.149 Safari/537.36"
196.251.86.68 - - [20/Oct/2025:10:48:30 -0400] "POST //xmlrpc.php HTTP/2.0" 200 401 "-" "Mozilla/5.0 (Windows NT 10.0; Win64; x64) AppleWebKit/537.36 (KHTML, like Gecko) Chrome/80.0.3987.149 Safari/537.36"
196.251.86.68 - - [20/Oct/2025:10:48:30 -0400] "POST //xmlrpc.php HTTP/2.0" 200 401 "-" "Mozilla/5.0 (Windows NT 10.0; Win64; x64) AppleWebKit/537.36 (KHTML, like Gecko) Chrome/80.0.3987.149 Safari/537.36"
196.251.86.68 - - [20/Oct/2025:10:48:31 -0400] "POST //xmlrpc.php HTTP/2.0" 200 401 "-" "Mozilla/5.0 (Windows NT 10.0; Win64; x64) AppleWebKit/537.36 (KHTML, like Gecko) Chrome/80.0.3987.149 Safari/537.36"
196.251.86.68 - - [20/Oct/2025:10:48:32 -0400] "POST //xmlrpc.php HTTP/2.0" 200 401 "-" "Mozilla/5.0 (Windows NT 10.0; Win64; x64) AppleWebKit/537.36 (KHTML, like Gecko) Chrome/80.0.3987.149 Safari/537.36"
196.251.86.68 - - [20/Oct/2025:10:48:32 -0400] "POST //xmlrpc.php HTTP/2.0" 200 401 "-" "Mozilla/5.0 (Windows NT 10.0; Win64; x64) AppleWebKit/537.36 (KHTML, like Gecko) Chrome/80.0.3987.149 Safari/537.36"
2406:da18:2dc:5c00:8c01:36cf:218c:9996 - - [20/Oct/2025:10:48:31 -0400] "GET /login HTTP/2.0" 301 - "-" "Mozilla/5.0 (Windows NT 10.0; Win64; x64; rv:129.0) Gecko/20100101 Firefox/129.0"
196.251.86.68 - - [20/Oct/2025:10:48:33 -0400] "POST //xmlrpc.php HTTP/2.0" 200 403 "-" "Mozilla/5.0 (Windows NT 10.0; Win64; x64) AppleWebKit/537.36 (KHTML, like Gecko) Chrome/80.0.3987.149 Safari/537.36"
196.251.86.68 - - [20/Oct/2025:10:48:34 -0400] "POST //xmlrpc.php HTTP/2.0" 200 401 "-" "Mozilla/5.0 (Windows NT 10.0; Win64; x64) AppleWebKit/537.36 (KHTML, like Gecko) Chrome/80.0.3987.149 Safari/537.36"
2406:da18:2dc:5c00:8c01:36cf:218c:9996 - - [20/Oct/2025:10:48:33 -0400] "GET /login/ HTTP/2.0" 200 150143 "-" "Mozilla/5.0 (Windows NT 10.0; Win64; x64; rv:129.0) Gecko/20100101 Firefox/129.0"
196.251.86.68 - - [20/Oct/2025:10:48:34 -0400] "POST //xmlrpc.php HTTP/2.0" 200 403 "-" "Mozilla/5.0 (Windows NT 10.0; Win64; x64) AppleWebKit/537.36 (KHTML, like Gecko) Chrome/80.0.3987.149 Safari/537.36"
196.251.86.68 - - [20/Oct/2025:10:48:35 -0400] "POST //xmlrpc.php HTTP/2.0" 200 401 "-" "Mozilla/5.0 (Windows NT 10.0; Win64; x64) AppleWebKit/537.36 (KHTML, like Gecko) Chrome/80.0.3987.149 Safari/537.36"
196.251.86.68 - - [20/Oct/2025:10:48:35 -0400] "POST //xmlrpc.php HTTP/2.0" 200 401 "-" "Mozilla/5.0 (Windows NT 10.0; Win64; x64) AppleWebKit/537.36 (KHTML, like Gecko) Chrome/80.0.3987.149 Safari/537.36"
196.251.86.68 - - [20/Oct/2025:10:48:36 -0400] "POST //xmlrpc.php HTTP/2.0" 200 401 "-" "Mozilla/5.0 (Windows NT 10.0; Win64; x64) AppleWebKit/537.36 (KHTML, like Gecko) Chrome/80.0.3987.149 Safari/537.36"
196.251.86.68 - - [20/Oct/2025:10:48:36 -0400] "POST //xmlrpc.php HTTP/2.0" 200 401 "-" "Mozilla/5.0 (Windows NT 10.0; Win64; x64) AppleWebKit/537.36 (KHTML, like Gecko) Chrome/80.0.3987.149 Safari/537.36"
196.251.86.68 - - [20/Oct/2025:10:48:37 -0400] "POST //xmlrpc.php HTTP/2.0" 200 401 "-" "Mozilla/5.0 (Windows NT 10.0; Win64; x64) AppleWebKit/537.36 (KHTML, like Gecko) Chrome/80.0.3987.149 Safari/537.36"
2406:da18:2dc:5c00:8c01:36cf:218c:9996 - - [20/Oct/2025:10:48:36 -0400] "GET /admin/ HTTP/2.0" 302 - "-" "Mozilla/5.0 (Windows NT 10.0; Win64; x64; rv:129.0) Gecko/20100101 Firefox/129.0"
2406:da18:2dc:5c00:8c01:36cf:218c:9996 - - [20/Oct/2025:10:48:37 -0400] "GET /wp-admin/ HTTP/2.0" 302 - "-" "Mozilla/5.0 (Windows NT 10.0; Win64; x64; rv:129.0) Gecko/20100101 Firefox/129.0"
196.251.86.68 - - [20/Oct/2025:10:48:38 -0400] "POST //xmlrpc.php HTTP/2.0" 200 401 "-" "Mozilla/5.0 (Windows NT 10.0; Win64; x64) AppleWebKit/537.36 (KHTML, like Gecko) Chrome/80.0.3987.149 Safari/537.36"
2406:da18:2dc:5c00:8c01:36cf:218c:9996 - - [20/Oct/2025:10:48:38 -0400] "GET /wp-login.php?redirect_to=https%3A%2F%2Fblushin.com%2Fwp-admin%2F&reauth=1 HTTP/2.0" 200 6486 "-" "Mozilla/5.0 (Windows NT 10.0; Win64; x64; rv:129.0) Gecko/20100101 Firefox/129.0"
196.251.86.68 - - [20/Oct/2025:10:48:38 -0400] "POST //xmlrpc.php HTTP/2.0" 200 401 "-" "Mozilla/5.0 (Windows NT 10.0; Win64; x64) AppleWebKit/537.36 (KHTML, like Gecko) Chrome/80.0.3987.149 Safari/537.36"
196.251.86.68 - - [20/Oct/2025:10:48:39 -0400] "POST //xmlrpc.php HTTP/2.0" 200 401 "-" "Mozilla/5.0 (Windows NT 10.0; Win64; x64) AppleWebKit/537.36 (KHTML, like Gecko) Chrome/80.0.3987.149 Safari/537.36"
196.251.86.68 - - [20/Oct/2025:10:48:39 -0400] "POST //xmlrpc.php HTTP/2.0" 200 401 "-" "Mozilla/5.0 (Windows NT 10.0; Win64; x64) AppleWebKit/537.36 (KHTML, like Gecko) Chrome/80.0.3987.149 Safari/537.36"
216.244.66.235 - - [20/Oct/2025:10:48:38 -0400] "GET /tag/reasons-why-breakup-is-good-for-you/feed/ HTTP/2.0" 200 449843 "-" "Mozilla/5.0 (compatible; DotBot/1.2; +https://opensiteexplorer.org/dotbot; [email protected])"
196.251.86.68 - - [20/Oct/2025:10:48:40 -0400] "POST //xmlrpc.php HTTP/2.0" 200 401 "-" "Mozilla/5.0 (Windows NT 10.0; Win64; x64) AppleWebKit/537.36 (KHTML, like Gecko) Chrome/80.0.3987.149 Safari/537.36"
196.251.86.68 - - [20/Oct/2025:10:48:40 -0400] "POST //xmlrpc.php HTTP/2.0" 200 401 "-" "Mozilla/5.0 (Windows NT 10.0; Win64; x64) AppleWebKit/537.36 (KHTML, like Gecko) Chrome/80.0.3987.149 Safari/537.36"
196.251.86.68 - - [20/Oct/2025:10:48:41 -0400] "POST //xmlrpc.php HTTP/2.0" 200 401 "-" "Mozilla/5.0 (Windows NT 10.0; Win64; x64) AppleWebKit/537.36 (KHTML, like Gecko) Chrome/80.0.3987.149 Safari/537.36"
196.251.86.68 - - [20/Oct/2025:10:48:42 -0400] "POST //xmlrpc.php HTTP/2.0" 200 401 "-" "Mozilla/5.0 (Windows NT 10.0; Win64; x64) AppleWebKit/537.36 (KHTML, like Gecko) Chrome/80.0.3987.149 Safari/537.36"
196.251.86.68 - - [20/Oct/2025:10:48:42 -0400] "POST //xmlrpc.php HTTP/2.0" 200 401 "-" "Mozilla/5.0 (Windows NT 10.0; Win64; x64) AppleWebKit/537.36 (KHTML, like Gecko) Chrome/80.0.3987.149 Safari/537.36"
196.251.86.68 - - [20/Oct/2025:10:48:43 -0400] "POST //xmlrpc.php HTTP/2.0" 200 401 "-" "Mozilla/5.0 (Windows NT 10.0; Win64; x64) AppleWebKit/537.36 (KHTML, like Gecko) Chrome/80.0.3987.149 Safari/537.36"
196.251.86.68 - - [20/Oct/2025:10:48:44 -0400] "POST //xmlrpc.php HTTP/2.0" 200 401 "-" "Mozilla/5.0 (Windows NT 10.0; Win64; x64) AppleWebKit/537.36 (KHTML, like Gecko) Chrome/80.0.3987.149 Safari/537.36"
196.251.86.68 - - [20/Oct/2025:10:48:44 -0400] "POST //xmlrpc.php HTTP/2.0" 200 401 "-" "Mozilla/5.0 (Windows NT 10.0; Win64; x64) AppleWebKit/537.36 (KHTML, like Gecko) Chrome/80.0.3987.149 Safari/537.36"
196.251.86.68 - - [20/Oct/2025:10:48:45 -0400] "POST //xmlrpc.php HTTP/2.0" 200 401 "-" "Mozilla/5.0 (Windows NT 10.0; Win64; x64) AppleWebKit/537.36 (KHTML, like Gecko) Chrome/80.0.3987.149 Safari/537.36"
201.19.197.11 - - [20/Oct/2025:10:48:42 -0400] "GET /energycasino-free-spin-554/ HTTP/2.0" 200 309444 "-" "Mozilla/5.0 (Windows NT 6.1) AppleWebKit/537.36 (KHTML, like Gecko) Chrome/87.0.4280.107 Safari/537.36"
196.251.86.68 - - [20/Oct/2025:10:48:45 -0400] "POST //xmlrpc.php HTTP/2.0" 200 401 "-" "Mozilla/5.0 (Windows NT 10.0; Win64; x64) AppleWebKit/537.36 (KHTML, like Gecko) Chrome/80.0.3987.149 Safari/537.36"
196.251.86.68 - - [20/Oct/2025:10:48:46 -0400] "POST //xmlrpc.php HTTP/2.0" 200 401 "-" "Mozilla/5.0 (Windows NT 10.0; Win64; x64) AppleWebKit/537.36 (KHTML, like Gecko) Chrome/80.0.3987.149 Safari/537.36"
196.251.86.68 - - [20/Oct/2025:10:48:47 -0400] "POST //xmlrpc.php HTTP/2.0" 200 401 "-" "Mozilla/5.0 (Windows NT 10.0; Win64; x64) AppleWebKit/537.36 (KHTML, like Gecko) Chrome/80.0.3987.149 Safari/537.36"
196.251.86.68 - - [20/Oct/2025:10:48:47 -0400] "POST //xmlrpc.php HTTP/2.0" 200 401 "-" "Mozilla/5.0 (Windows NT 10.0; Win64; x64) AppleWebKit/537.36 (KHTML, like Gecko) Chrome/80.0.3987.149 Safari/537.36"
196.251.86.68 - - [20/Oct/2025:10:48:48 -0400] "POST //xmlrpc.php HTTP/2.0" 200 401 "-" "Mozilla/5.0 (Windows NT 10.0; Win64; x64) AppleWebKit/537.36 (KHTML, like Gecko) Chrome/80.0.3987.149 Safari/537.36"
196.251.86.68 - - [20/Oct/2025:10:48:49 -0400] "POST //xmlrpc.php HTTP/2.0" 200 401 "-" "Mozilla/5.0 (Windows NT 10.0; Win64; x64) AppleWebKit/537.36 (KHTML, like Gecko) Chrome/80.0.3987.149 Safari/537.36"
196.251.86.68 - - [20/Oct/2025:10:48:49 -0400] "POST //xmlrpc.php HTTP/2.0" 200 401 "-" "Mozilla/5.0 (Windows NT 10.0; Win64; x64) AppleWebKit/537.36 (KHTML, like Gecko) Chrome/80.0.3987.149 Safari/537.36"
196.251.86.68 - - [20/Oct/2025:10:48:50 -0400] "POST //xmlrpc.php HTTP/2.0" 200 401 "-" "Mozilla/5.0 (Windows NT 10.0; Win64; x64) AppleWebKit/537.36 (KHTML, like Gecko) Chrome/80.0.3987.149 Safari/537.36"
196.251.86.68 - - [20/Oct/2025:10:48:50 -0400] "POST //xmlrpc.php HTTP/2.0" 200 401 "-" "Mozilla/5.0 (Windows NT 10.0; Win64; x64) AppleWebKit/537.36 (KHTML, like Gecko) Chrome/80.0.3987.149 Safari/537.36"
196.251.86.68 - - [20/Oct/2025:10:48:51 -0400] "POST //xmlrpc.php HTTP/2.0" 200 401 "-" "Mozilla/5.0 (Windows NT 10.0; Win64; x64) AppleWebKit/537.36 (KHTML, like Gecko) Chrome/80.0.3987.149 Safari/537.36"
196.251.86.68 - - [20/Oct/2025:10:48:51 -0400] "POST //xmlrpc.php HTTP/2.0" 200 401 "-" "Mozilla/5.0 (Windows NT 10.0; Win64; x64) AppleWebKit/537.36 (KHTML, like Gecko) Chrome/80.0.3987.149 Safari/537.36"
196.251.86.68 - - [20/Oct/2025:10:48:52 -0400] "POST //xmlrpc.php HTTP/2.0" 200 401 "-" "Mozilla/5.0 (Windows NT 10.0; Win64; x64) AppleWebKit/537.36 (KHTML, like Gecko) Chrome/80.0.3987.149 Safari/537.36"
196.251.86.68 - - [20/Oct/2025:10:48:52 -0400] "POST //xmlrpc.php HTTP/2.0" 200 401 "-" "Mozilla/5.0 (Windows NT 10.0; Win64; x64) AppleWebKit/537.36 (KHTML, like Gecko) Chrome/80.0.3987.149 Safari/537.36"
196.251.86.68 - - [20/Oct/2025:10:48:53 -0400] "POST //xmlrpc.php HTTP/2.0" 200 401 "-" "Mozilla/5.0 (Windows NT 10.0; Win64; x64) AppleWebKit/537.36 (KHTML, like Gecko) Chrome/80.0.3987.149 Safari/537.36"
196.251.86.68 - - [20/Oct/2025:10:48:53 -0400] "POST //xmlrpc.php HTTP/2.0" 200 401 "-" "Mozilla/5.0 (Windows NT 10.0; Win64; x64) AppleWebKit/537.36 (KHTML, like Gecko) Chrome/80.0.3987.149 Safari/537.36"
216.244.66.235 - - [20/Oct/2025:10:48:52 -0400] "GET /tag/thin-hair/feed/ HTTP/2.0" 200 449843 "-" "Mozilla/5.0 (compatible; DotBot/1.2; +https://opensiteexplorer.org/dotbot; [email protected])"
196.251.86.68 - - [20/Oct/2025:10:48:54 -0400] "POST //xmlrpc.php HTTP/2.0" 200 401 "-" "Mozilla/5.0 (Windows NT 10.0; Win64; x64) AppleWebKit/537.36 (KHTML, like Gecko) Chrome/80.0.3987.149 Safari/537.36"
196.251.86.68 - - [20/Oct/2025:10:48:55 -0400] "POST //xmlrpc.php HTTP/2.0" 200 401 "-" "Mozilla/5.0 (Windows NT 10.0; Win64; x64) AppleWebKit/537.36 (KHTML, like Gecko) Chrome/80.0.3987.149 Safari/537.36"
196.251.86.68 - - [20/Oct/2025:10:48:55 -0400] "POST //xmlrpc.php HTTP/2.0" 200 401 "-" "Mozilla/5.0 (Windows NT 10.0; Win64; x64) AppleWebKit/537.36 (KHTML, like Gecko) Chrome/80.0.3987.149 Safari/537.36"
196.251.86.68 - - [20/Oct/2025:10:48:56 -0400] "POST //xmlrpc.php HTTP/2.0" 200 401 "-" "Mozilla/5.0 (Windows NT 10.0; Win64; x64) AppleWebKit/537.36 (KHTML, like Gecko) Chrome/80.0.3987.149 Safari/537.36"
196.251.86.68 - - [20/Oct/2025:10:48:56 -0400] "POST //xmlrpc.php HTTP/2.0" 200 401 "-" "Mozilla/5.0 (Windows NT 10.0; Win64; x64) AppleWebKit/537.36 (KHTML, like Gecko) Chrome/80.0.3987.149 Safari/537.36"
196.251.86.68 - - [20/Oct/2025:10:48:57 -0400] "POST //xmlrpc.php HTTP/2.0" 200 401 "-" "Mozilla/5.0 (Windows NT 10.0; Win64; x64) AppleWebKit/537.36 (KHTML, like Gecko) Chrome/80.0.3987.149 Safari/537.36"
196.251.86.68 - - [20/Oct/2025:10:48:57 -0400] "POST //xmlrpc.php HTTP/2.0" 200 401 "-" "Mozilla/5.0 (Windows NT 10.0; Win64; x64) AppleWebKit/537.36 (KHTML, like Gecko) Chrome/80.0.3987.149 Safari/537.36"
196.251.86.68 - - [20/Oct/2025:10:48:58 -0400] "POST //xmlrpc.php HTTP/2.0" 200 401 "-" "Mozilla/5.0 (Windows NT 10.0; Win64; x64) AppleWebKit/537.36 (KHTML, like Gecko) Chrome/80.0.3987.149 Safari/537.36"
196.251.86.68 - - [20/Oct/2025:10:48:59 -0400] "POST //xmlrpc.php HTTP/2.0" 200 401 "-" "Mozilla/5.0 (Windows NT 10.0; Win64; x64) AppleWebKit/537.36 (KHTML, like Gecko) Chrome/80.0.3987.149 Safari/537.36"
196.251.86.68 - - [20/Oct/2025:10:48:59 -0400] "POST //xmlrpc.php HTTP/2.0" 200 401 "-" "Mozilla/5.0 (Windows NT 10.0; Win64; x64) AppleWebKit/537.36 (KHTML, like Gecko) Chrome/80.0.3987.149 Safari/537.36"
196.251.86.68 - - [20/Oct/2025:10:49:00 -0400] "POST //xmlrpc.php HTTP/2.0" 200 401 "-" "Mozilla/5.0 (Windows NT 10.0; Win64; x64) AppleWebKit/537.36 (KHTML, like Gecko) Chrome/80.0.3987.149 Safari/537.36"
196.251.86.68 - - [20/Oct/2025:10:49:00 -0400] "POST //xmlrpc.php HTTP/2.0" 200 401 "-" "Mozilla/5.0 (Windows NT 10.0; Win64; x64) AppleWebKit/537.36 (KHTML, like Gecko) Chrome/80.0.3987.149 Safari/537.36"
196.251.86.68 - - [20/Oct/2025:10:49:01 -0400] "POST //xmlrpc.php HTTP/2.0" 200 401 "-" "Mozilla/5.0 (Windows NT 10.0; Win64; x64) AppleWebKit/537.36 (KHTML, like Gecko) Chrome/80.0.3987.149 Safari/537.36"
196.251.86.68 - - [20/Oct/2025:10:49:01 -0400] "POST //xmlrpc.php HTTP/2.0" 200 401 "-" "Mozilla/5.0 (Windows NT 10.0; Win64; x64) AppleWebKit/537.36 (KHTML, like Gecko) Chrome/80.0.3987.149 Safari/537.36"
196.251.86.68 - - [20/Oct/2025:10:49:02 -0400] "POST //xmlrpc.php HTTP/2.0" 200 401 "-" "Mozilla/5.0 (Windows NT 10.0; Win64; x64) AppleWebKit/537.36 (KHTML, like Gecko) Chrome/80.0.3987.149 Safari/537.36"
196.251.86.68 - - [20/Oct/2025:10:49:03 -0400] "POST //xmlrpc.php HTTP/2.0" 200 401 "-" "Mozilla/5.0 (Windows NT 10.0; Win64; x64) AppleWebKit/537.36 (KHTML, like Gecko) Chrome/80.0.3987.149 Safari/537.36"
196.251.86.68 - - [20/Oct/2025:10:49:04 -0400] "POST //xmlrpc.php HTTP/2.0" 200 401 "-" "Mozilla/5.0 (Windows NT 10.0; Win64; x64) AppleWebKit/537.36 (KHTML, like Gecko) Chrome/80.0.3987.149 Safari/537.36"
196.251.86.68 - - [20/Oct/2025:10:49:04 -0400] "POST //xmlrpc.php HTTP/2.0" 200 401 "-" "Mozilla/5.0 (Windows NT 10.0; Win64; x64) AppleWebKit/537.36 (KHTML, like Gecko) Chrome/80.0.3987.149 Safari/537.36"
196.251.86.68 - - [20/Oct/2025:10:49:05 -0400] "POST //xmlrpc.php HTTP/2.0" 200 401 "-" "Mozilla/5.0 (Windows NT 10.0; Win64; x64) AppleWebKit/537.36 (KHTML, like Gecko) Chrome/80.0.3987.149 Safari/537.36"
196.251.86.68 - - [20/Oct/2025:10:49:05 -0400] "POST //xmlrpc.php HTTP/2.0" 200 401 "-" "Mozilla/5.0 (Windows NT 10.0; Win64; x64) AppleWebKit/537.36 (KHTML, like Gecko) Chrome/80.0.3987.149 Safari/537.36"
196.251.86.68 - - [20/Oct/2025:10:49:06 -0400] "POST //xmlrpc.php HTTP/2.0" 200 401 "-" "Mozilla/5.0 (Windows NT 10.0; Win64; x64) AppleWebKit/537.36 (KHTML, like Gecko) Chrome/80.0.3987.149 Safari/537.36"
196.251.86.68 - - [20/Oct/2025:10:49:06 -0400] "POST //xmlrpc.php HTTP/2.0" 200 401 "-" "Mozilla/5.0 (Windows NT 10.0; Win64; x64) AppleWebKit/537.36 (KHTML, like Gecko) Chrome/80.0.3987.149 Safari/537.36"
196.251.86.68 - - [20/Oct/2025:10:49:07 -0400] "POST //xmlrpc.php HTTP/2.0" 200 401 "-" "Mozilla/5.0 (Windows NT 10.0; Win64; x64) AppleWebKit/537.36 (KHTML, like Gecko) Chrome/80.0.3987.149 Safari/537.36"
196.251.86.68 - - [20/Oct/2025:10:49:07 -0400] "POST //xmlrpc.php HTTP/2.0" 200 401 "-" "Mozilla/5.0 (Windows NT 10.0; Win64; x64) AppleWebKit/537.36 (KHTML, like Gecko) Chrome/80.0.3987.149 Safari/537.36"
216.244.66.235 - - [20/Oct/2025:10:49:06 -0400] "GET /tag/things-only-masi-can-do/feed/ HTTP/2.0" 200 449843 "-" "Mozilla/5.0 (compatible; DotBot/1.2; +https://opensiteexplorer.org/dotbot; [email protected])"
196.251.86.68 - - [20/Oct/2025:10:49:08 -0400] "POST //xmlrpc.php HTTP/2.0" 200 401 "-" "Mozilla/5.0 (Windows NT 10.0; Win64; x64) AppleWebKit/537.36 (KHTML, like Gecko) Chrome/80.0.3987.149 Safari/537.36"
196.251.86.68 - - [20/Oct/2025:10:49:09 -0400] "POST //xmlrpc.php HTTP/2.0" 200 401 "-" "Mozilla/5.0 (Windows NT 10.0; Win64; x64) AppleWebKit/537.36 (KHTML, like Gecko) Chrome/80.0.3987.149 Safari/537.36"
196.251.86.68 - - [20/Oct/2025:10:49:09 -0400] "POST //xmlrpc.php HTTP/2.0" 200 401 "-" "Mozilla/5.0 (Windows NT 10.0; Win64; x64) AppleWebKit/537.36 (KHTML, like Gecko) Chrome/80.0.3987.149 Safari/537.36"
196.251.86.68 - - [20/Oct/2025:10:49:10 -0400] "POST //xmlrpc.php HTTP/2.0" 200 401 "-" "Mozilla/5.0 (Windows NT 10.0; Win64; x64) AppleWebKit/537.36 (KHTML, like Gecko) Chrome/80.0.3987.149 Safari/537.36"
196.251.86.68 - - [20/Oct/2025:10:49:11 -0400] "POST //xmlrpc.php HTTP/2.0" 200 401 "-" "Mozilla/5.0 (Windows NT 10.0; Win64; x64) AppleWebKit/537.36 (KHTML, like Gecko) Chrome/80.0.3987.149 Safari/537.36"
196.251.86.68 - - [20/Oct/2025:10:49:11 -0400] "POST //xmlrpc.php HTTP/2.0" 200 401 "-" "Mozilla/5.0 (Windows NT 10.0; Win64; x64) AppleWebKit/537.36 (KHTML, like Gecko) Chrome/80.0.3987.149 Safari/537.36"
196.251.86.68 - - [20/Oct/2025:10:49:12 -0400] "POST //xmlrpc.php HTTP/2.0" 200 401 "-" "Mozilla/5.0 (Windows NT 10.0; Win64; x64) AppleWebKit/537.36 (KHTML, like Gecko) Chrome/80.0.3987.149 Safari/537.36"
196.251.86.68 - - [20/Oct/2025:10:49:13 -0400] "POST //xmlrpc.php HTTP/2.0" 200 401 "-" "Mozilla/5.0 (Windows NT 10.0; Win64; x64) AppleWebKit/537.36 (KHTML, like Gecko) Chrome/80.0.3987.149 Safari/537.36"
196.251.86.68 - - [20/Oct/2025:10:49:13 -0400] "POST //xmlrpc.php HTTP/2.0" 200 401 "-" "Mozilla/5.0 (Windows NT 10.0; Win64; x64) AppleWebKit/537.36 (KHTML, like Gecko) Chrome/80.0.3987.149 Safari/537.36"
196.251.86.68 - - [20/Oct/2025:10:49:14 -0400] "POST //xmlrpc.php HTTP/2.0" 200 401 "-" "Mozilla/5.0 (Windows NT 10.0; Win64; x64) AppleWebKit/537.36 (KHTML, like Gecko) Chrome/80.0.3987.149 Safari/537.36"
196.251.86.68 - - [20/Oct/2025:10:49:15 -0400] "POST //xmlrpc.php HTTP/2.0" 200 401 "-" "Mozilla/5.0 (Windows NT 10.0; Win64; x64) AppleWebKit/537.36 (KHTML, like Gecko) Chrome/80.0.3987.149 Safari/537.36"
196.251.86.68 - - [20/Oct/2025:10:49:15 -0400] "POST //xmlrpc.php HTTP/2.0" 200 401 "-" "Mozilla/5.0 (Windows NT 10.0; Win64; x64) AppleWebKit/537.36 (KHTML, like Gecko) Chrome/80.0.3987.149 Safari/537.36"
