54.80.73.122 - - [20/Oct/2025:08:51:16 -0400] "GET /tag/woman-disappears-news-in-hindi/ HTTP/1.1" 200 122187 "-" "Mozilla/5.0 AppleWebKit/537.36 (KHTML, like Gecko; compatible; Amazonbot/0.1; +https://developer.amazon.com/support/amazonbot) Chrome/119.0.6045.214 Safari/537.36"
20.171.207.51 - - [20/Oct/2025:08:51:17 -0400] "GET /wp-json/oembed/1.0/embed?url=https%3A%2F%2Fwahgazab.com%2Fthese-weird-jobs-you-would-never-want-to-get%2F HTTP/2.0" 200 3167 "-" "Mozilla/5.0 AppleWebKit/537.36 (KHTML, like Gecko; compatible; GPTBot/1.2; +https://openai.com/gptbot)"
20.171.207.51 - - [20/Oct/2025:08:51:18 -0400] "GET /wp-json/oembed/1.0/embed?url=https%3A%2F%2Fwahgazab.com%2Fself-driven-car-soon-to-be-launched-in-india%2F HTTP/2.0" 200 3043 "-" "Mozilla/5.0 AppleWebKit/537.36 (KHTML, like Gecko; compatible; GPTBot/1.2; +https://openai.com/gptbot)"
66.249.79.167 - - [20/Oct/2025:08:51:19 -0400] "GET /tag/best-perfumes-for-men-news/?amp HTTP/1.1" 200 122214 "-" "Mozilla/5.0 (Linux; Android 6.0.1; Nexus 5X Build/MMB29P) AppleWebKit/537.36 (KHTML, like Gecko) Chrome/140.0.7339.207 Mobile Safari/537.36 (compatible; Googlebot/2.1; +http://www.google.com/bot.html)"
20.171.207.51 - - [20/Oct/2025:08:51:19 -0400] "GET /wp-json/oembed/1.0/embed?url=https%3A%2F%2Fwahgazab.com%2Fthis-is-why-a-whispering-sound-makes-kids-pee%2F HTTP/2.0" 200 3143 "-" "Mozilla/5.0 AppleWebKit/537.36 (KHTML, like Gecko; compatible; GPTBot/1.2; +https://openai.com/gptbot)"
23.21.250.48 - - [20/Oct/2025:08:51:19 -0400] "GET /tag/ravana-news/ HTTP/1.1" 200 121897 "-" "Mozilla/5.0 AppleWebKit/537.36 (KHTML, like Gecko; compatible; Amazonbot/0.1; +https://developer.amazon.com/support/amazonbot) Chrome/119.0.6045.214 Safari/537.36"
13.213.193.94 - - [20/Oct/2025:08:51:20 -0400] "GET /wp-content/uploads/2016/01/Abhay-Deol-Preeti-Desai-150x150.jpg HTTP/1.1" 404 136611 "-" "Mozilla/5.0 (compatible; crawler)"
20.171.207.51 - - [20/Oct/2025:08:51:21 -0400] "GET /wp-json/oembed/1.0/embed?url=https%3A%2F%2Fwahgazab.com%2Fa-fighter-plane-shot-a-missile-on-a-car-mistakenly%2F HTTP/2.0" 200 3418 "-" "Mozilla/5.0 AppleWebKit/537.36 (KHTML, like Gecko; compatible; GPTBot/1.2; +https://openai.com/gptbot)"
20.171.207.51 - - [20/Oct/2025:08:51:22 -0400] "GET /wp-json/oembed/1.0/embed?url=https%3A%2F%2Fwahgazab.com%2Fan-ufo-collapsed-and-alien-runs-away-from-the-car%2F HTTP/2.0" 200 3259 "-" "Mozilla/5.0 AppleWebKit/537.36 (KHTML, like Gecko; compatible; GPTBot/1.2; +https://openai.com/gptbot)"
20.171.207.51 - - [20/Oct/2025:08:51:23 -0400] "GET /wp-json/oembed/1.0/embed?url=https%3A%2F%2Fwahgazab.com%2Fthis-8-years-old-kid-marries-a-woman-of-his-grandmothers-age%2F HTTP/2.0" 200 3381 "-" "Mozilla/5.0 AppleWebKit/537.36 (KHTML, like Gecko; compatible; GPTBot/1.2; +https://openai.com/gptbot)"
54.210.155.69 - - [20/Oct/2025:08:51:23 -0400] "GET /tag/kashmiri-pandits-news/ HTTP/1.1" 200 121982 "-" "Mozilla/5.0 AppleWebKit/537.36 (KHTML, like Gecko; compatible; Amazonbot/0.1; +https://developer.amazon.com/support/amazonbot) Chrome/119.0.6045.214 Safari/537.36"
20.171.207.51 - - [20/Oct/2025:08:51:24 -0400] "GET /wp-json/oembed/1.0/embed?url=https%3A%2F%2Fwahgazab.com%2Fbring-a-new-twist-to-your-look-with-this-hairstyle%2F HTTP/2.0" 200 3142 "-" "Mozilla/5.0 AppleWebKit/537.36 (KHTML, like Gecko; compatible; GPTBot/1.2; +https://openai.com/gptbot)"
20.171.207.51 - - [20/Oct/2025:08:51:25 -0400] "GET /wp-json/oembed/1.0/embed?url=https%3A%2F%2Fwahgazab.com%2Fan-app-made-by-bhopal-students-will-save-life%2F HTTP/2.0" 200 3093 "-" "Mozilla/5.0 AppleWebKit/537.36 (KHTML, like Gecko; compatible; GPTBot/1.2; +https://openai.com/gptbot)"
20.171.207.51 - - [20/Oct/2025:08:51:26 -0400] "GET /wp-json/oembed/1.0/embed?url=https%3A%2F%2Fwahgazab.com%2Fyour-life-can-be-changed-by-saying-this-word%2F HTTP/2.0" 200 3363 "-" "Mozilla/5.0 AppleWebKit/537.36 (KHTML, like Gecko; compatible; GPTBot/1.2; +https://openai.com/gptbot)"
20.171.207.51 - - [20/Oct/2025:08:51:27 -0400] "GET /wp-json/oembed/1.0/embed?url=https%3A%2F%2Fwahgazab.com%2Fwhy-salman-khan-not-like-to-work-in-hollywood%2F HTTP/2.0" 200 2883 "-" "Mozilla/5.0 AppleWebKit/537.36 (KHTML, like Gecko; compatible; GPTBot/1.2; +https://openai.com/gptbot)"
52.203.68.145 - - [20/Oct/2025:08:51:27 -0400] "GET /tag/mughal/ HTTP/1.1" 200 121774 "-" "Mozilla/5.0 AppleWebKit/537.36 (KHTML, like Gecko; compatible; Amazonbot/0.1; +https://developer.amazon.com/support/amazonbot) Chrome/119.0.6045.214 Safari/537.36"
20.171.207.51 - - [20/Oct/2025:08:51:28 -0400] "GET /wp-json/oembed/1.0/embed?url=https%3A%2F%2Fwahgazab.com%2Fsonakshi-is-also-coming-up-with-her-own-song%2F HTTP/2.0" 200 2832 "-" "Mozilla/5.0 AppleWebKit/537.36 (KHTML, like Gecko; compatible; GPTBot/1.2; +https://openai.com/gptbot)"
20.171.207.51 - - [20/Oct/2025:08:51:30 -0400] "GET /wp-json/oembed/1.0/embed?url=https%3A%2F%2Fwahgazab.com%2Fall-the-places-catch-fire-when-this-girl-passes-by%2F HTTP/2.0" 200 3111 "-" "Mozilla/5.0 AppleWebKit/537.36 (KHTML, like Gecko; compatible; GPTBot/1.2; +https://openai.com/gptbot)"
20.171.207.51 - - [20/Oct/2025:08:51:31 -0400] "GET /wp-json/oembed/1.0/embed?url=https%3A%2F%2Fwahgazab.com%2Fgreen-garden-is-built-in-the-sky-see-greenry%2F HTTP/2.0" 200 3099 "-" "Mozilla/5.0 AppleWebKit/537.36 (KHTML, like Gecko; compatible; GPTBot/1.2; +https://openai.com/gptbot)"
20.171.207.51 - - [20/Oct/2025:08:51:32 -0400] "GET /wp-json/oembed/1.0/embed?url=https%3A%2F%2Fwahgazab.com%2Fapples-falling-from-the-sky-here-at-coventry-in-uk%2F HTTP/2.0" 200 3039 "-" "Mozilla/5.0 AppleWebKit/537.36 (KHTML, like Gecko; compatible; GPTBot/1.2; +https://openai.com/gptbot)"
20.171.207.51 - - [20/Oct/2025:08:51:33 -0400] "GET /wp-json/oembed/1.0/embed?url=https%3A%2F%2Fwahgazab.com%2Ftrain-stopped-just-for-the-sake-of-taking-a-selfie%2F HTTP/2.0" 200 3363 "-" "Mozilla/5.0 AppleWebKit/537.36 (KHTML, like Gecko; compatible; GPTBot/1.2; +https://openai.com/gptbot)"
107.23.62.75 - - [20/Oct/2025:08:51:34 -0400] "GET /tag/halima-rashid/ HTTP/1.1" 200 121737 "-" "Mozilla/5.0 AppleWebKit/537.36 (KHTML, like Gecko; compatible; Amazonbot/0.1; +https://developer.amazon.com/support/amazonbot) Chrome/119.0.6045.214 Safari/537.36"
20.171.207.51 - - [20/Oct/2025:08:51:34 -0400] "GET /wp-json/oembed/1.0/embed?url=https%3A%2F%2Fwahgazab.com%2Ffirst-dog-in-the-world-has-open-heart-surgery%2F HTTP/2.0" 200 3215 "-" "Mozilla/5.0 AppleWebKit/537.36 (KHTML, like Gecko; compatible; GPTBot/1.2; +https://openai.com/gptbot)"
20.171.207.51 - - [20/Oct/2025:08:51:35 -0400] "GET /wp-json/oembed/1.0/embed?url=https%3A%2F%2Fwahgazab.com%2Fanandi-from-tv-serial-balika-vadhu-is-no-more%2F HTTP/2.0" 200 2866 "-" "Mozilla/5.0 AppleWebKit/537.36 (KHTML, like Gecko; compatible; GPTBot/1.2; +https://openai.com/gptbot)"
20.171.207.51 - - [20/Oct/2025:08:51:37 -0400] "GET /wp-json/oembed/1.0/embed?url=https%3A%2F%2Fwahgazab.com%2Fwhen-a-man-starts-crying-for-rescue-in-the-coffin%2F HTTP/2.0" 200 3190 "-" "Mozilla/5.0 AppleWebKit/537.36 (KHTML, like Gecko; compatible; GPTBot/1.2; +https://openai.com/gptbot)"
20.171.207.51 - - [20/Oct/2025:08:51:38 -0400] "GET /wp-json/oembed/1.0/embed?url=https%3A%2F%2Fwahgazab.com%2Fmillions-of-rupees-turn-into-crap-in-a-moment%2F HTTP/2.0" 200 3336 "-" "Mozilla/5.0 AppleWebKit/537.36 (KHTML, like Gecko; compatible; GPTBot/1.2; +https://openai.com/gptbot)"
20.171.207.51 - - [20/Oct/2025:08:51:39 -0400] "GET /wp-json/oembed/1.0/embed?url=https%3A%2F%2Fwahgazab.com%2Fwrite-in-the-color-you-want-with-this-magical-pen%2F HTTP/2.0" 200 3001 "-" "Mozilla/5.0 AppleWebKit/537.36 (KHTML, like Gecko; compatible; GPTBot/1.2; +https://openai.com/gptbot)"
44.197.76.210 - - [20/Oct/2025:08:51:40 -0400] "GET /tag/haryanvi-food-thali/ HTTP/1.1" 200 121839 "-" "Mozilla/5.0 AppleWebKit/537.36 (KHTML, like Gecko; compatible; Amazonbot/0.1; +https://developer.amazon.com/support/amazonbot) Chrome/119.0.6045.214 Safari/537.36"
20.171.207.51 - - [20/Oct/2025:08:51:40 -0400] "GET /wp-json/oembed/1.0/embed?url=https%3A%2F%2Fwahgazab.com%2Fchris-gayle-leaves-ipl-in-middle-for-his-son%2F HTTP/2.0" 200 3140 "-" "Mozilla/5.0 AppleWebKit/537.36 (KHTML, like Gecko; compatible; GPTBot/1.2; +https://openai.com/gptbot)"
20.171.207.51 - - [20/Oct/2025:08:51:41 -0400] "GET /wp-json/oembed/1.0/embed?url=https%3A%2F%2Fwahgazab.com%2Fwe-bet-you-havent-seen-the-sunlight-like-this%2F HTTP/2.0" 200 2808 "-" "Mozilla/5.0 AppleWebKit/537.36 (KHTML, like Gecko; compatible; GPTBot/1.2; +https://openai.com/gptbot)"
20.171.207.51 - - [20/Oct/2025:08:51:43 -0400] "GET /wp-json/oembed/1.0/embed?url=https%3A%2F%2Fwahgazab.com%2Farmy-having-rights-to-rape-in-lieu-of-salary%2F HTTP/2.0" 200 3098 "-" "Mozilla/5.0 AppleWebKit/537.36 (KHTML, like Gecko; compatible; GPTBot/1.2; +https://openai.com/gptbot)"
20.171.207.51 - - [20/Oct/2025:08:51:44 -0400] "GET /wp-json/oembed/1.0/embed?url=https%3A%2F%2Fwahgazab.com%2Fno-child-born-in-this-village-for-last-fifty-years%2F HTTP/2.0" 200 3297 "-" "Mozilla/5.0 AppleWebKit/537.36 (KHTML, like Gecko; compatible; GPTBot/1.2; +https://openai.com/gptbot)"
34.231.156.59 - - [20/Oct/2025:08:51:43 -0400] "GET /tag/kripal-heart-liver-missing-news-in-hindi/ HTTP/1.1" 200 122552 "-" "Mozilla/5.0 AppleWebKit/537.36 (KHTML, like Gecko; compatible; Amazonbot/0.1; +https://developer.amazon.com/support/amazonbot) Chrome/119.0.6045.214 Safari/537.36"
20.171.207.51 - - [20/Oct/2025:08:51:45 -0400] "GET /wp-json/oembed/1.0/embed?url=https%3A%2F%2Fwahgazab.com%2F4-things-to-keep-in-mind-to-stay-away-from-kidney-transplant%2F HTTP/2.0" 200 3255 "-" "Mozilla/5.0 AppleWebKit/537.36 (KHTML, like Gecko; compatible; GPTBot/1.2; +https://openai.com/gptbot)"
20.171.207.51 - - [20/Oct/2025:08:51:46 -0400] "GET /wp-json/oembed/1.0/embed?url=https%3A%2F%2Fwahgazab.com%2Fhow-to-stay-prosper-in-life-using-these-tips%2F HTTP/2.0" 200 3088 "-" "Mozilla/5.0 AppleWebKit/537.36 (KHTML, like Gecko; compatible; GPTBot/1.2; +https://openai.com/gptbot)"
20.171.207.51 - - [20/Oct/2025:08:51:47 -0400] "GET /wp-json/oembed/1.0/embed?url=https%3A%2F%2Fwahgazab.com%2Fknow-more-about-the-first-human-in-the-world%2F HTTP/2.0" 200 2902 "-" "Mozilla/5.0 AppleWebKit/537.36 (KHTML, like Gecko; compatible; GPTBot/1.2; +https://openai.com/gptbot)"
20.171.207.51 - - [20/Oct/2025:08:51:48 -0400] "GET /wp-json/oembed/1.0/embed?url=https%3A%2F%2Fwahgazab.com%2Feyes-of-this-kid-pops-out-after-getting-hurt%2F HTTP/2.0" 200 3057 "-" "Mozilla/5.0 AppleWebKit/537.36 (KHTML, like Gecko; compatible; GPTBot/1.2; +https://openai.com/gptbot)"
54.92.171.106 - - [20/Oct/2025:08:51:49 -0400] "GET /tag/datta-phuge-gold/ HTTP/1.1" 200 122025 "-" "Mozilla/5.0 AppleWebKit/537.36 (KHTML, like Gecko; compatible; Amazonbot/0.1; +https://developer.amazon.com/support/amazonbot) Chrome/119.0.6045.214 Safari/537.36"
20.171.207.51 - - [20/Oct/2025:08:51:50 -0400] "GET /wp-json/oembed/1.0/embed?url=https%3A%2F%2Fwahgazab.com%2Fcomedy-king-kapil-and-gutthi-are-set-to-rock-again%2F HTTP/2.0" 200 3136 "-" "Mozilla/5.0 AppleWebKit/537.36 (KHTML, like Gecko; compatible; GPTBot/1.2; +https://openai.com/gptbot)"
20.171.207.51 - - [20/Oct/2025:08:51:51 -0400] "GET /wp-json/oembed/1.0/embed?url=https%3A%2F%2Fwahgazab.com%2Fa-child-found-a-millions-year-old-human-skull%2F HTTP/2.0" 200 3417 "-" "Mozilla/5.0 AppleWebKit/537.36 (KHTML, like Gecko; compatible; GPTBot/1.2; +https://openai.com/gptbot)"
18.204.89.56 - - [20/Oct/2025:08:51:51 -0400] "GET /tag/unknown-mysteries-revealed/ HTTP/1.1" 200 122154 "-" "Mozilla/5.0 AppleWebKit/537.36 (KHTML, like Gecko; compatible; Amazonbot/0.1; +https://developer.amazon.com/support/amazonbot) Chrome/119.0.6045.214 Safari/537.36"
20.171.207.51 - - [20/Oct/2025:08:51:52 -0400] "GET /wp-json/oembed/1.0/embed?url=https%3A%2F%2Fwahgazab.com%2Fa-policeman-jumps-into-fire-to-save-six-lives%2F HTTP/2.0" 200 3447 "-" "Mozilla/5.0 AppleWebKit/537.36 (KHTML, like Gecko; compatible; GPTBot/1.2; +https://openai.com/gptbot)"
20.171.207.51 - - [20/Oct/2025:08:51:53 -0400] "GET /wp-json/oembed/1.0/embed?url=https%3A%2F%2Fwahgazab.com%2Fshyam-saran-negi-known-as-the-first-voter-of-india%2F HTTP/2.0" 200 3270 "-" "Mozilla/5.0 AppleWebKit/537.36 (KHTML, like Gecko; compatible; GPTBot/1.2; +https://openai.com/gptbot)"
20.171.207.51 - - [20/Oct/2025:08:51:54 -0400] "GET /wp-json/oembed/1.0/embed?url=https%3A%2F%2Fwahgazab.com%2Fjohn-with-new-look-in-the-film-rocky-handsome%2F HTTP/2.0" 200 3024 "-" "Mozilla/5.0 AppleWebKit/537.36 (KHTML, like Gecko; compatible; GPTBot/1.2; +https://openai.com/gptbot)"
20.171.207.51 - - [20/Oct/2025:08:51:55 -0400] "GET /wp-json/oembed/1.0/embed?url=https%3A%2F%2Fwahgazab.com%2Fthis-animal-given-the-z-plus-security-like-pm-modi%2F HTTP/2.0" 200 3287 "-" "Mozilla/5.0 AppleWebKit/537.36 (KHTML, like Gecko; compatible; GPTBot/1.2; +https://openai.com/gptbot)"
54.84.102.81 - - [20/Oct/2025:08:51:55 -0400] "GET /tag/kelang/ HTTP/1.1" 200 121802 "-" "Mozilla/5.0 AppleWebKit/537.36 (KHTML, like Gecko; compatible; Amazonbot/0.1; +https://developer.amazon.com/support/amazonbot) Chrome/119.0.6045.214 Safari/537.36"
20.171.207.51 - - [20/Oct/2025:08:51:57 -0400] "GET /now-youll-tarvel-in-the-bus-with-no-driver-know-about-the-bus-with-10-eyes/feed/ HTTP/2.0" 200 1045 "-" "Mozilla/5.0 AppleWebKit/537.36 (KHTML, like Gecko; compatible; GPTBot/1.2; +https://openai.com/gptbot)"
20.171.207.51 - - [20/Oct/2025:08:51:58 -0400] "GET /wp-json/oembed/1.0/embed?url=https%3A%2F%2Fwahgazab.com%2Fwhy-do-we-say-hello-while-receiving-the-calls%2F HTTP/2.0" 200 3266 "-" "Mozilla/5.0 AppleWebKit/537.36 (KHTML, like Gecko; compatible; GPTBot/1.2; +https://openai.com/gptbot)"
20.171.207.51 - - [20/Oct/2025:08:51:59 -0400] "GET /3-kids-win-the-fight-with-snakes-all-around-for-18-hours/feed/ HTTP/2.0" 200 975 "-" "Mozilla/5.0 AppleWebKit/537.36 (KHTML, like Gecko; compatible; GPTBot/1.2; +https://openai.com/gptbot)"
20.171.207.51 - - [20/Oct/2025:08:52:00 -0400] "GET /wp-json/oembed/1.0/embed?url=https%3A%2F%2Fwahgazab.com%2Fknow-where-the-patiala-peg-got-its-name-from%2F HTTP/2.0" 200 3573 "-" "Mozilla/5.0 AppleWebKit/537.36 (KHTML, like Gecko; compatible; GPTBot/1.2; +https://openai.com/gptbot)"
54.86.59.155 - - [20/Oct/2025:08:52:01 -0400] "GET /tag/italian-girl-married-news-news-in-hindi/ HTTP/1.1" 200 122105 "-" "Mozilla/5.0 AppleWebKit/537.36 (KHTML, like Gecko; compatible; Amazonbot/0.1; +https://developer.amazon.com/support/amazonbot) Chrome/119.0.6045.214 Safari/537.36"
20.171.207.51 - - [20/Oct/2025:08:52:01 -0400] "GET /played-ranji-with-rented-shoes-got-3-20-crore-in-ipl/feed/ HTTP/2.0" 200 937 "-" "Mozilla/5.0 AppleWebKit/537.36 (KHTML, like Gecko; compatible; GPTBot/1.2; +https://openai.com/gptbot)"
20.171.207.51 - - [20/Oct/2025:08:52:02 -0400] "GET /bsnl-is-offering-data-at-2-rupees-and-51-paisa-know-more-about-this-plan/feed/ HTTP/2.0" 200 1023 "-" "Mozilla/5.0 AppleWebKit/537.36 (KHTML, like Gecko; compatible; GPTBot/1.2; +https://openai.com/gptbot)"
20.171.207.51 - - [20/Oct/2025:08:52:04 -0400] "GET /here-is-how-an-old-currency-of-500-rupees-to-make-you-billionaire/feed/ HTTP/2.0" 200 983 "-" "Mozilla/5.0 AppleWebKit/537.36 (KHTML, like Gecko; compatible; GPTBot/1.2; +https://openai.com/gptbot)"
3.218.35.239 - - [20/Oct/2025:08:52:03 -0400] "GET /tag/samrat-bhau-moze-news/ HTTP/1.1" 200 122065 "-" "Mozilla/5.0 AppleWebKit/537.36 (KHTML, like Gecko; compatible; Amazonbot/0.1; +https://developer.amazon.com/support/amazonbot) Chrome/119.0.6045.214 Safari/537.36"
20.171.207.51 - - [20/Oct/2025:08:52:05 -0400] "GET /in-this-country-of-the-world-has-76-days-long-morning/feed/ HTTP/2.0" 200 940 "-" "Mozilla/5.0 AppleWebKit/537.36 (KHTML, like Gecko; compatible; GPTBot/1.2; +https://openai.com/gptbot)"
20.171.207.51 - - [20/Oct/2025:08:52:06 -0400] "GET /this-teacher-travels-130kms-to-teach-just-one-student/feed/ HTTP/2.0" 200 962 "-" "Mozilla/5.0 AppleWebKit/537.36 (KHTML, like Gecko; compatible; GPTBot/1.2; +https://openai.com/gptbot)"
20.171.207.51 - - [20/Oct/2025:08:52:07 -0400] "GET /wp-json/oembed/1.0/embed?url=https%3A%2F%2Fwahgazab.com%2Fbellandur-lake-catches-wild-fire-suddenly-and-here-is-what-happens-next%2F HTTP/2.0" 200 3320 "-" "Mozilla/5.0 AppleWebKit/537.36 (KHTML, like Gecko; compatible; GPTBot/1.2; +https://openai.com/gptbot)"
52.6.232.201 - - [20/Oct/2025:08:52:07 -0400] "GET /tag/exposure-star-news/ HTTP/1.1" 200 122058 "-" "Mozilla/5.0 AppleWebKit/537.36 (KHTML, like Gecko; compatible; Amazonbot/0.1; +https://developer.amazon.com/support/amazonbot) Chrome/119.0.6045.214 Safari/537.36"
20.171.207.51 - - [20/Oct/2025:08:52:08 -0400] "GET /know-how-5-rupee-coin-can-earn-you-15-thousand-rupees/feed/ HTTP/2.0" 200 966 "-" "Mozilla/5.0 AppleWebKit/537.36 (KHTML, like Gecko; compatible; GPTBot/1.2; +https://openai.com/gptbot)"
66.116.199.115 - - [20/Oct/2025:08:52:10 -0400] "POST /wp-cron.php?doing_wp_cron=1760964730.0275979042053222656250 HTTP/1.1" 200 - "-" "WordPress/6.8.3; https://wahgazab.com"
20.171.207.51 - - [20/Oct/2025:08:52:09 -0400] "GET /wp-json/oembed/1.0/embed?url=https%3A%2F%2Fwahgazab.com%2Fup-government-opposes-the-water-train-help-from-center%2F HTTP/2.0" 200 3423 "-" "Mozilla/5.0 AppleWebKit/537.36 (KHTML, like Gecko; compatible; GPTBot/1.2; +https://openai.com/gptbot)"
20.171.207.51 - - [20/Oct/2025:08:52:11 -0400] "GET /wp-json/oembed/1.0/embed?url=https%3A%2F%2Fwahgazab.com%2Flord-ganesha-statue-found-at-the-top-of-a-4000-feet-high-mountain%2F HTTP/2.0" 200 3469 "-" "Mozilla/5.0 AppleWebKit/537.36 (KHTML, like Gecko; compatible; GPTBot/1.2; +https://openai.com/gptbot)"
20.171.207.51 - - [20/Oct/2025:08:52:12 -0400] "GET /wp-json/oembed/1.0/embed?url=https%3A%2F%2Fwahgazab.com%2Fthe-fast-bowler-of-indian-cricket-will-be-seen-soon-on-the-ground%2F HTTP/2.0" 200 3373 "-" "Mozilla/5.0 AppleWebKit/537.36 (KHTML, like Gecko; compatible; GPTBot/1.2; +https://openai.com/gptbot)"
20.171.207.51 - - [20/Oct/2025:08:52:13 -0400] "GET /wp-json/oembed/1.0/embed?url=https%3A%2F%2Fwahgazab.com%2Fpeople-marry-the-wife-of-others-in-the-name-of-a-weird-tradition%2F HTTP/2.0" 200 3239 "-" "Mozilla/5.0 AppleWebKit/537.36 (KHTML, like Gecko; compatible; GPTBot/1.2; +https://openai.com/gptbot)"
52.73.142.41 - - [20/Oct/2025:08:52:13 -0400] "GET /this-mendhak-temple-at-lakhimpur-kheri-mysteriously-changes-its-color/ HTTP/1.1" 200 283103 "-" "Mozilla/5.0 AppleWebKit/537.36 (KHTML, like Gecko; compatible; Amazonbot/0.1; +https://developer.amazon.com/support/amazonbot) Chrome/119.0.6045.214 Safari/537.36"
20.171.207.51 - - [20/Oct/2025:08:52:14 -0400] "GET /wp-json/oembed/1.0/embed?url=https%3A%2F%2Fwahgazab.com%2Fmillionaire-son-of-coolie-will-now-help-the-villagers%2F HTTP/2.0" 200 3192 "-" "Mozilla/5.0 AppleWebKit/537.36 (KHTML, like Gecko; compatible; GPTBot/1.2; +https://openai.com/gptbot)"
20.171.207.51 - - [20/Oct/2025:08:52:15 -0400] "GET /wp-json/oembed/1.0/embed?url=https%3A%2F%2Fwahgazab.com%2Fkesar-badam-kulfi-is-a-good-treat-to-your-taste-buds-in-summers%2F HTTP/2.0" 200 3140 "-" "Mozilla/5.0 AppleWebKit/537.36 (KHTML, like Gecko; compatible; GPTBot/1.2; +https://openai.com/gptbot)"
34.205.163.103 - - [20/Oct/2025:08:52:16 -0400] "GET /tag/arjun-all-set-to-scale-mt-makalu-again/ HTTP/1.1" 200 122379 "-" "Mozilla/5.0 AppleWebKit/537.36 (KHTML, like Gecko; compatible; Amazonbot/0.1; +https://developer.amazon.com/support/amazonbot) Chrome/119.0.6045.214 Safari/537.36"
20.171.207.51 - - [20/Oct/2025:08:52:16 -0400] "GET /wp-json/oembed/1.0/embed?url=https%3A%2F%2Fwahgazab.com%2Fknow-why-foreigners-come-to-eat-the-food-made-by-this-old-woman%2F HTTP/2.0" 200 3341 "-" "Mozilla/5.0 AppleWebKit/537.36 (KHTML, like Gecko; compatible; GPTBot/1.2; +https://openai.com/gptbot)"
20.171.207.51 - - [20/Oct/2025:08:52:17 -0400] "GET /wp-json/oembed/1.0/embed?url=https%3A%2F%2Fwahgazab.com%2Fsupriya-pathak-will-soon-be-seen-again-in-new-serials-of-life-ok%2F HTTP/2.0" 200 3212 "-" "Mozilla/5.0 AppleWebKit/537.36 (KHTML, like Gecko; compatible; GPTBot/1.2; +https://openai.com/gptbot)"
20.171.207.51 - - [20/Oct/2025:08:52:19 -0400] "GET /wp-json/oembed/1.0/embed?url=https%3A%2F%2Fwahgazab.com%2Fyou-could-feel-the-cool-breeze-at-this-hawa-pol-fort-in-jaisalmer%2F HTTP/2.0" 200 3447 "-" "Mozilla/5.0 AppleWebKit/537.36 (KHTML, like Gecko; compatible; GPTBot/1.2; +https://openai.com/gptbot)"
18.209.201.119 - - [20/Oct/2025:08:52:19 -0400] "GET /tag/costly-watches-brands/ HTTP/1.1" 200 121919 "-" "Mozilla/5.0 AppleWebKit/537.36 (KHTML, like Gecko; compatible; Amazonbot/0.1; +https://developer.amazon.com/support/amazonbot) Chrome/119.0.6045.214 Safari/537.36"
20.171.207.51 - - [20/Oct/2025:08:52:20 -0400] "GET /wp-json/oembed/1.0/embed?url=https%3A%2F%2Fwahgazab.com%2Fthis-solar-car-to-run-with-petrol-or-diesel-soon-to-be-launched%2F HTTP/2.0" 200 3339 "-" "Mozilla/5.0 AppleWebKit/537.36 (KHTML, like Gecko; compatible; GPTBot/1.2; +https://openai.com/gptbot)"
20.171.207.51 - - [20/Oct/2025:08:52:21 -0400] "GET /wp-json/oembed/1.0/embed?url=https%3A%2F%2Fwahgazab.com%2Ftiger-shroff-will-be-seen-as-a-super-hero-in-flying-jatt-poster%2F HTTP/2.0" 200 3333 "-" "Mozilla/5.0 AppleWebKit/537.36 (KHTML, like Gecko; compatible; GPTBot/1.2; +https://openai.com/gptbot)"
20.171.207.51 - - [20/Oct/2025:08:52:22 -0400] "GET /wp-json/oembed/1.0/embed?url=https%3A%2F%2Fwahgazab.com%2Fthats-why-it-is-said-either-sunday-or-a-monday-have-eggs-everyday%2F HTTP/2.0" 200 3140 "-" "Mozilla/5.0 AppleWebKit/537.36 (KHTML, like Gecko; compatible; GPTBot/1.2; +https://openai.com/gptbot)"
20.171.207.51 - - [20/Oct/2025:08:52:23 -0400] "GET /wp-json/oembed/1.0/embed?url=https%3A%2F%2Fwahgazab.com%2Fpeople-come-to-see-these-shoes-made-up-of-the-skin-of-criminals%2F HTTP/2.0" 200 3519 "-" "Mozilla/5.0 AppleWebKit/537.36 (KHTML, like Gecko; compatible; GPTBot/1.2; +https://openai.com/gptbot)"
3.212.205.90 - - [20/Oct/2025:08:52:24 -0400] "GET /tag/long-life/ HTTP/1.1" 200 121773 "-" "Mozilla/5.0 AppleWebKit/537.36 (KHTML, like Gecko; compatible; Amazonbot/0.1; +https://developer.amazon.com/support/amazonbot) Chrome/119.0.6045.214 Safari/537.36"
20.171.207.51 - - [20/Oct/2025:08:52:24 -0400] "GET /wp-json/oembed/1.0/embed?url=https%3A%2F%2Fwahgazab.com%2Fuse-gold-to-be-blessed-with-a-child-besides-its-usage-in-jewelry%2F HTTP/2.0" 200 3589 "-" "Mozilla/5.0 AppleWebKit/537.36 (KHTML, like Gecko; compatible; GPTBot/1.2; +https://openai.com/gptbot)"
20.171.207.51 - - [20/Oct/2025:08:52:26 -0400] "GET /wp-json/oembed/1.0/embed?url=https%3A%2F%2Fwahgazab.com%2Fman-gets-pregnant-at-facebook-and-set-to-give-birth-a-baby-soon%2F HTTP/2.0" 200 3144 "-" "Mozilla/5.0 AppleWebKit/537.36 (KHTML, like Gecko; compatible; GPTBot/1.2; +https://openai.com/gptbot)"
20.171.207.51 - - [20/Oct/2025:08:52:27 -0400] "GET /wp-json/oembed/1.0/embed?url=https%3A%2F%2Fwahgazab.com%2Fthis-old-banyan-tree-looks-like-a-whole-forest-not-a-single-tree%2F HTTP/2.0" 200 3281 "-" "Mozilla/5.0 AppleWebKit/537.36 (KHTML, like Gecko; compatible; GPTBot/1.2; +https://openai.com/gptbot)"
20.171.207.51 - - [20/Oct/2025:08:52:28 -0400] "GET /wp-json/oembed/1.0/embed?url=https%3A%2F%2Fwahgazab.com%2Fthis-girl-turning-out-to-be-a-tree-because-of-this-weird-disease%2F HTTP/2.0" 200 3368 "-" "Mozilla/5.0 AppleWebKit/537.36 (KHTML, like Gecko; compatible; GPTBot/1.2; +https://openai.com/gptbot)"
20.171.207.51 - - [20/Oct/2025:08:52:29 -0400] "GET /wp-json/oembed/1.0/embed?url=https%3A%2F%2Fwahgazab.com%2Fto-this-small-thing-and-youll-get-petrol-and-diesel-free-of-cost%2F HTTP/2.0" 200 3302 "-" "Mozilla/5.0 AppleWebKit/537.36 (KHTML, like Gecko; compatible; GPTBot/1.2; +https://openai.com/gptbot)"
52.200.54.136 - - [20/Oct/2025:08:52:30 -0400] "GET /tag/indian-gold-khjana/ HTTP/1.1" 200 121614 "-" "Mozilla/5.0 AppleWebKit/537.36 (KHTML, like Gecko; compatible; Amazonbot/0.1; +https://developer.amazon.com/support/amazonbot) Chrome/119.0.6045.214 Safari/537.36"
20.171.207.51 - - [20/Oct/2025:08:52:30 -0400] "GET /wp-json/oembed/1.0/embed?url=https%3A%2F%2Fwahgazab.com%2Fsalman-khan-married-ten-years-ago-and-father-of-a-child-as-well%2F HTTP/2.0" 200 3420 "-" "Mozilla/5.0 AppleWebKit/537.36 (KHTML, like Gecko; compatible; GPTBot/1.2; +https://openai.com/gptbot)"
20.171.207.51 - - [20/Oct/2025:08:52:31 -0400] "GET /wp-json/oembed/1.0/embed?url=https%3A%2F%2Fwahgazab.com%2Fthese-weird-dishes-form-all-around-the-world-to-make-you-say-no%2F HTTP/2.0" 200 3323 "-" "Mozilla/5.0 AppleWebKit/537.36 (KHTML, like Gecko; compatible; GPTBot/1.2; +https://openai.com/gptbot)"
20.171.207.51 - - [20/Oct/2025:08:52:32 -0400] "GET /wp-json/oembed/1.0/embed?url=https%3A%2F%2Fwahgazab.com%2Fwatch-the-viral-clip-that-has-now-become-the-smile-of-many-faces%2F HTTP/2.0" 200 3252 "-" "Mozilla/5.0 AppleWebKit/537.36 (KHTML, like Gecko; compatible; GPTBot/1.2; +https://openai.com/gptbot)"
20.171.207.51 - - [20/Oct/2025:08:52:34 -0400] "GET /wp-json/oembed/1.0/embed?url=https%3A%2F%2Fwahgazab.com%2Fmodi-handed-over-a-glass-of-water-to-aap-mp-bhagwant-singh-mann%2F HTTP/2.0" 200 3316 "-" "Mozilla/5.0 AppleWebKit/537.36 (KHTML, like Gecko; compatible; GPTBot/1.2; +https://openai.com/gptbot)"
34.195.60.66 - - [20/Oct/2025:08:52:34 -0400] "GET /tag/unique-home-is-being-built-from-plastic-bottles-news/ HTTP/1.1" 200 122356 "-" "Mozilla/5.0 AppleWebKit/537.36 (KHTML, like Gecko; compatible; Amazonbot/0.1; +https://developer.amazon.com/support/amazonbot) Chrome/119.0.6045.214 Safari/537.36"
20.171.207.51 - - [20/Oct/2025:08:52:35 -0400] "GET /wp-json/oembed/1.0/embed?url=https%3A%2F%2Fwahgazab.com%2Fwomen-to-get-a-reward-in-lakhs-for-getting-pregnant-in-this-hotel%2F HTTP/2.0" 200 3258 "-" "Mozilla/5.0 AppleWebKit/537.36 (KHTML, like Gecko; compatible; GPTBot/1.2; +https://openai.com/gptbot)"
54.84.250.51 - - [20/Oct/2025:08:52:35 -0400] "GET /tag/moirang-lake/ HTTP/1.1" 200 121628 "-" "Mozilla/5.0 AppleWebKit/537.36 (KHTML, like Gecko; compatible; Amazonbot/0.1; +https://developer.amazon.com/support/amazonbot) Chrome/119.0.6045.214 Safari/537.36"
20.171.207.51 - - [20/Oct/2025:08:52:36 -0400] "GET /wp-json/oembed/1.0/embed?url=https%3A%2F%2Fwahgazab.com%2Fa-woman-wishes-to-become-a-cow-to-find-people-to-protect-her%2F HTTP/2.0" 200 3194 "-" "Mozilla/5.0 AppleWebKit/537.36 (KHTML, like Gecko; compatible; GPTBot/1.2; +https://openai.com/gptbot)"
20.171.207.51 - - [20/Oct/2025:08:52:37 -0400] "GET /wp-json/oembed/1.0/embed?url=https%3A%2F%2Fwahgazab.com%2Fom-and-allah-sounds-same-in-a-way-and-teaches-harmony-to-all%2F HTTP/2.0" 200 3446 "-" "Mozilla/5.0 AppleWebKit/537.36 (KHTML, like Gecko; compatible; GPTBot/1.2; +https://openai.com/gptbot)"
20.171.207.51 - - [20/Oct/2025:08:52:38 -0400] "GET /wp-json/oembed/1.0/embed?url=https%3A%2F%2Fwahgazab.com%2Fdog-meet-on-sale-in-the-market-people-are-not-aware-of-it%2F HTTP/2.0" 200 3438 "-" "Mozilla/5.0 AppleWebKit/537.36 (KHTML, like Gecko; compatible; GPTBot/1.2; +https://openai.com/gptbot)"
20.171.207.51 - - [20/Oct/2025:08:52:39 -0400] "GET /wp-json/oembed/1.0/embed?url=https%3A%2F%2Fwahgazab.com%2F50-girl-students-pissed-off-with-obscene-comments%2F HTTP/2.0" 200 3108 "-" "Mozilla/5.0 AppleWebKit/537.36 (KHTML, like Gecko; compatible; GPTBot/1.2; +https://openai.com/gptbot)"
20.171.207.51 - - [20/Oct/2025:08:52:40 -0400] "GET /wp-json/oembed/1.0/embed?url=https%3A%2F%2Fwahgazab.com%2Fdi-silwa-family-has-24-members-each-one-of-of-them-have-12-fingers%2F HTTP/2.0" 200 3371 "-" "Mozilla/5.0 AppleWebKit/537.36 (KHTML, like Gecko; compatible; GPTBot/1.2; +https://openai.com/gptbot)"
20.171.207.51 - - [20/Oct/2025:08:52:42 -0400] "GET /wp-json/oembed/1.0/embed?url=https%3A%2F%2Fwahgazab.com%2Fthis-70-year-old-man-marries-a-woman-40-years-younger-than-him%2F HTTP/2.0" 200 3642 "-" "Mozilla/5.0 AppleWebKit/537.36 (KHTML, like Gecko; compatible; GPTBot/1.2; +https://openai.com/gptbot)"
20.171.207.51 - - [20/Oct/2025:08:52:43 -0400] "GET /wp-json/oembed/1.0/embed?url=https%3A%2F%2Fwahgazab.com%2Fdoing-this-with-roti-can-get-you-rid-of-all-your-life-problems%2F HTTP/2.0" 200 3356 "-" "Mozilla/5.0 AppleWebKit/537.36 (KHTML, like Gecko; compatible; GPTBot/1.2; +https://openai.com/gptbot)"
20.171.207.51 - - [20/Oct/2025:08:52:44 -0400] "GET /homosexuality-now-curable/feed/ HTTP/2.0" 200 846 "-" "Mozilla/5.0 AppleWebKit/537.36 (KHTML, like Gecko; compatible; GPTBot/1.2; +https://openai.com/gptbot)"
20.171.207.51 - - [20/Oct/2025:08:52:45 -0400] "GET /wp-json/oembed/1.0/embed?url=https%3A%2F%2Fwahgazab.com%2Fworld-wants-to-know-the-truth-behind-area-51%2F HTTP/2.0" 200 2852 "-" "Mozilla/5.0 AppleWebKit/537.36 (KHTML, like Gecko; compatible; GPTBot/1.2; +https://openai.com/gptbot)"
20.171.207.51 - - [20/Oct/2025:08:52:46 -0400] "GET /wp-json/oembed/1.0/embed?url=https%3A%2F%2Fwahgazab.com%2Fnetwork-of-rss-expanded-branches-in-39-countries%2F HTTP/2.0" 200 3238 "-" "Mozilla/5.0 AppleWebKit/537.36 (KHTML, like Gecko; compatible; GPTBot/1.2; +https://openai.com/gptbot)"
66.249.79.167 - - [20/Oct/2025:08:52:46 -0400] "GET /tag/bollywood-movie/?amp HTTP/1.1" 200 182282 "-" "Mozilla/5.0 (Linux; Android 6.0.1; Nexus 5X Build/MMB29P) AppleWebKit/537.36 (KHTML, like Gecko) Chrome/140.0.7339.207 Mobile Safari/537.36 (compatible; Googlebot/2.1; +http://www.google.com/bot.html)"
20.171.207.51 - - [20/Oct/2025:08:52:47 -0400] "GET /wp-json/oembed/1.0/embed?url=https%3A%2F%2Fwahgazab.com%2Ffighter-cock-eats-50-almonds-and-exercises-daily%2F HTTP/2.0" 200 3075 "-" "Mozilla/5.0 AppleWebKit/537.36 (KHTML, like Gecko; compatible; GPTBot/1.2; +https://openai.com/gptbot)"
98.82.66.172 - - [20/Oct/2025:08:52:48 -0400] "GET /tag/anoop-swarup-news/ HTTP/1.1" 200 122033 "-" "Mozilla/5.0 AppleWebKit/537.36 (KHTML, like Gecko; compatible; Amazonbot/0.1; +https://developer.amazon.com/support/amazonbot) Chrome/119.0.6045.214 Safari/537.36"
20.171.207.51 - - [20/Oct/2025:08:52:48 -0400] "GET /tag/how-to-download-lmt-launcher/ HTTP/2.0" 200 123346 "-" "Mozilla/5.0 AppleWebKit/537.36 (KHTML, like Gecko; compatible; GPTBot/1.2; +https://openai.com/gptbot)"
20.171.207.51 - - [20/Oct/2025:08:52:50 -0400] "GET /wp-json/oembed/1.0/embed?url=https%3A%2F%2Fwahgazab.com%2F1-crore-spent-on-the-royal-last-goodbye-of-the-thief%2F HTTP/2.0" 200 3309 "-" "Mozilla/5.0 AppleWebKit/537.36 (KHTML, like Gecko; compatible; GPTBot/1.2; +https://openai.com/gptbot)"
20.171.207.51 - - [20/Oct/2025:08:52:51 -0400] "GET /wp-json/oembed/1.0/embed?url=https%3A%2F%2Fwahgazab.com%2Famitabh-bachchan-has-75-percent-liver-damage%2F HTTP/2.0" 200 2867 "-" "Mozilla/5.0 AppleWebKit/537.36 (KHTML, like Gecko; compatible; GPTBot/1.2; +https://openai.com/gptbot)"
20.171.207.51 - - [20/Oct/2025:08:52:52 -0400] "GET /wp-json/oembed/1.0/embed?url=https%3A%2F%2Fwahgazab.com%2Fhere-a-slum-is-available-at-a-cost-of-1-crore%2F HTTP/2.0" 200 2820 "-" "Mozilla/5.0 AppleWebKit/537.36 (KHTML, like Gecko; compatible; GPTBot/1.2; +https://openai.com/gptbot)"
44.223.116.180 - - [20/Oct/2025:08:52:52 -0400] "GET /tag/visiting-a-hindu-temple/ HTTP/1.1" 200 122232 "-" "Mozilla/5.0 AppleWebKit/537.36 (KHTML, like Gecko; compatible; Amazonbot/0.1; +https://developer.amazon.com/support/amazonbot) Chrome/119.0.6045.214 Safari/537.36"
20.171.207.51 - - [20/Oct/2025:08:52:53 -0400] "GET /wp-json/oembed/1.0/embed?url=https%3A%2F%2Fwahgazab.com%2Fwhy-no-one-wants-to-stay-at-these-5-amazing-islands%2F HTTP/2.0" 200 3096 "-" "Mozilla/5.0 AppleWebKit/537.36 (KHTML, like Gecko; compatible; GPTBot/1.2; +https://openai.com/gptbot)"
20.171.207.51 - - [20/Oct/2025:08:52:55 -0400] "GET /wp-json/oembed/1.0/embed?url=https%3A%2F%2Fwahgazab.com%2Fa-poor-man-found-an-age-old-coin-worth-rupees-3-crores%2F HTTP/2.0" 200 3276 "-" "Mozilla/5.0 AppleWebKit/537.36 (KHTML, like Gecko; compatible; GPTBot/1.2; +https://openai.com/gptbot)"
20.171.207.51 - - [20/Oct/2025:08:52:56 -0400] "GET /wp-json/oembed/1.0/embed?url=https%3A%2F%2Fwahgazab.com%2Ftry-to-find-out-the-8-hidden-rabbits-here-in-this-image%2F HTTP/2.0" 200 3440 "-" "Mozilla/5.0 AppleWebKit/537.36 (KHTML, like Gecko; compatible; GPTBot/1.2; +https://openai.com/gptbot)"
54.152.163.42 - - [20/Oct/2025:08:52:56 -0400] "GET /tag/24-karat-gold-private-jet/ HTTP/1.1" 200 122535 "-" "Mozilla/5.0 AppleWebKit/537.36 (KHTML, like Gecko; compatible; Amazonbot/0.1; +https://developer.amazon.com/support/amazonbot) Chrome/119.0.6045.214 Safari/537.36"
20.171.207.51 - - [20/Oct/2025:08:52:57 -0400] "GET /wp-json/oembed/1.0/embed?url=https%3A%2F%2Fwahgazab.com%2Fbaby-born-in-ola-cab-gets-a-free-ride-for-5-years%2F HTTP/2.0" 200 3486 "-" "Mozilla/5.0 AppleWebKit/537.36 (KHTML, like Gecko; compatible; GPTBot/1.2; +https://openai.com/gptbot)"
20.171.207.51 - - [20/Oct/2025:08:52:58 -0400] "GET /wp-json/oembed/1.0/embed?url=https%3A%2F%2Fwahgazab.com%2Femraan-hashmi-to-play-a-strong-role-in-raaz-4%2F HTTP/2.0" 200 3021 "-" "Mozilla/5.0 AppleWebKit/537.36 (KHTML, like Gecko; compatible; GPTBot/1.2; +https://openai.com/gptbot)"
20.171.207.51 - - [20/Oct/2025:08:52:59 -0400] "GET /wp-json/oembed/1.0/embed?url=https%3A%2F%2Fwahgazab.com%2Fmorning-tea-in-a-cup-worth-3-lakh-that-is-nita-ambani%2F HTTP/2.0" 200 2974 "-" "Mozilla/5.0 AppleWebKit/537.36 (KHTML, like Gecko; compatible; GPTBot/1.2; +https://openai.com/gptbot)"
98.82.107.102 - - [20/Oct/2025:08:53:00 -0400] "GET /tag/worlds-tallest-man-to-have-ever-lived/ HTTP/1.1" 200 122124 "-" "Mozilla/5.0 AppleWebKit/537.36 (KHTML, like Gecko; compatible; Amazonbot/0.1; +https://developer.amazon.com/support/amazonbot) Chrome/119.0.6045.214 Safari/537.36"
20.171.207.51 - - [20/Oct/2025:08:53:00 -0400] "GET /tag/spacex-rocket-landing-video/ HTTP/2.0" 200 122234 "-" "Mozilla/5.0 AppleWebKit/537.36 (KHTML, like Gecko; compatible; GPTBot/1.2; +https://openai.com/gptbot)"
20.171.207.51 - - [20/Oct/2025:08:53:02 -0400] "GET /tag/fine-art-bodypainting-video/ HTTP/2.0" 200 122049 "-" "Mozilla/5.0 AppleWebKit/537.36 (KHTML, like Gecko; compatible; GPTBot/1.2; +https://openai.com/gptbot)"
20.171.207.51 - - [20/Oct/2025:08:53:03 -0400] "GET /tag/fatal-motorcycle-crash-video/ HTTP/2.0" 200 122223 "-" "Mozilla/5.0 AppleWebKit/537.36 (KHTML, like Gecko; compatible; GPTBot/1.2; +https://openai.com/gptbot)"
20.171.207.51 - - [20/Oct/2025:08:53:04 -0400] "GET /tag/spaniards-juan-martin-video/ HTTP/2.0" 200 122046 "-" "Mozilla/5.0 AppleWebKit/537.36 (KHTML, like Gecko; compatible; GPTBot/1.2; +https://openai.com/gptbot)"
20.171.207.51 - - [20/Oct/2025:08:53:05 -0400] "GET /tag/how-to-download-lmt-launcher/feed/ HTTP/2.0" 200 18878 "-" "Mozilla/5.0 AppleWebKit/537.36 (KHTML, like Gecko; compatible; GPTBot/1.2; +https://openai.com/gptbot)"
20.171.207.51 - - [20/Oct/2025:08:53:06 -0400] "GET /tag/saudi-arabian-wedding-video/ HTTP/2.0" 200 122012 "-" "Mozilla/5.0 AppleWebKit/537.36 (KHTML, like Gecko; compatible; GPTBot/1.2; +https://openai.com/gptbot)"
52.0.105.244 - - [20/Oct/2025:08:53:07 -0400] "GET /tag/aishwarya-rai-news/ HTTP/1.1" 200 134902 "-" "Mozilla/5.0 AppleWebKit/537.36 (KHTML, like Gecko; compatible; Amazonbot/0.1; +https://developer.amazon.com/support/amazonbot) Chrome/119.0.6045.214 Safari/537.36"
20.171.207.51 - - [20/Oct/2025:08:53:08 -0400] "GET /tag/buffalo-mother-fights-video/ HTTP/2.0" 200 122216 "-" "Mozilla/5.0 AppleWebKit/537.36 (KHTML, like Gecko; compatible; GPTBot/1.2; +https://openai.com/gptbot)"
20.171.207.51 - - [20/Oct/2025:08:53:09 -0400] "GET /tag/phoolan-devi-surrender-video/ HTTP/2.0" 200 122342 "-" "Mozilla/5.0 AppleWebKit/537.36 (KHTML, like Gecko; compatible; GPTBot/1.2; +https://openai.com/gptbot)"
20.171.207.51 - - [20/Oct/2025:08:53:10 -0400] "GET /tag/mumbai-traffic-police-video/ HTTP/2.0" 200 122443 "-" "Mozilla/5.0 AppleWebKit/537.36 (KHTML, like Gecko; compatible; GPTBot/1.2; +https://openai.com/gptbot)"
20.171.207.51 - - [20/Oct/2025:08:53:11 -0400] "GET /tag/spacex-rocket-landing-video/feed/ HTTP/2.0" 200 10092 "-" "Mozilla/5.0 AppleWebKit/537.36 (KHTML, like Gecko; compatible; GPTBot/1.2; +https://openai.com/gptbot)"
66.249.79.165 - - [20/Oct/2025:08:53:12 -0400] "GET /wp-content/uploads/2017/11/central-government-announces-a-reward-of-2-lakh-rupees-on-the-demonetization-anniversary-cover.jpg HTTP/1.1" 200 94204 "-" "Googlebot-Image/1.0"
52.200.58.199 - - [20/Oct/2025:08:53:12 -0400] "GET /tag/meet-the-frighteningly-realistic/ HTTP/1.1" 200 122457 "-" "Mozilla/5.0 AppleWebKit/537.36 (KHTML, like Gecko; compatible; Amazonbot/0.1; +https://developer.amazon.com/support/amazonbot) Chrome/119.0.6045.214 Safari/537.36"
20.171.207.51 - - [20/Oct/2025:08:53:12 -0400] "GET /tag/spacex-reusable-rocket-video/ HTTP/2.0" 200 122242 "-" "Mozilla/5.0 AppleWebKit/537.36 (KHTML, like Gecko; compatible; GPTBot/1.2; +https://openai.com/gptbot)"
20.171.207.51 - - [20/Oct/2025:08:53:14 -0400] "GET /tag/rajinikanth-new-movie-video/ HTTP/2.0" 200 122171 "-" "Mozilla/5.0 AppleWebKit/537.36 (KHTML, like Gecko; compatible; GPTBot/1.2; +https://openai.com/gptbot)"
20.171.207.51 - - [20/Oct/2025:08:53:15 -0400] "GET /tag/fine-art-bodypainting-video/feed/ HTTP/2.0" 200 5493 "-" "Mozilla/5.0 AppleWebKit/537.36 (KHTML, like Gecko; compatible; GPTBot/1.2; +https://openai.com/gptbot)"
5.255.231.180 - - [20/Oct/2025:08:53:16 -0400] "GET /robots.txt HTTP/1.1" 200 113 "-" "Mozilla/5.0 (compatible; YandexBot/3.0; +http://yandex.com/bots)"
20.171.207.51 - - [20/Oct/2025:08:53:16 -0400] "GET /tag/spaniards-juan-martin-video/feed/ HTTP/2.0" 200 9283 "-" "Mozilla/5.0 AppleWebKit/537.36 (KHTML, like Gecko; compatible; GPTBot/1.2; +https://openai.com/gptbot)"
87.250.233.1 - - [20/Oct/2025:08:53:17 -0400] "GET /death-hoax-of-pak-cricketer-afridi-daughter-gets-viral/ HTTP/1.1" 200 282719 "-" "Mozilla/5.0 (compatible; YandexBot/3.0; +http://yandex.com/bots)"
98.82.63.147 - - [20/Oct/2025:08:53:17 -0400] "GET /tag/sony-usb-charger-power-bank/ HTTP/1.1" 200 122013 "-" "Mozilla/5.0 AppleWebKit/537.36 (KHTML, like Gecko; compatible; Amazonbot/0.1; +https://developer.amazon.com/support/amazonbot) Chrome/119.0.6045.214 Safari/537.36"
20.171.207.51 - - [20/Oct/2025:08:53:17 -0400] "GET /tag/four-children-devilish-video/ HTTP/2.0" 200 121876 "-" "Mozilla/5.0 AppleWebKit/537.36 (KHTML, like Gecko; compatible; GPTBot/1.2; +https://openai.com/gptbot)"
20.171.207.51 - - [20/Oct/2025:08:53:19 -0400] "GET /tag/fatal-motorcycle-crash-video/feed/ HTTP/2.0" 200 7356 "-" "Mozilla/5.0 AppleWebKit/537.36 (KHTML, like Gecko; compatible; GPTBot/1.2; +https://openai.com/gptbot)"
20.171.207.51 - - [20/Oct/2025:08:53:20 -0400] "GET /tag/four-children-devilish-video/feed/ HTTP/2.0" 200 6135 "-" "Mozilla/5.0 AppleWebKit/537.36 (KHTML, like Gecko; compatible; GPTBot/1.2; +https://openai.com/gptbot)"
23.21.179.27 - - [20/Oct/2025:08:53:20 -0400] "GET /tag/powerful-businesswomen-news/ HTTP/1.1" 200 122169 "-" "Mozilla/5.0 AppleWebKit/537.36 (KHTML, like Gecko; compatible; Amazonbot/0.1; +https://developer.amazon.com/support/amazonbot) Chrome/119.0.6045.214 Safari/537.36"
20.171.207.51 - - [20/Oct/2025:08:53:21 -0400] "GET /tag/buffalo-mother-fights-video/feed/ HTTP/2.0" 200 7229 "-" "Mozilla/5.0 AppleWebKit/537.36 (KHTML, like Gecko; compatible; GPTBot/1.2; +https://openai.com/gptbot)"
20.171.207.51 - - [20/Oct/2025:08:53:22 -0400] "GET /wp-json/wp/v2/tags/9550 HTTP/2.0" 200 648 "-" "Mozilla/5.0 AppleWebKit/537.36 (KHTML, like Gecko; compatible; GPTBot/1.2; +https://openai.com/gptbot)"
20.171.207.51 - - [20/Oct/2025:08:53:23 -0400] "GET /tag/phoolan-devi-surrender-video/feed/ HTTP/2.0" 200 15391 "-" "Mozilla/5.0 AppleWebKit/537.36 (KHTML, like Gecko; compatible; GPTBot/1.2; +https://openai.com/gptbot)"
18.232.36.1 - - [20/Oct/2025:08:53:24 -0400] "GET /tag/after-breakup-friends-supported-their-friend-in-this-way/ HTTP/1.1" 200 121964 "-" "Mozilla/5.0 AppleWebKit/537.36 (KHTML, like Gecko; compatible; Amazonbot/0.1; +https://developer.amazon.com/support/amazonbot) Chrome/119.0.6045.214 Safari/537.36"
20.171.207.51 - - [20/Oct/2025:08:53:24 -0400] "GET /tag/mumbai-traffic-police-video/feed/ HTTP/2.0" 200 8920 "-" "Mozilla/5.0 AppleWebKit/537.36 (KHTML, like Gecko; compatible; GPTBot/1.2; +https://openai.com/gptbot)"
20.171.207.51 - - [20/Oct/2025:08:53:26 -0400] "GET /tag/saudi-arabian-wedding-video/feed/ HTTP/2.0" 200 7908 "-" "Mozilla/5.0 AppleWebKit/537.36 (KHTML, like Gecko; compatible; GPTBot/1.2; +https://openai.com/gptbot)"
20.171.207.51 - - [20/Oct/2025:08:53:27 -0400] "GET /wp-json/wp/v2/tags/50603 HTTP/2.0" 200 651 "-" "Mozilla/5.0 AppleWebKit/537.36 (KHTML, like Gecko; compatible; GPTBot/1.2; +https://openai.com/gptbot)"
34.230.124.21 - - [20/Oct/2025:08:53:27 -0400] "GET /tag/diamond-studded-shoes/ HTTP/1.1" 200 121924 "-" "Mozilla/5.0 AppleWebKit/537.36 (KHTML, like Gecko; compatible; Amazonbot/0.1; +https://developer.amazon.com/support/amazonbot) Chrome/119.0.6045.214 Safari/537.36"
20.171.207.51 - - [20/Oct/2025:08:53:28 -0400] "GET /tag/spacex-reusable-rocket-video/feed/ HTTP/2.0" 200 10095 "-" "Mozilla/5.0 AppleWebKit/537.36 (KHTML, like Gecko; compatible; GPTBot/1.2; +https://openai.com/gptbot)"
20.171.207.51 - - [20/Oct/2025:08:53:29 -0400] "GET /wp-json/wp/v2/tags/40860 HTTP/2.0" 200 648 "-" "Mozilla/5.0 AppleWebKit/537.36 (KHTML, like Gecko; compatible; GPTBot/1.2; +https://openai.com/gptbot)"
20.171.207.51 - - [20/Oct/2025:08:53:30 -0400] "GET /tag/four-children-devilish-video/feed/ HTTP/2.0" 200 6135 "-" "Mozilla/5.0 AppleWebKit/537.36 (KHTML, like Gecko; compatible; GPTBot/1.2; +https://openai.com/gptbot)"
3.217.82.254 - - [20/Oct/2025:08:53:31 -0400] "GET /tag/har-cheez-gandhi-ke-naam/ HTTP/1.1" 200 122177 "-" "Mozilla/5.0 AppleWebKit/537.36 (KHTML, like Gecko; compatible; Amazonbot/0.1; +https://developer.amazon.com/support/amazonbot) Chrome/119.0.6045.214 Safari/537.36"
20.171.207.51 - - [20/Oct/2025:08:53:31 -0400] "GET /tag/rajinikanth-new-movie-video/feed/ HTTP/2.0" 200 9166 "-" "Mozilla/5.0 AppleWebKit/537.36 (KHTML, like Gecko; compatible; GPTBot/1.2; +https://openai.com/gptbot)"
20.171.207.51 - - [20/Oct/2025:08:53:33 -0400] "GET /tag/children-and-deer-love-video/ HTTP/2.0" 200 121910 "-" "Mozilla/5.0 AppleWebKit/537.36 (KHTML, like Gecko; compatible; GPTBot/1.2; +https://openai.com/gptbot)"
20.171.207.51 - - [20/Oct/2025:08:53:34 -0400] "GET /tag/michael-jackson-viral-video/ HTTP/2.0" 200 122011 "-" "Mozilla/5.0 AppleWebKit/537.36 (KHTML, like Gecko; compatible; GPTBot/1.2; +https://openai.com/gptbot)"
20.171.207.51 - - [20/Oct/2025:08:53:35 -0400] "GET /tag/facebook-pe-mummy-video-song/ HTTP/2.0" 200 121743 "-" "Mozilla/5.0 AppleWebKit/537.36 (KHTML, like Gecko; compatible; GPTBot/1.2; +https://openai.com/gptbot)"
20.171.207.51 - - [20/Oct/2025:08:53:36 -0400] "GET /tag/bad-food-quality-viral-video/ HTTP/2.0" 200 122322 "-" "Mozilla/5.0 AppleWebKit/537.36 (KHTML, like Gecko; compatible; GPTBot/1.2; +https://openai.com/gptbot)"
20.171.207.51 - - [20/Oct/2025:08:53:37 -0400] "GET /wp-json/oembed/1.0/embed?url=https%3A%2F%2Fwahgazab.com%2Fusing-these-things-at-home-to-make-you-successful-and-prosper%2F HTTP/2.0" 200 3363 "-" "Mozilla/5.0 AppleWebKit/537.36 (KHTML, like Gecko; compatible; GPTBot/1.2; +https://openai.com/gptbot)"
20.171.207.51 - - [20/Oct/2025:08:53:39 -0400] "GET /wp-json/oembed/1.0/embed?url=https%3A%2F%2Fwahgazab.com%2Fzero-rupee-note-became-a-special-weapon-for-war-against-corruption%2F HTTP/2.0" 200 3409 "-" "Mozilla/5.0 AppleWebKit/537.36 (KHTML, like Gecko; compatible; GPTBot/1.2; +https://openai.com/gptbot)"
20.171.207.51 - - [20/Oct/2025:08:53:40 -0400] "GET /wp-json/oembed/1.0/embed?url=https%3A%2F%2Fwahgazab.com%2Froasted-crocodiles-and-snakes-sold-at-the-streets-of-thailand%2F HTTP/2.0" 200 3219 "-" "Mozilla/5.0 AppleWebKit/537.36 (KHTML, like Gecko; compatible; GPTBot/1.2; +https://openai.com/gptbot)"
44.205.74.196 - - [20/Oct/2025:08:53:40 -0400] "GET /tag/misleading-of-the-vedas/ HTTP/1.1" 200 122553 "-" "Mozilla/5.0 AppleWebKit/537.36 (KHTML, like Gecko; compatible; Amazonbot/0.1; +https://developer.amazon.com/support/amazonbot) Chrome/119.0.6045.214 Safari/537.36"
20.171.207.51 - - [20/Oct/2025:08:53:41 -0400] "GET /wp-json/oembed/1.0/embed?url=https%3A%2F%2Fwahgazab.com%2Frobot-will-show-path-to-the-stranded-passengers-at-the-airport%2F HTTP/2.0" 200 3129 "-" "Mozilla/5.0 AppleWebKit/537.36 (KHTML, like Gecko; compatible; GPTBot/1.2; +https://openai.com/gptbot)"
20.171.207.51 - - [20/Oct/2025:08:53:42 -0400] "GET /wp-json/oembed/1.0/embed?url=https%3A%2F%2Fwahgazab.com%2Findia-tasted-defeat-again-in-the-fourth-one-day-international%2F HTTP/2.0" 200 3034 "-" "Mozilla/5.0 AppleWebKit/537.36 (KHTML, like Gecko; compatible; GPTBot/1.2; +https://openai.com/gptbot)"
20.171.207.51 - - [20/Oct/2025:08:53:43 -0400] "GET /wp-json/oembed/1.0/embed?url=https%3A%2F%2Fwahgazab.com%2Fbrahmos-indian-supersonic-missile-sends-shivers-to-america-too%2F HTTP/2.0" 200 3232 "-" "Mozilla/5.0 AppleWebKit/537.36 (KHTML, like Gecko; compatible; GPTBot/1.2; +https://openai.com/gptbot)"
18.208.11.93 - - [20/Oct/2025:08:53:43 -0400] "GET /tag/sir-victor-goddard/ HTTP/1.1" 200 122164 "-" "Mozilla/5.0 AppleWebKit/537.36 (KHTML, like Gecko; compatible; Amazonbot/0.1; +https://developer.amazon.com/support/amazonbot) Chrome/119.0.6045.214 Safari/537.36"
20.171.207.51 - - [20/Oct/2025:08:53:44 -0400] "GET /wp-json/oembed/1.0/embed?url=https%3A%2F%2Fwahgazab.com%2Fa-muslim-person-donates-land-worth-crores-to-construct-a-temple%2F HTTP/2.0" 200 3273 "-" "Mozilla/5.0 AppleWebKit/537.36 (KHTML, like Gecko; compatible; GPTBot/1.2; +https://openai.com/gptbot)"
20.171.207.51 - - [20/Oct/2025:08:53:46 -0400] "GET /tag/michael-jackson-viral-video/feed/ HTTP/2.0" 200 6847 "-" "Mozilla/5.0 AppleWebKit/537.36 (KHTML, like Gecko; compatible; GPTBot/1.2; +https://openai.com/gptbot)"
20.171.207.51 - - [20/Oct/2025:08:53:47 -0400] "GET /tag/children-and-deer-love-video/feed/ HTTP/2.0" 200 5755 "-" "Mozilla/5.0 AppleWebKit/537.36 (KHTML, like Gecko; compatible; GPTBot/1.2; +https://openai.com/gptbot)"
20.171.207.51 - - [20/Oct/2025:08:53:48 -0400] "GET /tag/bad-food-quality-viral-video/feed/ HTTP/2.0" 200 12960 "-" "Mozilla/5.0 AppleWebKit/537.36 (KHTML, like Gecko; compatible; GPTBot/1.2; +https://openai.com/gptbot)"
20.171.207.51 - - [20/Oct/2025:08:53:49 -0400] "GET /wp-json/oembed/1.0/embed?url=https%3A%2F%2Fwahgazab.com%2Fknow-about-the-ritual-where-women-make-relations-with-unknown-men%2F HTTP/2.0" 200 3523 "-" "Mozilla/5.0 AppleWebKit/537.36 (KHTML, like Gecko; compatible; GPTBot/1.2; +https://openai.com/gptbot)"
20.171.207.51 - - [20/Oct/2025:08:53:50 -0400] "GET /tag/facebook-pe-mummy-video-song/feed/ HTTP/2.0" 200 8273 "-" "Mozilla/5.0 AppleWebKit/537.36 (KHTML, like Gecko; compatible; GPTBot/1.2; +https://openai.com/gptbot)"
20.171.207.51 - - [20/Oct/2025:08:53:51 -0400] "GET /wp-json/oembed/1.0/embed?url=https%3A%2F%2Fwahgazab.com%2Fknow-about-this-weird-restaurant-where-human-meat-is-served-as-meal%2F HTTP/2.0" 200 3762 "-" "Mozilla/5.0 AppleWebKit/537.36 (KHTML, like Gecko; compatible; GPTBot/1.2; +https://openai.com/gptbot)"
52.0.105.244 - - [20/Oct/2025:08:53:52 -0400] "GET /tag/aishwarya-visits-golden-temple-with-aaradhya-news/ HTTP/1.1" 200 122399 "-" "Mozilla/5.0 AppleWebKit/537.36 (KHTML, like Gecko; compatible; Amazonbot/0.1; +https://developer.amazon.com/support/amazonbot) Chrome/119.0.6045.214 Safari/537.36"
20.171.207.51 - - [20/Oct/2025:08:53:52 -0400] "GET /wp-json/oembed/1.0/embed?url=https%3A%2F%2Fwahgazab.com%2Fhair-treatment-costs-this-women-her-hair-resulted-in-hair-fall%2F HTTP/2.0" 200 3249 "-" "Mozilla/5.0 AppleWebKit/537.36 (KHTML, like Gecko; compatible; GPTBot/1.2; +https://openai.com/gptbot)"
20.171.207.51 - - [20/Oct/2025:08:53:54 -0400] "GET /wp-json/oembed/1.0/embed?url=https%3A%2F%2Fwahgazab.com%2Fpeople-worship-lord-shri-rams-sister-temple-to-get-his-blessings%2F HTTP/2.0" 200 3565 "-" "Mozilla/5.0 AppleWebKit/537.36 (KHTML, like Gecko; compatible; GPTBot/1.2; +https://openai.com/gptbot)"
20.171.207.51 - - [20/Oct/2025:08:53:55 -0400] "GET /wp-json/oembed/1.0/embed?url=https%3A%2F%2Fwahgazab.com%2Findian-and-pakistani-national-anthem-insulted-at-eden-gardens%2F HTTP/2.0" 200 3272 "-" "Mozilla/5.0 AppleWebKit/537.36 (KHTML, like Gecko; compatible; GPTBot/1.2; +https://openai.com/gptbot)"
20.171.207.51 - - [20/Oct/2025:08:53:56 -0400] "GET /wp-json/oembed/1.0/embed?url=https%3A%2F%2Fwahgazab.com%2Fa-website-named-taobao-makes-two-thousands-people-millionaire%2F HTTP/2.0" 200 3304 "-" "Mozilla/5.0 AppleWebKit/537.36 (KHTML, like Gecko; compatible; GPTBot/1.2; +https://openai.com/gptbot)"
20.171.207.51 - - [20/Oct/2025:08:53:57 -0400] "GET /wp-json/oembed/1.0/embed?url=https%3A%2F%2Fwahgazab.com%2Fsome-unheard-secrets-related-to-the-life-of-draupadi-of-mahabharat%2F HTTP/2.0" 200 3266 "-" "Mozilla/5.0 AppleWebKit/537.36 (KHTML, like Gecko; compatible; GPTBot/1.2; +https://openai.com/gptbot)"
20.171.207.51 - - [20/Oct/2025:08:53:58 -0400] "GET /wp-json/oembed/1.0/embed?url=https%3A%2F%2Fwahgazab.com%2Fravana-got-immortal-status-here-at-this-pauriwala-shiva-temple%2F HTTP/2.0" 200 3867 "-" "Mozilla/5.0 AppleWebKit/537.36 (KHTML, like Gecko; compatible; GPTBot/1.2; +https://openai.com/gptbot)"
20.171.207.51 - - [20/Oct/2025:08:53:59 -0400] "GET /wp-json/oembed/1.0/embed?url=https%3A%2F%2Fwahgazab.com%2Ftodays-superstar-has-been-utensil-cleaners-and-watchman-in-past%2F HTTP/2.0" 200 3274 "-" "Mozilla/5.0 AppleWebKit/537.36 (KHTML, like Gecko; compatible; GPTBot/1.2; +https://openai.com/gptbot)"
3.227.180.70 - - [20/Oct/2025:08:53:59 -0400] "GET /tag/your-partner-is-facebook-cheating-articles-in-hindi/ HTTP/1.1" 200 122821 "-" "Mozilla/5.0 AppleWebKit/537.36 (KHTML, like Gecko; compatible; Amazonbot/0.1; +https://developer.amazon.com/support/amazonbot) Chrome/119.0.6045.214 Safari/537.36"
20.171.207.51 - - [20/Oct/2025:08:54:00 -0400] "GET /wp-json/oembed/1.0/embed?url=https%3A%2F%2Fwahgazab.com%2Fthree-jcbs-couldnt-able-to-shake-the-statue-of-hanumanji-altogether%2F HTTP/2.0" 200 3575 "-" "Mozilla/5.0 AppleWebKit/537.36 (KHTML, like Gecko; compatible; GPTBot/1.2; +https://openai.com/gptbot)"
