20.171.207.51 - - [20/Oct/2025:09:01:24 -0400] "GET /wp-json/wp/v2/tags/4141 HTTP/2.0" 200 597 "-" "Mozilla/5.0 AppleWebKit/537.36 (KHTML, like Gecko; compatible; GPTBot/1.2; +https://openai.com/gptbot)"
20.171.207.51 - - [20/Oct/2025:09:01:25 -0400] "GET /wp-json/wp/v2/tags/1144 HTTP/2.0" 200 591 "-" "Mozilla/5.0 AppleWebKit/537.36 (KHTML, like Gecko; compatible; GPTBot/1.2; +https://openai.com/gptbot)"
20.171.207.51 - - [20/Oct/2025:09:01:26 -0400] "GET /wp-json/wp/v2/tags/8288 HTTP/2.0" 200 586 "-" "Mozilla/5.0 AppleWebKit/537.36 (KHTML, like Gecko; compatible; GPTBot/1.2; +https://openai.com/gptbot)"
20.171.207.51 - - [20/Oct/2025:09:01:27 -0400] "GET /wp-json/wp/v2/tags/7626 HTTP/2.0" 200 609 "-" "Mozilla/5.0 AppleWebKit/537.36 (KHTML, like Gecko; compatible; GPTBot/1.2; +https://openai.com/gptbot)"
20.171.207.51 - - [20/Oct/2025:09:01:28 -0400] "GET /wp-json/wp/v2/tags/3323 HTTP/2.0" 200 663 "-" "Mozilla/5.0 AppleWebKit/537.36 (KHTML, like Gecko; compatible; GPTBot/1.2; +https://openai.com/gptbot)"
20.171.207.51 - - [20/Oct/2025:09:01:29 -0400] "GET /wp-json/wp/v2/tags/5055 HTTP/2.0" 200 672 "-" "Mozilla/5.0 AppleWebKit/537.36 (KHTML, like Gecko; compatible; GPTBot/1.2; +https://openai.com/gptbot)"
20.171.207.51 - - [20/Oct/2025:09:01:31 -0400] "GET /wp-json/wp/v2/tags/1223 HTTP/2.0" 200 648 "-" "Mozilla/5.0 AppleWebKit/537.36 (KHTML, like Gecko; compatible; GPTBot/1.2; +https://openai.com/gptbot)"
20.171.207.51 - - [20/Oct/2025:09:01:32 -0400] "GET /wp-json/wp/v2/tags/2677 HTTP/2.0" 200 666 "-" "Mozilla/5.0 AppleWebKit/537.36 (KHTML, like Gecko; compatible; GPTBot/1.2; +https://openai.com/gptbot)"
20.171.207.51 - - [20/Oct/2025:09:01:33 -0400] "GET /wp-json/wp/v2/tags/2042 HTTP/2.0" 200 609 "-" "Mozilla/5.0 AppleWebKit/537.36 (KHTML, like Gecko; compatible; GPTBot/1.2; +https://openai.com/gptbot)"
20.171.207.51 - - [20/Oct/2025:09:01:34 -0400] "GET /wp-json/wp/v2/tags/3320 HTTP/2.0" 200 630 "-" "Mozilla/5.0 AppleWebKit/537.36 (KHTML, like Gecko; compatible; GPTBot/1.2; +https://openai.com/gptbot)"
20.171.207.51 - - [20/Oct/2025:09:01:35 -0400] "GET /wp-json/wp/v2/tags/2266 HTTP/2.0" 200 606 "-" "Mozilla/5.0 AppleWebKit/537.36 (KHTML, like Gecko; compatible; GPTBot/1.2; +https://openai.com/gptbot)"
20.171.207.51 - - [20/Oct/2025:09:01:36 -0400] "GET /wp-json/wp/v2/tags/1424 HTTP/2.0" 200 619 "-" "Mozilla/5.0 AppleWebKit/537.36 (KHTML, like Gecko; compatible; GPTBot/1.2; +https://openai.com/gptbot)"
20.171.207.51 - - [20/Oct/2025:09:01:37 -0400] "GET /wp-json/wp/v2/tags/7424 HTTP/2.0" 200 621 "-" "Mozilla/5.0 AppleWebKit/537.36 (KHTML, like Gecko; compatible; GPTBot/1.2; +https://openai.com/gptbot)"
20.171.207.51 - - [20/Oct/2025:09:01:39 -0400] "GET /wp-json/wp/v2/tags/1001 HTTP/2.0" 200 636 "-" "Mozilla/5.0 AppleWebKit/537.36 (KHTML, like Gecko; compatible; GPTBot/1.2; +https://openai.com/gptbot)"
20.171.207.51 - - [20/Oct/2025:09:01:40 -0400] "GET /wp-json/wp/v2/tags/6366 HTTP/2.0" 200 714 "-" "Mozilla/5.0 AppleWebKit/537.36 (KHTML, like Gecko; compatible; GPTBot/1.2; +https://openai.com/gptbot)"
20.171.207.51 - - [20/Oct/2025:09:01:41 -0400] "GET /wp-json/wp/v2/tags/9249 HTTP/2.0" 200 600 "-" "Mozilla/5.0 AppleWebKit/537.36 (KHTML, like Gecko; compatible; GPTBot/1.2; +https://openai.com/gptbot)"
20.171.207.51 - - [20/Oct/2025:09:01:42 -0400] "GET /wp-json/wp/v2/tags/8202 HTTP/2.0" 200 624 "-" "Mozilla/5.0 AppleWebKit/537.36 (KHTML, like Gecko; compatible; GPTBot/1.2; +https://openai.com/gptbot)"
20.171.207.51 - - [20/Oct/2025:09:01:43 -0400] "GET /wp-json/wp/v2/tags/1712 HTTP/2.0" 200 589 "-" "Mozilla/5.0 AppleWebKit/537.36 (KHTML, like Gecko; compatible; GPTBot/1.2; +https://openai.com/gptbot)"
20.171.207.51 - - [20/Oct/2025:09:01:44 -0400] "GET /wp-json/wp/v2/tags/7557 HTTP/2.0" 200 595 "-" "Mozilla/5.0 AppleWebKit/537.36 (KHTML, like Gecko; compatible; GPTBot/1.2; +https://openai.com/gptbot)"
20.171.207.51 - - [20/Oct/2025:09:01:46 -0400] "GET /wp-json/wp/v2/tags/1332 HTTP/2.0" 200 597 "-" "Mozilla/5.0 AppleWebKit/537.36 (KHTML, like Gecko; compatible; GPTBot/1.2; +https://openai.com/gptbot)"
66.116.199.115 - - [20/Oct/2025:09:01:47 -0400] "POST /wp-cron.php?doing_wp_cron=1760965307.5684430599212646484375 HTTP/1.1" 200 - "-" "WordPress/6.8.3; https://wahgazab.com"
20.171.207.51 - - [20/Oct/2025:09:01:47 -0400] "GET /wp-json/wp/v2/tags/3353 HTTP/2.0" 200 633 "-" "Mozilla/5.0 AppleWebKit/537.36 (KHTML, like Gecko; compatible; GPTBot/1.2; +https://openai.com/gptbot)"
20.171.207.51 - - [20/Oct/2025:09:01:48 -0400] "GET /wp-json/wp/v2/tags/7278 HTTP/2.0" 200 621 "-" "Mozilla/5.0 AppleWebKit/537.36 (KHTML, like Gecko; compatible; GPTBot/1.2; +https://openai.com/gptbot)"
20.171.207.51 - - [20/Oct/2025:09:01:49 -0400] "GET /wp-json/wp/v2/tags/2342 HTTP/2.0" 200 612 "-" "Mozilla/5.0 AppleWebKit/537.36 (KHTML, like Gecko; compatible; GPTBot/1.2; +https://openai.com/gptbot)"
20.171.207.51 - - [20/Oct/2025:09:01:50 -0400] "GET /wp-json/wp/v2/tags/4922 HTTP/2.0" 200 639 "-" "Mozilla/5.0 AppleWebKit/537.36 (KHTML, like Gecko; compatible; GPTBot/1.2; +https://openai.com/gptbot)"
20.171.207.51 - - [20/Oct/2025:09:01:52 -0400] "GET /wp-json/wp/v2/tags/2101 HTTP/2.0" 200 594 "-" "Mozilla/5.0 AppleWebKit/537.36 (KHTML, like Gecko; compatible; GPTBot/1.2; +https://openai.com/gptbot)"
20.171.207.51 - - [20/Oct/2025:09:01:53 -0400] "GET /wp-json/wp/v2/tags/8383 HTTP/2.0" 200 657 "-" "Mozilla/5.0 AppleWebKit/537.36 (KHTML, like Gecko; compatible; GPTBot/1.2; +https://openai.com/gptbot)"
20.171.207.51 - - [20/Oct/2025:09:01:54 -0400] "GET /wp-json/wp/v2/tags/1521 HTTP/2.0" 200 663 "-" "Mozilla/5.0 AppleWebKit/537.36 (KHTML, like Gecko; compatible; GPTBot/1.2; +https://openai.com/gptbot)"
20.171.207.51 - - [20/Oct/2025:09:01:55 -0400] "GET /wp-json/wp/v2/tags/8484 HTTP/2.0" 200 687 "-" "Mozilla/5.0 AppleWebKit/537.36 (KHTML, like Gecko; compatible; GPTBot/1.2; +https://openai.com/gptbot)"
20.171.207.51 - - [20/Oct/2025:09:01:56 -0400] "GET /wp-json/wp/v2/tags/5322 HTTP/2.0" 200 651 "-" "Mozilla/5.0 AppleWebKit/537.36 (KHTML, like Gecko; compatible; GPTBot/1.2; +https://openai.com/gptbot)"
20.171.207.51 - - [20/Oct/2025:09:01:57 -0400] "GET /wp-json/wp/v2/tags/2251 HTTP/2.0" 200 603 "-" "Mozilla/5.0 AppleWebKit/537.36 (KHTML, like Gecko; compatible; GPTBot/1.2; +https://openai.com/gptbot)"
20.171.207.51 - - [20/Oct/2025:09:01:59 -0400] "GET /wp-json/wp/v2/tags/2027 HTTP/2.0" 200 669 "-" "Mozilla/5.0 AppleWebKit/537.36 (KHTML, like Gecko; compatible; GPTBot/1.2; +https://openai.com/gptbot)"
20.171.207.51 - - [20/Oct/2025:09:02:00 -0400] "GET /wp-json/wp/v2/tags/8558 HTTP/2.0" 200 609 "-" "Mozilla/5.0 AppleWebKit/537.36 (KHTML, like Gecko; compatible; GPTBot/1.2; +https://openai.com/gptbot)"
20.171.207.51 - - [20/Oct/2025:09:02:01 -0400] "GET /wp-json/wp/v2/tags/1921 HTTP/2.0" 200 606 "-" "Mozilla/5.0 AppleWebKit/537.36 (KHTML, like Gecko; compatible; GPTBot/1.2; +https://openai.com/gptbot)"
20.171.207.51 - - [20/Oct/2025:09:02:02 -0400] "GET /wp-json/wp/v2/tags/6162 HTTP/2.0" 200 651 "-" "Mozilla/5.0 AppleWebKit/537.36 (KHTML, like Gecko; compatible; GPTBot/1.2; +https://openai.com/gptbot)"
20.171.207.51 - - [20/Oct/2025:09:02:03 -0400] "GET /wp-json/wp/v2/tags/7677 HTTP/2.0" 200 621 "-" "Mozilla/5.0 AppleWebKit/537.36 (KHTML, like Gecko; compatible; GPTBot/1.2; +https://openai.com/gptbot)"
20.171.207.51 - - [20/Oct/2025:09:02:04 -0400] "GET /wp-json/wp/v2/tags/6326 HTTP/2.0" 200 678 "-" "Mozilla/5.0 AppleWebKit/537.36 (KHTML, like Gecko; compatible; GPTBot/1.2; +https://openai.com/gptbot)"
20.171.207.51 - - [20/Oct/2025:09:02:05 -0400] "GET /wp-json/wp/v2/tags/8628 HTTP/2.0" 200 654 "-" "Mozilla/5.0 AppleWebKit/537.36 (KHTML, like Gecko; compatible; GPTBot/1.2; +https://openai.com/gptbot)"
20.171.207.51 - - [20/Oct/2025:09:02:07 -0400] "GET /wp-json/wp/v2/tags/4272 HTTP/2.0" 200 645 "-" "Mozilla/5.0 AppleWebKit/537.36 (KHTML, like Gecko; compatible; GPTBot/1.2; +https://openai.com/gptbot)"
20.171.207.51 - - [20/Oct/2025:09:02:08 -0400] "GET /wp-json/wp/v2/tags/2082 HTTP/2.0" 200 717 "-" "Mozilla/5.0 AppleWebKit/537.36 (KHTML, like Gecko; compatible; GPTBot/1.2; +https://openai.com/gptbot)"
20.171.207.51 - - [20/Oct/2025:09:02:09 -0400] "GET /wp-json/wp/v2/tags/2116 HTTP/2.0" 200 606 "-" "Mozilla/5.0 AppleWebKit/537.36 (KHTML, like Gecko; compatible; GPTBot/1.2; +https://openai.com/gptbot)"
20.171.207.51 - - [20/Oct/2025:09:02:10 -0400] "GET /wp-json/wp/v2/tags/9209 HTTP/2.0" 200 606 "-" "Mozilla/5.0 AppleWebKit/537.36 (KHTML, like Gecko; compatible; GPTBot/1.2; +https://openai.com/gptbot)"
20.171.207.51 - - [20/Oct/2025:09:02:11 -0400] "GET /wp-json/wp/v2/tags/2246 HTTP/2.0" 200 603 "-" "Mozilla/5.0 AppleWebKit/537.36 (KHTML, like Gecko; compatible; GPTBot/1.2; +https://openai.com/gptbot)"
20.171.207.51 - - [20/Oct/2025:09:02:12 -0400] "GET /wp-json/wp/v2/tags/4428 HTTP/2.0" 200 645 "-" "Mozilla/5.0 AppleWebKit/537.36 (KHTML, like Gecko; compatible; GPTBot/1.2; +https://openai.com/gptbot)"
20.171.207.51 - - [20/Oct/2025:09:02:14 -0400] "GET /wp-json/wp/v2/tags/2127 HTTP/2.0" 200 675 "-" "Mozilla/5.0 AppleWebKit/537.36 (KHTML, like Gecko; compatible; GPTBot/1.2; +https://openai.com/gptbot)"
20.171.207.51 - - [20/Oct/2025:09:02:15 -0400] "GET /wp-json/wp/v2/tags/4248 HTTP/2.0" 200 600 "-" "Mozilla/5.0 AppleWebKit/537.36 (KHTML, like Gecko; compatible; GPTBot/1.2; +https://openai.com/gptbot)"
20.171.207.51 - - [20/Oct/2025:09:02:16 -0400] "GET /wp-json/wp/v2/tags/2029 HTTP/2.0" 200 618 "-" "Mozilla/5.0 AppleWebKit/537.36 (KHTML, like Gecko; compatible; GPTBot/1.2; +https://openai.com/gptbot)"
20.171.207.51 - - [20/Oct/2025:09:02:17 -0400] "GET /wp-json/wp/v2/tags/6644 HTTP/2.0" 200 615 "-" "Mozilla/5.0 AppleWebKit/537.36 (KHTML, like Gecko; compatible; GPTBot/1.2; +https://openai.com/gptbot)"
20.171.207.51 - - [20/Oct/2025:09:02:18 -0400] "GET /wp-json/wp/v2/tags/9129 HTTP/2.0" 200 633 "-" "Mozilla/5.0 AppleWebKit/537.36 (KHTML, like Gecko; compatible; GPTBot/1.2; +https://openai.com/gptbot)"
20.171.207.51 - - [20/Oct/2025:09:02:19 -0400] "GET /wp-json/wp/v2/tags/3255 HTTP/2.0" 200 586 "-" "Mozilla/5.0 AppleWebKit/537.36 (KHTML, like Gecko; compatible; GPTBot/1.2; +https://openai.com/gptbot)"
20.171.207.51 - - [20/Oct/2025:09:02:21 -0400] "GET /wp-json/wp/v2/tags/2205 HTTP/2.0" 200 594 "-" "Mozilla/5.0 AppleWebKit/537.36 (KHTML, like Gecko; compatible; GPTBot/1.2; +https://openai.com/gptbot)"
20.171.207.51 - - [20/Oct/2025:09:02:22 -0400] "GET /wp-json/wp/v2/tags/7711 HTTP/2.0" 200 624 "-" "Mozilla/5.0 AppleWebKit/537.36 (KHTML, like Gecko; compatible; GPTBot/1.2; +https://openai.com/gptbot)"
20.171.207.51 - - [20/Oct/2025:09:02:23 -0400] "GET /wp-json/wp/v2/tags/2767 HTTP/2.0" 200 582 "-" "Mozilla/5.0 AppleWebKit/537.36 (KHTML, like Gecko; compatible; GPTBot/1.2; +https://openai.com/gptbot)"
20.171.207.51 - - [20/Oct/2025:09:02:24 -0400] "GET /wp-json/wp/v2/tags/2585 HTTP/2.0" 200 609 "-" "Mozilla/5.0 AppleWebKit/537.36 (KHTML, like Gecko; compatible; GPTBot/1.2; +https://openai.com/gptbot)"
20.171.207.51 - - [20/Oct/2025:09:02:25 -0400] "GET /wp-json/wp/v2/tags/6292 HTTP/2.0" 200 615 "-" "Mozilla/5.0 AppleWebKit/537.36 (KHTML, like Gecko; compatible; GPTBot/1.2; +https://openai.com/gptbot)"
20.171.207.51 - - [20/Oct/2025:09:02:26 -0400] "GET /wp-json/wp/v2/tags/5592 HTTP/2.0" 200 585 "-" "Mozilla/5.0 AppleWebKit/537.36 (KHTML, like Gecko; compatible; GPTBot/1.2; +https://openai.com/gptbot)"
20.171.207.51 - - [20/Oct/2025:09:02:27 -0400] "GET /wp-json/wp/v2/tags/2600 HTTP/2.0" 200 585 "-" "Mozilla/5.0 AppleWebKit/537.36 (KHTML, like Gecko; compatible; GPTBot/1.2; +https://openai.com/gptbot)"
20.171.207.51 - - [20/Oct/2025:09:02:29 -0400] "GET /wp-json/wp/v2/tags/9909 HTTP/2.0" 200 636 "-" "Mozilla/5.0 AppleWebKit/537.36 (KHTML, like Gecko; compatible; GPTBot/1.2; +https://openai.com/gptbot)"
20.171.207.51 - - [20/Oct/2025:09:02:30 -0400] "GET /wp-json/wp/v2/tags/2655 HTTP/2.0" 200 588 "-" "Mozilla/5.0 AppleWebKit/537.36 (KHTML, like Gecko; compatible; GPTBot/1.2; +https://openai.com/gptbot)"
107.189.28.233 - - [20/Oct/2025:09:02:31 -0400] "GET /wp-login.php HTTP/1.1" 200 5429 "-" "Mozilla/5.0 (Windows NT 6.2; WOW64; rv:31.0) Gecko/20100101 Firefox/31.0"
20.171.207.51 - - [20/Oct/2025:09:02:31 -0400] "GET /wp-json/wp/v2/tags/8227 HTTP/2.0" 200 591 "-" "Mozilla/5.0 AppleWebKit/537.36 (KHTML, like Gecko; compatible; GPTBot/1.2; +https://openai.com/gptbot)"
107.189.28.233 - - [20/Oct/2025:09:02:31 -0400] "POST /wp-login.php HTTP/1.1" 200 5901 "-" "Mozilla/5.0 (Windows NT 6.2; WOW64; rv:31.0) Gecko/20100101 Firefox/31.0"
20.171.207.51 - - [20/Oct/2025:09:02:32 -0400] "GET /wp-json/wp/v2/tags/2339 HTTP/2.0" 200 600 "-" "Mozilla/5.0 AppleWebKit/537.36 (KHTML, like Gecko; compatible; GPTBot/1.2; +https://openai.com/gptbot)"
192.159.99.83 - - [20/Oct/2025:09:02:32 -0400] "GET /wp-content/plugins/fix/up.php HTTP/1.1" 404 136611 "-" "Mozilla/5.0 (Windows NT 10.0; Win64; x64) AppleWebKit/537.36 (KHTML, like Gecko) Chrome/85.0.4183.102 Safari/537.36"
192.159.99.83 - - [20/Oct/2025:09:02:32 -0400] "GET / HTTP/1.1" 200 201123 "-" "Mozlila/5.0 (Linux; Android 7.0; SM-G892A Bulid/NRD90M; wv) AppleWebKit/537.36 (KHTML, like Gecko) Version/4.0 Chrome/60.0.3112.107 Moblie Safari/537.36"
20.171.207.51 - - [20/Oct/2025:09:02:33 -0400] "GET /wp-json/wp/v2/tags/8626 HTTP/2.0" 200 661 "-" "Mozilla/5.0 AppleWebKit/537.36 (KHTML, like Gecko; compatible; GPTBot/1.2; +https://openai.com/gptbot)"
192.159.99.83 - - [20/Oct/2025:09:02:34 -0400] "GET /wp-content/plugins/apikey/apikey.php?test=hello HTTP/1.1" 404 136370 "-" "Mozlila/5.0 (Linux; Android 7.0; SM-G892A Bulid/NRD90M; wv) AppleWebKit/537.36 (KHTML, like Gecko) Version/4.0 Chrome/60.0.3112.107 Moblie Safari/537.36"
192.159.99.83 - - [20/Oct/2025:09:02:34 -0400] "POST /wp-plain.php HTTP/1.1" 404 136370 "www.google.com" "Mozilla/5.0 (Linux; Android 7.0; SM-G892A Bulid/NRD90M; wv) AppleWebKit/537.36 (KHTML, like Gecko) Version/4.0 Chrome/60.0.3112.107 Moblie Safari/537.36"
192.159.99.83 - - [20/Oct/2025:09:02:33 -0400] "GET /wp-content/themes/seotheme/db.php?u HTTP/1.1" 404 136370 "www.google.com" "Mozlila/5.0 (Linux; Android 7.0; SM-G892A Bulid/NRD90M; wv) AppleWebKit/537.36 (KHTML, like Gecko) Version/4.0 Chrome/60.0.3112.107 Moblie Safari/537.36"
20.171.207.51 - - [20/Oct/2025:09:02:34 -0400] "GET /wp-json/wp/v2/tags/4744 HTTP/2.0" 200 672 "-" "Mozilla/5.0 AppleWebKit/537.36 (KHTML, like Gecko; compatible; GPTBot/1.2; +https://openai.com/gptbot)"
192.159.99.83 - - [20/Oct/2025:09:02:34 -0400] "GET /emebpaqd.php?Fox=d3wL7 HTTP/1.1" 404 136370 "www.google.com" "Mozilla/5.0 (Linux; Android 7.0; SM-G892A Bulid/NRD90M; wv) AppleWebKit/537.36 (KHTML, like Gecko) Version/4.0 Chrome/60.0.3112.107 Moblie Safari/537.36"
192.159.99.83 - - [20/Oct/2025:09:02:34 -0400] "GET /plugins/content/apismtp/apismtp.php?test=hello HTTP/1.1" 404 136370 "-" "Mozlila/5.0 (Linux; Android 7.0; SM-G892A Bulid/NRD90M; wv) AppleWebKit/537.36 (KHTML, like Gecko) Version/4.0 Chrome/60.0.3112.107 Moblie Safari/537.36"
192.159.99.83 - - [20/Oct/2025:09:02:35 -0400] "GET /wp-content/plugins/apikey/apikey.php.suspected?test=hello HTTP/1.1" 404 136370 "-" "Mozlila/5.0 (Linux; Android 7.0; SM-G892A Bulid/NRD90M; wv) AppleWebKit/537.36 (KHTML, like Gecko) Version/4.0 Chrome/60.0.3112.107 Moblie Safari/537.36"
20.171.207.51 - - [20/Oct/2025:09:02:35 -0400] "GET /wp-json/wp/v2/tags/1010 HTTP/2.0" 200 618 "-" "Mozilla/5.0 AppleWebKit/537.36 (KHTML, like Gecko; compatible; GPTBot/1.2; +https://openai.com/gptbot)"
192.159.99.83 - - [20/Oct/2025:09:02:36 -0400] "GET /plugins/content/apismtp/apismtp.php.suspected?test=hello HTTP/1.1" 404 136370 "-" "Mozlila/5.0 (Linux; Android 7.0; SM-G892A Bulid/NRD90M; wv) AppleWebKit/537.36 (KHTML, like Gecko) Version/4.0 Chrome/60.0.3112.107 Moblie Safari/537.36"
20.171.207.51 - - [20/Oct/2025:09:02:37 -0400] "GET /wp-json/wp/v2/tags/7887 HTTP/2.0" 200 651 "-" "Mozilla/5.0 AppleWebKit/537.36 (KHTML, like Gecko; compatible; GPTBot/1.2; +https://openai.com/gptbot)"
20.171.207.51 - - [20/Oct/2025:09:02:38 -0400] "GET /wp-json/wp/v2/tags/6623 HTTP/2.0" 200 624 "-" "Mozilla/5.0 AppleWebKit/537.36 (KHTML, like Gecko; compatible; GPTBot/1.2; +https://openai.com/gptbot)"
20.171.207.51 - - [20/Oct/2025:09:02:39 -0400] "GET /wp-json/wp/v2/tags/9244 HTTP/2.0" 200 672 "-" "Mozilla/5.0 AppleWebKit/537.36 (KHTML, like Gecko; compatible; GPTBot/1.2; +https://openai.com/gptbot)"
20.171.207.51 - - [20/Oct/2025:09:02:40 -0400] "GET /wp-json/wp/v2/tags/2909 HTTP/2.0" 200 633 "-" "Mozilla/5.0 AppleWebKit/537.36 (KHTML, like Gecko; compatible; GPTBot/1.2; +https://openai.com/gptbot)"
20.171.207.51 - - [20/Oct/2025:09:02:41 -0400] "GET /wp-json/wp/v2/tags/3113 HTTP/2.0" 200 609 "-" "Mozilla/5.0 AppleWebKit/537.36 (KHTML, like Gecko; compatible; GPTBot/1.2; +https://openai.com/gptbot)"
20.171.207.51 - - [20/Oct/2025:09:02:42 -0400] "GET /wp-json/wp/v2/tags/3325 HTTP/2.0" 200 630 "-" "Mozilla/5.0 AppleWebKit/537.36 (KHTML, like Gecko; compatible; GPTBot/1.2; +https://openai.com/gptbot)"
20.171.207.51 - - [20/Oct/2025:09:02:43 -0400] "GET /wp-json/wp/v2/tags/3032 HTTP/2.0" 200 642 "-" "Mozilla/5.0 AppleWebKit/537.36 (KHTML, like Gecko; compatible; GPTBot/1.2; +https://openai.com/gptbot)"
20.171.207.51 - - [20/Oct/2025:09:02:45 -0400] "GET /wp-json/wp/v2/tags/2707 HTTP/2.0" 200 600 "-" "Mozilla/5.0 AppleWebKit/537.36 (KHTML, like Gecko; compatible; GPTBot/1.2; +https://openai.com/gptbot)"
20.171.207.51 - - [20/Oct/2025:09:02:46 -0400] "GET /wp-json/wp/v2/tags/5245 HTTP/2.0" 200 636 "-" "Mozilla/5.0 AppleWebKit/537.36 (KHTML, like Gecko; compatible; GPTBot/1.2; +https://openai.com/gptbot)"
57.141.0.49 - - [20/Oct/2025:09:02:45 -0400] "GET /raman-ishita-pair-will-not-be-seen-in-ye-hai-mohabbatein-in/ HTTP/2.0" 200 277911 "-" "meta-externalagent/1.1 (+https://developers.facebook.com/docs/sharing/webmasters/crawler)"
20.171.207.51 - - [20/Oct/2025:09:02:47 -0400] "GET /wp-json/wp/v2/tags/3236 HTTP/2.0" 200 600 "-" "Mozilla/5.0 AppleWebKit/537.36 (KHTML, like Gecko; compatible; GPTBot/1.2; +https://openai.com/gptbot)"
20.171.207.51 - - [20/Oct/2025:09:02:48 -0400] "GET /wp-json/wp/v2/tags/2144 HTTP/2.0" 200 609 "-" "Mozilla/5.0 AppleWebKit/537.36 (KHTML, like Gecko; compatible; GPTBot/1.2; +https://openai.com/gptbot)"
20.171.207.51 - - [20/Oct/2025:09:02:49 -0400] "GET /wp-json/wp/v2/tags/2744 HTTP/2.0" 200 645 "-" "Mozilla/5.0 AppleWebKit/537.36 (KHTML, like Gecko; compatible; GPTBot/1.2; +https://openai.com/gptbot)"
20.171.207.51 - - [20/Oct/2025:09:02:50 -0400] "GET /wp-json/wp/v2/tags/6226 HTTP/2.0" 200 609 "-" "Mozilla/5.0 AppleWebKit/537.36 (KHTML, like Gecko; compatible; GPTBot/1.2; +https://openai.com/gptbot)"
20.171.207.51 - - [20/Oct/2025:09:02:51 -0400] "GET /wp-json/wp/v2/tags/6022 HTTP/2.0" 200 660 "-" "Mozilla/5.0 AppleWebKit/537.36 (KHTML, like Gecko; compatible; GPTBot/1.2; +https://openai.com/gptbot)"
20.171.207.51 - - [20/Oct/2025:09:02:53 -0400] "GET /wp-json/wp/v2/tags/6922 HTTP/2.0" 200 618 "-" "Mozilla/5.0 AppleWebKit/537.36 (KHTML, like Gecko; compatible; GPTBot/1.2; +https://openai.com/gptbot)"
20.171.207.51 - - [20/Oct/2025:09:02:54 -0400] "GET /wp-json/wp/v2/tags/5885 HTTP/2.0" 200 630 "-" "Mozilla/5.0 AppleWebKit/537.36 (KHTML, like Gecko; compatible; GPTBot/1.2; +https://openai.com/gptbot)"
20.171.207.51 - - [20/Oct/2025:09:02:55 -0400] "GET /wp-json/wp/v2/tags/3220 HTTP/2.0" 200 597 "-" "Mozilla/5.0 AppleWebKit/537.36 (KHTML, like Gecko; compatible; GPTBot/1.2; +https://openai.com/gptbot)"
20.171.207.51 - - [20/Oct/2025:09:02:56 -0400] "GET /wp-json/wp/v2/tags/2288 HTTP/2.0" 200 633 "-" "Mozilla/5.0 AppleWebKit/537.36 (KHTML, like Gecko; compatible; GPTBot/1.2; +https://openai.com/gptbot)"
20.171.207.51 - - [20/Oct/2025:09:02:57 -0400] "GET /wp-json/wp/v2/tags/8128 HTTP/2.0" 200 615 "-" "Mozilla/5.0 AppleWebKit/537.36 (KHTML, like Gecko; compatible; GPTBot/1.2; +https://openai.com/gptbot)"
20.171.207.51 - - [20/Oct/2025:09:02:58 -0400] "GET /wp-json/wp/v2/tags/1323 HTTP/2.0" 200 624 "-" "Mozilla/5.0 AppleWebKit/537.36 (KHTML, like Gecko; compatible; GPTBot/1.2; +https://openai.com/gptbot)"
20.171.207.51 - - [20/Oct/2025:09:03:00 -0400] "GET /wp-json/wp/v2/tags/2557 HTTP/2.0" 200 594 "-" "Mozilla/5.0 AppleWebKit/537.36 (KHTML, like Gecko; compatible; GPTBot/1.2; +https://openai.com/gptbot)"
20.171.207.51 - - [20/Oct/2025:09:03:01 -0400] "GET /wp-json/wp/v2/tags/1922 HTTP/2.0" 200 648 "-" "Mozilla/5.0 AppleWebKit/537.36 (KHTML, like Gecko; compatible; GPTBot/1.2; +https://openai.com/gptbot)"
20.171.207.51 - - [20/Oct/2025:09:03:02 -0400] "GET /wp-json/wp/v2/tags/4288 HTTP/2.0" 200 621 "-" "Mozilla/5.0 AppleWebKit/537.36 (KHTML, like Gecko; compatible; GPTBot/1.2; +https://openai.com/gptbot)"
20.171.207.51 - - [20/Oct/2025:09:03:03 -0400] "GET /wp-json/wp/v2/tags/9255 HTTP/2.0" 200 591 "-" "Mozilla/5.0 AppleWebKit/537.36 (KHTML, like Gecko; compatible; GPTBot/1.2; +https://openai.com/gptbot)"
20.171.207.51 - - [20/Oct/2025:09:03:04 -0400] "GET /wp-json/wp/v2/tags/4042 HTTP/2.0" 200 633 "-" "Mozilla/5.0 AppleWebKit/537.36 (KHTML, like Gecko; compatible; GPTBot/1.2; +https://openai.com/gptbot)"
20.171.207.51 - - [20/Oct/2025:09:03:05 -0400] "GET /wp-json/wp/v2/tags/9029 HTTP/2.0" 200 648 "-" "Mozilla/5.0 AppleWebKit/537.36 (KHTML, like Gecko; compatible; GPTBot/1.2; +https://openai.com/gptbot)"
20.171.207.51 - - [20/Oct/2025:09:03:06 -0400] "GET /wp-json/wp/v2/tags/9920 HTTP/2.0" 200 651 "-" "Mozilla/5.0 AppleWebKit/537.36 (KHTML, like Gecko; compatible; GPTBot/1.2; +https://openai.com/gptbot)"
66.249.79.165 - - [20/Oct/2025:09:03:07 -0400] "GET /?a=09121127998401&channel=ec01dd&from=category-info.php%3Fid%3D1279984-101%26name%3DBeats+%E3%83%AF%E3%82%A4%E3%83%A4%E3%83%AC%E3%82%B9%E3%82%A4%E3%83%A4%E3%83%9B%E3%83%B3+%E3%83%9B%E3%83%AF%E3%82%A4%E3%83%88+%E5%85%85%E9%9B%BB%E3%82%B1%E3%83%BC%E3%82%B9%E4%BB%98%E3%81%8D HTTP/1.1" 301 - "-" "Mozilla/5.0 (Linux; Android 6.0.1; Nexus 5X Build/MMB29P) AppleWebKit/537.36 (KHTML, like Gecko) Chrome/140.0.7339.207 Mobile Safari/537.36 (compatible; Googlebot/2.1; +http://www.google.com/bot.html)"
20.171.207.51 - - [20/Oct/2025:09:03:07 -0400] "GET /wp-json/wp/v2/tags/5211 HTTP/2.0" 200 606 "-" "Mozilla/5.0 AppleWebKit/537.36 (KHTML, like Gecko; compatible; GPTBot/1.2; +https://openai.com/gptbot)"
66.249.79.165 - - [20/Oct/2025:09:03:07 -0400] "GET /?a=09121127998401&channel=ec01dd&from=category-info.php%3Fid%3D1279984-101%26name%3DBeats%20%E3%83%AF%E3%82%A4%E3%83%A4%E3%83%AC%E3%82%B9%E3%82%A4%E3%83%A4%E3%83%9B%E3%83%B3%20%E3%83%9B%E3%83%AF%E3%82%A4%E3%83%88%20%E5%85%85%E9%9B%BB%E3%82%B1%E3%83%BC%E3%82%B9%E4%BB%98%E3%81%8D HTTP/1.1" 200 201123 "-" "Mozilla/5.0 (Linux; Android 6.0.1; Nexus 5X Build/MMB29P) AppleWebKit/537.36 (KHTML, like Gecko) Chrome/140.0.7339.207 Mobile Safari/537.36 (compatible; Googlebot/2.1; +http://www.google.com/bot.html)"
20.171.207.51 - - [20/Oct/2025:09:03:09 -0400] "GET /wp-json/wp/v2/tags/2925 HTTP/2.0" 200 588 "-" "Mozilla/5.0 AppleWebKit/537.36 (KHTML, like Gecko; compatible; GPTBot/1.2; +https://openai.com/gptbot)"
20.171.207.51 - - [20/Oct/2025:09:03:10 -0400] "GET /wp-json/wp/v2/tags/4426 HTTP/2.0" 200 648 "-" "Mozilla/5.0 AppleWebKit/537.36 (KHTML, like Gecko; compatible; GPTBot/1.2; +https://openai.com/gptbot)"
20.171.207.51 - - [20/Oct/2025:09:03:11 -0400] "GET /wp-json/wp/v2/tags/5242 HTTP/2.0" 200 645 "-" "Mozilla/5.0 AppleWebKit/537.36 (KHTML, like Gecko; compatible; GPTBot/1.2; +https://openai.com/gptbot)"
20.171.207.51 - - [20/Oct/2025:09:03:12 -0400] "GET /wp-json/wp/v2/tags/6766 HTTP/2.0" 200 576 "-" "Mozilla/5.0 AppleWebKit/537.36 (KHTML, like Gecko; compatible; GPTBot/1.2; +https://openai.com/gptbot)"
20.171.207.51 - - [20/Oct/2025:09:03:13 -0400] "GET /wp-json/wp/v2/tags/6426 HTTP/2.0" 200 609 "-" "Mozilla/5.0 AppleWebKit/537.36 (KHTML, like Gecko; compatible; GPTBot/1.2; +https://openai.com/gptbot)"
20.171.207.51 - - [20/Oct/2025:09:03:14 -0400] "GET /wp-json/wp/v2/tags/2989 HTTP/2.0" 200 678 "-" "Mozilla/5.0 AppleWebKit/537.36 (KHTML, like Gecko; compatible; GPTBot/1.2; +https://openai.com/gptbot)"
20.171.207.51 - - [20/Oct/2025:09:03:16 -0400] "GET /wp-json/wp/v2/tags/3002 HTTP/2.0" 200 615 "-" "Mozilla/5.0 AppleWebKit/537.36 (KHTML, like Gecko; compatible; GPTBot/1.2; +https://openai.com/gptbot)"
20.171.207.51 - - [20/Oct/2025:09:03:17 -0400] "GET /wp-json/wp/v2/tags/5275 HTTP/2.0" 200 669 "-" "Mozilla/5.0 AppleWebKit/537.36 (KHTML, like Gecko; compatible; GPTBot/1.2; +https://openai.com/gptbot)"
20.171.207.51 - - [20/Oct/2025:09:03:18 -0400] "GET /wp-json/wp/v2/tags/6211 HTTP/2.0" 200 609 "-" "Mozilla/5.0 AppleWebKit/537.36 (KHTML, like Gecko; compatible; GPTBot/1.2; +https://openai.com/gptbot)"
20.171.207.51 - - [20/Oct/2025:09:03:19 -0400] "GET /wp-json/wp/v2/tags/9669 HTTP/2.0" 200 636 "-" "Mozilla/5.0 AppleWebKit/537.36 (KHTML, like Gecko; compatible; GPTBot/1.2; +https://openai.com/gptbot)"
20.171.207.51 - - [20/Oct/2025:09:03:20 -0400] "GET /wp-json/wp/v2/tags/4245 HTTP/2.0" 200 651 "-" "Mozilla/5.0 AppleWebKit/537.36 (KHTML, like Gecko; compatible; GPTBot/1.2; +https://openai.com/gptbot)"
20.171.207.51 - - [20/Oct/2025:09:03:21 -0400] "GET /wp-json/wp/v2/tags/2171 HTTP/2.0" 200 600 "-" "Mozilla/5.0 AppleWebKit/537.36 (KHTML, like Gecko; compatible; GPTBot/1.2; +https://openai.com/gptbot)"
20.171.207.51 - - [20/Oct/2025:09:03:22 -0400] "GET /wp-json/wp/v2/tags/2625 HTTP/2.0" 200 600 "-" "Mozilla/5.0 AppleWebKit/537.36 (KHTML, like Gecko; compatible; GPTBot/1.2; +https://openai.com/gptbot)"
20.171.207.51 - - [20/Oct/2025:09:03:23 -0400] "GET /wp-json/wp/v2/tags/9429 HTTP/2.0" 200 672 "-" "Mozilla/5.0 AppleWebKit/537.36 (KHTML, like Gecko; compatible; GPTBot/1.2; +https://openai.com/gptbot)"
20.171.207.51 - - [20/Oct/2025:09:03:25 -0400] "GET /wp-json/wp/v2/tags/1818 HTTP/2.0" 200 612 "-" "Mozilla/5.0 AppleWebKit/537.36 (KHTML, like Gecko; compatible; GPTBot/1.2; +https://openai.com/gptbot)"
20.171.207.51 - - [20/Oct/2025:09:03:26 -0400] "GET /wp-json/wp/v2/tags/4454 HTTP/2.0" 200 603 "-" "Mozilla/5.0 AppleWebKit/537.36 (KHTML, like Gecko; compatible; GPTBot/1.2; +https://openai.com/gptbot)"
20.171.207.51 - - [20/Oct/2025:09:03:27 -0400] "GET /wp-json/wp/v2/tags/5212 HTTP/2.0" 200 633 "-" "Mozilla/5.0 AppleWebKit/537.36 (KHTML, like Gecko; compatible; GPTBot/1.2; +https://openai.com/gptbot)"
20.171.207.51 - - [20/Oct/2025:09:03:28 -0400] "GET /wp-json/wp/v2/tags/8277 HTTP/2.0" 200 624 "-" "Mozilla/5.0 AppleWebKit/537.36 (KHTML, like Gecko; compatible; GPTBot/1.2; +https://openai.com/gptbot)"
20.171.207.51 - - [20/Oct/2025:09:03:29 -0400] "GET /wp-json/wp/v2/tags/8811 HTTP/2.0" 200 606 "-" "Mozilla/5.0 AppleWebKit/537.36 (KHTML, like Gecko; compatible; GPTBot/1.2; +https://openai.com/gptbot)"
20.171.207.51 - - [20/Oct/2025:09:03:31 -0400] "GET /wp-json/wp/v2/tags/3828 HTTP/2.0" 200 696 "-" "Mozilla/5.0 AppleWebKit/537.36 (KHTML, like Gecko; compatible; GPTBot/1.2; +https://openai.com/gptbot)"
20.171.207.51 - - [20/Oct/2025:09:03:32 -0400] "GET /wp-json/wp/v2/tags/2752 HTTP/2.0" 200 624 "-" "Mozilla/5.0 AppleWebKit/537.36 (KHTML, like Gecko; compatible; GPTBot/1.2; +https://openai.com/gptbot)"
66.249.79.165 - - [20/Oct/2025:09:03:32 -0400] "GET /?a=4099627993700&channel=b27da1&from=blog.php%3Fid%3D279937-82%26name%3D%E3%80%90%E4%B8%AD%E5%8F%A4%E3%80%91%E3%82%B2%E3%83%BC%E3%83%A0%E3%83%9F%E3%83%A5%E3%83%BC%E3%82%B8%E3%83%83%E3%82%AFCD+%E3%83%97%E3%83%AA%E3%83%8B%E3%83%BC+%E3%83%91%E3%83%BC%E3%83%95%E3%82%A7%E3%82%AF%E3%83%88%E3%82%AA%E3%83%AA%E3%82%B8%E3%83%8A%E3%83%AB%E3%82%B5%E3%82%A6%E3%83%B3%E3%83%89%E3%83%88%E3%83%A9%E3%83%83%E3%82%AF HTTP/1.1" 301 - "-" "Mozilla/5.0 (Linux; Android 6.0.1; Nexus 5X Build/MMB29P) AppleWebKit/537.36 (KHTML, like Gecko) Chrome/140.0.7339.207 Mobile Safari/537.36 (compatible; Googlebot/2.1; +http://www.google.com/bot.html)"
20.171.207.51 - - [20/Oct/2025:09:03:33 -0400] "GET /wp-json/wp/v2/tags/4421 HTTP/2.0" 200 582 "-" "Mozilla/5.0 AppleWebKit/537.36 (KHTML, like Gecko; compatible; GPTBot/1.2; +https://openai.com/gptbot)"
66.249.79.165 - - [20/Oct/2025:09:03:33 -0400] "GET /?a=4099627993700&channel=b27da1&from=blog.php%3Fid%3D279937-82%26name%3D%E3%80%90%E4%B8%AD%E5%8F%A4%E3%80%91%E3%82%B2%E3%83%BC%E3%83%A0%E3%83%9F%E3%83%A5%E3%83%BC%E3%82%B8%E3%83%83%E3%82%AFCD%20%E3%83%97%E3%83%AA%E3%83%8B%E3%83%BC%20%E3%83%91%E3%83%BC%E3%83%95%E3%82%A7%E3%82%AF%E3%83%88%E3%82%AA%E3%83%AA%E3%82%B8%E3%83%8A%E3%83%AB%E3%82%B5%E3%82%A6%E3%83%B3%E3%83%89%E3%83%88%E3%83%A9%E3%83%83%E3%82%AF HTTP/1.1" 200 201123 "-" "Mozilla/5.0 (Linux; Android 6.0.1; Nexus 5X Build/MMB29P) AppleWebKit/537.36 (KHTML, like Gecko) Chrome/140.0.7339.207 Mobile Safari/537.36 (compatible; Googlebot/2.1; +http://www.google.com/bot.html)"
20.171.207.51 - - [20/Oct/2025:09:03:34 -0400] "GET /wp-json/wp/v2/tags/7247 HTTP/2.0" 200 657 "-" "Mozilla/5.0 AppleWebKit/537.36 (KHTML, like Gecko; compatible; GPTBot/1.2; +https://openai.com/gptbot)"
20.171.207.51 - - [20/Oct/2025:09:03:35 -0400] "GET /wp-json/wp/v2/tags/6722 HTTP/2.0" 200 660 "-" "Mozilla/5.0 AppleWebKit/537.36 (KHTML, like Gecko; compatible; GPTBot/1.2; +https://openai.com/gptbot)"
20.171.207.51 - - [20/Oct/2025:09:03:36 -0400] "GET /wp-json/wp/v2/tags/9919 HTTP/2.0" 200 624 "-" "Mozilla/5.0 AppleWebKit/537.36 (KHTML, like Gecko; compatible; GPTBot/1.2; +https://openai.com/gptbot)"
95.154.200.52 - - [20/Oct/2025:09:03:37 -0400] "HEAD / HTTP/2.0" 200 - "-" "Turaco Labs ThreatView Security Auditor (threatview.app)"
20.171.207.51 - - [20/Oct/2025:09:03:38 -0400] "GET /wp-json/wp/v2/tags/7977 HTTP/2.0" 200 585 "-" "Mozilla/5.0 AppleWebKit/537.36 (KHTML, like Gecko; compatible; GPTBot/1.2; +https://openai.com/gptbot)"
95.154.200.52 - - [20/Oct/2025:09:03:37 -0400] "GET /xSpUpmEjNrlZ HTTP/2.0" 404 136611 "-" "Turaco Labs ThreatView Security Auditor (threatview.app)"
20.171.207.51 - - [20/Oct/2025:09:03:39 -0400] "GET /wp-json/wp/v2/tags/5852 HTTP/2.0" 200 603 "-" "Mozilla/5.0 AppleWebKit/537.36 (KHTML, like Gecko; compatible; GPTBot/1.2; +https://openai.com/gptbot)"
95.154.200.52 - - [20/Oct/2025:09:03:39 -0400] "GET / HTTP/2.0" 200 201364 "-" "Turaco Labs ThreatView Security Auditor (threatview.app)"
213.180.203.45 - - [20/Oct/2025:09:03:40 -0400] "GET /robots.txt HTTP/1.1" 200 113 "-" "Mozilla/5.0 (compatible; YandexBot/3.0; +http://yandex.com/bots)"
95.154.200.52 - - [20/Oct/2025:09:03:40 -0400] "GET /robots.txt HTTP/2.0" 200 113 "-" "Turaco Labs ThreatView Security Auditor (threatview.app)"
20.171.207.51 - - [20/Oct/2025:09:03:40 -0400] "GET /wp-json/wp/v2/tags/7221 HTTP/2.0" 200 621 "-" "Mozilla/5.0 AppleWebKit/537.36 (KHTML, like Gecko; compatible; GPTBot/1.2; +https://openai.com/gptbot)"
95.154.200.52 - - [20/Oct/2025:09:03:40 -0400] "GET /wp-admin/ HTTP/2.0" 302 - "-" "Turaco Labs ThreatView Security Auditor (threatview.app)"
95.154.200.52 - - [20/Oct/2025:09:03:41 -0400] "GET /wp-login.php?redirect_to=https%3A%2F%2Fwahgazab.com%2Fwp-admin%2F&reauth=1 HTTP/2.0" 200 5429 "https://wahgazab.com/wp-admin/" "Turaco Labs ThreatView Security Auditor (threatview.app)"
87.250.233.1 - - [20/Oct/2025:09:03:41 -0400] "GET /lord-shiva-opened-his-third-eye-here-and-the-water-starts-boiling-as-the-aftereffect/ HTTP/1.1" 200 283717 "-" "Mozilla/5.0 (compatible; YandexBot/3.0; +http://yandex.com/bots)"
20.171.207.51 - - [20/Oct/2025:09:03:41 -0400] "GET /wp-json/wp/v2/tags/3933 HTTP/2.0" 200 675 "-" "Mozilla/5.0 AppleWebKit/537.36 (KHTML, like Gecko; compatible; GPTBot/1.2; +https://openai.com/gptbot)"
95.154.200.52 - - [20/Oct/2025:09:03:41 -0400] "GET / HTTP/2.0" 200 201364 "https://www.google.com/" "Mozilla/5.0 (Macintosh; Intel Mac OS X 10_15_7) AppleWebKit/537.36 (KHTML, like Gecko, Foregenix) Chrome/133.0.0.0 Safari/537.36"
95.154.200.52 - - [20/Oct/2025:09:03:42 -0400] "GET /wp-content/plugins/td-composer/td-multi-purpose/style.css?ver=492e3cf54bd42df3b24a3de8e2307cafx HTTP/2.0" 200 38952 "https://wahgazab.com/" "Mozilla/5.0 (Macintosh; Intel Mac OS X 10_15_7) AppleWebKit/537.36 (KHTML, like Gecko, Foregenix) Chrome/133.0.0.0 Safari/537.36"
95.154.200.52 - - [20/Oct/2025:09:03:42 -0400] "GET /wp-content/themes/Newspaper/style.css?ver=12.7.1 HTTP/2.0" 200 158737 "https://wahgazab.com/" "Mozilla/5.0 (Macintosh; Intel Mac OS X 10_15_7) AppleWebKit/537.36 (KHTML, like Gecko, Foregenix) Chrome/133.0.0.0 Safari/537.36"
95.154.200.52 - - [20/Oct/2025:09:03:42 -0400] "GET /wp-content/plugins/td-composer/legacy/Newspaper/assets/css/td_legacy_main.css?ver=492e3cf54bd42df3b24a3de8e2307cafx HTTP/2.0" 200 173151 "https://wahgazab.com/" "Mozilla/5.0 (Macintosh; Intel Mac OS X 10_15_7) AppleWebKit/537.36 (KHTML, like Gecko, Foregenix) Chrome/133.0.0.0 Safari/537.36"
95.154.200.52 - - [20/Oct/2025:09:03:42 -0400] "GET /wp-content/plugins/td-cloud-library/assets/css/tdb_main.css?ver=d578089f160957352b9b4ca6d880fd8f HTTP/2.0" 200 48249 "https://wahgazab.com/" "Mozilla/5.0 (Macintosh; Intel Mac OS X 10_15_7) AppleWebKit/537.36 (KHTML, like Gecko, Foregenix) Chrome/133.0.0.0 Safari/537.36"
95.154.200.52 - - [20/Oct/2025:09:03:42 -0400] "GET /wp-includes/js/jquery/jquery.min.js?ver=3.7.1 HTTP/2.0" 200 87553 "https://wahgazab.com/" "Mozilla/5.0 (Macintosh; Intel Mac OS X 10_15_7) AppleWebKit/537.36 (KHTML, like Gecko, Foregenix) Chrome/133.0.0.0 Safari/537.36"
95.154.200.52 - - [20/Oct/2025:09:03:42 -0400] "GET /wp-includes/js/jquery/jquery-migrate.min.js?ver=3.4.1 HTTP/2.0" 200 13577 "https://wahgazab.com/" "Mozilla/5.0 (Macintosh; Intel Mac OS X 10_15_7) AppleWebKit/537.36 (KHTML, like Gecko, Foregenix) Chrome/133.0.0.0 Safari/537.36"
95.154.200.52 - - [20/Oct/2025:09:03:42 -0400] "GET /wp-content/uploads/2015/10/wah_logo.png HTTP/2.0" 200 32592 "https://wahgazab.com/" "Mozilla/5.0 (Macintosh; Intel Mac OS X 10_15_7) AppleWebKit/537.36 (KHTML, like Gecko, Foregenix) Chrome/133.0.0.0 Safari/537.36"
95.154.200.52 - - [20/Oct/2025:09:03:43 -0400] "GET /wp-content/plugins/td-composer/legacy/Newspaper/js/tagdiv_theme.min.js?ver=12.7.1 HTTP/2.0" 200 160112 "https://wahgazab.com/" "Mozilla/5.0 (Macintosh; Intel Mac OS X 10_15_7) AppleWebKit/537.36 (KHTML, like Gecko, Foregenix) Chrome/133.0.0.0 Safari/537.36"
20.171.207.51 - - [20/Oct/2025:09:03:42 -0400] "GET /wp-json/wp/v2/tags/4624 HTTP/2.0" 200 597 "-" "Mozilla/5.0 AppleWebKit/537.36 (KHTML, like Gecko; compatible; GPTBot/1.2; +https://openai.com/gptbot)"
95.154.200.52 - - [20/Oct/2025:09:03:43 -0400] "GET /wp-content/plugins/td-composer/legacy/Newspaper/js/tdPostImages.js?ver=12.7.1 HTTP/2.0" 200 2449 "https://wahgazab.com/" "Mozilla/5.0 (Macintosh; Intel Mac OS X 10_15_7) AppleWebKit/537.36 (KHTML, like Gecko, Foregenix) Chrome/133.0.0.0 Safari/537.36"
95.154.200.52 - - [20/Oct/2025:09:03:43 -0400] "GET /wp-content/plugins/td-composer/legacy/Newspaper/js/tdSmartSidebar.js?ver=12.7.1 HTTP/2.0" 200 9966 "https://wahgazab.com/" "Mozilla/5.0 (Macintosh; Intel Mac OS X 10_15_7) AppleWebKit/537.36 (KHTML, like Gecko, Foregenix) Chrome/133.0.0.0 Safari/537.36"
95.154.200.52 - - [20/Oct/2025:09:03:43 -0400] "GET /wp-content/plugins/td-composer/legacy/Newspaper/js/tdSocialSharing.js?ver=12.7.1 HTTP/2.0" 200 2632 "https://wahgazab.com/" "Mozilla/5.0 (Macintosh; Intel Mac OS X 10_15_7) AppleWebKit/537.36 (KHTML, like Gecko, Foregenix) Chrome/133.0.0.0 Safari/537.36"
95.154.200.52 - - [20/Oct/2025:09:03:43 -0400] "GET /wp-content/plugins/td-composer/legacy/Newspaper/js/tdModalPostImages.js?ver=12.7.1 HTTP/2.0" 200 8892 "https://wahgazab.com/" "Mozilla/5.0 (Macintosh; Intel Mac OS X 10_15_7) AppleWebKit/537.36 (KHTML, like Gecko, Foregenix) Chrome/133.0.0.0 Safari/537.36"
95.154.200.52 - - [20/Oct/2025:09:03:43 -0400] "GET /wp-content/plugins/td-composer/legacy/Newspaper/js/tdToTop.js?ver=12.7.1 HTTP/2.0" 200 1426 "https://wahgazab.com/" "Mozilla/5.0 (Macintosh; Intel Mac OS X 10_15_7) AppleWebKit/537.36 (KHTML, like Gecko, Foregenix) Chrome/133.0.0.0 Safari/537.36"
95.154.200.52 - - [20/Oct/2025:09:03:43 -0400] "GET /wp-content/plugins/td-cloud-library/assets/js/js_files_for_front.min.js?ver=d578089f160957352b9b4ca6d880fd8f HTTP/2.0" 200 29694 "https://wahgazab.com/" "Mozilla/5.0 (Macintosh; Intel Mac OS X 10_15_7) AppleWebKit/537.36 (KHTML, like Gecko, Foregenix) Chrome/133.0.0.0 Safari/537.36"
95.154.200.52 - - [20/Oct/2025:09:03:43 -0400] "GET /wp-content/plugins/td-composer/legacy/Newspaper/js/tdLoginMobile.js?ver=12.7.1 HTTP/2.0" 200 6347 "https://wahgazab.com/" "Mozilla/5.0 (Macintosh; Intel Mac OS X 10_15_7) AppleWebKit/537.36 (KHTML, like Gecko, Foregenix) Chrome/133.0.0.0 Safari/537.36"
95.154.200.52 - - [20/Oct/2025:09:03:43 -0400] "GET /wp-content/plugins/td-composer/legacy/Newspaper/js/tdAjaxSearch.js?ver=12.7.1 HTTP/2.0" 200 6145 "https://wahgazab.com/" "Mozilla/5.0 (Macintosh; Intel Mac OS X 10_15_7) AppleWebKit/537.36 (KHTML, like Gecko, Foregenix) Chrome/133.0.0.0 Safari/537.36"
95.154.200.52 - - [20/Oct/2025:09:03:43 -0400] "GET /wp-content/plugins/td-cloud-library/assets/js/tdbSearch.js?ver=d578089f160957352b9b4ca6d880fd8f HTTP/2.0" 200 5945 "https://wahgazab.com/" "Mozilla/5.0 (Macintosh; Intel Mac OS X 10_15_7) AppleWebKit/537.36 (KHTML, like Gecko, Foregenix) Chrome/133.0.0.0 Safari/537.36"
95.154.200.52 - - [20/Oct/2025:09:03:43 -0400] "GET /wp-content/plugins/td-composer/legacy/Newspaper/js/tdMenu.js?ver=12.7.1 HTTP/2.0" 200 4530 "https://wahgazab.com/" "Mozilla/5.0 (Macintosh; Intel Mac OS X 10_15_7) AppleWebKit/537.36 (KHTML, like Gecko, Foregenix) Chrome/133.0.0.0 Safari/537.36"
95.154.200.52 - - [20/Oct/2025:09:03:43 -0400] "GET /wp-content/plugins/td-composer/legacy/Newspaper/js/tdLoadingBox.js?ver=12.7.1 HTTP/2.0" 200 2670 "https://wahgazab.com/" "Mozilla/5.0 (Macintosh; Intel Mac OS X 10_15_7) AppleWebKit/537.36 (KHTML, like Gecko, Foregenix) Chrome/133.0.0.0 Safari/537.36"
95.154.200.52 - - [20/Oct/2025:09:03:43 -0400] "GET /wp-content/themes/Newspaper/images/icons/newspaper.woff?24 HTTP/2.0" 200 34896 "https://wahgazab.com/wp-content/themes/Newspaper/style.css?ver=12.7.1" "Mozilla/5.0 (Macintosh; Intel Mac OS X 10_15_7) AppleWebKit/537.36 (KHTML, like Gecko, Foregenix) Chrome/133.0.0.0 Safari/537.36"
95.154.200.52 - - [20/Oct/2025:09:03:43 -0400] "GET /wp-content/plugins/td-cloud-library/assets/js/tdbMenu.js?ver=d578089f160957352b9b4ca6d880fd8f HTTP/2.0" 200 10781 "https://wahgazab.com/" "Mozilla/5.0 (Macintosh; Intel Mac OS X 10_15_7) AppleWebKit/537.36 (KHTML, like Gecko, Foregenix) Chrome/133.0.0.0 Safari/537.36"
95.154.200.52 - - [20/Oct/2025:09:03:43 -0400] "GET /wp-includes/js/comment-reply.min.js?ver=6.8.3 HTTP/2.0" 200 3026 "https://wahgazab.com/" "Mozilla/5.0 (Macintosh; Intel Mac OS X 10_15_7) AppleWebKit/537.36 (KHTML, like Gecko, Foregenix) Chrome/133.0.0.0 Safari/537.36"
95.154.200.52 - - [20/Oct/2025:09:03:43 -0400] "GET /wp-includes/js/wp-emoji-release.min.js?ver=6.8.3 HTTP/2.0" 200 19251 "https://wahgazab.com/" "Mozilla/5.0 (Macintosh; Intel Mac OS X 10_15_7) AppleWebKit/537.36 (KHTML, like Gecko, Foregenix) Chrome/133.0.0.0 Safari/537.36"
95.154.200.52 - - [20/Oct/2025:09:03:44 -0400] "GET /wp-content/uploads/2020/11/43-chinese-apps-banned-in-India-696x348.jpg HTTP/2.0" 200 33358 "https://wahgazab.com/" "Mozilla/5.0 (Macintosh; Intel Mac OS X 10_15_7) AppleWebKit/537.36 (KHTML, like Gecko, Foregenix) Chrome/133.0.0.0 Safari/537.36"
95.154.200.52 - - [20/Oct/2025:09:03:44 -0400] "GET /wp-content/uploads/2020/11/Dehli-Crime-696x348.jpg HTTP/2.0" 200 37544 "https://wahgazab.com/" "Mozilla/5.0 (Macintosh; Intel Mac OS X 10_15_7) AppleWebKit/537.36 (KHTML, like Gecko, Foregenix) Chrome/133.0.0.0 Safari/537.36"
20.171.207.51 - - [20/Oct/2025:09:03:43 -0400] "GET /wp-json/wp/v2/tags/4944 HTTP/2.0" 200 618 "-" "Mozilla/5.0 AppleWebKit/537.36 (KHTML, like Gecko; compatible; GPTBot/1.2; +https://openai.com/gptbot)"
95.154.200.52 - - [20/Oct/2025:09:03:44 -0400] "GET /wp-content/uploads/2016/08/Pune-working-mom.jpg HTTP/2.0" 404 136611 "https://wahgazab.com/" "Mozilla/5.0 (Macintosh; Intel Mac OS X 10_15_7) AppleWebKit/537.36 (KHTML, like Gecko, Foregenix) Chrome/133.0.0.0 Safari/537.36"
95.154.200.52 - - [20/Oct/2025:09:03:45 -0400] "GET /wp-content/uploads/2015/10/cropped-wah_logo-1-32x32.png HTTP/2.0" 200 2862 "https://wahgazab.com/" "Mozilla/5.0 (Macintosh; Intel Mac OS X 10_15_7) AppleWebKit/537.36 (KHTML, like Gecko, Foregenix) Chrome/133.0.0.0 Safari/537.36"
20.171.207.51 - - [20/Oct/2025:09:03:45 -0400] "GET /wp-json/wp/v2/tags/9002 HTTP/2.0" 200 630 "-" "Mozilla/5.0 AppleWebKit/537.36 (KHTML, like Gecko; compatible; GPTBot/1.2; +https://openai.com/gptbot)"
20.171.207.51 - - [20/Oct/2025:09:03:46 -0400] "GET /wp-json/wp/v2/tags/6221 HTTP/2.0" 200 609 "-" "Mozilla/5.0 AppleWebKit/537.36 (KHTML, like Gecko; compatible; GPTBot/1.2; +https://openai.com/gptbot)"
20.171.207.51 - - [20/Oct/2025:09:03:47 -0400] "GET /wp-json/wp/v2/tags/6277 HTTP/2.0" 200 615 "-" "Mozilla/5.0 AppleWebKit/537.36 (KHTML, like Gecko; compatible; GPTBot/1.2; +https://openai.com/gptbot)"
95.154.200.52 - - [20/Oct/2025:09:03:47 -0400] "GET /wp-content/uploads/2016/08/Pune-working-mom.jpg HTTP/2.0" 404 136611 "https://wahgazab.com/" "Mozilla/5.0 (Macintosh; Intel Mac OS X 10_15_7) AppleWebKit/537.36 (KHTML, like Gecko, Foregenix) Chrome/133.0.0.0 Safari/537.36"
20.171.207.51 - - [20/Oct/2025:09:03:48 -0400] "GET /wp-json/wp/v2/tags/7752 HTTP/2.0" 200 621 "-" "Mozilla/5.0 AppleWebKit/537.36 (KHTML, like Gecko; compatible; GPTBot/1.2; +https://openai.com/gptbot)"
20.171.207.51 - - [20/Oct/2025:09:03:49 -0400] "GET /wp-json/wp/v2/tags/6652 HTTP/2.0" 200 666 "-" "Mozilla/5.0 AppleWebKit/537.36 (KHTML, like Gecko; compatible; GPTBot/1.2; +https://openai.com/gptbot)"
66.249.79.165 - - [20/Oct/2025:09:03:50 -0400] "GET /?a=3384051941507&channel=4e578b&from=form.php%3Fid%3D519415-2592%26name%3D%E3%80%90SALE%EF%BC%8F30%25OFF%E3%80%91%E3%80%90WEB%E9%99%90%E5%AE%9A%E3%82%AB%E3%83%A9%E3%83%BC%E3%80%91%E3%83%95%E3%83%AA%E3%83%AB%E3%82%B9%E3%83%AA%E3%83%BC%E3%83%96%E3%82%AB%E3%83%BC%E3%83%87%E3%82%A3%E3%82%AC%E3%83%B3+LILY+BROWN+%E3%83%AA%E3%83%AA%E3%83%BC%E3%83%96%E3%83%A9%E3%82%A6%E3%83%B3+%E3%83%88%E3%83%83%E3%83%97%E3%82%B9+%E3%82%AB%E3%83%BC%E3%83%87%E3%82%A3%E3%82%AC%E3%83%B3+%E3%82%B0%E3%83%AC%E3%83%BC+%E3%83%96%E3%83%A9%E3%82%A6%E3%83%B3%E3%80%90RBA_E%E3%80%91%E3%80%90%E9%80%81%E6%96%99%E7%84%A1%E6%96%99%E3%80%91%5BRakuten+Fashion%5D HTTP/1.1" 301 - "-" "Mozilla/5.0 (Linux; Android 6.0.1; Nexus 5X Build/MMB29P) AppleWebKit/537.36 (KHTML, like Gecko) Chrome/140.0.7339.207 Mobile Safari/537.36 (compatible; Googlebot/2.1; +http://www.google.com/bot.html)"
20.171.207.51 - - [20/Oct/2025:09:03:50 -0400] "GET /wp-json/wp/v2/tags/2260 HTTP/2.0" 200 600 "-" "Mozilla/5.0 AppleWebKit/537.36 (KHTML, like Gecko; compatible; GPTBot/1.2; +https://openai.com/gptbot)"
66.249.79.165 - - [20/Oct/2025:09:03:50 -0400] "GET /?a=3384051941507&channel=4e578b&from=form.php%3Fid%3D519415-2592%26name%3D%E3%80%90SALE%EF%BC%8F30%25OFF%E3%80%91%E3%80%90WEB%E9%99%90%E5%AE%9A%E3%82%AB%E3%83%A9%E3%83%BC%E3%80%91%E3%83%95%E3%83%AA%E3%83%AB%E3%82%B9%E3%83%AA%E3%83%BC%E3%83%96%E3%82%AB%E3%83%BC%E3%83%87%E3%82%A3%E3%82%AC%E3%83%B3%20LILY%20BROWN%20%E3%83%AA%E3%83%AA%E3%83%BC%E3%83%96%E3%83%A9%E3%82%A6%E3%83%B3%20%E3%83%88%E3%83%83%E3%83%97%E3%82%B9%20%E3%82%AB%E3%83%BC%E3%83%87%E3%82%A3%E3%82%AC%E3%83%B3%20%E3%82%B0%E3%83%AC%E3%83%BC%20%E3%83%96%E3%83%A9%E3%82%A6%E3%83%B3%E3%80%90RBA_E%E3%80%91%E3%80%90%E9%80%81%E6%96%99%E7%84%A1%E6%96%99%E3%80%91%5BRakuten%20Fashion%5D HTTP/1.1" 200 201123 "-" "Mozilla/5.0 (Linux; Android 6.0.1; Nexus 5X Build/MMB29P) AppleWebKit/537.36 (KHTML, like Gecko) Chrome/140.0.7339.207 Mobile Safari/537.36 (compatible; Googlebot/2.1; +http://www.google.com/bot.html)"
20.171.207.51 - - [20/Oct/2025:09:03:52 -0400] "GET /wp-json/wp/v2/tags/1101 HTTP/2.0" 200 594 "-" "Mozilla/5.0 AppleWebKit/537.36 (KHTML, like Gecko; compatible; GPTBot/1.2; +https://openai.com/gptbot)"
20.171.207.51 - - [20/Oct/2025:09:03:53 -0400] "GET /wp-json/wp/v2/tags/1919 HTTP/2.0" 200 591 "-" "Mozilla/5.0 AppleWebKit/537.36 (KHTML, like Gecko; compatible; GPTBot/1.2; +https://openai.com/gptbot)"
20.171.207.51 - - [20/Oct/2025:09:03:54 -0400] "GET /wp-json/wp/v2/tags/4472 HTTP/2.0" 200 660 "-" "Mozilla/5.0 AppleWebKit/537.36 (KHTML, like Gecko; compatible; GPTBot/1.2; +https://openai.com/gptbot)"
20.171.207.51 - - [20/Oct/2025:09:03:55 -0400] "GET /wp-json/wp/v2/tags/8682 HTTP/2.0" 200 648 "-" "Mozilla/5.0 AppleWebKit/537.36 (KHTML, like Gecko; compatible; GPTBot/1.2; +https://openai.com/gptbot)"
20.171.207.51 - - [20/Oct/2025:09:03:56 -0400] "GET /wp-json/wp/v2/tags/3243 HTTP/2.0" 200 583 "-" "Mozilla/5.0 AppleWebKit/537.36 (KHTML, like Gecko; compatible; GPTBot/1.2; +https://openai.com/gptbot)"
20.171.207.51 - - [20/Oct/2025:09:03:57 -0400] "GET /wp-json/wp/v2/tags/2121 HTTP/2.0" 200 609 "-" "Mozilla/5.0 AppleWebKit/537.36 (KHTML, like Gecko; compatible; GPTBot/1.2; +https://openai.com/gptbot)"
20.171.207.51 - - [20/Oct/2025:09:03:58 -0400] "GET /wp-json/wp/v2/tags/3392 HTTP/2.0" 200 591 "-" "Mozilla/5.0 AppleWebKit/537.36 (KHTML, like Gecko; compatible; GPTBot/1.2; +https://openai.com/gptbot)"
20.171.207.51 - - [20/Oct/2025:09:04:00 -0400] "GET /wp-json/wp/v2/tags/1210 HTTP/2.0" 200 615 "-" "Mozilla/5.0 AppleWebKit/537.36 (KHTML, like Gecko; compatible; GPTBot/1.2; +https://openai.com/gptbot)"
20.171.207.51 - - [20/Oct/2025:09:04:01 -0400] "GET /wp-json/wp/v2/tags/2757 HTTP/2.0" 200 669 "-" "Mozilla/5.0 AppleWebKit/537.36 (KHTML, like Gecko; compatible; GPTBot/1.2; +https://openai.com/gptbot)"
20.171.207.51 - - [20/Oct/2025:09:04:02 -0400] "GET /wp-json/wp/v2/tags/2885 HTTP/2.0" 200 699 "-" "Mozilla/5.0 AppleWebKit/537.36 (KHTML, like Gecko; compatible; GPTBot/1.2; +https://openai.com/gptbot)"
20.171.207.51 - - [20/Oct/2025:09:04:03 -0400] "GET /wp-json/wp/v2/tags/3225 HTTP/2.0" 200 651 "-" "Mozilla/5.0 AppleWebKit/537.36 (KHTML, like Gecko; compatible; GPTBot/1.2; +https://openai.com/gptbot)"
20.171.207.51 - - [20/Oct/2025:09:04:04 -0400] "GET /wp-json/wp/v2/tags/7717 HTTP/2.0" 200 636 "-" "Mozilla/5.0 AppleWebKit/537.36 (KHTML, like Gecko; compatible; GPTBot/1.2; +https://openai.com/gptbot)"
20.171.207.51 - - [20/Oct/2025:09:04:05 -0400] "GET /wp-json/wp/v2/tags/3993 HTTP/2.0" 200 660 "-" "Mozilla/5.0 AppleWebKit/537.36 (KHTML, like Gecko; compatible; GPTBot/1.2; +https://openai.com/gptbot)"
20.171.207.51 - - [20/Oct/2025:09:04:07 -0400] "GET /wp-json/wp/v2/tags/2283 HTTP/2.0" 200 648 "-" "Mozilla/5.0 AppleWebKit/537.36 (KHTML, like Gecko; compatible; GPTBot/1.2; +https://openai.com/gptbot)"
20.171.207.51 - - [20/Oct/2025:09:04:08 -0400] "GET /wp-json/wp/v2/tags/5520 HTTP/2.0" 200 621 "-" "Mozilla/5.0 AppleWebKit/537.36 (KHTML, like Gecko; compatible; GPTBot/1.2; +https://openai.com/gptbot)"
20.171.207.51 - - [20/Oct/2025:09:04:09 -0400] "GET /wp-json/wp/v2/tags/2199 HTTP/2.0" 200 624 "-" "Mozilla/5.0 AppleWebKit/537.36 (KHTML, like Gecko; compatible; GPTBot/1.2; +https://openai.com/gptbot)"
20.171.207.51 - - [20/Oct/2025:09:04:10 -0400] "GET /wp-json/wp/v2/tags/9962 HTTP/2.0" 200 636 "-" "Mozilla/5.0 AppleWebKit/537.36 (KHTML, like Gecko; compatible; GPTBot/1.2; +https://openai.com/gptbot)"
20.171.207.51 - - [20/Oct/2025:09:04:11 -0400] "GET /wp-json/wp/v2/tags/9972 HTTP/2.0" 200 636 "-" "Mozilla/5.0 AppleWebKit/537.36 (KHTML, like Gecko; compatible; GPTBot/1.2; +https://openai.com/gptbot)"
20.171.207.51 - - [20/Oct/2025:09:04:12 -0400] "GET /wp-json/wp/v2/tags/2492 HTTP/2.0" 200 597 "-" "Mozilla/5.0 AppleWebKit/537.36 (KHTML, like Gecko; compatible; GPTBot/1.2; +https://openai.com/gptbot)"
20.171.207.51 - - [20/Oct/2025:09:04:14 -0400] "GET /wp-json/wp/v2/tags/1611 HTTP/2.0" 200 729 "-" "Mozilla/5.0 AppleWebKit/537.36 (KHTML, like Gecko; compatible; GPTBot/1.2; +https://openai.com/gptbot)"
20.171.207.51 - - [20/Oct/2025:09:04:15 -0400] "GET /wp-json/wp/v2/tags/9293 HTTP/2.0" 200 684 "-" "Mozilla/5.0 AppleWebKit/537.36 (KHTML, like Gecko; compatible; GPTBot/1.2; +https://openai.com/gptbot)"
20.171.207.51 - - [20/Oct/2025:09:04:16 -0400] "GET /wp-json/wp/v2/tags/8552 HTTP/2.0" 200 594 "-" "Mozilla/5.0 AppleWebKit/537.36 (KHTML, like Gecko; compatible; GPTBot/1.2; +https://openai.com/gptbot)"
20.171.207.51 - - [20/Oct/2025:09:04:17 -0400] "GET /wp-json/wp/v2/tags/2072 HTTP/2.0" 200 642 "-" "Mozilla/5.0 AppleWebKit/537.36 (KHTML, like Gecko; compatible; GPTBot/1.2; +https://openai.com/gptbot)"
20.171.207.51 - - [20/Oct/2025:09:04:18 -0400] "GET /wp-json/wp/v2/tags/9294 HTTP/2.0" 200 711 "-" "Mozilla/5.0 AppleWebKit/537.36 (KHTML, like Gecko; compatible; GPTBot/1.2; +https://openai.com/gptbot)"
20.171.207.51 - - [20/Oct/2025:09:04:19 -0400] "GET /wp-json/wp/v2/tags/6062 HTTP/2.0" 200 597 "-" "Mozilla/5.0 AppleWebKit/537.36 (KHTML, like Gecko; compatible; GPTBot/1.2; +https://openai.com/gptbot)"
20.171.207.51 - - [20/Oct/2025:09:04:20 -0400] "GET /wp-json/wp/v2/tags/8824 HTTP/2.0" 200 624 "-" "Mozilla/5.0 AppleWebKit/537.36 (KHTML, like Gecko; compatible; GPTBot/1.2; +https://openai.com/gptbot)"
20.171.207.51 - - [20/Oct/2025:09:04:22 -0400] "GET /wp-json/wp/v2/tags/5050 HTTP/2.0" 200 621 "-" "Mozilla/5.0 AppleWebKit/537.36 (KHTML, like Gecko; compatible; GPTBot/1.2; +https://openai.com/gptbot)"
20.171.207.51 - - [20/Oct/2025:09:04:23 -0400] "GET /wp-json/wp/v2/tags/4544 HTTP/2.0" 200 615 "-" "Mozilla/5.0 AppleWebKit/537.36 (KHTML, like Gecko; compatible; GPTBot/1.2; +https://openai.com/gptbot)"
20.171.207.51 - - [20/Oct/2025:09:04:24 -0400] "GET /wp-json/wp/v2/tags/8878 HTTP/2.0" 200 636 "-" "Mozilla/5.0 AppleWebKit/537.36 (KHTML, like Gecko; compatible; GPTBot/1.2; +https://openai.com/gptbot)"
20.171.207.51 - - [20/Oct/2025:09:04:25 -0400] "GET /wp-json/wp/v2/tags/1132 HTTP/2.0" 200 645 "-" "Mozilla/5.0 AppleWebKit/537.36 (KHTML, like Gecko; compatible; GPTBot/1.2; +https://openai.com/gptbot)"
