20.171.207.51 - - [20/Oct/2025:08:16:46 -0400] "GET /wp-json/wp/v2/posts/45273 HTTP/2.0" 200 12790 "-" "Mozilla/5.0 AppleWebKit/537.36 (KHTML, like Gecko; compatible; GPTBot/1.2; +https://openai.com/gptbot)"
20.171.207.51 - - [20/Oct/2025:08:16:48 -0400] "GET /wp-json/wp/v2/posts/25683 HTTP/2.0" 200 13149 "-" "Mozilla/5.0 AppleWebKit/537.36 (KHTML, like Gecko; compatible; GPTBot/1.2; +https://openai.com/gptbot)"
20.171.207.51 - - [20/Oct/2025:08:16:49 -0400] "GET /wp-json/wp/v2/posts/44031 HTTP/2.0" 200 15375 "-" "Mozilla/5.0 AppleWebKit/537.36 (KHTML, like Gecko; compatible; GPTBot/1.2; +https://openai.com/gptbot)"
20.171.207.51 - - [20/Oct/2025:08:16:50 -0400] "GET /wp-json/wp/v2/posts/38612 HTTP/2.0" 200 7115 "-" "Mozilla/5.0 AppleWebKit/537.36 (KHTML, like Gecko; compatible; GPTBot/1.2; +https://openai.com/gptbot)"
20.171.207.51 - - [20/Oct/2025:08:16:51 -0400] "GET /wp-json/wp/v2/posts/13927 HTTP/2.0" 200 12314 "-" "Mozilla/5.0 AppleWebKit/537.36 (KHTML, like Gecko; compatible; GPTBot/1.2; +https://openai.com/gptbot)"
20.171.207.51 - - [20/Oct/2025:08:16:52 -0400] "GET /wp-json/wp/v2/posts/12738 HTTP/2.0" 200 11210 "-" "Mozilla/5.0 AppleWebKit/537.36 (KHTML, like Gecko; compatible; GPTBot/1.2; +https://openai.com/gptbot)"
20.171.207.51 - - [20/Oct/2025:08:16:53 -0400] "GET /wp-json/wp/v2/posts/43469 HTTP/2.0" 200 16210 "-" "Mozilla/5.0 AppleWebKit/537.36 (KHTML, like Gecko; compatible; GPTBot/1.2; +https://openai.com/gptbot)"
20.171.207.51 - - [20/Oct/2025:08:16:55 -0400] "GET /wp-json/wp/v2/posts/49216 HTTP/2.0" 200 7894 "-" "Mozilla/5.0 AppleWebKit/537.36 (KHTML, like Gecko; compatible; GPTBot/1.2; +https://openai.com/gptbot)"
20.171.207.51 - - [20/Oct/2025:08:16:56 -0400] "GET /wp-json/wp/v2/posts/46323 HTTP/2.0" 200 9128 "-" "Mozilla/5.0 AppleWebKit/537.36 (KHTML, like Gecko; compatible; GPTBot/1.2; +https://openai.com/gptbot)"
20.171.207.51 - - [20/Oct/2025:08:16:57 -0400] "GET /wp-json/wp/v2/posts/23904 HTTP/2.0" 200 10999 "-" "Mozilla/5.0 AppleWebKit/537.36 (KHTML, like Gecko; compatible; GPTBot/1.2; +https://openai.com/gptbot)"
20.171.207.51 - - [20/Oct/2025:08:16:58 -0400] "GET /wp-json/wp/v2/posts/27945 HTTP/2.0" 200 14516 "-" "Mozilla/5.0 AppleWebKit/537.36 (KHTML, like Gecko; compatible; GPTBot/1.2; +https://openai.com/gptbot)"
20.171.207.51 - - [20/Oct/2025:08:16:59 -0400] "GET /wp-json/wp/v2/posts/15898 HTTP/2.0" 200 10537 "-" "Mozilla/5.0 AppleWebKit/537.36 (KHTML, like Gecko; compatible; GPTBot/1.2; +https://openai.com/gptbot)"
20.171.207.51 - - [20/Oct/2025:08:17:00 -0400] "GET /wp-json/wp/v2/posts/28161 HTTP/2.0" 200 13061 "-" "Mozilla/5.0 AppleWebKit/537.36 (KHTML, like Gecko; compatible; GPTBot/1.2; +https://openai.com/gptbot)"
20.171.207.51 - - [20/Oct/2025:08:17:02 -0400] "GET /wp-json/wp/v2/posts/21345 HTTP/2.0" 200 15121 "-" "Mozilla/5.0 AppleWebKit/537.36 (KHTML, like Gecko; compatible; GPTBot/1.2; +https://openai.com/gptbot)"
20.171.207.51 - - [20/Oct/2025:08:17:03 -0400] "GET /wp-json/wp/v2/posts/10279 HTTP/2.0" 200 13438 "-" "Mozilla/5.0 AppleWebKit/537.36 (KHTML, like Gecko; compatible; GPTBot/1.2; +https://openai.com/gptbot)"
20.171.207.51 - - [20/Oct/2025:08:17:04 -0400] "GET /wp-json/wp/v2/posts/27879 HTTP/2.0" 200 8675 "-" "Mozilla/5.0 AppleWebKit/537.36 (KHTML, like Gecko; compatible; GPTBot/1.2; +https://openai.com/gptbot)"
20.171.207.51 - - [20/Oct/2025:08:17:05 -0400] "GET /wp-json/wp/v2/posts/35181 HTTP/2.0" 200 12187 "-" "Mozilla/5.0 AppleWebKit/537.36 (KHTML, like Gecko; compatible; GPTBot/1.2; +https://openai.com/gptbot)"
20.171.207.51 - - [20/Oct/2025:08:17:06 -0400] "GET /wp-json/wp/v2/posts/36959 HTTP/2.0" 200 11192 "-" "Mozilla/5.0 AppleWebKit/537.36 (KHTML, like Gecko; compatible; GPTBot/1.2; +https://openai.com/gptbot)"
20.171.207.51 - - [20/Oct/2025:08:17:07 -0400] "GET /wp-json/wp/v2/posts/31129 HTTP/2.0" 200 12407 "-" "Mozilla/5.0 AppleWebKit/537.36 (KHTML, like Gecko; compatible; GPTBot/1.2; +https://openai.com/gptbot)"
20.171.207.51 - - [20/Oct/2025:08:17:08 -0400] "GET /wp-json/wp/v2/posts/30536 HTTP/2.0" 200 13986 "-" "Mozilla/5.0 AppleWebKit/537.36 (KHTML, like Gecko; compatible; GPTBot/1.2; +https://openai.com/gptbot)"
20.171.207.51 - - [20/Oct/2025:08:17:10 -0400] "GET /wp-json/wp/v2/posts/33027 HTTP/2.0" 200 11517 "-" "Mozilla/5.0 AppleWebKit/537.36 (KHTML, like Gecko; compatible; GPTBot/1.2; +https://openai.com/gptbot)"
20.171.207.51 - - [20/Oct/2025:08:17:11 -0400] "GET /wp-json/wp/v2/posts/14546 HTTP/2.0" 200 11081 "-" "Mozilla/5.0 AppleWebKit/537.36 (KHTML, like Gecko; compatible; GPTBot/1.2; +https://openai.com/gptbot)"
20.171.207.51 - - [20/Oct/2025:08:17:12 -0400] "GET /wp-json/wp/v2/posts/47764 HTTP/2.0" 200 14583 "-" "Mozilla/5.0 AppleWebKit/537.36 (KHTML, like Gecko; compatible; GPTBot/1.2; +https://openai.com/gptbot)"
20.171.207.51 - - [20/Oct/2025:08:17:13 -0400] "GET /wp-json/wp/v2/posts/35573 HTTP/2.0" 200 9955 "-" "Mozilla/5.0 AppleWebKit/537.36 (KHTML, like Gecko; compatible; GPTBot/1.2; +https://openai.com/gptbot)"
20.171.207.51 - - [20/Oct/2025:08:17:14 -0400] "GET /wp-json/wp/v2/posts/15031 HTTP/2.0" 200 10479 "-" "Mozilla/5.0 AppleWebKit/537.36 (KHTML, like Gecko; compatible; GPTBot/1.2; +https://openai.com/gptbot)"
20.171.207.51 - - [20/Oct/2025:08:17:15 -0400] "GET /wp-json/wp/v2/posts/10176 HTTP/2.0" 200 11312 "-" "Mozilla/5.0 AppleWebKit/537.36 (KHTML, like Gecko; compatible; GPTBot/1.2; +https://openai.com/gptbot)"
20.171.207.51 - - [20/Oct/2025:08:17:16 -0400] "GET /wp-json/wp/v2/posts/21556 HTTP/2.0" 200 15590 "-" "Mozilla/5.0 AppleWebKit/537.36 (KHTML, like Gecko; compatible; GPTBot/1.2; +https://openai.com/gptbot)"
20.171.207.51 - - [20/Oct/2025:08:17:18 -0400] "GET /wp-json/wp/v2/posts/21995 HTTP/2.0" 200 15151 "-" "Mozilla/5.0 AppleWebKit/537.36 (KHTML, like Gecko; compatible; GPTBot/1.2; +https://openai.com/gptbot)"
20.171.207.51 - - [20/Oct/2025:08:17:19 -0400] "GET /wp-json/wp/v2/posts/34325 HTTP/2.0" 200 7560 "-" "Mozilla/5.0 AppleWebKit/537.36 (KHTML, like Gecko; compatible; GPTBot/1.2; +https://openai.com/gptbot)"
20.171.207.51 - - [20/Oct/2025:08:17:20 -0400] "GET /wp-json/wp/v2/posts/37676 HTTP/2.0" 200 12546 "-" "Mozilla/5.0 AppleWebKit/537.36 (KHTML, like Gecko; compatible; GPTBot/1.2; +https://openai.com/gptbot)"
57.141.0.43 - - [20/Oct/2025:08:17:20 -0400] "GET /laugh-with-mr-bean/ HTTP/2.0" 200 277342 "-" "meta-externalagent/1.1 (+https://developers.facebook.com/docs/sharing/webmasters/crawler)"
20.171.207.51 - - [20/Oct/2025:08:17:21 -0400] "GET /wp-json/wp/v2/posts/44957 HTTP/2.0" 200 14940 "-" "Mozilla/5.0 AppleWebKit/537.36 (KHTML, like Gecko; compatible; GPTBot/1.2; +https://openai.com/gptbot)"
20.171.207.51 - - [20/Oct/2025:08:17:22 -0400] "GET /wp-json/wp/v2/posts/39818 HTTP/2.0" 200 12263 "-" "Mozilla/5.0 AppleWebKit/537.36 (KHTML, like Gecko; compatible; GPTBot/1.2; +https://openai.com/gptbot)"
20.171.207.51 - - [20/Oct/2025:08:17:23 -0400] "GET /wp-json/wp/v2/posts/33901 HTTP/2.0" 200 13723 "-" "Mozilla/5.0 AppleWebKit/537.36 (KHTML, like Gecko; compatible; GPTBot/1.2; +https://openai.com/gptbot)"
20.171.207.51 - - [20/Oct/2025:08:17:24 -0400] "GET /wp-json/wp/v2/posts/39689 HTTP/2.0" 200 12283 "-" "Mozilla/5.0 AppleWebKit/537.36 (KHTML, like Gecko; compatible; GPTBot/1.2; +https://openai.com/gptbot)"
20.171.207.51 - - [20/Oct/2025:08:17:26 -0400] "GET /wp-json/wp/v2/posts/38391 HTTP/2.0" 200 17665 "-" "Mozilla/5.0 AppleWebKit/537.36 (KHTML, like Gecko; compatible; GPTBot/1.2; +https://openai.com/gptbot)"
20.171.207.51 - - [20/Oct/2025:08:17:27 -0400] "GET /wp-json/wp/v2/posts/38986 HTTP/2.0" 200 13013 "-" "Mozilla/5.0 AppleWebKit/537.36 (KHTML, like Gecko; compatible; GPTBot/1.2; +https://openai.com/gptbot)"
20.171.207.51 - - [20/Oct/2025:08:17:28 -0400] "GET /wp-json/wp/v2/posts/31801 HTTP/2.0" 200 8418 "-" "Mozilla/5.0 AppleWebKit/537.36 (KHTML, like Gecko; compatible; GPTBot/1.2; +https://openai.com/gptbot)"
20.171.207.51 - - [20/Oct/2025:08:17:29 -0400] "GET /wp-json/wp/v2/posts/40745 HTTP/2.0" 200 13047 "-" "Mozilla/5.0 AppleWebKit/537.36 (KHTML, like Gecko; compatible; GPTBot/1.2; +https://openai.com/gptbot)"
20.171.207.51 - - [20/Oct/2025:08:17:30 -0400] "GET /wp-json/wp/v2/posts/27553 HTTP/2.0" 200 13813 "-" "Mozilla/5.0 AppleWebKit/537.36 (KHTML, like Gecko; compatible; GPTBot/1.2; +https://openai.com/gptbot)"
20.171.207.51 - - [20/Oct/2025:08:17:31 -0400] "GET /wp-json/wp/v2/posts/35887 HTTP/2.0" 200 10289 "-" "Mozilla/5.0 AppleWebKit/537.36 (KHTML, like Gecko; compatible; GPTBot/1.2; +https://openai.com/gptbot)"
94.159.98.16 - - [20/Oct/2025:08:17:32 -0400] "GET /wp-login.php HTTP/2.0" 200 5429 "" "Mozilla/5.0 (Windows NT 10.0; Win64; x64; rv:142.0) Gecko/20100101 Firefox/142.0"
20.171.207.51 - - [20/Oct/2025:08:17:33 -0400] "GET /wp-json/wp/v2/posts/46092 HTTP/2.0" 200 12570 "-" "Mozilla/5.0 AppleWebKit/537.36 (KHTML, like Gecko; compatible; GPTBot/1.2; +https://openai.com/gptbot)"
20.171.207.51 - - [20/Oct/2025:08:17:34 -0400] "GET /wp-json/wp/v2/posts/46241 HTTP/2.0" 200 14354 "-" "Mozilla/5.0 AppleWebKit/537.36 (KHTML, like Gecko; compatible; GPTBot/1.2; +https://openai.com/gptbot)"
20.171.207.51 - - [20/Oct/2025:08:17:35 -0400] "GET /wp-json/wp/v2/posts/31254 HTTP/2.0" 200 12346 "-" "Mozilla/5.0 AppleWebKit/537.36 (KHTML, like Gecko; compatible; GPTBot/1.2; +https://openai.com/gptbot)"
20.171.207.51 - - [20/Oct/2025:08:17:36 -0400] "GET /wp-json/wp/v2/posts/14520 HTTP/2.0" 200 13324 "-" "Mozilla/5.0 AppleWebKit/537.36 (KHTML, like Gecko; compatible; GPTBot/1.2; +https://openai.com/gptbot)"
20.171.207.51 - - [20/Oct/2025:08:17:37 -0400] "GET /wp-json/wp/v2/posts/33465 HTTP/2.0" 200 26282 "-" "Mozilla/5.0 AppleWebKit/537.36 (KHTML, like Gecko; compatible; GPTBot/1.2; +https://openai.com/gptbot)"
20.171.207.51 - - [20/Oct/2025:08:17:38 -0400] "GET /wp-json/wp/v2/posts/39380 HTTP/2.0" 200 12945 "-" "Mozilla/5.0 AppleWebKit/537.36 (KHTML, like Gecko; compatible; GPTBot/1.2; +https://openai.com/gptbot)"
94.159.98.16 - - [20/Oct/2025:08:17:38 -0400] "POST /wp-login.php HTTP/2.0" 200 5883 "https://wahgazab.com/wp-login.php?redirect_to=https%3A%2F%2Fwahgazab.com%2Fwp-admin%2F" "Mozilla/5.0 (Windows NT 10.0; Win64; x64; rv:142.0) Gecko/20100101 Firefox/142.0"
20.171.207.51 - - [20/Oct/2025:08:17:39 -0400] "GET /wp-json/wp/v2/posts/28157 HTTP/2.0" 200 11128 "-" "Mozilla/5.0 AppleWebKit/537.36 (KHTML, like Gecko; compatible; GPTBot/1.2; +https://openai.com/gptbot)"
20.171.207.51 - - [20/Oct/2025:08:17:41 -0400] "GET /wp-json/wp/v2/posts/25068 HTTP/2.0" 200 9212 "-" "Mozilla/5.0 AppleWebKit/537.36 (KHTML, like Gecko; compatible; GPTBot/1.2; +https://openai.com/gptbot)"
20.171.207.51 - - [20/Oct/2025:08:17:42 -0400] "GET /wp-json/wp/v2/posts/40276 HTTP/2.0" 200 10168 "-" "Mozilla/5.0 AppleWebKit/537.36 (KHTML, like Gecko; compatible; GPTBot/1.2; +https://openai.com/gptbot)"
20.171.207.51 - - [20/Oct/2025:08:17:43 -0400] "GET /wp-json/wp/v2/posts/27354 HTTP/2.0" 200 15437 "-" "Mozilla/5.0 AppleWebKit/537.36 (KHTML, like Gecko; compatible; GPTBot/1.2; +https://openai.com/gptbot)"
20.171.207.51 - - [20/Oct/2025:08:17:44 -0400] "GET /wp-json/wp/v2/posts/47431 HTTP/2.0" 200 12997 "-" "Mozilla/5.0 AppleWebKit/537.36 (KHTML, like Gecko; compatible; GPTBot/1.2; +https://openai.com/gptbot)"
20.171.207.51 - - [20/Oct/2025:08:17:45 -0400] "GET /wp-json/wp/v2/posts/17926 HTTP/2.0" 200 12308 "-" "Mozilla/5.0 AppleWebKit/537.36 (KHTML, like Gecko; compatible; GPTBot/1.2; +https://openai.com/gptbot)"
20.171.207.51 - - [20/Oct/2025:08:17:46 -0400] "GET /wp-json/wp/v2/posts/27331 HTTP/2.0" 200 26829 "-" "Mozilla/5.0 AppleWebKit/537.36 (KHTML, like Gecko; compatible; GPTBot/1.2; +https://openai.com/gptbot)"
20.171.207.51 - - [20/Oct/2025:08:17:48 -0400] "GET /wp-json/wp/v2/posts/23081 HTTP/2.0" 200 15888 "-" "Mozilla/5.0 AppleWebKit/537.36 (KHTML, like Gecko; compatible; GPTBot/1.2; +https://openai.com/gptbot)"
20.171.207.51 - - [20/Oct/2025:08:17:49 -0400] "GET /wp-json/wp/v2/posts/17725 HTTP/2.0" 200 12635 "-" "Mozilla/5.0 AppleWebKit/537.36 (KHTML, like Gecko; compatible; GPTBot/1.2; +https://openai.com/gptbot)"
20.171.207.51 - - [20/Oct/2025:08:17:50 -0400] "GET /wp-json/wp/v2/posts/28854 HTTP/2.0" 200 17105 "-" "Mozilla/5.0 AppleWebKit/537.36 (KHTML, like Gecko; compatible; GPTBot/1.2; +https://openai.com/gptbot)"
20.171.207.51 - - [20/Oct/2025:08:17:51 -0400] "GET /wp-json/wp/v2/posts/40584 HTTP/2.0" 200 14437 "-" "Mozilla/5.0 AppleWebKit/537.36 (KHTML, like Gecko; compatible; GPTBot/1.2; +https://openai.com/gptbot)"
20.171.207.51 - - [20/Oct/2025:08:17:52 -0400] "GET /wp-json/wp/v2/posts/14692 HTTP/2.0" 200 13793 "-" "Mozilla/5.0 AppleWebKit/537.36 (KHTML, like Gecko; compatible; GPTBot/1.2; +https://openai.com/gptbot)"
20.171.207.51 - - [20/Oct/2025:08:17:53 -0400] "GET /wp-json/wp/v2/posts/16715 HTTP/2.0" 200 18611 "-" "Mozilla/5.0 AppleWebKit/537.36 (KHTML, like Gecko; compatible; GPTBot/1.2; +https://openai.com/gptbot)"
20.171.207.51 - - [20/Oct/2025:08:17:55 -0400] "GET /wp-json/wp/v2/posts/31592 HTTP/2.0" 200 8354 "-" "Mozilla/5.0 AppleWebKit/537.36 (KHTML, like Gecko; compatible; GPTBot/1.2; +https://openai.com/gptbot)"
20.171.207.51 - - [20/Oct/2025:08:17:56 -0400] "GET /wp-json/wp/v2/posts/46586 HTTP/2.0" 200 13020 "-" "Mozilla/5.0 AppleWebKit/537.36 (KHTML, like Gecko; compatible; GPTBot/1.2; +https://openai.com/gptbot)"
20.171.207.51 - - [20/Oct/2025:08:17:57 -0400] "GET /wp-json/wp/v2/posts/21164 HTTP/2.0" 200 11757 "-" "Mozilla/5.0 AppleWebKit/537.36 (KHTML, like Gecko; compatible; GPTBot/1.2; +https://openai.com/gptbot)"
20.171.207.51 - - [20/Oct/2025:08:17:58 -0400] "GET /wp-json/wp/v2/posts/14565 HTTP/2.0" 200 19171 "-" "Mozilla/5.0 AppleWebKit/537.36 (KHTML, like Gecko; compatible; GPTBot/1.2; +https://openai.com/gptbot)"
20.171.207.51 - - [20/Oct/2025:08:17:59 -0400] "GET /wp-json/wp/v2/posts/33150 HTTP/2.0" 200 9740 "-" "Mozilla/5.0 AppleWebKit/537.36 (KHTML, like Gecko; compatible; GPTBot/1.2; +https://openai.com/gptbot)"
20.171.207.51 - - [20/Oct/2025:08:18:00 -0400] "GET /wp-json/wp/v2/posts/13186 HTTP/2.0" 200 14805 "-" "Mozilla/5.0 AppleWebKit/537.36 (KHTML, like Gecko; compatible; GPTBot/1.2; +https://openai.com/gptbot)"
20.171.207.51 - - [20/Oct/2025:08:18:02 -0400] "GET /wp-json/wp/v2/posts/16013 HTTP/2.0" 200 12403 "-" "Mozilla/5.0 AppleWebKit/537.36 (KHTML, like Gecko; compatible; GPTBot/1.2; +https://openai.com/gptbot)"
20.171.207.51 - - [20/Oct/2025:08:18:03 -0400] "GET /wp-json/wp/v2/posts/43450 HTTP/2.0" 200 15153 "-" "Mozilla/5.0 AppleWebKit/537.36 (KHTML, like Gecko; compatible; GPTBot/1.2; +https://openai.com/gptbot)"
20.171.207.51 - - [20/Oct/2025:08:18:04 -0400] "GET /wp-json/wp/v2/posts/25170 HTTP/2.0" 200 9601 "-" "Mozilla/5.0 AppleWebKit/537.36 (KHTML, like Gecko; compatible; GPTBot/1.2; +https://openai.com/gptbot)"
20.171.207.51 - - [20/Oct/2025:08:18:05 -0400] "GET /wp-json/wp/v2/posts/44600 HTTP/2.0" 200 16622 "-" "Mozilla/5.0 AppleWebKit/537.36 (KHTML, like Gecko; compatible; GPTBot/1.2; +https://openai.com/gptbot)"
20.171.207.51 - - [20/Oct/2025:08:18:06 -0400] "GET /wp-json/wp/v2/posts/30565 HTTP/2.0" 200 11591 "-" "Mozilla/5.0 AppleWebKit/537.36 (KHTML, like Gecko; compatible; GPTBot/1.2; +https://openai.com/gptbot)"
20.171.207.51 - - [20/Oct/2025:08:18:07 -0400] "GET /wp-json/wp/v2/posts/39619 HTTP/2.0" 200 10186 "-" "Mozilla/5.0 AppleWebKit/537.36 (KHTML, like Gecko; compatible; GPTBot/1.2; +https://openai.com/gptbot)"
20.171.207.51 - - [20/Oct/2025:08:18:08 -0400] "GET /wp-json/wp/v2/posts/41812 HTTP/2.0" 200 7513 "-" "Mozilla/5.0 AppleWebKit/537.36 (KHTML, like Gecko; compatible; GPTBot/1.2; +https://openai.com/gptbot)"
20.171.207.51 - - [20/Oct/2025:08:18:10 -0400] "GET /wp-json/wp/v2/posts/20454 HTTP/2.0" 200 12320 "-" "Mozilla/5.0 AppleWebKit/537.36 (KHTML, like Gecko; compatible; GPTBot/1.2; +https://openai.com/gptbot)"
20.171.207.51 - - [20/Oct/2025:08:18:11 -0400] "GET /wp-json/wp/v2/posts/40849 HTTP/2.0" 200 13377 "-" "Mozilla/5.0 AppleWebKit/537.36 (KHTML, like Gecko; compatible; GPTBot/1.2; +https://openai.com/gptbot)"
20.171.207.51 - - [20/Oct/2025:08:18:12 -0400] "GET /wp-json/wp/v2/posts/16009 HTTP/2.0" 200 13138 "-" "Mozilla/5.0 AppleWebKit/537.36 (KHTML, like Gecko; compatible; GPTBot/1.2; +https://openai.com/gptbot)"
20.171.207.51 - - [20/Oct/2025:08:18:13 -0400] "GET /wp-json/wp/v2/posts/20806 HTTP/2.0" 200 14036 "-" "Mozilla/5.0 AppleWebKit/537.36 (KHTML, like Gecko; compatible; GPTBot/1.2; +https://openai.com/gptbot)"
20.171.207.51 - - [20/Oct/2025:08:18:14 -0400] "GET /wp-json/wp/v2/posts/21673 HTTP/2.0" 200 13951 "-" "Mozilla/5.0 AppleWebKit/537.36 (KHTML, like Gecko; compatible; GPTBot/1.2; +https://openai.com/gptbot)"
20.171.207.51 - - [20/Oct/2025:08:18:15 -0400] "GET /wp-json/wp/v2/posts/12943 HTTP/2.0" 200 14603 "-" "Mozilla/5.0 AppleWebKit/537.36 (KHTML, like Gecko; compatible; GPTBot/1.2; +https://openai.com/gptbot)"
20.171.207.51 - - [20/Oct/2025:08:18:16 -0400] "GET /wp-json/wp/v2/posts/32063 HTTP/2.0" 200 13140 "-" "Mozilla/5.0 AppleWebKit/537.36 (KHTML, like Gecko; compatible; GPTBot/1.2; +https://openai.com/gptbot)"
20.171.207.51 - - [20/Oct/2025:08:18:17 -0400] "GET /wp-json/wp/v2/posts/43005 HTTP/2.0" 200 12876 "-" "Mozilla/5.0 AppleWebKit/537.36 (KHTML, like Gecko; compatible; GPTBot/1.2; +https://openai.com/gptbot)"
20.171.207.51 - - [20/Oct/2025:08:18:19 -0400] "GET /wp-json/wp/v2/posts/26554 HTTP/2.0" 200 8006 "-" "Mozilla/5.0 AppleWebKit/537.36 (KHTML, like Gecko; compatible; GPTBot/1.2; +https://openai.com/gptbot)"
20.171.207.51 - - [20/Oct/2025:08:18:20 -0400] "GET /wp-json/wp/v2/posts/13955 HTTP/2.0" 200 12541 "-" "Mozilla/5.0 AppleWebKit/537.36 (KHTML, like Gecko; compatible; GPTBot/1.2; +https://openai.com/gptbot)"
20.171.207.51 - - [20/Oct/2025:08:18:21 -0400] "GET /wp-json/wp/v2/posts/38644 HTTP/2.0" 200 12717 "-" "Mozilla/5.0 AppleWebKit/537.36 (KHTML, like Gecko; compatible; GPTBot/1.2; +https://openai.com/gptbot)"
20.171.207.51 - - [20/Oct/2025:08:18:22 -0400] "GET /wp-json/wp/v2/posts/35509 HTTP/2.0" 200 12615 "-" "Mozilla/5.0 AppleWebKit/537.36 (KHTML, like Gecko; compatible; GPTBot/1.2; +https://openai.com/gptbot)"
20.171.207.51 - - [20/Oct/2025:08:18:23 -0400] "GET /wp-json/wp/v2/posts/43543 HTTP/2.0" 200 13217 "-" "Mozilla/5.0 AppleWebKit/537.36 (KHTML, like Gecko; compatible; GPTBot/1.2; +https://openai.com/gptbot)"
20.171.207.51 - - [20/Oct/2025:08:18:25 -0400] "GET /wp-json/wp/v2/posts/48127 HTTP/2.0" 200 12588 "-" "Mozilla/5.0 AppleWebKit/537.36 (KHTML, like Gecko; compatible; GPTBot/1.2; +https://openai.com/gptbot)"
20.171.207.51 - - [20/Oct/2025:08:18:26 -0400] "GET /wp-json/wp/v2/posts/21701 HTTP/2.0" 200 13580 "-" "Mozilla/5.0 AppleWebKit/537.36 (KHTML, like Gecko; compatible; GPTBot/1.2; +https://openai.com/gptbot)"
20.171.207.51 - - [20/Oct/2025:08:18:27 -0400] "GET /wp-json/wp/v2/posts/24358 HTTP/2.0" 200 15801 "-" "Mozilla/5.0 AppleWebKit/537.36 (KHTML, like Gecko; compatible; GPTBot/1.2; +https://openai.com/gptbot)"
43.167.194.122 - - [20/Oct/2025:08:18:27 -0400] "GET /tag/carrying-rocks-india/ HTTP/1.1" 200 122154 "-" "Mozilla/5.0 (Windows NT 10.0; Win64; x64) AppleWebKit/537.36 (KHTML, like Gecko) Chrome/133.0.0.0 Safari/537.36"
20.171.207.51 - - [20/Oct/2025:08:18:28 -0400] "GET /wp-json/wp/v2/posts/47405 HTTP/2.0" 200 14401 "-" "Mozilla/5.0 AppleWebKit/537.36 (KHTML, like Gecko; compatible; GPTBot/1.2; +https://openai.com/gptbot)"
20.171.207.51 - - [20/Oct/2025:08:18:29 -0400] "GET /wp-json/wp/v2/posts/42011 HTTP/2.0" 200 10503 "-" "Mozilla/5.0 AppleWebKit/537.36 (KHTML, like Gecko; compatible; GPTBot/1.2; +https://openai.com/gptbot)"
20.171.207.51 - - [20/Oct/2025:08:18:30 -0400] "GET /wp-json/wp/v2/posts/32403 HTTP/2.0" 200 13385 "-" "Mozilla/5.0 AppleWebKit/537.36 (KHTML, like Gecko; compatible; GPTBot/1.2; +https://openai.com/gptbot)"
20.171.207.51 - - [20/Oct/2025:08:18:31 -0400] "GET /wp-json/wp/v2/posts/36012 HTTP/2.0" 200 9734 "-" "Mozilla/5.0 AppleWebKit/537.36 (KHTML, like Gecko; compatible; GPTBot/1.2; +https://openai.com/gptbot)"
20.171.207.51 - - [20/Oct/2025:08:18:33 -0400] "GET /wp-json/wp/v2/posts/38083 HTTP/2.0" 200 10767 "-" "Mozilla/5.0 AppleWebKit/537.36 (KHTML, like Gecko; compatible; GPTBot/1.2; +https://openai.com/gptbot)"
20.171.207.51 - - [20/Oct/2025:08:18:34 -0400] "GET /wp-json/wp/v2/posts/44581 HTTP/2.0" 200 7964 "-" "Mozilla/5.0 AppleWebKit/537.36 (KHTML, like Gecko; compatible; GPTBot/1.2; +https://openai.com/gptbot)"
20.171.207.51 - - [20/Oct/2025:08:18:35 -0400] "GET /wp-json/wp/v2/posts/25301 HTTP/2.0" 200 9187 "-" "Mozilla/5.0 AppleWebKit/537.36 (KHTML, like Gecko; compatible; GPTBot/1.2; +https://openai.com/gptbot)"
20.171.207.51 - - [20/Oct/2025:08:18:36 -0400] "GET /wp-json/wp/v2/posts/51425 HTTP/2.0" 200 23736 "-" "Mozilla/5.0 AppleWebKit/537.36 (KHTML, like Gecko; compatible; GPTBot/1.2; +https://openai.com/gptbot)"
20.171.207.51 - - [20/Oct/2025:08:18:37 -0400] "GET /wp-json/wp/v2/posts/15534 HTTP/2.0" 200 12364 "-" "Mozilla/5.0 AppleWebKit/537.36 (KHTML, like Gecko; compatible; GPTBot/1.2; +https://openai.com/gptbot)"
20.171.207.51 - - [20/Oct/2025:08:18:39 -0400] "GET /wp-json/wp/v2/posts/40306 HTTP/2.0" 200 12936 "-" "Mozilla/5.0 AppleWebKit/537.36 (KHTML, like Gecko; compatible; GPTBot/1.2; +https://openai.com/gptbot)"
20.171.207.51 - - [20/Oct/2025:08:18:40 -0400] "GET /wp-json/wp/v2/posts/35513 HTTP/2.0" 200 14164 "-" "Mozilla/5.0 AppleWebKit/537.36 (KHTML, like Gecko; compatible; GPTBot/1.2; +https://openai.com/gptbot)"
20.171.207.51 - - [20/Oct/2025:08:18:41 -0400] "GET /wp-json/wp/v2/posts/12005 HTTP/2.0" 200 11907 "-" "Mozilla/5.0 AppleWebKit/537.36 (KHTML, like Gecko; compatible; GPTBot/1.2; +https://openai.com/gptbot)"
20.171.207.51 - - [20/Oct/2025:08:18:42 -0400] "GET /wp-json/wp/v2/posts/33798 HTTP/2.0" 200 12242 "-" "Mozilla/5.0 AppleWebKit/537.36 (KHTML, like Gecko; compatible; GPTBot/1.2; +https://openai.com/gptbot)"
20.171.207.51 - - [20/Oct/2025:08:18:43 -0400] "GET /wp-json/wp/v2/posts/23348 HTTP/2.0" 200 11850 "-" "Mozilla/5.0 AppleWebKit/537.36 (KHTML, like Gecko; compatible; GPTBot/1.2; +https://openai.com/gptbot)"
20.171.207.51 - - [20/Oct/2025:08:18:44 -0400] "GET /wp-json/wp/v2/posts/35588 HTTP/2.0" 200 12628 "-" "Mozilla/5.0 AppleWebKit/537.36 (KHTML, like Gecko; compatible; GPTBot/1.2; +https://openai.com/gptbot)"
20.171.207.51 - - [20/Oct/2025:08:18:45 -0400] "GET /wp-json/wp/v2/posts/27069 HTTP/2.0" 200 12787 "-" "Mozilla/5.0 AppleWebKit/537.36 (KHTML, like Gecko; compatible; GPTBot/1.2; +https://openai.com/gptbot)"
20.171.207.51 - - [20/Oct/2025:08:18:47 -0400] "GET /wp-json/wp/v2/posts/44817 HTTP/2.0" 200 14726 "-" "Mozilla/5.0 AppleWebKit/537.36 (KHTML, like Gecko; compatible; GPTBot/1.2; +https://openai.com/gptbot)"
20.171.207.51 - - [20/Oct/2025:08:18:48 -0400] "GET /wp-json/wp/v2/posts/16393 HTTP/2.0" 200 10455 "-" "Mozilla/5.0 AppleWebKit/537.36 (KHTML, like Gecko; compatible; GPTBot/1.2; +https://openai.com/gptbot)"
20.171.207.51 - - [20/Oct/2025:08:18:49 -0400] "GET /wp-json/wp/v2/posts/23006 HTTP/2.0" 200 21045 "-" "Mozilla/5.0 AppleWebKit/537.36 (KHTML, like Gecko; compatible; GPTBot/1.2; +https://openai.com/gptbot)"
20.171.207.51 - - [20/Oct/2025:08:18:50 -0400] "GET /wp-json/wp/v2/posts/18068 HTTP/2.0" 200 21201 "-" "Mozilla/5.0 AppleWebKit/537.36 (KHTML, like Gecko; compatible; GPTBot/1.2; +https://openai.com/gptbot)"
20.171.207.51 - - [20/Oct/2025:08:18:51 -0400] "GET /wp-json/wp/v2/posts/25978 HTTP/2.0" 200 9278 "-" "Mozilla/5.0 AppleWebKit/537.36 (KHTML, like Gecko; compatible; GPTBot/1.2; +https://openai.com/gptbot)"
20.171.207.51 - - [20/Oct/2025:08:18:52 -0400] "GET /wp-json/wp/v2/posts/29078 HTTP/2.0" 200 8790 "-" "Mozilla/5.0 AppleWebKit/537.36 (KHTML, like Gecko; compatible; GPTBot/1.2; +https://openai.com/gptbot)"
20.171.207.51 - - [20/Oct/2025:08:18:53 -0400] "GET /wp-json/wp/v2/posts/36673 HTTP/2.0" 200 12858 "-" "Mozilla/5.0 AppleWebKit/537.36 (KHTML, like Gecko; compatible; GPTBot/1.2; +https://openai.com/gptbot)"
20.171.207.51 - - [20/Oct/2025:08:18:55 -0400] "GET /wp-json/wp/v2/posts/39404 HTTP/2.0" 200 12669 "-" "Mozilla/5.0 AppleWebKit/537.36 (KHTML, like Gecko; compatible; GPTBot/1.2; +https://openai.com/gptbot)"
20.171.207.51 - - [20/Oct/2025:08:18:56 -0400] "GET /wp-json/wp/v2/posts/27663 HTTP/2.0" 200 10194 "-" "Mozilla/5.0 AppleWebKit/537.36 (KHTML, like Gecko; compatible; GPTBot/1.2; +https://openai.com/gptbot)"
20.171.207.51 - - [20/Oct/2025:08:18:57 -0400] "GET /wp-json/wp/v2/posts/25485 HTTP/2.0" 200 22646 "-" "Mozilla/5.0 AppleWebKit/537.36 (KHTML, like Gecko; compatible; GPTBot/1.2; +https://openai.com/gptbot)"
20.171.207.51 - - [20/Oct/2025:08:18:58 -0400] "GET /wp-json/wp/v2/posts/16633 HTTP/2.0" 200 16473 "-" "Mozilla/5.0 AppleWebKit/537.36 (KHTML, like Gecko; compatible; GPTBot/1.2; +https://openai.com/gptbot)"
20.171.207.51 - - [20/Oct/2025:08:18:59 -0400] "GET /wp-json/wp/v2/posts/16575 HTTP/2.0" 200 24992 "-" "Mozilla/5.0 AppleWebKit/537.36 (KHTML, like Gecko; compatible; GPTBot/1.2; +https://openai.com/gptbot)"
20.171.207.51 - - [20/Oct/2025:08:19:00 -0400] "GET /wp-json/wp/v2/posts/34123 HTTP/2.0" 200 8248 "-" "Mozilla/5.0 AppleWebKit/537.36 (KHTML, like Gecko; compatible; GPTBot/1.2; +https://openai.com/gptbot)"
20.171.207.51 - - [20/Oct/2025:08:19:01 -0400] "GET /wp-json/wp/v2/posts/30664 HTTP/2.0" 200 15024 "-" "Mozilla/5.0 AppleWebKit/537.36 (KHTML, like Gecko; compatible; GPTBot/1.2; +https://openai.com/gptbot)"
20.171.207.51 - - [20/Oct/2025:08:19:03 -0400] "GET /wp-json/wp/v2/posts/42635 HTTP/2.0" 200 14470 "-" "Mozilla/5.0 AppleWebKit/537.36 (KHTML, like Gecko; compatible; GPTBot/1.2; +https://openai.com/gptbot)"
20.171.207.51 - - [20/Oct/2025:08:19:04 -0400] "GET /wp-json/wp/v2/posts/28954 HTTP/2.0" 200 12620 "-" "Mozilla/5.0 AppleWebKit/537.36 (KHTML, like Gecko; compatible; GPTBot/1.2; +https://openai.com/gptbot)"
20.171.207.51 - - [20/Oct/2025:08:19:05 -0400] "GET /wp-json/wp/v2/posts/49529 HTTP/2.0" 200 17127 "-" "Mozilla/5.0 AppleWebKit/537.36 (KHTML, like Gecko; compatible; GPTBot/1.2; +https://openai.com/gptbot)"
20.171.207.51 - - [20/Oct/2025:08:19:06 -0400] "GET /wp-json/wp/v2/posts/40605 HTTP/2.0" 200 13526 "-" "Mozilla/5.0 AppleWebKit/537.36 (KHTML, like Gecko; compatible; GPTBot/1.2; +https://openai.com/gptbot)"
20.171.207.51 - - [20/Oct/2025:08:19:07 -0400] "GET /wp-json/wp/v2/posts/15782 HTTP/2.0" 200 18621 "-" "Mozilla/5.0 AppleWebKit/537.36 (KHTML, like Gecko; compatible; GPTBot/1.2; +https://openai.com/gptbot)"
20.171.207.51 - - [20/Oct/2025:08:19:09 -0400] "GET /wp-json/wp/v2/posts/43983 HTTP/2.0" 200 18113 "-" "Mozilla/5.0 AppleWebKit/537.36 (KHTML, like Gecko; compatible; GPTBot/1.2; +https://openai.com/gptbot)"
20.171.207.51 - - [20/Oct/2025:08:19:10 -0400] "GET /wp-json/wp/v2/posts/13614 HTTP/2.0" 200 20132 "-" "Mozilla/5.0 AppleWebKit/537.36 (KHTML, like Gecko; compatible; GPTBot/1.2; +https://openai.com/gptbot)"
20.171.207.51 - - [20/Oct/2025:08:19:11 -0400] "GET /wp-json/wp/v2/posts/28516 HTTP/2.0" 200 13083 "-" "Mozilla/5.0 AppleWebKit/537.36 (KHTML, like Gecko; compatible; GPTBot/1.2; +https://openai.com/gptbot)"
20.171.207.51 - - [20/Oct/2025:08:19:12 -0400] "GET /wp-json/wp/v2/posts/11362 HTTP/2.0" 200 14622 "-" "Mozilla/5.0 AppleWebKit/537.36 (KHTML, like Gecko; compatible; GPTBot/1.2; +https://openai.com/gptbot)"
20.171.207.51 - - [20/Oct/2025:08:19:13 -0400] "GET /wp-json/wp/v2/posts/30969 HTTP/2.0" 200 10019 "-" "Mozilla/5.0 AppleWebKit/537.36 (KHTML, like Gecko; compatible; GPTBot/1.2; +https://openai.com/gptbot)"
20.171.207.51 - - [20/Oct/2025:08:19:14 -0400] "GET /wp-json/wp/v2/posts/18399 HTTP/2.0" 200 10618 "-" "Mozilla/5.0 AppleWebKit/537.36 (KHTML, like Gecko; compatible; GPTBot/1.2; +https://openai.com/gptbot)"
20.171.207.51 - - [20/Oct/2025:08:19:16 -0400] "GET /wp-json/wp/v2/posts/11673 HTTP/2.0" 200 9735 "-" "Mozilla/5.0 AppleWebKit/537.36 (KHTML, like Gecko; compatible; GPTBot/1.2; +https://openai.com/gptbot)"
20.171.207.51 - - [20/Oct/2025:08:19:17 -0400] "GET /wp-json/wp/v2/posts/15402 HTTP/2.0" 200 25013 "-" "Mozilla/5.0 AppleWebKit/537.36 (KHTML, like Gecko; compatible; GPTBot/1.2; +https://openai.com/gptbot)"
20.171.207.51 - - [20/Oct/2025:08:19:18 -0400] "GET /wp-json/wp/v2/posts/19744 HTTP/2.0" 200 19316 "-" "Mozilla/5.0 AppleWebKit/537.36 (KHTML, like Gecko; compatible; GPTBot/1.2; +https://openai.com/gptbot)"
20.171.207.51 - - [20/Oct/2025:08:19:19 -0400] "GET /wp-json/wp/v2/posts/12088 HTTP/2.0" 200 14930 "-" "Mozilla/5.0 AppleWebKit/537.36 (KHTML, like Gecko; compatible; GPTBot/1.2; +https://openai.com/gptbot)"
20.171.207.51 - - [20/Oct/2025:08:19:20 -0400] "GET /wp-json/wp/v2/posts/26735 HTTP/2.0" 200 11494 "-" "Mozilla/5.0 AppleWebKit/537.36 (KHTML, like Gecko; compatible; GPTBot/1.2; +https://openai.com/gptbot)"
20.171.207.51 - - [20/Oct/2025:08:19:21 -0400] "GET /wp-json/wp/v2/posts/45248 HTTP/2.0" 200 17837 "-" "Mozilla/5.0 AppleWebKit/537.36 (KHTML, like Gecko; compatible; GPTBot/1.2; +https://openai.com/gptbot)"
20.171.207.51 - - [20/Oct/2025:08:19:22 -0400] "GET /wp-json/wp/v2/posts/35037 HTTP/2.0" 200 11963 "-" "Mozilla/5.0 AppleWebKit/537.36 (KHTML, like Gecko; compatible; GPTBot/1.2; +https://openai.com/gptbot)"
57.141.0.28 - - [20/Oct/2025:08:19:21 -0400] "GET /beauty-of-this-woman-takes-many-lives-of-84-villages/ HTTP/2.0" 200 287576 "-" "meta-externalagent/1.1 (+https://developers.facebook.com/docs/sharing/webmasters/crawler)"
20.171.207.51 - - [20/Oct/2025:08:19:24 -0400] "GET /wp-json/wp/v2/posts/40972 HTTP/2.0" 200 12915 "-" "Mozilla/5.0 AppleWebKit/537.36 (KHTML, like Gecko; compatible; GPTBot/1.2; +https://openai.com/gptbot)"
20.171.207.51 - - [20/Oct/2025:08:19:25 -0400] "GET /wp-json/wp/v2/posts/27601 HTTP/2.0" 200 11983 "-" "Mozilla/5.0 AppleWebKit/537.36 (KHTML, like Gecko; compatible; GPTBot/1.2; +https://openai.com/gptbot)"
20.171.207.51 - - [20/Oct/2025:08:19:26 -0400] "GET /wp-json/wp/v2/posts/24394 HTTP/2.0" 200 15898 "-" "Mozilla/5.0 AppleWebKit/537.36 (KHTML, like Gecko; compatible; GPTBot/1.2; +https://openai.com/gptbot)"
20.171.207.51 - - [20/Oct/2025:08:19:27 -0400] "GET /wp-json/wp/v2/posts/41992 HTTP/2.0" 200 11758 "-" "Mozilla/5.0 AppleWebKit/537.36 (KHTML, like Gecko; compatible; GPTBot/1.2; +https://openai.com/gptbot)"
20.171.207.51 - - [20/Oct/2025:08:19:28 -0400] "GET /wp-json/wp/v2/posts/19816 HTTP/2.0" 200 10207 "-" "Mozilla/5.0 AppleWebKit/537.36 (KHTML, like Gecko; compatible; GPTBot/1.2; +https://openai.com/gptbot)"
20.171.207.51 - - [20/Oct/2025:08:19:29 -0400] "GET /wp-json/wp/v2/posts/11007 HTTP/2.0" 200 9876 "-" "Mozilla/5.0 AppleWebKit/537.36 (KHTML, like Gecko; compatible; GPTBot/1.2; +https://openai.com/gptbot)"
20.171.207.51 - - [20/Oct/2025:08:19:31 -0400] "GET /wp-json/wp/v2/posts/39375 HTTP/2.0" 200 12563 "-" "Mozilla/5.0 AppleWebKit/537.36 (KHTML, like Gecko; compatible; GPTBot/1.2; +https://openai.com/gptbot)"
20.171.207.51 - - [20/Oct/2025:08:19:32 -0400] "GET /wp-json/wp/v2/posts/35369 HTTP/2.0" 200 10562 "-" "Mozilla/5.0 AppleWebKit/537.36 (KHTML, like Gecko; compatible; GPTBot/1.2; +https://openai.com/gptbot)"
20.171.207.51 - - [20/Oct/2025:08:19:33 -0400] "GET /wp-json/wp/v2/posts/37611 HTTP/2.0" 200 12283 "-" "Mozilla/5.0 AppleWebKit/537.36 (KHTML, like Gecko; compatible; GPTBot/1.2; +https://openai.com/gptbot)"
20.171.207.51 - - [20/Oct/2025:08:19:34 -0400] "GET /wp-json/wp/v2/posts/49126 HTTP/2.0" 200 9545 "-" "Mozilla/5.0 AppleWebKit/537.36 (KHTML, like Gecko; compatible; GPTBot/1.2; +https://openai.com/gptbot)"
20.171.207.51 - - [20/Oct/2025:08:19:35 -0400] "GET /wp-json/wp/v2/posts/18627 HTTP/2.0" 200 21765 "-" "Mozilla/5.0 AppleWebKit/537.36 (KHTML, like Gecko; compatible; GPTBot/1.2; +https://openai.com/gptbot)"
20.171.207.51 - - [20/Oct/2025:08:19:36 -0400] "GET /wp-json/wp/v2/posts/15592 HTTP/2.0" 200 16742 "-" "Mozilla/5.0 AppleWebKit/537.36 (KHTML, like Gecko; compatible; GPTBot/1.2; +https://openai.com/gptbot)"
66.249.79.165 - - [20/Oct/2025:08:19:36 -0400] "GET /perfumes-making-everyone-go-crazy-for-you/ HTTP/1.1" 200 285596 "-" "Mozilla/5.0 (Linux; Android 6.0.1; Nexus 5X Build/MMB29P) AppleWebKit/537.36 (KHTML, like Gecko) Chrome/140.0.7339.207 Mobile Safari/537.36 (compatible; Googlebot/2.1; +http://www.google.com/bot.html)"
20.171.207.51 - - [20/Oct/2025:08:19:38 -0400] "GET /wp-json/wp/v2/posts/17397 HTTP/2.0" 200 11729 "-" "Mozilla/5.0 AppleWebKit/537.36 (KHTML, like Gecko; compatible; GPTBot/1.2; +https://openai.com/gptbot)"
20.171.207.51 - - [20/Oct/2025:08:19:39 -0400] "GET /wp-json/wp/v2/posts/13008 HTTP/2.0" 200 17706 "-" "Mozilla/5.0 AppleWebKit/537.36 (KHTML, like Gecko; compatible; GPTBot/1.2; +https://openai.com/gptbot)"
20.171.207.51 - - [20/Oct/2025:08:19:40 -0400] "GET /wp-json/wp/v2/posts/37116 HTTP/2.0" 200 7130 "-" "Mozilla/5.0 AppleWebKit/537.36 (KHTML, like Gecko; compatible; GPTBot/1.2; +https://openai.com/gptbot)"
20.171.207.51 - - [20/Oct/2025:08:19:41 -0400] "GET /wp-json/wp/v2/posts/13720 HTTP/2.0" 200 17002 "-" "Mozilla/5.0 AppleWebKit/537.36 (KHTML, like Gecko; compatible; GPTBot/1.2; +https://openai.com/gptbot)"
20.171.207.51 - - [20/Oct/2025:08:19:42 -0400] "GET /wp-json/wp/v2/posts/31190 HTTP/2.0" 200 9407 "-" "Mozilla/5.0 AppleWebKit/537.36 (KHTML, like Gecko; compatible; GPTBot/1.2; +https://openai.com/gptbot)"
20.171.207.51 - - [20/Oct/2025:08:19:43 -0400] "GET /wp-json/wp/v2/posts/10955 HTTP/2.0" 200 9629 "-" "Mozilla/5.0 AppleWebKit/537.36 (KHTML, like Gecko; compatible; GPTBot/1.2; +https://openai.com/gptbot)"
20.171.207.51 - - [20/Oct/2025:08:19:45 -0400] "GET /wp-json/wp/v2/posts/27149 HTTP/2.0" 200 10779 "-" "Mozilla/5.0 AppleWebKit/537.36 (KHTML, like Gecko; compatible; GPTBot/1.2; +https://openai.com/gptbot)"
20.171.207.51 - - [20/Oct/2025:08:19:46 -0400] "GET /wp-json/wp/v2/posts/19412 HTTP/2.0" 200 9259 "-" "Mozilla/5.0 AppleWebKit/537.36 (KHTML, like Gecko; compatible; GPTBot/1.2; +https://openai.com/gptbot)"
20.171.207.51 - - [20/Oct/2025:08:19:47 -0400] "GET /wp-json/wp/v2/posts/49362 HTTP/2.0" 200 15367 "-" "Mozilla/5.0 AppleWebKit/537.36 (KHTML, like Gecko; compatible; GPTBot/1.2; +https://openai.com/gptbot)"
52.5.232.250 - - [20/Oct/2025:08:19:47 -0400] "GET /tag/snake-farm-located-in-beijing-news/ HTTP/1.1" 200 121980 "-" "Mozilla/5.0 AppleWebKit/537.36 (KHTML, like Gecko; compatible; Amazonbot/0.1; +https://developer.amazon.com/support/amazonbot) Chrome/119.0.6045.214 Safari/537.36"
20.171.207.51 - - [20/Oct/2025:08:19:48 -0400] "GET /wp-json/wp/v2/posts/16764 HTTP/2.0" 200 13555 "-" "Mozilla/5.0 AppleWebKit/537.36 (KHTML, like Gecko; compatible; GPTBot/1.2; +https://openai.com/gptbot)"
107.22.208.39 - - [20/Oct/2025:08:19:48 -0400] "GET /tag/free-sim/ HTTP/1.1" 200 121663 "-" "Mozilla/5.0 AppleWebKit/537.36 (KHTML, like Gecko; compatible; Amazonbot/0.1; +https://developer.amazon.com/support/amazonbot) Chrome/119.0.6045.214 Safari/537.36"
20.171.207.51 - - [20/Oct/2025:08:19:49 -0400] "GET /wp-json/wp/v2/posts/36755 HTTP/2.0" 200 9382 "-" "Mozilla/5.0 AppleWebKit/537.36 (KHTML, like Gecko; compatible; GPTBot/1.2; +https://openai.com/gptbot)"
20.171.207.51 - - [20/Oct/2025:08:19:50 -0400] "GET /wp-json/wp/v2/posts/43035 HTTP/2.0" 200 13188 "-" "Mozilla/5.0 AppleWebKit/537.36 (KHTML, like Gecko; compatible; GPTBot/1.2; +https://openai.com/gptbot)"
100.29.164.178 - - [20/Oct/2025:08:19:51 -0400] "GET /tag/iqbal-news/ HTTP/1.1" 200 122105 "-" "Mozilla/5.0 AppleWebKit/537.36 (KHTML, like Gecko; compatible; Amazonbot/0.1; +https://developer.amazon.com/support/amazonbot) Chrome/119.0.6045.214 Safari/537.36"
20.171.207.51 - - [20/Oct/2025:08:19:51 -0400] "GET /wp-json/wp/v2/posts/34929 HTTP/2.0" 200 10420 "-" "Mozilla/5.0 AppleWebKit/537.36 (KHTML, like Gecko; compatible; GPTBot/1.2; +https://openai.com/gptbot)"
20.171.207.51 - - [20/Oct/2025:08:19:53 -0400] "GET /wp-json/wp/v2/posts/40339 HTTP/2.0" 200 13011 "-" "Mozilla/5.0 AppleWebKit/537.36 (KHTML, like Gecko; compatible; GPTBot/1.2; +https://openai.com/gptbot)"
20.171.207.51 - - [20/Oct/2025:08:19:54 -0400] "GET /wp-json/wp/v2/posts/10048 HTTP/2.0" 200 12184 "-" "Mozilla/5.0 AppleWebKit/537.36 (KHTML, like Gecko; compatible; GPTBot/1.2; +https://openai.com/gptbot)"
20.171.207.51 - - [20/Oct/2025:08:19:55 -0400] "GET /wp-json/wp/v2/posts/44338 HTTP/2.0" 200 17852 "-" "Mozilla/5.0 AppleWebKit/537.36 (KHTML, like Gecko; compatible; GPTBot/1.2; +https://openai.com/gptbot)"
3.224.215.150 - - [20/Oct/2025:08:19:56 -0400] "GET /tag/oxygen-news/ HTTP/1.1" 200 121423 "-" "Mozilla/5.0 AppleWebKit/537.36 (KHTML, like Gecko; compatible; Amazonbot/0.1; +https://developer.amazon.com/support/amazonbot) Chrome/119.0.6045.214 Safari/537.36"
20.171.207.51 - - [20/Oct/2025:08:19:56 -0400] "GET /wp-json/wp/v2/posts/45033 HTTP/2.0" 200 12991 "-" "Mozilla/5.0 AppleWebKit/537.36 (KHTML, like Gecko; compatible; GPTBot/1.2; +https://openai.com/gptbot)"
20.171.207.51 - - [20/Oct/2025:08:19:57 -0400] "GET /wp-json/wp/v2/posts/18723 HTTP/2.0" 200 12616 "-" "Mozilla/5.0 AppleWebKit/537.36 (KHTML, like Gecko; compatible; GPTBot/1.2; +https://openai.com/gptbot)"
20.171.207.51 - - [20/Oct/2025:08:19:58 -0400] "GET /wp-json/wp/v2/posts/28850 HTTP/2.0" 200 16896 "-" "Mozilla/5.0 AppleWebKit/537.36 (KHTML, like Gecko; compatible; GPTBot/1.2; +https://openai.com/gptbot)"
20.171.207.51 - - [20/Oct/2025:08:20:00 -0400] "GET /wp-json/wp/v2/posts/32675 HTTP/2.0" 200 16209 "-" "Mozilla/5.0 AppleWebKit/537.36 (KHTML, like Gecko; compatible; GPTBot/1.2; +https://openai.com/gptbot)"
20.171.207.51 - - [20/Oct/2025:08:20:01 -0400] "GET /wp-json/wp/v2/posts/28179 HTTP/2.0" 200 11428 "-" "Mozilla/5.0 AppleWebKit/537.36 (KHTML, like Gecko; compatible; GPTBot/1.2; +https://openai.com/gptbot)"
20.171.207.51 - - [20/Oct/2025:08:20:02 -0400] "GET /wp-json/wp/v2/posts/19739 HTTP/2.0" 200 12321 "-" "Mozilla/5.0 AppleWebKit/537.36 (KHTML, like Gecko; compatible; GPTBot/1.2; +https://openai.com/gptbot)"
20.171.207.51 - - [20/Oct/2025:08:20:03 -0400] "GET /wp-json/wp/v2/posts/40733 HTTP/2.0" 200 11023 "-" "Mozilla/5.0 AppleWebKit/537.36 (KHTML, like Gecko; compatible; GPTBot/1.2; +https://openai.com/gptbot)"
20.171.207.51 - - [20/Oct/2025:08:20:04 -0400] "GET /wp-json/wp/v2/posts/41550 HTTP/2.0" 200 13684 "-" "Mozilla/5.0 AppleWebKit/537.36 (KHTML, like Gecko; compatible; GPTBot/1.2; +https://openai.com/gptbot)"
34.196.6.199 - - [20/Oct/2025:08:20:04 -0400] "GET /tag/upgrade-your-whatsapp-to-whatsapp-gold-tips-in-hindi/ HTTP/1.1" 200 122504 "-" "Mozilla/5.0 AppleWebKit/537.36 (KHTML, like Gecko; compatible; Amazonbot/0.1; +https://developer.amazon.com/support/amazonbot) Chrome/119.0.6045.214 Safari/537.36"
20.171.207.51 - - [20/Oct/2025:08:20:05 -0400] "GET /wp-json/wp/v2/posts/42749 HTTP/2.0" 200 11473 "-" "Mozilla/5.0 AppleWebKit/537.36 (KHTML, like Gecko; compatible; GPTBot/1.2; +https://openai.com/gptbot)"
20.171.207.51 - - [20/Oct/2025:08:20:06 -0400] "GET /wp-json/wp/v2/posts/47515 HTTP/2.0" 200 10757 "-" "Mozilla/5.0 AppleWebKit/537.36 (KHTML, like Gecko; compatible; GPTBot/1.2; +https://openai.com/gptbot)"
54.235.172.108 - - [20/Oct/2025:08:20:07 -0400] "GET /tag/nirmal-darbar-tv-episodes-timing/ HTTP/1.1" 200 122155 "-" "Mozilla/5.0 AppleWebKit/537.36 (KHTML, like Gecko; compatible; Amazonbot/0.1; +https://developer.amazon.com/support/amazonbot) Chrome/119.0.6045.214 Safari/537.36"
20.171.207.51 - - [20/Oct/2025:08:20:08 -0400] "GET /wp-json/wp/v2/posts/14804 HTTP/2.0" 200 11207 "-" "Mozilla/5.0 AppleWebKit/537.36 (KHTML, like Gecko; compatible; GPTBot/1.2; +https://openai.com/gptbot)"
20.171.207.51 - - [20/Oct/2025:08:20:09 -0400] "GET /wp-json/wp/v2/posts/39088 HTTP/2.0" 200 11819 "-" "Mozilla/5.0 AppleWebKit/537.36 (KHTML, like Gecko; compatible; GPTBot/1.2; +https://openai.com/gptbot)"
20.171.207.51 - - [20/Oct/2025:08:20:10 -0400] "GET /wp-json/wp/v2/posts/32408 HTTP/2.0" 200 12236 "-" "Mozilla/5.0 AppleWebKit/537.36 (KHTML, like Gecko; compatible; GPTBot/1.2; +https://openai.com/gptbot)"
20.171.207.51 - - [20/Oct/2025:08:20:11 -0400] "GET /wp-json/wp/v2/posts/21634 HTTP/2.0" 200 12979 "-" "Mozilla/5.0 AppleWebKit/537.36 (KHTML, like Gecko; compatible; GPTBot/1.2; +https://openai.com/gptbot)"
54.147.80.137 - - [20/Oct/2025:08:20:11 -0400] "GET /tag/isis-comes-again/ HTTP/1.1" 200 121628 "-" "Mozilla/5.0 AppleWebKit/537.36 (KHTML, like Gecko; compatible; Amazonbot/0.1; +https://developer.amazon.com/support/amazonbot) Chrome/119.0.6045.214 Safari/537.36"
20.171.207.51 - - [20/Oct/2025:08:20:12 -0400] "GET /wp-json/wp/v2/posts/46041 HTTP/2.0" 200 13412 "-" "Mozilla/5.0 AppleWebKit/537.36 (KHTML, like Gecko; compatible; GPTBot/1.2; +https://openai.com/gptbot)"
20.171.207.51 - - [20/Oct/2025:08:20:13 -0400] "GET /wp-json/wp/v2/posts/32754 HTTP/2.0" 200 7395 "-" "Mozilla/5.0 AppleWebKit/537.36 (KHTML, like Gecko; compatible; GPTBot/1.2; +https://openai.com/gptbot)"
20.171.207.51 - - [20/Oct/2025:08:20:15 -0400] "GET /wp-json/wp/v2/posts/26135 HTTP/2.0" 200 9354 "-" "Mozilla/5.0 AppleWebKit/537.36 (KHTML, like Gecko; compatible; GPTBot/1.2; +https://openai.com/gptbot)"
44.213.202.136 - - [20/Oct/2025:08:20:15 -0400] "GET /tag/amala-and-kamala-story/ HTTP/1.1" 200 122009 "-" "Mozilla/5.0 AppleWebKit/537.36 (KHTML, like Gecko; compatible; Amazonbot/0.1; +https://developer.amazon.com/support/amazonbot) Chrome/119.0.6045.214 Safari/537.36"
20.171.207.51 - - [20/Oct/2025:08:20:16 -0400] "GET /wp-json/wp/v2/posts/44996 HTTP/2.0" 200 10514 "-" "Mozilla/5.0 AppleWebKit/537.36 (KHTML, like Gecko; compatible; GPTBot/1.2; +https://openai.com/gptbot)"
20.171.207.51 - - [20/Oct/2025:08:20:17 -0400] "GET /wp-json/wp/v2/posts/41941 HTTP/2.0" 200 17619 "-" "Mozilla/5.0 AppleWebKit/537.36 (KHTML, like Gecko; compatible; GPTBot/1.2; +https://openai.com/gptbot)"
20.171.207.51 - - [20/Oct/2025:08:20:18 -0400] "GET /wp-json/wp/v2/posts/12970 HTTP/2.0" 200 15787 "-" "Mozilla/5.0 AppleWebKit/537.36 (KHTML, like Gecko; compatible; GPTBot/1.2; +https://openai.com/gptbot)"
66.249.79.166 - - [20/Oct/2025:08:20:19 -0400] "GET /wp-includes/css/dist/block-library/style.min.css?ver=6.8.3 HTTP/1.1" 200 116345 "https://wahgazab.com/perfumes-making-everyone-go-crazy-for-you/" "Mozilla/5.0 (Linux; Android 6.0.1; Nexus 5X Build/MMB29P) AppleWebKit/537.36 (KHTML, like Gecko) Chrome/140.0.7339.207 Mobile Safari/537.36 (compatible; Googlebot/2.1; +http://www.google.com/bot.html)"
20.171.207.51 - - [20/Oct/2025:08:20:19 -0400] "GET /wp-json/wp/v2/posts/21061 HTTP/2.0" 200 14728 "-" "Mozilla/5.0 AppleWebKit/537.36 (KHTML, like Gecko; compatible; GPTBot/1.2; +https://openai.com/gptbot)"
20.171.207.51 - - [20/Oct/2025:08:20:20 -0400] "GET /wp-json/wp/v2/posts/18971 HTTP/2.0" 200 13351 "-" "Mozilla/5.0 AppleWebKit/537.36 (KHTML, like Gecko; compatible; GPTBot/1.2; +https://openai.com/gptbot)"
18.235.81.246 - - [20/Oct/2025:08:20:20 -0400] "GET /tag/knives/ HTTP/1.1" 200 121623 "-" "Mozilla/5.0 AppleWebKit/537.36 (KHTML, like Gecko; compatible; Amazonbot/0.1; +https://developer.amazon.com/support/amazonbot) Chrome/119.0.6045.214 Safari/537.36"
20.171.207.51 - - [20/Oct/2025:08:20:21 -0400] "GET /wp-json/wp/v2/posts/34268 HTTP/2.0" 200 11765 "-" "Mozilla/5.0 AppleWebKit/537.36 (KHTML, like Gecko; compatible; GPTBot/1.2; +https://openai.com/gptbot)"
20.171.207.51 - - [20/Oct/2025:08:20:23 -0400] "GET /wp-json/wp/v2/posts/37543 HTTP/2.0" 200 10996 "-" "Mozilla/5.0 AppleWebKit/537.36 (KHTML, like Gecko; compatible; GPTBot/1.2; +https://openai.com/gptbot)"
98.82.40.168 - - [20/Oct/2025:08:20:23 -0400] "GET /tag/light-bulb/ HTTP/1.1" 200 121843 "-" "Mozilla/5.0 AppleWebKit/537.36 (KHTML, like Gecko; compatible; Amazonbot/0.1; +https://developer.amazon.com/support/amazonbot) Chrome/119.0.6045.214 Safari/537.36"
20.171.207.51 - - [20/Oct/2025:08:20:24 -0400] "GET /wp-json/wp/v2/posts/36142 HTTP/2.0" 200 9339 "-" "Mozilla/5.0 AppleWebKit/537.36 (KHTML, like Gecko; compatible; GPTBot/1.2; +https://openai.com/gptbot)"
20.171.207.51 - - [20/Oct/2025:08:20:25 -0400] "GET /wp-json/wp/v2/posts/10565 HTTP/2.0" 200 16349 "-" "Mozilla/5.0 AppleWebKit/537.36 (KHTML, like Gecko; compatible; GPTBot/1.2; +https://openai.com/gptbot)"
20.171.207.51 - - [20/Oct/2025:08:20:26 -0400] "GET /wp-json/wp/v2/posts/25733 HTTP/2.0" 200 12973 "-" "Mozilla/5.0 AppleWebKit/537.36 (KHTML, like Gecko; compatible; GPTBot/1.2; +https://openai.com/gptbot)"
34.233.114.237 - - [20/Oct/2025:08:20:27 -0400] "GET /tag/nirai-mata-temple/ HTTP/1.1" 200 122002 "-" "Mozilla/5.0 AppleWebKit/537.36 (KHTML, like Gecko; compatible; Amazonbot/0.1; +https://developer.amazon.com/support/amazonbot) Chrome/119.0.6045.214 Safari/537.36"
20.171.207.51 - - [20/Oct/2025:08:20:27 -0400] "GET /wp-json/wp/v2/posts/14701 HTTP/2.0" 200 10922 "-" "Mozilla/5.0 AppleWebKit/537.36 (KHTML, like Gecko; compatible; GPTBot/1.2; +https://openai.com/gptbot)"
20.171.207.51 - - [20/Oct/2025:08:20:28 -0400] "GET /wp-json/wp/v2/posts/25945 HTTP/2.0" 200 9753 "-" "Mozilla/5.0 AppleWebKit/537.36 (KHTML, like Gecko; compatible; GPTBot/1.2; +https://openai.com/gptbot)"
20.171.207.51 - - [20/Oct/2025:08:20:29 -0400] "GET /wp-json/wp/v2/posts/25185 HTTP/2.0" 200 12745 "-" "Mozilla/5.0 AppleWebKit/537.36 (KHTML, like Gecko; compatible; GPTBot/1.2; +https://openai.com/gptbot)"
20.171.207.51 - - [20/Oct/2025:08:20:31 -0400] "GET /wp-json/wp/v2/posts/17021 HTTP/2.0" 200 14048 "-" "Mozilla/5.0 AppleWebKit/537.36 (KHTML, like Gecko; compatible; GPTBot/1.2; +https://openai.com/gptbot)"
54.84.169.196 - - [20/Oct/2025:08:20:31 -0400] "GET /tag/phu-dorji-news/ HTTP/1.1" 200 122655 "-" "Mozilla/5.0 AppleWebKit/537.36 (KHTML, like Gecko; compatible; Amazonbot/0.1; +https://developer.amazon.com/support/amazonbot) Chrome/119.0.6045.214 Safari/537.36"
20.171.207.51 - - [20/Oct/2025:08:20:32 -0400] "GET /wp-json/wp/v2/posts/48432 HTTP/2.0" 200 14105 "-" "Mozilla/5.0 AppleWebKit/537.36 (KHTML, like Gecko; compatible; GPTBot/1.2; +https://openai.com/gptbot)"
20.171.207.51 - - [20/Oct/2025:08:20:33 -0400] "GET /wp-json/wp/v2/posts/15354 HTTP/2.0" 200 15077 "-" "Mozilla/5.0 AppleWebKit/537.36 (KHTML, like Gecko; compatible; GPTBot/1.2; +https://openai.com/gptbot)"
20.171.207.51 - - [20/Oct/2025:08:20:34 -0400] "GET /wp-json/wp/v2/posts/10425 HTTP/2.0" 200 13812 "-" "Mozilla/5.0 AppleWebKit/537.36 (KHTML, like Gecko; compatible; GPTBot/1.2; +https://openai.com/gptbot)"
107.22.208.39 - - [20/Oct/2025:08:20:35 -0400] "GET /tag/viasn-company-news-in-hindi/ HTTP/1.1" 200 121858 "-" "Mozilla/5.0 AppleWebKit/537.36 (KHTML, like Gecko; compatible; Amazonbot/0.1; +https://developer.amazon.com/support/amazonbot) Chrome/119.0.6045.214 Safari/537.36"
20.171.207.51 - - [20/Oct/2025:08:20:35 -0400] "GET /wp-json/wp/v2/posts/33126 HTTP/2.0" 200 11951 "-" "Mozilla/5.0 AppleWebKit/537.36 (KHTML, like Gecko; compatible; GPTBot/1.2; +https://openai.com/gptbot)"
20.171.207.51 - - [20/Oct/2025:08:20:36 -0400] "GET /wp-json/wp/v2/posts/12538 HTTP/2.0" 200 14211 "-" "Mozilla/5.0 AppleWebKit/537.36 (KHTML, like Gecko; compatible; GPTBot/1.2; +https://openai.com/gptbot)"
20.171.207.51 - - [20/Oct/2025:08:20:38 -0400] "GET /wp-json/wp/v2/posts/29107 HTTP/2.0" 200 12444 "-" "Mozilla/5.0 AppleWebKit/537.36 (KHTML, like Gecko; compatible; GPTBot/1.2; +https://openai.com/gptbot)"
20.171.207.51 - - [20/Oct/2025:08:20:39 -0400] "GET /wp-json/wp/v2/posts/38767 HTTP/2.0" 200 10788 "-" "Mozilla/5.0 AppleWebKit/537.36 (KHTML, like Gecko; compatible; GPTBot/1.2; +https://openai.com/gptbot)"
20.171.207.51 - - [20/Oct/2025:08:20:40 -0400] "GET /wp-json/wp/v2/posts/50852 HTTP/2.0" 200 17475 "-" "Mozilla/5.0 AppleWebKit/537.36 (KHTML, like Gecko; compatible; GPTBot/1.2; +https://openai.com/gptbot)"
34.225.24.180 - - [20/Oct/2025:08:20:41 -0400] "GET /tag/datta-phuge-news/ HTTP/1.1" 200 122025 "-" "Mozilla/5.0 AppleWebKit/537.36 (KHTML, like Gecko; compatible; Amazonbot/0.1; +https://developer.amazon.com/support/amazonbot) Chrome/119.0.6045.214 Safari/537.36"
20.171.207.51 - - [20/Oct/2025:08:20:41 -0400] "GET /wp-json/wp/v2/posts/35783 HTTP/2.0" 200 13424 "-" "Mozilla/5.0 AppleWebKit/537.36 (KHTML, like Gecko; compatible; GPTBot/1.2; +https://openai.com/gptbot)"
20.171.207.51 - - [20/Oct/2025:08:20:42 -0400] "GET /wp-json/wp/v2/posts/29836 HTTP/2.0" 200 11654 "-" "Mozilla/5.0 AppleWebKit/537.36 (KHTML, like Gecko; compatible; GPTBot/1.2; +https://openai.com/gptbot)"
3.213.85.234 - - [20/Oct/2025:08:20:43 -0400] "GET /tag/nisha-noor-death-news/ HTTP/1.1" 200 122126 "-" "Mozilla/5.0 AppleWebKit/537.36 (KHTML, like Gecko; compatible; Amazonbot/0.1; +https://developer.amazon.com/support/amazonbot) Chrome/119.0.6045.214 Safari/537.36"
20.171.207.51 - - [20/Oct/2025:08:20:43 -0400] "GET /wp-json/wp/v2/posts/25703 HTTP/2.0" 200 8689 "-" "Mozilla/5.0 AppleWebKit/537.36 (KHTML, like Gecko; compatible; GPTBot/1.2; +https://openai.com/gptbot)"
66.249.79.166 - - [20/Oct/2025:08:20:44 -0400] "GET /karan-7/ HTTP/1.1" 200 120375 "-" "Mozilla/5.0 (Linux; Android 6.0.1; Nexus 5X Build/MMB29P) AppleWebKit/537.36 (KHTML, like Gecko) Chrome/140.0.7339.207 Mobile Safari/537.36 (compatible; Googlebot/2.1; +http://www.google.com/bot.html)"
20.171.207.51 - - [20/Oct/2025:08:20:44 -0400] "GET /wp-json/wp/v2/posts/27511 HTTP/2.0" 200 11824 "-" "Mozilla/5.0 AppleWebKit/537.36 (KHTML, like Gecko; compatible; GPTBot/1.2; +https://openai.com/gptbot)"
20.171.207.51 - - [20/Oct/2025:08:20:46 -0400] "GET /wp-json/wp/v2/posts/27706 HTTP/2.0" 200 12192 "-" "Mozilla/5.0 AppleWebKit/537.36 (KHTML, like Gecko; compatible; GPTBot/1.2; +https://openai.com/gptbot)"
20.171.207.51 - - [20/Oct/2025:08:20:47 -0400] "GET /wp-json/wp/v2/posts/17994 HTTP/2.0" 200 11332 "-" "Mozilla/5.0 AppleWebKit/537.36 (KHTML, like Gecko; compatible; GPTBot/1.2; +https://openai.com/gptbot)"
20.171.207.51 - - [20/Oct/2025:08:20:48 -0400] "GET /wp-json/wp/v2/posts/40730 HTTP/2.0" 200 10520 "-" "Mozilla/5.0 AppleWebKit/537.36 (KHTML, like Gecko; compatible; GPTBot/1.2; +https://openai.com/gptbot)"
