20.171.207.51 - - [20/Oct/2025:09:16:42 -0400] "GET /wp-json/wp/v2/tags/7211 HTTP/2.0" 200 603 "-" "Mozilla/5.0 AppleWebKit/537.36 (KHTML, like Gecko; compatible; GPTBot/1.2; +https://openai.com/gptbot)"
34.233.114.237 - - [20/Oct/2025:09:16:41 -0400] "GET /tag/failure-course-offered-by-simth-college/ HTTP/1.1" 200 122224 "-" "Mozilla/5.0 AppleWebKit/537.36 (KHTML, like Gecko; compatible; Amazonbot/0.1; +https://developer.amazon.com/support/amazonbot) Chrome/119.0.6045.214 Safari/537.36"
20.171.207.51 - - [20/Oct/2025:09:16:43 -0400] "GET /wp-json/wp/v2/tags/1221 HTTP/2.0" 200 615 "-" "Mozilla/5.0 AppleWebKit/537.36 (KHTML, like Gecko; compatible; GPTBot/1.2; +https://openai.com/gptbot)"
100.29.63.24 - - [20/Oct/2025:09:16:43 -0400] "GET /tag/bain-these-5-things-news-in-hindi/ HTTP/1.1" 200 122080 "-" "Mozilla/5.0 AppleWebKit/537.36 (KHTML, like Gecko; compatible; Amazonbot/0.1; +https://developer.amazon.com/support/amazonbot) Chrome/119.0.6045.214 Safari/537.36"
20.171.207.51 - - [20/Oct/2025:09:16:44 -0400] "GET /wp-json/wp/v2/tags/9202 HTTP/2.0" 200 621 "-" "Mozilla/5.0 AppleWebKit/537.36 (KHTML, like Gecko; compatible; GPTBot/1.2; +https://openai.com/gptbot)"
20.171.207.51 - - [20/Oct/2025:09:16:45 -0400] "GET /wp-json/wp/v2/tags/2243 HTTP/2.0" 200 603 "-" "Mozilla/5.0 AppleWebKit/537.36 (KHTML, like Gecko; compatible; GPTBot/1.2; +https://openai.com/gptbot)"
20.171.207.51 - - [20/Oct/2025:09:16:46 -0400] "GET /wp-json/wp/v2/tags/4332 HTTP/2.0" 200 645 "-" "Mozilla/5.0 AppleWebKit/537.36 (KHTML, like Gecko; compatible; GPTBot/1.2; +https://openai.com/gptbot)"
20.171.207.51 - - [20/Oct/2025:09:16:47 -0400] "GET /wp-json/wp/v2/tags/1227 HTTP/2.0" 200 639 "-" "Mozilla/5.0 AppleWebKit/537.36 (KHTML, like Gecko; compatible; GPTBot/1.2; +https://openai.com/gptbot)"
54.163.169.168 - - [20/Oct/2025:09:16:47 -0400] "GET /category/sports/page/40/ HTTP/1.1" 200 199097 "-" "Mozilla/5.0 AppleWebKit/537.36 (KHTML, like Gecko; compatible; Amazonbot/0.1; +https://developer.amazon.com/support/amazonbot) Chrome/119.0.6045.214 Safari/537.36"
20.171.207.51 - - [20/Oct/2025:09:16:49 -0400] "GET /wp-json/wp/v2/tags/2206 HTTP/2.0" 200 621 "-" "Mozilla/5.0 AppleWebKit/537.36 (KHTML, like Gecko; compatible; GPTBot/1.2; +https://openai.com/gptbot)"
20.171.207.51 - - [20/Oct/2025:09:16:50 -0400] "GET /wp-json/wp/v2/tags/2559 HTTP/2.0" 200 618 "-" "Mozilla/5.0 AppleWebKit/537.36 (KHTML, like Gecko; compatible; GPTBot/1.2; +https://openai.com/gptbot)"
20.171.207.51 - - [20/Oct/2025:09:16:51 -0400] "GET /wp-json/wp/v2/tags/2070 HTTP/2.0" 200 618 "-" "Mozilla/5.0 AppleWebKit/537.36 (KHTML, like Gecko; compatible; GPTBot/1.2; +https://openai.com/gptbot)"
20.171.207.51 - - [20/Oct/2025:09:16:52 -0400] "GET /wp-json/wp/v2/tags/7207 HTTP/2.0" 200 597 "-" "Mozilla/5.0 AppleWebKit/537.36 (KHTML, like Gecko; compatible; GPTBot/1.2; +https://openai.com/gptbot)"
20.171.207.51 - - [20/Oct/2025:09:16:53 -0400] "GET /wp-json/wp/v2/tags/2955 HTTP/2.0" 200 609 "-" "Mozilla/5.0 AppleWebKit/537.36 (KHTML, like Gecko; compatible; GPTBot/1.2; +https://openai.com/gptbot)"
20.171.207.51 - - [20/Oct/2025:09:16:54 -0400] "GET /wp-json/wp/v2/tags/2324 HTTP/2.0" 200 588 "-" "Mozilla/5.0 AppleWebKit/537.36 (KHTML, like Gecko; compatible; GPTBot/1.2; +https://openai.com/gptbot)"
20.171.207.51 - - [20/Oct/2025:09:16:55 -0400] "GET /wp-json/wp/v2/tags/8428 HTTP/2.0" 200 634 "-" "Mozilla/5.0 AppleWebKit/537.36 (KHTML, like Gecko; compatible; GPTBot/1.2; +https://openai.com/gptbot)"
34.233.219.155 - - [20/Oct/2025:09:16:55 -0400] "GET /tag/north-indian-meals/ HTTP/1.1" 200 121831 "-" "Mozilla/5.0 AppleWebKit/537.36 (KHTML, like Gecko; compatible; Amazonbot/0.1; +https://developer.amazon.com/support/amazonbot) Chrome/119.0.6045.214 Safari/537.36"
57.141.0.36 - - [20/Oct/2025:09:16:55 -0400] "GET /know-the-health-benefits-of-going-to-a-temple/ HTTP/2.0" 200 287115 "-" "meta-externalagent/1.1 (+https://developers.facebook.com/docs/sharing/webmasters/crawler)"
20.171.207.51 - - [20/Oct/2025:09:16:57 -0400] "GET /wp-json/wp/v2/tags/2464 HTTP/2.0" 200 612 "-" "Mozilla/5.0 AppleWebKit/537.36 (KHTML, like Gecko; compatible; GPTBot/1.2; +https://openai.com/gptbot)"
20.171.207.51 - - [20/Oct/2025:09:16:58 -0400] "GET /wp-json/wp/v2/tags/8821 HTTP/2.0" 200 648 "-" "Mozilla/5.0 AppleWebKit/537.36 (KHTML, like Gecko; compatible; GPTBot/1.2; +https://openai.com/gptbot)"
20.171.207.51 - - [20/Oct/2025:09:16:59 -0400] "GET /wp-json/wp/v2/tags/2383 HTTP/2.0" 200 597 "-" "Mozilla/5.0 AppleWebKit/537.36 (KHTML, like Gecko; compatible; GPTBot/1.2; +https://openai.com/gptbot)"
98.82.38.120 - - [20/Oct/2025:09:16:59 -0400] "GET /tag/unique-restaurant-of-ravana-of-lanka/ HTTP/1.1" 200 121542 "-" "Mozilla/5.0 AppleWebKit/537.36 (KHTML, like Gecko; compatible; Amazonbot/0.1; +https://developer.amazon.com/support/amazonbot) Chrome/119.0.6045.214 Safari/537.36"
20.171.207.51 - - [20/Oct/2025:09:17:00 -0400] "GET /wp-json/wp/v2/tags/9339 HTTP/2.0" 200 627 "-" "Mozilla/5.0 AppleWebKit/537.36 (KHTML, like Gecko; compatible; GPTBot/1.2; +https://openai.com/gptbot)"
20.171.207.51 - - [20/Oct/2025:09:17:01 -0400] "GET /wp-json/wp/v2/tags/2949 HTTP/2.0" 200 591 "-" "Mozilla/5.0 AppleWebKit/537.36 (KHTML, like Gecko; compatible; GPTBot/1.2; +https://openai.com/gptbot)"
20.171.207.51 - - [20/Oct/2025:09:17:02 -0400] "GET /wp-json/wp/v2/tags/2010 HTTP/2.0" 200 603 "-" "Mozilla/5.0 AppleWebKit/537.36 (KHTML, like Gecko; compatible; GPTBot/1.2; +https://openai.com/gptbot)"
20.171.207.51 - - [20/Oct/2025:09:17:04 -0400] "GET /wp-json/wp/v2/tags/5299 HTTP/2.0" 200 675 "-" "Mozilla/5.0 AppleWebKit/537.36 (KHTML, like Gecko; compatible; GPTBot/1.2; +https://openai.com/gptbot)"
20.171.207.51 - - [20/Oct/2025:09:17:05 -0400] "GET /wp-json/wp/v2/tags/9233 HTTP/2.0" 200 660 "-" "Mozilla/5.0 AppleWebKit/537.36 (KHTML, like Gecko; compatible; GPTBot/1.2; +https://openai.com/gptbot)"
20.171.207.51 - - [20/Oct/2025:09:17:06 -0400] "GET /wp-json/wp/v2/tags/2055 HTTP/2.0" 200 666 "-" "Mozilla/5.0 AppleWebKit/537.36 (KHTML, like Gecko; compatible; GPTBot/1.2; +https://openai.com/gptbot)"
20.171.207.51 - - [20/Oct/2025:09:17:07 -0400] "GET /wp-json/wp/v2/tags/2302 HTTP/2.0" 200 606 "-" "Mozilla/5.0 AppleWebKit/537.36 (KHTML, like Gecko; compatible; GPTBot/1.2; +https://openai.com/gptbot)"
20.171.207.51 - - [20/Oct/2025:09:17:08 -0400] "GET /wp-json/wp/v2/tags/1152 HTTP/2.0" 200 597 "-" "Mozilla/5.0 AppleWebKit/537.36 (KHTML, like Gecko; compatible; GPTBot/1.2; +https://openai.com/gptbot)"
20.171.207.51 - - [20/Oct/2025:09:17:09 -0400] "GET /wp-json/wp/v2/tags/3552 HTTP/2.0" 200 606 "-" "Mozilla/5.0 AppleWebKit/537.36 (KHTML, like Gecko; compatible; GPTBot/1.2; +https://openai.com/gptbot)"
20.171.207.51 - - [20/Oct/2025:09:17:11 -0400] "GET /wp-json/wp/v2/tags/6260 HTTP/2.0" 200 636 "-" "Mozilla/5.0 AppleWebKit/537.36 (KHTML, like Gecko; compatible; GPTBot/1.2; +https://openai.com/gptbot)"
20.171.207.51 - - [20/Oct/2025:09:17:12 -0400] "GET /wp-json/wp/v2/tags/1622 HTTP/2.0" 200 600 "-" "Mozilla/5.0 AppleWebKit/537.36 (KHTML, like Gecko; compatible; GPTBot/1.2; +https://openai.com/gptbot)"
20.171.207.51 - - [20/Oct/2025:09:17:13 -0400] "GET /wp-json/wp/v2/tags/5256 HTTP/2.0" 200 690 "-" "Mozilla/5.0 AppleWebKit/537.36 (KHTML, like Gecko; compatible; GPTBot/1.2; +https://openai.com/gptbot)"
20.171.207.51 - - [20/Oct/2025:09:17:14 -0400] "GET /wp-json/wp/v2/tags/6699 HTTP/2.0" 200 642 "-" "Mozilla/5.0 AppleWebKit/537.36 (KHTML, like Gecko; compatible; GPTBot/1.2; +https://openai.com/gptbot)"
52.200.93.170 - - [20/Oct/2025:09:17:15 -0400] "GET /tag/what-to-look-for-to-find-gold/ HTTP/1.1" 200 122022 "-" "Mozilla/5.0 AppleWebKit/537.36 (KHTML, like Gecko; compatible; Amazonbot/0.1; +https://developer.amazon.com/support/amazonbot) Chrome/119.0.6045.214 Safari/537.36"
20.171.207.51 - - [20/Oct/2025:09:17:15 -0400] "GET /wp-json/wp/v2/tags/6116 HTTP/2.0" 200 642 "-" "Mozilla/5.0 AppleWebKit/537.36 (KHTML, like Gecko; compatible; GPTBot/1.2; +https://openai.com/gptbot)"
3.90.73.206 - - [20/Oct/2025:09:17:15 -0400] "GET /tag/robot-goddess-news-in-hindi/ HTTP/1.1" 200 122417 "-" "Mozilla/5.0 AppleWebKit/537.36 (KHTML, like Gecko; compatible; Amazonbot/0.1; +https://developer.amazon.com/support/amazonbot) Chrome/119.0.6045.214 Safari/537.36"
20.171.207.51 - - [20/Oct/2025:09:17:16 -0400] "GET /wp-json/wp/v2/tags/5502 HTTP/2.0" 200 597 "-" "Mozilla/5.0 AppleWebKit/537.36 (KHTML, like Gecko; compatible; GPTBot/1.2; +https://openai.com/gptbot)"
20.171.207.51 - - [20/Oct/2025:09:17:17 -0400] "GET /wp-json/wp/v2/tags/6627 HTTP/2.0" 200 627 "-" "Mozilla/5.0 AppleWebKit/537.36 (KHTML, like Gecko; compatible; GPTBot/1.2; +https://openai.com/gptbot)"
20.171.207.51 - - [20/Oct/2025:09:17:19 -0400] "GET /wp-json/wp/v2/tags/2330 HTTP/2.0" 200 621 "-" "Mozilla/5.0 AppleWebKit/537.36 (KHTML, like Gecko; compatible; GPTBot/1.2; +https://openai.com/gptbot)"
52.203.68.145 - - [20/Oct/2025:09:17:19 -0400] "GET /tag/how-to-convince-your-parents-for-love-marriage/ HTTP/1.1" 200 122004 "-" "Mozilla/5.0 AppleWebKit/537.36 (KHTML, like Gecko; compatible; Amazonbot/0.1; +https://developer.amazon.com/support/amazonbot) Chrome/119.0.6045.214 Safari/537.36"
20.171.207.51 - - [20/Oct/2025:09:17:20 -0400] "GET /wp-json/wp/v2/tags/4542 HTTP/2.0" 200 579 "-" "Mozilla/5.0 AppleWebKit/537.36 (KHTML, like Gecko; compatible; GPTBot/1.2; +https://openai.com/gptbot)"
20.171.207.51 - - [20/Oct/2025:09:17:21 -0400] "GET /wp-json/wp/v2/tags/2336 HTTP/2.0" 200 624 "-" "Mozilla/5.0 AppleWebKit/537.36 (KHTML, like Gecko; compatible; GPTBot/1.2; +https://openai.com/gptbot)"
20.171.207.51 - - [20/Oct/2025:09:17:22 -0400] "GET /wp-json/wp/v2/tags/6676 HTTP/2.0" 200 627 "-" "Mozilla/5.0 AppleWebKit/537.36 (KHTML, like Gecko; compatible; GPTBot/1.2; +https://openai.com/gptbot)"
20.171.207.51 - - [20/Oct/2025:09:17:23 -0400] "GET /wp-json/wp/v2/tags/6225 HTTP/2.0" 200 663 "-" "Mozilla/5.0 AppleWebKit/537.36 (KHTML, like Gecko; compatible; GPTBot/1.2; +https://openai.com/gptbot)"
34.239.197.197 - - [20/Oct/2025:09:17:24 -0400] "GET /tag/hastotanasana/ HTTP/1.1" 200 121977 "-" "Mozilla/5.0 AppleWebKit/537.36 (KHTML, like Gecko; compatible; Amazonbot/0.1; +https://developer.amazon.com/support/amazonbot) Chrome/119.0.6045.214 Safari/537.36"
20.171.207.51 - - [20/Oct/2025:09:17:24 -0400] "GET /wp-json/wp/v2/tags/2778 HTTP/2.0" 200 627 "-" "Mozilla/5.0 AppleWebKit/537.36 (KHTML, like Gecko; compatible; GPTBot/1.2; +https://openai.com/gptbot)"
20.171.207.51 - - [20/Oct/2025:09:17:25 -0400] "GET /wp-json/wp/v2/tags/6522 HTTP/2.0" 200 702 "-" "Mozilla/5.0 AppleWebKit/537.36 (KHTML, like Gecko; compatible; GPTBot/1.2; +https://openai.com/gptbot)"
20.171.207.51 - - [20/Oct/2025:09:17:27 -0400] "GET /wp-json/wp/v2/tags/3203 HTTP/2.0" 200 666 "-" "Mozilla/5.0 AppleWebKit/537.36 (KHTML, like Gecko; compatible; GPTBot/1.2; +https://openai.com/gptbot)"
44.215.210.112 - - [20/Oct/2025:09:17:27 -0400] "GET /tag/plastic-bottles-are-being-built-in-panama-city-news/ HTTP/1.1" 200 122348 "-" "Mozilla/5.0 AppleWebKit/537.36 (KHTML, like Gecko; compatible; Amazonbot/0.1; +https://developer.amazon.com/support/amazonbot) Chrome/119.0.6045.214 Safari/537.36"
20.171.207.51 - - [20/Oct/2025:09:17:28 -0400] "GET /wp-json/wp/v2/tags/2240 HTTP/2.0" 200 603 "-" "Mozilla/5.0 AppleWebKit/537.36 (KHTML, like Gecko; compatible; GPTBot/1.2; +https://openai.com/gptbot)"
20.171.207.51 - - [20/Oct/2025:09:17:29 -0400] "GET /wp-json/wp/v2/tags/2177 HTTP/2.0" 200 603 "-" "Mozilla/5.0 AppleWebKit/537.36 (KHTML, like Gecko; compatible; GPTBot/1.2; +https://openai.com/gptbot)"
20.171.207.51 - - [20/Oct/2025:09:17:30 -0400] "GET /wp-json/wp/v2/tags/6688 HTTP/2.0" 200 660 "-" "Mozilla/5.0 AppleWebKit/537.36 (KHTML, like Gecko; compatible; GPTBot/1.2; +https://openai.com/gptbot)"
20.171.207.51 - - [20/Oct/2025:09:17:31 -0400] "GET /wp-json/wp/v2/tags/7070 HTTP/2.0" 200 627 "-" "Mozilla/5.0 AppleWebKit/537.36 (KHTML, like Gecko; compatible; GPTBot/1.2; +https://openai.com/gptbot)"
54.145.82.217 - - [20/Oct/2025:09:17:31 -0400] "GET /tag/ashwatthama-still-alive/ HTTP/1.1" 200 121950 "-" "Mozilla/5.0 AppleWebKit/537.36 (KHTML, like Gecko; compatible; Amazonbot/0.1; +https://developer.amazon.com/support/amazonbot) Chrome/119.0.6045.214 Safari/537.36"
66.249.79.167 - - [20/Oct/2025:09:17:31 -0400] "GET /tag/bollywood-movie/page/2/?amp HTTP/1.1" 200 181203 "-" "Mozilla/5.0 (Linux; Android 6.0.1; Nexus 5X Build/MMB29P) AppleWebKit/537.36 (KHTML, like Gecko) Chrome/140.0.7339.207 Mobile Safari/537.36 (compatible; Googlebot/2.1; +http://www.google.com/bot.html)"
20.171.207.51 - - [20/Oct/2025:09:17:32 -0400] "GET /wp-json/wp/v2/tags/8989 HTTP/2.0" 200 633 "-" "Mozilla/5.0 AppleWebKit/537.36 (KHTML, like Gecko; compatible; GPTBot/1.2; +https://openai.com/gptbot)"
20.171.207.51 - - [20/Oct/2025:09:17:33 -0400] "GET /wp-json/wp/v2/tags/6962 HTTP/2.0" 200 594 "-" "Mozilla/5.0 AppleWebKit/537.36 (KHTML, like Gecko; compatible; GPTBot/1.2; +https://openai.com/gptbot)"
20.171.207.51 - - [20/Oct/2025:09:17:35 -0400] "GET /wp-json/wp/v2/tags/2253 HTTP/2.0" 200 576 "-" "Mozilla/5.0 AppleWebKit/537.36 (KHTML, like Gecko; compatible; GPTBot/1.2; +https://openai.com/gptbot)"
3.213.85.234 - - [20/Oct/2025:09:17:35 -0400] "GET /tag/ramesh-darji/ HTTP/1.1" 200 121391 "-" "Mozilla/5.0 AppleWebKit/537.36 (KHTML, like Gecko; compatible; Amazonbot/0.1; +https://developer.amazon.com/support/amazonbot) Chrome/119.0.6045.214 Safari/537.36"
20.171.207.51 - - [20/Oct/2025:09:17:36 -0400] "GET /wp-json/wp/v2/tags/2520 HTTP/2.0" 200 612 "-" "Mozilla/5.0 AppleWebKit/537.36 (KHTML, like Gecko; compatible; GPTBot/1.2; +https://openai.com/gptbot)"
20.171.207.51 - - [20/Oct/2025:09:17:37 -0400] "GET /wp-json/wp/v2/tags/2662 HTTP/2.0" 200 699 "-" "Mozilla/5.0 AppleWebKit/537.36 (KHTML, like Gecko; compatible; GPTBot/1.2; +https://openai.com/gptbot)"
20.171.207.51 - - [20/Oct/2025:09:17:38 -0400] "GET /wp-json/wp/v2/tags/2533 HTTP/2.0" 200 597 "-" "Mozilla/5.0 AppleWebKit/537.36 (KHTML, like Gecko; compatible; GPTBot/1.2; +https://openai.com/gptbot)"
20.171.207.51 - - [20/Oct/2025:09:17:39 -0400] "GET /wp-json/wp/v2/tags/9912 HTTP/2.0" 200 639 "-" "Mozilla/5.0 AppleWebKit/537.36 (KHTML, like Gecko; compatible; GPTBot/1.2; +https://openai.com/gptbot)"
20.171.207.51 - - [20/Oct/2025:09:17:40 -0400] "GET /wp-json/wp/v2/tags/9119 HTTP/2.0" 200 630 "-" "Mozilla/5.0 AppleWebKit/537.36 (KHTML, like Gecko; compatible; GPTBot/1.2; +https://openai.com/gptbot)"
20.171.207.51 - - [20/Oct/2025:09:17:42 -0400] "GET /wp-json/wp/v2/tags/6227 HTTP/2.0" 200 624 "-" "Mozilla/5.0 AppleWebKit/537.36 (KHTML, like Gecko; compatible; GPTBot/1.2; +https://openai.com/gptbot)"
20.171.207.51 - - [20/Oct/2025:09:17:43 -0400] "GET /wp-json/wp/v2/tags/2505 HTTP/2.0" 200 600 "-" "Mozilla/5.0 AppleWebKit/537.36 (KHTML, like Gecko; compatible; GPTBot/1.2; +https://openai.com/gptbot)"
3.213.85.234 - - [20/Oct/2025:09:17:43 -0400] "GET /tag/respectfully-visit-holy-places-news/ HTTP/1.1" 200 122328 "-" "Mozilla/5.0 AppleWebKit/537.36 (KHTML, like Gecko; compatible; Amazonbot/0.1; +https://developer.amazon.com/support/amazonbot) Chrome/119.0.6045.214 Safari/537.36"
20.171.207.51 - - [20/Oct/2025:09:17:44 -0400] "GET /wp-json/wp/v2/tags/9242 HTTP/2.0" 200 639 "-" "Mozilla/5.0 AppleWebKit/537.36 (KHTML, like Gecko; compatible; GPTBot/1.2; +https://openai.com/gptbot)"
20.171.207.51 - - [20/Oct/2025:09:17:45 -0400] "GET /wp-json/wp/v2/tags/6556 HTTP/2.0" 200 669 "-" "Mozilla/5.0 AppleWebKit/537.36 (KHTML, like Gecko; compatible; GPTBot/1.2; +https://openai.com/gptbot)"
20.171.207.51 - - [20/Oct/2025:09:17:46 -0400] "GET /wp-json/wp/v2/tags/3326 HTTP/2.0" 200 636 "-" "Mozilla/5.0 AppleWebKit/537.36 (KHTML, like Gecko; compatible; GPTBot/1.2; +https://openai.com/gptbot)"
20.171.207.51 - - [20/Oct/2025:09:17:47 -0400] "GET /wp-json/wp/v2/tags/6552 HTTP/2.0" 200 649 "-" "Mozilla/5.0 AppleWebKit/537.36 (KHTML, like Gecko; compatible; GPTBot/1.2; +https://openai.com/gptbot)"
20.171.207.51 - - [20/Oct/2025:09:17:49 -0400] "GET /wp-json/wp/v2/tags/2155 HTTP/2.0" 200 630 "-" "Mozilla/5.0 AppleWebKit/537.36 (KHTML, like Gecko; compatible; GPTBot/1.2; +https://openai.com/gptbot)"
18.233.24.238 - - [20/Oct/2025:09:17:49 -0400] "GET /tag/shimla-kali-bari/ HTTP/1.1" 200 121806 "-" "Mozilla/5.0 AppleWebKit/537.36 (KHTML, like Gecko; compatible; Amazonbot/0.1; +https://developer.amazon.com/support/amazonbot) Chrome/119.0.6045.214 Safari/537.36"
20.171.207.51 - - [20/Oct/2025:09:17:50 -0400] "GET /wp-json/wp/v2/tags/6602 HTTP/2.0" 200 594 "-" "Mozilla/5.0 AppleWebKit/537.36 (KHTML, like Gecko; compatible; GPTBot/1.2; +https://openai.com/gptbot)"
20.171.207.51 - - [20/Oct/2025:09:17:51 -0400] "GET /wp-json/wp/v2/tags/3238 HTTP/2.0" 200 622 "-" "Mozilla/5.0 AppleWebKit/537.36 (KHTML, like Gecko; compatible; GPTBot/1.2; +https://openai.com/gptbot)"
44.210.213.220 - - [20/Oct/2025:09:17:51 -0400] "GET /tag/radhika-apte-movie-trailer/ HTTP/1.1" 200 122224 "-" "Mozilla/5.0 AppleWebKit/537.36 (KHTML, like Gecko; compatible; Amazonbot/0.1; +https://developer.amazon.com/support/amazonbot) Chrome/119.0.6045.214 Safari/537.36"
20.171.207.51 - - [20/Oct/2025:09:17:52 -0400] "GET /wp-json/wp/v2/tags/1161 HTTP/2.0" 200 597 "-" "Mozilla/5.0 AppleWebKit/537.36 (KHTML, like Gecko; compatible; GPTBot/1.2; +https://openai.com/gptbot)"
20.171.207.51 - - [20/Oct/2025:09:17:53 -0400] "GET /wp-json/wp/v2/tags/5655 HTTP/2.0" 200 627 "-" "Mozilla/5.0 AppleWebKit/537.36 (KHTML, like Gecko; compatible; GPTBot/1.2; +https://openai.com/gptbot)"
20.171.207.51 - - [20/Oct/2025:09:17:54 -0400] "GET /wp-json/wp/v2/tags/2729 HTTP/2.0" 200 600 "-" "Mozilla/5.0 AppleWebKit/537.36 (KHTML, like Gecko; compatible; GPTBot/1.2; +https://openai.com/gptbot)"
98.83.8.142 - - [20/Oct/2025:09:17:55 -0400] "GET /tag/akshay-kumars-airlift-news/ HTTP/1.1" 200 122102 "-" "Mozilla/5.0 AppleWebKit/537.36 (KHTML, like Gecko; compatible; Amazonbot/0.1; +https://developer.amazon.com/support/amazonbot) Chrome/119.0.6045.214 Safari/537.36"
20.171.207.51 - - [20/Oct/2025:09:17:56 -0400] "GET /wp-json/wp/v2/tags/1212 HTTP/2.0" 200 594 "-" "Mozilla/5.0 AppleWebKit/537.36 (KHTML, like Gecko; compatible; GPTBot/1.2; +https://openai.com/gptbot)"
20.171.207.51 - - [20/Oct/2025:09:17:57 -0400] "GET /wp-json/wp/v2/tags/3262 HTTP/2.0" 200 630 "-" "Mozilla/5.0 AppleWebKit/537.36 (KHTML, like Gecko; compatible; GPTBot/1.2; +https://openai.com/gptbot)"
20.171.207.51 - - [20/Oct/2025:09:17:58 -0400] "GET /wp-json/wp/v2/tags/9959 HTTP/2.0" 200 621 "-" "Mozilla/5.0 AppleWebKit/537.36 (KHTML, like Gecko; compatible; GPTBot/1.2; +https://openai.com/gptbot)"
20.171.207.51 - - [20/Oct/2025:09:17:59 -0400] "GET /wp-json/wp/v2/tags/3283 HTTP/2.0" 200 621 "-" "Mozilla/5.0 AppleWebKit/537.36 (KHTML, like Gecko; compatible; GPTBot/1.2; +https://openai.com/gptbot)"
20.171.207.51 - - [20/Oct/2025:09:18:00 -0400] "GET /wp-json/wp/v2/tags/2269 HTTP/2.0" 200 615 "-" "Mozilla/5.0 AppleWebKit/537.36 (KHTML, like Gecko; compatible; GPTBot/1.2; +https://openai.com/gptbot)"
20.171.207.51 - - [20/Oct/2025:09:18:01 -0400] "GET /wp-json/wp/v2/tags/9232 HTTP/2.0" 200 633 "-" "Mozilla/5.0 AppleWebKit/537.36 (KHTML, like Gecko; compatible; GPTBot/1.2; +https://openai.com/gptbot)"
20.171.207.51 - - [20/Oct/2025:09:18:03 -0400] "GET /wp-json/wp/v2/tags/6636 HTTP/2.0" 200 618 "-" "Mozilla/5.0 AppleWebKit/537.36 (KHTML, like Gecko; compatible; GPTBot/1.2; +https://openai.com/gptbot)"
20.171.207.51 - - [20/Oct/2025:09:18:04 -0400] "GET /wp-json/wp/v2/tags/2110 HTTP/2.0" 200 663 "-" "Mozilla/5.0 AppleWebKit/537.36 (KHTML, like Gecko; compatible; GPTBot/1.2; +https://openai.com/gptbot)"
44.206.65.8 - - [20/Oct/2025:09:18:04 -0400] "GET /tag/two-heads-in-chinese/ HTTP/1.1" 200 121868 "-" "Mozilla/5.0 AppleWebKit/537.36 (KHTML, like Gecko; compatible; Amazonbot/0.1; +https://developer.amazon.com/support/amazonbot) Chrome/119.0.6045.214 Safari/537.36"
20.171.207.51 - - [20/Oct/2025:09:18:05 -0400] "GET /wp-json/wp/v2/tags/8929 HTTP/2.0" 200 606 "-" "Mozilla/5.0 AppleWebKit/537.36 (KHTML, like Gecko; compatible; GPTBot/1.2; +https://openai.com/gptbot)"
20.171.207.51 - - [20/Oct/2025:09:18:06 -0400] "GET /wp-json/wp/v2/tags/1621 HTTP/2.0" 200 600 "-" "Mozilla/5.0 AppleWebKit/537.36 (KHTML, like Gecko; compatible; GPTBot/1.2; +https://openai.com/gptbot)"
20.171.207.51 - - [20/Oct/2025:09:18:07 -0400] "GET /wp-json/wp/v2/tags/9599 HTTP/2.0" 200 618 "-" "Mozilla/5.0 AppleWebKit/537.36 (KHTML, like Gecko; compatible; GPTBot/1.2; +https://openai.com/gptbot)"
20.171.207.51 - - [20/Oct/2025:09:18:08 -0400] "GET /wp-json/wp/v2/tags/2250 HTTP/2.0" 200 648 "-" "Mozilla/5.0 AppleWebKit/537.36 (KHTML, like Gecko; compatible; GPTBot/1.2; +https://openai.com/gptbot)"
54.197.178.107 - - [20/Oct/2025:09:18:08 -0400] "GET /tag/facilitation-center-for-industrial-plasma-technologies/ HTTP/1.1" 200 122811 "-" "Mozilla/5.0 AppleWebKit/537.36 (KHTML, like Gecko; compatible; Amazonbot/0.1; +https://developer.amazon.com/support/amazonbot) Chrome/119.0.6045.214 Safari/537.36"
20.171.207.51 - - [20/Oct/2025:09:18:09 -0400] "GET /wp-json/wp/v2/tags/7275 HTTP/2.0" 200 600 "-" "Mozilla/5.0 AppleWebKit/537.36 (KHTML, like Gecko; compatible; GPTBot/1.2; +https://openai.com/gptbot)"
20.171.207.51 - - [20/Oct/2025:09:18:11 -0400] "GET /wp-json/wp/v2/tags/5254 HTTP/2.0" 200 648 "-" "Mozilla/5.0 AppleWebKit/537.36 (KHTML, like Gecko; compatible; GPTBot/1.2; +https://openai.com/gptbot)"
20.171.207.51 - - [20/Oct/2025:09:18:12 -0400] "GET /wp-json/wp/v2/tags/9933 HTTP/2.0" 200 648 "-" "Mozilla/5.0 AppleWebKit/537.36 (KHTML, like Gecko; compatible; GPTBot/1.2; +https://openai.com/gptbot)"
35.171.141.42 - - [20/Oct/2025:09:18:12 -0400] "GET /tag/soldier-of-the-pen/ HTTP/1.1" 200 122523 "-" "Mozilla/5.0 AppleWebKit/537.36 (KHTML, like Gecko; compatible; Amazonbot/0.1; +https://developer.amazon.com/support/amazonbot) Chrome/119.0.6045.214 Safari/537.36"
20.171.207.51 - - [20/Oct/2025:09:18:13 -0400] "GET /wp-json/wp/v2/tags/2352 HTTP/2.0" 200 579 "-" "Mozilla/5.0 AppleWebKit/537.36 (KHTML, like Gecko; compatible; GPTBot/1.2; +https://openai.com/gptbot)"
20.171.207.51 - - [20/Oct/2025:09:18:14 -0400] "GET /wp-json/wp/v2/tags/2326 HTTP/2.0" 200 600 "-" "Mozilla/5.0 AppleWebKit/537.36 (KHTML, like Gecko; compatible; GPTBot/1.2; +https://openai.com/gptbot)"
20.171.207.51 - - [20/Oct/2025:09:18:15 -0400] "GET /wp-json/wp/v2/tags/1242 HTTP/2.0" 200 597 "-" "Mozilla/5.0 AppleWebKit/537.36 (KHTML, like Gecko; compatible; GPTBot/1.2; +https://openai.com/gptbot)"
20.171.207.51 - - [20/Oct/2025:09:18:16 -0400] "GET /wp-json/wp/v2/tags/6282 HTTP/2.0" 200 648 "-" "Mozilla/5.0 AppleWebKit/537.36 (KHTML, like Gecko; compatible; GPTBot/1.2; +https://openai.com/gptbot)"
20.171.207.51 - - [20/Oct/2025:09:18:17 -0400] "GET /wp-json/wp/v2/tags/7220 HTTP/2.0" 200 645 "-" "Mozilla/5.0 AppleWebKit/537.36 (KHTML, like Gecko; compatible; GPTBot/1.2; +https://openai.com/gptbot)"
20.171.207.51 - - [20/Oct/2025:09:18:19 -0400] "GET /wp-json/wp/v2/tags/5445 HTTP/2.0" 200 660 "-" "Mozilla/5.0 AppleWebKit/537.36 (KHTML, like Gecko; compatible; GPTBot/1.2; +https://openai.com/gptbot)"
20.171.207.51 - - [20/Oct/2025:09:18:20 -0400] "GET /wp-json/wp/v2/tags/6628 HTTP/2.0" 200 606 "-" "Mozilla/5.0 AppleWebKit/537.36 (KHTML, like Gecko; compatible; GPTBot/1.2; +https://openai.com/gptbot)"
20.171.207.51 - - [20/Oct/2025:09:18:21 -0400] "GET /wp-json/wp/v2/tags/6220 HTTP/2.0" 200 624 "-" "Mozilla/5.0 AppleWebKit/537.36 (KHTML, like Gecko; compatible; GPTBot/1.2; +https://openai.com/gptbot)"
20.171.207.51 - - [20/Oct/2025:09:18:22 -0400] "GET /wp-json/wp/v2/tags/1232 HTTP/2.0" 200 627 "-" "Mozilla/5.0 AppleWebKit/537.36 (KHTML, like Gecko; compatible; GPTBot/1.2; +https://openai.com/gptbot)"
18.204.152.114 - - [20/Oct/2025:09:18:23 -0400] "GET /tag/wizards-of-the-wrist-news/ HTTP/1.1" 200 122004 "-" "Mozilla/5.0 AppleWebKit/537.36 (KHTML, like Gecko; compatible; Amazonbot/0.1; +https://developer.amazon.com/support/amazonbot) Chrome/119.0.6045.214 Safari/537.36"
20.171.207.51 - - [20/Oct/2025:09:18:23 -0400] "GET /wp-json/wp/v2/tags/2278 HTTP/2.0" 200 591 "-" "Mozilla/5.0 AppleWebKit/537.36 (KHTML, like Gecko; compatible; GPTBot/1.2; +https://openai.com/gptbot)"
20.171.207.51 - - [20/Oct/2025:09:18:24 -0400] "GET /wp-json/wp/v2/tags/2972 HTTP/2.0" 200 609 "-" "Mozilla/5.0 AppleWebKit/537.36 (KHTML, like Gecko; compatible; GPTBot/1.2; +https://openai.com/gptbot)"
20.171.207.51 - - [20/Oct/2025:09:18:26 -0400] "GET /wp-json/wp/v2/tags/3883 HTTP/2.0" 200 597 "-" "Mozilla/5.0 AppleWebKit/537.36 (KHTML, like Gecko; compatible; GPTBot/1.2; +https://openai.com/gptbot)"
20.171.207.51 - - [20/Oct/2025:09:18:27 -0400] "GET /wp-json/wp/v2/tags/2120 HTTP/2.0" 200 594 "-" "Mozilla/5.0 AppleWebKit/537.36 (KHTML, like Gecko; compatible; GPTBot/1.2; +https://openai.com/gptbot)"
34.225.243.131 - - [20/Oct/2025:09:18:27 -0400] "GET /tag/amrit-prasad-in-shivling-news/ HTTP/1.1" 200 122401 "-" "Mozilla/5.0 AppleWebKit/537.36 (KHTML, like Gecko; compatible; Amazonbot/0.1; +https://developer.amazon.com/support/amazonbot) Chrome/119.0.6045.214 Safari/537.36"
20.171.207.51 - - [20/Oct/2025:09:18:28 -0400] "GET /wp-json/wp/v2/tags/2825 HTTP/2.0" 200 612 "-" "Mozilla/5.0 AppleWebKit/537.36 (KHTML, like Gecko; compatible; GPTBot/1.2; +https://openai.com/gptbot)"
20.171.207.51 - - [20/Oct/2025:09:18:29 -0400] "GET /wp-json/wp/v2/tags/9892 HTTP/2.0" 200 636 "-" "Mozilla/5.0 AppleWebKit/537.36 (KHTML, like Gecko; compatible; GPTBot/1.2; +https://openai.com/gptbot)"
20.171.207.51 - - [20/Oct/2025:09:18:30 -0400] "GET /wp-json/wp/v2/tags/2833 HTTP/2.0" 200 594 "-" "Mozilla/5.0 AppleWebKit/537.36 (KHTML, like Gecko; compatible; GPTBot/1.2; +https://openai.com/gptbot)"
20.171.207.51 - - [20/Oct/2025:09:18:31 -0400] "GET /wp-json/wp/v2/tags/3532 HTTP/2.0" 200 615 "-" "Mozilla/5.0 AppleWebKit/537.36 (KHTML, like Gecko; compatible; GPTBot/1.2; +https://openai.com/gptbot)"
52.73.142.41 - - [20/Oct/2025:09:18:32 -0400] "GET /tag/infosys-techie-raghavendran-ganeshan-confirmed-dead/ HTTP/1.1" 200 122513 "-" "Mozilla/5.0 AppleWebKit/537.36 (KHTML, like Gecko; compatible; Amazonbot/0.1; +https://developer.amazon.com/support/amazonbot) Chrome/119.0.6045.214 Safari/537.36"
20.171.207.51 - - [20/Oct/2025:09:18:32 -0400] "GET /wp-json/wp/v2/tags/2933 HTTP/2.0" 200 594 "-" "Mozilla/5.0 AppleWebKit/537.36 (KHTML, like Gecko; compatible; GPTBot/1.2; +https://openai.com/gptbot)"
20.171.207.51 - - [20/Oct/2025:09:18:34 -0400] "GET /wp-json/wp/v2/tags/2611 HTTP/2.0" 200 624 "-" "Mozilla/5.0 AppleWebKit/537.36 (KHTML, like Gecko; compatible; GPTBot/1.2; +https://openai.com/gptbot)"
20.171.207.51 - - [20/Oct/2025:09:18:35 -0400] "GET /wp-json/wp/v2/tags/3992 HTTP/2.0" 200 675 "-" "Mozilla/5.0 AppleWebKit/537.36 (KHTML, like Gecko; compatible; GPTBot/1.2; +https://openai.com/gptbot)"
23.23.137.202 - - [20/Oct/2025:09:18:35 -0400] "GET /tag/nirmal-baba-mobi/ HTTP/1.1" 200 122027 "-" "Mozilla/5.0 AppleWebKit/537.36 (KHTML, like Gecko; compatible; Amazonbot/0.1; +https://developer.amazon.com/support/amazonbot) Chrome/119.0.6045.214 Safari/537.36"
20.171.207.51 - - [20/Oct/2025:09:18:36 -0400] "GET /wp-json/wp/v2/tags/2838 HTTP/2.0" 200 621 "-" "Mozilla/5.0 AppleWebKit/537.36 (KHTML, like Gecko; compatible; GPTBot/1.2; +https://openai.com/gptbot)"
20.171.207.51 - - [20/Oct/2025:09:18:37 -0400] "GET /wp-json/wp/v2/tags/2428 HTTP/2.0" 200 594 "-" "Mozilla/5.0 AppleWebKit/537.36 (KHTML, like Gecko; compatible; GPTBot/1.2; +https://openai.com/gptbot)"
20.171.207.51 - - [20/Oct/2025:09:18:38 -0400] "GET /wp-json/wp/v2/tags/2646 HTTP/2.0" 200 651 "-" "Mozilla/5.0 AppleWebKit/537.36 (KHTML, like Gecko; compatible; GPTBot/1.2; +https://openai.com/gptbot)"
20.171.207.51 - - [20/Oct/2025:09:18:39 -0400] "GET /wp-json/wp/v2/tags/7273 HTTP/2.0" 200 645 "-" "Mozilla/5.0 AppleWebKit/537.36 (KHTML, like Gecko; compatible; GPTBot/1.2; +https://openai.com/gptbot)"
54.91.122.193 - - [20/Oct/2025:09:18:39 -0400] "GET /tag/minority-personal-loans/ HTTP/1.1" 200 121736 "-" "Mozilla/5.0 AppleWebKit/537.36 (KHTML, like Gecko; compatible; Amazonbot/0.1; +https://developer.amazon.com/support/amazonbot) Chrome/119.0.6045.214 Safari/537.36"
20.171.207.51 - - [20/Oct/2025:09:18:40 -0400] "GET /wp-json/wp/v2/tags/7878 HTTP/2.0" 200 588 "-" "Mozilla/5.0 AppleWebKit/537.36 (KHTML, like Gecko; compatible; GPTBot/1.2; +https://openai.com/gptbot)"
20.171.207.51 - - [20/Oct/2025:09:18:42 -0400] "GET /wp-json/wp/v2/tags/7377 HTTP/2.0" 200 612 "-" "Mozilla/5.0 AppleWebKit/537.36 (KHTML, like Gecko; compatible; GPTBot/1.2; +https://openai.com/gptbot)"
20.171.207.51 - - [20/Oct/2025:09:18:43 -0400] "GET /wp-json/wp/v2/tags/2912 HTTP/2.0" 200 609 "-" "Mozilla/5.0 AppleWebKit/537.36 (KHTML, like Gecko; compatible; GPTBot/1.2; +https://openai.com/gptbot)"
20.171.207.51 - - [20/Oct/2025:09:18:44 -0400] "GET /wp-json/wp/v2/tags/1202 HTTP/2.0" 200 591 "-" "Mozilla/5.0 AppleWebKit/537.36 (KHTML, like Gecko; compatible; GPTBot/1.2; +https://openai.com/gptbot)"
20.171.207.51 - - [20/Oct/2025:09:18:45 -0400] "GET /wp-json/wp/v2/tags/2203 HTTP/2.0" 200 711 "-" "Mozilla/5.0 AppleWebKit/537.36 (KHTML, like Gecko; compatible; GPTBot/1.2; +https://openai.com/gptbot)"
20.171.207.51 - - [20/Oct/2025:09:18:46 -0400] "GET /wp-json/wp/v2/tags/2699 HTTP/2.0" 200 657 "-" "Mozilla/5.0 AppleWebKit/537.36 (KHTML, like Gecko; compatible; GPTBot/1.2; +https://openai.com/gptbot)"
20.171.207.51 - - [20/Oct/2025:09:18:47 -0400] "GET /wp-json/wp/v2/tags/7882 HTTP/2.0" 200 615 "-" "Mozilla/5.0 AppleWebKit/537.36 (KHTML, like Gecko; compatible; GPTBot/1.2; +https://openai.com/gptbot)"
54.210.152.179 - - [20/Oct/2025:09:18:48 -0400] "GET /tag/%E0%A4%B6%E0%A5%8D%E0%A4%B0%E0%A5%80%E0%A4%95%E0%A5%83%E0%A4%B7%E0%A5%8D%E0%A4%A3/ HTTP/1.1" 200 125916 "-" "Mozilla/5.0 AppleWebKit/537.36 (KHTML, like Gecko; compatible; Amazonbot/0.1; +https://developer.amazon.com/support/amazonbot) Chrome/119.0.6045.214 Safari/537.36"
20.171.207.51 - - [20/Oct/2025:09:18:49 -0400] "GET /wp-json/wp/v2/tags/2969 HTTP/2.0" 200 603 "-" "Mozilla/5.0 AppleWebKit/537.36 (KHTML, like Gecko; compatible; GPTBot/1.2; +https://openai.com/gptbot)"
20.171.207.51 - - [20/Oct/2025:09:18:50 -0400] "GET /wp-json/wp/v2/tags/4264 HTTP/2.0" 200 642 "-" "Mozilla/5.0 AppleWebKit/537.36 (KHTML, like Gecko; compatible; GPTBot/1.2; +https://openai.com/gptbot)"
20.171.207.51 - - [20/Oct/2025:09:18:51 -0400] "GET /wp-json/wp/v2/tags/9290 HTTP/2.0" 200 645 "-" "Mozilla/5.0 AppleWebKit/537.36 (KHTML, like Gecko; compatible; GPTBot/1.2; +https://openai.com/gptbot)"
20.171.207.51 - - [20/Oct/2025:09:18:52 -0400] "GET /wp-json/wp/v2/tags/2427 HTTP/2.0" 200 627 "-" "Mozilla/5.0 AppleWebKit/537.36 (KHTML, like Gecko; compatible; GPTBot/1.2; +https://openai.com/gptbot)"
54.210.152.179 - - [20/Oct/2025:09:18:53 -0400] "GET /tag/ashwa-sanchalanasana/ HTTP/1.1" 200 122033 "-" "Mozilla/5.0 AppleWebKit/537.36 (KHTML, like Gecko; compatible; Amazonbot/0.1; +https://developer.amazon.com/support/amazonbot) Chrome/119.0.6045.214 Safari/537.36"
20.171.207.51 - - [20/Oct/2025:09:18:53 -0400] "GET /wp-json/wp/v2/tags/7827 HTTP/2.0" 200 600 "-" "Mozilla/5.0 AppleWebKit/537.36 (KHTML, like Gecko; compatible; GPTBot/1.2; +https://openai.com/gptbot)"
20.171.207.51 - - [20/Oct/2025:09:18:54 -0400] "GET /wp-json/wp/v2/tags/1312 HTTP/2.0" 200 630 "-" "Mozilla/5.0 AppleWebKit/537.36 (KHTML, like Gecko; compatible; GPTBot/1.2; +https://openai.com/gptbot)"
98.84.60.17 - - [20/Oct/2025:09:18:55 -0400] "GET /tag/achaleshwar-mahadev-history/ HTTP/1.1" 200 122411 "-" "Mozilla/5.0 AppleWebKit/537.36 (KHTML, like Gecko; compatible; Amazonbot/0.1; +https://developer.amazon.com/support/amazonbot) Chrome/119.0.6045.214 Safari/537.36"
20.171.207.51 - - [20/Oct/2025:09:18:56 -0400] "GET /wp-json/wp/v2/tags/3239 HTTP/2.0" 200 588 "-" "Mozilla/5.0 AppleWebKit/537.36 (KHTML, like Gecko; compatible; GPTBot/1.2; +https://openai.com/gptbot)"
20.171.207.51 - - [20/Oct/2025:09:18:57 -0400] "GET /wp-json/wp/v2/tags/2299 HTTP/2.0" 200 601 "-" "Mozilla/5.0 AppleWebKit/537.36 (KHTML, like Gecko; compatible; GPTBot/1.2; +https://openai.com/gptbot)"
20.171.207.51 - - [20/Oct/2025:09:18:58 -0400] "GET /wp-json/wp/v2/tags/4462 HTTP/2.0" 200 618 "-" "Mozilla/5.0 AppleWebKit/537.36 (KHTML, like Gecko; compatible; GPTBot/1.2; +https://openai.com/gptbot)"
20.171.207.51 - - [20/Oct/2025:09:18:59 -0400] "GET /wp-json/wp/v2/tags/8442 HTTP/2.0" 200 597 "-" "Mozilla/5.0 AppleWebKit/537.36 (KHTML, like Gecko; compatible; GPTBot/1.2; +https://openai.com/gptbot)"
44.195.50.71 - - [20/Oct/2025:09:18:59 -0400] "GET /tag/from-chennai-to-thiruvananthapuram-news/ HTTP/1.1" 200 121944 "-" "Mozilla/5.0 AppleWebKit/537.36 (KHTML, like Gecko; compatible; Amazonbot/0.1; +https://developer.amazon.com/support/amazonbot) Chrome/119.0.6045.214 Safari/537.36"
20.171.207.51 - - [20/Oct/2025:09:19:00 -0400] "GET /wp-json/wp/v2/tags/5223 HTTP/2.0" 200 627 "-" "Mozilla/5.0 AppleWebKit/537.36 (KHTML, like Gecko; compatible; GPTBot/1.2; +https://openai.com/gptbot)"
66.249.79.166 - - [20/Oct/2025:09:19:01 -0400] "GET /?a=4888171905804&channel=c902b2&from=brands.php%3Fid%3D719058-2131%26name%3DSwitchBot+%E3%83%AD%E3%83%9C%E3%83%83%E3%83%88%E6%8E%83%E9%99%A4%E6%A9%9F+K10%EF%BC%8B HTTP/1.1" 301 - "-" "Mozilla/5.0 (Linux; Android 6.0.1; Nexus 5X Build/MMB29P) AppleWebKit/537.36 (KHTML, like Gecko) Chrome/140.0.7339.207 Mobile Safari/537.36 (compatible; Googlebot/2.1; +http://www.google.com/bot.html)"
20.171.207.51 - - [20/Oct/2025:09:19:01 -0400] "GET /wp-json/wp/v2/tags/2432 HTTP/2.0" 200 593 "-" "Mozilla/5.0 AppleWebKit/537.36 (KHTML, like Gecko; compatible; GPTBot/1.2; +https://openai.com/gptbot)"
20.171.207.51 - - [20/Oct/2025:09:19:03 -0400] "GET /wp-json/wp/v2/tags/6161 HTTP/2.0" 200 612 "-" "Mozilla/5.0 AppleWebKit/537.36 (KHTML, like Gecko; compatible; GPTBot/1.2; +https://openai.com/gptbot)"
66.249.79.167 - - [20/Oct/2025:09:19:02 -0400] "GET /?a=4888171905804&channel=c902b2&from=brands.php%3Fid%3D719058-2131%26name%3DSwitchBot%20%E3%83%AD%E3%83%9C%E3%83%83%E3%83%88%E6%8E%83%E9%99%A4%E6%A9%9F%20K10%EF%BC%8B HTTP/1.1" 200 201123 "-" "Mozilla/5.0 (Linux; Android 6.0.1; Nexus 5X Build/MMB29P) AppleWebKit/537.36 (KHTML, like Gecko) Chrome/140.0.7339.207 Mobile Safari/537.36 (compatible; Googlebot/2.1; +http://www.google.com/bot.html)"
18.215.77.19 - - [20/Oct/2025:09:19:03 -0400] "GET /tag/american-woman-doctor-jennifer-lidl/ HTTP/1.1" 200 122270 "-" "Mozilla/5.0 AppleWebKit/537.36 (KHTML, like Gecko; compatible; Amazonbot/0.1; +https://developer.amazon.com/support/amazonbot) Chrome/119.0.6045.214 Safari/537.36"
20.171.207.51 - - [20/Oct/2025:09:19:04 -0400] "GET /wp-json/wp/v2/tags/6966 HTTP/2.0" 200 657 "-" "Mozilla/5.0 AppleWebKit/537.36 (KHTML, like Gecko; compatible; GPTBot/1.2; +https://openai.com/gptbot)"
20.171.207.51 - - [20/Oct/2025:09:19:05 -0400] "GET /wp-json/wp/v2/tags/7474 HTTP/2.0" 200 630 "-" "Mozilla/5.0 AppleWebKit/537.36 (KHTML, like Gecko; compatible; GPTBot/1.2; +https://openai.com/gptbot)"
95.108.213.254 - - [20/Oct/2025:09:19:05 -0400] "GET /robots.txt HTTP/1.1" 200 113 "-" "Mozilla/5.0 (compatible; YandexBot/3.0; +http://yandex.com/bots)"
20.171.207.51 - - [20/Oct/2025:09:19:06 -0400] "GET /wp-json/wp/v2/tags/2062 HTTP/2.0" 200 615 "-" "Mozilla/5.0 AppleWebKit/537.36 (KHTML, like Gecko; compatible; GPTBot/1.2; +https://openai.com/gptbot)"
87.250.233.1 - - [20/Oct/2025:09:19:06 -0400] "GET /this-train-continued-running-without-driver-for-15-kms/ HTTP/1.1" 200 283479 "-" "Mozilla/5.0 (compatible; YandexBot/3.0; +http://yandex.com/bots)"
20.171.207.51 - - [20/Oct/2025:09:19:07 -0400] "GET /wp-json/wp/v2/tags/2300 HTTP/2.0" 200 580 "-" "Mozilla/5.0 AppleWebKit/537.36 (KHTML, like Gecko; compatible; GPTBot/1.2; +https://openai.com/gptbot)"
20.171.207.51 - - [20/Oct/2025:09:19:08 -0400] "GET /wp-json/wp/v2/tags/9629 HTTP/2.0" 200 636 "-" "Mozilla/5.0 AppleWebKit/537.36 (KHTML, like Gecko; compatible; GPTBot/1.2; +https://openai.com/gptbot)"
20.171.207.51 - - [20/Oct/2025:09:19:09 -0400] "GET /wp-json/wp/v2/tags/2474 HTTP/2.0" 200 618 "-" "Mozilla/5.0 AppleWebKit/537.36 (KHTML, like Gecko; compatible; GPTBot/1.2; +https://openai.com/gptbot)"
20.171.207.51 - - [20/Oct/2025:09:19:10 -0400] "GET /wp-json/wp/v2/tags/9269 HTTP/2.0" 200 627 "-" "Mozilla/5.0 AppleWebKit/537.36 (KHTML, like Gecko; compatible; GPTBot/1.2; +https://openai.com/gptbot)"
3.227.180.70 - - [20/Oct/2025:09:19:11 -0400] "GET /tag/petrol-or-diesel-price-down/ HTTP/1.1" 200 121839 "-" "Mozilla/5.0 AppleWebKit/537.36 (KHTML, like Gecko; compatible; Amazonbot/0.1; +https://developer.amazon.com/support/amazonbot) Chrome/119.0.6045.214 Safari/537.36"
20.171.207.51 - - [20/Oct/2025:09:19:12 -0400] "GET /wp-json/wp/v2/tags/1261 HTTP/2.0" 200 735 "-" "Mozilla/5.0 AppleWebKit/537.36 (KHTML, like Gecko; compatible; GPTBot/1.2; +https://openai.com/gptbot)"
20.171.207.51 - - [20/Oct/2025:09:19:13 -0400] "GET /wp-json/wp/v2/tags/5250 HTTP/2.0" 200 675 "-" "Mozilla/5.0 AppleWebKit/537.36 (KHTML, like Gecko; compatible; GPTBot/1.2; +https://openai.com/gptbot)"
20.171.207.51 - - [20/Oct/2025:09:19:14 -0400] "GET /wp-json/wp/v2/tags/2287 HTTP/2.0" 200 633 "-" "Mozilla/5.0 AppleWebKit/537.36 (KHTML, like Gecko; compatible; GPTBot/1.2; +https://openai.com/gptbot)"
57.141.0.10 - - [20/Oct/2025:09:19:14 -0400] "GET /tag/here-proposal-is-made-by-giving-a-portrait-of-radha-krishna/ HTTP/2.0" 200 122050 "-" "meta-externalagent/1.1 (+https://developers.facebook.com/docs/sharing/webmasters/crawler)"
23.21.227.240 - - [20/Oct/2025:09:19:15 -0400] "GET /tag/deepak-sharma/ HTTP/1.1" 200 121897 "-" "Mozilla/5.0 AppleWebKit/537.36 (KHTML, like Gecko; compatible; Amazonbot/0.1; +https://developer.amazon.com/support/amazonbot) Chrome/119.0.6045.214 Safari/537.36"
20.171.207.51 - - [20/Oct/2025:09:19:15 -0400] "GET /wp-json/wp/v2/tags/7077 HTTP/2.0" 200 633 "-" "Mozilla/5.0 AppleWebKit/537.36 (KHTML, like Gecko; compatible; GPTBot/1.2; +https://openai.com/gptbot)"
20.171.207.51 - - [20/Oct/2025:09:19:16 -0400] "GET /wp-json/wp/v2/tags/2558 HTTP/2.0" 200 645 "-" "Mozilla/5.0 AppleWebKit/537.36 (KHTML, like Gecko; compatible; GPTBot/1.2; +https://openai.com/gptbot)"
20.171.207.51 - - [20/Oct/2025:09:19:17 -0400] "GET /wp-json/wp/v2/tags/2771 HTTP/2.0" 200 579 "-" "Mozilla/5.0 AppleWebKit/537.36 (KHTML, like Gecko; compatible; GPTBot/1.2; +https://openai.com/gptbot)"
20.171.207.51 - - [20/Oct/2025:09:19:19 -0400] "GET /wp-json/wp/v2/tags/3377 HTTP/2.0" 200 654 "-" "Mozilla/5.0 AppleWebKit/537.36 (KHTML, like Gecko; compatible; GPTBot/1.2; +https://openai.com/gptbot)"
100.29.63.24 - - [20/Oct/2025:09:19:19 -0400] "GET /tag/india-cricketer-yuvraj-news/ HTTP/1.1" 200 121733 "-" "Mozilla/5.0 AppleWebKit/537.36 (KHTML, like Gecko; compatible; Amazonbot/0.1; +https://developer.amazon.com/support/amazonbot) Chrome/119.0.6045.214 Safari/537.36"
20.171.207.51 - - [20/Oct/2025:09:19:20 -0400] "GET /wp-json/wp/v2/tags/4323 HTTP/2.0" 200 645 "-" "Mozilla/5.0 AppleWebKit/537.36 (KHTML, like Gecko; compatible; GPTBot/1.2; +https://openai.com/gptbot)"
20.171.207.51 - - [20/Oct/2025:09:19:21 -0400] "GET /wp-json/wp/v2/tags/1127 HTTP/2.0" 200 625 "-" "Mozilla/5.0 AppleWebKit/537.36 (KHTML, like Gecko; compatible; GPTBot/1.2; +https://openai.com/gptbot)"
20.171.207.51 - - [20/Oct/2025:09:19:22 -0400] "GET /wp-json/wp/v2/tags/3229 HTTP/2.0" 200 642 "-" "Mozilla/5.0 AppleWebKit/537.36 (KHTML, like Gecko; compatible; GPTBot/1.2; +https://openai.com/gptbot)"
20.171.207.51 - - [20/Oct/2025:09:19:23 -0400] "GET /wp-json/wp/v2/tags/6223 HTTP/2.0" 200 621 "-" "Mozilla/5.0 AppleWebKit/537.36 (KHTML, like Gecko; compatible; GPTBot/1.2; +https://openai.com/gptbot)"
20.171.207.51 - - [20/Oct/2025:09:19:24 -0400] "GET /wp-json/wp/v2/tags/4254 HTTP/2.0" 200 609 "-" "Mozilla/5.0 AppleWebKit/537.36 (KHTML, like Gecko; compatible; GPTBot/1.2; +https://openai.com/gptbot)"
20.171.207.51 - - [20/Oct/2025:09:19:25 -0400] "GET /wp-json/wp/v2/tags/9692 HTTP/2.0" 200 624 "-" "Mozilla/5.0 AppleWebKit/537.36 (KHTML, like Gecko; compatible; GPTBot/1.2; +https://openai.com/gptbot)"
20.171.207.51 - - [20/Oct/2025:09:19:27 -0400] "GET /wp-json/wp/v2/tags/6332 HTTP/2.0" 200 618 "-" "Mozilla/5.0 AppleWebKit/537.36 (KHTML, like Gecko; compatible; GPTBot/1.2; +https://openai.com/gptbot)"
3.94.156.104 - - [20/Oct/2025:09:19:27 -0400] "GET /tag/most-expensive-watch-in-india-with-price/ HTTP/1.1" 200 122071 "-" "Mozilla/5.0 AppleWebKit/537.36 (KHTML, like Gecko; compatible; Amazonbot/0.1; +https://developer.amazon.com/support/amazonbot) Chrome/119.0.6045.214 Safari/537.36"
20.171.207.51 - - [20/Oct/2025:09:19:28 -0400] "GET /wp-json/wp/v2/tags/2575 HTTP/2.0" 200 642 "-" "Mozilla/5.0 AppleWebKit/537.36 (KHTML, like Gecko; compatible; GPTBot/1.2; +https://openai.com/gptbot)"
20.171.207.51 - - [20/Oct/2025:09:19:29 -0400] "GET /wp-json/wp/v2/tags/8482 HTTP/2.0" 200 612 "-" "Mozilla/5.0 AppleWebKit/537.36 (KHTML, like Gecko; compatible; GPTBot/1.2; +https://openai.com/gptbot)"
20.171.207.51 - - [20/Oct/2025:09:19:30 -0400] "GET /wp-json/wp/v2/tags/1255 HTTP/2.0" 200 597 "-" "Mozilla/5.0 AppleWebKit/537.36 (KHTML, like Gecko; compatible; GPTBot/1.2; +https://openai.com/gptbot)"
52.4.76.156 - - [20/Oct/2025:09:19:31 -0400] "GET /tag/the-great-khali-returns/ HTTP/1.1" 200 122215 "-" "Mozilla/5.0 AppleWebKit/537.36 (KHTML, like Gecko; compatible; Amazonbot/0.1; +https://developer.amazon.com/support/amazonbot) Chrome/119.0.6045.214 Safari/537.36"
20.171.207.51 - - [20/Oct/2025:09:19:31 -0400] "GET /wp-json/wp/v2/tags/9779 HTTP/2.0" 200 600 "-" "Mozilla/5.0 AppleWebKit/537.36 (KHTML, like Gecko; compatible; GPTBot/1.2; +https://openai.com/gptbot)"
20.171.207.51 - - [20/Oct/2025:09:19:32 -0400] "GET /wp-json/wp/v2/tags/3423 HTTP/2.0" 200 597 "-" "Mozilla/5.0 AppleWebKit/537.36 (KHTML, like Gecko; compatible; GPTBot/1.2; +https://openai.com/gptbot)"
66.249.79.165 - - [20/Oct/2025:09:19:33 -0400] "GET /another-so-called-godman-baba-jyoti-giri-maharaj-gets-caught-in-obscene-video/img_jyoti-giri_2019_08/feed/ HTTP/1.1" 200 916 "-" "Mozilla/5.0 (Linux; Android 6.0.1; Nexus 5X Build/MMB29P) AppleWebKit/537.36 (KHTML, like Gecko) Chrome/140.0.7339.207 Mobile Safari/537.36 (compatible; Googlebot/2.1; +http://www.google.com/bot.html)"
20.171.207.51 - - [20/Oct/2025:09:19:34 -0400] "GET /wp-json/wp/v2/tags/7202 HTTP/2.0" 200 576 "-" "Mozilla/5.0 AppleWebKit/537.36 (KHTML, like Gecko; compatible; GPTBot/1.2; +https://openai.com/gptbot)"
20.171.207.51 - - [20/Oct/2025:09:19:35 -0400] "GET /wp-json/wp/v2/tags/6612 HTTP/2.0" 200 612 "-" "Mozilla/5.0 AppleWebKit/537.36 (KHTML, like Gecko; compatible; GPTBot/1.2; +https://openai.com/gptbot)"
20.171.207.51 - - [20/Oct/2025:09:19:36 -0400] "GET /wp-json/wp/v2/tags/2213 HTTP/2.0" 200 612 "-" "Mozilla/5.0 AppleWebKit/537.36 (KHTML, like Gecko; compatible; GPTBot/1.2; +https://openai.com/gptbot)"
54.167.32.123 - - [20/Oct/2025:09:19:36 -0400] "GET /tag/6-year-old-boy-kidnapped-from-his-house-news/ HTTP/1.1" 200 122076 "-" "Mozilla/5.0 AppleWebKit/537.36 (KHTML, like Gecko; compatible; Amazonbot/0.1; +https://developer.amazon.com/support/amazonbot) Chrome/119.0.6045.214 Safari/537.36"
20.171.207.51 - - [20/Oct/2025:09:19:37 -0400] "GET /wp-json/wp/v2/tags/2848 HTTP/2.0" 200 603 "-" "Mozilla/5.0 AppleWebKit/537.36 (KHTML, like Gecko; compatible; GPTBot/1.2; +https://openai.com/gptbot)"
20.171.207.51 - - [20/Oct/2025:09:19:38 -0400] "GET /wp-json/wp/v2/tags/2595 HTTP/2.0" 200 669 "-" "Mozilla/5.0 AppleWebKit/537.36 (KHTML, like Gecko; compatible; GPTBot/1.2; +https://openai.com/gptbot)"
20.171.207.51 - - [20/Oct/2025:09:19:39 -0400] "GET /wp-json/wp/v2/tags/2133 HTTP/2.0" 200 603 "-" "Mozilla/5.0 AppleWebKit/537.36 (KHTML, like Gecko; compatible; GPTBot/1.2; +https://openai.com/gptbot)"
20.171.207.51 - - [20/Oct/2025:09:19:41 -0400] "GET /wp-json/wp/v2/tags/9988 HTTP/2.0" 200 702 "-" "Mozilla/5.0 AppleWebKit/537.36 (KHTML, like Gecko; compatible; GPTBot/1.2; +https://openai.com/gptbot)"
34.196.6.199 - - [20/Oct/2025:09:19:41 -0400] "GET /tag/writer-david-frawley/ HTTP/1.1" 200 122151 "-" "Mozilla/5.0 AppleWebKit/537.36 (KHTML, like Gecko; compatible; Amazonbot/0.1; +https://developer.amazon.com/support/amazonbot) Chrome/119.0.6045.214 Safari/537.36"
20.171.207.51 - - [20/Oct/2025:09:19:42 -0400] "GET /wp-json/wp/v2/tags/2669 HTTP/2.0" 200 627 "-" "Mozilla/5.0 AppleWebKit/537.36 (KHTML, like Gecko; compatible; GPTBot/1.2; +https://openai.com/gptbot)"
20.171.207.51 - - [20/Oct/2025:09:19:43 -0400] "GET /wp-json/wp/v2/tags/2554 HTTP/2.0" 200 600 "-" "Mozilla/5.0 AppleWebKit/537.36 (KHTML, like Gecko; compatible; GPTBot/1.2; +https://openai.com/gptbot)"
20.171.207.51 - - [20/Oct/2025:09:19:44 -0400] "GET /wp-json/wp/v2/tags/4112 HTTP/2.0" 200 612 "-" "Mozilla/5.0 AppleWebKit/537.36 (KHTML, like Gecko; compatible; GPTBot/1.2; +https://openai.com/gptbot)"
54.210.155.69 - - [20/Oct/2025:09:19:44 -0400] "GET /tag/80-peruvian-schoolchildren-possessed-by-the-devil-news/ HTTP/1.1" 200 122545 "-" "Mozilla/5.0 AppleWebKit/537.36 (KHTML, like Gecko; compatible; Amazonbot/0.1; +https://developer.amazon.com/support/amazonbot) Chrome/119.0.6045.214 Safari/537.36"
20.171.207.51 - - [20/Oct/2025:09:19:45 -0400] "GET /wp-json/wp/v2/tags/1229 HTTP/2.0" 200 609 "-" "Mozilla/5.0 AppleWebKit/537.36 (KHTML, like Gecko; compatible; GPTBot/1.2; +https://openai.com/gptbot)"
20.171.207.51 - - [20/Oct/2025:09:19:46 -0400] "GET /wp-json/wp/v2/tags/2234 HTTP/2.0" 200 666 "-" "Mozilla/5.0 AppleWebKit/537.36 (KHTML, like Gecko; compatible; GPTBot/1.2; +https://openai.com/gptbot)"
52.3.104.214 - - [20/Oct/2025:09:19:47 -0400] "GET /tag/commenting-on-the-gujarat-riots-84/ HTTP/1.1" 200 122272 "-" "Mozilla/5.0 AppleWebKit/537.36 (KHTML, like Gecko; compatible; Amazonbot/0.1; +https://developer.amazon.com/support/amazonbot) Chrome/119.0.6045.214 Safari/537.36"
20.171.207.51 - - [20/Oct/2025:09:19:47 -0400] "GET /wp-json/wp/v2/tags/5528 HTTP/2.0" 200 621 "-" "Mozilla/5.0 AppleWebKit/537.36 (KHTML, like Gecko; compatible; GPTBot/1.2; +https://openai.com/gptbot)"
20.171.207.51 - - [20/Oct/2025:09:19:49 -0400] "GET /wp-json/wp/v2/tags/2294 HTTP/2.0" 200 648 "-" "Mozilla/5.0 AppleWebKit/537.36 (KHTML, like Gecko; compatible; GPTBot/1.2; +https://openai.com/gptbot)"
20.171.207.51 - - [20/Oct/2025:09:19:50 -0400] "GET /wp-json/wp/v2/tags/5922 HTTP/2.0" 200 618 "-" "Mozilla/5.0 AppleWebKit/537.36 (KHTML, like Gecko; compatible; GPTBot/1.2; +https://openai.com/gptbot)"
20.171.207.51 - - [20/Oct/2025:09:19:51 -0400] "GET /wp-json/wp/v2/tags/2553 HTTP/2.0" 200 738 "-" "Mozilla/5.0 AppleWebKit/537.36 (KHTML, like Gecko; compatible; GPTBot/1.2; +https://openai.com/gptbot)"
52.201.155.215 - - [20/Oct/2025:09:19:52 -0400] "GET /tag/anuppur-girl-tear-in-form-of-cotton/ HTTP/1.1" 200 122331 "-" "Mozilla/5.0 AppleWebKit/537.36 (KHTML, like Gecko; compatible; Amazonbot/0.1; +https://developer.amazon.com/support/amazonbot) Chrome/119.0.6045.214 Safari/537.36"
20.171.207.51 - - [20/Oct/2025:09:19:52 -0400] "GET /wp-json/wp/v2/tags/4220 HTTP/2.0" 200 597 "-" "Mozilla/5.0 AppleWebKit/537.36 (KHTML, like Gecko; compatible; GPTBot/1.2; +https://openai.com/gptbot)"
20.171.207.51 - - [20/Oct/2025:09:19:53 -0400] "GET /wp-json/wp/v2/tags/1551 HTTP/2.0" 200 594 "-" "Mozilla/5.0 AppleWebKit/537.36 (KHTML, like Gecko; compatible; GPTBot/1.2; +https://openai.com/gptbot)"
20.171.207.51 - - [20/Oct/2025:09:19:54 -0400] "GET /wp-json/wp/v2/tags/2033 HTTP/2.0" 200 597 "-" "Mozilla/5.0 AppleWebKit/537.36 (KHTML, like Gecko; compatible; GPTBot/1.2; +https://openai.com/gptbot)"
20.171.207.51 - - [20/Oct/2025:09:19:56 -0400] "GET /wp-json/wp/v2/tags/3252 HTTP/2.0" 200 711 "-" "Mozilla/5.0 AppleWebKit/537.36 (KHTML, like Gecko; compatible; GPTBot/1.2; +https://openai.com/gptbot)"
20.171.207.51 - - [20/Oct/2025:09:19:57 -0400] "GET /wp-json/wp/v2/tags/8118 HTTP/2.0" 200 579 "-" "Mozilla/5.0 AppleWebKit/537.36 (KHTML, like Gecko; compatible; GPTBot/1.2; +https://openai.com/gptbot)"
20.171.207.51 - - [20/Oct/2025:09:19:58 -0400] "GET /wp-json/wp/v2/tags/7447 HTTP/2.0" 200 621 "-" "Mozilla/5.0 AppleWebKit/537.36 (KHTML, like Gecko; compatible; GPTBot/1.2; +https://openai.com/gptbot)"
66.249.79.165 - - [20/Oct/2025:09:19:59 -0400] "GET /?a=95792125744503&channel=b1ca12&from=product.php%3Fid%3D1257445-470%26name%3DX+AUTOHAUX+%E3%80%90%E3%83%80%E3%82%A4%E3%83%8F%E3%83%84+%E3%83%A0%E3%83%BC%E3%83%B4%E7%94%A8%E3%80%91345%2A148%2A160cm+%E8%BB%8A%E3%82%AB%E3%83%90%E3%83%BC+%E3%83%9C%E3%83%87%E3%82%A3%E3%82%AB%E3%83%90%E3%83%BC+%E3%82%B9%E3%83%91%E3%83%B3%E3%83%AC%E3%83%BC%E3%82%B9%E7%B6%BF+%E6%96%B0%E5%9E%8B100%25%E9%98%B2%E6%B0%B4%E7%94%9F%E5%9C%B0%265%E5%B1%A4%E6%A7%8B%E9%80%A0+%E8%A3%8F%E8%B5%B7%E6%AF%9B+%E5%A1%97%E8%A3%85%E9%9D%A2%E4%BF%9D%E8%AD%B7+%E6%A2%85%E9%9B%A8%E5%AF%BE%E7%AD%96+%E8%BB%BD%E8%87%AA%E5%8B%95%E8%BB%8A+%E8%BB%8A%E4%BD%93%E3%82%AB%E3%83%90%E3%83%BC+%E3%82%AB%E3%83%BC%E3%82%AB%E3%83%90%E3%83%BC%E7%A0%B4%E3%82%8C%E3%81%AB%E3%81%8F%E3%81%84+%E9%9B%B9%E5%AF%BE%E7%AD%96+%E9%98%B2%E9%A2%A8%E3%83%AD%E3%83%BC%E3%83%97%E4%BB%98%E3%81%8D+%E5%BC%B7%E9%A2%A8%E5%AF%BE%E7%AD%96 HTTP/1.1" 301 - "-" "Mozilla/5.0 (Linux; Android 6.0.1; Nexus 5X Build/MMB29P) AppleWebKit/537.36 (KHTML, like Gecko) Chrome/140.0.7339.207 Mobile Safari/537.36 (compatible; Googlebot/2.1; +http://www.google.com/bot.html)"
20.171.207.51 - - [20/Oct/2025:09:19:59 -0400] "GET /wp-json/wp/v2/tags/2788 HTTP/2.0" 200 606 "-" "Mozilla/5.0 AppleWebKit/537.36 (KHTML, like Gecko; compatible; GPTBot/1.2; +https://openai.com/gptbot)"
20.171.207.51 - - [20/Oct/2025:09:20:00 -0400] "GET /wp-json/wp/v2/tags/2565 HTTP/2.0" 200 601 "-" "Mozilla/5.0 AppleWebKit/537.36 (KHTML, like Gecko; compatible; GPTBot/1.2; +https://openai.com/gptbot)"
