20.171.207.51 - - [20/Oct/2025:09:08:41 -0400] "GET /wp-json/wp/v2/tags/2526 HTTP/2.0" 200 636 "-" "Mozilla/5.0 AppleWebKit/537.36 (KHTML, like Gecko; compatible; GPTBot/1.2; +https://openai.com/gptbot)"
193.70.34.35 - - [20/Oct/2025:09:08:41 -0400] "GET /tag/%E0%A4%9C%E0%A4%A8%E0%A4%B5%E0%A4%B0%E0%A5%80/ HTTP/1.1" 200 121954 "-" "Mozilla/5.0 (compatible; MJ12bot/v1.4.8; http://mj12bot.com/)"
20.171.207.51 - - [20/Oct/2025:09:08:42 -0400] "GET /wp-json/wp/v2/tags/1102 HTTP/2.0" 200 594 "-" "Mozilla/5.0 AppleWebKit/537.36 (KHTML, like Gecko; compatible; GPTBot/1.2; +https://openai.com/gptbot)"
20.171.207.51 - - [20/Oct/2025:09:08:43 -0400] "GET /wp-json/wp/v2/tags/9525 HTTP/2.0" 200 606 "-" "Mozilla/5.0 AppleWebKit/537.36 (KHTML, like Gecko; compatible; GPTBot/1.2; +https://openai.com/gptbot)"
20.171.207.51 - - [20/Oct/2025:09:08:44 -0400] "GET /wp-json/wp/v2/tags/5452 HTTP/2.0" 200 597 "-" "Mozilla/5.0 AppleWebKit/537.36 (KHTML, like Gecko; compatible; GPTBot/1.2; +https://openai.com/gptbot)"
20.171.207.51 - - [20/Oct/2025:09:08:45 -0400] "GET /wp-json/wp/v2/tags/1771 HTTP/2.0" 200 648 "-" "Mozilla/5.0 AppleWebKit/537.36 (KHTML, like Gecko; compatible; GPTBot/1.2; +https://openai.com/gptbot)"
20.171.207.51 - - [20/Oct/2025:09:08:46 -0400] "GET /wp-json/wp/v2/tags/8662 HTTP/2.0" 200 642 "-" "Mozilla/5.0 AppleWebKit/537.36 (KHTML, like Gecko; compatible; GPTBot/1.2; +https://openai.com/gptbot)"
20.171.207.51 - - [20/Oct/2025:09:08:47 -0400] "GET /wp-json/wp/v2/tags/7262 HTTP/2.0" 200 603 "-" "Mozilla/5.0 AppleWebKit/537.36 (KHTML, like Gecko; compatible; GPTBot/1.2; +https://openai.com/gptbot)"
193.70.34.35 - - [20/Oct/2025:09:08:48 -0400] "GET /tag/%E0%A4%9F%E0%A4%AE%E0%A4%BE%E0%A4%9F%E0%A4%B0%E0%A5%8B%E0%A4%82/ HTTP/1.1" 200 121737 "-" "Mozilla/5.0 (compatible; MJ12bot/v1.4.8; http://mj12bot.com/)"
20.171.207.51 - - [20/Oct/2025:09:08:49 -0400] "GET /wp-json/wp/v2/tags/2627 HTTP/2.0" 200 603 "-" "Mozilla/5.0 AppleWebKit/537.36 (KHTML, like Gecko; compatible; GPTBot/1.2; +https://openai.com/gptbot)"
20.171.207.51 - - [20/Oct/2025:09:08:50 -0400] "GET /wp-json/wp/v2/tags/6606 HTTP/2.0" 200 684 "-" "Mozilla/5.0 AppleWebKit/537.36 (KHTML, like Gecko; compatible; GPTBot/1.2; +https://openai.com/gptbot)"
20.171.207.51 - - [20/Oct/2025:09:08:51 -0400] "GET /wp-json/wp/v2/tags/2215 HTTP/2.0" 200 579 "-" "Mozilla/5.0 AppleWebKit/537.36 (KHTML, like Gecko; compatible; GPTBot/1.2; +https://openai.com/gptbot)"
20.171.207.51 - - [20/Oct/2025:09:08:52 -0400] "GET /wp-json/wp/v2/tags/4994 HTTP/2.0" 200 618 "-" "Mozilla/5.0 AppleWebKit/537.36 (KHTML, like Gecko; compatible; GPTBot/1.2; +https://openai.com/gptbot)"
20.171.207.51 - - [20/Oct/2025:09:08:53 -0400] "GET /wp-json/wp/v2/tags/4525 HTTP/2.0" 200 588 "-" "Mozilla/5.0 AppleWebKit/537.36 (KHTML, like Gecko; compatible; GPTBot/1.2; +https://openai.com/gptbot)"
193.70.34.35 - - [20/Oct/2025:09:08:53 -0400] "GET /tag/%E0%A4%9F%E0%A5%8D%E0%A4%B0%E0%A4%BE%E0%A4%82%E0%A4%B8%E0%A4%9C%E0%A5%87%E0%A4%82%E0%A4%A1%E0%A4%B0/feed/ HTTP/1.1" 200 19030 "-" "Mozilla/5.0 (compatible; MJ12bot/v1.4.8; http://mj12bot.com/)"
20.171.207.51 - - [20/Oct/2025:09:08:54 -0400] "GET /wp-json/wp/v2/tags/9225 HTTP/2.0" 200 645 "-" "Mozilla/5.0 AppleWebKit/537.36 (KHTML, like Gecko; compatible; GPTBot/1.2; +https://openai.com/gptbot)"
20.171.207.51 - - [20/Oct/2025:09:08:56 -0400] "GET /wp-json/wp/v2/tags/1122 HTTP/2.0" 200 600 "-" "Mozilla/5.0 AppleWebKit/537.36 (KHTML, like Gecko; compatible; GPTBot/1.2; +https://openai.com/gptbot)"
193.70.34.35 - - [20/Oct/2025:09:08:56 -0400] "GET /tag/%E0%A4%A1%E0%A4%BE%E0%A4%82%E0%A4%B8/feed/ HTTP/1.1" 200 6637 "-" "Mozilla/5.0 (compatible; MJ12bot/v1.4.8; http://mj12bot.com/)"
20.171.207.51 - - [20/Oct/2025:09:08:57 -0400] "GET /wp-json/wp/v2/tags/8998 HTTP/2.0" 200 606 "-" "Mozilla/5.0 AppleWebKit/537.36 (KHTML, like Gecko; compatible; GPTBot/1.2; +https://openai.com/gptbot)"
20.171.207.51 - - [20/Oct/2025:09:08:58 -0400] "GET /wp-json/wp/v2/tags/2421 HTTP/2.0" 200 630 "-" "Mozilla/5.0 AppleWebKit/537.36 (KHTML, like Gecko; compatible; GPTBot/1.2; +https://openai.com/gptbot)"
20.171.207.51 - - [20/Oct/2025:09:08:59 -0400] "GET /wp-json/wp/v2/tags/3224 HTTP/2.0" 200 597 "-" "Mozilla/5.0 AppleWebKit/537.36 (KHTML, like Gecko; compatible; GPTBot/1.2; +https://openai.com/gptbot)"
20.171.207.51 - - [20/Oct/2025:09:09:00 -0400] "GET /wp-json/wp/v2/tags/2921 HTTP/2.0" 200 705 "-" "Mozilla/5.0 AppleWebKit/537.36 (KHTML, like Gecko; compatible; GPTBot/1.2; +https://openai.com/gptbot)"
20.171.207.51 - - [20/Oct/2025:09:09:01 -0400] "GET /wp-json/wp/v2/tags/1991 HTTP/2.0" 200 633 "-" "Mozilla/5.0 AppleWebKit/537.36 (KHTML, like Gecko; compatible; GPTBot/1.2; +https://openai.com/gptbot)"
20.171.207.51 - - [20/Oct/2025:09:09:03 -0400] "GET /wp-json/wp/v2/tags/3522 HTTP/2.0" 200 612 "-" "Mozilla/5.0 AppleWebKit/537.36 (KHTML, like Gecko; compatible; GPTBot/1.2; +https://openai.com/gptbot)"
20.171.207.51 - - [20/Oct/2025:09:09:04 -0400] "GET /wp-json/wp/v2/tags/8722 HTTP/2.0" 200 618 "-" "Mozilla/5.0 AppleWebKit/537.36 (KHTML, like Gecko; compatible; GPTBot/1.2; +https://openai.com/gptbot)"
20.171.207.51 - - [20/Oct/2025:09:09:05 -0400] "GET /wp-json/wp/v2/tags/4224 HTTP/2.0" 200 582 "-" "Mozilla/5.0 AppleWebKit/537.36 (KHTML, like Gecko; compatible; GPTBot/1.2; +https://openai.com/gptbot)"
20.171.207.51 - - [20/Oct/2025:09:09:06 -0400] "GET /wp-json/wp/v2/tags/2181 HTTP/2.0" 200 783 "-" "Mozilla/5.0 AppleWebKit/537.36 (KHTML, like Gecko; compatible; GPTBot/1.2; +https://openai.com/gptbot)"
20.171.207.51 - - [20/Oct/2025:09:09:07 -0400] "GET /wp-json/wp/v2/tags/6886 HTTP/2.0" 200 636 "-" "Mozilla/5.0 AppleWebKit/537.36 (KHTML, like Gecko; compatible; GPTBot/1.2; +https://openai.com/gptbot)"
20.171.207.51 - - [20/Oct/2025:09:09:08 -0400] "GET /wp-json/wp/v2/tags/2382 HTTP/2.0" 200 606 "-" "Mozilla/5.0 AppleWebKit/537.36 (KHTML, like Gecko; compatible; GPTBot/1.2; +https://openai.com/gptbot)"
193.70.34.35 - - [20/Oct/2025:09:09:08 -0400] "GET /tag/%E0%A4%A7%E0%A4%B0%E0%A4%A8%E0%A4%BE/ HTTP/1.1" 200 121933 "-" "Mozilla/5.0 (compatible; MJ12bot/v1.4.8; http://mj12bot.com/)"
20.171.207.51 - - [20/Oct/2025:09:09:09 -0400] "GET /wp-json/wp/v2/tags/1141 HTTP/2.0" 200 675 "-" "Mozilla/5.0 AppleWebKit/537.36 (KHTML, like Gecko; compatible; GPTBot/1.2; +https://openai.com/gptbot)"
20.171.207.51 - - [20/Oct/2025:09:09:11 -0400] "GET /wp-json/wp/v2/tags/8622 HTTP/2.0" 200 609 "-" "Mozilla/5.0 AppleWebKit/537.36 (KHTML, like Gecko; compatible; GPTBot/1.2; +https://openai.com/gptbot)"
193.70.34.35 - - [20/Oct/2025:09:09:11 -0400] "GET /tag/%E0%A4%A8%E0%A4%BF%E0%A4%AA%E0%A4%BE%E0%A4%B9-%E0%A4%B5%E0%A4%BE%E0%A4%AF%E0%A4%B0%E0%A4%B8/feed/ HTTP/1.1" 200 20019 "-" "Mozilla/5.0 (compatible; MJ12bot/v1.4.8; http://mj12bot.com/)"
20.171.207.51 - - [20/Oct/2025:09:09:12 -0400] "GET /wp-json/wp/v2/tags/3662 HTTP/2.0" 200 621 "-" "Mozilla/5.0 AppleWebKit/537.36 (KHTML, like Gecko; compatible; GPTBot/1.2; +https://openai.com/gptbot)"
20.171.207.51 - - [20/Oct/2025:09:09:13 -0400] "GET /wp-json/wp/v2/tags/2663 HTTP/2.0" 200 651 "-" "Mozilla/5.0 AppleWebKit/537.36 (KHTML, like Gecko; compatible; GPTBot/1.2; +https://openai.com/gptbot)"
20.171.207.51 - - [20/Oct/2025:09:09:14 -0400] "GET /wp-json/wp/v2/tags/1411 HTTP/2.0" 200 648 "-" "Mozilla/5.0 AppleWebKit/537.36 (KHTML, like Gecko; compatible; GPTBot/1.2; +https://openai.com/gptbot)"
66.249.79.166 - - [20/Oct/2025:09:09:15 -0400] "GET /?a=05786146445500&channel=e96536&from=category-info.php%3Fid%3D1464455-2701%26name%3D%E3%80%90%E6%9A%AE%E3%82%89%E3%81%97%E3%83%A9%E3%82%AF%E3%83%A9%E3%82%AF%E5%BF%9C%E6%8F%B4%E3%82%BB%E3%83%BC%E3%83%AB%E3%80%91%E7%A5%9E%E6%88%B8%E7%94%9F%E7%B5%B2+%E7%B4%B3%E5%A3%AB%E6%A5%BD%E3%82%89%E3%81%8F%E3%82%AC%E3%83%BC%E3%82%BC%E3%83%91%E3%82%B8%E3%83%A3%E3%83%9E%E4%B8%8A%E4%B8%8B%28%E5%8D%8A%E8%A2%96%29+LL+No.800++%E3%82%B0%E3%83%AC%E3%83%BC%E3%80%90%E5%8F%96%E3%82%8A%E5%AF%84%E3%81%9B%E3%83%BB%E8%BF%94%E5%93%81%E4%B8%8D%E5%8F%AF%E5%95%86%E5%93%81%E3%80%91 HTTP/1.1" 301 - "-" "Mozilla/5.0 (Linux; Android 6.0.1; Nexus 5X Build/MMB29P) AppleWebKit/537.36 (KHTML, like Gecko) Chrome/140.0.7339.207 Mobile Safari/537.36 (compatible; Googlebot/2.1; +http://www.google.com/bot.html)"
20.171.207.51 - - [20/Oct/2025:09:09:15 -0400] "GET /wp-json/wp/v2/tags/4233 HTTP/2.0" 200 636 "-" "Mozilla/5.0 AppleWebKit/537.36 (KHTML, like Gecko; compatible; GPTBot/1.2; +https://openai.com/gptbot)"
20.171.207.51 - - [20/Oct/2025:09:09:16 -0400] "GET /wp-json/wp/v2/tags/6269 HTTP/2.0" 200 648 "-" "Mozilla/5.0 AppleWebKit/537.36 (KHTML, like Gecko; compatible; GPTBot/1.2; +https://openai.com/gptbot)"
66.249.79.167 - - [20/Oct/2025:09:09:16 -0400] "GET /?a=05786146445500&channel=e96536&from=category-info.php%3Fid%3D1464455-2701%26name%3D%E3%80%90%E6%9A%AE%E3%82%89%E3%81%97%E3%83%A9%E3%82%AF%E3%83%A9%E3%82%AF%E5%BF%9C%E6%8F%B4%E3%82%BB%E3%83%BC%E3%83%AB%E3%80%91%E7%A5%9E%E6%88%B8%E7%94%9F%E7%B5%B2%20%E7%B4%B3%E5%A3%AB%E6%A5%BD%E3%82%89%E3%81%8F%E3%82%AC%E3%83%BC%E3%82%BC%E3%83%91%E3%82%B8%E3%83%A3%E3%83%9E%E4%B8%8A%E4%B8%8B%28%E5%8D%8A%E8%A2%96%29%20LL%20No.800%20%20%E3%82%B0%E3%83%AC%E3%83%BC%E3%80%90%E5%8F%96%E3%82%8A%E5%AF%84%E3%81%9B%E3%83%BB%E8%BF%94%E5%93%81%E4%B8%8D%E5%8F%AF%E5%95%86%E5%93%81%E3%80%91 HTTP/1.1" 200 201123 "-" "Mozilla/5.0 (Linux; Android 6.0.1; Nexus 5X Build/MMB29P) AppleWebKit/537.36 (KHTML, like Gecko) Chrome/140.0.7339.207 Mobile Safari/537.36 (compatible; Googlebot/2.1; +http://www.google.com/bot.html)"
193.70.34.35 - - [20/Oct/2025:09:09:17 -0400] "GET /tag/%E0%A4%AA%E0%A4%BE%E0%A4%95%E0%A4%BF%E0%A4%B8%E0%A5%8D%E0%A4%A4%E0%A4%BE%E0%A4%A8/feed/ HTTP/1.1" 200 38279 "-" "Mozilla/5.0 (compatible; MJ12bot/v1.4.8; http://mj12bot.com/)"
20.171.207.51 - - [20/Oct/2025:09:09:17 -0400] "GET /wp-json/wp/v2/tags/5652 HTTP/2.0" 200 621 "-" "Mozilla/5.0 AppleWebKit/537.36 (KHTML, like Gecko; compatible; GPTBot/1.2; +https://openai.com/gptbot)"
20.171.207.51 - - [20/Oct/2025:09:09:19 -0400] "GET /wp-json/wp/v2/tags/2273 HTTP/2.0" 200 723 "-" "Mozilla/5.0 AppleWebKit/537.36 (KHTML, like Gecko; compatible; GPTBot/1.2; +https://openai.com/gptbot)"
20.171.207.51 - - [20/Oct/2025:09:09:20 -0400] "GET /wp-json/wp/v2/tags/2320 HTTP/2.0" 200 600 "-" "Mozilla/5.0 AppleWebKit/537.36 (KHTML, like Gecko; compatible; GPTBot/1.2; +https://openai.com/gptbot)"
20.171.207.51 - - [20/Oct/2025:09:09:21 -0400] "GET /wp-json/wp/v2/tags/2298 HTTP/2.0" 200 585 "-" "Mozilla/5.0 AppleWebKit/537.36 (KHTML, like Gecko; compatible; GPTBot/1.2; +https://openai.com/gptbot)"
193.70.34.35 - - [20/Oct/2025:09:09:22 -0400] "GET /tag/%E0%A4%AA%E0%A5%8D%E0%A4%AF%E0%A4%BE%E0%A4%9C/feed/ HTTP/1.1" 200 9926 "-" "Mozilla/5.0 (compatible; MJ12bot/v1.4.8; http://mj12bot.com/)"
20.171.207.51 - - [20/Oct/2025:09:09:22 -0400] "GET /wp-json/wp/v2/tags/9926 HTTP/2.0" 200 612 "-" "Mozilla/5.0 AppleWebKit/537.36 (KHTML, like Gecko; compatible; GPTBot/1.2; +https://openai.com/gptbot)"
20.171.207.51 - - [20/Oct/2025:09:09:23 -0400] "GET /wp-json/wp/v2/tags/6266 HTTP/2.0" 200 618 "-" "Mozilla/5.0 AppleWebKit/537.36 (KHTML, like Gecko; compatible; GPTBot/1.2; +https://openai.com/gptbot)"
20.171.207.51 - - [20/Oct/2025:09:09:25 -0400] "GET /wp-json/wp/v2/tags/7722 HTTP/2.0" 200 648 "-" "Mozilla/5.0 AppleWebKit/537.36 (KHTML, like Gecko; compatible; GPTBot/1.2; +https://openai.com/gptbot)"
20.171.207.51 - - [20/Oct/2025:09:09:26 -0400] "GET /wp-json/wp/v2/tags/2726 HTTP/2.0" 200 591 "-" "Mozilla/5.0 AppleWebKit/537.36 (KHTML, like Gecko; compatible; GPTBot/1.2; +https://openai.com/gptbot)"
20.171.207.51 - - [20/Oct/2025:09:09:27 -0400] "GET /wp-json/wp/v2/tags/5292 HTTP/2.0" 200 645 "-" "Mozilla/5.0 AppleWebKit/537.36 (KHTML, like Gecko; compatible; GPTBot/1.2; +https://openai.com/gptbot)"
20.171.207.51 - - [20/Oct/2025:09:09:28 -0400] "GET /wp-json/wp/v2/tags/2732 HTTP/2.0" 200 603 "-" "Mozilla/5.0 AppleWebKit/537.36 (KHTML, like Gecko; compatible; GPTBot/1.2; +https://openai.com/gptbot)"
20.171.207.51 - - [20/Oct/2025:09:09:29 -0400] "GET /wp-json/wp/v2/tags/3772 HTTP/2.0" 200 624 "-" "Mozilla/5.0 AppleWebKit/537.36 (KHTML, like Gecko; compatible; GPTBot/1.2; +https://openai.com/gptbot)"
20.171.207.51 - - [20/Oct/2025:09:09:30 -0400] "GET /wp-json/wp/v2/tags/2979 HTTP/2.0" 200 645 "-" "Mozilla/5.0 AppleWebKit/537.36 (KHTML, like Gecko; compatible; GPTBot/1.2; +https://openai.com/gptbot)"
193.70.34.35 - - [20/Oct/2025:09:09:31 -0400] "GET /tag/%E0%A4%AB%E0%A4%A8%E0%A5%80-%E0%A4%9C%E0%A5%8B%E0%A4%95%E0%A5%8D%E0%A4%B8/feed/ HTTP/1.1" 200 13646 "-" "Mozilla/5.0 (compatible; MJ12bot/v1.4.8; http://mj12bot.com/)"
20.171.207.51 - - [20/Oct/2025:09:09:31 -0400] "GET /wp-json/wp/v2/tags/2021 HTTP/2.0" 200 573 "-" "Mozilla/5.0 AppleWebKit/537.36 (KHTML, like Gecko; compatible; GPTBot/1.2; +https://openai.com/gptbot)"
20.171.207.51 - - [20/Oct/2025:09:09:33 -0400] "GET /wp-json/wp/v2/tags/2812 HTTP/2.0" 200 603 "-" "Mozilla/5.0 AppleWebKit/537.36 (KHTML, like Gecko; compatible; GPTBot/1.2; +https://openai.com/gptbot)"
193.70.34.35 - - [20/Oct/2025:09:09:34 -0400] "GET /tag/%E0%A4%AB%E0%A4%BF%E0%A4%B6-%E0%A4%B8%E0%A5%8D%E0%A4%AA%E0%A4%BE/feed/ HTTP/1.1" 200 15732 "-" "Mozilla/5.0 (compatible; MJ12bot/v1.4.8; http://mj12bot.com/)"
20.171.207.51 - - [20/Oct/2025:09:09:34 -0400] "GET /wp-json/wp/v2/tags/7552 HTTP/2.0" 200 615 "-" "Mozilla/5.0 AppleWebKit/537.36 (KHTML, like Gecko; compatible; GPTBot/1.2; +https://openai.com/gptbot)"
20.171.207.51 - - [20/Oct/2025:09:09:35 -0400] "GET /wp-json/wp/v2/tags/5205 HTTP/2.0" 200 649 "-" "Mozilla/5.0 AppleWebKit/537.36 (KHTML, like Gecko; compatible; GPTBot/1.2; +https://openai.com/gptbot)"
20.171.207.51 - - [20/Oct/2025:09:09:36 -0400] "GET /wp-json/wp/v2/tags/8852 HTTP/2.0" 200 618 "-" "Mozilla/5.0 AppleWebKit/537.36 (KHTML, like Gecko; compatible; GPTBot/1.2; +https://openai.com/gptbot)"
20.171.207.51 - - [20/Oct/2025:09:09:37 -0400] "GET /wp-json/wp/v2/tags/7224 HTTP/2.0" 200 604 "-" "Mozilla/5.0 AppleWebKit/537.36 (KHTML, like Gecko; compatible; GPTBot/1.2; +https://openai.com/gptbot)"
20.171.207.51 - - [20/Oct/2025:09:09:38 -0400] "GET /wp-json/wp/v2/tags/2236 HTTP/2.0" 200 585 "-" "Mozilla/5.0 AppleWebKit/537.36 (KHTML, like Gecko; compatible; GPTBot/1.2; +https://openai.com/gptbot)"
193.70.34.35 - - [20/Oct/2025:09:09:39 -0400] "GET /tag/%E0%A4%AC%E0%A5%8D%E0%A4%B2%E0%A5%88%E0%A4%95%E0%A4%AE%E0%A5%87%E0%A4%B2/feed/ HTTP/1.1" 200 9206 "-" "Mozilla/5.0 (compatible; MJ12bot/v1.4.8; http://mj12bot.com/)"
20.171.207.51 - - [20/Oct/2025:09:09:40 -0400] "GET /wp-json/wp/v2/tags/3288 HTTP/2.0" 200 642 "-" "Mozilla/5.0 AppleWebKit/537.36 (KHTML, like Gecko; compatible; GPTBot/1.2; +https://openai.com/gptbot)"
20.171.207.51 - - [20/Oct/2025:09:09:41 -0400] "GET /wp-json/wp/v2/tags/2862 HTTP/2.0" 200 612 "-" "Mozilla/5.0 AppleWebKit/537.36 (KHTML, like Gecko; compatible; GPTBot/1.2; +https://openai.com/gptbot)"
193.70.34.35 - - [20/Oct/2025:09:09:41 -0400] "GET /tag/%E0%A4%AD%E0%A4%B5%E0%A4%BF%E0%A4%B7%E0%A5%8D%E0%A4%AF/ HTTP/1.1" 200 122006 "-" "Mozilla/5.0 (compatible; MJ12bot/v1.4.8; http://mj12bot.com/)"
20.171.207.51 - - [20/Oct/2025:09:09:42 -0400] "GET /wp-json/wp/v2/tags/7766 HTTP/2.0" 200 630 "-" "Mozilla/5.0 AppleWebKit/537.36 (KHTML, like Gecko; compatible; GPTBot/1.2; +https://openai.com/gptbot)"
20.171.207.51 - - [20/Oct/2025:09:09:43 -0400] "GET /wp-json/wp/v2/tags/2787 HTTP/2.0" 200 594 "-" "Mozilla/5.0 AppleWebKit/537.36 (KHTML, like Gecko; compatible; GPTBot/1.2; +https://openai.com/gptbot)"
193.70.34.35 - - [20/Oct/2025:09:09:43 -0400] "GET /tag/%E0%A4%AD%E0%A4%BE%E0%A4%B0%E0%A4%A4%E0%A5%80%E0%A4%AF-%E0%A4%B8%E0%A5%87%E0%A4%A8%E0%A4%BE/feed/ HTTP/1.1" 200 5034 "-" "Mozilla/5.0 (compatible; MJ12bot/v1.4.8; http://mj12bot.com/)"
20.171.207.51 - - [20/Oct/2025:09:09:44 -0400] "GET /wp-json/wp/v2/tags/9529 HTTP/2.0" 200 636 "-" "Mozilla/5.0 AppleWebKit/537.36 (KHTML, like Gecko; compatible; GPTBot/1.2; +https://openai.com/gptbot)"
20.171.207.51 - - [20/Oct/2025:09:09:45 -0400] "GET /wp-json/wp/v2/tags/2264 HTTP/2.0" 200 633 "-" "Mozilla/5.0 AppleWebKit/537.36 (KHTML, like Gecko; compatible; GPTBot/1.2; +https://openai.com/gptbot)"
193.70.34.35 - - [20/Oct/2025:09:09:46 -0400] "GET /tag/%E0%A4%AE%E0%A4%A6%E0%A4%B0-%E0%A4%9F%E0%A5%87%E0%A4%B0%E0%A5%87%E0%A4%B8%E0%A4%BE/feed/ HTTP/1.1" 200 10979 "-" "Mozilla/5.0 (compatible; MJ12bot/v1.4.8; http://mj12bot.com/)"
20.171.207.51 - - [20/Oct/2025:09:09:46 -0400] "GET /wp-json/wp/v2/tags/6621 HTTP/2.0" 200 600 "-" "Mozilla/5.0 AppleWebKit/537.36 (KHTML, like Gecko; compatible; GPTBot/1.2; +https://openai.com/gptbot)"
20.171.207.51 - - [20/Oct/2025:09:09:48 -0400] "GET /wp-json/wp/v2/tags/2472 HTTP/2.0" 200 627 "-" "Mozilla/5.0 AppleWebKit/537.36 (KHTML, like Gecko; compatible; GPTBot/1.2; +https://openai.com/gptbot)"
20.171.207.51 - - [20/Oct/2025:09:09:49 -0400] "GET /wp-json/wp/v2/tags/1661 HTTP/2.0" 200 619 "-" "Mozilla/5.0 AppleWebKit/537.36 (KHTML, like Gecko; compatible; GPTBot/1.2; +https://openai.com/gptbot)"
20.171.207.51 - - [20/Oct/2025:09:09:50 -0400] "GET /wp-json/wp/v2/tags/8220 HTTP/2.0" 200 636 "-" "Mozilla/5.0 AppleWebKit/537.36 (KHTML, like Gecko; compatible; GPTBot/1.2; +https://openai.com/gptbot)"
20.171.207.51 - - [20/Oct/2025:09:09:51 -0400] "GET /wp-json/wp/v2/tags/9099 HTTP/2.0" 200 648 "-" "Mozilla/5.0 AppleWebKit/537.36 (KHTML, like Gecko; compatible; GPTBot/1.2; +https://openai.com/gptbot)"
20.171.207.51 - - [20/Oct/2025:09:09:52 -0400] "GET /wp-json/wp/v2/tags/2720 HTTP/2.0" 200 597 "-" "Mozilla/5.0 AppleWebKit/537.36 (KHTML, like Gecko; compatible; GPTBot/1.2; +https://openai.com/gptbot)"
193.70.34.35 - - [20/Oct/2025:09:09:53 -0400] "GET /tag/%E0%A4%AE%E0%A4%B9%E0%A4%BE%E0%A4%A4%E0%A5%8D%E0%A4%AE%E0%A4%BE-%E0%A4%97%E0%A4%BE%E0%A4%82%E0%A4%A7%E0%A5%80/ HTTP/1.1" 200 128786 "-" "Mozilla/5.0 (compatible; MJ12bot/v1.4.8; http://mj12bot.com/)"
20.171.207.51 - - [20/Oct/2025:09:09:53 -0400] "GET /wp-json/wp/v2/tags/2209 HTTP/2.0" 200 618 "-" "Mozilla/5.0 AppleWebKit/537.36 (KHTML, like Gecko; compatible; GPTBot/1.2; +https://openai.com/gptbot)"
20.171.207.51 - - [20/Oct/2025:09:09:55 -0400] "GET /wp-json/wp/v2/tags/1626 HTTP/2.0" 200 606 "-" "Mozilla/5.0 AppleWebKit/537.36 (KHTML, like Gecko; compatible; GPTBot/1.2; +https://openai.com/gptbot)"
193.70.34.35 - - [20/Oct/2025:09:09:56 -0400] "GET /tag/%E0%A4%AE%E0%A5%87%E0%A4%95%E0%A4%85%E0%A4%AA/feed/ HTTP/1.1" 200 6560 "-" "Mozilla/5.0 (compatible; MJ12bot/v1.4.8; http://mj12bot.com/)"
20.171.207.51 - - [20/Oct/2025:09:09:56 -0400] "GET /wp-json/wp/v2/tags/2001 HTTP/2.0" 200 648 "-" "Mozilla/5.0 AppleWebKit/537.36 (KHTML, like Gecko; compatible; GPTBot/1.2; +https://openai.com/gptbot)"
20.171.207.51 - - [20/Oct/2025:09:09:57 -0400] "GET /wp-json/wp/v2/tags/8778 HTTP/2.0" 200 594 "-" "Mozilla/5.0 AppleWebKit/537.36 (KHTML, like Gecko; compatible; GPTBot/1.2; +https://openai.com/gptbot)"
20.171.207.51 - - [20/Oct/2025:09:09:58 -0400] "GET /wp-json/wp/v2/tags/3727 HTTP/2.0" 200 669 "-" "Mozilla/5.0 AppleWebKit/537.36 (KHTML, like Gecko; compatible; GPTBot/1.2; +https://openai.com/gptbot)"
20.171.207.51 - - [20/Oct/2025:09:09:59 -0400] "GET /wp-json/wp/v2/tags/2275 HTTP/2.0" 200 588 "-" "Mozilla/5.0 AppleWebKit/537.36 (KHTML, like Gecko; compatible; GPTBot/1.2; +https://openai.com/gptbot)"
20.171.207.51 - - [20/Oct/2025:09:10:00 -0400] "GET /wp-json/wp/v2/tags/1881 HTTP/2.0" 200 606 "-" "Mozilla/5.0 AppleWebKit/537.36 (KHTML, like Gecko; compatible; GPTBot/1.2; +https://openai.com/gptbot)"
193.70.34.35 - - [20/Oct/2025:09:10:00 -0400] "GET /tag/%E0%A4%B0%E0%A5%87%E0%A4%AA/feed/ HTTP/1.1" 200 25644 "-" "Mozilla/5.0 (compatible; MJ12bot/v1.4.8; http://mj12bot.com/)"
20.171.207.51 - - [20/Oct/2025:09:10:02 -0400] "GET /wp-json/wp/v2/tags/9296 HTTP/2.0" 200 636 "-" "Mozilla/5.0 AppleWebKit/537.36 (KHTML, like Gecko; compatible; GPTBot/1.2; +https://openai.com/gptbot)"
20.171.207.51 - - [20/Oct/2025:09:10:03 -0400] "GET /wp-json/wp/v2/tags/4642 HTTP/2.0" 200 618 "-" "Mozilla/5.0 AppleWebKit/537.36 (KHTML, like Gecko; compatible; GPTBot/1.2; +https://openai.com/gptbot)"
20.171.207.51 - - [20/Oct/2025:09:10:04 -0400] "GET /wp-json/wp/v2/tags/4299 HTTP/2.0" 200 606 "-" "Mozilla/5.0 AppleWebKit/537.36 (KHTML, like Gecko; compatible; GPTBot/1.2; +https://openai.com/gptbot)"
20.171.207.51 - - [20/Oct/2025:09:10:05 -0400] "GET /wp-json/wp/v2/tags/9226 HTTP/2.0" 200 666 "-" "Mozilla/5.0 AppleWebKit/537.36 (KHTML, like Gecko; compatible; GPTBot/1.2; +https://openai.com/gptbot)"
20.171.207.51 - - [20/Oct/2025:09:10:06 -0400] "GET /wp-json/wp/v2/tags/6696 HTTP/2.0" 200 627 "-" "Mozilla/5.0 AppleWebKit/537.36 (KHTML, like Gecko; compatible; GPTBot/1.2; +https://openai.com/gptbot)"
20.171.207.51 - - [20/Oct/2025:09:10:07 -0400] "GET /wp-json/wp/v2/tags/2112 HTTP/2.0" 200 621 "-" "Mozilla/5.0 AppleWebKit/537.36 (KHTML, like Gecko; compatible; GPTBot/1.2; +https://openai.com/gptbot)"
193.70.34.35 - - [20/Oct/2025:09:10:07 -0400] "GET /tag/%E0%A4%B2%E0%A4%82%E0%A4%97%E0%A5%82%E0%A4%B0/feed/ HTTP/1.1" 200 8953 "-" "Mozilla/5.0 (compatible; MJ12bot/v1.4.8; http://mj12bot.com/)"
20.171.207.51 - - [20/Oct/2025:09:10:08 -0400] "GET /wp-json/wp/v2/tags/6620 HTTP/2.0" 200 660 "-" "Mozilla/5.0 AppleWebKit/537.36 (KHTML, like Gecko; compatible; GPTBot/1.2; +https://openai.com/gptbot)"
193.70.34.35 - - [20/Oct/2025:09:10:09 -0400] "GET /tag/%E0%A4%B5%E0%A4%BE%E0%A4%AF%E0%A4%B0%E0%A4%B2-%E0%A4%B5%E0%A5%80%E0%A4%A1%E0%A4%BF%E0%A4%AF%E0%A5%8B/feed/ HTTP/1.1" 200 48287 "-" "Mozilla/5.0 (compatible; MJ12bot/v1.4.8; http://mj12bot.com/)"
20.171.207.51 - - [20/Oct/2025:09:10:10 -0400] "GET /wp-json/wp/v2/tags/4949 HTTP/2.0" 200 585 "-" "Mozilla/5.0 AppleWebKit/537.36 (KHTML, like Gecko; compatible; GPTBot/1.2; +https://openai.com/gptbot)"
20.171.207.51 - - [20/Oct/2025:09:10:11 -0400] "GET /wp-json/wp/v2/tags/2237 HTTP/2.0" 200 582 "-" "Mozilla/5.0 AppleWebKit/537.36 (KHTML, like Gecko; compatible; GPTBot/1.2; +https://openai.com/gptbot)"
20.171.207.51 - - [20/Oct/2025:09:10:12 -0400] "GET /wp-json/wp/v2/tags/2277 HTTP/2.0" 200 603 "-" "Mozilla/5.0 AppleWebKit/537.36 (KHTML, like Gecko; compatible; GPTBot/1.2; +https://openai.com/gptbot)"
20.171.207.51 - - [20/Oct/2025:09:10:13 -0400] "GET /wp-json/wp/v2/tags/8848 HTTP/2.0" 200 645 "-" "Mozilla/5.0 AppleWebKit/537.36 (KHTML, like Gecko; compatible; GPTBot/1.2; +https://openai.com/gptbot)"
20.171.207.51 - - [20/Oct/2025:09:10:14 -0400] "GET /wp-json/wp/v2/tags/6066 HTTP/2.0" 200 654 "-" "Mozilla/5.0 AppleWebKit/537.36 (KHTML, like Gecko; compatible; GPTBot/1.2; +https://openai.com/gptbot)"
20.171.207.51 - - [20/Oct/2025:09:10:15 -0400] "GET /wp-json/wp/v2/tags/6866 HTTP/2.0" 200 663 "-" "Mozilla/5.0 AppleWebKit/537.36 (KHTML, like Gecko; compatible; GPTBot/1.2; +https://openai.com/gptbot)"
20.171.207.51 - - [20/Oct/2025:09:10:17 -0400] "GET /wp-json/wp/v2/tags/9191 HTTP/2.0" 200 646 "-" "Mozilla/5.0 AppleWebKit/537.36 (KHTML, like Gecko; compatible; GPTBot/1.2; +https://openai.com/gptbot)"
193.70.34.35 - - [20/Oct/2025:09:10:17 -0400] "GET /tag/%E0%A4%B6%E0%A4%BE%E0%A4%B9%E0%A4%B0%E0%A5%82%E0%A4%96/feed/ HTTP/1.1" 200 13433 "-" "Mozilla/5.0 (compatible; MJ12bot/v1.4.8; http://mj12bot.com/)"
20.171.207.51 - - [20/Oct/2025:09:10:18 -0400] "GET /wp-json/wp/v2/tags/2003 HTTP/2.0" 200 609 "-" "Mozilla/5.0 AppleWebKit/537.36 (KHTML, like Gecko; compatible; GPTBot/1.2; +https://openai.com/gptbot)"
20.171.207.51 - - [20/Oct/2025:09:10:19 -0400] "GET /wp-json/wp/v2/tags/4402 HTTP/2.0" 200 684 "-" "Mozilla/5.0 AppleWebKit/537.36 (KHTML, like Gecko; compatible; GPTBot/1.2; +https://openai.com/gptbot)"
20.171.207.51 - - [20/Oct/2025:09:10:20 -0400] "GET /wp-json/wp/v2/tags/5272 HTTP/2.0" 200 687 "-" "Mozilla/5.0 AppleWebKit/537.36 (KHTML, like Gecko; compatible; GPTBot/1.2; +https://openai.com/gptbot)"
20.171.207.51 - - [20/Oct/2025:09:10:21 -0400] "GET /wp-json/wp/v2/tags/7575 HTTP/2.0" 200 633 "-" "Mozilla/5.0 AppleWebKit/537.36 (KHTML, like Gecko; compatible; GPTBot/1.2; +https://openai.com/gptbot)"
193.70.34.35 - - [20/Oct/2025:09:10:21 -0400] "GET /tag/%E0%A4%B8%E0%A4%82%E0%A4%B8%E0%A5%8D%E0%A4%95%E0%A5%83%E0%A4%A4/feed/ HTTP/1.1" 200 5817 "-" "Mozilla/5.0 (compatible; MJ12bot/v1.4.8; http://mj12bot.com/)"
20.171.207.51 - - [20/Oct/2025:09:10:22 -0400] "GET /wp-json/wp/v2/tags/4202 HTTP/2.0" 200 630 "-" "Mozilla/5.0 AppleWebKit/537.36 (KHTML, like Gecko; compatible; GPTBot/1.2; +https://openai.com/gptbot)"
20.171.207.51 - - [20/Oct/2025:09:10:23 -0400] "GET /wp-json/wp/v2/tags/2424 HTTP/2.0" 200 591 "-" "Mozilla/5.0 AppleWebKit/537.36 (KHTML, like Gecko; compatible; GPTBot/1.2; +https://openai.com/gptbot)"
20.171.207.51 - - [20/Oct/2025:09:10:25 -0400] "GET /wp-json/wp/v2/tags/3636 HTTP/2.0" 200 621 "-" "Mozilla/5.0 AppleWebKit/537.36 (KHTML, like Gecko; compatible; GPTBot/1.2; +https://openai.com/gptbot)"
20.171.207.51 - - [20/Oct/2025:09:10:26 -0400] "GET /wp-json/wp/v2/tags/4664 HTTP/2.0" 200 690 "-" "Mozilla/5.0 AppleWebKit/537.36 (KHTML, like Gecko; compatible; GPTBot/1.2; +https://openai.com/gptbot)"
20.171.207.51 - - [20/Oct/2025:09:10:27 -0400] "GET /wp-json/wp/v2/tags/2889 HTTP/2.0" 200 588 "-" "Mozilla/5.0 AppleWebKit/537.36 (KHTML, like Gecko; compatible; GPTBot/1.2; +https://openai.com/gptbot)"
20.171.207.51 - - [20/Oct/2025:09:10:28 -0400] "GET /wp-json/wp/v2/tags/2248 HTTP/2.0" 200 582 "-" "Mozilla/5.0 AppleWebKit/537.36 (KHTML, like Gecko; compatible; GPTBot/1.2; +https://openai.com/gptbot)"
20.171.207.51 - - [20/Oct/2025:09:10:29 -0400] "GET /wp-json/wp/v2/tags/8858 HTTP/2.0" 200 624 "-" "Mozilla/5.0 AppleWebKit/537.36 (KHTML, like Gecko; compatible; GPTBot/1.2; +https://openai.com/gptbot)"
20.171.207.51 - - [20/Oct/2025:09:10:30 -0400] "GET /wp-json/wp/v2/tags/3231 HTTP/2.0" 200 660 "-" "Mozilla/5.0 AppleWebKit/537.36 (KHTML, like Gecko; compatible; GPTBot/1.2; +https://openai.com/gptbot)"
20.171.207.51 - - [20/Oct/2025:09:10:32 -0400] "GET /wp-json/wp/v2/tags/2353 HTTP/2.0" 200 603 "-" "Mozilla/5.0 AppleWebKit/537.36 (KHTML, like Gecko; compatible; GPTBot/1.2; +https://openai.com/gptbot)"
20.171.207.51 - - [20/Oct/2025:09:10:33 -0400] "GET /wp-json/wp/v2/tags/1512 HTTP/2.0" 200 747 "-" "Mozilla/5.0 AppleWebKit/537.36 (KHTML, like Gecko; compatible; GPTBot/1.2; +https://openai.com/gptbot)"
20.171.207.51 - - [20/Oct/2025:09:10:34 -0400] "GET /wp-json/wp/v2/tags/1552 HTTP/2.0" 200 606 "-" "Mozilla/5.0 AppleWebKit/537.36 (KHTML, like Gecko; compatible; GPTBot/1.2; +https://openai.com/gptbot)"
20.171.207.51 - - [20/Oct/2025:09:10:35 -0400] "GET /wp-json/wp/v2/tags/6286 HTTP/2.0" 200 630 "-" "Mozilla/5.0 AppleWebKit/537.36 (KHTML, like Gecko; compatible; GPTBot/1.2; +https://openai.com/gptbot)"
20.171.207.51 - - [20/Oct/2025:09:10:36 -0400] "GET /wp-json/wp/v2/tags/2123 HTTP/2.0" 200 612 "-" "Mozilla/5.0 AppleWebKit/537.36 (KHTML, like Gecko; compatible; GPTBot/1.2; +https://openai.com/gptbot)"
20.171.207.51 - - [20/Oct/2025:09:10:37 -0400] "GET /wp-json/wp/v2/tags/8422 HTTP/2.0" 200 633 "-" "Mozilla/5.0 AppleWebKit/537.36 (KHTML, like Gecko; compatible; GPTBot/1.2; +https://openai.com/gptbot)"
20.171.207.51 - - [20/Oct/2025:09:10:38 -0400] "GET /wp-json/wp/v2/tags/2992 HTTP/2.0" 200 618 "-" "Mozilla/5.0 AppleWebKit/537.36 (KHTML, like Gecko; compatible; GPTBot/1.2; +https://openai.com/gptbot)"
20.171.207.51 - - [20/Oct/2025:09:10:40 -0400] "GET /wp-json/wp/v2/tags/8255 HTTP/2.0" 200 642 "-" "Mozilla/5.0 AppleWebKit/537.36 (KHTML, like Gecko; compatible; GPTBot/1.2; +https://openai.com/gptbot)"
20.171.207.51 - - [20/Oct/2025:09:10:41 -0400] "GET /wp-json/wp/v2/tags/5532 HTTP/2.0" 200 633 "-" "Mozilla/5.0 AppleWebKit/537.36 (KHTML, like Gecko; compatible; GPTBot/1.2; +https://openai.com/gptbot)"
193.70.34.35 - - [20/Oct/2025:09:10:41 -0400] "GET /tag/%E0%A4%AA%E0%A5%8D%E0%A4%AF%E0%A4%BE%E0%A4%9C/ HTTP/1.1" 200 121736 "-" "Mozilla/5.0 (compatible; MJ12bot/v1.4.8; http://mj12bot.com/)"
20.171.207.51 - - [20/Oct/2025:09:10:42 -0400] "GET /wp-json/wp/v2/tags/6026 HTTP/2.0" 200 636 "-" "Mozilla/5.0 AppleWebKit/537.36 (KHTML, like Gecko; compatible; GPTBot/1.2; +https://openai.com/gptbot)"
20.171.207.51 - - [20/Oct/2025:09:10:43 -0400] "GET /wp-json/wp/v2/tags/2887 HTTP/2.0" 200 603 "-" "Mozilla/5.0 AppleWebKit/537.36 (KHTML, like Gecko; compatible; GPTBot/1.2; +https://openai.com/gptbot)"
20.171.207.51 - - [20/Oct/2025:09:10:44 -0400] "GET /wp-json/wp/v2/tags/6868 HTTP/2.0" 200 606 "-" "Mozilla/5.0 AppleWebKit/537.36 (KHTML, like Gecko; compatible; GPTBot/1.2; +https://openai.com/gptbot)"
20.171.207.51 - - [20/Oct/2025:09:10:45 -0400] "GET /wp-json/wp/v2/tags/2599 HTTP/2.0" 200 600 "-" "Mozilla/5.0 AppleWebKit/537.36 (KHTML, like Gecko; compatible; GPTBot/1.2; +https://openai.com/gptbot)"
20.171.207.51 - - [20/Oct/2025:09:10:46 -0400] "GET /wp-json/wp/v2/tags/2737 HTTP/2.0" 200 597 "-" "Mozilla/5.0 AppleWebKit/537.36 (KHTML, like Gecko; compatible; GPTBot/1.2; +https://openai.com/gptbot)"
20.171.207.51 - - [20/Oct/2025:09:10:48 -0400] "GET /wp-json/wp/v2/tags/4212 HTTP/2.0" 200 660 "-" "Mozilla/5.0 AppleWebKit/537.36 (KHTML, like Gecko; compatible; GPTBot/1.2; +https://openai.com/gptbot)"
20.171.207.51 - - [20/Oct/2025:09:10:49 -0400] "GET /wp-json/wp/v2/tags/6362 HTTP/2.0" 200 621 "-" "Mozilla/5.0 AppleWebKit/537.36 (KHTML, like Gecko; compatible; GPTBot/1.2; +https://openai.com/gptbot)"
20.171.207.51 - - [20/Oct/2025:09:10:50 -0400] "GET /wp-json/wp/v2/tags/1422 HTTP/2.0" 200 645 "-" "Mozilla/5.0 AppleWebKit/537.36 (KHTML, like Gecko; compatible; GPTBot/1.2; +https://openai.com/gptbot)"
20.171.207.51 - - [20/Oct/2025:09:10:51 -0400] "GET /wp-json/wp/v2/tags/9925 HTTP/2.0" 200 597 "-" "Mozilla/5.0 AppleWebKit/537.36 (KHTML, like Gecko; compatible; GPTBot/1.2; +https://openai.com/gptbot)"
20.171.207.51 - - [20/Oct/2025:09:10:52 -0400] "GET /wp-json/wp/v2/tags/9929 HTTP/2.0" 200 603 "-" "Mozilla/5.0 AppleWebKit/537.36 (KHTML, like Gecko; compatible; GPTBot/1.2; +https://openai.com/gptbot)"
20.171.207.51 - - [20/Oct/2025:09:10:53 -0400] "GET /wp-json/wp/v2/tags/9559 HTTP/2.0" 200 678 "-" "Mozilla/5.0 AppleWebKit/537.36 (KHTML, like Gecko; compatible; GPTBot/1.2; +https://openai.com/gptbot)"
20.171.207.51 - - [20/Oct/2025:09:10:54 -0400] "GET /wp-json/wp/v2/tags/2445 HTTP/2.0" 200 639 "-" "Mozilla/5.0 AppleWebKit/537.36 (KHTML, like Gecko; compatible; GPTBot/1.2; +https://openai.com/gptbot)"
20.171.207.51 - - [20/Oct/2025:09:10:56 -0400] "GET /wp-json/wp/v2/tags/7233 HTTP/2.0" 200 615 "-" "Mozilla/5.0 AppleWebKit/537.36 (KHTML, like Gecko; compatible; GPTBot/1.2; +https://openai.com/gptbot)"
20.171.207.51 - - [20/Oct/2025:09:10:57 -0400] "GET /wp-json/wp/v2/tags/4414 HTTP/2.0" 200 627 "-" "Mozilla/5.0 AppleWebKit/537.36 (KHTML, like Gecko; compatible; GPTBot/1.2; +https://openai.com/gptbot)"
20.171.207.51 - - [20/Oct/2025:09:10:58 -0400] "GET /wp-json/wp/v2/tags/4494 HTTP/2.0" 200 580 "-" "Mozilla/5.0 AppleWebKit/537.36 (KHTML, like Gecko; compatible; GPTBot/1.2; +https://openai.com/gptbot)"
20.171.207.51 - - [20/Oct/2025:09:10:59 -0400] "GET /wp-json/wp/v2/tags/2927 HTTP/2.0" 200 621 "-" "Mozilla/5.0 AppleWebKit/537.36 (KHTML, like Gecko; compatible; GPTBot/1.2; +https://openai.com/gptbot)"
20.171.207.51 - - [20/Oct/2025:09:11:00 -0400] "GET /wp-json/wp/v2/tags/3300 HTTP/2.0" 200 597 "-" "Mozilla/5.0 AppleWebKit/537.36 (KHTML, like Gecko; compatible; GPTBot/1.2; +https://openai.com/gptbot)"
20.171.207.51 - - [20/Oct/2025:09:11:01 -0400] "GET /wp-json/wp/v2/tags/4225 HTTP/2.0" 200 597 "-" "Mozilla/5.0 AppleWebKit/537.36 (KHTML, like Gecko; compatible; GPTBot/1.2; +https://openai.com/gptbot)"
20.171.207.51 - - [20/Oct/2025:09:11:03 -0400] "GET /wp-json/wp/v2/tags/5353 HTTP/2.0" 200 666 "-" "Mozilla/5.0 AppleWebKit/537.36 (KHTML, like Gecko; compatible; GPTBot/1.2; +https://openai.com/gptbot)"
20.171.207.51 - - [20/Oct/2025:09:11:04 -0400] "GET /wp-json/wp/v2/tags/4424 HTTP/2.0" 200 654 "-" "Mozilla/5.0 AppleWebKit/537.36 (KHTML, like Gecko; compatible; GPTBot/1.2; +https://openai.com/gptbot)"
20.171.207.51 - - [20/Oct/2025:09:11:05 -0400] "GET /wp-json/wp/v2/tags/7072 HTTP/2.0" 200 627 "-" "Mozilla/5.0 AppleWebKit/537.36 (KHTML, like Gecko; compatible; GPTBot/1.2; +https://openai.com/gptbot)"
20.171.207.51 - - [20/Oct/2025:09:11:06 -0400] "GET /wp-json/wp/v2/tags/3932 HTTP/2.0" 200 687 "-" "Mozilla/5.0 AppleWebKit/537.36 (KHTML, like Gecko; compatible; GPTBot/1.2; +https://openai.com/gptbot)"
20.171.207.51 - - [20/Oct/2025:09:11:07 -0400] "GET /wp-json/wp/v2/tags/8522 HTTP/2.0" 200 630 "-" "Mozilla/5.0 AppleWebKit/537.36 (KHTML, like Gecko; compatible; GPTBot/1.2; +https://openai.com/gptbot)"
20.171.207.51 - - [20/Oct/2025:09:11:08 -0400] "GET /wp-json/wp/v2/tags/2802 HTTP/2.0" 200 606 "-" "Mozilla/5.0 AppleWebKit/537.36 (KHTML, like Gecko; compatible; GPTBot/1.2; +https://openai.com/gptbot)"
20.171.207.51 - - [20/Oct/2025:09:11:10 -0400] "GET /wp-json/wp/v2/tags/2772 HTTP/2.0" 200 621 "-" "Mozilla/5.0 AppleWebKit/537.36 (KHTML, like Gecko; compatible; GPTBot/1.2; +https://openai.com/gptbot)"
20.171.207.51 - - [20/Oct/2025:09:11:11 -0400] "GET /wp-json/wp/v2/tags/7762 HTTP/2.0" 200 603 "-" "Mozilla/5.0 AppleWebKit/537.36 (KHTML, like Gecko; compatible; GPTBot/1.2; +https://openai.com/gptbot)"
20.171.207.51 - - [20/Oct/2025:09:11:12 -0400] "GET /wp-json/wp/v2/tags/7822 HTTP/2.0" 200 612 "-" "Mozilla/5.0 AppleWebKit/537.36 (KHTML, like Gecko; compatible; GPTBot/1.2; +https://openai.com/gptbot)"
20.171.207.51 - - [20/Oct/2025:09:11:13 -0400] "GET /wp-json/wp/v2/tags/9982 HTTP/2.0" 200 671 "-" "Mozilla/5.0 AppleWebKit/537.36 (KHTML, like Gecko; compatible; GPTBot/1.2; +https://openai.com/gptbot)"
20.171.207.51 - - [20/Oct/2025:09:11:14 -0400] "GET /wp-json/wp/v2/tags/2115 HTTP/2.0" 200 627 "-" "Mozilla/5.0 AppleWebKit/537.36 (KHTML, like Gecko; compatible; GPTBot/1.2; +https://openai.com/gptbot)"
20.171.207.51 - - [20/Oct/2025:09:11:15 -0400] "GET /wp-json/wp/v2/tags/4241 HTTP/2.0" 200 621 "-" "Mozilla/5.0 AppleWebKit/537.36 (KHTML, like Gecko; compatible; GPTBot/1.2; +https://openai.com/gptbot)"
20.171.207.51 - - [20/Oct/2025:09:11:16 -0400] "GET /wp-json/wp/v2/tags/9792 HTTP/2.0" 200 648 "-" "Mozilla/5.0 AppleWebKit/537.36 (KHTML, like Gecko; compatible; GPTBot/1.2; +https://openai.com/gptbot)"
66.249.79.167 - - [20/Oct/2025:09:11:18 -0400] "GET /?a=91910157856407&channel=9a4e6a&from=form.php%3Fid%3D1578564-653%26name%3D%E3%80%90%E3%81%82%E3%81%99%E6%A5%BD%E3%80%91+FILA+%E3%83%95%E3%82%A3%E3%83%A9+%E3%83%AA%E3%83%A5%E3%83%83%E3%82%AF+%E3%83%AA%E3%83%A5%E3%83%83%E3%82%AF%E3%82%B5%E3%83%83%E3%82%AF+%E3%83%87%E3%82%A4%E3%83%91%E3%83%83%E3%82%AF+%E3%83%90%E3%83%83%E3%82%AF%E3%83%91%E3%83%83%E3%82%AF+%E5%A4%A7%E5%AE%B9%E9%87%8F+35L+%E3%82%B9%E3%82%AF%E3%83%BC%E3%83%AB%E3%83%AA%E3%83%A5%E3%83%83%E3%82%AF+B4+%E8%BB%BD%E9%87%8F+%E6%A9%9F%E8%83%BD%E7%9A%84+%E9%80%9A%E5%8B%A4+%E9%80%9A%E5%AD%A6+%E9%83%A8%E6%B4%BB+%E3%81%8A%E5%87%BA%E3%81%8B%E3%81%91+%E6%97%85%E8%A1%8C+%E3%82%A2%E3%82%A6%E3%83%88%E3%83%89%E3%82%A2+%E4%B8%AD%E9%AB%98%E6%A0%A1%E7%94%9F+%E5%A4%A7%E5%AD%A6%E7%94%9F+%E3%83%A1%E3%83%B3%E3%82%BA+%E3%83%AC%E3%83%87%E3%82%A3%E3%83%BC%E3%82%B9+%E7%94%B7%E5%A5%B3%E5%85%BC%E7%94%A8+7805%E3%80%90%E3%81%A8%E3%81%8F%E3%81%A8%E3%81%8F2508%E3%80%91 HTTP/1.1" 301 - "-" "Mozilla/5.0 (Linux; Android 6.0.1; Nexus 5X Build/MMB29P) AppleWebKit/537.36 (KHTML, like Gecko) Chrome/140.0.7339.207 Mobile Safari/537.36 (compatible; Googlebot/2.1; +http://www.google.com/bot.html)"
20.171.207.51 - - [20/Oct/2025:09:11:18 -0400] "GET /wp-json/wp/v2/tags/5622 HTTP/2.0" 200 609 "-" "Mozilla/5.0 AppleWebKit/537.36 (KHTML, like Gecko; compatible; GPTBot/1.2; +https://openai.com/gptbot)"
20.171.207.51 - - [20/Oct/2025:09:11:19 -0400] "GET /wp-json/wp/v2/tags/2886 HTTP/2.0" 200 666 "-" "Mozilla/5.0 AppleWebKit/537.36 (KHTML, like Gecko; compatible; GPTBot/1.2; +https://openai.com/gptbot)"
66.249.79.165 - - [20/Oct/2025:09:11:19 -0400] "GET /?a=91910157856407&channel=9a4e6a&from=form.php%3Fid%3D1578564-653%26name%3D%E3%80%90%E3%81%82%E3%81%99%E6%A5%BD%E3%80%91%20FILA%20%E3%83%95%E3%82%A3%E3%83%A9%20%E3%83%AA%E3%83%A5%E3%83%83%E3%82%AF%20%E3%83%AA%E3%83%A5%E3%83%83%E3%82%AF%E3%82%B5%E3%83%83%E3%82%AF%20%E3%83%87%E3%82%A4%E3%83%91%E3%83%83%E3%82%AF%20%E3%83%90%E3%83%83%E3%82%AF%E3%83%91%E3%83%83%E3%82%AF%20%E5%A4%A7%E5%AE%B9%E9%87%8F%2035L%20%E3%82%B9%E3%82%AF%E3%83%BC%E3%83%AB%E3%83%AA%E3%83%A5%E3%83%83%E3%82%AF%20B4%20%E8%BB%BD%E9%87%8F%20%E6%A9%9F%E8%83%BD%E7%9A%84%20%E9%80%9A%E5%8B%A4%20%E9%80%9A%E5%AD%A6%20%E9%83%A8%E6%B4%BB%20%E3%81%8A%E5%87%BA%E3%81%8B%E3%81%91%20%E6%97%85%E8%A1%8C%20%E3%82%A2%E3%82%A6%E3%83%88%E3%83%89%E3%82%A2%20%E4%B8%AD%E9%AB%98%E6%A0%A1%E7%94%9F%20%E5%A4%A7%E5%AD%A6%E7%94%9F%20%E3%83%A1%E3%83%B3%E3%82%BA%20%E3%83%AC%E3%83%87%E3%82%A3%E3%83%BC%E3%82%B9%20%E7%94%B7%E5%A5%B3%E5%85%BC%E7%94%A8%207805%E3%80%90%E3%81%A8%E3%81%8F%E3%81%A8%E3%81%8F2508%E3%80%91 HTTP/1.1" 200 201123 "-" "Mozilla/5.0 (Linux; Android 6.0.1; Nexus 5X Build/MMB29P) AppleWebKit/537.36 (KHTML, like Gecko) Chrome/140.0.7339.207 Mobile Safari/537.36 (compatible; Googlebot/2.1; +http://www.google.com/bot.html)"
20.171.207.51 - - [20/Oct/2025:09:11:20 -0400] "GET /wp-json/wp/v2/tags/1912 HTTP/2.0" 200 633 "-" "Mozilla/5.0 AppleWebKit/537.36 (KHTML, like Gecko; compatible; GPTBot/1.2; +https://openai.com/gptbot)"
20.171.207.51 - - [20/Oct/2025:09:11:21 -0400] "GET /wp-json/wp/v2/tags/7020 HTTP/2.0" 200 656 "-" "Mozilla/5.0 AppleWebKit/537.36 (KHTML, like Gecko; compatible; GPTBot/1.2; +https://openai.com/gptbot)"
20.171.207.51 - - [20/Oct/2025:09:11:22 -0400] "GET /wp-json/wp/v2/tags/5235 HTTP/2.0" 200 648 "-" "Mozilla/5.0 AppleWebKit/537.36 (KHTML, like Gecko; compatible; GPTBot/1.2; +https://openai.com/gptbot)"
20.171.207.51 - - [20/Oct/2025:09:11:23 -0400] "GET /wp-json/wp/v2/tags/3121 HTTP/2.0" 200 618 "-" "Mozilla/5.0 AppleWebKit/537.36 (KHTML, like Gecko; compatible; GPTBot/1.2; +https://openai.com/gptbot)"
20.171.207.51 - - [20/Oct/2025:09:11:25 -0400] "GET /wp-json/wp/v2/tags/2776 HTTP/2.0" 200 606 "-" "Mozilla/5.0 AppleWebKit/537.36 (KHTML, like Gecko; compatible; GPTBot/1.2; +https://openai.com/gptbot)"
20.171.207.51 - - [20/Oct/2025:09:11:26 -0400] "GET /wp-json/wp/v2/tags/8221 HTTP/2.0" 200 660 "-" "Mozilla/5.0 AppleWebKit/537.36 (KHTML, like Gecko; compatible; GPTBot/1.2; +https://openai.com/gptbot)"
20.171.207.51 - - [20/Oct/2025:09:11:27 -0400] "GET /wp-json/wp/v2/tags/4545 HTTP/2.0" 200 618 "-" "Mozilla/5.0 AppleWebKit/537.36 (KHTML, like Gecko; compatible; GPTBot/1.2; +https://openai.com/gptbot)"
20.171.207.51 - - [20/Oct/2025:09:11:28 -0400] "GET /wp-json/wp/v2/tags/6206 HTTP/2.0" 200 601 "-" "Mozilla/5.0 AppleWebKit/537.36 (KHTML, like Gecko; compatible; GPTBot/1.2; +https://openai.com/gptbot)"
20.171.207.51 - - [20/Oct/2025:09:11:29 -0400] "GET /wp-json/wp/v2/tags/2446 HTTP/2.0" 200 651 "-" "Mozilla/5.0 AppleWebKit/537.36 (KHTML, like Gecko; compatible; GPTBot/1.2; +https://openai.com/gptbot)"
20.171.207.51 - - [20/Oct/2025:09:11:31 -0400] "GET /wp-json/wp/v2/tags/2499 HTTP/2.0" 200 600 "-" "Mozilla/5.0 AppleWebKit/537.36 (KHTML, like Gecko; compatible; GPTBot/1.2; +https://openai.com/gptbot)"
20.171.207.51 - - [20/Oct/2025:09:11:32 -0400] "GET /wp-json/wp/v2/tags/7747 HTTP/2.0" 200 675 "-" "Mozilla/5.0 AppleWebKit/537.36 (KHTML, like Gecko; compatible; GPTBot/1.2; +https://openai.com/gptbot)"
20.171.207.51 - - [20/Oct/2025:09:11:33 -0400] "GET /wp-json/wp/v2/tags/6600 HTTP/2.0" 200 636 "-" "Mozilla/5.0 AppleWebKit/537.36 (KHTML, like Gecko; compatible; GPTBot/1.2; +https://openai.com/gptbot)"
20.171.207.51 - - [20/Oct/2025:09:11:34 -0400] "GET /wp-json/wp/v2/tags/2642 HTTP/2.0" 200 594 "-" "Mozilla/5.0 AppleWebKit/537.36 (KHTML, like Gecko; compatible; GPTBot/1.2; +https://openai.com/gptbot)"
20.171.207.51 - - [20/Oct/2025:09:11:35 -0400] "GET /wp-json/wp/v2/tags/9299 HTTP/2.0" 200 618 "-" "Mozilla/5.0 AppleWebKit/537.36 (KHTML, like Gecko; compatible; GPTBot/1.2; +https://openai.com/gptbot)"
66.249.79.166 - - [20/Oct/2025:09:11:36 -0400] "GET /?a=1563258870002&channel=82713b&from=product.php%3Fid%3D588700-5298%26name%3D%E3%83%90%E3%82%A4%E3%82%AF%E8%B5%B0%E8%A1%8C%E8%B7%9D%E9%9B%A2%E8%A8%88+VTEC+II+III+CB+400+CB400+2002-2007+Gen+2+3+%E3%82%B9%E3%83%94%E3%83%BC%E3%83%89%E3%83%A1%E3%83%BC%E3%82%BF%E3%83%BC+%E6%99%82%E8%A8%88+%E8%A8%88%E5%99%A8 HTTP/1.1" 301 - "-" "Mozilla/5.0 (Linux; Android 6.0.1; Nexus 5X Build/MMB29P) AppleWebKit/537.36 (KHTML, like Gecko) Chrome/140.0.7339.207 Mobile Safari/537.36 (compatible; Googlebot/2.1; +http://www.google.com/bot.html)"
20.171.207.51 - - [20/Oct/2025:09:11:36 -0400] "GET /wp-json/wp/v2/tags/2542 HTTP/2.0" 200 624 "-" "Mozilla/5.0 AppleWebKit/537.36 (KHTML, like Gecko; compatible; GPTBot/1.2; +https://openai.com/gptbot)"
20.171.207.51 - - [20/Oct/2025:09:11:38 -0400] "GET /wp-json/wp/v2/tags/5572 HTTP/2.0" 200 582 "-" "Mozilla/5.0 AppleWebKit/537.36 (KHTML, like Gecko; compatible; GPTBot/1.2; +https://openai.com/gptbot)"
66.249.79.165 - - [20/Oct/2025:09:11:37 -0400] "GET /?a=1563258870002&channel=82713b&from=product.php%3Fid%3D588700-5298%26name%3D%E3%83%90%E3%82%A4%E3%82%AF%E8%B5%B0%E8%A1%8C%E8%B7%9D%E9%9B%A2%E8%A8%88%20VTEC%20II%20III%20CB%20400%20CB400%202002-2007%20Gen%202%203%20%E3%82%B9%E3%83%94%E3%83%BC%E3%83%89%E3%83%A1%E3%83%BC%E3%82%BF%E3%83%BC%20%E6%99%82%E8%A8%88%20%E8%A8%88%E5%99%A8 HTTP/1.1" 200 201123 "-" "Mozilla/5.0 (Linux; Android 6.0.1; Nexus 5X Build/MMB29P) AppleWebKit/537.36 (KHTML, like Gecko) Chrome/140.0.7339.207 Mobile Safari/537.36 (compatible; Googlebot/2.1; +http://www.google.com/bot.html)"
20.171.207.51 - - [20/Oct/2025:09:11:39 -0400] "GET /wp-json/wp/v2/tags/4324 HTTP/2.0" 200 615 "-" "Mozilla/5.0 AppleWebKit/537.36 (KHTML, like Gecko; compatible; GPTBot/1.2; +https://openai.com/gptbot)"
20.171.207.51 - - [20/Oct/2025:09:11:40 -0400] "GET /wp-json/wp/v2/tags/2257 HTTP/2.0" 200 600 "-" "Mozilla/5.0 AppleWebKit/537.36 (KHTML, like Gecko; compatible; GPTBot/1.2; +https://openai.com/gptbot)"
20.171.207.51 - - [20/Oct/2025:09:11:41 -0400] "GET /wp-json/wp/v2/tags/4432 HTTP/2.0" 200 657 "-" "Mozilla/5.0 AppleWebKit/537.36 (KHTML, like Gecko; compatible; GPTBot/1.2; +https://openai.com/gptbot)"
20.171.207.51 - - [20/Oct/2025:09:11:42 -0400] "GET /wp-json/wp/v2/tags/5259 HTTP/2.0" 200 630 "-" "Mozilla/5.0 AppleWebKit/537.36 (KHTML, like Gecko; compatible; GPTBot/1.2; +https://openai.com/gptbot)"
20.171.207.51 - - [20/Oct/2025:09:11:43 -0400] "GET /wp-json/wp/v2/tags/8844 HTTP/2.0" 200 579 "-" "Mozilla/5.0 AppleWebKit/537.36 (KHTML, like Gecko; compatible; GPTBot/1.2; +https://openai.com/gptbot)"
20.171.207.51 - - [20/Oct/2025:09:11:45 -0400] "GET /wp-json/wp/v2/tags/9889 HTTP/2.0" 200 645 "-" "Mozilla/5.0 AppleWebKit/537.36 (KHTML, like Gecko; compatible; GPTBot/1.2; +https://openai.com/gptbot)"
20.171.207.51 - - [20/Oct/2025:09:11:46 -0400] "GET /wp-json/wp/v2/tags/7744 HTTP/2.0" 200 576 "-" "Mozilla/5.0 AppleWebKit/537.36 (KHTML, like Gecko; compatible; GPTBot/1.2; +https://openai.com/gptbot)"
20.171.207.51 - - [20/Oct/2025:09:11:47 -0400] "GET /wp-json/wp/v2/tags/6727 HTTP/2.0" 200 609 "-" "Mozilla/5.0 AppleWebKit/537.36 (KHTML, like Gecko; compatible; GPTBot/1.2; +https://openai.com/gptbot)"
20.171.207.51 - - [20/Oct/2025:09:11:48 -0400] "GET /wp-json/wp/v2/tags/8922 HTTP/2.0" 200 612 "-" "Mozilla/5.0 AppleWebKit/537.36 (KHTML, like Gecko; compatible; GPTBot/1.2; +https://openai.com/gptbot)"
20.171.207.51 - - [20/Oct/2025:09:11:49 -0400] "GET /wp-json/wp/v2/tags/9020 HTTP/2.0" 200 606 "-" "Mozilla/5.0 AppleWebKit/537.36 (KHTML, like Gecko; compatible; GPTBot/1.2; +https://openai.com/gptbot)"
20.171.207.51 - - [20/Oct/2025:09:11:51 -0400] "GET /wp-json/wp/v2/tags/2523 HTTP/2.0" 200 639 "-" "Mozilla/5.0 AppleWebKit/537.36 (KHTML, like Gecko; compatible; GPTBot/1.2; +https://openai.com/gptbot)"
20.171.207.51 - - [20/Oct/2025:09:11:52 -0400] "GET /wp-json/wp/v2/tags/3383 HTTP/2.0" 200 582 "-" "Mozilla/5.0 AppleWebKit/537.36 (KHTML, like Gecko; compatible; GPTBot/1.2; +https://openai.com/gptbot)"
20.171.207.51 - - [20/Oct/2025:09:11:53 -0400] "GET /wp-json/wp/v2/tags/2529 HTTP/2.0" 200 610 "-" "Mozilla/5.0 AppleWebKit/537.36 (KHTML, like Gecko; compatible; GPTBot/1.2; +https://openai.com/gptbot)"
20.171.207.51 - - [20/Oct/2025:09:11:54 -0400] "GET /wp-json/wp/v2/tags/2993 HTTP/2.0" 200 636 "-" "Mozilla/5.0 AppleWebKit/537.36 (KHTML, like Gecko; compatible; GPTBot/1.2; +https://openai.com/gptbot)"
20.171.207.51 - - [20/Oct/2025:09:11:55 -0400] "GET /wp-json/wp/v2/tags/5992 HTTP/2.0" 200 594 "-" "Mozilla/5.0 AppleWebKit/537.36 (KHTML, like Gecko; compatible; GPTBot/1.2; +https://openai.com/gptbot)"
20.171.207.51 - - [20/Oct/2025:09:11:56 -0400] "GET /wp-json/wp/v2/tags/4243 HTTP/2.0" 200 609 "-" "Mozilla/5.0 AppleWebKit/537.36 (KHTML, like Gecko; compatible; GPTBot/1.2; +https://openai.com/gptbot)"
20.171.207.51 - - [20/Oct/2025:09:11:57 -0400] "GET /wp-json/wp/v2/tags/4226 HTTP/2.0" 200 603 "-" "Mozilla/5.0 AppleWebKit/537.36 (KHTML, like Gecko; compatible; GPTBot/1.2; +https://openai.com/gptbot)"
20.171.207.51 - - [20/Oct/2025:09:11:59 -0400] "GET /wp-json/wp/v2/tags/1188 HTTP/2.0" 200 688 "-" "Mozilla/5.0 AppleWebKit/537.36 (KHTML, like Gecko; compatible; GPTBot/1.2; +https://openai.com/gptbot)"
20.171.207.51 - - [20/Oct/2025:09:12:00 -0400] "GET /wp-json/wp/v2/tags/8868 HTTP/2.0" 200 660 "-" "Mozilla/5.0 AppleWebKit/537.36 (KHTML, like Gecko; compatible; GPTBot/1.2; +https://openai.com/gptbot)"
20.171.207.51 - - [20/Oct/2025:09:12:01 -0400] "GET /wp-json/wp/v2/tags/2102 HTTP/2.0" 200 609 "-" "Mozilla/5.0 AppleWebKit/537.36 (KHTML, like Gecko; compatible; GPTBot/1.2; +https://openai.com/gptbot)"
20.171.207.51 - - [20/Oct/2025:09:12:02 -0400] "GET /wp-json/wp/v2/tags/2932 HTTP/2.0" 200 588 "-" "Mozilla/5.0 AppleWebKit/537.36 (KHTML, like Gecko; compatible; GPTBot/1.2; +https://openai.com/gptbot)"
20.171.207.51 - - [20/Oct/2025:09:12:03 -0400] "GET /wp-json/wp/v2/tags/3632 HTTP/2.0" 200 603 "-" "Mozilla/5.0 AppleWebKit/537.36 (KHTML, like Gecko; compatible; GPTBot/1.2; +https://openai.com/gptbot)"
20.171.207.51 - - [20/Oct/2025:09:12:04 -0400] "GET /wp-json/wp/v2/tags/2172 HTTP/2.0" 200 612 "-" "Mozilla/5.0 AppleWebKit/537.36 (KHTML, like Gecko; compatible; GPTBot/1.2; +https://openai.com/gptbot)"
20.171.207.51 - - [20/Oct/2025:09:12:05 -0400] "GET /wp-json/wp/v2/tags/9989 HTTP/2.0" 200 627 "-" "Mozilla/5.0 AppleWebKit/537.36 (KHTML, like Gecko; compatible; GPTBot/1.2; +https://openai.com/gptbot)"
20.171.207.51 - - [20/Oct/2025:09:12:07 -0400] "GET /wp-json/wp/v2/tags/8877 HTTP/2.0" 200 612 "-" "Mozilla/5.0 AppleWebKit/537.36 (KHTML, like Gecko; compatible; GPTBot/1.2; +https://openai.com/gptbot)"
20.171.207.51 - - [20/Oct/2025:09:12:08 -0400] "GET /wp-json/wp/v2/tags/2230 HTTP/2.0" 200 669 "-" "Mozilla/5.0 AppleWebKit/537.36 (KHTML, like Gecko; compatible; GPTBot/1.2; +https://openai.com/gptbot)"
20.171.207.51 - - [20/Oct/2025:09:12:09 -0400] "GET /wp-json/wp/v2/tags/2512 HTTP/2.0" 200 648 "-" "Mozilla/5.0 AppleWebKit/537.36 (KHTML, like Gecko; compatible; GPTBot/1.2; +https://openai.com/gptbot)"
20.171.207.51 - - [20/Oct/2025:09:12:10 -0400] "GET /wp-json/wp/v2/tags/9282 HTTP/2.0" 200 585 "-" "Mozilla/5.0 AppleWebKit/537.36 (KHTML, like Gecko; compatible; GPTBot/1.2; +https://openai.com/gptbot)"
20.171.207.51 - - [20/Oct/2025:09:12:11 -0400] "GET /wp-json/wp/v2/tags/6776 HTTP/2.0" 200 618 "-" "Mozilla/5.0 AppleWebKit/537.36 (KHTML, like Gecko; compatible; GPTBot/1.2; +https://openai.com/gptbot)"
20.171.207.51 - - [20/Oct/2025:09:12:12 -0400] "GET /wp-json/wp/v2/tags/2020 HTTP/2.0" 200 603 "-" "Mozilla/5.0 AppleWebKit/537.36 (KHTML, like Gecko; compatible; GPTBot/1.2; +https://openai.com/gptbot)"
20.171.207.51 - - [20/Oct/2025:09:12:13 -0400] "GET /wp-json/wp/v2/tags/7271 HTTP/2.0" 200 603 "-" "Mozilla/5.0 AppleWebKit/537.36 (KHTML, like Gecko; compatible; GPTBot/1.2; +https://openai.com/gptbot)"
20.171.207.51 - - [20/Oct/2025:09:12:15 -0400] "GET /wp-json/wp/v2/tags/2556 HTTP/2.0" 200 582 "-" "Mozilla/5.0 AppleWebKit/537.36 (KHTML, like Gecko; compatible; GPTBot/1.2; +https://openai.com/gptbot)"
20.171.207.51 - - [20/Oct/2025:09:12:16 -0400] "GET /wp-json/wp/v2/tags/3633 HTTP/2.0" 200 630 "-" "Mozilla/5.0 AppleWebKit/537.36 (KHTML, like Gecko; compatible; GPTBot/1.2; +https://openai.com/gptbot)"
20.171.207.51 - - [20/Oct/2025:09:12:17 -0400] "GET /wp-json/wp/v2/tags/3273 HTTP/2.0" 200 579 "-" "Mozilla/5.0 AppleWebKit/537.36 (KHTML, like Gecko; compatible; GPTBot/1.2; +https://openai.com/gptbot)"
20.171.207.51 - - [20/Oct/2025:09:12:18 -0400] "GET /wp-json/wp/v2/tags/4214 HTTP/2.0" 200 648 "-" "Mozilla/5.0 AppleWebKit/537.36 (KHTML, like Gecko; compatible; GPTBot/1.2; +https://openai.com/gptbot)"
66.249.79.166 - - [20/Oct/2025:09:12:19 -0400] "GET /another-so-called-godman-baba-jyoti-giri-maharaj-gets-caught-in-obscene-video/img_jyoti-giri_2019_08/ HTTP/1.1" 200 121064 "-" "Mozilla/5.0 (Linux; Android 6.0.1; Nexus 5X Build/MMB29P) AppleWebKit/537.36 (KHTML, like Gecko) Chrome/140.0.7339.207 Mobile Safari/537.36 (compatible; Googlebot/2.1; +http://www.google.com/bot.html)"
20.171.207.51 - - [20/Oct/2025:09:12:19 -0400] "GET /wp-json/wp/v2/tags/2323 HTTP/2.0" 200 582 "-" "Mozilla/5.0 AppleWebKit/537.36 (KHTML, like Gecko; compatible; GPTBot/1.2; +https://openai.com/gptbot)"
20.171.207.51 - - [20/Oct/2025:09:12:20 -0400] "GET /wp-json/wp/v2/tags/7733 HTTP/2.0" 200 627 "-" "Mozilla/5.0 AppleWebKit/537.36 (KHTML, like Gecko; compatible; GPTBot/1.2; +https://openai.com/gptbot)"
20.171.207.51 - - [20/Oct/2025:09:12:21 -0400] "GET /wp-json/wp/v2/tags/2002 HTTP/2.0" 200 612 "-" "Mozilla/5.0 AppleWebKit/537.36 (KHTML, like Gecko; compatible; GPTBot/1.2; +https://openai.com/gptbot)"
20.171.207.51 - - [20/Oct/2025:09:12:23 -0400] "GET /wp-json/wp/v2/tags/3322 HTTP/2.0" 200 648 "-" "Mozilla/5.0 AppleWebKit/537.36 (KHTML, like Gecko; compatible; GPTBot/1.2; +https://openai.com/gptbot)"
20.171.207.51 - - [20/Oct/2025:09:12:24 -0400] "GET /wp-json/wp/v2/tags/2866 HTTP/2.0" 200 666 "-" "Mozilla/5.0 AppleWebKit/537.36 (KHTML, like Gecko; compatible; GPTBot/1.2; +https://openai.com/gptbot)"
