20.171.207.51 - - [20/Oct/2025:08:54:02 -0400] "GET /wp-json/oembed/1.0/embed?url=https%3A%2F%2Fwahgazab.com%2Fthis-miraculous-male-goat-is-the-center-of-attraction-to-the-people%2F HTTP/2.0" 200 3236 "-" "Mozilla/5.0 AppleWebKit/537.36 (KHTML, like Gecko; compatible; GPTBot/1.2; +https://openai.com/gptbot)"
23.23.214.190 - - [20/Oct/2025:08:54:02 -0400] "GET /tag/nirankari-baba-hardev-dies/ HTTP/1.1" 200 122867 "-" "Mozilla/5.0 AppleWebKit/537.36 (KHTML, like Gecko; compatible; Amazonbot/0.1; +https://developer.amazon.com/support/amazonbot) Chrome/119.0.6045.214 Safari/537.36"
20.171.207.51 - - [20/Oct/2025:08:54:03 -0400] "GET /wp-json/oembed/1.0/embed?url=https%3A%2F%2Fwahgazab.com%2Fhere-is-the-thing-found-under-ground-made-gardener-a-millionaire%2F HTTP/2.0" 200 3174 "-" "Mozilla/5.0 AppleWebKit/537.36 (KHTML, like Gecko; compatible; GPTBot/1.2; +https://openai.com/gptbot)"
20.171.207.51 - - [20/Oct/2025:08:54:04 -0400] "GET /wp-json/oembed/1.0/embed?url=https%3A%2F%2Fwahgazab.com%2Feven-gods-turning-out-to-be-digital-in-this-demonetization-phase%2F HTTP/2.0" 200 3375 "-" "Mozilla/5.0 AppleWebKit/537.36 (KHTML, like Gecko; compatible; GPTBot/1.2; +https://openai.com/gptbot)"
52.73.142.41 - - [20/Oct/2025:08:54:05 -0400] "GET /tag/make-a-bangladeshi-bajrangi-bhaijaan/ HTTP/1.1" 200 122012 "-" "Mozilla/5.0 AppleWebKit/537.36 (KHTML, like Gecko; compatible; Amazonbot/0.1; +https://developer.amazon.com/support/amazonbot) Chrome/119.0.6045.214 Safari/537.36"
20.171.207.51 - - [20/Oct/2025:08:54:05 -0400] "GET /wp-json/oembed/1.0/embed?url=https%3A%2F%2Fwahgazab.com%2Fthis-goat-eats-tobacco-and-smokes-cigarettes-instead-of-fodder%2F HTTP/2.0" 200 3560 "-" "Mozilla/5.0 AppleWebKit/537.36 (KHTML, like Gecko; compatible; GPTBot/1.2; +https://openai.com/gptbot)"
20.171.207.51 - - [20/Oct/2025:08:54:06 -0400] "GET /wp-json/oembed/1.0/embed?url=https%3A%2F%2Fwahgazab.com%2Fthe-worlds-largest-carrot-and-gourd-that-is-surprising-the-people%2F HTTP/2.0" 200 3261 "-" "Mozilla/5.0 AppleWebKit/537.36 (KHTML, like Gecko; compatible; GPTBot/1.2; +https://openai.com/gptbot)"
3.213.106.226 - - [20/Oct/2025:08:54:07 -0400] "GET /tag/chief-minister-of-uttar-pradesh/ HTTP/1.1" 200 121684 "-" "Mozilla/5.0 AppleWebKit/537.36 (KHTML, like Gecko; compatible; Amazonbot/0.1; +https://developer.amazon.com/support/amazonbot) Chrome/119.0.6045.214 Safari/537.36"
20.171.207.51 - - [20/Oct/2025:08:54:07 -0400] "GET /wp-json/oembed/1.0/embed?url=https%3A%2F%2Fwahgazab.com%2Fsecret-behind-the-immortal-pair-of-white-pigeons-in-amarnath-temple%2F HTTP/2.0" 200 3458 "-" "Mozilla/5.0 AppleWebKit/537.36 (KHTML, like Gecko; compatible; GPTBot/1.2; +https://openai.com/gptbot)"
20.171.207.51 - - [20/Oct/2025:08:54:09 -0400] "GET /wp-json/oembed/1.0/embed?url=https%3A%2F%2Fwahgazab.com%2Ftemples-built-over-pyres-in-the-premises-of-the-madheshwar-temple%2F HTTP/2.0" 200 3834 "-" "Mozilla/5.0 AppleWebKit/537.36 (KHTML, like Gecko; compatible; GPTBot/1.2; +https://openai.com/gptbot)"
20.171.207.51 - - [20/Oct/2025:08:54:10 -0400] "GET /wp-json/oembed/1.0/embed?url=https%3A%2F%2Fwahgazab.com%2Fwomen-lie-on-the-floor-here-at-narsimha-swami-temple-andhra-pradesh%2F HTTP/2.0" 200 3723 "-" "Mozilla/5.0 AppleWebKit/537.36 (KHTML, like Gecko; compatible; GPTBot/1.2; +https://openai.com/gptbot)"
20.171.207.51 - - [20/Oct/2025:08:54:11 -0400] "GET /wp-json/oembed/1.0/embed?url=https%3A%2F%2Fwahgazab.com%2Fknow-the-interesting-information-related-to-the-worlds-largest-word%2F HTTP/2.0" 200 3214 "-" "Mozilla/5.0 AppleWebKit/537.36 (KHTML, like Gecko; compatible; GPTBot/1.2; +https://openai.com/gptbot)"
20.171.207.51 - - [20/Oct/2025:08:54:12 -0400] "GET /wp-json/oembed/1.0/embed?url=https%3A%2F%2Fwahgazab.com%2Fchildren-who-are-heart-patients-get-cured-for-free-at-this-hospital%2F HTTP/2.0" 200 3795 "-" "Mozilla/5.0 AppleWebKit/537.36 (KHTML, like Gecko; compatible; GPTBot/1.2; +https://openai.com/gptbot)"
100.28.49.152 - - [20/Oct/2025:08:54:12 -0400] "GET /tag/expensive-watches-in-india-with-price/ HTTP/1.1" 200 122047 "-" "Mozilla/5.0 AppleWebKit/537.36 (KHTML, like Gecko; compatible; Amazonbot/0.1; +https://developer.amazon.com/support/amazonbot) Chrome/119.0.6045.214 Safari/537.36"
20.171.207.51 - - [20/Oct/2025:08:54:13 -0400] "GET /wp-json/oembed/1.0/embed?url=https%3A%2F%2Fwahgazab.com%2Ftwo-people-got-married-in-madhya-pradesh-to-please-lord-indradeva%2F HTTP/2.0" 200 3582 "-" "Mozilla/5.0 AppleWebKit/537.36 (KHTML, like Gecko; compatible; GPTBot/1.2; +https://openai.com/gptbot)"
66.249.79.165 - - [20/Oct/2025:08:54:13 -0400] "GET /tag/splendid-perfumes-that-drive-men-crazy/?amp HTTP/1.1" 200 122310 "-" "Mozilla/5.0 (Linux; Android 6.0.1; Nexus 5X Build/MMB29P) AppleWebKit/537.36 (KHTML, like Gecko) Chrome/140.0.7339.207 Mobile Safari/537.36 (compatible; Googlebot/2.1; +http://www.google.com/bot.html)"
20.171.207.51 - - [20/Oct/2025:08:54:14 -0400] "GET /wp-json/oembed/1.0/embed?url=https%3A%2F%2Fwahgazab.com%2Fthis-bank-helped-shatrughan-sinha-and-his-three-brothers-make-big%2F HTTP/2.0" 200 3631 "-" "Mozilla/5.0 AppleWebKit/537.36 (KHTML, like Gecko; compatible; GPTBot/1.2; +https://openai.com/gptbot)"
20.171.207.51 - - [20/Oct/2025:08:54:16 -0400] "GET /wp-json/oembed/1.0/embed?url=https%3A%2F%2Fwahgazab.com%2Fpassengers-requested-for-an-emergency-landing-due-to-a-persons-odor%2F HTTP/2.0" 200 3622 "-" "Mozilla/5.0 AppleWebKit/537.36 (KHTML, like Gecko; compatible; GPTBot/1.2; +https://openai.com/gptbot)"
20.171.207.51 - - [20/Oct/2025:08:54:17 -0400] "GET /wp-json/oembed/1.0/embed?url=https%3A%2F%2Fwahgazab.com%2Frishi-kapoor-makes-a-statement-about-gandhi-clan-creates-a-row%2F HTTP/2.0" 200 3297 "-" "Mozilla/5.0 AppleWebKit/537.36 (KHTML, like Gecko; compatible; GPTBot/1.2; +https://openai.com/gptbot)"
20.171.207.51 - - [20/Oct/2025:08:54:18 -0400] "GET /wp-json/oembed/1.0/embed?url=https%3A%2F%2Fwahgazab.com%2Fmillions-of-people-die-due-to-accidents-on-these-dangerous-roads%2F HTTP/2.0" 200 3870 "-" "Mozilla/5.0 AppleWebKit/537.36 (KHTML, like Gecko; compatible; GPTBot/1.2; +https://openai.com/gptbot)"
20.171.207.51 - - [20/Oct/2025:08:54:19 -0400] "GET /wp-json/oembed/1.0/embed?url=https%3A%2F%2Fwahgazab.com%2Fthe-truth-behind-the-woman-offering-namaz-on-the-tree-revealed%2F HTTP/2.0" 200 3203 "-" "Mozilla/5.0 AppleWebKit/537.36 (KHTML, like Gecko; compatible; GPTBot/1.2; +https://openai.com/gptbot)"
20.171.207.51 - - [20/Oct/2025:08:54:20 -0400] "GET /wp-json/oembed/1.0/embed?url=https%3A%2F%2Fwahgazab.com%2Fpeople-have-fun-with-these-swings-to-save-themselves-from-death%2F HTTP/2.0" 200 3256 "-" "Mozilla/5.0 AppleWebKit/537.36 (KHTML, like Gecko; compatible; GPTBot/1.2; +https://openai.com/gptbot)"
20.171.207.51 - - [20/Oct/2025:08:54:21 -0400] "GET /wp-json/oembed/1.0/embed?url=https%3A%2F%2Fwahgazab.com%2Fnine-interesting-things-related-to-the-life-of-parineeti-chopra%2F HTTP/2.0" 200 2990 "-" "Mozilla/5.0 AppleWebKit/537.36 (KHTML, like Gecko; compatible; GPTBot/1.2; +https://openai.com/gptbot)"
20.171.207.51 - - [20/Oct/2025:08:54:22 -0400] "GET /wp-json/oembed/1.0/embed?url=https%3A%2F%2Fwahgazab.com%2Fhome-remedies-to-resolve-the-life-problems-using-sesame-seeds%2F HTTP/2.0" 200 3264 "-" "Mozilla/5.0 AppleWebKit/537.36 (KHTML, like Gecko; compatible; GPTBot/1.2; +https://openai.com/gptbot)"
20.171.207.51 - - [20/Oct/2025:08:54:24 -0400] "GET /wp-json/oembed/1.0/embed?url=https%3A%2F%2Fwahgazab.com%2Fchildren-dragged-parents-to-police-for-not-allowing-to-go-to-school%2F HTTP/2.0" 200 3255 "-" "Mozilla/5.0 AppleWebKit/537.36 (KHTML, like Gecko; compatible; GPTBot/1.2; +https://openai.com/gptbot)"
20.171.207.51 - - [20/Oct/2025:08:54:25 -0400] "GET /wp-json/oembed/1.0/embed?url=https%3A%2F%2Fwahgazab.com%2Ftwin-sisters-want-to-do-this-with-their-common-boyfriend-together%2F HTTP/2.0" 200 3188 "-" "Mozilla/5.0 AppleWebKit/537.36 (KHTML, like Gecko; compatible; GPTBot/1.2; +https://openai.com/gptbot)"
66.116.199.115 - - [20/Oct/2025:08:54:26 -0400] "POST /wp-cron.php?doing_wp_cron=1760964866.8019258975982666015625 HTTP/1.1" 200 - "-" "WordPress/6.8.3; https://wahgazab.com"
20.171.207.51 - - [20/Oct/2025:08:54:26 -0400] "GET /wp-json/oembed/1.0/embed?url=https%3A%2F%2Fwahgazab.com%2Fflowers-growing-on-bamboo-trees-scared-people-know-the-secret%2F HTTP/2.0" 200 3630 "-" "Mozilla/5.0 AppleWebKit/537.36 (KHTML, like Gecko; compatible; GPTBot/1.2; +https://openai.com/gptbot)"
54.162.69.192 - - [20/Oct/2025:08:54:26 -0400] "GET /tag/nirmal-baba-net-worth/ HTTP/1.1" 200 122067 "-" "Mozilla/5.0 AppleWebKit/537.36 (KHTML, like Gecko; compatible; Amazonbot/0.1; +https://developer.amazon.com/support/amazonbot) Chrome/119.0.6045.214 Safari/537.36"
20.171.207.51 - - [20/Oct/2025:08:54:27 -0400] "GET /wp-json/oembed/1.0/embed?url=https%3A%2F%2Fwahgazab.com%2Fmadras-high-court-issued-a-verdict-over-a-inter-caste-marriage%2F HTTP/2.0" 200 3375 "-" "Mozilla/5.0 AppleWebKit/537.36 (KHTML, like Gecko; compatible; GPTBot/1.2; +https://openai.com/gptbot)"
20.171.207.51 - - [20/Oct/2025:08:54:28 -0400] "GET /wp-json/oembed/1.0/embed?url=https%3A%2F%2Fwahgazab.com%2Fhere-is-what-the-characters-from-shaktiman-are-doing-these-days%2F HTTP/2.0" 200 3792 "-" "Mozilla/5.0 AppleWebKit/537.36 (KHTML, like Gecko; compatible; GPTBot/1.2; +https://openai.com/gptbot)"
20.171.207.51 - - [20/Oct/2025:08:54:29 -0400] "GET /wp-json/oembed/1.0/embed?url=https%3A%2F%2Fwahgazab.com%2Fa-man-wearing-female-inner-wear-found-roaming-inside-a-girls-hostel%2F HTTP/2.0" 200 3513 "-" "Mozilla/5.0 AppleWebKit/537.36 (KHTML, like Gecko; compatible; GPTBot/1.2; +https://openai.com/gptbot)"
57.141.0.18 - - [20/Oct/2025:08:54:28 -0400] "GET /lord-ganesha-statue-found-at-the-top-of-a-4000-feet-high-mountain/ HTTP/2.0" 200 283804 "-" "meta-externalagent/1.1 (+https://developers.facebook.com/docs/sharing/webmasters/crawler)"
20.171.207.51 - - [20/Oct/2025:08:54:31 -0400] "GET /wp-json/oembed/1.0/embed?url=https%3A%2F%2Fwahgazab.com%2Fpeta-gave-the-title-of-hottest-vegetarian-to-aamir-and-anushka%2F HTTP/2.0" 200 3310 "-" "Mozilla/5.0 AppleWebKit/537.36 (KHTML, like Gecko; compatible; GPTBot/1.2; +https://openai.com/gptbot)"
20.171.207.51 - - [20/Oct/2025:08:54:32 -0400] "GET /wp-json/oembed/1.0/embed?url=https%3A%2F%2Fwahgazab.com%2Fshrimad-bhagwat-geeta-has-got-the-solutions-to-all-your-problems%2F HTTP/2.0" 200 3471 "-" "Mozilla/5.0 AppleWebKit/537.36 (KHTML, like Gecko; compatible; GPTBot/1.2; +https://openai.com/gptbot)"
3.226.106.93 - - [20/Oct/2025:08:54:32 -0400] "GET /doctor-gets-penalized-with-2-5-crores-for-not-curing-the-cat-well/ HTTP/1.1" 200 282606 "-" "Mozilla/5.0 AppleWebKit/537.36 (KHTML, like Gecko; compatible; Amazonbot/0.1; +https://developer.amazon.com/support/amazonbot) Chrome/119.0.6045.214 Safari/537.36"
20.171.207.51 - - [20/Oct/2025:08:54:33 -0400] "GET /wp-json/oembed/1.0/embed?url=https%3A%2F%2Fwahgazab.com%2Fknow-about-bharatkoop-well-that-can-heal-the-diseases-of-people%2F HTTP/2.0" 200 3860 "-" "Mozilla/5.0 AppleWebKit/537.36 (KHTML, like Gecko; compatible; GPTBot/1.2; +https://openai.com/gptbot)"
20.171.207.51 - - [20/Oct/2025:08:54:34 -0400] "GET /wp-json/oembed/1.0/embed?url=https%3A%2F%2Fwahgazab.com%2Fwhen-mahatma-gandhi-denies-paying-regards-to-indian-national-flag%2F HTTP/2.0" 200 3445 "-" "Mozilla/5.0 AppleWebKit/537.36 (KHTML, like Gecko; compatible; GPTBot/1.2; +https://openai.com/gptbot)"
20.171.207.51 - - [20/Oct/2025:08:54:35 -0400] "GET /wp-json/oembed/1.0/embed?url=https%3A%2F%2Fwahgazab.com%2Fgods-and-goddesses-get-death-sentence-at-this-bhangaram-devi-temple%2F HTTP/2.0" 200 3681 "-" "Mozilla/5.0 AppleWebKit/537.36 (KHTML, like Gecko; compatible; GPTBot/1.2; +https://openai.com/gptbot)"
20.171.207.51 - - [20/Oct/2025:08:54:36 -0400] "GET /wp-json/oembed/1.0/embed?url=https%3A%2F%2Fwahgazab.com%2Fthe-murderer-of-the-friend-got-arrested-cause-of-facebook-selfie%2F HTTP/2.0" 200 3268 "-" "Mozilla/5.0 AppleWebKit/537.36 (KHTML, like Gecko; compatible; GPTBot/1.2; +https://openai.com/gptbot)"
20.171.207.51 - - [20/Oct/2025:08:54:37 -0400] "GET /wp-json/oembed/1.0/embed?url=https%3A%2F%2Fwahgazab.com%2Fbirthday-girl-sonakshi-sinha-attained-great-heights-in-lesser-time%2F HTTP/2.0" 200 3510 "-" "Mozilla/5.0 AppleWebKit/537.36 (KHTML, like Gecko; compatible; GPTBot/1.2; +https://openai.com/gptbot)"
20.171.207.51 - - [20/Oct/2025:08:54:39 -0400] "GET /wp-json/oembed/1.0/embed?url=https%3A%2F%2Fwahgazab.com%2Fthese-ancient-indian-universities-were-once-number-one-in-world%2F HTTP/2.0" 200 3238 "-" "Mozilla/5.0 AppleWebKit/537.36 (KHTML, like Gecko; compatible; GPTBot/1.2; +https://openai.com/gptbot)"
20.171.207.51 - - [20/Oct/2025:08:54:40 -0400] "GET /wp-json/oembed/1.0/embed?url=https%3A%2F%2Fwahgazab.com%2Fthere-is-a-gods-noble-soul-who-reunites-thousand-separated-people%2F HTTP/2.0" 200 3097 "-" "Mozilla/5.0 AppleWebKit/537.36 (KHTML, like Gecko; compatible; GPTBot/1.2; +https://openai.com/gptbot)"
20.171.207.51 - - [20/Oct/2025:08:54:41 -0400] "GET /wp-json/oembed/1.0/embed?url=https%3A%2F%2Fwahgazab.com%2Fsushmita-sen-educates-her-daughter-about-life-through-a-letter%2F HTTP/2.0" 200 3327 "-" "Mozilla/5.0 AppleWebKit/537.36 (KHTML, like Gecko; compatible; GPTBot/1.2; +https://openai.com/gptbot)"
20.171.207.51 - - [20/Oct/2025:08:54:42 -0400] "GET /wp-json/oembed/1.0/embed?url=https%3A%2F%2Fwahgazab.com%2Fthese-secret-superstars-would-amaze-you-with-their-superb-talents%2F HTTP/2.0" 200 3681 "-" "Mozilla/5.0 AppleWebKit/537.36 (KHTML, like Gecko; compatible; GPTBot/1.2; +https://openai.com/gptbot)"
35.168.238.50 - - [20/Oct/2025:08:54:43 -0400] "GET /tag/engaged-in-clothing-stains-will-disappear-tips/ HTTP/1.1" 200 122747 "-" "Mozilla/5.0 AppleWebKit/537.36 (KHTML, like Gecko; compatible; Amazonbot/0.1; +https://developer.amazon.com/support/amazonbot) Chrome/119.0.6045.214 Safari/537.36"
20.171.207.51 - - [20/Oct/2025:08:54:43 -0400] "GET /wp-json/oembed/1.0/embed?url=https%3A%2F%2Fwahgazab.com%2Fpeople-celebrate-holi-on-the-day-of-muharram-and-spread-harmony%2F HTTP/2.0" 200 3673 "-" "Mozilla/5.0 AppleWebKit/537.36 (KHTML, like Gecko; compatible; GPTBot/1.2; +https://openai.com/gptbot)"
20.171.207.51 - - [20/Oct/2025:08:54:44 -0400] "GET /wp-json/oembed/1.0/embed?url=https%3A%2F%2Fwahgazab.com%2Fincome-tax-department-sent-this-goatherder-a-notice-to-deposit-tax%2F HTTP/2.0" 200 3233 "-" "Mozilla/5.0 AppleWebKit/537.36 (KHTML, like Gecko; compatible; GPTBot/1.2; +https://openai.com/gptbot)"
20.171.207.51 - - [20/Oct/2025:08:54:45 -0400] "GET /wp-json/oembed/1.0/embed?url=https%3A%2F%2Fwahgazab.com%2Fthis-indian-village-situated-at-the-highest-altitude-in-the-world%2F HTTP/2.0" 200 3359 "-" "Mozilla/5.0 AppleWebKit/537.36 (KHTML, like Gecko; compatible; GPTBot/1.2; +https://openai.com/gptbot)"
20.171.207.51 - - [20/Oct/2025:08:54:47 -0400] "GET /wp-json/oembed/1.0/embed?url=https%3A%2F%2Fwahgazab.com%2Fthis-strange-marriage-taken-place-in-the-name-of-mahatma-gandhi%2F HTTP/2.0" 200 3251 "-" "Mozilla/5.0 AppleWebKit/537.36 (KHTML, like Gecko; compatible; GPTBot/1.2; +https://openai.com/gptbot)"
34.230.124.21 - - [20/Oct/2025:08:54:48 -0400] "GET /tag/beauty-ideas-using-a-face-scrub/ HTTP/1.1" 200 121952 "-" "Mozilla/5.0 AppleWebKit/537.36 (KHTML, like Gecko; compatible; Amazonbot/0.1; +https://developer.amazon.com/support/amazonbot) Chrome/119.0.6045.214 Safari/537.36"
20.171.207.51 - - [20/Oct/2025:08:54:48 -0400] "GET /free-balochistan-slogan-during-nawaz-speech-in-us-2/feed/ HTTP/2.0" 200 948 "-" "Mozilla/5.0 AppleWebKit/537.36 (KHTML, like Gecko; compatible; GPTBot/1.2; +https://openai.com/gptbot)"
20.171.207.51 - - [20/Oct/2025:08:54:49 -0400] "GET /wp-json/oembed/1.0/embed?url=https%3A%2F%2Fwahgazab.com%2Fthis-little-thing-causes-happiness-at-your-home-and-makes-you-prosper%2F HTTP/2.0" 200 3430 "-" "Mozilla/5.0 AppleWebKit/537.36 (KHTML, like Gecko; compatible; GPTBot/1.2; +https://openai.com/gptbot)"
20.171.207.51 - - [20/Oct/2025:08:54:50 -0400] "GET /wp-json/oembed/1.0/embed?url=https%3A%2F%2Fwahgazab.com%2Ffather-saves-the-life-of-his-son-in-this-incredible-way%2F HTTP/2.0" 200 3423 "-" "Mozilla/5.0 AppleWebKit/537.36 (KHTML, like Gecko; compatible; GPTBot/1.2; +https://openai.com/gptbot)"
20.171.207.51 - - [20/Oct/2025:08:54:51 -0400] "GET /wp-json/oembed/1.0/embed?url=https%3A%2F%2Fwahgazab.com%2Findia-won-by-22-runs-against-south-africa-on-the-2nd-one-day-series%2F HTTP/2.0" 200 3360 "-" "Mozilla/5.0 AppleWebKit/537.36 (KHTML, like Gecko; compatible; GPTBot/1.2; +https://openai.com/gptbot)"
20.171.207.51 - - [20/Oct/2025:08:54:52 -0400] "GET /wp-json/wp/v2/tags/4445 HTTP/2.0" 200 618 "-" "Mozilla/5.0 AppleWebKit/537.36 (KHTML, like Gecko; compatible; GPTBot/1.2; +https://openai.com/gptbot)"
52.22.87.224 - - [20/Oct/2025:08:54:51 -0400] "GET /tag/woman-mountaineer-santosh-yadav/ HTTP/1.1" 200 122742 "-" "Mozilla/5.0 AppleWebKit/537.36 (KHTML, like Gecko; compatible; Amazonbot/0.1; +https://developer.amazon.com/support/amazonbot) Chrome/119.0.6045.214 Safari/537.36"
20.171.207.51 - - [20/Oct/2025:08:54:54 -0400] "GET /wp-json/wp/v2/tags/3777 HTTP/2.0" 200 699 "-" "Mozilla/5.0 AppleWebKit/537.36 (KHTML, like Gecko; compatible; GPTBot/1.2; +https://openai.com/gptbot)"
20.171.207.51 - - [20/Oct/2025:08:54:55 -0400] "GET /wp-json/wp/v2/tags/7888 HTTP/2.0" 200 663 "-" "Mozilla/5.0 AppleWebKit/537.36 (KHTML, like Gecko; compatible; GPTBot/1.2; +https://openai.com/gptbot)"
20.171.207.51 - - [20/Oct/2025:08:54:56 -0400] "GET /a-friend-cuts-his-friends-private-part-unintentionally/feed/ HTTP/2.0" 200 1041 "-" "Mozilla/5.0 AppleWebKit/537.36 (KHTML, like Gecko; compatible; GPTBot/1.2; +https://openai.com/gptbot)"
20.171.207.51 - - [20/Oct/2025:08:54:57 -0400] "GET /wp-json/oembed/1.0/embed?url=https%3A%2F%2Fwahgazab.com%2Felephant-to-walk-on-the-road-putting-shoes-on%2F HTTP/2.0" 200 2844 "-" "Mozilla/5.0 AppleWebKit/537.36 (KHTML, like Gecko; compatible; GPTBot/1.2; +https://openai.com/gptbot)"
20.171.207.51 - - [20/Oct/2025:08:54:58 -0400] "GET /wp-json/oembed/1.0/embed?url=https%3A%2F%2Fwahgazab.com%2Fthis-theft-of-bike-to-give-you-a-fits-of-laughter%2F HTTP/2.0" 200 3281 "-" "Mozilla/5.0 AppleWebKit/537.36 (KHTML, like Gecko; compatible; GPTBot/1.2; +https://openai.com/gptbot)"
20.171.207.51 - - [20/Oct/2025:08:54:59 -0400] "GET /marriage-issues-5-questions-to-tackle-them/feed/ HTTP/2.0" 200 874 "-" "Mozilla/5.0 AppleWebKit/537.36 (KHTML, like Gecko; compatible; GPTBot/1.2; +https://openai.com/gptbot)"
52.2.4.213 - - [20/Oct/2025:08:54:59 -0400] "GET /tag/8-february-1973/ HTTP/1.1" 200 121924 "-" "Mozilla/5.0 AppleWebKit/537.36 (KHTML, like Gecko; compatible; Amazonbot/0.1; +https://developer.amazon.com/support/amazonbot) Chrome/119.0.6045.214 Safari/537.36"
20.171.207.51 - - [20/Oct/2025:08:55:01 -0400] "GET /wp-json/oembed/1.0/embed?url=https%3A%2F%2Fwahgazab.com%2Fthis-animal-asks-for-food-to-people-and-feeds-some-other%2F HTTP/2.0" 200 3214 "-" "Mozilla/5.0 AppleWebKit/537.36 (KHTML, like Gecko; compatible; GPTBot/1.2; +https://openai.com/gptbot)"
20.171.207.51 - - [20/Oct/2025:08:55:02 -0400] "GET /wp-json/oembed/1.0/embed?url=https%3A%2F%2Fwahgazab.com%2Ftamasha-music-album-released-best-of-the-best-songs%2F HTTP/2.0" 200 3222 "-" "Mozilla/5.0 AppleWebKit/537.36 (KHTML, like Gecko; compatible; GPTBot/1.2; +https://openai.com/gptbot)"
20.171.207.51 - - [20/Oct/2025:08:55:03 -0400] "GET /wp-json/oembed/1.0/embed?url=https%3A%2F%2Fwahgazab.com%2Fhritik-roshan-brings-real-life-hero-story%2F HTTP/2.0" 200 2944 "-" "Mozilla/5.0 AppleWebKit/537.36 (KHTML, like Gecko; compatible; GPTBot/1.2; +https://openai.com/gptbot)"
20.171.207.51 - - [20/Oct/2025:08:55:04 -0400] "GET /wp-json/oembed/1.0/embed?url=https%3A%2F%2Fwahgazab.com%2Fbigg-boss-9-5th-day-was-all-about-fun-and-back-biting%2F HTTP/2.0" 200 3167 "-" "Mozilla/5.0 AppleWebKit/537.36 (KHTML, like Gecko; compatible; GPTBot/1.2; +https://openai.com/gptbot)"
34.234.206.30 - - [20/Oct/2025:08:55:04 -0400] "GET /tag/exposure-star-abhishek-mishra-made/ HTTP/1.1" 200 122186 "-" "Mozilla/5.0 AppleWebKit/537.36 (KHTML, like Gecko; compatible; Amazonbot/0.1; +https://developer.amazon.com/support/amazonbot) Chrome/119.0.6045.214 Safari/537.36"
20.171.207.51 - - [20/Oct/2025:08:55:05 -0400] "GET /wp-json/oembed/1.0/embed?url=https%3A%2F%2Fwahgazab.com%2Fdont-ever-say-these-10-things-to-an-indian-girl%2F HTTP/2.0" 200 3048 "-" "Mozilla/5.0 AppleWebKit/537.36 (KHTML, like Gecko; compatible; GPTBot/1.2; +https://openai.com/gptbot)"
20.171.207.51 - - [20/Oct/2025:08:55:06 -0400] "GET /wp-json/oembed/1.0/embed?url=https%3A%2F%2Fwahgazab.com%2Fthese-strange-creatures-never-show-up-in-the-real-world%2F HTTP/2.0" 200 3370 "-" "Mozilla/5.0 AppleWebKit/537.36 (KHTML, like Gecko; compatible; GPTBot/1.2; +https://openai.com/gptbot)"
20.171.207.51 - - [20/Oct/2025:08:55:07 -0400] "GET /wp-json/oembed/1.0/embed?url=https%3A%2F%2Fwahgazab.com%2Fthis-hotel-waiter-becomes-a-billionaire-in-nineteen-years%2F HTTP/2.0" 200 3279 "-" "Mozilla/5.0 AppleWebKit/537.36 (KHTML, like Gecko; compatible; GPTBot/1.2; +https://openai.com/gptbot)"
3.216.13.10 - - [20/Oct/2025:08:55:08 -0400] "GET /tag/now-you-can-even-search-the-mechanics-on-facebook/ HTTP/1.1" 200 121921 "-" "Mozilla/5.0 AppleWebKit/537.36 (KHTML, like Gecko; compatible; Amazonbot/0.1; +https://developer.amazon.com/support/amazonbot) Chrome/119.0.6045.214 Safari/537.36"
20.171.207.51 - - [20/Oct/2025:08:55:08 -0400] "GET /wp-json/oembed/1.0/embed?url=https%3A%2F%2Fwahgazab.com%2Fimam-hussain-being-remembered-on-the-occasion-of-muharram%2F HTTP/2.0" 200 2892 "-" "Mozilla/5.0 AppleWebKit/537.36 (KHTML, like Gecko; compatible; GPTBot/1.2; +https://openai.com/gptbot)"
20.171.207.51 - - [20/Oct/2025:08:55:10 -0400] "GET /wp-json/oembed/1.0/embed?url=https%3A%2F%2Fwahgazab.com%2Fboth-hindu-and-muslim-people-worship-together-at-this-temple%2F HTTP/2.0" 200 3261 "-" "Mozilla/5.0 AppleWebKit/537.36 (KHTML, like Gecko; compatible; GPTBot/1.2; +https://openai.com/gptbot)"
20.171.207.51 - - [20/Oct/2025:08:55:11 -0400] "GET /wp-json/oembed/1.0/embed?url=https%3A%2F%2Fwahgazab.com%2Fman-marries-his-mother-in-law-and-ends-up-divorcing-her%2F HTTP/2.0" 200 3490 "-" "Mozilla/5.0 AppleWebKit/537.36 (KHTML, like Gecko; compatible; GPTBot/1.2; +https://openai.com/gptbot)"
20.171.207.51 - - [20/Oct/2025:08:55:12 -0400] "GET /wp-json/oembed/1.0/embed?url=https%3A%2F%2Fwahgazab.com%2Fa-bride-enters-into-the-wedding-place-in-a-dramatic-way%2F HTTP/2.0" 200 3459 "-" "Mozilla/5.0 AppleWebKit/537.36 (KHTML, like Gecko; compatible; GPTBot/1.2; +https://openai.com/gptbot)"
57.141.0.69 - - [20/Oct/2025:08:55:12 -0400] "GET /cannibal-animal-gets-caught-here/ HTTP/2.0" 200 283327 "-" "meta-externalagent/1.1 (+https://developers.facebook.com/docs/sharing/webmasters/crawler)"
20.171.207.51 - - [20/Oct/2025:08:55:13 -0400] "GET /wp-json/wp/v2/posts/1048 HTTP/2.0" 200 18551 "-" "Mozilla/5.0 AppleWebKit/537.36 (KHTML, like Gecko; compatible; GPTBot/1.2; +https://openai.com/gptbot)"
20.171.207.51 - - [20/Oct/2025:08:55:14 -0400] "GET /wp-json/wp/v2/posts/1085 HTTP/2.0" 200 8634 "-" "Mozilla/5.0 AppleWebKit/537.36 (KHTML, like Gecko; compatible; GPTBot/1.2; +https://openai.com/gptbot)"
20.171.207.51 - - [20/Oct/2025:08:55:15 -0400] "GET /wp-json/wp/v2/posts/1043 HTTP/2.0" 200 9758 "-" "Mozilla/5.0 AppleWebKit/537.36 (KHTML, like Gecko; compatible; GPTBot/1.2; +https://openai.com/gptbot)"
20.171.207.51 - - [20/Oct/2025:08:55:17 -0400] "GET /wp-json/wp/v2/posts/1067 HTTP/2.0" 200 10548 "-" "Mozilla/5.0 AppleWebKit/537.36 (KHTML, like Gecko; compatible; GPTBot/1.2; +https://openai.com/gptbot)"
20.171.207.51 - - [20/Oct/2025:08:55:18 -0400] "GET /wp-json/wp/v2/posts/1345 HTTP/2.0" 200 7257 "-" "Mozilla/5.0 AppleWebKit/537.36 (KHTML, like Gecko; compatible; GPTBot/1.2; +https://openai.com/gptbot)"
20.171.207.51 - - [20/Oct/2025:08:55:19 -0400] "GET /wp-json/wp/v2/posts/9658 HTTP/2.0" 200 15091 "-" "Mozilla/5.0 AppleWebKit/537.36 (KHTML, like Gecko; compatible; GPTBot/1.2; +https://openai.com/gptbot)"
20.171.207.51 - - [20/Oct/2025:08:55:20 -0400] "GET /wp-json/wp/v2/posts/1076 HTTP/2.0" 200 11874 "-" "Mozilla/5.0 AppleWebKit/537.36 (KHTML, like Gecko; compatible; GPTBot/1.2; +https://openai.com/gptbot)"
20.171.207.51 - - [20/Oct/2025:08:55:21 -0400] "GET /wp-json/wp/v2/posts/1053 HTTP/2.0" 200 10676 "-" "Mozilla/5.0 AppleWebKit/537.36 (KHTML, like Gecko; compatible; GPTBot/1.2; +https://openai.com/gptbot)"
20.171.207.51 - - [20/Oct/2025:08:55:22 -0400] "GET /wp-json/wp/v2/posts/1093 HTTP/2.0" 200 8198 "-" "Mozilla/5.0 AppleWebKit/537.36 (KHTML, like Gecko; compatible; GPTBot/1.2; +https://openai.com/gptbot)"
20.171.207.51 - - [20/Oct/2025:08:55:23 -0400] "GET /pre-movie-review-of-shaandaar-movie/feed/ HTTP/2.0" 200 859 "-" "Mozilla/5.0 AppleWebKit/537.36 (KHTML, like Gecko; compatible; GPTBot/1.2; +https://openai.com/gptbot)"
20.171.207.51 - - [20/Oct/2025:08:55:25 -0400] "GET /wp-json/wp/v2/posts/1058 HTTP/2.0" 200 8214 "-" "Mozilla/5.0 AppleWebKit/537.36 (KHTML, like Gecko; compatible; GPTBot/1.2; +https://openai.com/gptbot)"
20.171.207.51 - - [20/Oct/2025:08:55:26 -0400] "GET /wp-json/wp/v2/posts/1157 HTTP/2.0" 200 10402 "-" "Mozilla/5.0 AppleWebKit/537.36 (KHTML, like Gecko; compatible; GPTBot/1.2; +https://openai.com/gptbot)"
20.171.207.51 - - [20/Oct/2025:08:55:27 -0400] "GET /wp-json/wp/v2/posts/1109 HTTP/2.0" 200 24093 "-" "Mozilla/5.0 AppleWebKit/537.36 (KHTML, like Gecko; compatible; GPTBot/1.2; +https://openai.com/gptbot)"
20.171.207.51 - - [20/Oct/2025:08:55:28 -0400] "GET /wp-json/wp/v2/posts/1149 HTTP/2.0" 200 7075 "-" "Mozilla/5.0 AppleWebKit/537.36 (KHTML, like Gecko; compatible; GPTBot/1.2; +https://openai.com/gptbot)"
20.171.207.51 - - [20/Oct/2025:08:55:29 -0400] "GET /wp-json/wp/v2/posts/1334 HTTP/2.0" 200 7068 "-" "Mozilla/5.0 AppleWebKit/537.36 (KHTML, like Gecko; compatible; GPTBot/1.2; +https://openai.com/gptbot)"
20.171.207.51 - - [20/Oct/2025:08:55:30 -0400] "GET /wp-json/wp/v2/posts/1163 HTTP/2.0" 200 11641 "-" "Mozilla/5.0 AppleWebKit/537.36 (KHTML, like Gecko; compatible; GPTBot/1.2; +https://openai.com/gptbot)"
20.171.207.51 - - [20/Oct/2025:08:55:32 -0400] "GET /wp-json/wp/v2/posts/1062 HTTP/2.0" 200 20922 "-" "Mozilla/5.0 AppleWebKit/537.36 (KHTML, like Gecko; compatible; GPTBot/1.2; +https://openai.com/gptbot)"
20.171.207.51 - - [20/Oct/2025:08:55:33 -0400] "GET /wp-json/wp/v2/posts/1290 HTTP/2.0" 200 6787 "-" "Mozilla/5.0 AppleWebKit/537.36 (KHTML, like Gecko; compatible; GPTBot/1.2; +https://openai.com/gptbot)"
20.171.207.51 - - [20/Oct/2025:08:55:34 -0400] "GET /wp-json/wp/v2/posts/1342 HTTP/2.0" 200 7084 "-" "Mozilla/5.0 AppleWebKit/537.36 (KHTML, like Gecko; compatible; GPTBot/1.2; +https://openai.com/gptbot)"
20.171.207.51 - - [20/Oct/2025:08:55:35 -0400] "GET /wp-json/wp/v2/posts/1136 HTTP/2.0" 200 8766 "-" "Mozilla/5.0 AppleWebKit/537.36 (KHTML, like Gecko; compatible; GPTBot/1.2; +https://openai.com/gptbot)"
20.171.207.51 - - [20/Oct/2025:08:55:36 -0400] "GET /wp-json/wp/v2/posts/1327 HTTP/2.0" 200 10724 "-" "Mozilla/5.0 AppleWebKit/537.36 (KHTML, like Gecko; compatible; GPTBot/1.2; +https://openai.com/gptbot)"
20.171.207.51 - - [20/Oct/2025:08:55:37 -0400] "GET /wp-json/wp/v2/posts/1099 HTTP/2.0" 200 19108 "-" "Mozilla/5.0 AppleWebKit/537.36 (KHTML, like Gecko; compatible; GPTBot/1.2; +https://openai.com/gptbot)"
20.171.207.51 - - [20/Oct/2025:08:55:38 -0400] "GET /wp-json/wp/v2/posts/1160 HTTP/2.0" 200 8756 "-" "Mozilla/5.0 AppleWebKit/537.36 (KHTML, like Gecko; compatible; GPTBot/1.2; +https://openai.com/gptbot)"
20.171.207.51 - - [20/Oct/2025:08:55:40 -0400] "GET /wp-json/wp/v2/posts/1040 HTTP/2.0" 200 13467 "-" "Mozilla/5.0 AppleWebKit/537.36 (KHTML, like Gecko; compatible; GPTBot/1.2; +https://openai.com/gptbot)"
20.171.207.51 - - [20/Oct/2025:08:55:41 -0400] "GET /wp-json/wp/v2/posts/1270 HTTP/2.0" 200 10403 "-" "Mozilla/5.0 AppleWebKit/537.36 (KHTML, like Gecko; compatible; GPTBot/1.2; +https://openai.com/gptbot)"
20.171.207.51 - - [20/Oct/2025:08:55:42 -0400] "GET /wp-json/wp/v2/posts/1296 HTTP/2.0" 200 6861 "-" "Mozilla/5.0 AppleWebKit/537.36 (KHTML, like Gecko; compatible; GPTBot/1.2; +https://openai.com/gptbot)"
20.171.207.51 - - [20/Oct/2025:08:55:43 -0400] "GET /wp-json/wp/v2/posts/1237 HTTP/2.0" 200 9040 "-" "Mozilla/5.0 AppleWebKit/537.36 (KHTML, like Gecko; compatible; GPTBot/1.2; +https://openai.com/gptbot)"
20.171.207.51 - - [20/Oct/2025:08:55:44 -0400] "GET /wp-json/wp/v2/posts/1289 HTTP/2.0" 200 21099 "-" "Mozilla/5.0 AppleWebKit/537.36 (KHTML, like Gecko; compatible; GPTBot/1.2; +https://openai.com/gptbot)"
20.171.207.51 - - [20/Oct/2025:08:55:45 -0400] "GET /wp-json/wp/v2/posts/1145 HTTP/2.0" 200 10832 "-" "Mozilla/5.0 AppleWebKit/537.36 (KHTML, like Gecko; compatible; GPTBot/1.2; +https://openai.com/gptbot)"
20.171.207.51 - - [20/Oct/2025:08:55:47 -0400] "GET /wp-json/wp/v2/posts/1297 HTTP/2.0" 200 7738 "-" "Mozilla/5.0 AppleWebKit/537.36 (KHTML, like Gecko; compatible; GPTBot/1.2; +https://openai.com/gptbot)"
20.171.207.51 - - [20/Oct/2025:08:55:48 -0400] "GET /wp-json/wp/v2/posts/1071 HTTP/2.0" 200 14603 "-" "Mozilla/5.0 AppleWebKit/537.36 (KHTML, like Gecko; compatible; GPTBot/1.2; +https://openai.com/gptbot)"
20.171.207.51 - - [20/Oct/2025:08:55:49 -0400] "GET /wp-json/wp/v2/posts/1293 HTTP/2.0" 200 8194 "-" "Mozilla/5.0 AppleWebKit/537.36 (KHTML, like Gecko; compatible; GPTBot/1.2; +https://openai.com/gptbot)"
20.171.207.51 - - [20/Oct/2025:08:55:50 -0400] "GET /wp-json/wp/v2/posts/1274 HTTP/2.0" 200 6280 "-" "Mozilla/5.0 AppleWebKit/537.36 (KHTML, like Gecko; compatible; GPTBot/1.2; +https://openai.com/gptbot)"
20.171.207.51 - - [20/Oct/2025:08:55:51 -0400] "GET /wp-json/wp/v2/posts/1016 HTTP/2.0" 200 9340 "-" "Mozilla/5.0 AppleWebKit/537.36 (KHTML, like Gecko; compatible; GPTBot/1.2; +https://openai.com/gptbot)"
20.171.207.51 - - [20/Oct/2025:08:55:52 -0400] "GET /wp-json/wp/v2/posts/1164 HTTP/2.0" 200 10607 "-" "Mozilla/5.0 AppleWebKit/537.36 (KHTML, like Gecko; compatible; GPTBot/1.2; +https://openai.com/gptbot)"
20.171.207.51 - - [20/Oct/2025:08:55:54 -0400] "GET /wp-json/wp/v2/posts/1258 HTTP/2.0" 200 15282 "-" "Mozilla/5.0 AppleWebKit/537.36 (KHTML, like Gecko; compatible; GPTBot/1.2; +https://openai.com/gptbot)"
20.171.207.51 - - [20/Oct/2025:08:55:55 -0400] "GET /wp-json/wp/v2/posts/1294 HTTP/2.0" 200 8933 "-" "Mozilla/5.0 AppleWebKit/537.36 (KHTML, like Gecko; compatible; GPTBot/1.2; +https://openai.com/gptbot)"
57.141.0.54 - - [20/Oct/2025:08:55:54 -0400] "GET /this-picture-can-reveal-a-lot-of-things-about-your-personality/ HTTP/2.0" 200 284025 "-" "meta-externalagent/1.1 (+https://developers.facebook.com/docs/sharing/webmasters/crawler)"
20.171.207.51 - - [20/Oct/2025:08:55:56 -0400] "GET /wp-json/wp/v2/posts/1284 HTTP/2.0" 200 8928 "-" "Mozilla/5.0 AppleWebKit/537.36 (KHTML, like Gecko; compatible; GPTBot/1.2; +https://openai.com/gptbot)"
20.171.207.51 - - [20/Oct/2025:08:55:57 -0400] "GET /wp-json/wp/v2/posts/1088 HTTP/2.0" 200 13551 "-" "Mozilla/5.0 AppleWebKit/537.36 (KHTML, like Gecko; compatible; GPTBot/1.2; +https://openai.com/gptbot)"
20.171.207.51 - - [20/Oct/2025:08:55:58 -0400] "GET /wp-json/wp/v2/posts/1337 HTTP/2.0" 200 7105 "-" "Mozilla/5.0 AppleWebKit/537.36 (KHTML, like Gecko; compatible; GPTBot/1.2; +https://openai.com/gptbot)"
20.171.207.51 - - [20/Oct/2025:08:56:00 -0400] "GET /wp-json/wp/v2/posts/1008 HTTP/2.0" 200 8597 "-" "Mozilla/5.0 AppleWebKit/537.36 (KHTML, like Gecko; compatible; GPTBot/1.2; +https://openai.com/gptbot)"
20.171.207.51 - - [20/Oct/2025:08:56:01 -0400] "GET /wp-json/wp/v2/posts/1005 HTTP/2.0" 200 8647 "-" "Mozilla/5.0 AppleWebKit/537.36 (KHTML, like Gecko; compatible; GPTBot/1.2; +https://openai.com/gptbot)"
20.171.207.51 - - [20/Oct/2025:08:56:02 -0400] "GET /wp-json/wp/v2/posts/1024 HTTP/2.0" 200 7564 "-" "Mozilla/5.0 AppleWebKit/537.36 (KHTML, like Gecko; compatible; GPTBot/1.2; +https://openai.com/gptbot)"
20.171.207.51 - - [20/Oct/2025:08:56:03 -0400] "GET /wp-json/wp/v2/posts/1298 HTTP/2.0" 200 6631 "-" "Mozilla/5.0 AppleWebKit/537.36 (KHTML, like Gecko; compatible; GPTBot/1.2; +https://openai.com/gptbot)"
20.171.207.51 - - [20/Oct/2025:08:56:04 -0400] "GET /wp-json/wp/v2/posts/1245 HTTP/2.0" 200 12823 "-" "Mozilla/5.0 AppleWebKit/537.36 (KHTML, like Gecko; compatible; GPTBot/1.2; +https://openai.com/gptbot)"
20.171.207.51 - - [20/Oct/2025:08:56:05 -0400] "GET /wp-json/wp/v2/posts/1159 HTTP/2.0" 200 18107 "-" "Mozilla/5.0 AppleWebKit/537.36 (KHTML, like Gecko; compatible; GPTBot/1.2; +https://openai.com/gptbot)"
20.171.207.51 - - [20/Oct/2025:08:56:07 -0400] "GET /wp-json/wp/v2/posts/1032 HTTP/2.0" 200 10695 "-" "Mozilla/5.0 AppleWebKit/537.36 (KHTML, like Gecko; compatible; GPTBot/1.2; +https://openai.com/gptbot)"
20.171.207.51 - - [20/Oct/2025:08:56:08 -0400] "GET /wp-json/wp/v2/posts/1156 HTTP/2.0" 200 16698 "-" "Mozilla/5.0 AppleWebKit/537.36 (KHTML, like Gecko; compatible; GPTBot/1.2; +https://openai.com/gptbot)"
20.171.207.51 - - [20/Oct/2025:08:56:09 -0400] "GET /bhajji-geeta-to-get-married-on-29th-october/feed/ HTTP/2.0" 200 884 "-" "Mozilla/5.0 AppleWebKit/537.36 (KHTML, like Gecko; compatible; GPTBot/1.2; +https://openai.com/gptbot)"
20.171.207.51 - - [20/Oct/2025:08:56:10 -0400] "GET /wp-json/oembed/1.0/embed?url=https%3A%2F%2Fwahgazab.com%2Fa-friend-cuts-his-friends-private-part-unintentionally%2F HTTP/2.0" 200 3634 "-" "Mozilla/5.0 AppleWebKit/537.36 (KHTML, like Gecko; compatible; GPTBot/1.2; +https://openai.com/gptbot)"
20.171.207.51 - - [20/Oct/2025:08:56:11 -0400] "GET /wp-json/oembed/1.0/embed?url=https%3A%2F%2Fwahgazab.com%2Falia-awaits-to-do-a-movie-with-a-special-hero%2F HTTP/2.0" 200 3006 "-" "Mozilla/5.0 AppleWebKit/537.36 (KHTML, like Gecko; compatible; GPTBot/1.2; +https://openai.com/gptbot)"
20.171.207.51 - - [20/Oct/2025:08:56:12 -0400] "GET /wp-json/wp/v2/tags/7277 HTTP/2.0" 200 606 "-" "Mozilla/5.0 AppleWebKit/537.36 (KHTML, like Gecko; compatible; GPTBot/1.2; +https://openai.com/gptbot)"
20.171.207.51 - - [20/Oct/2025:08:56:13 -0400] "GET /wp-json/wp/v2/tags/7373 HTTP/2.0" 200 618 "-" "Mozilla/5.0 AppleWebKit/537.36 (KHTML, like Gecko; compatible; GPTBot/1.2; +https://openai.com/gptbot)"
20.171.207.51 - - [20/Oct/2025:08:56:15 -0400] "GET /wp-json/wp/v2/tags/1166 HTTP/2.0" 200 645 "-" "Mozilla/5.0 AppleWebKit/537.36 (KHTML, like Gecko; compatible; GPTBot/1.2; +https://openai.com/gptbot)"
20.171.207.51 - - [20/Oct/2025:08:56:16 -0400] "GET /wp-json/wp/v2/tags/8182 HTTP/2.0" 200 639 "-" "Mozilla/5.0 AppleWebKit/537.36 (KHTML, like Gecko; compatible; GPTBot/1.2; +https://openai.com/gptbot)"
20.171.207.51 - - [20/Oct/2025:08:56:17 -0400] "GET /wp-json/wp/v2/tags/5662 HTTP/2.0" 200 630 "-" "Mozilla/5.0 AppleWebKit/537.36 (KHTML, like Gecko; compatible; GPTBot/1.2; +https://openai.com/gptbot)"
20.171.207.51 - - [20/Oct/2025:08:56:18 -0400] "GET /wp-json/wp/v2/tags/3230 HTTP/2.0" 200 621 "-" "Mozilla/5.0 AppleWebKit/537.36 (KHTML, like Gecko; compatible; GPTBot/1.2; +https://openai.com/gptbot)"
20.171.207.51 - - [20/Oct/2025:08:56:19 -0400] "GET /wp-json/wp/v2/tags/3133 HTTP/2.0" 200 615 "-" "Mozilla/5.0 AppleWebKit/537.36 (KHTML, like Gecko; compatible; GPTBot/1.2; +https://openai.com/gptbot)"
20.171.207.51 - - [20/Oct/2025:08:56:20 -0400] "GET /wp-json/wp/v2/tags/2727 HTTP/2.0" 200 612 "-" "Mozilla/5.0 AppleWebKit/537.36 (KHTML, like Gecko; compatible; GPTBot/1.2; +https://openai.com/gptbot)"
20.171.207.51 - - [20/Oct/2025:08:56:22 -0400] "GET /wp-json/wp/v2/tags/1721 HTTP/2.0" 200 576 "-" "Mozilla/5.0 AppleWebKit/537.36 (KHTML, like Gecko; compatible; GPTBot/1.2; +https://openai.com/gptbot)"
20.171.207.51 - - [20/Oct/2025:08:56:23 -0400] "GET /wp-json/wp/v2/tags/5562 HTTP/2.0" 200 603 "-" "Mozilla/5.0 AppleWebKit/537.36 (KHTML, like Gecko; compatible; GPTBot/1.2; +https://openai.com/gptbot)"
20.171.207.51 - - [20/Oct/2025:08:56:24 -0400] "GET /wp-json/wp/v2/tags/8728 HTTP/2.0" 200 618 "-" "Mozilla/5.0 AppleWebKit/537.36 (KHTML, like Gecko; compatible; GPTBot/1.2; +https://openai.com/gptbot)"
20.171.207.51 - - [20/Oct/2025:08:56:25 -0400] "GET /wp-json/oembed/1.0/embed?url=https%3A%2F%2Fwahgazab.com%2Ffunny-video-of-this-bride-in-the-wedding-will-give-you-a-fits-of-laughter%2F HTTP/2.0" 200 3505 "-" "Mozilla/5.0 AppleWebKit/537.36 (KHTML, like Gecko; compatible; GPTBot/1.2; +https://openai.com/gptbot)"
20.171.207.51 - - [20/Oct/2025:08:56:26 -0400] "GET /wp-json/oembed/1.0/embed?url=https%3A%2F%2Fwahgazab.com%2Ffirst-refrigerator-in-india-to-feed-hungry-people%2F HTTP/2.0" 200 3030 "-" "Mozilla/5.0 AppleWebKit/537.36 (KHTML, like Gecko; compatible; GPTBot/1.2; +https://openai.com/gptbot)"
66.249.79.166 - - [20/Oct/2025:08:56:27 -0400] "GET /?a=8850825573102&channel=3395f3&from=product.php%3Fid%3D255731-2662%26name%3D%E5%A4%A7%E5%92%8C%E8%A3%BD%E8%A1%A1+%E3%83%87%E3%82%B8%E3%82%BF%E3%83%AB%E5%8F%B0%E3%81%AF%E3%81%8B%E3%82%8A+%E6%A4%9C%E5%AE%9A%E4%BB%98%28%E3%83%A1%E3%83%BC%E3%82%AB%E3%83%BC%E5%AE%9F%E6%96%BD%E6%A0%A1%E6%AD%A3%E8%A8%BC%E6%98%8E%E6%9B%B8%E4%B8%80%E5%BC%8F%E4%BB%98%29+%28+DP-5700A-150D-12-KOUSEI+%29+%E5%A4%A7%E5%92%8C%E8%A3%BD%E8%A1%A1 HTTP/1.1" 301 - "-" "Mozilla/5.0 (Linux; Android 6.0.1; Nexus 5X Build/MMB29P) AppleWebKit/537.36 (KHTML, like Gecko) Chrome/140.0.7339.207 Mobile Safari/537.36 (compatible; Googlebot/2.1; +http://www.google.com/bot.html)"
20.171.207.51 - - [20/Oct/2025:08:56:27 -0400] "GET /wp-json/wp/v2/posts/33316 HTTP/2.0" 200 13920 "-" "Mozilla/5.0 AppleWebKit/537.36 (KHTML, like Gecko; compatible; GPTBot/1.2; +https://openai.com/gptbot)"
20.171.207.51 - - [20/Oct/2025:08:56:29 -0400] "GET /wp-json/oembed/1.0/embed?url=https%3A%2F%2Fwahgazab.com%2Fcow-dung-on-sale-you-can-purchase-online%2F HTTP/2.0" 200 3224 "-" "Mozilla/5.0 AppleWebKit/537.36 (KHTML, like Gecko; compatible; GPTBot/1.2; +https://openai.com/gptbot)"
66.249.79.165 - - [20/Oct/2025:08:56:28 -0400] "GET /?a=8850825573102&channel=3395f3&from=product.php%3Fid%3D255731-2662%26name%3D%E5%A4%A7%E5%92%8C%E8%A3%BD%E8%A1%A1%20%E3%83%87%E3%82%B8%E3%82%BF%E3%83%AB%E5%8F%B0%E3%81%AF%E3%81%8B%E3%82%8A%20%E6%A4%9C%E5%AE%9A%E4%BB%98%28%E3%83%A1%E3%83%BC%E3%82%AB%E3%83%BC%E5%AE%9F%E6%96%BD%E6%A0%A1%E6%AD%A3%E8%A8%BC%E6%98%8E%E6%9B%B8%E4%B8%80%E5%BC%8F%E4%BB%98%29%20%28%20DP-5700A-150D-12-KOUSEI%20%29%20%E5%A4%A7%E5%92%8C%E8%A3%BD%E8%A1%A1 HTTP/1.1" 200 201123 "-" "Mozilla/5.0 (Linux; Android 6.0.1; Nexus 5X Build/MMB29P) AppleWebKit/537.36 (KHTML, like Gecko) Chrome/140.0.7339.207 Mobile Safari/537.36 (compatible; Googlebot/2.1; +http://www.google.com/bot.html)"
20.171.207.51 - - [20/Oct/2025:08:56:30 -0400] "GET /wp-json/wp/v2/posts/33365 HTTP/2.0" 200 11359 "-" "Mozilla/5.0 AppleWebKit/537.36 (KHTML, like Gecko; compatible; GPTBot/1.2; +https://openai.com/gptbot)"
20.171.207.51 - - [20/Oct/2025:08:56:31 -0400] "GET /wp-json/wp/v2/posts/33367 HTTP/2.0" 200 11262 "-" "Mozilla/5.0 AppleWebKit/537.36 (KHTML, like Gecko; compatible; GPTBot/1.2; +https://openai.com/gptbot)"
20.171.207.51 - - [20/Oct/2025:08:56:32 -0400] "GET /wp-json/wp/v2/posts/33368 HTTP/2.0" 200 15529 "-" "Mozilla/5.0 AppleWebKit/537.36 (KHTML, like Gecko; compatible; GPTBot/1.2; +https://openai.com/gptbot)"
20.171.207.51 - - [20/Oct/2025:08:56:33 -0400] "GET /wp-json/wp/v2/posts/33349 HTTP/2.0" 200 7616 "-" "Mozilla/5.0 AppleWebKit/537.36 (KHTML, like Gecko; compatible; GPTBot/1.2; +https://openai.com/gptbot)"
20.171.207.51 - - [20/Oct/2025:08:56:34 -0400] "GET /wp-json/wp/v2/posts/33340 HTTP/2.0" 200 10448 "-" "Mozilla/5.0 AppleWebKit/537.36 (KHTML, like Gecko; compatible; GPTBot/1.2; +https://openai.com/gptbot)"
20.171.207.51 - - [20/Oct/2025:08:56:35 -0400] "GET /wp-json/wp/v2/posts/33396 HTTP/2.0" 200 11787 "-" "Mozilla/5.0 AppleWebKit/537.36 (KHTML, like Gecko; compatible; GPTBot/1.2; +https://openai.com/gptbot)"
20.171.207.51 - - [20/Oct/2025:08:56:37 -0400] "GET /wp-json/wp/v2/posts/33305 HTTP/2.0" 200 10431 "-" "Mozilla/5.0 AppleWebKit/537.36 (KHTML, like Gecko; compatible; GPTBot/1.2; +https://openai.com/gptbot)"
20.171.207.51 - - [20/Oct/2025:08:56:38 -0400] "GET /wp-json/wp/v2/posts/33361 HTTP/2.0" 200 14604 "-" "Mozilla/5.0 AppleWebKit/537.36 (KHTML, like Gecko; compatible; GPTBot/1.2; +https://openai.com/gptbot)"
20.171.207.51 - - [20/Oct/2025:08:56:39 -0400] "GET /wp-json/wp/v2/posts/33354 HTTP/2.0" 200 9499 "-" "Mozilla/5.0 AppleWebKit/537.36 (KHTML, like Gecko; compatible; GPTBot/1.2; +https://openai.com/gptbot)"
20.171.207.51 - - [20/Oct/2025:08:56:40 -0400] "GET /wp-json/wp/v2/posts/33301 HTTP/2.0" 200 13653 "-" "Mozilla/5.0 AppleWebKit/537.36 (KHTML, like Gecko; compatible; GPTBot/1.2; +https://openai.com/gptbot)"
20.171.207.51 - - [20/Oct/2025:08:56:41 -0400] "GET /wp-json/wp/v2/posts/317 HTTP/2.0" 200 11664 "-" "Mozilla/5.0 AppleWebKit/537.36 (KHTML, like Gecko; compatible; GPTBot/1.2; +https://openai.com/gptbot)"
20.171.207.51 - - [20/Oct/2025:08:56:42 -0400] "GET /wp-json/wp/v2/posts/903 HTTP/2.0" 200 12070 "-" "Mozilla/5.0 AppleWebKit/537.36 (KHTML, like Gecko; compatible; GPTBot/1.2; +https://openai.com/gptbot)"
20.171.207.51 - - [20/Oct/2025:08:56:44 -0400] "GET /wp-json/wp/v2/posts/597 HTTP/2.0" 200 9874 "-" "Mozilla/5.0 AppleWebKit/537.36 (KHTML, like Gecko; compatible; GPTBot/1.2; +https://openai.com/gptbot)"
20.171.207.51 - - [20/Oct/2025:08:56:45 -0400] "GET /wp-json/wp/v2/posts/368 HTTP/2.0" 200 33576 "-" "Mozilla/5.0 AppleWebKit/537.36 (KHTML, like Gecko; compatible; GPTBot/1.2; +https://openai.com/gptbot)"
20.171.207.51 - - [20/Oct/2025:08:56:46 -0400] "GET /wp-json/wp/v2/posts/793 HTTP/2.0" 200 10996 "-" "Mozilla/5.0 AppleWebKit/537.36 (KHTML, like Gecko; compatible; GPTBot/1.2; +https://openai.com/gptbot)"
20.171.207.51 - - [20/Oct/2025:08:56:47 -0400] "GET /wp-json/wp/v2/posts/517 HTTP/2.0" 200 8123 "-" "Mozilla/5.0 AppleWebKit/537.36 (KHTML, like Gecko; compatible; GPTBot/1.2; +https://openai.com/gptbot)"
20.171.207.51 - - [20/Oct/2025:08:56:48 -0400] "GET /wp-json/wp/v2/posts/895 HTTP/2.0" 200 27926 "-" "Mozilla/5.0 AppleWebKit/537.36 (KHTML, like Gecko; compatible; GPTBot/1.2; +https://openai.com/gptbot)"
20.171.207.51 - - [20/Oct/2025:08:56:49 -0400] "GET /wp-json/wp/v2/posts/865 HTTP/2.0" 200 11076 "-" "Mozilla/5.0 AppleWebKit/537.36 (KHTML, like Gecko; compatible; GPTBot/1.2; +https://openai.com/gptbot)"
20.171.207.51 - - [20/Oct/2025:08:56:50 -0400] "GET /wp-json/wp/v2/posts/734 HTTP/2.0" 200 10098 "-" "Mozilla/5.0 AppleWebKit/537.36 (KHTML, like Gecko; compatible; GPTBot/1.2; +https://openai.com/gptbot)"
20.171.207.51 - - [20/Oct/2025:08:56:52 -0400] "GET /wp-json/wp/v2/posts/850 HTTP/2.0" 200 8115 "-" "Mozilla/5.0 AppleWebKit/537.36 (KHTML, like Gecko; compatible; GPTBot/1.2; +https://openai.com/gptbot)"
20.171.207.51 - - [20/Oct/2025:08:56:53 -0400] "GET /wp-json/wp/v2/posts/741 HTTP/2.0" 200 14475 "-" "Mozilla/5.0 AppleWebKit/537.36 (KHTML, like Gecko; compatible; GPTBot/1.2; +https://openai.com/gptbot)"
20.171.207.51 - - [20/Oct/2025:08:56:54 -0400] "GET /wp-json/wp/v2/posts/504 HTTP/2.0" 200 12555 "-" "Mozilla/5.0 AppleWebKit/537.36 (KHTML, like Gecko; compatible; GPTBot/1.2; +https://openai.com/gptbot)"
20.171.207.51 - - [20/Oct/2025:08:56:55 -0400] "GET /wp-json/wp/v2/posts/479 HTTP/2.0" 200 11956 "-" "Mozilla/5.0 AppleWebKit/537.36 (KHTML, like Gecko; compatible; GPTBot/1.2; +https://openai.com/gptbot)"
20.171.207.51 - - [20/Oct/2025:08:56:56 -0400] "GET /wp-json/wp/v2/posts/305 HTTP/2.0" 200 11658 "-" "Mozilla/5.0 AppleWebKit/537.36 (KHTML, like Gecko; compatible; GPTBot/1.2; +https://openai.com/gptbot)"
20.171.207.51 - - [20/Oct/2025:08:56:57 -0400] "GET /wp-json/wp/v2/posts/901 HTTP/2.0" 200 11577 "-" "Mozilla/5.0 AppleWebKit/537.36 (KHTML, like Gecko; compatible; GPTBot/1.2; +https://openai.com/gptbot)"
20.171.207.51 - - [20/Oct/2025:08:56:59 -0400] "GET /wp-json/wp/v2/posts/846 HTTP/2.0" 200 12457 "-" "Mozilla/5.0 AppleWebKit/537.36 (KHTML, like Gecko; compatible; GPTBot/1.2; +https://openai.com/gptbot)"
57.141.0.48 - - [20/Oct/2025:08:56:59 -0400] "GET /tag/horror-flick-raaz-reboot-news-in-hindi/ HTTP/2.0" 200 122117 "-" "meta-externalagent/1.1 (+https://developers.facebook.com/docs/sharing/webmasters/crawler)"
20.171.207.51 - - [20/Oct/2025:08:57:00 -0400] "GET /wp-json/wp/v2/posts/379 HTTP/2.0" 200 8109 "-" "Mozilla/5.0 AppleWebKit/537.36 (KHTML, like Gecko; compatible; GPTBot/1.2; +https://openai.com/gptbot)"
20.171.207.51 - - [20/Oct/2025:08:57:01 -0400] "GET /wp-json/wp/v2/posts/861 HTTP/2.0" 200 8398 "-" "Mozilla/5.0 AppleWebKit/537.36 (KHTML, like Gecko; compatible; GPTBot/1.2; +https://openai.com/gptbot)"
20.171.207.51 - - [20/Oct/2025:08:57:02 -0400] "GET /wp-json/wp/v2/posts/569 HTTP/2.0" 200 10727 "-" "Mozilla/5.0 AppleWebKit/537.36 (KHTML, like Gecko; compatible; GPTBot/1.2; +https://openai.com/gptbot)"
20.171.207.51 - - [20/Oct/2025:08:57:03 -0400] "GET /wp-json/wp/v2/posts/705 HTTP/2.0" 200 9374 "-" "Mozilla/5.0 AppleWebKit/537.36 (KHTML, like Gecko; compatible; GPTBot/1.2; +https://openai.com/gptbot)"
20.171.207.51 - - [20/Oct/2025:08:57:04 -0400] "GET /wp-json/wp/v2/posts/651 HTTP/2.0" 200 17491 "-" "Mozilla/5.0 AppleWebKit/537.36 (KHTML, like Gecko; compatible; GPTBot/1.2; +https://openai.com/gptbot)"
20.171.207.51 - - [20/Oct/2025:08:57:05 -0400] "GET /wp-json/wp/v2/posts/459 HTTP/2.0" 200 13019 "-" "Mozilla/5.0 AppleWebKit/537.36 (KHTML, like Gecko; compatible; GPTBot/1.2; +https://openai.com/gptbot)"
20.171.207.51 - - [20/Oct/2025:08:57:06 -0400] "GET /wp-json/wp/v2/posts/869 HTTP/2.0" 200 7740 "-" "Mozilla/5.0 AppleWebKit/537.36 (KHTML, like Gecko; compatible; GPTBot/1.2; +https://openai.com/gptbot)"
20.171.207.51 - - [20/Oct/2025:08:57:08 -0400] "GET /wp-json/wp/v2/posts/857 HTTP/2.0" 200 11968 "-" "Mozilla/5.0 AppleWebKit/537.36 (KHTML, like Gecko; compatible; GPTBot/1.2; +https://openai.com/gptbot)"
20.171.207.51 - - [20/Oct/2025:08:57:09 -0400] "GET /wp-json/wp/v2/posts/748 HTTP/2.0" 200 9172 "-" "Mozilla/5.0 AppleWebKit/537.36 (KHTML, like Gecko; compatible; GPTBot/1.2; +https://openai.com/gptbot)"
20.171.207.51 - - [20/Oct/2025:08:57:10 -0400] "GET /wp-json/wp/v2/posts/814 HTTP/2.0" 200 10032 "-" "Mozilla/5.0 AppleWebKit/537.36 (KHTML, like Gecko; compatible; GPTBot/1.2; +https://openai.com/gptbot)"
20.171.207.51 - - [20/Oct/2025:08:57:11 -0400] "GET /wp-json/wp/v2/posts/653 HTTP/2.0" 200 10873 "-" "Mozilla/5.0 AppleWebKit/537.36 (KHTML, like Gecko; compatible; GPTBot/1.2; +https://openai.com/gptbot)"
20.171.207.51 - - [20/Oct/2025:08:57:12 -0400] "GET /wp-json/wp/v2/posts/489 HTTP/2.0" 200 8929 "-" "Mozilla/5.0 AppleWebKit/537.36 (KHTML, like Gecko; compatible; GPTBot/1.2; +https://openai.com/gptbot)"
20.171.207.51 - - [20/Oct/2025:08:57:13 -0400] "GET /wp-json/wp/v2/posts/976 HTTP/2.0" 200 6836 "-" "Mozilla/5.0 AppleWebKit/537.36 (KHTML, like Gecko; compatible; GPTBot/1.2; +https://openai.com/gptbot)"
20.171.207.51 - - [20/Oct/2025:08:57:15 -0400] "GET /wp-json/wp/v2/posts/930 HTTP/2.0" 200 10911 "-" "Mozilla/5.0 AppleWebKit/537.36 (KHTML, like Gecko; compatible; GPTBot/1.2; +https://openai.com/gptbot)"
20.171.207.51 - - [20/Oct/2025:08:57:16 -0400] "GET /wp-json/wp/v2/posts/576 HTTP/2.0" 200 10260 "-" "Mozilla/5.0 AppleWebKit/537.36 (KHTML, like Gecko; compatible; GPTBot/1.2; +https://openai.com/gptbot)"
20.171.207.51 - - [20/Oct/2025:08:57:17 -0400] "GET /wp-json/wp/v2/posts/965 HTTP/2.0" 200 9892 "-" "Mozilla/5.0 AppleWebKit/537.36 (KHTML, like Gecko; compatible; GPTBot/1.2; +https://openai.com/gptbot)"
20.171.207.51 - - [20/Oct/2025:08:57:18 -0400] "GET /wp-json/wp/v2/posts/549 HTTP/2.0" 200 12882 "-" "Mozilla/5.0 AppleWebKit/537.36 (KHTML, like Gecko; compatible; GPTBot/1.2; +https://openai.com/gptbot)"
20.171.207.51 - - [20/Oct/2025:08:57:19 -0400] "GET /wp-json/wp/v2/posts/483 HTTP/2.0" 200 9037 "-" "Mozilla/5.0 AppleWebKit/537.36 (KHTML, like Gecko; compatible; GPTBot/1.2; +https://openai.com/gptbot)"
20.171.207.51 - - [20/Oct/2025:08:57:20 -0400] "GET /wp-json/wp/v2/posts/854 HTTP/2.0" 200 10105 "-" "Mozilla/5.0 AppleWebKit/537.36 (KHTML, like Gecko; compatible; GPTBot/1.2; +https://openai.com/gptbot)"
20.171.207.51 - - [20/Oct/2025:08:57:21 -0400] "GET /wp-json/wp/v2/posts/438 HTTP/2.0" 200 9937 "-" "Mozilla/5.0 AppleWebKit/537.36 (KHTML, like Gecko; compatible; GPTBot/1.2; +https://openai.com/gptbot)"
20.171.207.51 - - [20/Oct/2025:08:57:23 -0400] "GET /wp-json/wp/v2/posts/958 HTTP/2.0" 200 17411 "-" "Mozilla/5.0 AppleWebKit/537.36 (KHTML, like Gecko; compatible; GPTBot/1.2; +https://openai.com/gptbot)"
20.171.207.51 - - [20/Oct/2025:08:57:24 -0400] "GET /wp-json/wp/v2/posts/580 HTTP/2.0" 200 8833 "-" "Mozilla/5.0 AppleWebKit/537.36 (KHTML, like Gecko; compatible; GPTBot/1.2; +https://openai.com/gptbot)"
20.171.207.51 - - [20/Oct/2025:08:57:25 -0400] "GET /wp-json/wp/v2/posts/543 HTTP/2.0" 200 9859 "-" "Mozilla/5.0 AppleWebKit/537.36 (KHTML, like Gecko; compatible; GPTBot/1.2; +https://openai.com/gptbot)"
20.171.207.51 - - [20/Oct/2025:08:57:26 -0400] "GET /wp-json/wp/v2/posts/806 HTTP/2.0" 200 9374 "-" "Mozilla/5.0 AppleWebKit/537.36 (KHTML, like Gecko; compatible; GPTBot/1.2; +https://openai.com/gptbot)"
20.171.207.51 - - [20/Oct/2025:08:57:27 -0400] "GET /wp-json/wp/v2/posts/617 HTTP/2.0" 200 6530 "-" "Mozilla/5.0 AppleWebKit/537.36 (KHTML, like Gecko; compatible; GPTBot/1.2; +https://openai.com/gptbot)"
20.171.207.51 - - [20/Oct/2025:08:57:28 -0400] "GET /wp-json/wp/v2/posts/607 HTTP/2.0" 200 21456 "-" "Mozilla/5.0 AppleWebKit/537.36 (KHTML, like Gecko; compatible; GPTBot/1.2; +https://openai.com/gptbot)"
20.171.207.51 - - [20/Oct/2025:08:57:29 -0400] "GET /wp-json/wp/v2/posts/731 HTTP/2.0" 200 9709 "-" "Mozilla/5.0 AppleWebKit/537.36 (KHTML, like Gecko; compatible; GPTBot/1.2; +https://openai.com/gptbot)"
20.171.207.51 - - [20/Oct/2025:08:57:31 -0400] "GET /wp-json/wp/v2/posts/561 HTTP/2.0" 200 14839 "-" "Mozilla/5.0 AppleWebKit/537.36 (KHTML, like Gecko; compatible; GPTBot/1.2; +https://openai.com/gptbot)"
20.171.207.51 - - [20/Oct/2025:08:57:32 -0400] "GET /wp-json/wp/v2/posts/790 HTTP/2.0" 200 16114 "-" "Mozilla/5.0 AppleWebKit/537.36 (KHTML, like Gecko; compatible; GPTBot/1.2; +https://openai.com/gptbot)"
