66.249.79.165 - - [20/Oct/2025:09:20:00 -0400] "GET /?a=95792125744503&channel=b1ca12&from=product.php%3Fid%3D1257445-470%26name%3DX%20AUTOHAUX%20%E3%80%90%E3%83%80%E3%82%A4%E3%83%8F%E3%83%84%20%E3%83%A0%E3%83%BC%E3%83%B4%E7%94%A8%E3%80%91345%2A148%2A160cm%20%E8%BB%8A%E3%82%AB%E3%83%90%E3%83%BC%20%E3%83%9C%E3%83%87%E3%82%A3%E3%82%AB%E3%83%90%E3%83%BC%20%E3%82%B9%E3%83%91%E3%83%B3%E3%83%AC%E3%83%BC%E3%82%B9%E7%B6%BF%20%E6%96%B0%E5%9E%8B100%25%E9%98%B2%E6%B0%B4%E7%94%9F%E5%9C%B0%265%E5%B1%A4%E6%A7%8B%E9%80%A0%20%E8%A3%8F%E8%B5%B7%E6%AF%9B%20%E5%A1%97%E8%A3%85%E9%9D%A2%E4%BF%9D%E8%AD%B7%20%E6%A2%85%E9%9B%A8%E5%AF%BE%E7%AD%96%20%E8%BB%BD%E8%87%AA%E5%8B%95%E8%BB%8A%20%E8%BB%8A%E4%BD%93%E3%82%AB%E3%83%90%E3%83%BC%20%E3%82%AB%E3%83%BC%E3%82%AB%E3%83%90%E3%83%BC%E7%A0%B4%E3%82%8C%E3%81%AB%E3%81%8F%E3%81%84%20%E9%9B%B9%E5%AF%BE%E7%AD%96%20%E9%98%B2%E9%A2%A8%E3%83%AD%E3%83%BC%E3%83%97%E4%BB%98%E3%81%8D%20%E5%BC%B7%E9%A2%A8%E5%AF%BE%E7%AD%96 HTTP/1.1" 200 201123 "-" "Mozilla/5.0 (Linux; Android 6.0.1; Nexus 5X Build/MMB29P) AppleWebKit/537.36 (KHTML, like Gecko) Chrome/140.0.7339.207 Mobile Safari/537.36 (compatible; Googlebot/2.1; +http://www.google.com/bot.html)"
20.171.207.51 - - [20/Oct/2025:09:20:01 -0400] "GET /wp-json/wp/v2/tags/9220 HTTP/2.0" 200 573 "-" "Mozilla/5.0 AppleWebKit/537.36 (KHTML, like Gecko; compatible; GPTBot/1.2; +https://openai.com/gptbot)"
20.171.207.51 - - [20/Oct/2025:09:20:03 -0400] "GET /wp-json/wp/v2/tags/8298 HTTP/2.0" 200 600 "-" "Mozilla/5.0 AppleWebKit/537.36 (KHTML, like Gecko; compatible; GPTBot/1.2; +https://openai.com/gptbot)"
20.171.207.51 - - [20/Oct/2025:09:20:04 -0400] "GET /wp-json/wp/v2/tags/4488 HTTP/2.0" 200 606 "-" "Mozilla/5.0 AppleWebKit/537.36 (KHTML, like Gecko; compatible; GPTBot/1.2; +https://openai.com/gptbot)"
20.171.207.51 - - [20/Oct/2025:09:20:05 -0400] "GET /wp-json/wp/v2/tags/9009 HTTP/2.0" 200 660 "-" "Mozilla/5.0 AppleWebKit/537.36 (KHTML, like Gecko; compatible; GPTBot/1.2; +https://openai.com/gptbot)"
20.171.207.51 - - [20/Oct/2025:09:20:06 -0400] "GET /wp-json/wp/v2/tags/4284 HTTP/2.0" 200 648 "-" "Mozilla/5.0 AppleWebKit/537.36 (KHTML, like Gecko; compatible; GPTBot/1.2; +https://openai.com/gptbot)"
20.171.207.51 - - [20/Oct/2025:09:20:07 -0400] "GET /wp-json/wp/v2/tags/4292 HTTP/2.0" 200 600 "-" "Mozilla/5.0 AppleWebKit/537.36 (KHTML, like Gecko; compatible; GPTBot/1.2; +https://openai.com/gptbot)"
20.171.207.51 - - [20/Oct/2025:09:20:08 -0400] "GET /wp-json/wp/v2/tags/5727 HTTP/2.0" 200 597 "-" "Mozilla/5.0 AppleWebKit/537.36 (KHTML, like Gecko; compatible; GPTBot/1.2; +https://openai.com/gptbot)"
20.171.207.51 - - [20/Oct/2025:09:20:10 -0400] "GET /wp-json/wp/v2/tags/9292 HTTP/2.0" 200 693 "-" "Mozilla/5.0 AppleWebKit/537.36 (KHTML, like Gecko; compatible; GPTBot/1.2; +https://openai.com/gptbot)"
20.171.207.51 - - [20/Oct/2025:09:20:11 -0400] "GET /wp-json/wp/v2/tags/8827 HTTP/2.0" 200 597 "-" "Mozilla/5.0 AppleWebKit/537.36 (KHTML, like Gecko; compatible; GPTBot/1.2; +https://openai.com/gptbot)"
20.171.207.51 - - [20/Oct/2025:09:20:12 -0400] "GET /wp-json/wp/v2/tags/7757 HTTP/2.0" 200 600 "-" "Mozilla/5.0 AppleWebKit/537.36 (KHTML, like Gecko; compatible; GPTBot/1.2; +https://openai.com/gptbot)"
66.249.79.165 - - [20/Oct/2025:09:20:12 -0400] "GET /?a=04792152806503&channel=778f42&from=article.php%3Fid%3D1528065-16753%26name%3D%28%E6%BF%83%E5%8E%9A%29%28%E9%80%81%E6%96%99%E7%84%A1%E6%96%99%29%28%E9%A0%91%E5%9B%BA%29%E3%81%8C%E3%82%93%E3%81%93%E6%9D%91%E8%B5%A4%E7%8E%89%E5%AD%90%EF%BC%881%E3%83%91%E3%83%83%E3%82%AF10%E3%82%B3%E5%85%A5%E3%82%8A%EF%BC%89%C3%978%E3%83%91%E3%83%83%E3%82%AF HTTP/1.1" 200 201123 "-" "Mozilla/5.0 (Linux; Android 6.0.1; Nexus 5X Build/MMB29P) AppleWebKit/537.36 (KHTML, like Gecko) Chrome/140.0.7339.207 Mobile Safari/537.36 (compatible; Googlebot/2.1; +http://www.google.com/bot.html)"
20.171.207.51 - - [20/Oct/2025:09:20:13 -0400] "GET /wp-json/wp/v2/tags/3293 HTTP/2.0" 200 582 "-" "Mozilla/5.0 AppleWebKit/537.36 (KHTML, like Gecko; compatible; GPTBot/1.2; +https://openai.com/gptbot)"
20.171.207.51 - - [20/Oct/2025:09:20:14 -0400] "GET /wp-json/wp/v2/tags/4004 HTTP/2.0" 200 606 "-" "Mozilla/5.0 AppleWebKit/537.36 (KHTML, like Gecko; compatible; GPTBot/1.2; +https://openai.com/gptbot)"
20.171.207.51 - - [20/Oct/2025:09:20:15 -0400] "GET /wp-json/wp/v2/tags/3382 HTTP/2.0" 200 687 "-" "Mozilla/5.0 AppleWebKit/537.36 (KHTML, like Gecko; compatible; GPTBot/1.2; +https://openai.com/gptbot)"
20.171.207.51 - - [20/Oct/2025:09:20:17 -0400] "GET /wp-json/wp/v2/tags/7622 HTTP/2.0" 200 588 "-" "Mozilla/5.0 AppleWebKit/537.36 (KHTML, like Gecko; compatible; GPTBot/1.2; +https://openai.com/gptbot)"
20.171.207.51 - - [20/Oct/2025:09:20:18 -0400] "GET /wp-json/wp/v2/tags/3253 HTTP/2.0" 200 678 "-" "Mozilla/5.0 AppleWebKit/537.36 (KHTML, like Gecko; compatible; GPTBot/1.2; +https://openai.com/gptbot)"
20.171.207.51 - - [20/Oct/2025:09:20:19 -0400] "GET /wp-json/wp/v2/tags/2126 HTTP/2.0" 200 603 "-" "Mozilla/5.0 AppleWebKit/537.36 (KHTML, like Gecko; compatible; GPTBot/1.2; +https://openai.com/gptbot)"
20.171.207.51 - - [20/Oct/2025:09:20:20 -0400] "GET /wp-json/wp/v2/tags/2276 HTTP/2.0" 200 588 "-" "Mozilla/5.0 AppleWebKit/537.36 (KHTML, like Gecko; compatible; GPTBot/1.2; +https://openai.com/gptbot)"
20.171.207.51 - - [20/Oct/2025:09:20:21 -0400] "GET /wp-json/wp/v2/tags/2423 HTTP/2.0" 200 603 "-" "Mozilla/5.0 AppleWebKit/537.36 (KHTML, like Gecko; compatible; GPTBot/1.2; +https://openai.com/gptbot)"
20.171.207.51 - - [20/Oct/2025:09:20:22 -0400] "GET /wp-json/wp/v2/tags/5595 HTTP/2.0" 200 627 "-" "Mozilla/5.0 AppleWebKit/537.36 (KHTML, like Gecko; compatible; GPTBot/1.2; +https://openai.com/gptbot)"
20.171.207.51 - - [20/Oct/2025:09:20:23 -0400] "GET /wp-json/wp/v2/tags/2652 HTTP/2.0" 200 643 "-" "Mozilla/5.0 AppleWebKit/537.36 (KHTML, like Gecko; compatible; GPTBot/1.2; +https://openai.com/gptbot)"
20.171.207.51 - - [20/Oct/2025:09:20:25 -0400] "GET /wp-json/wp/v2/tags/9092 HTTP/2.0" 200 612 "-" "Mozilla/5.0 AppleWebKit/537.36 (KHTML, like Gecko; compatible; GPTBot/1.2; +https://openai.com/gptbot)"
20.171.207.51 - - [20/Oct/2025:09:20:26 -0400] "GET /wp-json/wp/v2/tags/3622 HTTP/2.0" 200 576 "-" "Mozilla/5.0 AppleWebKit/537.36 (KHTML, like Gecko; compatible; GPTBot/1.2; +https://openai.com/gptbot)"
20.171.207.51 - - [20/Oct/2025:09:20:27 -0400] "GET /wp-json/wp/v2/tags/1011 HTTP/2.0" 200 579 "-" "Mozilla/5.0 AppleWebKit/537.36 (KHTML, like Gecko; compatible; GPTBot/1.2; +https://openai.com/gptbot)"
20.171.207.51 - - [20/Oct/2025:09:20:28 -0400] "GET /wp-json/wp/v2/tags/2025 HTTP/2.0" 200 636 "-" "Mozilla/5.0 AppleWebKit/537.36 (KHTML, like Gecko; compatible; GPTBot/1.2; +https://openai.com/gptbot)"
20.171.207.51 - - [20/Oct/2025:09:20:29 -0400] "GET /wp-json/wp/v2/tags/6020 HTTP/2.0" 200 642 "-" "Mozilla/5.0 AppleWebKit/537.36 (KHTML, like Gecko; compatible; GPTBot/1.2; +https://openai.com/gptbot)"
20.171.207.51 - - [20/Oct/2025:09:20:30 -0400] "GET /wp-json/wp/v2/tags/1313 HTTP/2.0" 200 681 "-" "Mozilla/5.0 AppleWebKit/537.36 (KHTML, like Gecko; compatible; GPTBot/1.2; +https://openai.com/gptbot)"
20.171.207.51 - - [20/Oct/2025:09:20:32 -0400] "GET /wp-json/wp/v2/tags/2872 HTTP/2.0" 200 585 "-" "Mozilla/5.0 AppleWebKit/537.36 (KHTML, like Gecko; compatible; GPTBot/1.2; +https://openai.com/gptbot)"
20.171.207.51 - - [20/Oct/2025:09:20:33 -0400] "GET /wp-json/wp/v2/tags/2011 HTTP/2.0" 200 636 "-" "Mozilla/5.0 AppleWebKit/537.36 (KHTML, like Gecko; compatible; GPTBot/1.2; +https://openai.com/gptbot)"
20.171.207.51 - - [20/Oct/2025:09:20:34 -0400] "GET /wp-json/wp/v2/tags/7282 HTTP/2.0" 200 639 "-" "Mozilla/5.0 AppleWebKit/537.36 (KHTML, like Gecko; compatible; GPTBot/1.2; +https://openai.com/gptbot)"
87.250.233.1 - - [20/Oct/2025:09:20:34 -0400] "GET /wp-json/wp/v2/posts/42756 HTTP/1.1" 200 12047 "-" "Mozilla/5.0 (compatible; YandexBot/3.0; +http://yandex.com/bots)"
20.171.207.51 - - [20/Oct/2025:09:20:35 -0400] "GET /wp-json/wp/v2/tags/1717 HTTP/2.0" 200 627 "-" "Mozilla/5.0 AppleWebKit/537.36 (KHTML, like Gecko; compatible; GPTBot/1.2; +https://openai.com/gptbot)"
87.250.233.1 - - [20/Oct/2025:09:20:36 -0400] "GET /?p=42756 HTTP/1.1" 301 - "-" "Mozilla/5.0 (compatible; YandexBot/3.0; +http://yandex.com/bots)"
20.171.207.51 - - [20/Oct/2025:09:20:36 -0400] "GET /wp-json/wp/v2/tags/5526 HTTP/2.0" 200 660 "-" "Mozilla/5.0 AppleWebKit/537.36 (KHTML, like Gecko; compatible; GPTBot/1.2; +https://openai.com/gptbot)"
87.250.233.1 - - [20/Oct/2025:09:20:36 -0400] "GET /this-train-continued-running-without-driver-for-15-kms/feed/ HTTP/1.1" 200 1001 "-" "Mozilla/5.0 (compatible; YandexBot/3.0; +http://yandex.com/bots)"
20.171.207.51 - - [20/Oct/2025:09:20:37 -0400] "GET /wp-json/wp/v2/tags/4262 HTTP/2.0" 200 613 "-" "Mozilla/5.0 AppleWebKit/537.36 (KHTML, like Gecko; compatible; GPTBot/1.2; +https://openai.com/gptbot)"
87.250.233.1 - - [20/Oct/2025:09:20:38 -0400] "GET /wp-json/oembed/1.0/embed?url=https%3A%2F%2Fwahgazab.com%2Fthis-train-continued-running-without-driver-for-15-kms%2F&format=xml HTTP/1.1" 200 3814 "-" "Mozilla/5.0 (compatible; YandexBot/3.0; +http://yandex.com/bots)"
20.171.207.51 - - [20/Oct/2025:09:20:38 -0400] "GET /wp-json/wp/v2/tags/1133 HTTP/2.0" 200 603 "-" "Mozilla/5.0 AppleWebKit/537.36 (KHTML, like Gecko; compatible; GPTBot/1.2; +https://openai.com/gptbot)"
87.250.233.1 - - [20/Oct/2025:09:20:38 -0400] "GET /this-train-continued-running-without-driver-for-15-kms/ HTTP/1.1" 200 283479 "-" "Mozilla/5.0 (compatible; YandexBot/3.0; +http://yandex.com/bots)"
20.171.207.51 - - [20/Oct/2025:09:20:40 -0400] "GET /wp-json/wp/v2/tags/2656 HTTP/2.0" 200 615 "-" "Mozilla/5.0 AppleWebKit/537.36 (KHTML, like Gecko; compatible; GPTBot/1.2; +https://openai.com/gptbot)"
20.171.207.51 - - [20/Oct/2025:09:20:41 -0400] "GET /wp-json/wp/v2/tags/5265 HTTP/2.0" 200 642 "-" "Mozilla/5.0 AppleWebKit/537.36 (KHTML, like Gecko; compatible; GPTBot/1.2; +https://openai.com/gptbot)"
20.171.207.51 - - [20/Oct/2025:09:20:42 -0400] "GET /wp-json/wp/v2/tags/2447 HTTP/2.0" 200 603 "-" "Mozilla/5.0 AppleWebKit/537.36 (KHTML, like Gecko; compatible; GPTBot/1.2; +https://openai.com/gptbot)"
20.171.207.51 - - [20/Oct/2025:09:20:43 -0400] "GET /wp-json/wp/v2/tags/7472 HTTP/2.0" 200 627 "-" "Mozilla/5.0 AppleWebKit/537.36 (KHTML, like Gecko; compatible; GPTBot/1.2; +https://openai.com/gptbot)"
20.171.207.51 - - [20/Oct/2025:09:20:44 -0400] "GET /wp-json/wp/v2/tags/2286 HTTP/2.0" 200 621 "-" "Mozilla/5.0 AppleWebKit/537.36 (KHTML, like Gecko; compatible; GPTBot/1.2; +https://openai.com/gptbot)"
20.171.207.51 - - [20/Oct/2025:09:20:45 -0400] "GET /wp-json/wp/v2/tags/3202 HTTP/2.0" 200 622 "-" "Mozilla/5.0 AppleWebKit/537.36 (KHTML, like Gecko; compatible; GPTBot/1.2; +https://openai.com/gptbot)"
20.171.207.51 - - [20/Oct/2025:09:20:47 -0400] "GET /wp-json/wp/v2/tags/2241 HTTP/2.0" 200 627 "-" "Mozilla/5.0 AppleWebKit/537.36 (KHTML, like Gecko; compatible; GPTBot/1.2; +https://openai.com/gptbot)"
20.171.207.51 - - [20/Oct/2025:09:20:48 -0400] "GET /wp-json/wp/v2/tags/9266 HTTP/2.0" 200 597 "-" "Mozilla/5.0 AppleWebKit/537.36 (KHTML, like Gecko; compatible; GPTBot/1.2; +https://openai.com/gptbot)"
20.171.207.51 - - [20/Oct/2025:09:20:49 -0400] "GET /wp-json/wp/v2/tags/4626 HTTP/2.0" 200 636 "-" "Mozilla/5.0 AppleWebKit/537.36 (KHTML, like Gecko; compatible; GPTBot/1.2; +https://openai.com/gptbot)"
20.171.207.51 - - [20/Oct/2025:09:20:50 -0400] "GET /wp-json/wp/v2/tags/4412 HTTP/2.0" 200 580 "-" "Mozilla/5.0 AppleWebKit/537.36 (KHTML, like Gecko; compatible; GPTBot/1.2; +https://openai.com/gptbot)"
20.171.207.51 - - [20/Oct/2025:09:20:51 -0400] "GET /wp-json/wp/v2/tags/2923 HTTP/2.0" 200 582 "-" "Mozilla/5.0 AppleWebKit/537.36 (KHTML, like Gecko; compatible; GPTBot/1.2; +https://openai.com/gptbot)"
20.171.207.51 - - [20/Oct/2025:09:20:52 -0400] "GET /wp-json/wp/v2/tags/5151 HTTP/2.0" 200 639 "-" "Mozilla/5.0 AppleWebKit/537.36 (KHTML, like Gecko; compatible; GPTBot/1.2; +https://openai.com/gptbot)"
20.171.207.51 - - [20/Oct/2025:09:20:54 -0400] "GET /wp-json/wp/v2/tags/1882 HTTP/2.0" 200 633 "-" "Mozilla/5.0 AppleWebKit/537.36 (KHTML, like Gecko; compatible; GPTBot/1.2; +https://openai.com/gptbot)"
20.171.207.51 - - [20/Oct/2025:09:20:55 -0400] "GET /wp-json/wp/v2/tags/7662 HTTP/2.0" 200 621 "-" "Mozilla/5.0 AppleWebKit/537.36 (KHTML, like Gecko; compatible; GPTBot/1.2; +https://openai.com/gptbot)"
20.171.207.51 - - [20/Oct/2025:09:20:56 -0400] "GET /wp-json/wp/v2/tags/1020 HTTP/2.0" 200 597 "-" "Mozilla/5.0 AppleWebKit/537.36 (KHTML, like Gecko; compatible; GPTBot/1.2; +https://openai.com/gptbot)"
20.171.207.51 - - [20/Oct/2025:09:20:57 -0400] "GET /wp-json/wp/v2/tags/2362 HTTP/2.0" 200 630 "-" "Mozilla/5.0 AppleWebKit/537.36 (KHTML, like Gecko; compatible; GPTBot/1.2; +https://openai.com/gptbot)"
20.171.207.51 - - [20/Oct/2025:09:20:58 -0400] "GET /wp-json/wp/v2/tags/9928 HTTP/2.0" 200 588 "-" "Mozilla/5.0 AppleWebKit/537.36 (KHTML, like Gecko; compatible; GPTBot/1.2; +https://openai.com/gptbot)"
20.171.207.51 - - [20/Oct/2025:09:20:59 -0400] "GET /wp-json/wp/v2/tags/2377 HTTP/2.0" 200 606 "-" "Mozilla/5.0 AppleWebKit/537.36 (KHTML, like Gecko; compatible; GPTBot/1.2; +https://openai.com/gptbot)"
20.171.207.51 - - [20/Oct/2025:09:21:00 -0400] "GET /wp-json/wp/v2/tags/8292 HTTP/2.0" 200 630 "-" "Mozilla/5.0 AppleWebKit/537.36 (KHTML, like Gecko; compatible; GPTBot/1.2; +https://openai.com/gptbot)"
20.171.207.51 - - [20/Oct/2025:09:21:02 -0400] "GET /wp-json/wp/v2/tags/3535 HTTP/2.0" 200 591 "-" "Mozilla/5.0 AppleWebKit/537.36 (KHTML, like Gecko; compatible; GPTBot/1.2; +https://openai.com/gptbot)"
20.171.207.51 - - [20/Oct/2025:09:21:03 -0400] "GET /wp-json/wp/v2/tags/9899 HTTP/2.0" 200 591 "-" "Mozilla/5.0 AppleWebKit/537.36 (KHTML, like Gecko; compatible; GPTBot/1.2; +https://openai.com/gptbot)"
20.171.207.51 - - [20/Oct/2025:09:21:04 -0400] "GET /wp-json/wp/v2/tags/9229 HTTP/2.0" 200 672 "-" "Mozilla/5.0 AppleWebKit/537.36 (KHTML, like Gecko; compatible; GPTBot/1.2; +https://openai.com/gptbot)"
20.171.207.51 - - [20/Oct/2025:09:21:05 -0400] "GET /wp-json/wp/v2/tags/8822 HTTP/2.0" 200 603 "-" "Mozilla/5.0 AppleWebKit/537.36 (KHTML, like Gecko; compatible; GPTBot/1.2; +https://openai.com/gptbot)"
20.171.207.51 - - [20/Oct/2025:09:21:06 -0400] "GET /wp-json/wp/v2/tags/5325 HTTP/2.0" 200 645 "-" "Mozilla/5.0 AppleWebKit/537.36 (KHTML, like Gecko; compatible; GPTBot/1.2; +https://openai.com/gptbot)"
20.171.207.51 - - [20/Oct/2025:09:21:07 -0400] "GET /wp-json/wp/v2/tags/3923 HTTP/2.0" 200 645 "-" "Mozilla/5.0 AppleWebKit/537.36 (KHTML, like Gecko; compatible; GPTBot/1.2; +https://openai.com/gptbot)"
20.171.207.51 - - [20/Oct/2025:09:21:08 -0400] "GET /wp-json/wp/v2/tags/9332 HTTP/2.0" 200 618 "-" "Mozilla/5.0 AppleWebKit/537.36 (KHTML, like Gecko; compatible; GPTBot/1.2; +https://openai.com/gptbot)"
20.171.207.51 - - [20/Oct/2025:09:21:10 -0400] "GET /wp-json/wp/v2/tags/2624 HTTP/2.0" 200 603 "-" "Mozilla/5.0 AppleWebKit/537.36 (KHTML, like Gecko; compatible; GPTBot/1.2; +https://openai.com/gptbot)"
20.171.207.51 - - [20/Oct/2025:09:21:11 -0400] "GET /wp-json/wp/v2/tags/2742 HTTP/2.0" 200 654 "-" "Mozilla/5.0 AppleWebKit/537.36 (KHTML, like Gecko; compatible; GPTBot/1.2; +https://openai.com/gptbot)"
20.171.207.51 - - [20/Oct/2025:09:21:12 -0400] "GET /wp-json/wp/v2/tags/2012 HTTP/2.0" 200 612 "-" "Mozilla/5.0 AppleWebKit/537.36 (KHTML, like Gecko; compatible; GPTBot/1.2; +https://openai.com/gptbot)"
20.171.207.51 - - [20/Oct/2025:09:21:13 -0400] "GET /wp-json/wp/v2/tags/6626 HTTP/2.0" 200 618 "-" "Mozilla/5.0 AppleWebKit/537.36 (KHTML, like Gecko; compatible; GPTBot/1.2; +https://openai.com/gptbot)"
20.171.207.51 - - [20/Oct/2025:09:21:14 -0400] "GET /wp-json/wp/v2/tags/2997 HTTP/2.0" 200 597 "-" "Mozilla/5.0 AppleWebKit/537.36 (KHTML, like Gecko; compatible; GPTBot/1.2; +https://openai.com/gptbot)"
66.249.79.167 - - [20/Oct/2025:09:21:15 -0400] "GET /?a=2460259956404&channel=cc1b0f&from=blog.php%3Fid%3D599564-10874%26name%3D%E3%83%91%E3%83%8A%E3%82%BD%E3%83%8B%E3%83%83%E3%82%AF%28Panasonic%29+%E5%82%BE%E6%96%9C%E5%A4%A9%E4%BA%95%E7%94%A8%E3%83%80%E3%82%A6%E3%83%B3%E3%83%A9%E3%82%A4%E3%83%88+%E6%98%BC%E7%99%BD%E8%89%B2%E3%83%BB%E6%8B%A1%E6%95%A3%E3%83%BB%E8%AA%BF%E5%85%89%E3%83%BB%CF%86100+100%E5%BD%A2+%E3%83%96%E3%83%A9%E3%83%83%E3%82%AF+LGD3401NLB1 HTTP/1.1" 301 - "-" "Mozilla/5.0 (Linux; Android 6.0.1; Nexus 5X Build/MMB29P) AppleWebKit/537.36 (KHTML, like Gecko) Chrome/140.0.7339.207 Mobile Safari/537.36 (compatible; Googlebot/2.1; +http://www.google.com/bot.html)"
20.171.207.51 - - [20/Oct/2025:09:21:15 -0400] "GET /wp-json/wp/v2/tags/9297 HTTP/2.0" 200 663 "-" "Mozilla/5.0 AppleWebKit/537.36 (KHTML, like Gecko; compatible; GPTBot/1.2; +https://openai.com/gptbot)"
20.171.207.51 - - [20/Oct/2025:09:21:17 -0400] "GET /wp-json/wp/v2/tags/2883 HTTP/2.0" 200 606 "-" "Mozilla/5.0 AppleWebKit/537.36 (KHTML, like Gecko; compatible; GPTBot/1.2; +https://openai.com/gptbot)"
66.249.79.166 - - [20/Oct/2025:09:21:16 -0400] "GET /?a=2460259956404&channel=cc1b0f&from=blog.php%3Fid%3D599564-10874%26name%3D%E3%83%91%E3%83%8A%E3%82%BD%E3%83%8B%E3%83%83%E3%82%AF%28Panasonic%29%20%E5%82%BE%E6%96%9C%E5%A4%A9%E4%BA%95%E7%94%A8%E3%83%80%E3%82%A6%E3%83%B3%E3%83%A9%E3%82%A4%E3%83%88%20%E6%98%BC%E7%99%BD%E8%89%B2%E3%83%BB%E6%8B%A1%E6%95%A3%E3%83%BB%E8%AA%BF%E5%85%89%E3%83%BB%CF%86100%20100%E5%BD%A2%20%E3%83%96%E3%83%A9%E3%83%83%E3%82%AF%20LGD3401NLB1 HTTP/1.1" 200 201123 "-" "Mozilla/5.0 (Linux; Android 6.0.1; Nexus 5X Build/MMB29P) AppleWebKit/537.36 (KHTML, like Gecko) Chrome/140.0.7339.207 Mobile Safari/537.36 (compatible; Googlebot/2.1; +http://www.google.com/bot.html)"
20.171.207.51 - - [20/Oct/2025:09:21:18 -0400] "GET /wp-json/wp/v2/tags/5025 HTTP/2.0" 200 690 "-" "Mozilla/5.0 AppleWebKit/537.36 (KHTML, like Gecko; compatible; GPTBot/1.2; +https://openai.com/gptbot)"
20.171.207.51 - - [20/Oct/2025:09:21:19 -0400] "GET /wp-json/wp/v2/tags/2131 HTTP/2.0" 200 639 "-" "Mozilla/5.0 AppleWebKit/537.36 (KHTML, like Gecko; compatible; GPTBot/1.2; +https://openai.com/gptbot)"
20.171.207.51 - - [20/Oct/2025:09:21:20 -0400] "GET /wp-json/wp/v2/tags/4482 HTTP/2.0" 200 651 "-" "Mozilla/5.0 AppleWebKit/537.36 (KHTML, like Gecko; compatible; GPTBot/1.2; +https://openai.com/gptbot)"
20.171.207.51 - - [20/Oct/2025:09:21:21 -0400] "GET /wp-json/wp/v2/tags/8008 HTTP/2.0" 200 594 "-" "Mozilla/5.0 AppleWebKit/537.36 (KHTML, like Gecko; compatible; GPTBot/1.2; +https://openai.com/gptbot)"
87.250.233.1 - - [20/Oct/2025:09:21:21 -0400] "GET /tag/odd-news/ HTTP/1.1" 200 179220 "-" "Mozilla/5.0 (compatible; YandexBot/3.0; +http://yandex.com/bots)"
87.250.233.1 - - [20/Oct/2025:09:21:22 -0400] "GET /tag/mumbai-train-runs-without-driver-for-13-km/ HTTP/1.1" 200 122106 "-" "Mozilla/5.0 (compatible; YandexBot/3.0; +http://yandex.com/bots)"
20.171.207.51 - - [20/Oct/2025:09:21:22 -0400] "GET /wp-json/wp/v2/tags/7292 HTTP/2.0" 200 618 "-" "Mozilla/5.0 AppleWebKit/537.36 (KHTML, like Gecko; compatible; GPTBot/1.2; +https://openai.com/gptbot)"
87.250.233.1 - - [20/Oct/2025:09:21:23 -0400] "GET / HTTP/1.1" 200 201364 "-" "Mozilla/5.0 (compatible; YandexBot/3.0; +http://yandex.com/bots)"
87.250.233.1 - - [20/Oct/2025:09:21:23 -0400] "GET /category/sports/ HTTP/1.1" 200 218505 "-" "Mozilla/5.0 (compatible; YandexBot/3.0; +http://yandex.com/bots)"
87.250.233.1 - - [20/Oct/2025:09:21:23 -0400] "GET /tag/nizamuddin-rajdhani-runs-without-driver-for-15-km/ HTTP/1.1" 200 122157 "-" "Mozilla/5.0 (compatible; YandexBot/3.0; +http://yandex.com/bots)"
20.171.207.51 - - [20/Oct/2025:09:21:24 -0400] "GET /wp-json/wp/v2/tags/4221 HTTP/2.0" 200 633 "-" "Mozilla/5.0 AppleWebKit/537.36 (KHTML, like Gecko; compatible; GPTBot/1.2; +https://openai.com/gptbot)"
87.250.233.1 - - [20/Oct/2025:09:21:23 -0400] "GET /tag/metro-rail-goes-on-first-automatic-trial-run/ HTTP/1.1" 200 122117 "-" "Mozilla/5.0 (compatible; YandexBot/3.0; +http://yandex.com/bots)"
87.250.233.1 - - [20/Oct/2025:09:21:23 -0400] "GET /wp-json/ HTTP/1.1" 200 196531 "-" "Mozilla/5.0 (compatible; YandexBot/3.0; +http://yandex.com/bots)"
87.250.233.1 - - [20/Oct/2025:09:21:23 -0400] "GET /man-eats-eyes-and-nose-of-his-lover-inviting-her-for-dinner/ HTTP/1.1" 200 283658 "-" "Mozilla/5.0 (compatible; YandexBot/3.0; +http://yandex.com/bots)"
87.250.233.1 - - [20/Oct/2025:09:21:24 -0400] "GET /category/fashion/ HTTP/1.1" 200 216730 "-" "Mozilla/5.0 (compatible; YandexBot/3.0; +http://yandex.com/bots)"
87.250.233.1 - - [20/Oct/2025:09:21:24 -0400] "GET /wp-json/oembed/1.0/embed?url=https%3A%2F%2Fwahgazab.com%2Fthis-train-continued-running-without-driver-for-15-kms%2F HTTP/1.1" 200 3444 "-" "Mozilla/5.0 (compatible; YandexBot/3.0; +http://yandex.com/bots)"
20.171.207.51 - - [20/Oct/2025:09:21:25 -0400] "GET /wp-json/wp/v2/tags/1226 HTTP/2.0" 200 621 "-" "Mozilla/5.0 AppleWebKit/537.36 (KHTML, like Gecko; compatible; GPTBot/1.2; +https://openai.com/gptbot)"
87.250.233.1 - - [20/Oct/2025:09:21:25 -0400] "GET /tag/ajab-gajab-news/ HTTP/1.1" 200 183677 "-" "Mozilla/5.0 (compatible; YandexBot/3.0; +http://yandex.com/bots)"
87.250.233.1 - - [20/Oct/2025:09:21:25 -0400] "GET /these-hollywood-stars-seem-to-be-influenced-with-hinduism/ HTTP/1.1" 200 290791 "-" "Mozilla/5.0 (compatible; YandexBot/3.0; +http://yandex.com/bots)"
20.171.207.51 - - [20/Oct/2025:09:21:26 -0400] "GET /wp-json/wp/v2/tags/2966 HTTP/2.0" 200 648 "-" "Mozilla/5.0 AppleWebKit/537.36 (KHTML, like Gecko; compatible; GPTBot/1.2; +https://openai.com/gptbot)"
20.171.207.51 - - [20/Oct/2025:09:21:27 -0400] "GET /wp-json/wp/v2/tags/2582 HTTP/2.0" 200 594 "-" "Mozilla/5.0 AppleWebKit/537.36 (KHTML, like Gecko; compatible; GPTBot/1.2; +https://openai.com/gptbot)"
20.171.207.51 - - [20/Oct/2025:09:21:28 -0400] "GET /wp-json/wp/v2/tags/9291 HTTP/2.0" 200 669 "-" "Mozilla/5.0 AppleWebKit/537.36 (KHTML, like Gecko; compatible; GPTBot/1.2; +https://openai.com/gptbot)"
20.171.207.51 - - [20/Oct/2025:09:21:29 -0400] "GET /wp-json/wp/v2/tags/7422 HTTP/2.0" 200 636 "-" "Mozilla/5.0 AppleWebKit/537.36 (KHTML, like Gecko; compatible; GPTBot/1.2; +https://openai.com/gptbot)"
20.171.207.51 - - [20/Oct/2025:09:21:31 -0400] "GET /wp-json/wp/v2/tags/6060 HTTP/2.0" 200 630 "-" "Mozilla/5.0 AppleWebKit/537.36 (KHTML, like Gecko; compatible; GPTBot/1.2; +https://openai.com/gptbot)"
20.171.207.51 - - [20/Oct/2025:09:21:32 -0400] "GET /wp-json/wp/v2/tags/2535 HTTP/2.0" 200 633 "-" "Mozilla/5.0 AppleWebKit/537.36 (KHTML, like Gecko; compatible; GPTBot/1.2; +https://openai.com/gptbot)"
20.171.207.51 - - [20/Oct/2025:09:21:33 -0400] "GET /wp-json/wp/v2/tags/3313 HTTP/2.0" 200 642 "-" "Mozilla/5.0 AppleWebKit/537.36 (KHTML, like Gecko; compatible; GPTBot/1.2; +https://openai.com/gptbot)"
20.171.207.51 - - [20/Oct/2025:09:21:34 -0400] "GET /wp-json/wp/v2/tags/9772 HTTP/2.0" 200 609 "-" "Mozilla/5.0 AppleWebKit/537.36 (KHTML, like Gecko; compatible; GPTBot/1.2; +https://openai.com/gptbot)"
20.171.207.51 - - [20/Oct/2025:09:21:35 -0400] "GET /wp-json/wp/v2/tags/1021 HTTP/2.0" 200 606 "-" "Mozilla/5.0 AppleWebKit/537.36 (KHTML, like Gecko; compatible; GPTBot/1.2; +https://openai.com/gptbot)"
20.171.207.51 - - [20/Oct/2025:09:21:36 -0400] "GET /wp-json/wp/v2/tags/7427 HTTP/2.0" 200 609 "-" "Mozilla/5.0 AppleWebKit/537.36 (KHTML, like Gecko; compatible; GPTBot/1.2; +https://openai.com/gptbot)"
20.171.207.51 - - [20/Oct/2025:09:21:38 -0400] "GET /wp-json/wp/v2/tags/4924 HTTP/2.0" 200 612 "-" "Mozilla/5.0 AppleWebKit/537.36 (KHTML, like Gecko; compatible; GPTBot/1.2; +https://openai.com/gptbot)"
20.171.207.51 - - [20/Oct/2025:09:21:39 -0400] "GET /wp-json/wp/v2/tags/7667 HTTP/2.0" 200 603 "-" "Mozilla/5.0 AppleWebKit/537.36 (KHTML, like Gecko; compatible; GPTBot/1.2; +https://openai.com/gptbot)"
20.171.207.51 - - [20/Oct/2025:09:21:40 -0400] "GET /wp-json/wp/v2/tags/8332 HTTP/2.0" 200 624 "-" "Mozilla/5.0 AppleWebKit/537.36 (KHTML, like Gecko; compatible; GPTBot/1.2; +https://openai.com/gptbot)"
20.171.207.51 - - [20/Oct/2025:09:21:41 -0400] "GET /wp-json/wp/v2/tags/8278 HTTP/2.0" 200 657 "-" "Mozilla/5.0 AppleWebKit/537.36 (KHTML, like Gecko; compatible; GPTBot/1.2; +https://openai.com/gptbot)"
20.171.207.51 - - [20/Oct/2025:09:21:42 -0400] "GET /wp-json/wp/v2/tags/6322 HTTP/2.0" 200 588 "-" "Mozilla/5.0 AppleWebKit/537.36 (KHTML, like Gecko; compatible; GPTBot/1.2; +https://openai.com/gptbot)"
20.171.207.51 - - [20/Oct/2025:09:21:43 -0400] "GET /wp-json/wp/v2/tags/7992 HTTP/2.0" 200 633 "-" "Mozilla/5.0 AppleWebKit/537.36 (KHTML, like Gecko; compatible; GPTBot/1.2; +https://openai.com/gptbot)"
20.171.207.51 - - [20/Oct/2025:09:21:44 -0400] "GET /wp-json/wp/v2/tags/3324 HTTP/2.0" 200 636 "-" "Mozilla/5.0 AppleWebKit/537.36 (KHTML, like Gecko; compatible; GPTBot/1.2; +https://openai.com/gptbot)"
20.171.207.51 - - [20/Oct/2025:09:21:45 -0400] "GET /wp-json/wp/v2/tags/2521 HTTP/2.0" 200 597 "-" "Mozilla/5.0 AppleWebKit/537.36 (KHTML, like Gecko; compatible; GPTBot/1.2; +https://openai.com/gptbot)"
20.171.207.51 - - [20/Oct/2025:09:21:47 -0400] "GET /wp-json/wp/v2/tags/5955 HTTP/2.0" 200 633 "-" "Mozilla/5.0 AppleWebKit/537.36 (KHTML, like Gecko; compatible; GPTBot/1.2; +https://openai.com/gptbot)"
20.171.207.51 - - [20/Oct/2025:09:21:48 -0400] "GET /wp-json/wp/v2/tags/3922 HTTP/2.0" 200 633 "-" "Mozilla/5.0 AppleWebKit/537.36 (KHTML, like Gecko; compatible; GPTBot/1.2; +https://openai.com/gptbot)"
20.171.207.51 - - [20/Oct/2025:09:21:49 -0400] "GET /wp-json/wp/v2/tags/4344 HTTP/2.0" 200 576 "-" "Mozilla/5.0 AppleWebKit/537.36 (KHTML, like Gecko; compatible; GPTBot/1.2; +https://openai.com/gptbot)"
20.171.207.51 - - [20/Oct/2025:09:21:50 -0400] "GET /wp-json/wp/v2/tags/5229 HTTP/2.0" 200 633 "-" "Mozilla/5.0 AppleWebKit/537.36 (KHTML, like Gecko; compatible; GPTBot/1.2; +https://openai.com/gptbot)"
20.171.207.51 - - [20/Oct/2025:09:21:51 -0400] "GET /wp-json/wp/v2/tags/7728 HTTP/2.0" 200 627 "-" "Mozilla/5.0 AppleWebKit/537.36 (KHTML, like Gecko; compatible; GPTBot/1.2; +https://openai.com/gptbot)"
20.171.207.51 - - [20/Oct/2025:09:21:53 -0400] "GET /wp-json/wp/v2/tags/2682 HTTP/2.0" 200 708 "-" "Mozilla/5.0 AppleWebKit/537.36 (KHTML, like Gecko; compatible; GPTBot/1.2; +https://openai.com/gptbot)"
20.171.207.51 - - [20/Oct/2025:09:21:54 -0400] "GET /wp-json/wp/v2/tags/2026 HTTP/2.0" 200 684 "-" "Mozilla/5.0 AppleWebKit/537.36 (KHTML, like Gecko; compatible; GPTBot/1.2; +https://openai.com/gptbot)"
20.171.207.51 - - [20/Oct/2025:09:21:55 -0400] "GET /wp-json/wp/v2/tags/4142 HTTP/2.0" 200 612 "-" "Mozilla/5.0 AppleWebKit/537.36 (KHTML, like Gecko; compatible; GPTBot/1.2; +https://openai.com/gptbot)"
20.171.207.51 - - [20/Oct/2025:09:21:56 -0400] "GET /wp-json/wp/v2/tags/2313 HTTP/2.0" 200 597 "-" "Mozilla/5.0 AppleWebKit/537.36 (KHTML, like Gecko; compatible; GPTBot/1.2; +https://openai.com/gptbot)"
20.171.207.51 - - [20/Oct/2025:09:21:57 -0400] "GET /wp-json/wp/v2/tags/7267 HTTP/2.0" 200 648 "-" "Mozilla/5.0 AppleWebKit/537.36 (KHTML, like Gecko; compatible; GPTBot/1.2; +https://openai.com/gptbot)"
20.171.207.51 - - [20/Oct/2025:09:21:58 -0400] "GET /wp-json/wp/v2/tags/2211 HTTP/2.0" 200 690 "-" "Mozilla/5.0 AppleWebKit/537.36 (KHTML, like Gecko; compatible; GPTBot/1.2; +https://openai.com/gptbot)"
20.171.207.51 - - [20/Oct/2025:09:21:59 -0400] "GET /wp-json/wp/v2/tags/2672 HTTP/2.0" 200 627 "-" "Mozilla/5.0 AppleWebKit/537.36 (KHTML, like Gecko; compatible; GPTBot/1.2; +https://openai.com/gptbot)"
20.171.207.51 - - [20/Oct/2025:09:22:01 -0400] "GET /wp-json/wp/v2/tags/2452 HTTP/2.0" 200 628 "-" "Mozilla/5.0 AppleWebKit/537.36 (KHTML, like Gecko; compatible; GPTBot/1.2; +https://openai.com/gptbot)"
20.171.207.51 - - [20/Oct/2025:09:22:02 -0400] "GET /wp-json/wp/v2/tags/2928 HTTP/2.0" 200 609 "-" "Mozilla/5.0 AppleWebKit/537.36 (KHTML, like Gecko; compatible; GPTBot/1.2; +https://openai.com/gptbot)"
20.171.207.51 - - [20/Oct/2025:09:22:03 -0400] "GET /wp-json/wp/v2/tags/1123 HTTP/2.0" 200 597 "-" "Mozilla/5.0 AppleWebKit/537.36 (KHTML, like Gecko; compatible; GPTBot/1.2; +https://openai.com/gptbot)"
20.171.207.51 - - [20/Oct/2025:09:22:04 -0400] "GET /wp-json/wp/v2/tags/9522 HTTP/2.0" 200 648 "-" "Mozilla/5.0 AppleWebKit/537.36 (KHTML, like Gecko; compatible; GPTBot/1.2; +https://openai.com/gptbot)"
20.171.207.51 - - [20/Oct/2025:09:22:05 -0400] "GET /wp-json/wp/v2/tags/3623 HTTP/2.0" 200 585 "-" "Mozilla/5.0 AppleWebKit/537.36 (KHTML, like Gecko; compatible; GPTBot/1.2; +https://openai.com/gptbot)"
66.249.79.166 - - [20/Oct/2025:09:22:05 -0400] "GET /?a=4800857631400&channel=83caa9&from=goods.php%3Fid%3D576314-338%26name%3D%E3%83%87%E3%82%A3%E3%82%AA%E3%83%BC%E3%83%AB+%E3%82%AB%E3%83%97%E3%83%81%E3%83%A5%E3%83%BC%E3%83%AB%E3%83%88%E3%83%BC%E3%82%BF%E3%83%AB%E3%83%AB%E3%82%BB%E3%83%A9%E3%83%A0+Dior+%E6%96%B0%E5%93%81%E6%9C%AA%E9%96%8B%E5%B0%81 HTTP/1.1" 301 - "-" "Mozilla/5.0 (Linux; Android 6.0.1; Nexus 5X Build/MMB29P) AppleWebKit/537.36 (KHTML, like Gecko) Chrome/140.0.7339.207 Mobile Safari/537.36 (compatible; Googlebot/2.1; +http://www.google.com/bot.html)"
20.171.207.51 - - [20/Oct/2025:09:22:06 -0400] "GET /wp-json/wp/v2/tags/7755 HTTP/2.0" 200 609 "-" "Mozilla/5.0 AppleWebKit/537.36 (KHTML, like Gecko; compatible; GPTBot/1.2; +https://openai.com/gptbot)"
20.171.207.51 - - [20/Oct/2025:09:22:07 -0400] "GET /wp-json/wp/v2/tags/6826 HTTP/2.0" 200 637 "-" "Mozilla/5.0 AppleWebKit/537.36 (KHTML, like Gecko; compatible; GPTBot/1.2; +https://openai.com/gptbot)"
20.171.207.51 - - [20/Oct/2025:09:22:09 -0400] "GET /wp-json/wp/v2/tags/6265 HTTP/2.0" 200 591 "-" "Mozilla/5.0 AppleWebKit/537.36 (KHTML, like Gecko; compatible; GPTBot/1.2; +https://openai.com/gptbot)"
20.171.207.51 - - [20/Oct/2025:09:22:10 -0400] "GET /wp-json/wp/v2/tags/2441 HTTP/2.0" 200 639 "-" "Mozilla/5.0 AppleWebKit/537.36 (KHTML, like Gecko; compatible; GPTBot/1.2; +https://openai.com/gptbot)"
20.171.207.51 - - [20/Oct/2025:09:22:11 -0400] "GET /wp-json/wp/v2/tags/1131 HTTP/2.0" 200 591 "-" "Mozilla/5.0 AppleWebKit/537.36 (KHTML, like Gecko; compatible; GPTBot/1.2; +https://openai.com/gptbot)"
20.171.207.51 - - [20/Oct/2025:09:22:12 -0400] "GET /wp-json/wp/v2/tags/6256 HTTP/2.0" 200 648 "-" "Mozilla/5.0 AppleWebKit/537.36 (KHTML, like Gecko; compatible; GPTBot/1.2; +https://openai.com/gptbot)"
20.171.207.51 - - [20/Oct/2025:09:22:13 -0400] "GET /wp-json/wp/v2/tags/1181 HTTP/2.0" 200 600 "-" "Mozilla/5.0 AppleWebKit/537.36 (KHTML, like Gecko; compatible; GPTBot/1.2; +https://openai.com/gptbot)"
20.171.207.51 - - [20/Oct/2025:09:22:14 -0400] "GET /wp-json/wp/v2/tags/1192 HTTP/2.0" 200 609 "-" "Mozilla/5.0 AppleWebKit/537.36 (KHTML, like Gecko; compatible; GPTBot/1.2; +https://openai.com/gptbot)"
20.171.207.51 - - [20/Oct/2025:09:22:15 -0400] "GET /wp-json/wp/v2/tags/4724 HTTP/2.0" 200 663 "-" "Mozilla/5.0 AppleWebKit/537.36 (KHTML, like Gecko; compatible; GPTBot/1.2; +https://openai.com/gptbot)"
20.171.207.51 - - [20/Oct/2025:09:22:17 -0400] "GET /wp-json/wp/v2/tags/8898 HTTP/2.0" 200 621 "-" "Mozilla/5.0 AppleWebKit/537.36 (KHTML, like Gecko; compatible; GPTBot/1.2; +https://openai.com/gptbot)"
20.171.207.51 - - [20/Oct/2025:09:22:18 -0400] "GET /wp-json/wp/v2/tags/3939 HTTP/2.0" 200 654 "-" "Mozilla/5.0 AppleWebKit/537.36 (KHTML, like Gecko; compatible; GPTBot/1.2; +https://openai.com/gptbot)"
20.171.207.51 - - [20/Oct/2025:09:22:19 -0400] "GET /wp-json/wp/v2/tags/5511 HTTP/2.0" 200 627 "-" "Mozilla/5.0 AppleWebKit/537.36 (KHTML, like Gecko; compatible; GPTBot/1.2; +https://openai.com/gptbot)"
20.171.207.51 - - [20/Oct/2025:09:22:20 -0400] "GET /wp-json/wp/v2/tags/2733 HTTP/2.0" 200 624 "-" "Mozilla/5.0 AppleWebKit/537.36 (KHTML, like Gecko; compatible; GPTBot/1.2; +https://openai.com/gptbot)"
20.171.207.51 - - [20/Oct/2025:09:22:21 -0400] "GET /wp-json/wp/v2/tags/9022 HTTP/2.0" 200 636 "-" "Mozilla/5.0 AppleWebKit/537.36 (KHTML, like Gecko; compatible; GPTBot/1.2; +https://openai.com/gptbot)"
20.171.207.51 - - [20/Oct/2025:09:22:23 -0400] "GET /wp-json/wp/v2/tags/3233 HTTP/2.0" 200 624 "-" "Mozilla/5.0 AppleWebKit/537.36 (KHTML, like Gecko; compatible; GPTBot/1.2; +https://openai.com/gptbot)"
20.171.207.51 - - [20/Oct/2025:09:22:24 -0400] "GET /wp-json/wp/v2/tags/2233 HTTP/2.0" 200 639 "-" "Mozilla/5.0 AppleWebKit/537.36 (KHTML, like Gecko; compatible; GPTBot/1.2; +https://openai.com/gptbot)"
20.171.207.51 - - [20/Oct/2025:09:22:25 -0400] "GET /wp-json/wp/v2/tags/2007 HTTP/2.0" 200 642 "-" "Mozilla/5.0 AppleWebKit/537.36 (KHTML, like Gecko; compatible; GPTBot/1.2; +https://openai.com/gptbot)"
20.171.207.51 - - [20/Oct/2025:09:22:26 -0400] "GET /wp-json/wp/v2/tags/8808 HTTP/2.0" 200 585 "-" "Mozilla/5.0 AppleWebKit/537.36 (KHTML, like Gecko; compatible; GPTBot/1.2; +https://openai.com/gptbot)"
20.171.207.51 - - [20/Oct/2025:09:22:27 -0400] "GET /wp-json/wp/v2/tags/2702 HTTP/2.0" 200 651 "-" "Mozilla/5.0 AppleWebKit/537.36 (KHTML, like Gecko; compatible; GPTBot/1.2; +https://openai.com/gptbot)"
20.171.207.51 - - [20/Oct/2025:09:22:28 -0400] "GET /wp-json/wp/v2/tags/5858 HTTP/2.0" 200 633 "-" "Mozilla/5.0 AppleWebKit/537.36 (KHTML, like Gecko; compatible; GPTBot/1.2; +https://openai.com/gptbot)"
20.171.207.51 - - [20/Oct/2025:09:22:29 -0400] "GET /wp-json/wp/v2/tags/2295 HTTP/2.0" 200 633 "-" "Mozilla/5.0 AppleWebKit/537.36 (KHTML, like Gecko; compatible; GPTBot/1.2; +https://openai.com/gptbot)"
20.171.207.51 - - [20/Oct/2025:09:22:31 -0400] "GET /wp-json/wp/v2/tags/2920 HTTP/2.0" 200 576 "-" "Mozilla/5.0 AppleWebKit/537.36 (KHTML, like Gecko; compatible; GPTBot/1.2; +https://openai.com/gptbot)"
20.171.207.51 - - [20/Oct/2025:09:22:32 -0400] "GET /wp-json/wp/v2/tags/4343 HTTP/2.0" 200 600 "-" "Mozilla/5.0 AppleWebKit/537.36 (KHTML, like Gecko; compatible; GPTBot/1.2; +https://openai.com/gptbot)"
20.171.207.51 - - [20/Oct/2025:09:22:33 -0400] "GET /wp-json/wp/v2/tags/6336 HTTP/2.0" 200 627 "-" "Mozilla/5.0 AppleWebKit/537.36 (KHTML, like Gecko; compatible; GPTBot/1.2; +https://openai.com/gptbot)"
20.171.207.51 - - [20/Oct/2025:09:22:34 -0400] "GET /wp-json/wp/v2/tags/3328 HTTP/2.0" 200 600 "-" "Mozilla/5.0 AppleWebKit/537.36 (KHTML, like Gecko; compatible; GPTBot/1.2; +https://openai.com/gptbot)"
20.171.207.51 - - [20/Oct/2025:09:22:35 -0400] "GET /wp-json/wp/v2/tags/8082 HTTP/2.0" 200 627 "-" "Mozilla/5.0 AppleWebKit/537.36 (KHTML, like Gecko; compatible; GPTBot/1.2; +https://openai.com/gptbot)"
20.171.207.51 - - [20/Oct/2025:09:22:36 -0400] "GET /wp-json/wp/v2/tags/2775 HTTP/2.0" 200 612 "-" "Mozilla/5.0 AppleWebKit/537.36 (KHTML, like Gecko; compatible; GPTBot/1.2; +https://openai.com/gptbot)"
20.171.207.51 - - [20/Oct/2025:09:22:38 -0400] "GET /wp-json/wp/v2/tags/5052 HTTP/2.0" 200 663 "-" "Mozilla/5.0 AppleWebKit/537.36 (KHTML, like Gecko; compatible; GPTBot/1.2; +https://openai.com/gptbot)"
66.249.79.165 - - [20/Oct/2025:09:22:37 -0400] "GET /in-this-developing-country-people-are-compelled-to-eat-ghaas-ki-roti/ghaas-ki-roti/feed/ HTTP/1.1" 200 893 "-" "Mozilla/5.0 (Linux; Android 6.0.1; Nexus 5X Build/MMB29P) AppleWebKit/537.36 (KHTML, like Gecko) Chrome/140.0.7339.207 Mobile Safari/537.36 (compatible; Googlebot/2.1; +http://www.google.com/bot.html)"
20.171.207.51 - - [20/Oct/2025:09:22:39 -0400] "GET /wp-json/wp/v2/tags/8002 HTTP/2.0" 200 609 "-" "Mozilla/5.0 AppleWebKit/537.36 (KHTML, like Gecko; compatible; GPTBot/1.2; +https://openai.com/gptbot)"
20.171.207.51 - - [20/Oct/2025:09:22:40 -0400] "GET /wp-json/wp/v2/tags/2009 HTTP/2.0" 200 627 "-" "Mozilla/5.0 AppleWebKit/537.36 (KHTML, like Gecko; compatible; GPTBot/1.2; +https://openai.com/gptbot)"
20.171.207.51 - - [20/Oct/2025:09:22:41 -0400] "GET /wp-json/wp/v2/tags/2117 HTTP/2.0" 200 589 "-" "Mozilla/5.0 AppleWebKit/537.36 (KHTML, like Gecko; compatible; GPTBot/1.2; +https://openai.com/gptbot)"
20.171.207.51 - - [20/Oct/2025:09:22:42 -0400] "GET /wp-json/wp/v2/tags/9626 HTTP/2.0" 200 639 "-" "Mozilla/5.0 AppleWebKit/537.36 (KHTML, like Gecko; compatible; GPTBot/1.2; +https://openai.com/gptbot)"
20.171.207.51 - - [20/Oct/2025:09:22:43 -0400] "GET /wp-json/wp/v2/tags/2462 HTTP/2.0" 200 594 "-" "Mozilla/5.0 AppleWebKit/537.36 (KHTML, like Gecko; compatible; GPTBot/1.2; +https://openai.com/gptbot)"
20.171.207.51 - - [20/Oct/2025:09:22:44 -0400] "GET /wp-json/wp/v2/tags/8382 HTTP/2.0" 200 618 "-" "Mozilla/5.0 AppleWebKit/537.36 (KHTML, like Gecko; compatible; GPTBot/1.2; +https://openai.com/gptbot)"
20.171.207.51 - - [20/Oct/2025:09:22:46 -0400] "GET /wp-json/wp/v2/tags/8826 HTTP/2.0" 200 666 "-" "Mozilla/5.0 AppleWebKit/537.36 (KHTML, like Gecko; compatible; GPTBot/1.2; +https://openai.com/gptbot)"
20.171.207.51 - - [20/Oct/2025:09:22:47 -0400] "GET /wp-json/wp/v2/tags/2902 HTTP/2.0" 200 585 "-" "Mozilla/5.0 AppleWebKit/537.36 (KHTML, like Gecko; compatible; GPTBot/1.2; +https://openai.com/gptbot)"
20.171.207.51 - - [20/Oct/2025:09:22:48 -0400] "GET /wp-json/wp/v2/tags/1213 HTTP/2.0" 200 597 "-" "Mozilla/5.0 AppleWebKit/537.36 (KHTML, like Gecko; compatible; GPTBot/1.2; +https://openai.com/gptbot)"
20.171.207.51 - - [20/Oct/2025:09:22:49 -0400] "GET /wp-json/wp/v2/tags/8088 HTTP/2.0" 200 612 "-" "Mozilla/5.0 AppleWebKit/537.36 (KHTML, like Gecko; compatible; GPTBot/1.2; +https://openai.com/gptbot)"
20.171.207.51 - - [20/Oct/2025:09:22:50 -0400] "GET /wp-json/wp/v2/tags/1421 HTTP/2.0" 200 597 "-" "Mozilla/5.0 AppleWebKit/537.36 (KHTML, like Gecko; compatible; GPTBot/1.2; +https://openai.com/gptbot)"
20.171.207.51 - - [20/Oct/2025:09:22:51 -0400] "GET /wp-json/wp/v2/tags/9227 HTTP/2.0" 200 687 "-" "Mozilla/5.0 AppleWebKit/537.36 (KHTML, like Gecko; compatible; GPTBot/1.2; +https://openai.com/gptbot)"
20.171.207.51 - - [20/Oct/2025:09:22:53 -0400] "GET /wp-json/wp/v2/tags/4266 HTTP/2.0" 200 600 "-" "Mozilla/5.0 AppleWebKit/537.36 (KHTML, like Gecko; compatible; GPTBot/1.2; +https://openai.com/gptbot)"
20.171.207.51 - - [20/Oct/2025:09:22:54 -0400] "GET /wp-json/wp/v2/tags/5545 HTTP/2.0" 200 606 "-" "Mozilla/5.0 AppleWebKit/537.36 (KHTML, like Gecko; compatible; GPTBot/1.2; +https://openai.com/gptbot)"
20.171.207.51 - - [20/Oct/2025:09:22:55 -0400] "GET /wp-json/wp/v2/tags/2263 HTTP/2.0" 200 621 "-" "Mozilla/5.0 AppleWebKit/537.36 (KHTML, like Gecko; compatible; GPTBot/1.2; +https://openai.com/gptbot)"
20.171.207.51 - - [20/Oct/2025:09:22:56 -0400] "GET /wp-json/wp/v2/tags/2280 HTTP/2.0" 200 576 "-" "Mozilla/5.0 AppleWebKit/537.36 (KHTML, like Gecko; compatible; GPTBot/1.2; +https://openai.com/gptbot)"
20.171.207.51 - - [20/Oct/2025:09:22:57 -0400] "GET /wp-json/wp/v2/tags/2218 HTTP/2.0" 200 594 "-" "Mozilla/5.0 AppleWebKit/537.36 (KHTML, like Gecko; compatible; GPTBot/1.2; +https://openai.com/gptbot)"
20.171.207.51 - - [20/Oct/2025:09:22:58 -0400] "GET /wp-json/wp/v2/tags/7782 HTTP/2.0" 200 651 "-" "Mozilla/5.0 AppleWebKit/537.36 (KHTML, like Gecko; compatible; GPTBot/1.2; +https://openai.com/gptbot)"
20.171.207.51 - - [20/Oct/2025:09:23:00 -0400] "GET /wp-json/wp/v2/tags/1772 HTTP/2.0" 200 648 "-" "Mozilla/5.0 AppleWebKit/537.36 (KHTML, like Gecko; compatible; GPTBot/1.2; +https://openai.com/gptbot)"
20.171.207.51 - - [20/Oct/2025:09:23:01 -0400] "GET /wp-json/wp/v2/tags/5220 HTTP/2.0" 200 627 "-" "Mozilla/5.0 AppleWebKit/537.36 (KHTML, like Gecko; compatible; GPTBot/1.2; +https://openai.com/gptbot)"
20.171.207.51 - - [20/Oct/2025:09:23:02 -0400] "GET /wp-json/wp/v2/tags/1218 HTTP/2.0" 200 600 "-" "Mozilla/5.0 AppleWebKit/537.36 (KHTML, like Gecko; compatible; GPTBot/1.2; +https://openai.com/gptbot)"
20.171.207.51 - - [20/Oct/2025:09:23:03 -0400] "GET /wp-json/wp/v2/tags/4828 HTTP/2.0" 200 606 "-" "Mozilla/5.0 AppleWebKit/537.36 (KHTML, like Gecko; compatible; GPTBot/1.2; +https://openai.com/gptbot)"
20.171.207.51 - - [20/Oct/2025:09:23:04 -0400] "GET /wp-json/wp/v2/tags/3373 HTTP/2.0" 200 603 "-" "Mozilla/5.0 AppleWebKit/537.36 (KHTML, like Gecko; compatible; GPTBot/1.2; +https://openai.com/gptbot)"
20.171.207.51 - - [20/Oct/2025:09:23:05 -0400] "GET /wp-json/wp/v2/tags/2400 HTTP/2.0" 200 624 "-" "Mozilla/5.0 AppleWebKit/537.36 (KHTML, like Gecko; compatible; GPTBot/1.2; +https://openai.com/gptbot)"
20.171.207.51 - - [20/Oct/2025:09:23:07 -0400] "GET /wp-json/wp/v2/tags/3272 HTTP/2.0" 200 624 "-" "Mozilla/5.0 AppleWebKit/537.36 (KHTML, like Gecko; compatible; GPTBot/1.2; +https://openai.com/gptbot)"
20.171.207.51 - - [20/Oct/2025:09:23:08 -0400] "GET /wp-json/wp/v2/tags/5505 HTTP/2.0" 200 609 "-" "Mozilla/5.0 AppleWebKit/537.36 (KHTML, like Gecko; compatible; GPTBot/1.2; +https://openai.com/gptbot)"
20.171.207.51 - - [20/Oct/2025:09:23:09 -0400] "GET /wp-json/wp/v2/tags/6212 HTTP/2.0" 200 597 "-" "Mozilla/5.0 AppleWebKit/537.36 (KHTML, like Gecko; compatible; GPTBot/1.2; +https://openai.com/gptbot)"
20.171.207.51 - - [20/Oct/2025:09:23:10 -0400] "GET /wp-json/wp/v2/tags/2208 HTTP/2.0" 200 696 "-" "Mozilla/5.0 AppleWebKit/537.36 (KHTML, like Gecko; compatible; GPTBot/1.2; +https://openai.com/gptbot)"
20.171.207.51 - - [20/Oct/2025:09:23:11 -0400] "GET /wp-json/wp/v2/tags/2060 HTTP/2.0" 200 681 "-" "Mozilla/5.0 AppleWebKit/537.36 (KHTML, like Gecko; compatible; GPTBot/1.2; +https://openai.com/gptbot)"
20.171.207.51 - - [20/Oct/2025:09:23:12 -0400] "GET /wp-json/wp/v2/tags/8233 HTTP/2.0" 200 615 "-" "Mozilla/5.0 AppleWebKit/537.36 (KHTML, like Gecko; compatible; GPTBot/1.2; +https://openai.com/gptbot)"
20.171.207.51 - - [20/Oct/2025:09:23:13 -0400] "GET /wp-json/wp/v2/tags/5522 HTTP/2.0" 200 597 "-" "Mozilla/5.0 AppleWebKit/537.36 (KHTML, like Gecko; compatible; GPTBot/1.2; +https://openai.com/gptbot)"
20.171.207.51 - - [20/Oct/2025:09:23:15 -0400] "GET /wp-json/wp/v2/tags/2201 HTTP/2.0" 200 597 "-" "Mozilla/5.0 AppleWebKit/537.36 (KHTML, like Gecko; compatible; GPTBot/1.2; +https://openai.com/gptbot)"
20.171.207.51 - - [20/Oct/2025:09:23:16 -0400] "GET /wp-json/wp/v2/tags/2024 HTTP/2.0" 200 621 "-" "Mozilla/5.0 AppleWebKit/537.36 (KHTML, like Gecko; compatible; GPTBot/1.2; +https://openai.com/gptbot)"
20.171.207.51 - - [20/Oct/2025:09:23:17 -0400] "GET /wp-json/wp/v2/tags/2192 HTTP/2.0" 200 633 "-" "Mozilla/5.0 AppleWebKit/537.36 (KHTML, like Gecko; compatible; GPTBot/1.2; +https://openai.com/gptbot)"
66.249.79.166 - - [20/Oct/2025:09:23:17 -0400] "GET /?a=3037422050601&channel=890919&from=pin.php%3Fid%3D220506-1153%26name%3DWIND+AND+SEA+%E3%83%96%E3%83%AA%E3%83%BC%E3%83%95%E3%82%A3%E3%83%B3%E3%82%B0%E6%96%B0%E5%93%81 HTTP/1.1" 301 - "-" "Mozilla/5.0 (Linux; Android 6.0.1; Nexus 5X Build/MMB29P) AppleWebKit/537.36 (KHTML, like Gecko) Chrome/140.0.7339.207 Mobile Safari/537.36 (compatible; Googlebot/2.1; +http://www.google.com/bot.html)"
20.171.207.51 - - [20/Oct/2025:09:23:18 -0400] "GET /wp-json/wp/v2/tags/8181 HTTP/2.0" 200 612 "-" "Mozilla/5.0 AppleWebKit/537.36 (KHTML, like Gecko; compatible; GPTBot/1.2; +https://openai.com/gptbot)"
20.171.207.51 - - [20/Oct/2025:09:23:19 -0400] "GET /wp-json/wp/v2/tags/2392 HTTP/2.0" 200 591 "-" "Mozilla/5.0 AppleWebKit/537.36 (KHTML, like Gecko; compatible; GPTBot/1.2; +https://openai.com/gptbot)"
66.249.79.165 - - [20/Oct/2025:09:23:19 -0400] "GET /cool-and-attractive-dresses-for-summers/ HTTP/1.1" 200 283356 "-" "Mozilla/5.0 (Linux; Android 6.0.1; Nexus 5X Build/MMB29P) AppleWebKit/537.36 (KHTML, like Gecko) Chrome/140.0.7339.207 Mobile Safari/537.36 (compatible; GoogleOther)"
20.171.207.51 - - [20/Oct/2025:09:23:20 -0400] "GET /wp-json/wp/v2/tags/3200 HTTP/2.0" 200 619 "-" "Mozilla/5.0 AppleWebKit/537.36 (KHTML, like Gecko; compatible; GPTBot/1.2; +https://openai.com/gptbot)"
20.171.207.51 - - [20/Oct/2025:09:23:21 -0400] "GET /wp-json/wp/v2/tags/5226 HTTP/2.0" 200 681 "-" "Mozilla/5.0 AppleWebKit/537.36 (KHTML, like Gecko; compatible; GPTBot/1.2; +https://openai.com/gptbot)"
20.171.207.51 - - [20/Oct/2025:09:23:23 -0400] "GET /wp-json/wp/v2/tags/1311 HTTP/2.0" 200 648 "-" "Mozilla/5.0 AppleWebKit/537.36 (KHTML, like Gecko; compatible; GPTBot/1.2; +https://openai.com/gptbot)"
20.171.207.51 - - [20/Oct/2025:09:23:24 -0400] "GET /wp-json/wp/v2/tags/7527 HTTP/2.0" 200 636 "-" "Mozilla/5.0 AppleWebKit/537.36 (KHTML, like Gecko; compatible; GPTBot/1.2; +https://openai.com/gptbot)"
20.171.207.51 - - [20/Oct/2025:09:23:25 -0400] "GET /wp-json/wp/v2/tags/8248 HTTP/2.0" 200 585 "-" "Mozilla/5.0 AppleWebKit/537.36 (KHTML, like Gecko; compatible; GPTBot/1.2; +https://openai.com/gptbot)"
20.171.207.51 - - [20/Oct/2025:09:23:26 -0400] "GET /wp-json/wp/v2/tags/6656 HTTP/2.0" 200 678 "-" "Mozilla/5.0 AppleWebKit/537.36 (KHTML, like Gecko; compatible; GPTBot/1.2; +https://openai.com/gptbot)"
89.248.172.183 - - [20/Oct/2025:09:23:27 -0400] "POST /wp-json/tdw/save_css HTTP/1.1" 401 98 "-" "Mozilla/5.0 (Windows NT 10.0) AppleWebKit/537.36 (KHTML, like Gecko) Chrome/104.0.0.0 Safari/537.36"
20.171.207.51 - - [20/Oct/2025:09:23:27 -0400] "GET /wp-json/wp/v2/tags/2433 HTTP/2.0" 200 645 "-" "Mozilla/5.0 AppleWebKit/537.36 (KHTML, like Gecko; compatible; GPTBot/1.2; +https://openai.com/gptbot)"
20.171.207.51 - - [20/Oct/2025:09:23:28 -0400] "GET /wp-json/wp/v2/tags/9199 HTTP/2.0" 200 624 "-" "Mozilla/5.0 AppleWebKit/537.36 (KHTML, like Gecko; compatible; GPTBot/1.2; +https://openai.com/gptbot)"
20.171.207.51 - - [20/Oct/2025:09:23:29 -0400] "GET /wp-json/wp/v2/tags/8287 HTTP/2.0" 200 633 "-" "Mozilla/5.0 AppleWebKit/537.36 (KHTML, like Gecko; compatible; GPTBot/1.2; +https://openai.com/gptbot)"
20.171.207.51 - - [20/Oct/2025:09:23:31 -0400] "GET /wp-json/wp/v2/tags/1412 HTTP/2.0" 200 621 "-" "Mozilla/5.0 AppleWebKit/537.36 (KHTML, like Gecko; compatible; GPTBot/1.2; +https://openai.com/gptbot)"
20.171.207.51 - - [20/Oct/2025:09:23:32 -0400] "GET /wp-json/wp/v2/tags/6228 HTTP/2.0" 200 651 "-" "Mozilla/5.0 AppleWebKit/537.36 (KHTML, like Gecko; compatible; GPTBot/1.2; +https://openai.com/gptbot)"
20.171.207.51 - - [20/Oct/2025:09:23:33 -0400] "GET /wp-json/wp/v2/tags/2279 HTTP/2.0" 200 594 "-" "Mozilla/5.0 AppleWebKit/537.36 (KHTML, like Gecko; compatible; GPTBot/1.2; +https://openai.com/gptbot)"
20.171.207.51 - - [20/Oct/2025:09:23:34 -0400] "GET /wp-json/wp/v2/tags/3112 HTTP/2.0" 200 592 "-" "Mozilla/5.0 AppleWebKit/537.36 (KHTML, like Gecko; compatible; GPTBot/1.2; +https://openai.com/gptbot)"
20.171.207.51 - - [20/Oct/2025:09:23:35 -0400] "GET /wp-json/wp/v2/tags/2166 HTTP/2.0" 200 606 "-" "Mozilla/5.0 AppleWebKit/537.36 (KHTML, like Gecko; compatible; GPTBot/1.2; +https://openai.com/gptbot)"
20.171.207.51 - - [20/Oct/2025:09:23:36 -0400] "GET /wp-json/wp/v2/tags/2998 HTTP/2.0" 200 636 "-" "Mozilla/5.0 AppleWebKit/537.36 (KHTML, like Gecko; compatible; GPTBot/1.2; +https://openai.com/gptbot)"
20.171.207.51 - - [20/Oct/2025:09:23:37 -0400] "GET /wp-json/wp/v2/tags/6006 HTTP/2.0" 200 615 "-" "Mozilla/5.0 AppleWebKit/537.36 (KHTML, like Gecko; compatible; GPTBot/1.2; +https://openai.com/gptbot)"
20.171.207.51 - - [20/Oct/2025:09:23:39 -0400] "GET /wp-json/wp/v2/tags/4411 HTTP/2.0" 200 618 "-" "Mozilla/5.0 AppleWebKit/537.36 (KHTML, like Gecko; compatible; GPTBot/1.2; +https://openai.com/gptbot)"
66.249.79.166 - - [20/Oct/2025:09:23:39 -0400] "GET /top-five-websites-from-where-you-can-download-movies-free-of-cost/mp4moviez/ HTTP/1.1" 301 - "-" "Mozilla/5.0 (Linux; Android 6.0.1; Nexus 5X Build/MMB29P) AppleWebKit/537.36 (KHTML, like Gecko) Chrome/140.0.7339.207 Mobile Safari/537.36 (compatible; Googlebot/2.1; +http://www.google.com/bot.html)"
20.171.207.51 - - [20/Oct/2025:09:23:40 -0400] "GET /wp-json/wp/v2/tags/3299 HTTP/2.0" 200 600 "-" "Mozilla/5.0 AppleWebKit/537.36 (KHTML, like Gecko; compatible; GPTBot/1.2; +https://openai.com/gptbot)"
66.249.79.165 - - [20/Oct/2025:09:23:40 -0400] "GET /mp4moviez/ HTTP/1.1" 200 120446 "-" "Mozilla/5.0 (Linux; Android 6.0.1; Nexus 5X Build/MMB29P) AppleWebKit/537.36 (KHTML, like Gecko) Chrome/140.0.7339.207 Mobile Safari/537.36 (compatible; Googlebot/2.1; +http://www.google.com/bot.html)"
20.171.207.51 - - [20/Oct/2025:09:23:41 -0400] "GET /wp-json/wp/v2/tags/4334 HTTP/2.0" 200 618 "-" "Mozilla/5.0 AppleWebKit/537.36 (KHTML, like Gecko; compatible; GPTBot/1.2; +https://openai.com/gptbot)"
20.171.207.51 - - [20/Oct/2025:09:23:42 -0400] "GET /wp-json/wp/v2/tags/2239 HTTP/2.0" 200 600 "-" "Mozilla/5.0 AppleWebKit/537.36 (KHTML, like Gecko; compatible; GPTBot/1.2; +https://openai.com/gptbot)"
20.171.207.51 - - [20/Oct/2025:09:23:43 -0400] "GET /wp-json/wp/v2/tags/2231 HTTP/2.0" 200 600 "-" "Mozilla/5.0 AppleWebKit/537.36 (KHTML, like Gecko; compatible; GPTBot/1.2; +https://openai.com/gptbot)"
20.171.207.51 - - [20/Oct/2025:09:23:44 -0400] "GET /wp-json/wp/v2/tags/4228 HTTP/2.0" 200 618 "-" "Mozilla/5.0 AppleWebKit/537.36 (KHTML, like Gecko; compatible; GPTBot/1.2; +https://openai.com/gptbot)"
20.171.207.51 - - [20/Oct/2025:09:23:46 -0400] "GET /wp-json/wp/v2/tags/1515 HTTP/2.0" 200 753 "-" "Mozilla/5.0 AppleWebKit/537.36 (KHTML, like Gecko; compatible; GPTBot/1.2; +https://openai.com/gptbot)"
20.171.207.51 - - [20/Oct/2025:09:23:47 -0400] "GET /wp-json/wp/v2/tags/7522 HTTP/2.0" 200 627 "-" "Mozilla/5.0 AppleWebKit/537.36 (KHTML, like Gecko; compatible; GPTBot/1.2; +https://openai.com/gptbot)"
216.73.216.129 - - [20/Oct/2025:09:23:47 -0400] "GET /tag/tanvi-azmi HTTP/2.0" 301 - "-" "Mozilla/5.0 AppleWebKit/537.36 (KHTML, like Gecko; compatible; ClaudeBot/1.0; [email protected])"
216.73.216.129 - - [20/Oct/2025:09:23:47 -0400] "GET /tag/tanvi-azmi/ HTTP/2.0" 200 133282 "https://wahgazab.com/tag/tanvi-azmi" "Mozilla/5.0 AppleWebKit/537.36 (KHTML, like Gecko; compatible; ClaudeBot/1.0; [email protected])"
20.171.207.51 - - [20/Oct/2025:09:23:48 -0400] "GET /wp-json/wp/v2/tags/5959 HTTP/2.0" 200 639 "-" "Mozilla/5.0 AppleWebKit/537.36 (KHTML, like Gecko; compatible; GPTBot/1.2; +https://openai.com/gptbot)"
20.171.207.51 - - [20/Oct/2025:09:23:49 -0400] "GET /wp-json/wp/v2/tags/5022 HTTP/2.0" 200 657 "-" "Mozilla/5.0 AppleWebKit/537.36 (KHTML, like Gecko; compatible; GPTBot/1.2; +https://openai.com/gptbot)"
20.171.207.51 - - [20/Oct/2025:09:23:50 -0400] "GET /wp-json/wp/v2/tags/4122 HTTP/2.0" 200 684 "-" "Mozilla/5.0 AppleWebKit/537.36 (KHTML, like Gecko; compatible; GPTBot/1.2; +https://openai.com/gptbot)"
