66.249.79.166 - - [20/Oct/2025:08:48:24 -0400] "GET /mystery-of-disappearance-and-retrieval-of-stambheshwar-mahadev-temple/stambheshwar-mahadev-temple/feed/ HTTP/1.1" 200 937 "-" "Mozilla/5.0 (Linux; Android 6.0.1; Nexus 5X Build/MMB29P) AppleWebKit/537.36 (KHTML, like Gecko) Chrome/140.0.7339.207 Mobile Safari/537.36 (compatible; Googlebot/2.1; +http://www.google.com/bot.html)"
20.171.207.51 - - [20/Oct/2025:08:48:24 -0400] "GET /wp-json/oembed/1.0/embed?url=https%3A%2F%2Fwahgazab.com%2F10-years-old-kid-weighs-200-kg-eating-noodles-and-having-coke%2F HTTP/2.0" 200 3538 "-" "Mozilla/5.0 AppleWebKit/537.36 (KHTML, like Gecko; compatible; GPTBot/1.2; +https://openai.com/gptbot)"
20.171.207.51 - - [20/Oct/2025:08:48:25 -0400] "GET /wp-json/oembed/1.0/embed?url=https%3A%2F%2Fwahgazab.com%2Fconjoined-twins-born-with-2-heads-and-one-heart-in-mumbai%2F HTTP/2.0" 200 2940 "-" "Mozilla/5.0 AppleWebKit/537.36 (KHTML, like Gecko; compatible; GPTBot/1.2; +https://openai.com/gptbot)"
20.171.207.51 - - [20/Oct/2025:08:48:26 -0400] "GET /wp-json/oembed/1.0/embed?url=https%3A%2F%2Fwahgazab.com%2Fpm-modi-to-keep-his-promise-and-people-would-get-15-lakh-rupees%2F HTTP/2.0" 200 3624 "-" "Mozilla/5.0 AppleWebKit/537.36 (KHTML, like Gecko; compatible; GPTBot/1.2; +https://openai.com/gptbot)"
20.171.207.51 - - [20/Oct/2025:08:48:27 -0400] "GET /wp-json/oembed/1.0/embed?url=https%3A%2F%2Fwahgazab.com%2Fthis-18-carat-gold-toilet-pot-creates-a-buzz-all-around-the-globe%2F HTTP/2.0" 200 3205 "-" "Mozilla/5.0 AppleWebKit/537.36 (KHTML, like Gecko; compatible; GPTBot/1.2; +https://openai.com/gptbot)"
20.171.207.51 - - [20/Oct/2025:08:48:29 -0400] "GET /wp-json/oembed/1.0/embed?url=https%3A%2F%2Fwahgazab.com%2Fthis-11-years-old-girl-to-become-the-youngest-mother-in-the-world%2F HTTP/2.0" 200 3281 "-" "Mozilla/5.0 AppleWebKit/537.36 (KHTML, like Gecko; compatible; GPTBot/1.2; +https://openai.com/gptbot)"
20.171.207.51 - - [20/Oct/2025:08:48:30 -0400] "GET /today-in-history-mughal-emperor-aurangzeb-died-2/feed/ HTTP/2.0" 200 936 "-" "Mozilla/5.0 AppleWebKit/537.36 (KHTML, like Gecko; compatible; GPTBot/1.2; +https://openai.com/gptbot)"
20.171.207.51 - - [20/Oct/2025:08:48:31 -0400] "GET /wp-json/oembed/1.0/embed?url=https%3A%2F%2Fwahgazab.com%2Fthe-hunger-games-part-2-movie-going-to-be-released-on-27-november%2F HTTP/2.0" 200 3367 "-" "Mozilla/5.0 AppleWebKit/537.36 (KHTML, like Gecko; compatible; GPTBot/1.2; +https://openai.com/gptbot)"
20.171.207.51 - - [20/Oct/2025:08:48:32 -0400] "GET /wp-json/oembed/1.0/embed?url=https%3A%2F%2Fwahgazab.com%2Fhave-you-ever-seen-gods-hand-watch-this-video%2F HTTP/2.0" 200 3075 "-" "Mozilla/5.0 AppleWebKit/537.36 (KHTML, like Gecko; compatible; GPTBot/1.2; +https://openai.com/gptbot)"
20.171.207.51 - - [20/Oct/2025:08:48:33 -0400] "GET /tag/dog-dancing-video-in-hindi/feed/ HTTP/2.0" 200 4440 "-" "Mozilla/5.0 AppleWebKit/537.36 (KHTML, like Gecko; compatible; GPTBot/1.2; +https://openai.com/gptbot)"
20.171.207.51 - - [20/Oct/2025:08:48:35 -0400] "GET /know-about-the-story-where-the-bride-was-departed-by-jcb-machine-instead-of-a-car/feed/ HTTP/2.0" 200 1056 "-" "Mozilla/5.0 AppleWebKit/537.36 (KHTML, like Gecko; compatible; GPTBot/1.2; +https://openai.com/gptbot)"
20.171.207.51 - - [20/Oct/2025:08:48:36 -0400] "GET /know-the-inspirational-story-of-the-cab-driver-who-built-hospital-for-common-people/feed/ HTTP/2.0" 200 1072 "-" "Mozilla/5.0 AppleWebKit/537.36 (KHTML, like Gecko; compatible; GPTBot/1.2; +https://openai.com/gptbot)"
20.171.207.51 - - [20/Oct/2025:08:48:37 -0400] "GET /wp-json/oembed/1.0/embed?url=https%3A%2F%2Fwahgazab.com%2Fthis-500-rupee-note-can-make-you-a-millionaire%2F HTTP/2.0" 200 3251 "-" "Mozilla/5.0 AppleWebKit/537.36 (KHTML, like Gecko; compatible; GPTBot/1.2; +https://openai.com/gptbot)"
20.171.207.51 - - [20/Oct/2025:08:48:38 -0400] "GET /wp-json/oembed/1.0/embed?url=https%3A%2F%2Fwahgazab.com%2Fdoctors-shocked-at-the-birth-of-a-kid-with-4-legs-and-2-genitals%2F HTTP/2.0" 200 3320 "-" "Mozilla/5.0 AppleWebKit/537.36 (KHTML, like Gecko; compatible; GPTBot/1.2; +https://openai.com/gptbot)"
20.171.207.51 - - [20/Oct/2025:08:48:39 -0400] "GET /wp-json/oembed/1.0/embed?url=https%3A%2F%2Fwahgazab.com%2Fwatch-the-viral-video-of-a-murder-in-college%2F HTTP/2.0" 200 3406 "-" "Mozilla/5.0 AppleWebKit/537.36 (KHTML, like Gecko; compatible; GPTBot/1.2; +https://openai.com/gptbot)"
20.171.207.51 - - [20/Oct/2025:08:48:40 -0400] "GET /wp-json/oembed/1.0/embed?url=https%3A%2F%2Fwahgazab.com%2Fthis-old-age-man-physically-abuses-a-4-years-old-minor-girl%2F HTTP/2.0" 200 3314 "-" "Mozilla/5.0 AppleWebKit/537.36 (KHTML, like Gecko; compatible; GPTBot/1.2; +https://openai.com/gptbot)"
20.171.207.51 - - [20/Oct/2025:08:48:42 -0400] "GET /students-transport-a-watermelon-weighs-30-tonnes-without-any-vehicle/feed/ HTTP/2.0" 200 1077 "-" "Mozilla/5.0 AppleWebKit/537.36 (KHTML, like Gecko; compatible; GPTBot/1.2; +https://openai.com/gptbot)"
20.171.207.51 - - [20/Oct/2025:08:48:43 -0400] "GET /this-video-shows-mischief-of-these-4-kids/feed/ HTTP/2.0" 200 912 "-" "Mozilla/5.0 AppleWebKit/537.36 (KHTML, like Gecko; compatible; GPTBot/1.2; +https://openai.com/gptbot)"
20.171.207.51 - - [20/Oct/2025:08:48:44 -0400] "GET /tag/hanuman-real-photo-in-himalaya/ HTTP/2.0" 200 125636 "-" "Mozilla/5.0 AppleWebKit/537.36 (KHTML, like Gecko; compatible; GPTBot/1.2; +https://openai.com/gptbot)"
20.171.207.51 - - [20/Oct/2025:08:48:45 -0400] "GET /wp-json/oembed/1.0/embed?url=https%3A%2F%2Fwahgazab.com%2Fa-pregnant-hen-gives-birth-to-2-puppies-in-bihar%2F HTTP/2.0" 200 3343 "-" "Mozilla/5.0 AppleWebKit/537.36 (KHTML, like Gecko; compatible; GPTBot/1.2; +https://openai.com/gptbot)"
20.171.207.51 - - [20/Oct/2025:08:48:46 -0400] "GET /wp-json/oembed/1.0/embed?url=https%3A%2F%2Fwahgazab.com%2Fhere-is-how-this-2-rupee-coin-makes-you-a-millionaire%2F HTTP/2.0" 200 3390 "-" "Mozilla/5.0 AppleWebKit/537.36 (KHTML, like Gecko; compatible; GPTBot/1.2; +https://openai.com/gptbot)"
20.171.207.51 - - [20/Oct/2025:08:48:47 -0400] "GET /wp-json/oembed/1.0/embed?url=https%3A%2F%2Fwahgazab.com%2Flord-rama-spent-4-months-at-this-temple-of-lord-shiva%2F HTTP/2.0" 200 3648 "-" "Mozilla/5.0 AppleWebKit/537.36 (KHTML, like Gecko; compatible; GPTBot/1.2; +https://openai.com/gptbot)"
20.171.207.51 - - [20/Oct/2025:08:48:49 -0400] "GET /wp-json/oembed/1.0/embed?url=https%3A%2F%2Fwahgazab.com%2Fbillionaire-sanjay-dutt-now-earns-rs-45-a-day%2F HTTP/2.0" 200 3199 "-" "Mozilla/5.0 AppleWebKit/537.36 (KHTML, like Gecko; compatible; GPTBot/1.2; +https://openai.com/gptbot)"
20.171.207.51 - - [20/Oct/2025:08:48:50 -0400] "GET /gandhi-special-these-5-people-too-are-called-as-gandhi/feed/ HTTP/2.0" 200 966 "-" "Mozilla/5.0 AppleWebKit/537.36 (KHTML, like Gecko; compatible; GPTBot/1.2; +https://openai.com/gptbot)"
20.171.207.51 - - [20/Oct/2025:08:48:51 -0400] "GET /wp-json/oembed/1.0/embed?url=https%3A%2F%2Fwahgazab.com%2Fbaba-balaknath-sets-his-own-empire-illegally%2F HTTP/2.0" 200 3675 "-" "Mozilla/5.0 AppleWebKit/537.36 (KHTML, like Gecko; compatible; GPTBot/1.2; +https://openai.com/gptbot)"
20.171.207.51 - - [20/Oct/2025:08:48:52 -0400] "GET /wp-json/oembed/1.0/embed?url=https%3A%2F%2Fwahgazab.com%2Fbeware-of-this-spirit-who-takes-80-lives-away%2F HTTP/2.0" 200 3114 "-" "Mozilla/5.0 AppleWebKit/537.36 (KHTML, like Gecko; compatible; GPTBot/1.2; +https://openai.com/gptbot)"
20.171.207.51 - - [20/Oct/2025:08:48:53 -0400] "GET /wp-json/oembed/1.0/embed?url=https%3A%2F%2Fwahgazab.com%2Fthis-stone-converts-milk-into-curd-strangely%2F HTTP/2.0" 200 3312 "-" "Mozilla/5.0 AppleWebKit/537.36 (KHTML, like Gecko; compatible; GPTBot/1.2; +https://openai.com/gptbot)"
20.171.207.51 - - [20/Oct/2025:08:48:55 -0400] "GET /wp-json/oembed/1.0/embed?url=https%3A%2F%2Fwahgazab.com%2Ffamous-woman-biker-veenu-paliwal-passes-away%2F HTTP/2.0" 200 3292 "-" "Mozilla/5.0 AppleWebKit/537.36 (KHTML, like Gecko; compatible; GPTBot/1.2; +https://openai.com/gptbot)"
20.171.207.51 - - [20/Oct/2025:08:48:56 -0400] "GET /tag/hanuman-real-photo-in-himalaya/feed/ HTTP/2.0" 200 14238 "-" "Mozilla/5.0 AppleWebKit/537.36 (KHTML, like Gecko; compatible; GPTBot/1.2; +https://openai.com/gptbot)"
20.171.207.51 - - [20/Oct/2025:08:48:57 -0400] "GET /wp-json/oembed/1.0/embed?url=https%3A%2F%2Fwahgazab.com%2Fpm-modi-reveals-why-did-katappa-killed-bahubali%2F HTTP/2.0" 200 3643 "-" "Mozilla/5.0 AppleWebKit/537.36 (KHTML, like Gecko; compatible; GPTBot/1.2; +https://openai.com/gptbot)"
20.171.207.51 - - [20/Oct/2025:08:48:58 -0400] "GET /wp-json/oembed/1.0/embed?url=https%3A%2F%2Fwahgazab.com%2Fsaudi-prince-in-custody-alleged-for-smuggling%2F HTTP/2.0" 200 3019 "-" "Mozilla/5.0 AppleWebKit/537.36 (KHTML, like Gecko; compatible; GPTBot/1.2; +https://openai.com/gptbot)"
20.171.207.51 - - [20/Oct/2025:08:48:59 -0400] "GET /tag/saudi-arabia-death-penalty-video/ HTTP/2.0" 200 122151 "-" "Mozilla/5.0 AppleWebKit/537.36 (KHTML, like Gecko; compatible; GPTBot/1.2; +https://openai.com/gptbot)"
20.171.207.51 - - [20/Oct/2025:08:49:00 -0400] "GET /wp-json/oembed/1.0/embed?url=https%3A%2F%2Fwahgazab.com%2Fplayers-who-ends-their-lives-at-cricket-ground%2F HTTP/2.0" 200 3153 "-" "Mozilla/5.0 AppleWebKit/537.36 (KHTML, like Gecko; compatible; GPTBot/1.2; +https://openai.com/gptbot)"
20.171.207.51 - - [20/Oct/2025:08:49:02 -0400] "GET /tag/pandavas-journey-to-heaven-video/ HTTP/2.0" 200 122435 "-" "Mozilla/5.0 AppleWebKit/537.36 (KHTML, like Gecko; compatible; GPTBot/1.2; +https://openai.com/gptbot)"
20.171.207.51 - - [20/Oct/2025:08:49:03 -0400] "GET /tag/radhika-apte-movie-trailer-video/ HTTP/2.0" 200 122272 "-" "Mozilla/5.0 AppleWebKit/537.36 (KHTML, like Gecko; compatible; GPTBot/1.2; +https://openai.com/gptbot)"
20.171.207.51 - - [20/Oct/2025:08:49:04 -0400] "GET /tag/amitabh-bachchan-new-movie-video/ HTTP/2.0" 200 122200 "-" "Mozilla/5.0 AppleWebKit/537.36 (KHTML, like Gecko; compatible; GPTBot/1.2; +https://openai.com/gptbot)"
20.171.207.51 - - [20/Oct/2025:08:49:05 -0400] "GET /tag/girls-sharing-bra-problems-video/ HTTP/2.0" 200 122334 "-" "Mozilla/5.0 AppleWebKit/537.36 (KHTML, like Gecko; compatible; GPTBot/1.2; +https://openai.com/gptbot)"
20.171.207.51 - - [20/Oct/2025:08:49:06 -0400] "GET /wp-json/oembed/1.0/embed?url=https%3A%2F%2Fwahgazab.com%2Ftheives-steal-the-20-meter-high-tower-in-this-strange-incidence%2F HTTP/2.0" 200 3218 "-" "Mozilla/5.0 AppleWebKit/537.36 (KHTML, like Gecko; compatible; GPTBot/1.2; +https://openai.com/gptbot)"
20.171.207.51 - - [20/Oct/2025:08:49:08 -0400] "GET /tag/dolls-video-news-in-hindi/ HTTP/2.0" 200 121722 "-" "Mozilla/5.0 AppleWebKit/537.36 (KHTML, like Gecko; compatible; GPTBot/1.2; +https://openai.com/gptbot)"
20.171.207.51 - - [20/Oct/2025:08:49:09 -0400] "GET /wp-json/oembed/1.0/embed?url=https%3A%2F%2Fwahgazab.com%2Fhere-is-why-big-b-and-amir-served-food-to-baratis-at-isha-ambani-wedding%2F HTTP/2.0" 200 3620 "-" "Mozilla/5.0 AppleWebKit/537.36 (KHTML, like Gecko; compatible; GPTBot/1.2; +https://openai.com/gptbot)"
20.171.207.51 - - [20/Oct/2025:08:49:10 -0400] "GET /tag/saudi-arabia-death-penalty-video/feed/ HTTP/2.0" 200 6818 "-" "Mozilla/5.0 AppleWebKit/537.36 (KHTML, like Gecko; compatible; GPTBot/1.2; +https://openai.com/gptbot)"
20.171.207.51 - - [20/Oct/2025:08:49:11 -0400] "GET /your-sweat-to-charge-your-mobile-phone-now/feed/ HTTP/2.0" 200 959 "-" "Mozilla/5.0 AppleWebKit/537.36 (KHTML, like Gecko; compatible; GPTBot/1.2; +https://openai.com/gptbot)"
100.28.204.82 - - [20/Oct/2025:08:49:12 -0400] "GET /chickpea-is-of-great-use-during-winter/ HTTP/1.1" 200 280923 "-" "Mozilla/5.0 AppleWebKit/537.36 (KHTML, like Gecko; compatible; Amazonbot/0.1; +https://developer.amazon.com/support/amazonbot) Chrome/119.0.6045.214 Safari/537.36"
20.171.207.51 - - [20/Oct/2025:08:49:12 -0400] "GET /wp-json/oembed/1.0/embed?url=https%3A%2F%2Fwahgazab.com%2Fa-special-boat-is-being-used-to-help-the-flood-victims-in-tamil-nadu%2F HTTP/2.0" 200 3292 "-" "Mozilla/5.0 AppleWebKit/537.36 (KHTML, like Gecko; compatible; GPTBot/1.2; +https://openai.com/gptbot)"
20.171.207.51 - - [20/Oct/2025:08:49:13 -0400] "GET /tag/facebook-lightsaber-profile-picture/ HTTP/2.0" 200 121587 "-" "Mozilla/5.0 AppleWebKit/537.36 (KHTML, like Gecko; compatible; GPTBot/1.2; +https://openai.com/gptbot)"
20.171.207.51 - - [20/Oct/2025:08:49:15 -0400] "GET /tag/radhika-apte-movie-trailer-video/feed/ HTTP/2.0" 200 7606 "-" "Mozilla/5.0 AppleWebKit/537.36 (KHTML, like Gecko; compatible; GPTBot/1.2; +https://openai.com/gptbot)"
52.70.209.13 - - [20/Oct/2025:08:49:15 -0400] "GET /tag/my-daily-routines/ HTTP/1.1" 200 122289 "-" "Mozilla/5.0 AppleWebKit/537.36 (KHTML, like Gecko; compatible; Amazonbot/0.1; +https://developer.amazon.com/support/amazonbot) Chrome/119.0.6045.214 Safari/537.36"
20.171.207.51 - - [20/Oct/2025:08:49:16 -0400] "GET /tag/girls-sharing-bra-problems-video/feed/ HTTP/2.0" 200 8495 "-" "Mozilla/5.0 AppleWebKit/537.36 (KHTML, like Gecko; compatible; GPTBot/1.2; +https://openai.com/gptbot)"
20.171.207.51 - - [20/Oct/2025:08:49:17 -0400] "GET /tag/amitabh-bachchan-new-movie-video/feed/ HTTP/2.0" 200 7611 "-" "Mozilla/5.0 AppleWebKit/537.36 (KHTML, like Gecko; compatible; GPTBot/1.2; +https://openai.com/gptbot)"
20.171.207.51 - - [20/Oct/2025:08:49:18 -0400] "GET /tag/dolls-video-news-in-hindi/feed/ HTTP/2.0" 200 5330 "-" "Mozilla/5.0 AppleWebKit/537.36 (KHTML, like Gecko; compatible; GPTBot/1.2; +https://openai.com/gptbot)"
20.171.207.51 - - [20/Oct/2025:08:49:19 -0400] "GET /tag/pandavas-journey-to-heaven-video/feed/ HTTP/2.0" 200 9039 "-" "Mozilla/5.0 AppleWebKit/537.36 (KHTML, like Gecko; compatible; GPTBot/1.2; +https://openai.com/gptbot)"
20.171.207.51 - - [20/Oct/2025:08:49:21 -0400] "GET /wp-json/oembed/1.0/embed?url=https%3A%2F%2Fwahgazab.com%2Fthis-weediest-cat-shows-up-and-amazes-people%2F HTTP/2.0" 200 3157 "-" "Mozilla/5.0 AppleWebKit/537.36 (KHTML, like Gecko; compatible; GPTBot/1.2; +https://openai.com/gptbot)"
20.171.207.51 - - [20/Oct/2025:08:49:22 -0400] "GET /wp-json/oembed/1.0/embed?url=https%3A%2F%2Fwahgazab.com%2Fwomen-at-this-place-have-tattoos-on-their-chest%2F HTTP/2.0" 200 3705 "-" "Mozilla/5.0 AppleWebKit/537.36 (KHTML, like Gecko; compatible; GPTBot/1.2; +https://openai.com/gptbot)"
34.225.138.57 - - [20/Oct/2025:08:49:21 -0400] "GET /this-is-how-the-splendid-neemrana-fort-palace-built/ HTTP/1.1" 200 281572 "-" "Mozilla/5.0 AppleWebKit/537.36 (KHTML, like Gecko; compatible; Amazonbot/0.1; +https://developer.amazon.com/support/amazonbot) Chrome/119.0.6045.214 Safari/537.36"
20.171.207.51 - - [20/Oct/2025:08:49:23 -0400] "GET /wp-json/oembed/1.0/embed?url=https%3A%2F%2Fwahgazab.com%2Fpeople-believe-this-weird-creature-to-be-an-alien%2F HTTP/2.0" 200 3279 "-" "Mozilla/5.0 AppleWebKit/537.36 (KHTML, like Gecko; compatible; GPTBot/1.2; +https://openai.com/gptbot)"
100.25.120.246 - - [20/Oct/2025:08:49:23 -0400] "GET /drinking-water-benefits-before-going-to-sleep/ HTTP/1.1" 200 282141 "-" "Mozilla/5.0 AppleWebKit/537.36 (KHTML, like Gecko; compatible; Amazonbot/0.1; +https://developer.amazon.com/support/amazonbot) Chrome/119.0.6045.214 Safari/537.36"
20.171.207.51 - - [20/Oct/2025:08:49:24 -0400] "GET /tag/facebook-lightsaber-profile-picture/feed/ HTTP/2.0" 200 6193 "-" "Mozilla/5.0 AppleWebKit/537.36 (KHTML, like Gecko; compatible; GPTBot/1.2; +https://openai.com/gptbot)"
20.171.207.51 - - [20/Oct/2025:08:49:25 -0400] "GET /wp-json/oembed/1.0/embed?url=https%3A%2F%2Fwahgazab.com%2Fwoman-orders-chili-paneer-and-see-what-she-gets%2F HTTP/2.0" 200 2942 "-" "Mozilla/5.0 AppleWebKit/537.36 (KHTML, like Gecko; compatible; GPTBot/1.2; +https://openai.com/gptbot)"
20.171.207.51 - - [20/Oct/2025:08:49:26 -0400] "GET /wp-json/oembed/1.0/embed?url=https%3A%2F%2Fwahgazab.com%2Fthousands-walk-on-hot-embers-to-set-new-world-record%2F HTTP/2.0" 200 3396 "-" "Mozilla/5.0 AppleWebKit/537.36 (KHTML, like Gecko; compatible; GPTBot/1.2; +https://openai.com/gptbot)"
20.171.207.51 - - [20/Oct/2025:08:49:27 -0400] "GET /wp-json/oembed/1.0/embed?url=https%3A%2F%2Fwahgazab.com%2Fyour-smartphone-to-remove-pests-out-of-your-house%2F HTTP/2.0" 200 3279 "-" "Mozilla/5.0 AppleWebKit/537.36 (KHTML, like Gecko; compatible; GPTBot/1.2; +https://openai.com/gptbot)"
20.171.207.51 - - [20/Oct/2025:08:49:28 -0400] "GET /wp-json/oembed/1.0/embed?url=https%3A%2F%2Fwahgazab.com%2Fhang-son-doong-is-the-worlds-largest-cave-see-photos%2F HTTP/2.0" 200 3117 "-" "Mozilla/5.0 AppleWebKit/537.36 (KHTML, like Gecko; compatible; GPTBot/1.2; +https://openai.com/gptbot)"
20.171.207.51 - - [20/Oct/2025:08:49:30 -0400] "GET /wp-json/oembed/1.0/embed?url=https%3A%2F%2Fwahgazab.com%2Fsister-in-laws-get-married-with-each-other-here%2F HTTP/2.0" 200 2881 "-" "Mozilla/5.0 AppleWebKit/537.36 (KHTML, like Gecko; compatible; GPTBot/1.2; +https://openai.com/gptbot)"
3.81.253.213 - - [20/Oct/2025:08:49:30 -0400] "GET /tag/department-roster/ HTTP/1.1" 200 121768 "-" "Mozilla/5.0 AppleWebKit/537.36 (KHTML, like Gecko; compatible; Amazonbot/0.1; +https://developer.amazon.com/support/amazonbot) Chrome/119.0.6045.214 Safari/537.36"
20.171.207.51 - - [20/Oct/2025:08:49:31 -0400] "GET /wp-json/oembed/1.0/embed?url=https%3A%2F%2Fwahgazab.com%2Fadopt-these-methods-for-the-strength-of-hair%2F HTTP/2.0" 200 2935 "-" "Mozilla/5.0 AppleWebKit/537.36 (KHTML, like Gecko; compatible; GPTBot/1.2; +https://openai.com/gptbot)"
20.171.207.51 - - [20/Oct/2025:08:49:32 -0400] "GET /wp-json/oembed/1.0/embed?url=https%3A%2F%2Fwahgazab.com%2Flord-shiva-idol-placed-at-baba-badam-shah-dargah%2F HTTP/2.0" 200 3726 "-" "Mozilla/5.0 AppleWebKit/537.36 (KHTML, like Gecko; compatible; GPTBot/1.2; +https://openai.com/gptbot)"
20.171.207.51 - - [20/Oct/2025:08:49:33 -0400] "GET /wp-json/oembed/1.0/embed?url=https%3A%2F%2Fwahgazab.com%2Fsummer-at-its-worst-soldiers-roast-papad-on-sand%2F HTTP/2.0" 200 2969 "-" "Mozilla/5.0 AppleWebKit/537.36 (KHTML, like Gecko; compatible; GPTBot/1.2; +https://openai.com/gptbot)"
20.171.207.51 - - [20/Oct/2025:08:49:34 -0400] "GET /wp-json/oembed/1.0/embed?url=https%3A%2F%2Fwahgazab.com%2Fa-secret-city-is-located-beneath-these-caves%2F HTTP/2.0" 200 2935 "-" "Mozilla/5.0 AppleWebKit/537.36 (KHTML, like Gecko; compatible; GPTBot/1.2; +https://openai.com/gptbot)"
20.171.207.51 - - [20/Oct/2025:08:49:35 -0400] "GET /wp-json/oembed/1.0/embed?url=https%3A%2F%2Fwahgazab.com%2Fishita-from-yeh-hai-mohabbatein-soon-to-tie-the-knot%2F HTTP/2.0" 200 3088 "-" "Mozilla/5.0 AppleWebKit/537.36 (KHTML, like Gecko; compatible; GPTBot/1.2; +https://openai.com/gptbot)"
184.73.47.24 - - [20/Oct/2025:08:49:35 -0400] "GET /tag/hindus/ HTTP/1.1" 200 121637 "-" "Mozilla/5.0 AppleWebKit/537.36 (KHTML, like Gecko; compatible; Amazonbot/0.1; +https://developer.amazon.com/support/amazonbot) Chrome/119.0.6045.214 Safari/537.36"
50.19.79.213 - - [20/Oct/2025:08:49:35 -0400] "GET /tag/french-news/ HTTP/1.1" 200 122254 "-" "Mozilla/5.0 AppleWebKit/537.36 (KHTML, like Gecko; compatible; Amazonbot/0.1; +https://developer.amazon.com/support/amazonbot) Chrome/119.0.6045.214 Safari/537.36"
20.171.207.51 - - [20/Oct/2025:08:49:37 -0400] "GET /wp-json/oembed/1.0/embed?url=https%3A%2F%2Fwahgazab.com%2Fthese-kids-take-their-hands-into-the-heated-oil%2F HTTP/2.0" 200 3314 "-" "Mozilla/5.0 AppleWebKit/537.36 (KHTML, like Gecko; compatible; GPTBot/1.2; +https://openai.com/gptbot)"
20.171.207.51 - - [20/Oct/2025:08:49:38 -0400] "GET /wp-json/oembed/1.0/embed?url=https%3A%2F%2Fwahgazab.com%2Fone-who-scaled-everest-is-a-vegetable-vendor-now%2F HTTP/2.0" 200 3013 "-" "Mozilla/5.0 AppleWebKit/537.36 (KHTML, like Gecko; compatible; GPTBot/1.2; +https://openai.com/gptbot)"
20.171.207.51 - - [20/Oct/2025:08:49:39 -0400] "GET /wp-json/oembed/1.0/embed?url=https%3A%2F%2Fwahgazab.com%2Fhere-is-why-gangajal-treated-as-the-holiest-water%2F HTTP/2.0" 200 3516 "-" "Mozilla/5.0 AppleWebKit/537.36 (KHTML, like Gecko; compatible; GPTBot/1.2; +https://openai.com/gptbot)"
20.171.207.51 - - [20/Oct/2025:08:49:40 -0400] "GET /wp-json/oembed/1.0/embed?url=https%3A%2F%2Fwahgazab.com%2Fpassengers-get-panic-seeing-a-snake-in-the-metro%2F HTTP/2.0" 200 3720 "-" "Mozilla/5.0 AppleWebKit/537.36 (KHTML, like Gecko; compatible; GPTBot/1.2; +https://openai.com/gptbot)"
20.171.207.51 - - [20/Oct/2025:08:49:41 -0400] "GET /wp-json/oembed/1.0/embed?url=https%3A%2F%2Fwahgazab.com%2Fhere-is-how-an-alive-model-becomes-a-lifeless-statue%2F HTTP/2.0" 200 3594 "-" "Mozilla/5.0 AppleWebKit/537.36 (KHTML, like Gecko; compatible; GPTBot/1.2; +https://openai.com/gptbot)"
23.23.180.225 - - [20/Oct/2025:08:49:41 -0400] "GET /tag/making-a-daily-routine/ HTTP/1.1" 200 122329 "-" "Mozilla/5.0 AppleWebKit/537.36 (KHTML, like Gecko; compatible; Amazonbot/0.1; +https://developer.amazon.com/support/amazonbot) Chrome/119.0.6045.214 Safari/537.36"
20.171.207.51 - - [20/Oct/2025:08:49:42 -0400] "GET /wp-json/oembed/1.0/embed?url=https%3A%2F%2Fwahgazab.com%2Fallah-sends-a-message-to-his-followers-at-ramadan%2F HTTP/2.0" 200 3072 "-" "Mozilla/5.0 AppleWebKit/537.36 (KHTML, like Gecko; compatible; GPTBot/1.2; +https://openai.com/gptbot)"
20.171.207.51 - - [20/Oct/2025:08:49:44 -0400] "GET /wp-json/oembed/1.0/embed?url=https%3A%2F%2Fwahgazab.com%2Fpostmortem-not-done-in-the-closed-cabin-here%2F HTTP/2.0" 200 3208 "-" "Mozilla/5.0 AppleWebKit/537.36 (KHTML, like Gecko; compatible; GPTBot/1.2; +https://openai.com/gptbot)"
34.233.114.237 - - [20/Oct/2025:08:49:43 -0400] "GET /tag/nobody-builds-first-floor-here/ HTTP/1.1" 200 122193 "-" "Mozilla/5.0 AppleWebKit/537.36 (KHTML, like Gecko; compatible; Amazonbot/0.1; +https://developer.amazon.com/support/amazonbot) Chrome/119.0.6045.214 Safari/537.36"
20.171.207.51 - - [20/Oct/2025:08:49:45 -0400] "GET /wp-json/oembed/1.0/embed?url=https%3A%2F%2Fwahgazab.com%2Fsalesman-turns-into-a-millionaire-in-no-time%2F HTTP/2.0" 200 3055 "-" "Mozilla/5.0 AppleWebKit/537.36 (KHTML, like Gecko; compatible; GPTBot/1.2; +https://openai.com/gptbot)"
20.171.207.51 - - [20/Oct/2025:08:49:46 -0400] "GET /wp-json/oembed/1.0/embed?url=https%3A%2F%2Fwahgazab.com%2Ftips-to-enhance-your-power-to-attract-people%2F HTTP/2.0" 200 3392 "-" "Mozilla/5.0 AppleWebKit/537.36 (KHTML, like Gecko; compatible; GPTBot/1.2; +https://openai.com/gptbot)"
20.171.207.51 - - [20/Oct/2025:08:49:47 -0400] "GET /wp-json/oembed/1.0/embed?url=https%3A%2F%2Fwahgazab.com%2Fa-comet-expected-to-collide-with-earth-this-month%2F HTTP/2.0" 200 3435 "-" "Mozilla/5.0 AppleWebKit/537.36 (KHTML, like Gecko; compatible; GPTBot/1.2; +https://openai.com/gptbot)"
44.205.180.155 - - [20/Oct/2025:08:49:47 -0400] "GET /tag/ins-chakra/ HTTP/1.1" 200 121590 "-" "Mozilla/5.0 AppleWebKit/537.36 (KHTML, like Gecko; compatible; Amazonbot/0.1; +https://developer.amazon.com/support/amazonbot) Chrome/119.0.6045.214 Safari/537.36"
20.171.207.51 - - [20/Oct/2025:08:49:48 -0400] "GET /wp-json/oembed/1.0/embed?url=https%3A%2F%2Fwahgazab.com%2Fthis-father-does-a-shameful-deed-to-his-daughter%2F HTTP/2.0" 200 3513 "-" "Mozilla/5.0 AppleWebKit/537.36 (KHTML, like Gecko; compatible; GPTBot/1.2; +https://openai.com/gptbot)"
20.171.207.51 - - [20/Oct/2025:08:49:49 -0400] "GET /wp-json/oembed/1.0/embed?url=https%3A%2F%2Fwahgazab.com%2Fmuslim-people-donated-30-arrows-for-100-meter-idol-of-lord-rama%2F HTTP/2.0" 200 3693 "-" "Mozilla/5.0 AppleWebKit/537.36 (KHTML, like Gecko; compatible; GPTBot/1.2; +https://openai.com/gptbot)"
20.171.207.51 - - [20/Oct/2025:08:49:51 -0400] "GET /wp-json/oembed/1.0/embed?url=https%3A%2F%2Fwahgazab.com%2Fnamo-namo-to-be-again-enchanted-in-varanasi-on-may-1%2F HTTP/2.0" 200 3245 "-" "Mozilla/5.0 AppleWebKit/537.36 (KHTML, like Gecko; compatible; GPTBot/1.2; +https://openai.com/gptbot)"
66.249.79.165 - - [20/Oct/2025:08:49:51 -0400] "GET /medizin/ HTTP/1.1" 200 120445 "-" "Mozilla/5.0 (Linux; Android 6.0.1; Nexus 5X Build/MMB29P) AppleWebKit/537.36 (KHTML, like Gecko) Chrome/140.0.7339.207 Mobile Safari/537.36 (compatible; Googlebot/2.1; +http://www.google.com/bot.html)"
20.171.207.51 - - [20/Oct/2025:08:49:52 -0400] "GET /wp-json/oembed/1.0/embed?url=https%3A%2F%2Fwahgazab.com%2Fgood-newsgovernment-servants-may-get-increase-15-present-salaries%2F HTTP/2.0" 200 3284 "-" "Mozilla/5.0 AppleWebKit/537.36 (KHTML, like Gecko; compatible; GPTBot/1.2; +https://openai.com/gptbot)"
20.171.207.51 - - [20/Oct/2025:08:49:53 -0400] "GET /wp-json/oembed/1.0/embed?url=https%3A%2F%2Fwahgazab.com%2Fthis-girl-sleeps-keeping-head-down-and-leg-in-the-hanging-position%2F HTTP/2.0" 200 3240 "-" "Mozilla/5.0 AppleWebKit/537.36 (KHTML, like Gecko; compatible; GPTBot/1.2; +https://openai.com/gptbot)"
52.204.71.8 - - [20/Oct/2025:08:49:53 -0400] "GET /tag/adjustable/ HTTP/1.1" 200 121931 "-" "Mozilla/5.0 AppleWebKit/537.36 (KHTML, like Gecko; compatible; Amazonbot/0.1; +https://developer.amazon.com/support/amazonbot) Chrome/119.0.6045.214 Safari/537.36"
20.171.207.51 - - [20/Oct/2025:08:49:54 -0400] "GET /find-out-how-many-3s-are-there-in-the-image/feed/ HTTP/2.0" 200 898 "-" "Mozilla/5.0 AppleWebKit/537.36 (KHTML, like Gecko; compatible; GPTBot/1.2; +https://openai.com/gptbot)"
20.171.207.51 - - [20/Oct/2025:08:49:55 -0400] "GET /wp-json/oembed/1.0/embed?url=https%3A%2F%2Fwahgazab.com%2Findia-won-the-series-after-beating-south-africa-in-the-final-test%2F HTTP/2.0" 200 3312 "-" "Mozilla/5.0 AppleWebKit/537.36 (KHTML, like Gecko; compatible; GPTBot/1.2; +https://openai.com/gptbot)"
20.171.207.51 - - [20/Oct/2025:08:49:56 -0400] "GET /wp-json/oembed/1.0/embed?url=https%3A%2F%2Fwahgazab.com%2Fhere-is-why-indian-women-wear-vermilion-in-their-hair-parting%2F HTTP/2.0" 200 3717 "-" "Mozilla/5.0 AppleWebKit/537.36 (KHTML, like Gecko; compatible; GPTBot/1.2; +https://openai.com/gptbot)"
20.171.207.51 - - [20/Oct/2025:08:49:57 -0400] "GET /wp-json/oembed/1.0/embed?url=https%3A%2F%2Fwahgazab.com%2Fbahubali-steals-the-show-at-the-great-khali-returns-mega-show%2F HTTP/2.0" 200 3380 "-" "Mozilla/5.0 AppleWebKit/537.36 (KHTML, like Gecko; compatible; GPTBot/1.2; +https://openai.com/gptbot)"
20.171.207.51 - - [20/Oct/2025:08:49:59 -0400] "GET /wp-json/oembed/1.0/embed?url=https%3A%2F%2Fwahgazab.com%2Fpeople-become-sad-over-birth-and-rejoice-on-the-occasion-of-death%2F HTTP/2.0" 200 3261 "-" "Mozilla/5.0 AppleWebKit/537.36 (KHTML, like Gecko; compatible; GPTBot/1.2; +https://openai.com/gptbot)"
52.6.97.88 - - [20/Oct/2025:08:49:59 -0400] "GET /tag/provident-fund/ HTTP/1.1" 200 121716 "-" "Mozilla/5.0 AppleWebKit/537.36 (KHTML, like Gecko; compatible; Amazonbot/0.1; +https://developer.amazon.com/support/amazonbot) Chrome/119.0.6045.214 Safari/537.36"
57.141.0.60 - - [20/Oct/2025:08:49:58 -0400] "GET /hidden-meanings-of-the-colors-related-to-the-religions/ HTTP/2.0" 200 287116 "-" "meta-externalagent/1.1 (+https://developers.facebook.com/docs/sharing/webmasters/crawler)"
20.171.207.51 - - [20/Oct/2025:08:50:00 -0400] "GET /wp-json/oembed/1.0/embed?url=https%3A%2F%2Fwahgazab.com%2Fa-dead-woman-becomes-alive-and-having-had-the-breakfast-dies-again%2F HTTP/2.0" 200 3087 "-" "Mozilla/5.0 AppleWebKit/537.36 (KHTML, like Gecko; compatible; GPTBot/1.2; +https://openai.com/gptbot)"
20.171.207.51 - - [20/Oct/2025:08:50:01 -0400] "GET /wp-json/oembed/1.0/embed?url=https%3A%2F%2Fwahgazab.com%2Fthis-mare-is-a-descendant-of-rana-prataps-famous-horse-chetak%2F HTTP/2.0" 200 3471 "-" "Mozilla/5.0 AppleWebKit/537.36 (KHTML, like Gecko; compatible; GPTBot/1.2; +https://openai.com/gptbot)"
20.171.207.51 - - [20/Oct/2025:08:50:02 -0400] "GET /wp-json/oembed/1.0/embed?url=https%3A%2F%2Fwahgazab.com%2Fstudents-were-not-allowed-to-board-the-plane-going-to-america%2F HTTP/2.0" 200 3258 "-" "Mozilla/5.0 AppleWebKit/537.36 (KHTML, like Gecko; compatible; GPTBot/1.2; +https://openai.com/gptbot)"
20.171.207.51 - - [20/Oct/2025:08:50:03 -0400] "GET /wp-json/oembed/1.0/embed?url=https%3A%2F%2Fwahgazab.com%2Fpeople-get-shocked-to-see-a-thread-like-creature-in-hsinchu-taiwan%2F HTTP/2.0" 200 3453 "-" "Mozilla/5.0 AppleWebKit/537.36 (KHTML, like Gecko; compatible; GPTBot/1.2; +https://openai.com/gptbot)"
20.171.207.51 - - [20/Oct/2025:08:50:04 -0400] "GET /wp-json/oembed/1.0/embed?url=https%3A%2F%2Fwahgazab.com%2Fthis-strange-creature-resembles-a-monkey-and-has-an-eye-over-head%2F HTTP/2.0" 200 3540 "-" "Mozilla/5.0 AppleWebKit/537.36 (KHTML, like Gecko; compatible; GPTBot/1.2; +https://openai.com/gptbot)"
20.171.207.51 - - [20/Oct/2025:08:50:06 -0400] "GET /wp-json/oembed/1.0/embed?url=https%3A%2F%2Fwahgazab.com%2Fthese-people-drink-ashes-of-dead-fellows-and-claim-to-be-immortal%2F HTTP/2.0" 200 3504 "-" "Mozilla/5.0 AppleWebKit/537.36 (KHTML, like Gecko; compatible; GPTBot/1.2; +https://openai.com/gptbot)"
20.171.207.51 - - [20/Oct/2025:08:50:07 -0400] "GET /wp-json/oembed/1.0/embed?url=https%3A%2F%2Fwahgazab.com%2Fhidden-treasure-found-under-ground-and-people-tried-to-rob-it%2F HTTP/2.0" 200 3375 "-" "Mozilla/5.0 AppleWebKit/537.36 (KHTML, like Gecko; compatible; GPTBot/1.2; +https://openai.com/gptbot)"
23.23.99.55 - - [20/Oct/2025:08:50:07 -0400] "GET /tag/plastic-bottles-are-being-built-news-in-hindi/ HTTP/1.1" 200 122300 "-" "Mozilla/5.0 AppleWebKit/537.36 (KHTML, like Gecko; compatible; Amazonbot/0.1; +https://developer.amazon.com/support/amazonbot) Chrome/119.0.6045.214 Safari/537.36"
20.171.207.51 - - [20/Oct/2025:08:50:08 -0400] "GET /wp-json/oembed/1.0/embed?url=https%3A%2F%2Fwahgazab.com%2Fbjp-leader-threatens-people-to-chop-off-hands-who-are-against-modi%2F HTTP/2.0" 200 3644 "-" "Mozilla/5.0 AppleWebKit/537.36 (KHTML, like Gecko; compatible; GPTBot/1.2; +https://openai.com/gptbot)"
20.171.207.51 - - [20/Oct/2025:08:50:09 -0400] "GET /wp-json/oembed/1.0/embed?url=https%3A%2F%2Fwahgazab.com%2Fthis-girl-had-devil-spirits-within-her-and-eats-alive-animals%2F HTTP/2.0" 200 3137 "-" "Mozilla/5.0 AppleWebKit/537.36 (KHTML, like Gecko; compatible; GPTBot/1.2; +https://openai.com/gptbot)"
23.23.103.31 - - [20/Oct/2025:08:50:09 -0400] "GET /tag/jennifer-lidl/ HTTP/1.1" 200 122094 "-" "Mozilla/5.0 AppleWebKit/537.36 (KHTML, like Gecko; compatible; Amazonbot/0.1; +https://developer.amazon.com/support/amazonbot) Chrome/119.0.6045.214 Safari/537.36"
20.171.207.51 - - [20/Oct/2025:08:50:10 -0400] "GET /pre-movie-review-x-past-is-present/feed/ HTTP/2.0" 200 890 "-" "Mozilla/5.0 AppleWebKit/537.36 (KHTML, like Gecko; compatible; GPTBot/1.2; +https://openai.com/gptbot)"
20.171.207.51 - - [20/Oct/2025:08:50:11 -0400] "GET /it-is-proposed-working-for-2-days-and-5-days-leave-here/feed/ HTTP/2.0" 200 958 "-" "Mozilla/5.0 AppleWebKit/537.36 (KHTML, like Gecko; compatible; GPTBot/1.2; +https://openai.com/gptbot)"
20.171.207.51 - - [20/Oct/2025:08:50:12 -0400] "GET /wp-json/oembed/1.0/embed?url=https%3A%2F%2Fwahgazab.com%2Fknow-why-this-man-didnt-eat-food-for-39-years-since-his-birth%2F HTTP/2.0" 200 3275 "-" "Mozilla/5.0 AppleWebKit/537.36 (KHTML, like Gecko; compatible; GPTBot/1.2; +https://openai.com/gptbot)"
20.171.207.51 - - [20/Oct/2025:08:50:14 -0400] "GET /this-bike-will-run-on-water-the-speed-will-be-500-km-per-liter/feed/ HTTP/2.0" 200 993 "-" "Mozilla/5.0 AppleWebKit/537.36 (KHTML, like Gecko; compatible; GPTBot/1.2; +https://openai.com/gptbot)"
20.171.207.51 - - [20/Oct/2025:08:50:15 -0400] "GET /a-200-rupees-currency-note-featuring-virat-kohli-to-come-into-market/feed/ HTTP/2.0" 200 1013 "-" "Mozilla/5.0 AppleWebKit/537.36 (KHTML, like Gecko; compatible; GPTBot/1.2; +https://openai.com/gptbot)"
20.171.207.51 - - [20/Oct/2025:08:50:16 -0400] "GET /a-couple-who-celebrated-their-honeymoon-for-500-days/feed/ HTTP/2.0" 200 927 "-" "Mozilla/5.0 AppleWebKit/537.36 (KHTML, like Gecko; compatible; GPTBot/1.2; +https://openai.com/gptbot)"
3.212.219.113 - - [20/Oct/2025:08:50:16 -0400] "GET /tag/worlds-most-valuable-coins-and-bills/ HTTP/1.1" 200 122292 "-" "Mozilla/5.0 AppleWebKit/537.36 (KHTML, like Gecko; compatible; Amazonbot/0.1; +https://developer.amazon.com/support/amazonbot) Chrome/119.0.6045.214 Safari/537.36"
20.171.207.51 - - [20/Oct/2025:08:50:17 -0400] "GET /know-about-the-diamond-worth-253-crores-found-in-south-africa/feed/ HTTP/2.0" 200 997 "-" "Mozilla/5.0 AppleWebKit/537.36 (KHTML, like Gecko; compatible; GPTBot/1.2; +https://openai.com/gptbot)"
20.171.207.51 - - [20/Oct/2025:08:50:18 -0400] "GET /shaolin-monastery-monk-shi-liliang-runs-on-water-for-125-meters/feed/ HTTP/2.0" 200 1004 "-" "Mozilla/5.0 AppleWebKit/537.36 (KHTML, like Gecko; compatible; GPTBot/1.2; +https://openai.com/gptbot)"
20.171.207.51 - - [20/Oct/2025:08:50:19 -0400] "GET /this-man-crosses-the-70-feet-deep-lake-through-cycling/feed/ HTTP/2.0" 200 974 "-" "Mozilla/5.0 AppleWebKit/537.36 (KHTML, like Gecko; compatible; GPTBot/1.2; +https://openai.com/gptbot)"
52.2.4.213 - - [20/Oct/2025:08:50:19 -0400] "GET /tag/nita-ambani-news-news-in-hindi/ HTTP/1.1" 200 122193 "-" "Mozilla/5.0 AppleWebKit/537.36 (KHTML, like Gecko; compatible; Amazonbot/0.1; +https://developer.amazon.com/support/amazonbot) Chrome/119.0.6045.214 Safari/537.36"
20.171.207.51 - - [20/Oct/2025:08:50:20 -0400] "GET /24-bizarre-child-births-happen-in-this-village-so-far/feed/ HTTP/2.0" 200 956 "-" "Mozilla/5.0 AppleWebKit/537.36 (KHTML, like Gecko; compatible; GPTBot/1.2; +https://openai.com/gptbot)"
20.171.207.51 - - [20/Oct/2025:08:50:22 -0400] "GET /this-man-survived-for-250-years-without-food-and-water/feed/ HTTP/2.0" 200 943 "-" "Mozilla/5.0 AppleWebKit/537.36 (KHTML, like Gecko; compatible; GPTBot/1.2; +https://openai.com/gptbot)"
20.171.207.51 - - [20/Oct/2025:08:50:23 -0400] "GET /a-girl-born-after-137-years-people-wishing-her-through-a-display-hoarding/feed/ HTTP/2.0" 200 1036 "-" "Mozilla/5.0 AppleWebKit/537.36 (KHTML, like Gecko; compatible; GPTBot/1.2; +https://openai.com/gptbot)"
34.202.88.37 - - [20/Oct/2025:08:50:23 -0400] "GET /tag/cultural-wedding-traditions/ HTTP/1.1" 200 122204 "-" "Mozilla/5.0 AppleWebKit/537.36 (KHTML, like Gecko; compatible; Amazonbot/0.1; +https://developer.amazon.com/support/amazonbot) Chrome/119.0.6045.214 Safari/537.36"
20.171.207.51 - - [20/Oct/2025:08:50:24 -0400] "GET /shivanand-baba-turned-122-this-year-and-is-still-completely-healthy/feed/ HTTP/2.0" 200 1010 "-" "Mozilla/5.0 AppleWebKit/537.36 (KHTML, like Gecko; compatible; GPTBot/1.2; +https://openai.com/gptbot)"
20.171.207.51 - - [20/Oct/2025:08:50:25 -0400] "GET /wp-json/oembed/1.0/embed?url=https%3A%2F%2Fwahgazab.com%2Fparents-wives-and-even-kids-sold-out-here-for-rent%2F HTTP/2.0" 200 3527 "-" "Mozilla/5.0 AppleWebKit/537.36 (KHTML, like Gecko; compatible; GPTBot/1.2; +https://openai.com/gptbot)"
20.171.207.51 - - [20/Oct/2025:08:50:26 -0400] "GET /wp-json/oembed/1.0/embed?url=https%3A%2F%2Fwahgazab.com%2Famerica-helped-to-build-a-dam-in-pok-india-miffed%2F HTTP/2.0" 200 3036 "-" "Mozilla/5.0 AppleWebKit/537.36 (KHTML, like Gecko; compatible; GPTBot/1.2; +https://openai.com/gptbot)"
20.171.207.51 - - [20/Oct/2025:08:50:28 -0400] "GET /wp-json/oembed/1.0/embed?url=https%3A%2F%2Fwahgazab.com%2Fthis-mask-child-born-wearing-mask-on-his-face%2F HTTP/2.0" 200 3219 "-" "Mozilla/5.0 AppleWebKit/537.36 (KHTML, like Gecko; compatible; GPTBot/1.2; +https://openai.com/gptbot)"
3.231.193.38 - - [20/Oct/2025:08:50:28 -0400] "GET /tag/success-in-life-essay/ HTTP/1.1" 200 121994 "-" "Mozilla/5.0 AppleWebKit/537.36 (KHTML, like Gecko; compatible; Amazonbot/0.1; +https://developer.amazon.com/support/amazonbot) Chrome/119.0.6045.214 Safari/537.36"
20.171.207.51 - - [20/Oct/2025:08:50:29 -0400] "GET /wp-json/oembed/1.0/embed?url=https%3A%2F%2Fwahgazab.com%2Fsallu-miya-may-go-behind-bars-for-five-years%2F HTTP/2.0" 200 3202 "-" "Mozilla/5.0 AppleWebKit/537.36 (KHTML, like Gecko; compatible; GPTBot/1.2; +https://openai.com/gptbot)"
20.171.207.51 - - [20/Oct/2025:08:50:30 -0400] "GET /wp-json/oembed/1.0/embed?url=https%3A%2F%2Fwahgazab.com%2Fno-one-knows-about-the-end-of-this-mysterious-cave%2F HTTP/2.0" 200 3538 "-" "Mozilla/5.0 AppleWebKit/537.36 (KHTML, like Gecko; compatible; GPTBot/1.2; +https://openai.com/gptbot)"
20.171.207.51 - - [20/Oct/2025:08:50:31 -0400] "GET /wp-json/oembed/1.0/embed?url=https%3A%2F%2Fwahgazab.com%2Fthis-strange-ring-to-tell-you-about-your-love-life%2F HTTP/2.0" 200 3383 "-" "Mozilla/5.0 AppleWebKit/537.36 (KHTML, like Gecko; compatible; GPTBot/1.2; +https://openai.com/gptbot)"
3.224.104.67 - - [20/Oct/2025:08:50:31 -0400] "GET /people-call-him-doctor-rancho-from-3-idiots-for-his-hacks/ HTTP/1.1" 200 282700 "-" "Mozilla/5.0 AppleWebKit/537.36 (KHTML, like Gecko; compatible; Amazonbot/0.1; +https://developer.amazon.com/support/amazonbot) Chrome/119.0.6045.214 Safari/537.36"
20.171.207.51 - - [20/Oct/2025:08:50:32 -0400] "GET /wp-json/oembed/1.0/embed?url=https%3A%2F%2Fwahgazab.com%2Fhot-pics-of-akshara-of-yeh-rishta-kya-kehlata-hai%2F HTTP/2.0" 200 3288 "-" "Mozilla/5.0 AppleWebKit/537.36 (KHTML, like Gecko; compatible; GPTBot/1.2; +https://openai.com/gptbot)"
20.171.207.51 - - [20/Oct/2025:08:50:33 -0400] "GET /wp-json/oembed/1.0/embed?url=https%3A%2F%2Fwahgazab.com%2Funder-every-tree-you-will-find-a-buried-child%2F HTTP/2.0" 200 2977 "-" "Mozilla/5.0 AppleWebKit/537.36 (KHTML, like Gecko; compatible; GPTBot/1.2; +https://openai.com/gptbot)"
20.171.207.51 - - [20/Oct/2025:08:50:34 -0400] "GET /wp-json/oembed/1.0/embed?url=https%3A%2F%2Fwahgazab.com%2Fhow-to-find-out-the-presence-of-evil-spirits%2F HTTP/2.0" 200 2933 "-" "Mozilla/5.0 AppleWebKit/537.36 (KHTML, like Gecko; compatible; GPTBot/1.2; +https://openai.com/gptbot)"
20.171.207.51 - - [20/Oct/2025:08:50:36 -0400] "GET /wp-json/oembed/1.0/embed?url=https%3A%2F%2Fwahgazab.com%2Fdog-meat-served-here-in-place-of-chicken-meat%2F HTTP/2.0" 200 3528 "-" "Mozilla/5.0 AppleWebKit/537.36 (KHTML, like Gecko; compatible; GPTBot/1.2; +https://openai.com/gptbot)"
20.171.207.51 - - [20/Oct/2025:08:50:37 -0400] "GET /wp-json/oembed/1.0/embed?url=https%3A%2F%2Fwahgazab.com%2Fthe-first-ever-selfie-olympic-to-be-held-in-india%2F HTTP/2.0" 200 2945 "-" "Mozilla/5.0 AppleWebKit/537.36 (KHTML, like Gecko; compatible; GPTBot/1.2; +https://openai.com/gptbot)"
20.171.207.51 - - [20/Oct/2025:08:50:38 -0400] "GET /wp-json/oembed/1.0/embed?url=https%3A%2F%2Fwahgazab.com%2Fmany-reasons-are-hidden-in-the-saying-of-girls-aur%2F HTTP/2.0" 200 3169 "-" "Mozilla/5.0 AppleWebKit/537.36 (KHTML, like Gecko; compatible; GPTBot/1.2; +https://openai.com/gptbot)"
20.171.207.51 - - [20/Oct/2025:08:50:39 -0400] "GET /wp-json/oembed/1.0/embed?url=https%3A%2F%2Fwahgazab.com%2Fhere-is-how-mice-drink-wine-and-shock-police%2F HTTP/2.0" 200 3466 "-" "Mozilla/5.0 AppleWebKit/537.36 (KHTML, like Gecko; compatible; GPTBot/1.2; +https://openai.com/gptbot)"
20.171.207.51 - - [20/Oct/2025:08:50:40 -0400] "GET /wp-json/oembed/1.0/embed?url=https%3A%2F%2Fwahgazab.com%2Fwomen-has-seven-feet-long-hair-at-this-place%2F HTTP/2.0" 200 3381 "-" "Mozilla/5.0 AppleWebKit/537.36 (KHTML, like Gecko; compatible; GPTBot/1.2; +https://openai.com/gptbot)"
100.29.63.24 - - [20/Oct/2025:08:50:41 -0400] "GET /tag/khan-university-news/ HTTP/1.1" 200 121859 "-" "Mozilla/5.0 AppleWebKit/537.36 (KHTML, like Gecko; compatible; Amazonbot/0.1; +https://developer.amazon.com/support/amazonbot) Chrome/119.0.6045.214 Safari/537.36"
20.171.207.51 - - [20/Oct/2025:08:50:41 -0400] "GET /wp-json/oembed/1.0/embed?url=https%3A%2F%2Fwahgazab.com%2Fpeople-cares-of-this-only-temple-in-the-world%2F HTTP/2.0" 200 3131 "-" "Mozilla/5.0 AppleWebKit/537.36 (KHTML, like Gecko; compatible; GPTBot/1.2; +https://openai.com/gptbot)"
20.171.207.51 - - [20/Oct/2025:08:50:43 -0400] "GET /wp-json/oembed/1.0/embed?url=https%3A%2F%2Fwahgazab.com%2Fknow-why-are-the-packets-of-chips-filled-with-air%2F HTTP/2.0" 200 3217 "-" "Mozilla/5.0 AppleWebKit/537.36 (KHTML, like Gecko; compatible; GPTBot/1.2; +https://openai.com/gptbot)"
57.141.0.68 - - [20/Oct/2025:08:50:43 -0400] "GET /tag/watch-the-pictures-of-the-worlds-most-dangerous-selfie/ HTTP/2.0" 200 122112 "-" "meta-externalagent/1.1 (+https://developers.facebook.com/docs/sharing/webmasters/crawler)"
20.171.207.51 - - [20/Oct/2025:08:50:44 -0400] "GET /wp-json/oembed/1.0/embed?url=https%3A%2F%2Fwahgazab.com%2Fvat-savitris-fast-for-husbands-to-get-rid-of-wives%2F HTTP/2.0" 200 3608 "-" "Mozilla/5.0 AppleWebKit/537.36 (KHTML, like Gecko; compatible; GPTBot/1.2; +https://openai.com/gptbot)"
20.171.207.51 - - [20/Oct/2025:08:50:45 -0400] "GET /wp-json/oembed/1.0/embed?url=https%3A%2F%2Fwahgazab.com%2Fspirit-of-this-girl-seen-even-after-her-death%2F HTTP/2.0" 200 3255 "-" "Mozilla/5.0 AppleWebKit/537.36 (KHTML, like Gecko; compatible; GPTBot/1.2; +https://openai.com/gptbot)"
34.225.138.57 - - [20/Oct/2025:08:50:45 -0400] "GET /tag/juvenile-bill/ HTTP/1.1" 200 121634 "-" "Mozilla/5.0 AppleWebKit/537.36 (KHTML, like Gecko; compatible; Amazonbot/0.1; +https://developer.amazon.com/support/amazonbot) Chrome/119.0.6045.214 Safari/537.36"
20.171.207.51 - - [20/Oct/2025:08:50:46 -0400] "GET /wp-json/oembed/1.0/embed?url=https%3A%2F%2Fwahgazab.com%2Fanother-alive-fish-found-in-the-stomach-of-a-fish%2F HTTP/2.0" 200 3055 "-" "Mozilla/5.0 AppleWebKit/537.36 (KHTML, like Gecko; compatible; GPTBot/1.2; +https://openai.com/gptbot)"
52.45.77.169 - - [20/Oct/2025:08:50:47 -0400] "GET /tag/what-is-it-called-when-you-die-and-come-back-to-life/ HTTP/1.1" 200 122450 "-" "Mozilla/5.0 AppleWebKit/537.36 (KHTML, like Gecko; compatible; Amazonbot/0.1; +https://developer.amazon.com/support/amazonbot) Chrome/119.0.6045.214 Safari/537.36"
20.171.207.51 - - [20/Oct/2025:08:50:47 -0400] "GET /wp-json/oembed/1.0/embed?url=https%3A%2F%2Fwahgazab.com%2Fhuman-legs-being-served-as-food-at-this-hotel%2F HTTP/2.0" 200 3150 "-" "Mozilla/5.0 AppleWebKit/537.36 (KHTML, like Gecko; compatible; GPTBot/1.2; +https://openai.com/gptbot)"
20.171.207.51 - - [20/Oct/2025:08:50:48 -0400] "GET /wp-json/oembed/1.0/embed?url=https%3A%2F%2Fwahgazab.com%2Ffat-found-in-new-currency-people-call-for-ban%2F HTTP/2.0" 200 3340 "-" "Mozilla/5.0 AppleWebKit/537.36 (KHTML, like Gecko; compatible; GPTBot/1.2; +https://openai.com/gptbot)"
20.171.207.51 - - [20/Oct/2025:08:50:50 -0400] "GET /wp-json/oembed/1.0/embed?url=https%3A%2F%2Fwahgazab.com%2Fthis-female-snake-gives-love-bite-to-this-man%2F HTTP/2.0" 200 3257 "-" "Mozilla/5.0 AppleWebKit/537.36 (KHTML, like Gecko; compatible; GPTBot/1.2; +https://openai.com/gptbot)"
20.171.207.51 - - [20/Oct/2025:08:50:51 -0400] "GET /wp-json/oembed/1.0/embed?url=https%3A%2F%2Fwahgazab.com%2Fa-man-jumps-before-a-moving-train-and-still-alive%2F HTTP/2.0" 200 3268 "-" "Mozilla/5.0 AppleWebKit/537.36 (KHTML, like Gecko; compatible; GPTBot/1.2; +https://openai.com/gptbot)"
20.171.207.51 - - [20/Oct/2025:08:50:52 -0400] "GET /wp-json/oembed/1.0/embed?url=https%3A%2F%2Fwahgazab.com%2Fhere-are-the-benefits-of-living-in-a-joint-family%2F HTTP/2.0" 200 2967 "-" "Mozilla/5.0 AppleWebKit/537.36 (KHTML, like Gecko; compatible; GPTBot/1.2; +https://openai.com/gptbot)"
20.171.207.51 - - [20/Oct/2025:08:50:53 -0400] "GET /wp-json/oembed/1.0/embed?url=https%3A%2F%2Fwahgazab.com%2Fpeople-now-be-free-from-long-queue-chaos-in-banks%2F HTTP/2.0" 200 3066 "-" "Mozilla/5.0 AppleWebKit/537.36 (KHTML, like Gecko; compatible; GPTBot/1.2; +https://openai.com/gptbot)"
34.234.197.175 - - [20/Oct/2025:08:50:53 -0400] "GET /tag/triple-talaq-in-islam/ HTTP/1.1" 200 121978 "-" "Mozilla/5.0 AppleWebKit/537.36 (KHTML, like Gecko; compatible; Amazonbot/0.1; +https://developer.amazon.com/support/amazonbot) Chrome/119.0.6045.214 Safari/537.36"
20.171.207.51 - - [20/Oct/2025:08:50:54 -0400] "GET /wp-json/oembed/1.0/embed?url=https%3A%2F%2Fwahgazab.com%2Fknow-how-to-lose-unwanted-fat-from-your-tummy%2F HTTP/2.0" 200 2946 "-" "Mozilla/5.0 AppleWebKit/537.36 (KHTML, like Gecko; compatible; GPTBot/1.2; +https://openai.com/gptbot)"
20.171.207.51 - - [20/Oct/2025:08:50:55 -0400] "GET /wp-json/oembed/1.0/embed?url=https%3A%2F%2Fwahgazab.com%2Fthis-crab-attacks-with-a-knife-when-in-danger%2F HTTP/2.0" 200 3051 "-" "Mozilla/5.0 AppleWebKit/537.36 (KHTML, like Gecko; compatible; GPTBot/1.2; +https://openai.com/gptbot)"
20.171.207.51 - - [20/Oct/2025:08:50:56 -0400] "GET /wp-json/oembed/1.0/embed?url=https%3A%2F%2Fwahgazab.com%2Fshowing-love-for-india-cost-too-much-to-pak-player%2F HTTP/2.0" 200 3099 "-" "Mozilla/5.0 AppleWebKit/537.36 (KHTML, like Gecko; compatible; GPTBot/1.2; +https://openai.com/gptbot)"
20.171.207.51 - - [20/Oct/2025:08:50:58 -0400] "GET /wp-json/oembed/1.0/embed?url=https%3A%2F%2Fwahgazab.com%2Fhere-is-why-police-hides-the-faces-of-rapists%2F HTTP/2.0" 200 3282 "-" "Mozilla/5.0 AppleWebKit/537.36 (KHTML, like Gecko; compatible; GPTBot/1.2; +https://openai.com/gptbot)"
20.171.207.51 - - [20/Oct/2025:08:50:59 -0400] "GET /wp-json/oembed/1.0/embed?url=https%3A%2F%2Fwahgazab.com%2Fthis-stone-hung-in-the-air-and-it-shocks-everyone%2F HTTP/2.0" 200 3167 "-" "Mozilla/5.0 AppleWebKit/537.36 (KHTML, like Gecko; compatible; GPTBot/1.2; +https://openai.com/gptbot)"
20.171.207.51 - - [20/Oct/2025:08:51:00 -0400] "GET /wp-json/oembed/1.0/embed?url=https%3A%2F%2Fwahgazab.com%2Fa-crying-girl-with-bare-body-found-in-the-village%2F HTTP/2.0" 200 3063 "-" "Mozilla/5.0 AppleWebKit/537.36 (KHTML, like Gecko; compatible; GPTBot/1.2; +https://openai.com/gptbot)"
20.171.207.51 - - [20/Oct/2025:08:51:01 -0400] "GET /wp-json/oembed/1.0/embed?url=https%3A%2F%2Fwahgazab.com%2Farjun-son-of-sachin-to-appear-in-high-school-exams%2F HTTP/2.0" 200 3302 "-" "Mozilla/5.0 AppleWebKit/537.36 (KHTML, like Gecko; compatible; GPTBot/1.2; +https://openai.com/gptbot)"
20.171.207.51 - - [20/Oct/2025:08:51:02 -0400] "GET /wp-json/oembed/1.0/embed?url=https%3A%2F%2Fwahgazab.com%2Ftoday-in-history-birbal-lost-life-in-a-battle%2F HTTP/2.0" 200 3015 "-" "Mozilla/5.0 AppleWebKit/537.36 (KHTML, like Gecko; compatible; GPTBot/1.2; +https://openai.com/gptbot)"
20.171.207.51 - - [20/Oct/2025:08:51:03 -0400] "GET /wp-json/oembed/1.0/embed?url=https%3A%2F%2Fwahgazab.com%2Fips-officer-has-a-face-off-with-khiladi-kumar%2F HTTP/2.0" 200 3269 "-" "Mozilla/5.0 AppleWebKit/537.36 (KHTML, like Gecko; compatible; GPTBot/1.2; +https://openai.com/gptbot)"
54.162.69.192 - - [20/Oct/2025:08:51:03 -0400] "GET /girl-operating-mobile-phone-in-this-150-year-old-picture/ HTTP/1.1" 200 283245 "-" "Mozilla/5.0 AppleWebKit/537.36 (KHTML, like Gecko; compatible; Amazonbot/0.1; +https://developer.amazon.com/support/amazonbot) Chrome/119.0.6045.214 Safari/537.36"
20.171.207.51 - - [20/Oct/2025:08:51:05 -0400] "GET /wp-json/oembed/1.0/embed?url=https%3A%2F%2Fwahgazab.com%2Fson-of-a-farmer-makes-helicopter-out-of-scrap%2F HTTP/2.0" 200 3187 "-" "Mozilla/5.0 AppleWebKit/537.36 (KHTML, like Gecko; compatible; GPTBot/1.2; +https://openai.com/gptbot)"
20.171.207.51 - - [20/Oct/2025:08:51:06 -0400] "GET /wp-json/oembed/1.0/embed?url=https%3A%2F%2Fwahgazab.com%2Fsadhna-will-always-reign-in-the-hearts-of-all%2F HTTP/2.0" 200 2964 "-" "Mozilla/5.0 AppleWebKit/537.36 (KHTML, like Gecko; compatible; GPTBot/1.2; +https://openai.com/gptbot)"
20.171.207.51 - - [20/Oct/2025:08:51:07 -0400] "GET /wp-json/oembed/1.0/embed?url=https%3A%2F%2Fwahgazab.com%2Fenvy-slim-and-fit-actresses-cow-milk-is-the-secret%2F HTTP/2.0" 200 3098 "-" "Mozilla/5.0 AppleWebKit/537.36 (KHTML, like Gecko; compatible; GPTBot/1.2; +https://openai.com/gptbot)"
3.89.176.255 - - [20/Oct/2025:08:51:07 -0400] "GET /tag/child-bride/ HTTP/1.1" 200 122370 "-" "Mozilla/5.0 AppleWebKit/537.36 (KHTML, like Gecko; compatible; Amazonbot/0.1; +https://developer.amazon.com/support/amazonbot) Chrome/119.0.6045.214 Safari/537.36"
20.171.207.51 - - [20/Oct/2025:08:51:08 -0400] "GET /wp-json/oembed/1.0/embed?url=https%3A%2F%2Fwahgazab.com%2Fthis-fish-have-a-tattoo-and-it-shocks-people%2F HTTP/2.0" 200 3429 "-" "Mozilla/5.0 AppleWebKit/537.36 (KHTML, like Gecko; compatible; GPTBot/1.2; +https://openai.com/gptbot)"
20.171.207.51 - - [20/Oct/2025:08:51:09 -0400] "GET /wp-json/oembed/1.0/embed?url=https%3A%2F%2Fwahgazab.com%2Fstones-starts-floating-by-a-touch-of-this-man%2F HTTP/2.0" 200 3313 "-" "Mozilla/5.0 AppleWebKit/537.36 (KHTML, like Gecko; compatible; GPTBot/1.2; +https://openai.com/gptbot)"
20.171.207.51 - - [20/Oct/2025:08:51:10 -0400] "GET /wp-json/oembed/1.0/embed?url=https%3A%2F%2Fwahgazab.com%2Fhere-you-can-fight-with-dragon-riding-an-ufo%2F HTTP/2.0" 200 3535 "-" "Mozilla/5.0 AppleWebKit/537.36 (KHTML, like Gecko; compatible; GPTBot/1.2; +https://openai.com/gptbot)"
20.171.207.51 - - [20/Oct/2025:08:51:11 -0400] "GET /wp-json/oembed/1.0/embed?url=https%3A%2F%2Fwahgazab.com%2Findia-is-the-biggest-buyer-of-weapons-in-the-world%2F HTTP/2.0" 200 3063 "-" "Mozilla/5.0 AppleWebKit/537.36 (KHTML, like Gecko; compatible; GPTBot/1.2; +https://openai.com/gptbot)"
54.84.161.62 - - [20/Oct/2025:08:51:11 -0400] "GET /tag/vat-on-sweets/ HTTP/1.1" 200 122107 "-" "Mozilla/5.0 AppleWebKit/537.36 (KHTML, like Gecko; compatible; Amazonbot/0.1; +https://developer.amazon.com/support/amazonbot) Chrome/119.0.6045.214 Safari/537.36"
20.171.207.51 - - [20/Oct/2025:08:51:12 -0400] "GET /wp-json/oembed/1.0/embed?url=https%3A%2F%2Fwahgazab.com%2Fthis-om-parvat-turns-golden-with-the-rising-of-sun%2F HTTP/2.0" 200 3696 "-" "Mozilla/5.0 AppleWebKit/537.36 (KHTML, like Gecko; compatible; GPTBot/1.2; +https://openai.com/gptbot)"
20.171.207.51 - - [20/Oct/2025:08:51:14 -0400] "GET /wp-json/oembed/1.0/embed?url=https%3A%2F%2Fwahgazab.com%2Farnold-can-be-seen-with-rajnikant-in-a-movie%2F HTTP/2.0" 200 2942 "-" "Mozilla/5.0 AppleWebKit/537.36 (KHTML, like Gecko; compatible; GPTBot/1.2; +https://openai.com/gptbot)"
20.171.207.51 - - [20/Oct/2025:08:51:15 -0400] "GET /wp-json/oembed/1.0/embed?url=https%3A%2F%2Fwahgazab.com%2Fthis-woman-gives-birth-a-rolling-pin-or-belan%2F HTTP/2.0" 200 2975 "-" "Mozilla/5.0 AppleWebKit/537.36 (KHTML, like Gecko; compatible; GPTBot/1.2; +https://openai.com/gptbot)"
20.171.207.51 - - [20/Oct/2025:08:51:16 -0400] "GET /wp-json/oembed/1.0/embed?url=https%3A%2F%2Fwahgazab.com%2Faamir-khan-too-climbed-up-the-roof-like-kids%2F HTTP/2.0" 200 2904 "-" "Mozilla/5.0 AppleWebKit/537.36 (KHTML, like Gecko; compatible; GPTBot/1.2; +https://openai.com/gptbot)"
