20.171.207.159 - - [19/Oct/2025:08:25:52 -0400] "GET /zakachat-melbet-na-android-dolzhnostnoe-addendum-melbet-besplatno/?path=//sys/class/mem/mem/subsystem/mem/subsystem/mem/subsystem/mem/subsystem/full/subsystem/kmsg/subsystem/random/subsystem/full/subsystem/zero/power HTTP/1.1" 200 24582 "-" "Mozilla/5.0 AppleWebKit/537.36 (KHTML, like Gecko; compatible; GPTBot/1.2; +https://openai.com/gptbot)"
2a03:2880:f800:11:: - - [19/Oct/2025:08:25:53 -0400] "GET /items/274558jwontidm1.html HTTP/1.1" 200 52963 "-" "meta-externalagent/1.1 (+https://developers.facebook.com/docs/sharing/webmasters/crawler)"
66.249.72.69 - - [19/Oct/2025:08:25:53 -0400] "GET /?fileloc=/home/blushinc/loleverywhere.com/zintb.php?guide/knowledge/payment.html HTTP/1.1" 200 202830 "-" "Mozilla/5.0 (Linux; Android 6.0.1; Nexus 5X Build/MMB29P) AppleWebKit/537.36 (KHTML, like Gecko) Chrome/140.0.7339.207 Mobile Safari/537.36 (compatible; Googlebot/2.1; +http://www.google.com/bot.html)"
185.191.171.6 - - [19/Oct/2025:08:25:54 -0400] "GET /getidm/103455cxktitems HTTP/1.1" 200 52963 "-" "Mozilla/5.0 (compatible; SemrushBot/7~bl; +http://www.semrush.com/bot.html)"
2a03:2880:f800:3a:: - - [19/Oct/2025:08:25:54 -0400] "GET /getidm/128981wmkcitems.htm HTTP/1.1" 200 52963 "-" "meta-externalagent/1.1 (+https://developers.facebook.com/docs/sharing/webmasters/crawler)"
136.243.220.214 - - [19/Oct/2025:08:25:55 -0400] "GET /491054793?fileloc=/home/blushinc/loleverywhere.com/readme.html&path=/home/blushinc/loleverywhere.com HTTP/1.1" 200 21747 "-" "Mozilla/5.0 (compatible; DataForSeoBot/1.0; +https://dataforseo.com/dataforseo-bot)"
216.73.216.60 - - [19/Oct/2025:08:25:55 -0400] "GET /1139265064?fileloc=%2Fhome%2Fblushinc%2Floleverywhere.com%2Fwp-activate.php&path=%2Fhome%2Fblushinc%2Floleverywhere.com HTTP/1.1" 200 21440 "-" "Mozilla/5.0 AppleWebKit/537.36 (KHTML, like Gecko; compatible; ClaudeBot/1.0; [email protected])"
2a03:2880:f800:25:: - - [19/Oct/2025:08:25:55 -0400] "GET /ite/148225uicqtidm6560.html HTTP/1.1" 200 52963 "-" "meta-externalagent/1.1 (+https://developers.facebook.com/docs/sharing/webmasters/crawler)"
20.171.207.159 - - [19/Oct/2025:08:25:55 -0400] "GET /zakachat-melbet-na-android-dolzhnostnoe-addendum-melbet-besplatno/?path=//sys/class/mem/mem/subsystem/mem/subsystem/mem/subsystem/mem/subsystem/full/subsystem/kmsg/subsystem/random/subsystem/full/subsystem/full HTTP/1.1" 200 21755 "-" "Mozilla/5.0 AppleWebKit/537.36 (KHTML, like Gecko; compatible; GPTBot/1.2; +https://openai.com/gptbot)"
66.249.72.69 - - [19/Oct/2025:08:25:56 -0400] "GET /?fileloc=/home/blushinc/loleverywhere.com/wp-load.php?tags/11726015 HTTP/1.1" 200 202603 "-" "Mozilla/5.0 (Linux; Android 6.0.1; Nexus 5X Build/MMB29P) AppleWebKit/537.36 (KHTML, like Gecko) Chrome/140.0.7339.207 Mobile Safari/537.36 (compatible; Googlebot/2.1; +http://www.google.com/bot.html)"
2a03:2880:f800:26:: - - [19/Oct/2025:08:25:56 -0400] "GET /getid/383uicqitems.htm?path=/home/blushinc HTTP/1.1" 200 60680 "-" "meta-externalagent/1.1 (+https://developers.facebook.com/docs/sharing/webmasters/crawler)"
65.108.43.148 - - [19/Oct/2025:08:25:57 -0400] "GET /%D9%84%D8%B9%D8%A8%D8%A9-tasty-win-slot-%D9%85%D9%86-superlotto-%E1%90%85-%D8%AA%D8%AC%D8%B1%D8%A8%D8%A9-%D9%85%D8%AC%D8%A7%D9%86%D9%8A%D8%A9-%D9%84%D9%84%D9%85%D9%82%D8%A7%D9%85%D8%B1%D8%A9-%D9%88/ HTTP/1.1" 200 52963 "-" "Mozilla/5.0 (compatible; MJ12bot/v1.4.8; http://mj12bot.com/)"
2a03:2880:f800:3c:: - - [19/Oct/2025:08:25:58 -0400] "GET /items/200104eigrtidm324.html?fileloc=/home/blushinc/loleverywhere.com/wp-trackback.php&path=/home/blushinc/loleverywhere.com HTTP/1.1" 200 18415 "-" "meta-externalagent/1.1 (+https://developers.facebook.com/docs/sharing/webmasters/crawler)"
216.73.216.60 - - [19/Oct/2025:08:25:58 -0400] "GET /1139265064?fileloc=%2Fhome%2Fblushinc%2Floleverywhere.com%2Fwp-mail.php&path=%2Fhome%2Fblushinc%2Floleverywhere.com HTTP/1.1" 200 22309 "-" "Mozilla/5.0 AppleWebKit/537.36 (KHTML, like Gecko; compatible; ClaudeBot/1.0; [email protected])"
20.171.207.159 - - [19/Oct/2025:08:25:58 -0400] "GET /zakachat-melbet-na-android-dolzhnostnoe-addendum-melbet-besplatno/?path=//sys/class/mem/mem/subsystem/mem/subsystem/mem/subsystem/mem/subsystem/full/subsystem/kmsg/subsystem/random/subsystem/full/subsystem/port HTTP/1.1" 200 21755 "-" "Mozilla/5.0 AppleWebKit/537.36 (KHTML, like Gecko; compatible; GPTBot/1.2; +https://openai.com/gptbot)"
2a03:2880:f800:2e:: - - [19/Oct/2025:08:25:59 -0400] "GET /get/86604wmkcitems?fileloc=/home/blushinc/loleverywhere.com/wp-cron.php&path=/home/blushinc/loleverywhere.com HTTP/1.1" 200 21421 "-" "meta-externalagent/1.1 (+https://developers.facebook.com/docs/sharing/webmasters/crawler)"
136.243.220.214 - - [19/Oct/2025:08:25:59 -0400] "GET /491054793?fileloc=/home/blushinc/loleverywhere.com/index.php&path=/home/blushinc/loleverywhere.com HTTP/1.1" 200 34560 "-" "Mozilla/5.0 (compatible; DataForSeoBot/1.0; +https://dataforseo.com/dataforseo-bot)"
66.249.72.69 - - [19/Oct/2025:08:25:58 -0400] "GET /?fileloc=/home/blushinc/loleverywhere.com/wp-signup.php?tags/11869049 HTTP/1.1" 200 203486 "-" "Mozilla/5.0 (Linux; Android 6.0.1; Nexus 5X Build/MMB29P) AppleWebKit/537.36 (KHTML, like Gecko) Chrome/140.0.7339.207 Mobile Safari/537.36 (compatible; Googlebot/2.1; +http://www.google.com/bot.html)"
66.249.72.71 - - [19/Oct/2025:08:25:59 -0400] "GET /?fileloc=/home/blushinc/loleverywhere.com/wp-cron.php?tags/111086272 HTTP/1.1" 200 203389 "-" "Mozilla/5.0 (Linux; Android 6.0.1; Nexus 5X Build/MMB29P) AppleWebKit/537.36 (KHTML, like Gecko) Chrome/140.0.7339.207 Mobile Safari/537.36 (compatible; Googlebot/2.1; +http://www.google.com/bot.html)"
2a03:2880:f800:3a:: - - [19/Oct/2025:08:26:00 -0400] "GET /items/183049cxkttidm7826.html?fileloc=/home/blushinc/loleverywhere.com/wp-trackback.php&path=/home/blushinc/loleverywhere.com HTTP/1.1" 200 18415 "-" "meta-externalagent/1.1 (+https://developers.facebook.com/docs/sharing/webmasters/crawler)"
85.208.96.193 - - [19/Oct/2025:08:26:00 -0400] "GET /geti/8663xitjitems.htm HTTP/1.1" 200 52963 "-" "Mozilla/5.0 (compatible; SemrushBot/7~bl; +http://www.semrush.com/bot.html)"
20.171.207.159 - - [19/Oct/2025:08:26:01 -0400] "GET /zakachat-melbet-na-android-dolzhnostnoe-addendum-melbet-besplatno/?path=//sys/class/mem/mem/subsystem/mem/subsystem/mem/subsystem/mem/subsystem/full/subsystem/kmsg/subsystem/full/subsystem/null/subsystem/port HTTP/1.1" 200 21715 "-" "Mozilla/5.0 AppleWebKit/537.36 (KHTML, like Gecko; compatible; GPTBot/1.2; +https://openai.com/gptbot)"
66.249.72.70 - - [19/Oct/2025:08:26:01 -0400] "GET /?fileloc=/home/blushinc/loleverywhere.com/xmlrpc.php?tags/113057713 HTTP/1.1" 200 203111 "-" "Mozilla/5.0 (Linux; Android 6.0.1; Nexus 5X Build/MMB29P) AppleWebKit/537.36 (KHTML, like Gecko) Chrome/140.0.7339.207 Mobile Safari/537.36 (compatible; Googlebot/2.1; +http://www.google.com/bot.html)"
2a03:2880:f800:1:: - - [19/Oct/2025:08:26:02 -0400] "GET /geti/47387cxktitems.htm?path=/home/blushinc/loleverywhere.com/.well-known HTTP/1.1" 200 14323 "-" "meta-externalagent/1.1 (+https://developers.facebook.com/docs/sharing/webmasters/crawler)"
65.108.43.148 - - [19/Oct/2025:08:26:02 -0400] "GET /%D9%84%D8%B9%D8%A8%D8%A9-turbo-mines-demonstration-gamble-gambling-casino-video-game-%D9%85%D8%AC%D8%A7%D9%86%D9%8A%D8%A9-%D8%AA%D9%85%D8%A7%D9%85%D9%8B%D8%A7/ HTTP/1.1" 200 52963 "-" "Mozilla/5.0 (compatible; MJ12bot/v1.4.8; http://mj12bot.com/)"
2a03:2880:f800:1d:: - - [19/Oct/2025:08:26:02 -0400] "GET /items/86914jwontidm24838.html HTTP/1.1" 200 52963 "-" "meta-externalagent/1.1 (+https://developers.facebook.com/docs/sharing/webmasters/crawler)"
136.243.220.214 - - [19/Oct/2025:08:26:03 -0400] "GET /491054793?fileloc=/home/blushinc/loleverywhere.com/wp-config-sample.php&path=/home/blushinc/loleverywhere.com HTTP/1.1" 200 16135 "-" "Mozilla/5.0 (compatible; DataForSeoBot/1.0; +https://dataforseo.com/dataforseo-bot)"
2a03:2880:f800:2e:: - - [19/Oct/2025:08:26:04 -0400] "GET /ite/4420pipdtid.html HTTP/1.1" 200 52963 "-" "meta-externalagent/1.1 (+https://developers.facebook.com/docs/sharing/webmasters/crawler)"
66.249.72.70 - - [19/Oct/2025:08:26:04 -0400] "GET /?fileloc=/home/blushinc/loleverywhere.com/wp-config-sample.php?tags/116188922 HTTP/1.1" 200 209703 "-" "Mozilla/5.0 (Linux; Android 6.0.1; Nexus 5X Build/MMB29P) AppleWebKit/537.36 (KHTML, like Gecko) Chrome/140.0.7339.207 Mobile Safari/537.36 (compatible; Googlebot/2.1; +http://www.google.com/bot.html)"
216.73.216.60 - - [19/Oct/2025:08:26:05 -0400] "GET /1139001426?fileloc=%2Fhome%2Fblushinc%2Floleverywhere.com%2Fwp-mail.php&path=%2Fhome%2Fblushinc%2Floleverywhere.com HTTP/1.1" 200 22309 "-" "Mozilla/5.0 AppleWebKit/537.36 (KHTML, like Gecko; compatible; ClaudeBot/1.0; [email protected])"
20.171.207.159 - - [19/Oct/2025:08:26:05 -0400] "GET /zakachat-melbet-na-android-dolzhnostnoe-addendum-melbet-besplatno/?path=//sys/class/mem/mem/subsystem/mem/subsystem/mem/subsystem/mem/subsystem/full/subsystem/kmsg/subsystem/urandom/subsystem/port/subsystem/kmsg/power HTTP/1.1" 200 24609 "-" "Mozilla/5.0 AppleWebKit/537.36 (KHTML, like Gecko; compatible; GPTBot/1.2; +https://openai.com/gptbot)"
66.249.72.70 - - [19/Oct/2025:08:26:04 -0400] "GET /ctg/search/similarImageSearchResultView/?ctgItemCd=42925 HTTP/1.1" 200 191457 "-" "Mozilla/5.0 (Linux; Android 6.0.1; Nexus 5X Build/MMB29P) AppleWebKit/537.36 (KHTML, like Gecko) Chrome/140.0.7339.207 Mobile Safari/537.36 (compatible; GoogleOther)"
2a03:2880:f800:a:: - - [19/Oct/2025:08:26:05 -0400] "GET /getidm4/229344wmkcitems HTTP/1.1" 200 52963 "-" "meta-externalagent/1.1 (+https://developers.facebook.com/docs/sharing/webmasters/crawler)"
85.208.96.212 - - [19/Oct/2025:08:26:06 -0400] "GET /getidm1/76464cxktitems HTTP/1.1" 200 52963 "-" "Mozilla/5.0 (compatible; SemrushBot/7~bl; +http://www.semrush.com/bot.html)"
65.108.43.148 - - [19/Oct/2025:08:26:07 -0400] "GET /%D9%85%D9%83%D8%A7%D8%B3%D8%A8-%D8%A3%D9%83%D8%A8%D8%B1-%D9%85%D8%B9-%D8%AD%D9%88%D8%A7%D9%81%D8%B2-%D9%81%D9%8A-%D9%83%D8%A7%D8%B2%D9%8A%D9%86%D9%88-mr-choice/ HTTP/1.1" 200 52963 "-" "Mozilla/5.0 (compatible; MJ12bot/v1.4.8; http://mj12bot.com/)"
66.249.72.70 - - [19/Oct/2025:08:26:06 -0400] "GET /?fileloc=/home/blushinc/loleverywhere.com/wp-activate.php?tags/113259457 HTTP/1.1" 200 204733 "-" "Mozilla/5.0 (Linux; Android 6.0.1; Nexus 5X Build/MMB29P) AppleWebKit/537.36 (KHTML, like Gecko) Chrome/140.0.7339.207 Mobile Safari/537.36 (compatible; Googlebot/2.1; +http://www.google.com/bot.html)"
2a03:2880:f800:27:: - - [19/Oct/2025:08:26:07 -0400] "GET /getidm/148143uicqitems HTTP/1.1" 200 52963 "-" "meta-externalagent/1.1 (+https://developers.facebook.com/docs/sharing/webmasters/crawler)"
136.243.220.214 - - [19/Oct/2025:08:26:07 -0400] "GET /491054793?fileloc=/home/blushinc/loleverywhere.com/wp-blog-header.php&path=/home/blushinc/loleverywhere.com HTTP/1.1" 200 15991 "-" "Mozilla/5.0 (compatible; DataForSeoBot/1.0; +https://dataforseo.com/dataforseo-bot)"
216.73.216.60 - - [19/Oct/2025:08:26:07 -0400] "GET /1139210887?fileloc=%2Fhome%2Fblushinc%2Floleverywhere.com%2Fwp-activate.php&path=%2Fhome%2Fblushinc%2Floleverywhere.com HTTP/1.1" 200 21440 "-" "Mozilla/5.0 AppleWebKit/537.36 (KHTML, like Gecko; compatible; ClaudeBot/1.0; [email protected])"
2a03:2880:f800:27:: - - [19/Oct/2025:08:26:08 -0400] "GET /get/281879gvxvitems.htm?fileloc=/home/blushinc/loleverywhere.com/index.php&path=/home/blushinc/loleverywhere.com HTTP/1.1" 200 34560 "-" "meta-externalagent/1.1 (+https://developers.facebook.com/docs/sharing/webmasters/crawler)"
20.171.207.159 - - [19/Oct/2025:08:26:08 -0400] "GET /zakachat-melbet-na-android-dolzhnostnoe-addendum-melbet-besplatno/?path=//sys/class/mem/mem/subsystem/mem/subsystem/mem/subsystem/mem/subsystem/full/subsystem/kmsg/subsystem/random/subsystem/full/subsystem/full/power HTTP/1.1" 200 24582 "-" "Mozilla/5.0 AppleWebKit/537.36 (KHTML, like Gecko; compatible; GPTBot/1.2; +https://openai.com/gptbot)"
2a03:2880:f800:5:: - - [19/Oct/2025:08:26:09 -0400] "GET /items/290857xitjtidm2093.html?path=/home/blushinc/loleverywhere.com/wp-admin HTTP/1.1" 200 175611 "-" "meta-externalagent/1.1 (+https://developers.facebook.com/docs/sharing/webmasters/crawler)"
66.249.72.69 - - [19/Oct/2025:08:26:09 -0400] "GET /?fileloc=/home/blushinc/loleverywhere.com/wp-activate.php?tags/111354914 HTTP/1.1" 200 204542 "-" "Mozilla/5.0 (Linux; Android 6.0.1; Nexus 5X Build/MMB29P) AppleWebKit/537.36 (KHTML, like Gecko) Chrome/140.0.7339.207 Mobile Safari/537.36 (compatible; Googlebot/2.1; +http://www.google.com/bot.html)"
216.73.216.60 - - [19/Oct/2025:08:26:10 -0400] "GET /1139276709?fileloc=%2Fhome%2Fblushinc%2Floleverywhere.com%2Fxmlrpc.php&path=%2Fhome%2Fblushinc%2Floleverywhere.com HTTP/1.1" 200 16284 "-" "Mozilla/5.0 AppleWebKit/537.36 (KHTML, like Gecko; compatible; ClaudeBot/1.0; [email protected])"
2a03:2880:f800:22:: - - [19/Oct/2025:08:26:10 -0400] "GET /getidm/193599xitjitems?path=/ HTTP/1.1" 200 50356 "-" "meta-externalagent/1.1 (+https://developers.facebook.com/docs/sharing/webmasters/crawler)"
136.243.220.214 - - [19/Oct/2025:08:26:11 -0400] "GET /491054793?fileloc=/home/blushinc/loleverywhere.com/wp-trackback.php&path=/home/blushinc/loleverywhere.com HTTP/1.1" 200 18415 "-" "Mozilla/5.0 (compatible; DataForSeoBot/1.0; +https://dataforseo.com/dataforseo-bot)"
20.171.207.159 - - [19/Oct/2025:08:26:11 -0400] "GET /zakachat-melbet-na-android-dolzhnostnoe-addendum-melbet-besplatno/?path=//sys/class/mem/mem/subsystem/mem/subsystem/mem/subsystem/mem/subsystem/full/subsystem/kmsg/subsystem/random/subsystem/full/subsystem/null/power HTTP/1.1" 200 24582 "-" "Mozilla/5.0 AppleWebKit/537.36 (KHTML, like Gecko; compatible; GPTBot/1.2; +https://openai.com/gptbot)"
85.208.96.200 - - [19/Oct/2025:08:26:11 -0400] "GET /geti/177117wmkcitems HTTP/1.1" 200 52963 "-" "Mozilla/5.0 (compatible; SemrushBot/7~bl; +http://www.semrush.com/bot.html)"
2a03:2880:f800:: - - [19/Oct/2025:08:26:11 -0400] "GET /getidm/238743fzlkitems HTTP/1.1" 200 52963 "-" "meta-externalagent/1.1 (+https://developers.facebook.com/docs/sharing/webmasters/crawler)"
65.108.43.148 - - [19/Oct/2025:08:26:12 -0400] "GET /%D9%85%D9%88%D9%82%D9%81-%D8%AA%D8%A7%D9%84%D9%8A-%D9%87%D9%88/ HTTP/1.1" 200 52963 "-" "Mozilla/5.0 (compatible; MJ12bot/v1.4.8; http://mj12bot.com/)"
66.249.72.69 - - [19/Oct/2025:08:26:11 -0400] "GET /?fileloc=/home/blushinc/loleverywhere.com/wp-links-opml.php?tags/111947348 HTTP/1.1" 200 204087 "-" "Mozilla/5.0 (Linux; Android 6.0.1; Nexus 5X Build/MMB29P) AppleWebKit/537.36 (KHTML, like Gecko) Chrome/140.0.7339.207 Mobile Safari/537.36 (compatible; Googlebot/2.1; +http://www.google.com/bot.html)"
2a03:2880:f800:6:: - - [19/Oct/2025:08:26:13 -0400] "GET /getidm/140237eigritems.htm HTTP/1.1" 200 52963 "-" "meta-externalagent/1.1 (+https://developers.facebook.com/docs/sharing/webmasters/crawler)"
216.73.216.60 - - [19/Oct/2025:08:26:13 -0400] "GET /1139273303?fileloc=%2Fhome%2Fblushinc%2Floleverywhere.com%2Fwp-config-sample.php&path=%2Fhome%2Fblushinc%2Floleverywhere.com HTTP/1.1" 200 16135 "-" "Mozilla/5.0 AppleWebKit/537.36 (KHTML, like Gecko; compatible; ClaudeBot/1.0; [email protected])"
2a03:2880:f800:47:: - - [19/Oct/2025:08:26:13 -0400] "GET /getidm50/3998jwonitems.htm HTTP/1.1" 200 52963 "-" "meta-externalagent/1.1 (+https://developers.facebook.com/docs/sharing/webmasters/crawler)"
20.171.207.159 - - [19/Oct/2025:08:26:14 -0400] "GET /zakachat-melbet-na-android-dolzhnostnoe-addendum-melbet-besplatno/?path=//sys/class/mem/mem/subsystem/mem/subsystem/mem/subsystem/mem/subsystem/full/subsystem/kmsg/subsystem/random/subsystem/full/subsystem/port/subsystem HTTP/1.1" 200 28472 "-" "Mozilla/5.0 AppleWebKit/537.36 (KHTML, like Gecko; compatible; GPTBot/1.2; +https://openai.com/gptbot)"
66.249.72.69 - - [19/Oct/2025:08:26:14 -0400] "GET /?fileloc=/home/blushinc/loleverywhere.com/wp-activate.php?tags/112630302 HTTP/1.1" 200 211079 "-" "Mozilla/5.0 (Linux; Android 6.0.1; Nexus 5X Build/MMB29P) AppleWebKit/537.36 (KHTML, like Gecko) Chrome/140.0.7339.207 Mobile Safari/537.36 (compatible; Googlebot/2.1; +http://www.google.com/bot.html)"
136.243.220.214 - - [19/Oct/2025:08:26:15 -0400] "GET /491054793?path=/home/blushinc/loleverywhere.com/wp-content HTTP/1.1" 200 20086 "-" "Mozilla/5.0 (compatible; DataForSeoBot/1.0; +https://dataforseo.com/dataforseo-bot)"
2a03:2880:f800:7:: - - [19/Oct/2025:08:26:17 -0400] "GET /get/86180jwonitems.htm HTTP/1.1" 200 52963 "-" "meta-externalagent/1.1 (+https://developers.facebook.com/docs/sharing/webmasters/crawler)"
2a03:2880:f800:2f:: - - [19/Oct/2025:08:26:17 -0400] "GET /getid/13782eigritems HTTP/1.1" 200 52963 "-" "meta-externalagent/1.1 (+https://developers.facebook.com/docs/sharing/webmasters/crawler)"
2a03:2880:f800:d:: - - [19/Oct/2025:08:26:17 -0400] "GET /items/296797cxkttidm.html HTTP/1.1" 200 52963 "-" "meta-externalagent/1.1 (+https://developers.facebook.com/docs/sharing/webmasters/crawler)"
216.73.216.60 - - [19/Oct/2025:08:26:17 -0400] "GET /multiple-diamond-slot-machine-because-of-the-igt-enjoy-50-lions-slot-play-for-money-on-line-at-no-cost?fileloc=%2F%2Flib64%2Flibdrm_radeon.so.1&path=%2F%2Flib64 HTTP/1.1" 200 97905 "-" "Mozilla/5.0 AppleWebKit/537.36 (KHTML, like Gecko; compatible; ClaudeBot/1.0; [email protected])"
65.108.43.148 - - [19/Oct/2025:08:26:17 -0400] "GET /%D9%87%D9%84-%D8%A7%D9%84%D8%AF%D9%81%D8%B9-%D8%B9%D8%A8%D8%B1-ukash-%D9%81%D9%8A-%D8%A7%D9%84%D9%83%D8%A7%D8%B2%D9%8A%D9%86%D9%88%D9%87%D8%A7%D8%AA-%D8%B9%D9%84%D9%89-%D8%A7%D9%84%D9%87%D8%A7%D8%AA/ HTTP/1.1" 200 52963 "-" "Mozilla/5.0 (compatible; MJ12bot/v1.4.8; http://mj12bot.com/)"
20.171.207.159 - - [19/Oct/2025:08:26:17 -0400] "GET /zakachat-melbet-na-android-dolzhnostnoe-addendum-melbet-besplatno/?path=//sys/class/mem/mem/subsystem/mem/subsystem/mem/subsystem/mem/subsystem/zero/subsystem/full/subsystem/full/subsystem/kmsg/power HTTP/1.1" 200 23889 "-" "Mozilla/5.0 AppleWebKit/537.36 (KHTML, like Gecko; compatible; GPTBot/1.2; +https://openai.com/gptbot)"
136.243.220.214 - - [19/Oct/2025:08:26:19 -0400] "GET /491054793?fileloc=/home/blushinc/loleverywhere.com/.htaccess&path=/home/blushinc/loleverywhere.com HTTP/1.1" 200 14511 "-" "Mozilla/5.0 (compatible; DataForSeoBot/1.0; +https://dataforseo.com/dataforseo-bot)"
2a03:2880:f800:36:: - - [19/Oct/2025:08:26:19 -0400] "GET /items/200962jwontidm46081.html HTTP/1.1" 200 52963 "-" "meta-externalagent/1.1 (+https://developers.facebook.com/docs/sharing/webmasters/crawler)"
216.73.216.60 - - [19/Oct/2025:08:26:20 -0400] "GET /multiple-diamond-slot-machine-because-of-the-igt-enjoy-50-lions-slot-play-for-money-on-line-at-no-cost?fileloc=%2F%2Fscripts%2Flogo.dat&path=%2F%2Fscripts HTTP/1.1" 200 12488 "-" "Mozilla/5.0 AppleWebKit/537.36 (KHTML, like Gecko; compatible; ClaudeBot/1.0; [email protected])"
20.171.207.159 - - [19/Oct/2025:08:26:21 -0400] "GET /zakachat-melbet-na-android-dolzhnostnoe-addendum-melbet-besplatno/?path=//sys/class/mem/mem/subsystem/mem/subsystem/mem/subsystem/mem/subsystem/full/subsystem/kmsg/subsystem/full/subsystem/null/subsystem/port/power HTTP/1.1" 200 24528 "-" "Mozilla/5.0 AppleWebKit/537.36 (KHTML, like Gecko; compatible; GPTBot/1.2; +https://openai.com/gptbot)"
2a03:2880:f800:36:: - - [19/Oct/2025:08:26:20 -0400] "GET /getidm/187252uicqitems HTTP/1.1" 200 52963 "-" "meta-externalagent/1.1 (+https://developers.facebook.com/docs/sharing/webmasters/crawler)"
2a03:2880:f800:a:: - - [19/Oct/2025:08:26:21 -0400] "GET /getidm282/179615fzlkitems.htm?fileloc=/home/blushinc/loleverywhere.com/wp-links-opml.php&path=/home/blushinc/loleverywhere.com HTTP/1.1" 200 15476 "-" "meta-externalagent/1.1 (+https://developers.facebook.com/docs/sharing/webmasters/crawler)"
66.249.72.69 - - [19/Oct/2025:08:26:20 -0400] "GET /?fileloc=/home/blushinc/loleverywhere.com/wp-config-sample.php?tags/11921409 HTTP/1.1" 200 204786 "-" "Mozilla/5.0 (Linux; Android 6.0.1; Nexus 5X Build/MMB29P) AppleWebKit/537.36 (KHTML, like Gecko) Chrome/140.0.7339.207 Mobile Safari/537.36 (compatible; Googlebot/2.1; +http://www.google.com/bot.html)"
2a03:2880:f800:3c:: - - [19/Oct/2025:08:26:22 -0400] "GET /get/149075cxktitems.htm HTTP/1.1" 200 52963 "-" "meta-externalagent/1.1 (+https://developers.facebook.com/docs/sharing/webmasters/crawler)"
66.249.72.69 - - [19/Oct/2025:08:26:20 -0400] "GET /?fileloc=/home/blushinc/loleverywhere.com/sm.php?tags/113051958 HTTP/1.1" 200 202430 "-" "Mozilla/5.0 (Linux; Android 6.0.1; Nexus 5X Build/MMB29P) AppleWebKit/537.36 (KHTML, like Gecko) Chrome/140.0.7339.207 Mobile Safari/537.36 (compatible; Googlebot/2.1; +http://www.google.com/bot.html)"
216.73.216.60 - - [19/Oct/2025:08:26:23 -0400] "GET /multiple-diamond-slot-machine-because-of-the-igt-enjoy-50-lions-slot-play-for-money-on-line-at-no-cost?fileloc=%2F%2Flib64%2Flibpcprofile.so&path=%2F%2Flib64 HTTP/1.1" 200 29406 "-" "Mozilla/5.0 AppleWebKit/537.36 (KHTML, like Gecko; compatible; ClaudeBot/1.0; [email protected])"
136.243.220.214 - - [19/Oct/2025:08:26:23 -0400] "GET /491054793?fileloc=/home/blushinc/loleverywhere.com/xmlrpc.php&path=/home/blushinc/loleverywhere.com HTTP/1.1" 200 16284 "-" "Mozilla/5.0 (compatible; DataForSeoBot/1.0; +https://dataforseo.com/dataforseo-bot)"
66.249.72.69 - - [19/Oct/2025:08:26:23 -0400] "GET /?fileloc=/home/blushinc/loleverywhere.com/wp-config-sample.php?tags/115210946 HTTP/1.1" 200 206478 "-" "Mozilla/5.0 (Linux; Android 6.0.1; Nexus 5X Build/MMB29P) AppleWebKit/537.36 (KHTML, like Gecko) Chrome/140.0.7339.207 Mobile Safari/537.36 (compatible; Googlebot/2.1; +http://www.google.com/bot.html)"
2a03:2880:f800:9:: - - [19/Oct/2025:08:26:24 -0400] "GET /getidm54/81845uicqitems.htm?fileloc=/home/blushinc/loleverywhere.com/wp-activate.php&path=/home/blushinc/loleverywhere.com HTTP/1.1" 200 21440 "-" "meta-externalagent/1.1 (+https://developers.facebook.com/docs/sharing/webmasters/crawler)"
20.171.207.159 - - [19/Oct/2025:08:26:24 -0400] "GET /zakachat-melbet-na-android-dolzhnostnoe-addendum-melbet-besplatno/?path=//sys/class/mem/mem/subsystem/mem/subsystem/mem/subsystem/mem/subsystem/full/subsystem/kmsg/subsystem/random/subsystem/full/subsystem/port/power HTTP/1.1" 200 24582 "-" "Mozilla/5.0 AppleWebKit/537.36 (KHTML, like Gecko; compatible; GPTBot/1.2; +https://openai.com/gptbot)"
65.108.43.148 - - [19/Oct/2025:08:26:24 -0400] "GET /%D9%8A%D9%85%D9%83%D9%86%D9%87-%D9%84%D8%B9%D8%A8-town-of-gold/ HTTP/1.1" 200 52963 "-" "Mozilla/5.0 (compatible; MJ12bot/v1.4.8; http://mj12bot.com/)"
2a03:2880:f800:2b:: - - [19/Oct/2025:08:26:25 -0400] "GET /item/49516xitjtid.html?path=/ HTTP/1.1" 200 50356 "-" "meta-externalagent/1.1 (+https://developers.facebook.com/docs/sharing/webmasters/crawler)"
216.73.216.60 - - [19/Oct/2025:08:26:26 -0400] "GET /multiple-diamond-slot-machine-because-of-the-igt-enjoy-50-lions-slot-play-for-money-on-line-at-no-cost?fileloc=%2F%2Fsbin%2Fip6tables-nft&path=%2F%2Fsbin HTTP/1.1" 200 366760 "-" "Mozilla/5.0 AppleWebKit/537.36 (KHTML, like Gecko; compatible; ClaudeBot/1.0; [email protected])"
20.171.207.159 - - [19/Oct/2025:08:26:27 -0400] "GET /zakachat-melbet-na-android-dolzhnostnoe-addendum-melbet-besplatno/?path=//sys/class/mem/mem/subsystem/mem/subsystem/mem/subsystem/mem/subsystem/zero/subsystem/full/subsystem/random/subsystem/kmsg/subsystem/full HTTP/1.1" 200 21755 "-" "Mozilla/5.0 AppleWebKit/537.36 (KHTML, like Gecko; compatible; GPTBot/1.2; +https://openai.com/gptbot)"
2a03:2880:f800:3e:: - - [19/Oct/2025:08:26:27 -0400] "GET /ite/640jwontidm654.html HTTP/1.1" 200 52963 "-" "meta-externalagent/1.1 (+https://developers.facebook.com/docs/sharing/webmasters/crawler)"
2a03:2880:f800:4a:: - - [19/Oct/2025:08:26:27 -0400] "GET /get/155868fzlkitems HTTP/1.1" 200 52963 "-" "meta-externalagent/1.1 (+https://developers.facebook.com/docs/sharing/webmasters/crawler)"
136.243.220.214 - - [19/Oct/2025:08:26:28 -0400] "GET /491054793?fileloc=/home/blushinc/loleverywhere.com/epajx.php&path=/home/blushinc/loleverywhere.com HTTP/1.1" 200 44892 "-" "Mozilla/5.0 (compatible; DataForSeoBot/1.0; +https://dataforseo.com/dataforseo-bot)"
65.108.43.148 - - [19/Oct/2025:08:26:28 -0400] "GET /%E0%A4%87%E0%A4%B2%E0%A5%87%E0%A4%95%E0%A5%8D%E0%A4%9F%E0%A5%8D%E0%A4%B0%E0%A5%89%E0%A4%A8%E0%A4%BF%E0%A4%95-%E0%A4%88%E0%A4%97%E0%A4%B2%E0%A5%8D%E0%A4%B8-%E0%A4%87%E0%A4%AE%E0%A5%8D%E0%A4%AA%E0%A5%88/ HTTP/1.1" 200 52963 "-" "Mozilla/5.0 (compatible; MJ12bot/v1.4.8; http://mj12bot.com/)"
2a03:2880:f800:1b:: - - [19/Oct/2025:08:26:29 -0400] "GET /getidm698/218066cxktitems.htm HTTP/1.1" 200 52963 "-" "meta-externalagent/1.1 (+https://developers.facebook.com/docs/sharing/webmasters/crawler)"
2a03:2880:f800:47:: - - [19/Oct/2025:08:26:30 -0400] "GET /geti/184725xitjitems HTTP/1.1" 200 52963 "-" "meta-externalagent/1.1 (+https://developers.facebook.com/docs/sharing/webmasters/crawler)"
216.73.216.60 - - [19/Oct/2025:08:26:29 -0400] "GET /multiple-diamond-slot-machine-because-of-the-igt-enjoy-50-lions-slot-play-for-money-on-line-at-no-cost?fileloc=%2F%2Flib64%2Flibpcre2-8.so&path=%2F%2Flib64 HTTP/1.1" 200 1052524 "-" "Mozilla/5.0 AppleWebKit/537.36 (KHTML, like Gecko; compatible; ClaudeBot/1.0; [email protected])"
66.249.72.70 - - [19/Oct/2025:08:26:29 -0400] "GET /?fileloc=/home/blushinc/loleverywhere.com/wp-settings.php?tags/112555013 HTTP/1.1" 200 208808 "-" "Mozilla/5.0 (Linux; Android 6.0.1; Nexus 5X Build/MMB29P) AppleWebKit/537.36 (KHTML, like Gecko) Chrome/140.0.7339.207 Mobile Safari/537.36 (compatible; Googlebot/2.1; +http://www.google.com/bot.html)"
20.171.207.159 - - [19/Oct/2025:08:26:30 -0400] "GET /zakachat-melbet-na-android-dolzhnostnoe-addendum-melbet-besplatno/?path=//sys/class/mem/mem/subsystem/mem/subsystem/mem/subsystem/mem/subsystem/zero/subsystem/full/subsystem/random/subsystem/kmsg/subsystem/kmsg/power HTTP/1.1" 200 24582 "-" "Mozilla/5.0 AppleWebKit/537.36 (KHTML, like Gecko; compatible; GPTBot/1.2; +https://openai.com/gptbot)"
136.243.220.214 - - [19/Oct/2025:08:26:31 -0400] "GET /491054793?path=/home/blushinc HTTP/1.1" 200 60680 "-" "Mozilla/5.0 (compatible; DataForSeoBot/1.0; +https://dataforseo.com/dataforseo-bot)"
2a03:2880:f800:8:: - - [19/Oct/2025:08:26:31 -0400] "GET /getidm2/256361pipditems.htm HTTP/1.1" 200 52963 "-" "meta-externalagent/1.1 (+https://developers.facebook.com/docs/sharing/webmasters/crawler)"
66.249.72.70 - - [19/Oct/2025:08:26:31 -0400] "GET /?fileloc=/home/blushinc/loleverywhere.com/wp-load.php?tags/11725580 HTTP/1.1" 200 209516 "-" "Mozilla/5.0 (Linux; Android 6.0.1; Nexus 5X Build/MMB29P) AppleWebKit/537.36 (KHTML, like Gecko) Chrome/140.0.7339.207 Mobile Safari/537.36 (compatible; Googlebot/2.1; +http://www.google.com/bot.html)"
216.73.216.60 - - [19/Oct/2025:08:26:32 -0400] "GET /multiple-diamond-slot-machine-because-of-the-igt-enjoy-50-lions-slot-play-for-money-on-line-at-no-cost?fileloc=%2F%2Flib64%2Flibraqm.so.0&path=%2F%2Flib64 HTTP/1.1" 200 48779 "-" "Mozilla/5.0 AppleWebKit/537.36 (KHTML, like Gecko; compatible; ClaudeBot/1.0; [email protected])"
185.191.171.4 - - [19/Oct/2025:08:26:32 -0400] "GET /getid/18270xygeitems HTTP/1.1" 200 52963 "-" "Mozilla/5.0 (compatible; SemrushBot/7~bl; +http://www.semrush.com/bot.html)"
2a03:2880:f800:2e:: - - [19/Oct/2025:08:26:32 -0400] "GET /getidm899/300743pipditems.htm HTTP/1.1" 200 52963 "-" "meta-externalagent/1.1 (+https://developers.facebook.com/docs/sharing/webmasters/crawler)"
20.171.207.159 - - [19/Oct/2025:08:26:33 -0400] "GET /zakachat-melbet-na-android-dolzhnostnoe-addendum-melbet-besplatno/?path=//sys/class/mem/mem/subsystem/mem/subsystem/mem/subsystem/mem/subsystem/port/subsystem/mem/subsystem/random/subsystem/null/power HTTP/1.1" 200 23912 "-" "Mozilla/5.0 AppleWebKit/537.36 (KHTML, like Gecko; compatible; GPTBot/1.2; +https://openai.com/gptbot)"
65.108.43.148 - - [19/Oct/2025:08:26:33 -0400] "GET /%E0%A4%B8%E0%A4%B0%E0%A5%8D%E0%A4%B5%E0%A4%B6%E0%A5%8D%E0%A4%B0%E0%A5%87%E0%A4%B7%E0%A5%8D%E0%A4%A0-%E0%A4%85%E0%A4%A8-%E0%A4%B2%E0%A4%BE%E0%A4%87%E0%A4%A8-%E0%A4%95%E0%A5%8D%E0%A4%AF%E0%A4%BE/ HTTP/1.1" 200 52963 "-" "Mozilla/5.0 (compatible; MJ12bot/v1.4.8; http://mj12bot.com/)"
2a03:2880:f800:22:: - - [19/Oct/2025:08:26:34 -0400] "GET /getidm5/137064xitjitems HTTP/1.1" 200 52963 "-" "meta-externalagent/1.1 (+https://developers.facebook.com/docs/sharing/webmasters/crawler)"
2a03:2880:f800:6:: - - [19/Oct/2025:08:26:34 -0400] "GET /getidm/152522xygeitems.htm?fileloc=/home/blushinc/loleverywhere.com/wp-links-opml.php&path=/home/blushinc/loleverywhere.com HTTP/1.1" 200 15476 "-" "meta-externalagent/1.1 (+https://developers.facebook.com/docs/sharing/webmasters/crawler)"
216.73.216.60 - - [19/Oct/2025:08:26:35 -0400] "GET /multiple-diamond-slot-machine-because-of-the-igt-enjoy-50-lions-slot-play-for-money-on-line-at-no-cost?fileloc=%2F%2Flib64%2Flibxcb-xselinux.so&path=%2F%2Flib64 HTTP/1.1" 200 60887 "-" "Mozilla/5.0 AppleWebKit/537.36 (KHTML, like Gecko; compatible; ClaudeBot/1.0; [email protected])"
136.243.220.214 - - [19/Oct/2025:08:26:35 -0400] "GET /491054793?fileloc=/home/blushinc/loleverywhere.com/wp-cron.php&path=/home/blushinc/loleverywhere.com HTTP/1.1" 200 21421 "-" "Mozilla/5.0 (compatible; DataForSeoBot/1.0; +https://dataforseo.com/dataforseo-bot)"
20.171.207.159 - - [19/Oct/2025:08:26:36 -0400] "GET /zakachat-melbet-na-android-dolzhnostnoe-addendum-melbet-besplatno/?path=//sys/class/mem/mem/subsystem/mem/subsystem/mem/subsystem/mem/subsystem/full/subsystem/kmsg/subsystem/full/subsystem/port/power HTTP/1.1" 200 23889 "-" "Mozilla/5.0 AppleWebKit/537.36 (KHTML, like Gecko; compatible; GPTBot/1.2; +https://openai.com/gptbot)"
2a03:2880:f800:25:: - - [19/Oct/2025:08:26:36 -0400] "GET /getidm89/263649fzlkitems HTTP/1.1" 200 52963 "-" "meta-externalagent/1.1 (+https://developers.facebook.com/docs/sharing/webmasters/crawler)"
2a03:2880:f800:2b:: - - [19/Oct/2025:08:26:37 -0400] "GET /geti/297573eigritems?path=/ HTTP/1.1" 200 50356 "-" "meta-externalagent/1.1 (+https://developers.facebook.com/docs/sharing/webmasters/crawler)"
216.73.216.60 - - [19/Oct/2025:08:26:38 -0400] "GET /multiple-diamond-slot-machine-because-of-the-igt-enjoy-50-lions-slot-play-for-money-on-line-at-no-cost?fileloc=%2F%2Flib64%2Flibpsl.so.5&path=%2F%2Flib64 HTTP/1.1" 200 134479 "-" "Mozilla/5.0 AppleWebKit/537.36 (KHTML, like Gecko; compatible; ClaudeBot/1.0; [email protected])"
2a03:2880:f800:11:: - - [19/Oct/2025:08:26:38 -0400] "GET /items/10813xitjtidm.html HTTP/1.1" 200 52963 "-" "meta-externalagent/1.1 (+https://developers.facebook.com/docs/sharing/webmasters/crawler)"
65.108.43.148 - - [19/Oct/2025:08:26:38 -0400] "GET /%E0%A6%95%E0%A7%80%E0%A6%AD%E0%A6%BE%E0%A6%AC%E0%A7%87-1xbet-%E0%A6%85%E0%A6%A4%E0%A6%BF%E0%A6%B0%E0%A6%BF%E0%A6%95%E0%A7%8D%E0%A6%A4-%E0%A6%8F%E0%A6%AC%E0%A6%82-%E0%A6%B8%E0%A6%B0%E0%A7%8D%E0%A6%AC/ HTTP/1.1" 200 52963 "-" "Mozilla/5.0 (compatible; MJ12bot/v1.4.8; http://mj12bot.com/)"
66.249.72.69 - - [19/Oct/2025:08:26:38 -0400] "GET /?fileloc=/home/blushinc/loleverywhere.com/xmlrpc.php?tags/113295483 HTTP/1.1" 200 201392 "-" "Mozilla/5.0 (Linux; Android 6.0.1; Nexus 5X Build/MMB29P) AppleWebKit/537.36 (KHTML, like Gecko) Chrome/140.0.7339.207 Mobile Safari/537.36 (compatible; Googlebot/2.1; +http://www.google.com/bot.html)"
2a03:2880:f800:5:: - - [19/Oct/2025:08:26:39 -0400] "GET /items/197773eigrtidm.html HTTP/1.1" 200 52963 "-" "meta-externalagent/1.1 (+https://developers.facebook.com/docs/sharing/webmasters/crawler)"
20.171.207.159 - - [19/Oct/2025:08:26:39 -0400] "GET /zakachat-melbet-na-android-dolzhnostnoe-addendum-melbet-besplatno/?path=//sys/class/mem/mem/subsystem/mem/subsystem/mem/subsystem/mem/subsystem/port/subsystem/mem/subsystem/full/subsystem/random/power HTTP/1.1" 200 23908 "-" "Mozilla/5.0 AppleWebKit/537.36 (KHTML, like Gecko; compatible; GPTBot/1.2; +https://openai.com/gptbot)"
136.243.220.214 - - [19/Oct/2025:08:26:39 -0400] "GET /491054793?path=/home/blushinc/loleverywhere.com/.tmb HTTP/1.1" 200 12860 "-" "Mozilla/5.0 (compatible; DataForSeoBot/1.0; +https://dataforseo.com/dataforseo-bot)"
2a03:2880:f800:3a:: - - [19/Oct/2025:08:26:41 -0400] "GET /items/160777fzlktidm7401.html?path=/home HTTP/1.1" 200 12682 "-" "meta-externalagent/1.1 (+https://developers.facebook.com/docs/sharing/webmasters/crawler)"
216.73.216.60 - - [19/Oct/2025:08:26:41 -0400] "GET /vehicles-to-arrive-in-2019/17?path=%2F%2Fproc%2F48%2Ftask%2F48 HTTP/1.1" 200 76481 "-" "Mozilla/5.0 AppleWebKit/537.36 (KHTML, like Gecko; compatible; ClaudeBot/1.0; [email protected])"
66.249.72.70 - - [19/Oct/2025:08:26:40 -0400] "GET /?fileloc=/home/blushinc/loleverywhere.com/wp-activate.php?tags/11783147 HTTP/1.1" 200 203672 "-" "Mozilla/5.0 (Linux; Android 6.0.1; Nexus 5X Build/MMB29P) AppleWebKit/537.36 (KHTML, like Gecko) Chrome/140.0.7339.207 Mobile Safari/537.36 (compatible; Googlebot/2.1; +http://www.google.com/bot.html)"
2a03:2880:f800:37:: - - [19/Oct/2025:08:26:41 -0400] "GET /getidm/258299xitjitems.htm?fileloc=/home/blushinc/loleverywhere.com/wp-config-sample.php&path=/home/blushinc/loleverywhere.com HTTP/1.1" 200 16135 "-" "meta-externalagent/1.1 (+https://developers.facebook.com/docs/sharing/webmasters/crawler)"
66.249.72.228 - - [19/Oct/2025:08:26:40 -0400] "GET /index.php?50492770?items=0050377130 HTTP/1.1" 200 195159 "-" "Mozilla/5.0 (Linux; Android 6.0.1; Nexus 5X Build/MMB29P) AppleWebKit/537.36 (KHTML, like Gecko) Chrome/140.0.7339.207 Mobile Safari/537.36 (compatible; Googlebot/2.1; +http://www.google.com/bot.html)"
20.171.207.159 - - [19/Oct/2025:08:26:43 -0400] "GET /zakachat-melbet-na-android-dolzhnostnoe-addendum-melbet-besplatno/?path=//sys/class/mem/mem/subsystem/mem/subsystem/mem/subsystem/mem/subsystem/zero/subsystem/full/subsystem/random/subsystem/kmsg/subsystem/full/subsystem HTTP/1.1" 200 28472 "-" "Mozilla/5.0 AppleWebKit/537.36 (KHTML, like Gecko; compatible; GPTBot/1.2; +https://openai.com/gptbot)"
136.243.220.214 - - [19/Oct/2025:08:26:43 -0400] "GET /491054793?fileloc=/home/blushinc/loleverywhere.com/wp-settings.php&path=/home/blushinc/loleverywhere.com HTTP/1.1" 200 45891 "-" "Mozilla/5.0 (compatible; DataForSeoBot/1.0; +https://dataforseo.com/dataforseo-bot)"
65.108.43.148 - - [19/Oct/2025:08:26:43 -0400] "GET /%E0%A6%95%E0%A7%80%E0%A6%AD%E0%A6%BE%E0%A6%AC%E0%A7%87-1xbet-%E0%A6%85%E0%A6%A4%E0%A6%BF%E0%A6%B0%E0%A6%BF%E0%A6%95%E0%A7%8D%E0%A6%A4-%E0%A6%8F%E0%A6%AC%E0%A6%82-%E0%A6%B8%E0%A6%B0%E0%A7%8D%E0%A6%AC/feed/ HTTP/1.1" 200 52963 "-" "Mozilla/5.0 (compatible; MJ12bot/v1.4.8; http://mj12bot.com/)"
2a03:2880:f800:3c:: - - [19/Oct/2025:08:26:43 -0400] "GET /ite/109480xygetidm752.html HTTP/1.1" 200 52963 "-" "meta-externalagent/1.1 (+https://developers.facebook.com/docs/sharing/webmasters/crawler)"
216.73.216.60 - - [19/Oct/2025:08:26:44 -0400] "GET /multiple-diamond-slot-machine-because-of-the-igt-enjoy-50-lions-slot-play-for-money-on-line-at-no-cost?fileloc=%2F%2Fsbin%2Fvpddecode&path=%2F%2Fsbin HTTP/1.1" 200 36481 "-" "Mozilla/5.0 AppleWebKit/537.36 (KHTML, like Gecko; compatible; ClaudeBot/1.0; [email protected])"
2a03:2880:f800:31:: - - [19/Oct/2025:08:26:45 -0400] "GET /getidm232/149774fzlkitems.htm HTTP/1.1" 200 52963 "-" "meta-externalagent/1.1 (+https://developers.facebook.com/docs/sharing/webmasters/crawler)"
20.171.207.159 - - [19/Oct/2025:08:26:46 -0400] "GET /zakachat-melbet-na-android-dolzhnostnoe-addendum-melbet-besplatno/?path=//sys/class/mem/mem/subsystem/mem/subsystem/mem/subsystem/mem/subsystem/full/subsystem/kmsg/subsystem/random/subsystem/kmsg/subsystem/full HTTP/1.1" 200 21755 "-" "Mozilla/5.0 AppleWebKit/537.36 (KHTML, like Gecko; compatible; GPTBot/1.2; +https://openai.com/gptbot)"
2a03:2880:f800:1b:: - - [19/Oct/2025:08:26:46 -0400] "GET /items/156022fzlktidm4.html?fileloc=/home/blushinc/loleverywhere.com/wp-login.php&path=/home/blushinc/loleverywhere.com HTTP/1.1" 200 74926 "-" "meta-externalagent/1.1 (+https://developers.facebook.com/docs/sharing/webmasters/crawler)"
2a03:2880:f800:39:: - - [19/Oct/2025:08:26:47 -0400] "GET /getidm67/183905fzlkitems.htm?path=/ HTTP/1.1" 200 50356 "-" "meta-externalagent/1.1 (+https://developers.facebook.com/docs/sharing/webmasters/crawler)"
136.243.220.214 - - [19/Oct/2025:08:26:47 -0400] "GET /491054793?fileloc=/home/blushinc/loleverywhere.com/license.txt&path=/home/blushinc/loleverywhere.com HTTP/1.1" 200 32494 "-" "Mozilla/5.0 (compatible; DataForSeoBot/1.0; +https://dataforseo.com/dataforseo-bot)"
216.73.216.60 - - [19/Oct/2025:08:26:47 -0400] "GET /multiple-diamond-slot-machine-because-of-the-igt-enjoy-50-lions-slot-play-for-money-on-line-at-no-cost?fileloc=%2F%2Flib64%2Flibsss_idmap.so.0&path=%2F%2Flib64 HTTP/1.1" 200 60196 "-" "Mozilla/5.0 AppleWebKit/537.36 (KHTML, like Gecko; compatible; ClaudeBot/1.0; [email protected])"
66.249.72.69 - - [19/Oct/2025:08:26:47 -0400] "GET /?fileloc=/home/blushinc/loleverywhere.com/wp-blog-header.php?tags/112925889 HTTP/1.1" 200 207995 "-" "Mozilla/5.0 (Linux; Android 6.0.1; Nexus 5X Build/MMB29P) AppleWebKit/537.36 (KHTML, like Gecko) Chrome/140.0.7339.207 Mobile Safari/537.36 (compatible; Googlebot/2.1; +http://www.google.com/bot.html)"
65.108.43.148 - - [19/Oct/2025:08:26:48 -0400] "GET /%E0%B8%94%E0%B8%B5%E0%B8%81%E0%B8%A7%E0%B9%88%E0%B8%B2%E0%B8%84%E0%B8%B2%E0%B8%AA%E0%B8%B4%E0%B9%82%E0%B8%99%E0%B8%AD%E0%B8%B4%E0%B8%99%E0%B9%80%E0%B8%97%E0%B8%AD%E0%B8%A3%E0%B9%8C%E0%B9%80%E0%B8%99/ HTTP/1.1" 200 52963 "-" "Mozilla/5.0 (compatible; MJ12bot/v1.4.8; http://mj12bot.com/)"
2a03:2880:f800:1d:: - - [19/Oct/2025:08:26:48 -0400] "GET /getid/33294eigritems?path=/home HTTP/1.1" 200 12682 "-" "meta-externalagent/1.1 (+https://developers.facebook.com/docs/sharing/webmasters/crawler)"
2a03:2880:f800:27:: - - [19/Oct/2025:08:26:49 -0400] "GET /get/267132cxktitems HTTP/1.1" 200 52963 "-" "meta-externalagent/1.1 (+https://developers.facebook.com/docs/sharing/webmasters/crawler)"
20.171.207.159 - - [19/Oct/2025:08:26:49 -0400] "GET /zakachat-melbet-na-android-dolzhnostnoe-addendum-melbet-besplatno/?path=//sys/class/mem/mem/subsystem/mem/subsystem/mem/subsystem/mem/subsystem/full/subsystem/kmsg/subsystem/mem/subsystem/null/subsystem/null/power HTTP/1.1" 200 24501 "-" "Mozilla/5.0 AppleWebKit/537.36 (KHTML, like Gecko; compatible; GPTBot/1.2; +https://openai.com/gptbot)"
66.249.72.69 - - [19/Oct/2025:08:26:49 -0400] "GET /?fileloc=/home/blushinc/loleverywhere.com/wp-activate.php?tags/11783437 HTTP/1.1" 200 202823 "-" "Mozilla/5.0 (Linux; Android 6.0.1; Nexus 5X Build/MMB29P) AppleWebKit/537.36 (KHTML, like Gecko) Chrome/140.0.7339.207 Mobile Safari/537.36 (compatible; Googlebot/2.1; +http://www.google.com/bot.html)"
2a03:2880:f800:3a:: - - [19/Oct/2025:08:26:50 -0400] "GET /getidm58/281pipditems.htm HTTP/1.1" 200 52963 "-" "meta-externalagent/1.1 (+https://developers.facebook.com/docs/sharing/webmasters/crawler)"
216.73.216.60 - - [19/Oct/2025:08:26:50 -0400] "GET /multiple-diamond-slot-machine-because-of-the-igt-enjoy-50-lions-slot-play-for-money-on-line-at-no-cost?fileloc=%2F%2Flib64%2Flibcolordprivate.so.2.0.5&path=%2F%2Flib64 HTTP/1.1" 200 374262 "-" "Mozilla/5.0 AppleWebKit/537.36 (KHTML, like Gecko; compatible; ClaudeBot/1.0; [email protected])"
114.119.134.196 - - [19/Oct/2025:08:26:51 -0400] "GET /legalne-kasyna-przez-internet-w-wskocz-na-te-strone-polsce-spis-2025/?fileloc=/home/blushinc/loleverywhere.com/wp-signup.php&path=/home/blushinc/loleverywhere.com HTTP/1.1" 200 53942 "https://loleverywhere.com/legalne-kasyna-przez-internet-w-wskocz-na-te-strone-polsce-spis-2025/" "Mozilla/5.0 (Linux; Android 7.0;) AppleWebKit/537.36 (KHTML, like Gecko) Mobile Safari/537.36 (compatible; PetalBot;+https://webmaster.petalsearch.com/site/petalbot)"
136.243.220.214 - - [19/Oct/2025:08:26:51 -0400] "GET /491054793?fileloc=/home/blushinc/loleverywhere.com/zintb.php&path=/home/blushinc/loleverywhere.com HTTP/1.1" 200 44892 "-" "Mozilla/5.0 (compatible; DataForSeoBot/1.0; +https://dataforseo.com/dataforseo-bot)"
2a03:2880:f800:1b:: - - [19/Oct/2025:08:26:52 -0400] "GET /getidm/170813jwonitems.htm?fileloc=/home/blushinc/loleverywhere.com/wp-trackback.php&path=/home/blushinc/loleverywhere.com HTTP/1.1" 200 18415 "-" "meta-externalagent/1.1 (+https://developers.facebook.com/docs/sharing/webmasters/crawler)"
20.171.207.159 - - [19/Oct/2025:08:26:52 -0400] "GET /zakachat-melbet-na-android-dolzhnostnoe-addendum-melbet-besplatno/?path=//sys/class/mem/mem/subsystem/mem/subsystem/mem/subsystem/mem/subsystem/zero/subsystem/full/subsystem/urandom/subsystem/zero/subsystem/port/power HTTP/1.1" 200 24609 "-" "Mozilla/5.0 AppleWebKit/537.36 (KHTML, like Gecko; compatible; GPTBot/1.2; +https://openai.com/gptbot)"
216.73.216.60 - - [19/Oct/2025:08:26:53 -0400] "GET /multiple-diamond-slot-machine-because-of-the-igt-enjoy-50-lions-slot-play-for-money-on-line-at-no-cost?fileloc=%2F%2Flib64%2Flibtraceevent.so.1&path=%2F%2Flib64 HTTP/1.1" 200 217870 "-" "Mozilla/5.0 AppleWebKit/537.36 (KHTML, like Gecko; compatible; ClaudeBot/1.0; [email protected])"
65.108.43.148 - - [19/Oct/2025:08:26:53 -0400] "GET /%E0%B8%9F%E0%B8%A3%E0%B8%B5%E0%B8%AB%E0%B8%A1%E0%B8%B8%E0%B8%99%E0%B8%A3%E0%B8%AD%E0%B8%9A%E0%B9%84%E0%B8%A1%E0%B9%88%E0%B8%A1%E0%B8%B5%E0%B9%82%E0%B8%9B%E0%B8%A3%E0%B9%82%E0%B8%A1%E0%B8%8A%E0%B8%B1/ HTTP/1.1" 200 52963 "-" "Mozilla/5.0 (compatible; MJ12bot/v1.4.8; http://mj12bot.com/)"
2a03:2880:f800:29:: - - [19/Oct/2025:08:26:53 -0400] "GET /item/190936gvxvtidm673.html?fileloc=/home/blushinc/loleverywhere.com/wp-load.php&path=/home/blushinc/loleverywhere.com HTTP/1.1" 200 17082 "-" "meta-externalagent/1.1 (+https://developers.facebook.com/docs/sharing/webmasters/crawler)"
2a03:2880:f800:27:: - - [19/Oct/2025:08:26:53 -0400] "GET /getid/107147jwonitems.htm HTTP/1.1" 200 52963 "-" "meta-externalagent/1.1 (+https://developers.facebook.com/docs/sharing/webmasters/crawler)"
17.241.75.217 - - [19/Oct/2025:08:26:54 -0400] "GET /vehicles-to-arrive-in-2019/28/ HTTP/1.1" 200 52963 "-" "Mozilla/5.0 (Macintosh; Intel Mac OS X 10_15_7) AppleWebKit/605.1.15 (KHTML, like Gecko) Version/17.4 Safari/605.1.15 (Applebot/0.1; +http://www.apple.com/go/applebot)"
136.243.220.214 - - [19/Oct/2025:08:26:55 -0400] "GET /491054793?path=/home/blushinc/loleverywhere.com HTTP/1.1" 200 52963 "-" "Mozilla/5.0 (compatible; DataForSeoBot/1.0; +https://dataforseo.com/dataforseo-bot)"
20.171.207.159 - - [19/Oct/2025:08:26:55 -0400] "GET /zakachat-melbet-na-android-dolzhnostnoe-addendum-melbet-besplatno/?path=//sys/class/mem/mem/subsystem/mem/subsystem/mem/subsystem/mem/subsystem/zero/subsystem/full/subsystem/urandom/subsystem/urandom/subsystem/mem/power HTTP/1.1" 200 24661 "-" "Mozilla/5.0 AppleWebKit/537.36 (KHTML, like Gecko; compatible; GPTBot/1.2; +https://openai.com/gptbot)"
2a03:2880:f800:33:: - - [19/Oct/2025:08:26:55 -0400] "GET /geti/137061wmkcitems?fileloc=/home/blushinc/loleverywhere.com/wp-comments-post.php&path=/home/blushinc/loleverywhere.com HTTP/1.1" 200 15090 "-" "meta-externalagent/1.1 (+https://developers.facebook.com/docs/sharing/webmasters/crawler)"
216.73.216.60 - - [19/Oct/2025:08:26:56 -0400] "GET /vehicles-to-arrive-in-2019/17?fileloc=%2F%2Fproc%2F41%2Ftask%2F41%2Farch_status&path=%2F%2Fproc%2F41%2Ftask%2F41 HTTP/1.1" 200 12419 "-" "Mozilla/5.0 AppleWebKit/537.36 (KHTML, like Gecko; compatible; ClaudeBot/1.0; [email protected])"
66.249.72.70 - - [19/Oct/2025:08:26:56 -0400] "GET /?fileloc=/home/blushinc/loleverywhere.com/wp-links-opml.php?tags/11485897 HTTP/1.1" 200 204106 "-" "Mozilla/5.0 (Linux; Android 6.0.1; Nexus 5X Build/MMB29P) AppleWebKit/537.36 (KHTML, like Gecko) Chrome/140.0.7339.207 Mobile Safari/537.36 (compatible; Googlebot/2.1; +http://www.google.com/bot.html)"
2a03:2880:f800:3b:: - - [19/Oct/2025:08:26:57 -0400] "GET /get/246972fzlkitems HTTP/1.1" 200 52963 "-" "meta-externalagent/1.1 (+https://developers.facebook.com/docs/sharing/webmasters/crawler)"
2a03:2880:f800:10:: - - [19/Oct/2025:08:26:57 -0400] "GET /items/62737gvxvtidm3219.html?fileloc=/home/blushinc/loleverywhere.com/wp-trackback.php&path=/home/blushinc/loleverywhere.com HTTP/1.1" 200 18415 "-" "meta-externalagent/1.1 (+https://developers.facebook.com/docs/sharing/webmasters/crawler)"
65.108.43.148 - - [19/Oct/2025:08:26:58 -0400] "GET /%E0%B8%9F%E0%B8%A3%E0%B8%B5%E0%B8%AB%E0%B8%A1%E0%B8%B8%E0%B8%99%E0%B8%A3%E0%B8%AD%E0%B8%9A%E0%B9%84%E0%B8%A1%E0%B9%88%E0%B8%A1%E0%B8%B5%E0%B9%82%E0%B8%9B%E0%B8%A3%E0%B9%82%E0%B8%A1%E0%B8%8A%E0%B8%B1/feed/ HTTP/1.1" 200 52963 "-" "Mozilla/5.0 (compatible; MJ12bot/v1.4.8; http://mj12bot.com/)"
20.171.207.159 - - [19/Oct/2025:08:26:58 -0400] "GET /zakachat-melbet-na-android-dolzhnostnoe-addendum-melbet-besplatno/?path=//sys/class/mem/mem/subsystem/mem/subsystem/mem/subsystem/mem/subsystem/zero/subsystem/full/subsystem/random/subsystem/kmsg/subsystem/full/subsystem/full HTTP/1.1" 200 22323 "-" "Mozilla/5.0 AppleWebKit/537.36 (KHTML, like Gecko; compatible; GPTBot/1.2; +https://openai.com/gptbot)"
136.243.220.214 - - [19/Oct/2025:08:26:59 -0400] "GET /491054793?fileloc=/home/blushinc/loleverywhere.com/wp-signup.php&path=/home/blushinc/loleverywhere.com HTTP/1.1" 200 53942 "-" "Mozilla/5.0 (compatible; DataForSeoBot/1.0; +https://dataforseo.com/dataforseo-bot)"
2a03:2880:f800:3e:: - - [19/Oct/2025:08:26:59 -0400] "GET /getidm842/280625eigritems.htm HTTP/1.1" 200 52963 "-" "meta-externalagent/1.1 (+https://developers.facebook.com/docs/sharing/webmasters/crawler)"
216.73.216.60 - - [19/Oct/2025:08:26:59 -0400] "GET /vehicles-to-arrive-in-2019/17?fileloc=%2F%2Fproc%2F41%2Ftask%2F41%2Fpagemap&path=%2F%2Fproc%2F41%2Ftask%2F41 HTTP/1.1" 200 12393 "-" "Mozilla/5.0 AppleWebKit/537.36 (KHTML, like Gecko; compatible; ClaudeBot/1.0; [email protected])"
2a03:2880:f800:16:: - - [19/Oct/2025:08:26:59 -0400] "GET /getidm35/142617pipditems HTTP/1.1" 200 52963 "-" "meta-externalagent/1.1 (+https://developers.facebook.com/docs/sharing/webmasters/crawler)"
2a03:2880:f800:31:: - - [19/Oct/2025:08:27:01 -0400] "GET /getid/22706uicqitems.htm HTTP/1.1" 200 52963 "-" "meta-externalagent/1.1 (+https://developers.facebook.com/docs/sharing/webmasters/crawler)"
20.171.207.159 - - [19/Oct/2025:08:27:01 -0400] "GET /zakachat-melbet-na-android-dolzhnostnoe-addendum-melbet-besplatno/?path=//sys/class/mem/mem/subsystem/mem/subsystem/mem/subsystem/mem/subsystem/zero/subsystem/full/subsystem/random/power HTTP/1.1" 200 23326 "-" "Mozilla/5.0 AppleWebKit/537.36 (KHTML, like Gecko; compatible; GPTBot/1.2; +https://openai.com/gptbot)"
216.73.216.60 - - [19/Oct/2025:08:27:02 -0400] "GET /multiple-diamond-slot-machine-because-of-the-igt-enjoy-50-lions-slot-play-for-money-on-line-at-no-cost?fileloc=%2F%2Flib64%2Flibmcheck.a&path=%2F%2Flib64 HTTP/1.1" 200 17609 "-" "Mozilla/5.0 AppleWebKit/537.36 (KHTML, like Gecko; compatible; ClaudeBot/1.0; [email protected])"
66.249.72.70 - - [19/Oct/2025:08:27:01 -0400] "GET /?fileloc=/home/blushinc/loleverywhere.com/wp-activate.php?tags/11783864 HTTP/1.1" 200 199230 "-" "Mozilla/5.0 (Linux; Android 6.0.1; Nexus 5X Build/MMB29P) AppleWebKit/537.36 (KHTML, like Gecko) Chrome/140.0.7339.207 Mobile Safari/537.36 (compatible; Googlebot/2.1; +http://www.google.com/bot.html)"
17.22.245.124 - - [19/Oct/2025:08:27:02 -0400] "GET /kardashian-kid-moments/9/ HTTP/1.1" 200 52963 "-" "Mozilla/5.0 (Macintosh; Intel Mac OS X 10_15_7) AppleWebKit/605.1.15 (KHTML, like Gecko) Version/17.4 Safari/605.1.15 (Applebot/0.1; +http://www.apple.com/go/applebot)"
2a03:2880:f800:31:: - - [19/Oct/2025:08:27:02 -0400] "GET /getidm866/239994eigritems?fileloc=/home/blushinc/loleverywhere.com/.htaccess&path=/home/blushinc/loleverywhere.com HTTP/1.1" 200 14511 "-" "meta-externalagent/1.1 (+https://developers.facebook.com/docs/sharing/webmasters/crawler)"
65.108.43.148 - - [19/Oct/2025:08:27:03 -0400] "GET /%E0%B8%A3%E0%B8%B0%E0%B8%9A%E0%B8%9A%E0%B8%95%E0%B8%B1%E0%B8%A7%E0%B9%81%E0%B8%97%E0%B8%99-1xbet-%E0%B8%AA%E0%B8%B3%E0%B8%AB%E0%B8%A3%E0%B8%B1%E0%B8%9A%E0%B8%84%E0%B8%B9%E0%B9%88%E0%B8%A3%E0%B8%B1/feed/ HTTP/1.1" 200 52963 "-" "Mozilla/5.0 (compatible; MJ12bot/v1.4.8; http://mj12bot.com/)"
2a03:2880:f800:3b:: - - [19/Oct/2025:08:27:03 -0400] "GET /getid/212819wmkcitems.htm HTTP/1.1" 200 52963 "-" "meta-externalagent/1.1 (+https://developers.facebook.com/docs/sharing/webmasters/crawler)"
136.243.220.214 - - [19/Oct/2025:08:27:03 -0400] "GET /491054793?path=/home/blushinc/loleverywhere.com/wp-admin HTTP/1.1" 200 175611 "-" "Mozilla/5.0 (compatible; DataForSeoBot/1.0; +https://dataforseo.com/dataforseo-bot)"
20.171.207.159 - - [19/Oct/2025:08:27:04 -0400] "GET /zakachat-melbet-na-android-dolzhnostnoe-addendum-melbet-besplatno/?path=//sys/class/mem/mem/subsystem/mem/subsystem/mem/subsystem/mem/subsystem/full/subsystem/kmsg/subsystem/random/subsystem/kmsg/subsystem/full/subsystem HTTP/1.1" 200 28472 "-" "Mozilla/5.0 AppleWebKit/537.36 (KHTML, like Gecko; compatible; GPTBot/1.2; +https://openai.com/gptbot)"
2a03:2880:f800:1c:: - - [19/Oct/2025:08:27:05 -0400] "GET /items/72073gvxvtidm4824.html?path=/home/blushinc/loleverywhere.com HTTP/1.1" 200 52963 "-" "meta-externalagent/1.1 (+https://developers.facebook.com/docs/sharing/webmasters/crawler)"
216.73.216.60 - - [19/Oct/2025:08:27:05 -0400] "GET /multiple-diamond-slot-machine-because-of-the-igt-enjoy-50-lions-slot-play-for-money-on-line-at-no-cost?fileloc=%2F%2Flib64%2Flibjbig2dec.so.0&path=%2F%2Flib64 HTTP/1.1" 200 197222 "-" "Mozilla/5.0 AppleWebKit/537.36 (KHTML, like Gecko; compatible; ClaudeBot/1.0; [email protected])"
66.249.72.71 - - [19/Oct/2025:08:27:04 -0400] "GET /index.php?ctg/search/similarImageSearchResultView/?ctgItemCd=67450 HTTP/1.1" 200 195009 "-" "Mozilla/5.0 (Linux; Android 6.0.1; Nexus 5X Build/MMB29P) AppleWebKit/537.36 (KHTML, like Gecko) Chrome/140.0.7339.207 Mobile Safari/537.36 (compatible; Googlebot/2.1; +http://www.google.com/bot.html)"
66.249.72.71 - - [19/Oct/2025:08:27:04 -0400] "GET /get/3356gvxvitems.htm HTTP/1.1" 200 192443 "-" "Mozilla/5.0 (Linux; Android 6.0.1; Nexus 5X Build/MMB29P) AppleWebKit/537.36 (KHTML, like Gecko) Chrome/140.0.7339.207 Mobile Safari/537.36 (compatible; Googlebot/2.1; +http://www.google.com/bot.html)"
