216.73.216.87 - - [18/Oct/2025:13:49:53 -0400] "GET /?p=8595 HTTP/1.1" 301 - "-" "Mozilla/5.0 AppleWebKit/537.36 (KHTML, like Gecko; compatible; ClaudeBot/1.0; [email protected])"
216.73.216.87 - - [18/Oct/2025:13:49:54 -0400] "GET /intelxr-cognitive-booster/ HTTP/1.1" 200 86182 "https://herintalk.com/?p=8595" "Mozilla/5.0 AppleWebKit/537.36 (KHTML, like Gecko; compatible; ClaudeBot/1.0; [email protected])"
35.209.166.124 - - [18/Oct/2025:13:50:25 -0400] "GET /qualia-mind/ HTTP/1.1" 200 89185 "-" "Buck/2.4.5; (+https://app.hypefactors.com/media-monitoring/about.html)"
35.209.166.124 - - [18/Oct/2025:13:50:56 -0400] "GET /elysian-natural-daily-revitalizer/ HTTP/1.1" 200 88419 "-" "Buck/2.4.5; (+https://app.hypefactors.com/media-monitoring/about.html)"
35.209.166.124 - - [18/Oct/2025:13:51:41 -0400] "GET /skin-optics-anti-aging-cream/ HTTP/1.1" 200 86651 "-" "Buck/2.4.5; (+https://app.hypefactors.com/media-monitoring/about.html)"
35.209.166.124 - - [18/Oct/2025:13:52:25 -0400] "GET /revitasence-and-dermajur-anti-aging/ HTTP/1.1" 200 91577 "-" "Buck/2.4.5; (+https://app.hypefactors.com/media-monitoring/about.html)"
35.209.166.124 - - [18/Oct/2025:13:53:04 -0400] "GET /allusive-eye/ HTTP/1.1" 200 90530 "-" "Buck/2.4.5; (+https://app.hypefactors.com/media-monitoring/about.html)"
46.62.201.165 - - [18/Oct/2025:13:53:06 -0400] "GET /wp-login.php HTTP/1.1" 200 5973 "-" "Mozilla/5.0 (Windows NT 6.1) AppleWebKit/537.36 (KHTML, like Gecko) Chrome/63.0.3239.132 Safari/537.36 OPR/50.0.2762.67"
46.62.201.165 - - [18/Oct/2025:13:53:09 -0400] "POST /wp-login.php HTTP/1.1" 200 6411 "https://herintalk.com/wp-login.php" "Mozilla/5.0 (Windows NT 6.1) AppleWebKit/537.36 (KHTML, like Gecko) Chrome/63.0.3239.132 Safari/537.36 OPR/50.0.2762.67"
173.212.217.36 - - [18/Oct/2025:13:53:18 -0400] "POST /xmlrpc.php HTTP/1.1" 200 401 "-" "Mozilla/4.0 (compatible; MSIE 7.0; Windows NT 6.3; WOW64; Trident/7.0; .NET4.0E; .NET4.0C; .NET CLR 3.5.30729; .NET CLR 2.0.50727; .NET CLR 3.0.30729; InfoPath.3)"
216.73.216.87 - - [18/Oct/2025:13:53:27 -0400] "GET /karamd-revive-reds HTTP/1.1" 301 - "-" "Mozilla/5.0 AppleWebKit/537.36 (KHTML, like Gecko; compatible; ClaudeBot/1.0; [email protected])"
216.73.216.87 - - [18/Oct/2025:13:53:27 -0400] "GET /?p=12588 HTTP/1.1" 301 - "-" "Mozilla/5.0 AppleWebKit/537.36 (KHTML, like Gecko; compatible; ClaudeBot/1.0; [email protected])"
216.73.216.87 - - [18/Oct/2025:13:53:28 -0400] "GET /karamd-revive-reds/ HTTP/1.1" 200 86059 "https://herintalk.com/karamd-revive-reds" "Mozilla/5.0 AppleWebKit/537.36 (KHTML, like Gecko; compatible; ClaudeBot/1.0; [email protected])"
216.73.216.87 - - [18/Oct/2025:13:53:28 -0400] "GET /brea-skin-labs-anti-aging-serum/ HTTP/1.1" 200 85621 "https://herintalk.com/?p=12588" "Mozilla/5.0 AppleWebKit/537.36 (KHTML, like Gecko; compatible; ClaudeBot/1.0; [email protected])"
216.73.216.87 - - [18/Oct/2025:13:53:30 -0400] "GET /?p=3837 HTTP/1.1" 301 - "-" "Mozilla/5.0 AppleWebKit/537.36 (KHTML, like Gecko; compatible; ClaudeBot/1.0; [email protected])"
216.73.216.87 - - [18/Oct/2025:13:53:30 -0400] "GET /sex-positions-to-conceive/ HTTP/1.1" 200 93017 "https://herintalk.com/?p=3837" "Mozilla/5.0 AppleWebKit/537.36 (KHTML, like Gecko; compatible; ClaudeBot/1.0; [email protected])"
35.209.166.124 - - [18/Oct/2025:13:53:48 -0400] "GET /lyft-muscle-pro/ HTTP/1.1" 200 89830 "-" "Buck/2.4.5; (+https://app.hypefactors.com/media-monitoring/about.html)"
147.135.136.156 - - [18/Oct/2025:13:54:24 -0400] "POST /xmlrpc.php HTTP/1.1" 200 401 "-" "Mozilla/5.0 (Windows NT 10.0; Trident/7.0; rv:11.0) like Gecko"
35.209.166.124 - - [18/Oct/2025:13:54:30 -0400] "GET /naturaful/ HTTP/1.1" 200 79945 "-" "Buck/2.4.5; (+https://app.hypefactors.com/media-monitoring/about.html)"
35.209.166.124 - - [18/Oct/2025:13:55:06 -0400] "GET /qualities-men-find-attractive-in-women-a-must-read-for-all/ HTTP/1.1" 200 92365 "-" "Buck/2.4.5; (+https://app.hypefactors.com/media-monitoring/about.html)"
35.209.166.124 - - [18/Oct/2025:13:55:44 -0400] "GET /south-beach-keto/ HTTP/1.1" 200 87097 "-" "Buck/2.4.5; (+https://app.hypefactors.com/media-monitoring/about.html)"
35.209.166.124 - - [18/Oct/2025:13:56:11 -0400] "GET /possible-tighten-loose-skin-weight-loss/ HTTP/1.1" 200 86801 "-" "Buck/2.4.5; (+https://app.hypefactors.com/media-monitoring/about.html)"
35.209.166.124 - - [18/Oct/2025:13:56:49 -0400] "GET /tone-fire-garcinia/ HTTP/1.1" 200 86859 "-" "Buck/2.4.5; (+https://app.hypefactors.com/media-monitoring/about.html)"
40.77.167.126 - - [18/Oct/2025:13:57:18 -0400] "GET /a4g6o/spengler-declinul-occidentului HTTP/1.1" 301 - "-" "Mozilla/5.0 AppleWebKit/537.36 (KHTML, like Gecko; compatible; bingbot/2.0; +http://www.bing.com/bingbot.htm) Chrome/116.0.1938.76 Safari/537.36"
35.209.166.124 - - [18/Oct/2025:13:57:20 -0400] "GET /hydrox-slim-2/ HTTP/1.1" 200 86494 "-" "Buck/2.4.5; (+https://app.hypefactors.com/media-monitoring/about.html)"
103.13.208.232 - - [18/Oct/2025:13:57:51 -0400] "GET /wp-login.php HTTP/1.1" 200 5973 "-" "Mozilla/5.0 (Windows NT 6.1; Trident/7.0; MAMD; rv:11.0) like Gecko"
103.13.208.232 - - [18/Oct/2025:13:57:53 -0400] "POST /wp-login.php HTTP/1.1" 200 6410 "https://herintalk.com/wp-login.php" "Mozilla/5.0 (Windows NT 6.1; Trident/7.0; MAMD; rv:11.0) like Gecko"
35.209.166.124 - - [18/Oct/2025:13:57:57 -0400] "GET /max-gain-extreme-how-safe-effective-is-this-product/ HTTP/1.1" 200 87523 "-" "Buck/2.4.5; (+https://app.hypefactors.com/media-monitoring/about.html)"
35.209.166.124 - - [18/Oct/2025:13:58:41 -0400] "GET /elite-xl/ HTTP/1.1" 200 85642 "-" "Buck/2.4.5; (+https://app.hypefactors.com/media-monitoring/about.html)"
66.116.199.115 - - [18/Oct/2025:13:59:54 -0400] "POST /wp-cron.php?doing_wp_cron=1760810394.7079849243164062500000 HTTP/1.1" 200 - "-" "WordPress/6.8.3; https://herintalk.com"
104.210.140.143 - - [18/Oct/2025:13:59:54 -0400] "GET /robots.txt HTTP/1.1" 200 114 "-" "Mozilla/5.0 (Macintosh; Intel Mac OS X 10_15_7) AppleWebKit/537.36 (KHTML, like Gecko) Chrome/131.0.0.0 Safari/537.36; compatible; OAI-SearchBot/1.0; +https://openai.com/searchbot"
66.116.199.115 - - [18/Oct/2025:14:01:49 -0400] "POST /wp-cron.php?doing_wp_cron=1760810509.3079319000244140625000 HTTP/1.1" 200 - "-" "WordPress/6.8.3; https://herintalk.com"
178.33.43.96 - - [18/Oct/2025:14:01:48 -0400] "POST /xmlrpc.php HTTP/1.1" 200 401 "-" "Mozilla/4.0 (compatible; MSIE 7.0; Windows NT 10.0; WOW64; Trident/7.0; .NET4.0C; .NET4.0E; .NET CLR 2.0.50727; .NET CLR 3.0.30729; .NET CLR 3.5.30729)"
88.99.162.239 - - [18/Oct/2025:14:02:08 -0400] "POST /xmlrpc.php HTTP/1.1" 200 401 "-" "Mozilla/5.0 (X11; Ubuntu; Linux x86_64; rv:60.0) Gecko/20100101 Firefox/60.0"
172.98.160.216 - - [18/Oct/2025:14:04:23 -0400] "GET /wp-content/uploads/2018/09/Premier-Natural-high-benifits-Herbal.jpg HTTP/1.1" 200 61142 "-" "Mozilla/5.0 (Macintosh; Intel Mac OS X 14_3_1) AppleWebKit/605.1.15 (KHTML, like Gecko) Version/17.2 Safari/605.1.15"
223.109.255.223 - - [18/Oct/2025:14:04:53 -0400] "GET /wp-content/uploads/2019/04/k-shred-keto-218x150.jpg HTTP/1.1" 404 60916 "http://pic.sogou.com" "Sogou Pic Spider/3.0(+http://www.sogou.com/docs/help/webmasters.htm#07)"
142.250.32.7 - - [18/Oct/2025:14:06:32 -0400] "GET /wp-content/uploads/2015/03/passionatelove.jpg HTTP/1.1" 200 56820 "-" "Mozilla/5.0 (Windows NT 5.1; rv:11.0) Gecko Firefox/11.0 (via ggpht.com GoogleImageProxy)"
103.185.74.193 - - [18/Oct/2025:14:06:44 -0400] "POST /xmlrpc.php HTTP/1.1" 200 401 "-" "Mozilla/5.0 (Windows NT 10.0) AppleWebKit/537.36 (KHTML, like Gecko) Chrome/65.0.3325.162 Safari/537.36"
88.88.246.207 - - [18/Oct/2025:14:06:53 -0400] "GET /robots.txt HTTP/1.1" 200 114 "-" "Mozilla/5.0 (compatible; MJ12bot/v1.4.8; http://mj12bot.com/)"
88.88.246.207 - - [18/Oct/2025:14:06:55 -0400] "GET /%E2%AD%90-best-on-line-casinos-uk-february-2025-actual-cash-on-line-casino-websites/ HTTP/1.1" 404 60916 "-" "Mozilla/5.0 (compatible; MJ12bot/v1.4.8; http://mj12bot.com/)"
208.74.151.235 - - [18/Oct/2025:14:08:48 -0400] "POST /xmlrpc.php HTTP/1.1" 200 401 "-" "Mozilla/5.0 (compatible; MSIE 9.0; Windows NT 6.1; Trident/7.0)"
216.73.216.87 - - [18/Oct/2025:14:08:57 -0400] "GET /robots.txt HTTP/1.1" 200 114 "-" "Mozilla/5.0 AppleWebKit/537.36 (KHTML, like Gecko; compatible; ClaudeBot/1.0; [email protected])"
216.73.216.87 - - [18/Oct/2025:14:08:58 -0400] "GET /category/hair-growth/?filter_by=popular HTTP/1.1" 200 71578 "-" "Mozilla/5.0 AppleWebKit/537.36 (KHTML, like Gecko; compatible; ClaudeBot/1.0; [email protected])"
216.73.216.87 - - [18/Oct/2025:14:08:58 -0400] "GET /category/hair-growth/?filter_by=popular7 HTTP/1.1" 200 67763 "-" "Mozilla/5.0 AppleWebKit/537.36 (KHTML, like Gecko; compatible; ClaudeBot/1.0; [email protected])"
216.73.216.87 - - [18/Oct/2025:14:08:59 -0400] "GET /category/hair-growth/feed HTTP/1.1" 301 - "-" "Mozilla/5.0 AppleWebKit/537.36 (KHTML, like Gecko; compatible; ClaudeBot/1.0; [email protected])"
216.73.216.87 - - [18/Oct/2025:14:09:00 -0400] "GET /category/hair-growth/feed/ HTTP/1.1" 200 17988 "https://herintalk.com/category/hair-growth/feed" "Mozilla/5.0 AppleWebKit/537.36 (KHTML, like Gecko; compatible; ClaudeBot/1.0; [email protected])"
217.76.158.60 - - [18/Oct/2025:14:10:11 -0400] "GET /wp-login.php HTTP/1.1" 200 5973 "-" "Mozilla/5.0 (Windows NT 5.1; Win64; x64) AppleWebKit/537.36 (KHTML, like Gecko) Chrome/66.0.3359.117 Safari/537.36"
217.76.158.60 - - [18/Oct/2025:14:10:13 -0400] "POST /wp-login.php HTTP/1.1" 200 6411 "https://herintalk.com/wp-login.php" "Mozilla/5.0 (Windows NT 5.1; Win64; x64) AppleWebKit/537.36 (KHTML, like Gecko) Chrome/66.0.3359.117 Safari/537.36"
66.116.199.115 - - [18/Oct/2025:14:10:45 -0400] "GET /.well-known/acme-challenge/061YEZXX3TFDNM3_PXIT9-BTG1S9-ZMF HTTP/1.1" 200 64 "-" "Cpanel-HTTP-Client/1.0"
66.116.199.115 - - [18/Oct/2025:14:10:45 -0400] "GET /.well-known/acme-challenge/1LHARTL5W1WJP-F0R9-AR119HFNNLIBV HTTP/1.1" 200 64 "-" "Cpanel-HTTP-Client/1.0"
216.73.216.87 - - [18/Oct/2025:14:11:15 -0400] "GET /category/hair-growth/?filter_by=review_high HTTP/1.1" 200 67764 "-" "Mozilla/5.0 AppleWebKit/537.36 (KHTML, like Gecko; compatible; ClaudeBot/1.0; [email protected])"
216.73.216.87 - - [18/Oct/2025:14:11:16 -0400] "GET /category/hair-growth/?filter_by=featured HTTP/1.1" 200 71580 "-" "Mozilla/5.0 AppleWebKit/537.36 (KHTML, like Gecko; compatible; ClaudeBot/1.0; [email protected])"
216.73.216.87 - - [18/Oct/2025:14:11:17 -0400] "GET /maximum-power-xl HTTP/1.1" 301 - "-" "Mozilla/5.0 AppleWebKit/537.36 (KHTML, like Gecko; compatible; ClaudeBot/1.0; [email protected])"
216.73.216.87 - - [18/Oct/2025:14:11:18 -0400] "GET /maximum-power-xl/ HTTP/1.1" 200 87365 "https://herintalk.com/maximum-power-xl" "Mozilla/5.0 AppleWebKit/537.36 (KHTML, like Gecko; compatible; ClaudeBot/1.0; [email protected])"
216.73.216.87 - - [18/Oct/2025:14:12:20 -0400] "GET /brainup-iq-reviews HTTP/1.1" 301 - "-" "Mozilla/5.0 AppleWebKit/537.36 (KHTML, like Gecko; compatible; ClaudeBot/1.0; [email protected])"
216.73.216.87 - - [18/Oct/2025:14:12:21 -0400] "GET /?p=9681 HTTP/1.1" 301 - "-" "Mozilla/5.0 AppleWebKit/537.36 (KHTML, like Gecko; compatible; ClaudeBot/1.0; [email protected])"
216.73.216.87 - - [18/Oct/2025:14:12:21 -0400] "GET /brainup-iq-reviews/ HTTP/1.1" 200 87413 "https://herintalk.com/brainup-iq-reviews" "Mozilla/5.0 AppleWebKit/537.36 (KHTML, like Gecko; compatible; ClaudeBot/1.0; [email protected])"
216.73.216.87 - - [18/Oct/2025:14:12:21 -0400] "GET /neuro-blast/ HTTP/1.1" 200 88418 "https://herintalk.com/?p=9681" "Mozilla/5.0 AppleWebKit/537.36 (KHTML, like Gecko; compatible; ClaudeBot/1.0; [email protected])"
216.73.216.87 - - [18/Oct/2025:14:12:23 -0400] "GET /?p=9979 HTTP/1.1" 301 - "-" "Mozilla/5.0 AppleWebKit/537.36 (KHTML, like Gecko; compatible; ClaudeBot/1.0; [email protected])"
216.73.216.87 - - [18/Oct/2025:14:12:24 -0400] "GET /viabrance-hair-revival-system/ HTTP/1.1" 200 82248 "https://herintalk.com/?p=9979" "Mozilla/5.0 AppleWebKit/537.36 (KHTML, like Gecko; compatible; ClaudeBot/1.0; [email protected])"
54.236.1.52 - - [18/Oct/2025:14:13:14 -0400] "GET /solo-sex-best-sex-positions/5/ HTTP/1.1" 200 82728 "-" "Mozilla/5.0 (compatible; Pinterestbot/1.0; +http://www.pinterest.com/bot.html)"
45.227.253.15 - - [18/Oct/2025:14:14:29 -0400] "GET /index.php/jk HTTP/1.1" 301 - "-" "Mozilla/5.0 (Windows NT 10.0; Win64; x64; rv:81.0) Gecko/20100101 Firefox/81.0"
45.227.253.15 - - [18/Oct/2025:14:14:30 -0400] "GET /jk HTTP/1.1" 404 60916 "https://herintalk.com/index.php/jk" "Mozilla/5.0 (Windows NT 10.0; Win64; x64; rv:81.0) Gecko/20100101 Firefox/81.0"
216.73.216.87 - - [18/Oct/2025:14:14:47 -0400] "GET /CBDorder HTTP/1.1" 404 60916 "-" "Mozilla/5.0 AppleWebKit/537.36 (KHTML, like Gecko; compatible; ClaudeBot/1.0; [email protected])"
216.73.216.87 - - [18/Oct/2025:14:14:48 -0400] "GET /aveotsd HTTP/1.1" 301 - "-" "Mozilla/5.0 AppleWebKit/537.36 (KHTML, like Gecko; compatible; ClaudeBot/1.0; [email protected])"
216.73.216.87 - - [18/Oct/2025:14:14:48 -0400] "GET /aveotsd/ HTTP/1.1" 200 84512 "https://herintalk.com/aveotsd" "Mozilla/5.0 AppleWebKit/537.36 (KHTML, like Gecko; compatible; ClaudeBot/1.0; [email protected])"
216.73.216.87 - - [18/Oct/2025:14:14:49 -0400] "GET /?p=8610 HTTP/1.1" 301 - "-" "Mozilla/5.0 AppleWebKit/537.36 (KHTML, like Gecko; compatible; ClaudeBot/1.0; [email protected])"
216.73.216.87 - - [18/Oct/2025:14:14:49 -0400] "GET /brainapsyl-2/ HTTP/1.1" 200 89686 "https://herintalk.com/?p=8610" "Mozilla/5.0 AppleWebKit/537.36 (KHTML, like Gecko; compatible; ClaudeBot/1.0; [email protected])"
216.73.216.87 - - [18/Oct/2025:14:15:57 -0400] "GET /signs-that-tell-you-a-guy-is-flirting-with-you HTTP/1.1" 301 - "-" "Mozilla/5.0 AppleWebKit/537.36 (KHTML, like Gecko; compatible; ClaudeBot/1.0; [email protected])"
216.73.216.87 - - [18/Oct/2025:14:15:57 -0400] "GET /nuesolution-keto-burn HTTP/1.1" 301 - "-" "Mozilla/5.0 AppleWebKit/537.36 (KHTML, like Gecko; compatible; ClaudeBot/1.0; [email protected])"
216.73.216.87 - - [18/Oct/2025:14:15:58 -0400] "GET /signs-that-tell-you-a-guy-is-flirting-with-you/ HTTP/1.1" 200 95854 "https://herintalk.com/signs-that-tell-you-a-guy-is-flirting-with-you" "Mozilla/5.0 AppleWebKit/537.36 (KHTML, like Gecko; compatible; ClaudeBot/1.0; [email protected])"
216.73.216.87 - - [18/Oct/2025:14:15:58 -0400] "GET /nuesolution-keto-burn/ HTTP/1.1" 200 87554 "https://herintalk.com/nuesolution-keto-burn" "Mozilla/5.0 AppleWebKit/537.36 (KHTML, like Gecko; compatible; ClaudeBot/1.0; [email protected])"
216.73.216.87 - - [18/Oct/2025:14:16:00 -0400] "GET /?p=12438 HTTP/1.1" 301 - "-" "Mozilla/5.0 AppleWebKit/537.36 (KHTML, like Gecko; compatible; ClaudeBot/1.0; [email protected])"
216.73.216.87 - - [18/Oct/2025:14:16:01 -0400] "GET /cerebral-force-cognitive/ HTTP/1.1" 200 90295 "https://herintalk.com/?p=12438" "Mozilla/5.0 AppleWebKit/537.36 (KHTML, like Gecko; compatible; ClaudeBot/1.0; [email protected])"
216.73.216.87 - - [18/Oct/2025:14:16:53 -0400] "GET /gidae-skincare-cream HTTP/1.1" 301 - "-" "Mozilla/5.0 AppleWebKit/537.36 (KHTML, like Gecko; compatible; ClaudeBot/1.0; [email protected])"
216.73.216.87 - - [18/Oct/2025:14:16:53 -0400] "GET /smack-dog-food HTTP/1.1" 301 - "-" "Mozilla/5.0 AppleWebKit/537.36 (KHTML, like Gecko; compatible; ClaudeBot/1.0; [email protected])"
216.73.216.87 - - [18/Oct/2025:14:16:54 -0400] "GET /gidae-skincare-cream/ HTTP/1.1" 200 87411 "https://herintalk.com/gidae-skincare-cream" "Mozilla/5.0 AppleWebKit/537.36 (KHTML, like Gecko; compatible; ClaudeBot/1.0; [email protected])"
216.73.216.87 - - [18/Oct/2025:14:16:54 -0400] "GET /smack-dog-food/ HTTP/1.1" 200 78124 "https://herintalk.com/smack-dog-food" "Mozilla/5.0 AppleWebKit/537.36 (KHTML, like Gecko; compatible; ClaudeBot/1.0; [email protected])"
216.73.216.87 - - [18/Oct/2025:14:16:56 -0400] "GET /cogniyouth HTTP/1.1" 301 - "-" "Mozilla/5.0 AppleWebKit/537.36 (KHTML, like Gecko; compatible; ClaudeBot/1.0; [email protected])"
216.73.216.87 - - [18/Oct/2025:14:16:56 -0400] "GET /cogniyouth/ HTTP/1.1" 200 87934 "https://herintalk.com/cogniyouth" "Mozilla/5.0 AppleWebKit/537.36 (KHTML, like Gecko; compatible; ClaudeBot/1.0; [email protected])"
103.49.70.229 - - [18/Oct/2025:14:17:07 -0400] "POST /xmlrpc.php HTTP/1.1" 200 401 "-" "Mozilla/5.0 (Windows NT 10.0; WOW64; Trident/7.0; Touch; ASU2JS; rv:11.0) like Gecko"
216.73.216.87 - - [18/Oct/2025:14:18:30 -0400] "GET /the-flower-of-womanhood-pussy HTTP/1.1" 301 - "-" "Mozilla/5.0 AppleWebKit/537.36 (KHTML, like Gecko; compatible; ClaudeBot/1.0; [email protected])"
216.73.216.87 - - [18/Oct/2025:14:18:30 -0400] "GET /viahairbuy HTTP/1.1" 404 60916 "-" "Mozilla/5.0 AppleWebKit/537.36 (KHTML, like Gecko; compatible; ClaudeBot/1.0; [email protected])"
216.73.216.87 - - [18/Oct/2025:14:18:31 -0400] "GET /the-flower-of-womanhood-pussy/ HTTP/1.1" 200 87508 "https://herintalk.com/the-flower-of-womanhood-pussy" "Mozilla/5.0 AppleWebKit/537.36 (KHTML, like Gecko; compatible; ClaudeBot/1.0; [email protected])"
216.73.216.87 - - [18/Oct/2025:14:18:31 -0400] "GET /having-sex-and-remaining-young-the-age-old-mantra HTTP/1.1" 301 - "-" "Mozilla/5.0 AppleWebKit/537.36 (KHTML, like Gecko; compatible; ClaudeBot/1.0; [email protected])"
216.73.216.87 - - [18/Oct/2025:14:18:32 -0400] "GET /having-sex-and-remaining-young-the-age-old-mantra/ HTTP/1.1" 200 90277 "https://herintalk.com/having-sex-and-remaining-young-the-age-old-mantra" "Mozilla/5.0 AppleWebKit/537.36 (KHTML, like Gecko; compatible; ClaudeBot/1.0; [email protected])"
66.116.199.115 - - [18/Oct/2025:14:19:35 -0400] "POST /wp-cron.php?doing_wp_cron=1760811575.2711639404296875000000 HTTP/1.1" 200 - "-" "WordPress/6.8.3; https://herintalk.com"
216.73.216.87 - - [18/Oct/2025:14:19:34 -0400] "GET /?p=11835 HTTP/1.1" 301 - "-" "Mozilla/5.0 AppleWebKit/537.36 (KHTML, like Gecko; compatible; ClaudeBot/1.0; [email protected])"
216.73.216.87 - - [18/Oct/2025:14:19:34 -0400] "GET /natural-and-easy-tips-on-how-to-get-flat-tummy HTTP/1.1" 301 - "-" "Mozilla/5.0 AppleWebKit/537.36 (KHTML, like Gecko; compatible; ClaudeBot/1.0; [email protected])"
216.73.216.87 - - [18/Oct/2025:14:19:35 -0400] "GET /procanna-cbd/ HTTP/1.1" 200 87999 "https://herintalk.com/?p=11835" "Mozilla/5.0 AppleWebKit/537.36 (KHTML, like Gecko; compatible; ClaudeBot/1.0; [email protected])"
216.73.216.87 - - [18/Oct/2025:14:19:35 -0400] "GET /natural-and-easy-tips-on-how-to-get-flat-tummy/ HTTP/1.1" 200 88471 "https://herintalk.com/natural-and-easy-tips-on-how-to-get-flat-tummy" "Mozilla/5.0 AppleWebKit/537.36 (KHTML, like Gecko; compatible; ClaudeBot/1.0; [email protected])"
216.73.216.87 - - [18/Oct/2025:14:19:37 -0400] "GET /?p=8624 HTTP/1.1" 301 - "-" "Mozilla/5.0 AppleWebKit/537.36 (KHTML, like Gecko; compatible; ClaudeBot/1.0; [email protected])"
216.73.216.87 - - [18/Oct/2025:14:19:38 -0400] "GET /intelligex-reviews/ HTTP/1.1" 200 87732 "https://herintalk.com/?p=8624" "Mozilla/5.0 AppleWebKit/537.36 (KHTML, like Gecko; compatible; ClaudeBot/1.0; [email protected])"
160.30.112.53 - - [18/Oct/2025:14:20:30 -0400] "GET /wp-login.php HTTP/1.1" 200 5973 "-" "Mozilla/5.0 (Windows NT 6.3; Win64; x64; Trident/7.0; MATBJS; rv:11.0) like Gecko"
160.30.112.53 - - [18/Oct/2025:14:20:34 -0400] "POST /wp-login.php HTTP/1.1" 200 6411 "https://herintalk.com/wp-login.php" "Mozilla/5.0 (Windows NT 6.3; Win64; x64; Trident/7.0; MATBJS; rv:11.0) like Gecko"
216.73.216.87 - - [18/Oct/2025:14:21:01 -0400] "GET /author/charles-dane/page/2 HTTP/1.1" 301 - "-" "Mozilla/5.0 AppleWebKit/537.36 (KHTML, like Gecko; compatible; ClaudeBot/1.0; [email protected])"
216.73.216.87 - - [18/Oct/2025:14:21:01 -0400] "GET /category/hair-growth/?filter_by=random_posts HTTP/1.1" 200 71572 "-" "Mozilla/5.0 AppleWebKit/537.36 (KHTML, like Gecko; compatible; ClaudeBot/1.0; [email protected])"
216.73.216.87 - - [18/Oct/2025:14:21:02 -0400] "GET /author/charles-dane/page/2/ HTTP/1.1" 200 68755 "https://herintalk.com/author/charles-dane/page/2" "Mozilla/5.0 AppleWebKit/537.36 (KHTML, like Gecko; compatible; ClaudeBot/1.0; [email protected])"
216.73.216.87 - - [18/Oct/2025:14:21:03 -0400] "GET /author/charles-dane/feed HTTP/1.1" 301 - "-" "Mozilla/5.0 AppleWebKit/537.36 (KHTML, like Gecko; compatible; ClaudeBot/1.0; [email protected])"
216.73.216.87 - - [18/Oct/2025:14:21:03 -0400] "GET /author/charles-dane/feed/ HTTP/1.1" 200 86868 "https://herintalk.com/author/charles-dane/feed" "Mozilla/5.0 AppleWebKit/537.36 (KHTML, like Gecko; compatible; ClaudeBot/1.0; [email protected])"
216.73.216.87 - - [18/Oct/2025:14:22:07 -0400] "GET /NeuroBlastorder HTTP/1.1" 404 60916 "-" "Mozilla/5.0 AppleWebKit/537.36 (KHTML, like Gecko; compatible; ClaudeBot/1.0; [email protected])"
216.73.216.87 - - [18/Oct/2025:14:22:08 -0400] "GET /control-tendency-self-harm-teens/feed HTTP/1.1" 301 - "-" "Mozilla/5.0 AppleWebKit/537.36 (KHTML, like Gecko; compatible; ClaudeBot/1.0; [email protected])"
216.73.216.87 - - [18/Oct/2025:14:22:09 -0400] "GET /control-tendency-self-harm-teens/feed/ HTTP/1.1" 200 837 "https://herintalk.com/control-tendency-self-harm-teens/feed" "Mozilla/5.0 AppleWebKit/537.36 (KHTML, like Gecko; compatible; ClaudeBot/1.0; [email protected])"
216.73.216.87 - - [18/Oct/2025:14:22:09 -0400] "GET /?p=3896 HTTP/1.1" 301 - "-" "Mozilla/5.0 AppleWebKit/537.36 (KHTML, like Gecko; compatible; ClaudeBot/1.0; [email protected])"
216.73.216.87 - - [18/Oct/2025:14:22:10 -0400] "GET /oral-sex-like-a-pro/ HTTP/1.1" 200 87257 "https://herintalk.com/?p=3896" "Mozilla/5.0 AppleWebKit/537.36 (KHTML, like Gecko; compatible; ClaudeBot/1.0; [email protected])"
40.77.167.136 - - [18/Oct/2025:14:22:20 -0400] "GET /xtend-xr/ HTTP/1.1" 200 89592 "-" "Mozilla/5.0 AppleWebKit/537.36 (KHTML, like Gecko; compatible; bingbot/2.0; +http://www.bing.com/bingbot.htm) Chrome/116.0.1938.76 Safari/537.36"
103.185.74.129 - - [18/Oct/2025:14:22:38 -0400] "POST /xmlrpc.php HTTP/1.1" 200 401 "-" "Mozilla/4.0 (compatible; MSIE 7.0; Windows NT 6.1; WOW64; Trident/7.0; SLCC2; .NET CLR 2.0.50727; .NET CLR 3.5.30729; .NET CLR 3.0.30729; Media Center PC 6.0; InfoPath.3; .NET4.0C; .NET4.0E)"
162.240.38.165 - - [18/Oct/2025:14:22:53 -0400] "GET /wp-login.php HTTP/1.1" 200 5973 "-" "Mozilla/5.0 (Windows NT 6.3; WOW64; Trident/7.0; MATBJS; rv:11.0) like Gecko"
162.240.38.165 - - [18/Oct/2025:14:22:57 -0400] "POST /wp-login.php HTTP/1.1" 200 6410 "https://herintalk.com/wp-login.php" "Mozilla/5.0 (Windows NT 6.3; WOW64; Trident/7.0; MATBJS; rv:11.0) like Gecko"
220.181.108.92 - - [18/Oct/2025:14:26:08 -0400] "GET /uber-ignite-reviews/ HTTP/1.1" 200 87960 "-" "Mozilla/5.0 (compatible; Baiduspider/2.0; +http://www.baidu.com/search/spider.html)"
116.179.37.159 - - [18/Oct/2025:14:26:11 -0400] "GET /wp-content/plugins/td-composer/legacy/Newspaper/js/tagdiv_theme.min.js?ver=12.7.2 HTTP/1.1" 304 - "https://herintalk.com/uber-ignite-reviews/" "Mozilla/5.0 (compatible; Baiduspider-render/2.0; +http://www.baidu.com/search/spider.html)"
116.179.37.172 - - [18/Oct/2025:14:26:11 -0400] "GET /wp-includes/js/jquery/jquery-migrate.min.js?ver=3.4.1 HTTP/1.1" 304 - "https://herintalk.com/uber-ignite-reviews/" "Mozilla/5.0 (compatible; Baiduspider-render/2.0; +http://www.baidu.com/search/spider.html)"
116.179.37.88 - - [18/Oct/2025:14:26:11 -0400] "GET /wp-content/uploads/2018/08/Uber-Ignite.jpg HTTP/1.1" 200 45934 "https://herintalk.com/uber-ignite-reviews/" "Mozilla/5.0 (compatible; Baiduspider-render/2.0; +http://www.baidu.com/search/spider.html)"
116.179.37.78 - - [18/Oct/2025:14:26:11 -0400] "GET /wp-content/plugins/td-composer/legacy/Newspaper/js/tdPostImages.js?ver=12.7.2 HTTP/1.1" 304 - "https://herintalk.com/uber-ignite-reviews/" "Mozilla/5.0 (compatible; Baiduspider-render/2.0; +http://www.baidu.com/search/spider.html)"
116.179.37.55 - - [18/Oct/2025:14:26:12 -0400] "GET /wp-content/plugins/td-composer/legacy/Newspaper/js/tdSmartSidebar.js?ver=12.7.2 HTTP/1.1" 304 - "https://herintalk.com/uber-ignite-reviews/" "Mozilla/5.0 (compatible; Baiduspider-render/2.0; +http://www.baidu.com/search/spider.html)"
116.179.37.177 - - [18/Oct/2025:14:26:12 -0400] "GET /wp-content/plugins/td-composer/legacy/Newspaper/js/tdSocialSharing.js?ver=12.7.2 HTTP/1.1" 304 - "https://herintalk.com/uber-ignite-reviews/" "Mozilla/5.0 (compatible; Baiduspider-render/2.0; +http://www.baidu.com/search/spider.html)"
116.179.37.163 - - [18/Oct/2025:14:26:13 -0400] "GET /wp-includes/js/underscore.min.js?ver=1.13.7 HTTP/1.1" 304 - "https://herintalk.com/uber-ignite-reviews/" "Mozilla/5.0 (compatible; Baiduspider-render/2.0; +http://www.baidu.com/search/spider.html)"
116.179.37.92 - - [18/Oct/2025:14:26:14 -0400] "GET /wp-content/plugins/td-subscription/assets/js/js_files_for_front.min.js?ver=1.7.2 HTTP/1.1" 304 - "https://herintalk.com/uber-ignite-reviews/" "Mozilla/5.0 (compatible; Baiduspider-render/2.0; +http://www.baidu.com/search/spider.html)"
116.179.37.3 - - [18/Oct/2025:14:26:16 -0400] "GET /wp-content/plugins/td-composer/legacy/Newspaper/js/tdModalPostImages.js?ver=12.7.2 HTTP/1.1" 304 - "https://herintalk.com/uber-ignite-reviews/" "Mozilla/5.0 (compatible; Baiduspider-render/2.0; +http://www.baidu.com/search/spider.html)"
116.179.37.182 - - [18/Oct/2025:14:26:17 -0400] "GET /wp-content/plugins/td-composer/legacy/Newspaper/js/tdMenu.js?ver=12.7.2 HTTP/1.1" 304 - "https://herintalk.com/uber-ignite-reviews/" "Mozilla/5.0 (compatible; Baiduspider-render/2.0; +http://www.baidu.com/search/spider.html)"
116.179.37.210 - - [18/Oct/2025:14:26:17 -0400] "GET /wp-content/plugins/td-composer/legacy/Newspaper/js/tdLogin.js?ver=12.7.2 HTTP/1.1" 304 - "https://herintalk.com/uber-ignite-reviews/" "Mozilla/5.0 (compatible; Baiduspider-render/2.0; +http://www.baidu.com/search/spider.html)"
116.179.37.161 - - [18/Oct/2025:14:26:17 -0400] "GET /wp-content/plugins/td-composer/legacy/Newspaper/js/tdLoadingBox.js?ver=12.7.2 HTTP/1.1" 304 - "https://herintalk.com/uber-ignite-reviews/" "Mozilla/5.0 (compatible; Baiduspider-render/2.0; +http://www.baidu.com/search/spider.html)"
116.179.37.165 - - [18/Oct/2025:14:26:20 -0400] "GET /wp-content/plugins/td-composer/legacy/Newspaper/js/tdAjaxSearch.js?ver=12.7.2 HTTP/1.1" 304 - "https://herintalk.com/uber-ignite-reviews/" "Mozilla/5.0 (compatible; Baiduspider-render/2.0; +http://www.baidu.com/search/spider.html)"
116.179.37.210 - - [18/Oct/2025:14:26:26 -0400] "GET /wp-includes/js/wp-emoji-release.min.js?ver=6.8.3 HTTP/1.1" 304 - "https://herintalk.com/uber-ignite-reviews/" "Mozilla/5.0 (compatible; Baiduspider-render/2.0; +http://www.baidu.com/search/spider.html)"
160.30.148.30 - - [18/Oct/2025:14:27:33 -0400] "GET /wp-content/uploads/2015/03/sex-drive.jpg HTTP/1.1" 200 46454 "-" "Mozilla/5.0 (Windows NT 10.0; Win64; x64) AppleWebKit/537.36 (KHTML, like Gecko) Chrome/96.0.4664.45 Safari/537.36"
164.92.134.102 - - [18/Oct/2025:14:29:32 -0400] "GET /wp-login.php HTTP/1.1" 200 5973 "-" "Mozilla/5.0 (Macintosh; Intel Mac OS X 10_11_6) AppleWebKit/603.2.5 (KHTML, like Gecko) Version/10.1.1 Safari/603.2.5"
164.92.134.102 - - [18/Oct/2025:14:29:33 -0400] "POST /wp-login.php HTTP/1.1" 200 6411 "https://herintalk.com/wp-login.php" "Mozilla/5.0 (Macintosh; Intel Mac OS X 10_11_6) AppleWebKit/603.2.5 (KHTML, like Gecko) Version/10.1.1 Safari/603.2.5"
162.214.113.32 - - [18/Oct/2025:14:30:22 -0400] "POST /xmlrpc.php HTTP/1.1" 200 401 "-" "Mozilla/4.0 (compatible; MSIE 7.0; Windows NT 6.2; WOW64; Trident/7.0; .NET4.0C; .NET4.0E; Tablet PC 2.0; .NET CLR 2.0.50727; .NET CLR 3.0.30729; .NET CLR 3.5.30729)"
159.138.9.84 - - [18/Oct/2025:14:31:06 -0400] "GET /author/wpadmin/ HTTP/1.1" 200 83007 "https://herintalk.com/author/wpadmin/" "Mozilla/5.0 (Macintosh; Intel Mac OS X 10_15_7) AppleWebKit/537.36 (KHTML, like Gecko) Chrome/131.0.0.0 Safari/537.36"
46.105.79.61 - - [18/Oct/2025:14:34:41 -0400] "POST /xmlrpc.php HTTP/1.1" 200 401 "-" "Mozilla/5.0 (Windows NT 6.1; WOW64; Trident/7.0; EIE10;ENUSMCM; rv:11.0) like Gecko"
216.73.216.87 - - [18/Oct/2025:14:36:47 -0400] "GET /welcome-to-hertalks/feed HTTP/1.1" 301 - "-" "Mozilla/5.0 AppleWebKit/537.36 (KHTML, like Gecko; compatible; ClaudeBot/1.0; [email protected])"
216.73.216.87 - - [18/Oct/2025:14:36:48 -0400] "GET /?p=6 HTTP/1.1" 301 - "-" "Mozilla/5.0 AppleWebKit/537.36 (KHTML, like Gecko; compatible; ClaudeBot/1.0; [email protected])"
216.73.216.87 - - [18/Oct/2025:14:36:48 -0400] "GET /welcome-to-hertalks/feed/ HTTP/1.1" 200 795 "https://herintalk.com/welcome-to-hertalks/feed" "Mozilla/5.0 AppleWebKit/537.36 (KHTML, like Gecko; compatible; ClaudeBot/1.0; [email protected])"
216.73.216.87 - - [18/Oct/2025:14:36:49 -0400] "GET /welcome-to-hertalks/ HTTP/1.1" 200 85671 "https://herintalk.com/?p=6" "Mozilla/5.0 AppleWebKit/537.36 (KHTML, like Gecko; compatible; ClaudeBot/1.0; [email protected])"
89.248.172.183 - - [18/Oct/2025:14:37:05 -0400] "POST /wp-json/tdw/save_css HTTP/1.1" 401 98 "-" "Mozilla/5.0 (Windows NT 10.0) AppleWebKit/537.36 (KHTML, like Gecko) Chrome/104.0.0.0 Safari/537.36"
216.73.216.87 - - [18/Oct/2025:14:39:21 -0400] "GET /?p=2027 HTTP/1.1" 301 - "-" "Mozilla/5.0 AppleWebKit/537.36 (KHTML, like Gecko; compatible; ClaudeBot/1.0; [email protected])"
216.73.216.87 - - [18/Oct/2025:14:39:22 -0400] "GET /?p=10594 HTTP/1.1" 301 - "-" "Mozilla/5.0 AppleWebKit/537.36 (KHTML, like Gecko; compatible; ClaudeBot/1.0; [email protected])"
216.73.216.87 - - [18/Oct/2025:14:39:22 -0400] "GET /9-reasons-to-quit-smoking-now-save-yourself/ HTTP/1.1" 200 91567 "https://herintalk.com/?p=2027" "Mozilla/5.0 AppleWebKit/537.36 (KHTML, like Gecko; compatible; ClaudeBot/1.0; [email protected])"
216.73.216.87 - - [18/Oct/2025:14:39:23 -0400] "GET /reviva-brain/ HTTP/1.1" 200 89565 "https://herintalk.com/?p=10594" "Mozilla/5.0 AppleWebKit/537.36 (KHTML, like Gecko; compatible; ClaudeBot/1.0; [email protected])"
198.235.24.174 - - [18/Oct/2025:14:40:06 -0400] "GET / HTTP/1.1" 301 - "-" "-"
198.235.24.174 - - [18/Oct/2025:14:40:07 -0400] "GET / HTTP/1.1" 200 144537 "http://172.67.144.12:80/" "-"
66.249.68.4 - - [18/Oct/2025:14:40:27 -0400] "GET /radiant-allure-and-pure-radiance/ HTTP/1.1" 200 55674 "-" "Mozilla/5.0 (Linux; Android 6.0.1; Nexus 5X Build/MMB29P) AppleWebKit/537.36 (KHTML, like Gecko) Chrome/140.0.7339.207 Mobile Safari/537.36 (compatible; Googlebot/2.1; +http://www.google.com/bot.html)"
66.249.68.4 - - [18/Oct/2025:14:40:29 -0400] "GET /robots.txt HTTP/1.1" 200 114 "-" "Mozilla/5.0 (compatible; Googlebot/2.1; +http://www.google.com/bot.html)"
216.73.216.87 - - [18/Oct/2025:14:40:39 -0400] "GET /orderRevivaBrain HTTP/1.1" 404 60916 "-" "Mozilla/5.0 AppleWebKit/537.36 (KHTML, like Gecko; compatible; ClaudeBot/1.0; [email protected])"
216.73.216.87 - - [18/Oct/2025:14:40:39 -0400] "GET /?p=8819 HTTP/1.1" 301 - "-" "Mozilla/5.0 AppleWebKit/537.36 (KHTML, like Gecko; compatible; ClaudeBot/1.0; [email protected])"
216.73.216.87 - - [18/Oct/2025:14:40:40 -0400] "GET /ultralast-xxl-2/ HTTP/1.1" 200 84694 "https://herintalk.com/?p=8819" "Mozilla/5.0 AppleWebKit/537.36 (KHTML, like Gecko; compatible; ClaudeBot/1.0; [email protected])"
66.116.197.245 - - [18/Oct/2025:14:40:43 -0400] "POST /xmlrpc.php HTTP/1.1" 200 401 "-" "Mozilla/4.0 (compatible; MSIE 7.0; Windows NT 6.3; WOW64; Trident/7.0; .NET4.0C; .NET4.0E; .NET CLR 2.0.50727; .NET CLR 3.0.30729; .NET CLR 3.5.30729)"
213.231.4.64 - - [18/Oct/2025:14:40:56 -0400] "POST /xmlrpc.php HTTP/1.1" 200 401 "-" "Mozilla/5.0 (Macintosh; Intel Mac OS X 10_10_5) AppleWebKit/602.2.14 (KHTML, like Gecko) Version/10.0.1 Safari/602.2.14"
216.73.216.87 - - [18/Oct/2025:14:41:49 -0400] "GET /love-stories-touching-or-dodgy/feed HTTP/1.1" 301 - "-" "Mozilla/5.0 AppleWebKit/537.36 (KHTML, like Gecko; compatible; ClaudeBot/1.0; [email protected])"
216.73.216.87 - - [18/Oct/2025:14:41:49 -0400] "GET /9-reasons-to-quit-smoking-now-save-yourself/feed HTTP/1.1" 301 - "-" "Mozilla/5.0 AppleWebKit/537.36 (KHTML, like Gecko; compatible; ClaudeBot/1.0; [email protected])"
216.73.216.87 - - [18/Oct/2025:14:41:50 -0400] "GET /love-stories-touching-or-dodgy/feed/ HTTP/1.1" 200 803 "https://herintalk.com/love-stories-touching-or-dodgy/feed" "Mozilla/5.0 AppleWebKit/537.36 (KHTML, like Gecko; compatible; ClaudeBot/1.0; [email protected])"
216.73.216.87 - - [18/Oct/2025:14:41:50 -0400] "GET /9-reasons-to-quit-smoking-now-save-yourself/feed/ HTTP/1.1" 200 840 "https://herintalk.com/9-reasons-to-quit-smoking-now-save-yourself/feed" "Mozilla/5.0 AppleWebKit/537.36 (KHTML, like Gecko; compatible; ClaudeBot/1.0; [email protected])"
198.38.94.18 - - [18/Oct/2025:14:42:35 -0400] "GET /wp-login.php HTTP/1.1" 200 5973 "-" "Mozilla/5.0 (Windows NT 6.3; Win64; x64; rv:60.0) Gecko/20100101 Firefox/60.0"
198.38.94.18 - - [18/Oct/2025:14:42:36 -0400] "POST /wp-login.php HTTP/1.1" 200 6411 "https://herintalk.com/wp-login.php" "Mozilla/5.0 (Windows NT 6.3; Win64; x64; rv:60.0) Gecko/20100101 Firefox/60.0"
216.73.216.87 - - [18/Oct/2025:14:42:52 -0400] "GET /best-makeup-beauty-tips-for-older-women/13 HTTP/1.1" 301 - "-" "Mozilla/5.0 AppleWebKit/537.36 (KHTML, like Gecko; compatible; ClaudeBot/1.0; [email protected])"
216.73.216.87 - - [18/Oct/2025:14:42:54 -0400] "GET /best-makeup-beauty-tips-for-older-women/13/ HTTP/1.1" 200 84193 "https://herintalk.com/best-makeup-beauty-tips-for-older-women/13" "Mozilla/5.0 AppleWebKit/537.36 (KHTML, like Gecko; compatible; ClaudeBot/1.0; [email protected])"
43.167.245.18 - - [18/Oct/2025:14:43:37 -0400] "GET / HTTP/1.1" 200 53469 "http://herintalk.com" "Mozilla/5.0 (iPhone; CPU iPhone OS 13_2_3 like Mac OS X) AppleWebKit/605.1.15 (KHTML, like Gecko) Version/13.0.3 Mobile/15E148 Safari/604.1"
95.217.84.249 - - [18/Oct/2025:14:43:45 -0400] "GET /feed/ HTTP/1.1" 200 68114 "-" "Mozilla/5.0 (X11; compatible; semantic-visions.com crawler; HTTPClient 4.5)"
216.73.216.87 - - [18/Oct/2025:14:44:59 -0400] "GET /?p=1980 HTTP/1.1" 301 - "-" "Mozilla/5.0 AppleWebKit/537.36 (KHTML, like Gecko; compatible; ClaudeBot/1.0; [email protected])"
216.73.216.87 - - [18/Oct/2025:14:44:59 -0400] "GET /7-must-do-tips-to-have-fair HTTP/1.1" 301 - "-" "Mozilla/5.0 AppleWebKit/537.36 (KHTML, like Gecko; compatible; ClaudeBot/1.0; [email protected])"
216.73.216.87 - - [18/Oct/2025:14:45:00 -0400] "GET /5-surprising-facts-about-chewing-gum-yes-health-benefits/ HTTP/1.1" 200 88892 "https://herintalk.com/?p=1980" "Mozilla/5.0 AppleWebKit/537.36 (KHTML, like Gecko; compatible; ClaudeBot/1.0; [email protected])"
216.73.216.87 - - [18/Oct/2025:14:45:00 -0400] "GET /7-must-do-tips-to-have-fair/ HTTP/1.1" 200 87748 "https://herintalk.com/7-must-do-tips-to-have-fair" "Mozilla/5.0 AppleWebKit/537.36 (KHTML, like Gecko; compatible; ClaudeBot/1.0; [email protected])"
216.73.216.87 - - [18/Oct/2025:14:45:55 -0400] "GET /nutralite-body-cleanse HTTP/1.1" 301 - "-" "Mozilla/5.0 AppleWebKit/537.36 (KHTML, like Gecko; compatible; ClaudeBot/1.0; [email protected])"
216.73.216.87 - - [18/Oct/2025:14:45:55 -0400] "GET /strongmen-male-enhancement HTTP/1.1" 301 - "-" "Mozilla/5.0 AppleWebKit/537.36 (KHTML, like Gecko; compatible; ClaudeBot/1.0; [email protected])"
216.73.216.87 - - [18/Oct/2025:14:45:56 -0400] "GET /nutralite-body-cleanse/ HTTP/1.1" 200 86728 "https://herintalk.com/nutralite-body-cleanse" "Mozilla/5.0 AppleWebKit/537.36 (KHTML, like Gecko; compatible; ClaudeBot/1.0; [email protected])"
216.73.216.87 - - [18/Oct/2025:14:45:56 -0400] "GET /strongmen-male-enhancement/ HTTP/1.1" 200 84922 "https://herintalk.com/strongmen-male-enhancement" "Mozilla/5.0 AppleWebKit/537.36 (KHTML, like Gecko; compatible; ClaudeBot/1.0; [email protected])"
216.73.216.87 - - [18/Oct/2025:14:46:55 -0400] "GET /best-makeup-beauty-tips-for-older-women/6 HTTP/1.1" 301 - "-" "Mozilla/5.0 AppleWebKit/537.36 (KHTML, like Gecko; compatible; ClaudeBot/1.0; [email protected])"
216.73.216.87 - - [18/Oct/2025:14:46:56 -0400] "GET /father-of-a-teenager HTTP/1.1" 301 - "-" "Mozilla/5.0 AppleWebKit/537.36 (KHTML, like Gecko; compatible; ClaudeBot/1.0; [email protected])"
216.73.216.87 - - [18/Oct/2025:14:46:57 -0400] "GET /father-of-a-teenager/ HTTP/1.1" 200 86870 "https://herintalk.com/father-of-a-teenager" "Mozilla/5.0 AppleWebKit/537.36 (KHTML, like Gecko; compatible; ClaudeBot/1.0; [email protected])"
216.73.216.87 - - [18/Oct/2025:14:46:56 -0400] "GET /best-makeup-beauty-tips-for-older-women/6/ HTTP/1.1" 200 84912 "https://herintalk.com/best-makeup-beauty-tips-for-older-women/6" "Mozilla/5.0 AppleWebKit/537.36 (KHTML, like Gecko; compatible; ClaudeBot/1.0; [email protected])"
141.11.128.112 - - [18/Oct/2025:14:48:27 -0400] "HEAD / HTTP/1.1" 200 - "https://herintalk.com/" "Mozilla/5.0 (Windows NT 10.0; Win64; x64) AppleWebKit/537.36 (KHTML, like Gecko) Chrome/91.0.4472.124 Safari/537.36"
141.11.128.112 - - [18/Oct/2025:14:48:28 -0400] "HEAD / HTTP/1.1" 200 - "https://herintalk.com/" "Mozilla/5.0 (Windows NT 10.0; Win64; x64) AppleWebKit/537.36 (KHTML, like Gecko) Chrome/91.0.4472.124 Safari/537.36"
141.11.128.112 - - [18/Oct/2025:14:48:29 -0400] "POST /wp-login.php HTTP/1.1" 200 5973 "https://www.google.com/" "Mozilla/5.0 (Windows NT 10.0; Win64; x64) AppleWebKit/537.36 (KHTML, like Gecko) Chrome/91.0.4472.124 Safari/537.36"
141.11.128.112 - - [18/Oct/2025:14:48:30 -0400] "POST /wp-login.php HTTP/1.1" 200 6392 "https://herintalk.com/wp-admin/" "Mozilla/5.0 (Windows NT 10.0; Win64; x64) AppleWebKit/537.36 (KHTML, like Gecko) Chrome/90.0.4430.85 Safari/537.36"
141.11.128.112 - - [18/Oct/2025:14:48:30 -0400] "GET /wp-admin/ HTTP/1.1" 302 - "https://www.google.com/" "Mozilla/5.0 (Windows NT 10.0; Win64; x64) AppleWebKit/537.36 (KHTML, like Gecko) Chrome/91.0.4472.124 Safari/537.36"
141.11.128.112 - - [18/Oct/2025:14:48:31 -0400] "GET /wp-login.php?redirect_to=https%3A%2F%2Fherintalk.com%2Fwp-admin%2F&reauth=1 HTTP/1.1" 200 5973 "https://www.google.com/" "Mozilla/5.0 (Windows NT 10.0; Win64; x64) AppleWebKit/537.36 (KHTML, like Gecko) Chrome/91.0.4472.124 Safari/537.36"
141.11.128.112 - - [18/Oct/2025:14:48:32 -0400] "POST /xmlrpc.php HTTP/1.1" 200 401 "https://www.google.com/" "Mozilla/5.0 (Windows NT 10.0; Win64; x64) AppleWebKit/537.36 (KHTML, like Gecko) Chrome/91.0.4472.124 Safari/537.36"
141.11.128.112 - - [18/Oct/2025:14:48:33 -0400] "GET /administrator/index.php HTTP/1.1" 301 - "https://www.google.com/" "Mozilla/5.0 (Windows NT 10.0; Win64; x64) AppleWebKit/537.36 (KHTML, like Gecko) Chrome/91.0.4472.124 Safari/537.36"
141.11.128.112 - - [18/Oct/2025:14:48:34 -0400] "GET /administrator/ HTTP/1.1" 404 60916 "https://www.google.com/" "Mozilla/5.0 (Windows NT 10.0; Win64; x64) AppleWebKit/537.36 (KHTML, like Gecko) Chrome/91.0.4472.124 Safari/537.36"
216.73.216.87 - - [18/Oct/2025:14:48:47 -0400] "GET /5-things-know-help-body-detox-cures-acne/feed HTTP/1.1" 301 - "-" "Mozilla/5.0 AppleWebKit/537.36 (KHTML, like Gecko; compatible; ClaudeBot/1.0; [email protected])"
216.73.216.87 - - [18/Oct/2025:14:48:47 -0400] "GET /smack-dog-food HTTP/1.1" 301 - "-" "Mozilla/5.0 AppleWebKit/537.36 (KHTML, like Gecko; compatible; ClaudeBot/1.0; [email protected])"
216.73.216.87 - - [18/Oct/2025:14:48:48 -0400] "GET /5-things-know-help-body-detox-cures-acne/feed/ HTTP/1.1" 200 846 "https://herintalk.com/5-things-know-help-body-detox-cures-acne/feed" "Mozilla/5.0 AppleWebKit/537.36 (KHTML, like Gecko; compatible; ClaudeBot/1.0; [email protected])"
216.73.216.87 - - [18/Oct/2025:14:48:48 -0400] "GET /smack-dog-food/ HTTP/1.1" 200 78124 "https://herintalk.com/smack-dog-food" "Mozilla/5.0 AppleWebKit/537.36 (KHTML, like Gecko; compatible; ClaudeBot/1.0; [email protected])"
20.82.229.75 - - [18/Oct/2025:14:49:10 -0400] "GET /wp-login.php HTTP/1.1" 200 5973 "-" "Mozilla/5.0 (Windows NT 6.1; Win64; x64; rv:61.0) Gecko/20100101 Firefox/61.0"
20.82.229.75 - - [18/Oct/2025:14:49:13 -0400] "POST /wp-login.php HTTP/1.1" 200 6410 "https://herintalk.com/wp-login.php" "Mozilla/5.0 (Windows NT 6.1; Win64; x64; rv:61.0) Gecko/20100101 Firefox/61.0"
216.73.216.87 - - [18/Oct/2025:14:49:23 -0400] "GET /karina-or-priyanka-who-will-be-paired-against-hrithik HTTP/1.1" 301 - "-" "Mozilla/5.0 AppleWebKit/537.36 (KHTML, like Gecko; compatible; ClaudeBot/1.0; [email protected])"
216.73.216.87 - - [18/Oct/2025:14:49:23 -0400] "GET /5-surprising-facts-about-chewing-gum-yes-health-benefits/feed HTTP/1.1" 301 - "-" "Mozilla/5.0 AppleWebKit/537.36 (KHTML, like Gecko; compatible; ClaudeBot/1.0; [email protected])"
216.73.216.87 - - [18/Oct/2025:14:49:24 -0400] "GET /karina-or-priyanka-who-will-be-paired-against-hrithik/ HTTP/1.1" 200 86461 "https://herintalk.com/karina-or-priyanka-who-will-be-paired-against-hrithik" "Mozilla/5.0 AppleWebKit/537.36 (KHTML, like Gecko; compatible; ClaudeBot/1.0; [email protected])"
216.73.216.87 - - [18/Oct/2025:14:49:24 -0400] "GET /5-surprising-facts-about-chewing-gum-yes-health-benefits/feed/ HTTP/1.1" 200 886 "https://herintalk.com/5-surprising-facts-about-chewing-gum-yes-health-benefits/feed" "Mozilla/5.0 AppleWebKit/537.36 (KHTML, like Gecko; compatible; ClaudeBot/1.0; [email protected])"
92.220.194.216 - - [18/Oct/2025:14:49:40 -0400] "POST /xmlrpc.php HTTP/1.1" 200 401 "-" "Mozilla/5.0 (Windows NT 6.3; WOW64; Trident/7.0; AS; rv:11.0) like Gecko"
216.73.216.87 - - [18/Oct/2025:14:50:07 -0400] "GET /?p=2077 HTTP/1.1" 301 - "-" "Mozilla/5.0 AppleWebKit/537.36 (KHTML, like Gecko; compatible; ClaudeBot/1.0; [email protected])"
216.73.216.87 - - [18/Oct/2025:14:50:07 -0400] "GET /7-unknown-things-that-put-you-in-a-bad-mood HTTP/1.1" 301 - "-" "Mozilla/5.0 AppleWebKit/537.36 (KHTML, like Gecko; compatible; ClaudeBot/1.0; [email protected])"
216.73.216.87 - - [18/Oct/2025:14:50:08 -0400] "GET /7-unknown-things-that-put-you-in-a-bad-mood/ HTTP/1.1" 200 92359 "https://herintalk.com/7-unknown-things-that-put-you-in-a-bad-mood" "Mozilla/5.0 AppleWebKit/537.36 (KHTML, like Gecko; compatible; ClaudeBot/1.0; [email protected])"
216.73.216.87 - - [18/Oct/2025:14:50:07 -0400] "GET /love-stories-touching-or-dodgy/ HTTP/1.1" 200 88304 "https://herintalk.com/?p=2077" "Mozilla/5.0 AppleWebKit/537.36 (KHTML, like Gecko; compatible; ClaudeBot/1.0; [email protected])"
45.86.153.231 - - [18/Oct/2025:14:50:36 -0400] "POST /xmlrpc.php HTTP/1.1" 200 401 "-" "Mozilla/4.0 (compatible; MSIE 7.0; Windows NT 6.1; WOW64; Trident/7.0; SLCC2; Media Center PC 6.0; .NET CLR 3.5.30729; .NET CLR 3.0.30729; .NET CLR 2.0.50727; .NET4.0C; .NET4.0E)"
216.73.216.87 - - [18/Oct/2025:14:52:18 -0400] "GET /category/foodies HTTP/1.1" 301 - "-" "Mozilla/5.0 AppleWebKit/537.36 (KHTML, like Gecko; compatible; ClaudeBot/1.0; [email protected])"
216.73.216.87 - - [18/Oct/2025:14:52:18 -0400] "GET /?p=2007 HTTP/1.1" 301 - "-" "Mozilla/5.0 AppleWebKit/537.36 (KHTML, like Gecko; compatible; ClaudeBot/1.0; [email protected])"
216.73.216.87 - - [18/Oct/2025:14:52:19 -0400] "GET /category/foodies/ HTTP/1.1" 200 71635 "https://herintalk.com/category/foodies" "Mozilla/5.0 AppleWebKit/537.36 (KHTML, like Gecko; compatible; ClaudeBot/1.0; [email protected])"
216.73.216.87 - - [18/Oct/2025:14:52:19 -0400] "GET /biopic-on-priyanka-chopra-by-her-ex-boyfriend-pc-flattered/ HTTP/1.1" 200 85430 "https://herintalk.com/?p=2007" "Mozilla/5.0 AppleWebKit/537.36 (KHTML, like Gecko; compatible; ClaudeBot/1.0; [email protected])"
216.73.216.87 - - [18/Oct/2025:14:52:54 -0400] "GET /?p=74 HTTP/1.1" 301 - "-" "Mozilla/5.0 AppleWebKit/537.36 (KHTML, like Gecko; compatible; ClaudeBot/1.0; [email protected])"
216.73.216.87 - - [18/Oct/2025:14:52:54 -0400] "GET /how-to-hang-artworks-in-your-home/feed HTTP/1.1" 301 - "-" "Mozilla/5.0 AppleWebKit/537.36 (KHTML, like Gecko; compatible; ClaudeBot/1.0; [email protected])"
216.73.216.87 - - [18/Oct/2025:14:52:55 -0400] "GET /how-to-hang-artworks-in-your-home/ HTTP/1.1" 200 85658 "https://herintalk.com/?p=74" "Mozilla/5.0 AppleWebKit/537.36 (KHTML, like Gecko; compatible; ClaudeBot/1.0; [email protected])"
216.73.216.87 - - [18/Oct/2025:14:52:55 -0400] "GET /how-to-hang-artworks-in-your-home/feed/ HTTP/1.1" 200 815 "https://herintalk.com/how-to-hang-artworks-in-your-home/feed" "Mozilla/5.0 AppleWebKit/537.36 (KHTML, like Gecko; compatible; ClaudeBot/1.0; [email protected])"
216.73.216.87 - - [18/Oct/2025:14:54:05 -0400] "GET /?p=10691 HTTP/1.1" 301 - "-" "Mozilla/5.0 AppleWebKit/537.36 (KHTML, like Gecko; compatible; ClaudeBot/1.0; [email protected])"
216.73.216.87 - - [18/Oct/2025:14:54:05 -0400] "GET /?p=121 HTTP/1.1" 301 - "-" "Mozilla/5.0 AppleWebKit/537.36 (KHTML, like Gecko; compatible; ClaudeBot/1.0; [email protected])"
216.73.216.87 - - [18/Oct/2025:14:54:06 -0400] "GET /are-hairstyles-and-personality/ HTTP/1.1" 200 89459 "https://herintalk.com/?p=121" "Mozilla/5.0 AppleWebKit/537.36 (KHTML, like Gecko; compatible; ClaudeBot/1.0; [email protected])"
216.73.216.87 - - [18/Oct/2025:14:54:05 -0400] "GET /maxx-30-male-enhancement/ HTTP/1.1" 200 86257 "https://herintalk.com/?p=10691" "Mozilla/5.0 AppleWebKit/537.36 (KHTML, like Gecko; compatible; ClaudeBot/1.0; [email protected])"
154.12.229.78 - - [18/Oct/2025:14:54:09 -0400] "POST /xmlrpc.php HTTP/1.1" 200 401 "-" "Mozilla/5.0 (Macintosh; Intel Mac OS X 10_11_6) AppleWebKit/605.1.15 (KHTML, like Gecko) Version/11.1 Safari/605.1.15"
82.117.83.13 - - [18/Oct/2025:14:54:11 -0400] "GET /wp-content/uploads/2014/09/Coco-and-Milk-Mask.jpg HTTP/1.1" 200 30841 "-" "Mozilla/5.0 (Macintosh; Intel Mac OS X 10_15_7) AppleWebKit/537.36 (KHTML, like Gecko) Chrome/122.0.0.0 Safari/537.36"
158.46.210.55 - - [18/Oct/2025:14:54:52 -0400] "GET /wp-content/uploads/2018/09/Vito-Brain-revolutionary-brain-supplement-218x150.jpg HTTP/1.1" 200 10295 "-" "Mozilla/5.0 (Macintosh; Intel Mac OS X 10_15_7) AppleWebKit/537.36 (KHTML, like Gecko) Chrome/122.0.0.0 Safari/537.36"
89.248.172.183 - - [18/Oct/2025:14:55:01 -0400] "POST /wp-json/tdw/save_css HTTP/1.1" 401 98 "-" "Mozilla/5.0 (Windows NT 10.0) AppleWebKit/537.36 (KHTML, like Gecko) Chrome/104.0.0.0 Safari/537.36"
216.73.216.87 - - [18/Oct/2025:14:56:06 -0400] "GET /is-your-marriage-is-on-rocks-get-back-on-track-with-romance HTTP/1.1" 301 - "-" "Mozilla/5.0 AppleWebKit/537.36 (KHTML, like Gecko; compatible; ClaudeBot/1.0; [email protected])"
216.73.216.87 - - [18/Oct/2025:14:56:07 -0400] "GET /?p=2047 HTTP/1.1" 301 - "-" "Mozilla/5.0 AppleWebKit/537.36 (KHTML, like Gecko; compatible; ClaudeBot/1.0; [email protected])"
216.73.216.87 - - [18/Oct/2025:14:56:08 -0400] "GET /3-desi-summer-drink-recipes-to-freshen-you-up/ HTTP/1.1" 200 85105 "https://herintalk.com/?p=2047" "Mozilla/5.0 AppleWebKit/537.36 (KHTML, like Gecko; compatible; ClaudeBot/1.0; [email protected])"
216.73.216.87 - - [18/Oct/2025:14:56:08 -0400] "GET /is-your-marriage-is-on-rocks-get-back-on-track-with-romance/ HTTP/1.1" 200 88451 "https://herintalk.com/is-your-marriage-is-on-rocks-get-back-on-track-with-romance" "Mozilla/5.0 AppleWebKit/537.36 (KHTML, like Gecko; compatible; ClaudeBot/1.0; [email protected])"
216.73.216.87 - - [18/Oct/2025:14:56:52 -0400] "GET /biopic-on-priyanka-chopra-by-her-ex-boyfriend-pc-flattered/feed HTTP/1.1" 301 - "-" "Mozilla/5.0 AppleWebKit/537.36 (KHTML, like Gecko; compatible; ClaudeBot/1.0; [email protected])"
216.73.216.87 - - [18/Oct/2025:14:56:52 -0400] "GET /3-desi-summer-drink-recipes-to-freshen-you-up/feed HTTP/1.1" 301 - "-" "Mozilla/5.0 AppleWebKit/537.36 (KHTML, like Gecko; compatible; ClaudeBot/1.0; [email protected])"
216.73.216.87 - - [18/Oct/2025:14:56:53 -0400] "GET /biopic-on-priyanka-chopra-by-her-ex-boyfriend-pc-flattered/feed/ HTTP/1.1" 200 885 "https://herintalk.com/biopic-on-priyanka-chopra-by-her-ex-boyfriend-pc-flattered/feed" "Mozilla/5.0 AppleWebKit/537.36 (KHTML, like Gecko; compatible; ClaudeBot/1.0; [email protected])"
216.73.216.87 - - [18/Oct/2025:14:56:53 -0400] "GET /3-desi-summer-drink-recipes-to-freshen-you-up/feed/ HTTP/1.1" 200 844 "https://herintalk.com/3-desi-summer-drink-recipes-to-freshen-you-up/feed" "Mozilla/5.0 AppleWebKit/537.36 (KHTML, like Gecko; compatible; ClaudeBot/1.0; [email protected])"
216.73.216.87 - - [18/Oct/2025:14:58:40 -0400] "GET /dermabellix HTTP/1.1" 301 - "-" "Mozilla/5.0 AppleWebKit/537.36 (KHTML, like Gecko; compatible; ClaudeBot/1.0; [email protected])"
216.73.216.87 - - [18/Oct/2025:14:58:40 -0400] "GET /keto-6x HTTP/1.1" 301 - "-" "Mozilla/5.0 AppleWebKit/537.36 (KHTML, like Gecko; compatible; ClaudeBot/1.0; [email protected])"
216.73.216.87 - - [18/Oct/2025:14:58:41 -0400] "GET /dermabellix/ HTTP/1.1" 200 86684 "https://herintalk.com/dermabellix" "Mozilla/5.0 AppleWebKit/537.36 (KHTML, like Gecko; compatible; ClaudeBot/1.0; [email protected])"
216.73.216.87 - - [18/Oct/2025:14:58:41 -0400] "GET /keto-6x/ HTTP/1.1" 200 85081 "https://herintalk.com/keto-6x" "Mozilla/5.0 AppleWebKit/537.36 (KHTML, like Gecko; compatible; ClaudeBot/1.0; [email protected])"
216.73.216.87 - - [18/Oct/2025:15:00:00 -0400] "GET /are-hairstyles-and-personality/feed HTTP/1.1" 301 - "-" "Mozilla/5.0 AppleWebKit/537.36 (KHTML, like Gecko; compatible; ClaudeBot/1.0; [email protected])"
216.73.216.87 - - [18/Oct/2025:15:00:01 -0400] "GET /are-hairstyles-and-personality/feed/ HTTP/1.1" 200 821 "https://herintalk.com/are-hairstyles-and-personality/feed" "Mozilla/5.0 AppleWebKit/537.36 (KHTML, like Gecko; compatible; ClaudeBot/1.0; [email protected])"
148.72.247.255 - - [18/Oct/2025:15:00:55 -0400] "POST /xmlrpc.php HTTP/1.1" 200 401 "-" "Mozilla/5.0 (Windows NT 6.3; Win64; x64; Trident/7.0; Touch; MDDCJS; rv:11.0) like Gecko"
216.73.216.87 - - [18/Oct/2025:15:01:16 -0400] "GET /viola-skin-care HTTP/1.1" 301 - "-" "Mozilla/5.0 AppleWebKit/537.36 (KHTML, like Gecko; compatible; ClaudeBot/1.0; [email protected])"
216.73.216.87 - - [18/Oct/2025:15:01:17 -0400] "GET /viola-skin-care/ HTTP/1.1" 200 85322 "https://herintalk.com/viola-skin-care" "Mozilla/5.0 AppleWebKit/537.36 (KHTML, like Gecko; compatible; ClaudeBot/1.0; [email protected])"
216.73.216.87 - - [18/Oct/2025:15:02:15 -0400] "GET /?p=10801 HTTP/1.1" 301 - "-" "Mozilla/5.0 AppleWebKit/537.36 (KHTML, like Gecko; compatible; ClaudeBot/1.0; [email protected])"
