114.119.150.196 - - [18/Oct/2025:11:38:06 -0400] "GET /wp-content/uploads/2018/08/vyantix-rx-get-maximum-sex-benefits-265x198.jpg HTTP/1.1" 200 17798 "https://herintalk.com/tag/mens-corner/page/13/" "Mozilla/5.0 (Linux; Android 7.0;) AppleWebKit/537.36 (KHTML, like Gecko) Mobile Safari/537.36 (compatible; PetalBot;+https://webmaster.petalsearch.com/site/petalbot)"
20.171.207.109 - - [18/Oct/2025:11:38:38 -0400] "GET /wp-content/plugins/td-composer/legacy/common/wp_booster/wp-admin/panel/views/ajax_boxes/td_panel_block_settings/?C=S;O=D HTTP/1.1" 200 1106 "-" "Mozilla/5.0 AppleWebKit/537.36 (KHTML, like Gecko; compatible; GPTBot/1.2; +https://openai.com/gptbot)"
54.36.95.199 - - [18/Oct/2025:11:38:53 -0400] "POST /xmlrpc.php HTTP/1.1" 200 401 "-" "Mozilla/5.0 (X11; Linux x86_64) AppleWebKit/537.36 (KHTML, like Gecko) Chrome/66.0.3359.181 Safari/537.36"
20.171.207.109 - - [18/Oct/2025:11:39:15 -0400] "GET /wp-content/plugins/td-composer/legacy/common/wp_booster/wp-admin/panel/views/ajax_boxes/td_panel_theme_fonts/?C=N;O=D HTTP/1.1" 200 1102 "-" "Mozilla/5.0 AppleWebKit/537.36 (KHTML, like Gecko; compatible; GPTBot/1.2; +https://openai.com/gptbot)"
114.119.143.11 - - [18/Oct/2025:11:39:39 -0400] "GET /testonemax/ HTTP/1.1" 200 53054 "https://herintalk.com/dyna-test-xplode/" "Mozilla/5.0 (Linux; Android 7.0;) AppleWebKit/537.36 (KHTML, like Gecko) Mobile Safari/537.36 (compatible; PetalBot;+https://webmaster.petalsearch.com/site/petalbot)"
20.171.207.109 - - [18/Oct/2025:11:39:48 -0400] "GET /wp-content/plugins/td-composer/legacy/common/wp_booster/wp-admin/panel/views/ajax_boxes/td_panel_block_settings/?C=M;O=D HTTP/1.1" 200 1106 "-" "Mozilla/5.0 AppleWebKit/537.36 (KHTML, like Gecko; compatible; GPTBot/1.2; +https://openai.com/gptbot)"
20.171.207.109 - - [18/Oct/2025:11:40:19 -0400] "GET /wp-content/plugins/td-composer/legacy/common/wp_booster/wp-admin/panel/views/ajax_boxes/td_panel_block_settings/?C=N;O=A HTTP/1.1" 200 1106 "-" "Mozilla/5.0 AppleWebKit/537.36 (KHTML, like Gecko; compatible; GPTBot/1.2; +https://openai.com/gptbot)"
82.223.122.88 - - [18/Oct/2025:11:40:29 -0400] "GET /wp-login.php HTTP/1.1" 200 5973 "-" "Mozilla/5.0 (Macintosh; Intel Mac OS X 10_10_5) AppleWebKit/537.36 (KHTML, like Gecko) Chrome/66.0.3359.139 Safari/537.36"
82.223.122.88 - - [18/Oct/2025:11:40:32 -0400] "POST /wp-login.php HTTP/1.1" 200 6410 "https://herintalk.com/wp-login.php" "Mozilla/5.0 (Macintosh; Intel Mac OS X 10_10_5) AppleWebKit/537.36 (KHTML, like Gecko) Chrome/66.0.3359.139 Safari/537.36"
20.171.207.109 - - [18/Oct/2025:11:40:45 -0400] "GET /wp-content/plugins/td-composer/legacy/common/wp_booster/wp-admin/panel/views/ajax_boxes/td_panel_theme_fonts/?C=D;O=A HTTP/1.1" 200 1102 "-" "Mozilla/5.0 AppleWebKit/537.36 (KHTML, like Gecko; compatible; GPTBot/1.2; +https://openai.com/gptbot)"
20.171.207.109 - - [18/Oct/2025:11:41:09 -0400] "GET /wp-content/plugins/td-composer/legacy/common/wp_booster/wp-admin/panel/views/ajax_boxes/td_panel_theme_fonts/?C=S;O=D HTTP/1.1" 200 1102 "-" "Mozilla/5.0 AppleWebKit/537.36 (KHTML, like Gecko; compatible; GPTBot/1.2; +https://openai.com/gptbot)"
114.119.143.11 - - [18/Oct/2025:11:41:12 -0400] "GET /raspberry-ketones-max HTTP/1.1" 301 - "https://herintalk.com/health/weight-loss/page/3?filter_by=random_posts" "Mozilla/5.0 (Linux; Android 7.0;) AppleWebKit/537.36 (KHTML, like Gecko) Mobile Safari/537.36 (compatible; PetalBot;+https://webmaster.petalsearch.com/site/petalbot)"
114.119.143.11 - - [18/Oct/2025:11:41:13 -0400] "GET /raspberry-ketones-max/ HTTP/1.1" 200 52874 "https://herintalk.com/health/weight-loss/page/3?filter_by=random_posts" "Mozilla/5.0 (Linux; Android 7.0;) AppleWebKit/537.36 (KHTML, like Gecko) Mobile Safari/537.36 (compatible; PetalBot;+https://webmaster.petalsearch.com/site/petalbot)"
20.171.207.109 - - [18/Oct/2025:11:41:31 -0400] "GET /wp-content/plugins/td-composer/legacy/common/wp_booster/wp-admin/panel/views/ajax_boxes/td_panel_block_settings/?C=D;O=D HTTP/1.1" 200 1106 "-" "Mozilla/5.0 AppleWebKit/537.36 (KHTML, like Gecko; compatible; GPTBot/1.2; +https://openai.com/gptbot)"
216.73.216.87 - - [18/Oct/2025:11:41:36 -0400] "GET /?p=12290 HTTP/1.1" 301 - "-" "Mozilla/5.0 AppleWebKit/537.36 (KHTML, like Gecko; compatible; ClaudeBot/1.0; [email protected])"
216.73.216.87 - - [18/Oct/2025:11:41:37 -0400] "GET /physio-omega/ HTTP/1.1" 200 89058 "https://herintalk.com/?p=12290" "Mozilla/5.0 AppleWebKit/537.36 (KHTML, like Gecko; compatible; ClaudeBot/1.0; [email protected])"
20.171.207.109 - - [18/Oct/2025:11:41:51 -0400] "GET /wp-content/plugins/td-composer/legacy/common/wp_booster/wp-admin/panel/views/ajax_boxes/td_panel_theme_fonts/?C=N;O=A HTTP/1.1" 200 1102 "-" "Mozilla/5.0 AppleWebKit/537.36 (KHTML, like Gecko; compatible; GPTBot/1.2; +https://openai.com/gptbot)"
20.171.207.109 - - [18/Oct/2025:11:42:10 -0400] "GET /wp-content/plugins/td-composer/legacy/common/wp_booster/wp-admin/panel/views/ajax_boxes/td_panel_theme_fonts/td_get_font_section_by_section_id.php HTTP/1.1" 500 - "-" "Mozilla/5.0 AppleWebKit/537.36 (KHTML, like Gecko; compatible; GPTBot/1.2; +https://openai.com/gptbot)"
20.171.207.109 - - [18/Oct/2025:11:42:25 -0400] "GET /wp-content/plugins/td-composer/css-live/readme.txt HTTP/1.1" 200 2933 "-" "Mozilla/5.0 AppleWebKit/537.36 (KHTML, like Gecko; compatible; GPTBot/1.2; +https://openai.com/gptbot)"
217.76.158.60 - - [18/Oct/2025:11:42:34 -0400] "POST /xmlrpc.php HTTP/1.1" 200 401 "-" "Mozilla/5.0+(Windows+NT+6.3;+WOW64;+Trident/7.0;+rv:11.0)+like+Gecko"
114.119.143.11 - - [18/Oct/2025:11:42:45 -0400] "GET /first-time-sex-tips-for-beginners HTTP/1.1" 301 - "https://herintalk.com/yoni-massage-the-secret-unveiled/" "Mozilla/5.0 (Linux; Android 7.0;) AppleWebKit/537.36 (KHTML, like Gecko) Mobile Safari/537.36 (compatible; PetalBot;+https://webmaster.petalsearch.com/site/petalbot)"
114.119.143.11 - - [18/Oct/2025:11:42:45 -0400] "GET /first-time-sex-tips-for-beginners/ HTTP/1.1" 200 52025 "https://herintalk.com/yoni-massage-the-secret-unveiled/" "Mozilla/5.0 (Linux; Android 7.0;) AppleWebKit/537.36 (KHTML, like Gecko) Mobile Safari/537.36 (compatible; PetalBot;+https://webmaster.petalsearch.com/site/petalbot)"
20.171.207.109 - - [18/Oct/2025:11:43:15 -0400] "GET /wp-content/plugins/td-composer/legacy/common/wp_booster/wp-admin/panel/views/ajax_boxes/td_panel_theme_fonts/?C=M;O=D HTTP/1.1" 200 1102 "-" "Mozilla/5.0 AppleWebKit/537.36 (KHTML, like Gecko; compatible; GPTBot/1.2; +https://openai.com/gptbot)"
20.171.207.109 - - [18/Oct/2025:11:43:58 -0400] "GET /wp-content/plugins/td-composer/assets/fonts/typicons/typicons.css HTTP/1.1" 200 26702 "-" "Mozilla/5.0 AppleWebKit/537.36 (KHTML, like Gecko; compatible; GPTBot/1.2; +https://openai.com/gptbot)"
114.119.157.214 - - [18/Oct/2025:11:44:20 -0400] "GET /first-sign-turning-woman-common-menstrual-problems HTTP/1.1" 301 - "https://herintalk.com/health/page/21?filter_by=popular" "Mozilla/5.0 (Linux; Android 7.0;) AppleWebKit/537.36 (KHTML, like Gecko) Mobile Safari/537.36 (compatible; PetalBot;+https://webmaster.petalsearch.com/site/petalbot)"
114.119.157.214 - - [18/Oct/2025:11:44:21 -0400] "GET /first-sign-turning-woman-common-menstrual-problems/ HTTP/1.1" 200 54779 "https://herintalk.com/health/page/21?filter_by=popular" "Mozilla/5.0 (Linux; Android 7.0;) AppleWebKit/537.36 (KHTML, like Gecko) Mobile Safari/537.36 (compatible; PetalBot;+https://webmaster.petalsearch.com/site/petalbot)"
20.171.207.109 - - [18/Oct/2025:11:44:35 -0400] "GET /wp-content/plugins/td-composer/css-live/assets/ HTTP/1.1" 200 1417 "-" "Mozilla/5.0 AppleWebKit/537.36 (KHTML, like Gecko; compatible; GPTBot/1.2; +https://openai.com/gptbot)"
20.171.207.109 - - [18/Oct/2025:11:45:12 -0400] "GET /wp-content/plugins/td-composer/legacy/common/wp_booster/wp-admin/panel/views/ajax_boxes/td_panel_theme_fonts/?C=D;O=D HTTP/1.1" 200 1102 "-" "Mozilla/5.0 AppleWebKit/537.36 (KHTML, like Gecko; compatible; GPTBot/1.2; +https://openai.com/gptbot)"
216.73.216.87 - - [18/Oct/2025:11:45:23 -0400] "GET /andronite-enhanced HTTP/1.1" 301 - "-" "Mozilla/5.0 AppleWebKit/537.36 (KHTML, like Gecko; compatible; ClaudeBot/1.0; [email protected])"
216.73.216.87 - - [18/Oct/2025:11:45:24 -0400] "GET /andronite-enhanced/ HTTP/1.1" 200 85287 "https://herintalk.com/andronite-enhanced" "Mozilla/5.0 AppleWebKit/537.36 (KHTML, like Gecko; compatible; ClaudeBot/1.0; [email protected])"
20.171.207.109 - - [18/Oct/2025:11:45:42 -0400] "GET /wp-content/plugins/td-composer/legacy/common/wp_booster/wp-admin/panel/views/ajax_boxes/td_panel_ads/?C=M;O=A HTTP/1.1" 200 1073 "-" "Mozilla/5.0 AppleWebKit/537.36 (KHTML, like Gecko; compatible; GPTBot/1.2; +https://openai.com/gptbot)"
114.119.137.64 - - [18/Oct/2025:11:45:51 -0400] "GET /%E2%AD%90-best-on-line-casinos-uk-february-2025-actual-cash-on-line-casino-websites/ HTTP/1.1" 404 42973 "https://herintalk.com/uncategorized/?filter_by=popular" "Mozilla/5.0 (Linux; Android 7.0;) AppleWebKit/537.36 (KHTML, like Gecko) Mobile Safari/537.36 (compatible; PetalBot;+https://webmaster.petalsearch.com/site/petalbot)"
20.171.207.109 - - [18/Oct/2025:11:46:09 -0400] "GET /wp-content/plugins/td-composer/legacy/common/wp_booster/wp-admin/css/ HTTP/1.1" 200 2223 "-" "Mozilla/5.0 AppleWebKit/537.36 (KHTML, like Gecko; compatible; GPTBot/1.2; +https://openai.com/gptbot)"
20.171.207.109 - - [18/Oct/2025:11:46:36 -0400] "GET /wp-content/plugins/td-composer/legacy/common/wp_booster/wp-admin/panel/views/ajax_boxes/td_panel_ads/?C=N;O=D HTTP/1.1" 200 1073 "-" "Mozilla/5.0 AppleWebKit/537.36 (KHTML, like Gecko; compatible; GPTBot/1.2; +https://openai.com/gptbot)"
20.171.207.109 - - [18/Oct/2025:11:46:59 -0400] "GET /wp-content/plugins/td-composer/legacy/common/wp_booster/wp-admin/panel/views/ajax_boxes/td_panel_ads/?C=D;O=A HTTP/1.1" 200 1073 "-" "Mozilla/5.0 AppleWebKit/537.36 (KHTML, like Gecko; compatible; GPTBot/1.2; +https://openai.com/gptbot)"
20.171.207.109 - - [18/Oct/2025:11:47:20 -0400] "GET /wp-content/plugins/td-composer/css-live/includes/ HTTP/1.1" 200 1488 "-" "Mozilla/5.0 AppleWebKit/537.36 (KHTML, like Gecko; compatible; GPTBot/1.2; +https://openai.com/gptbot)"
66.249.68.8 - - [18/Oct/2025:11:47:29 -0400] "GET /telxtend/ HTTP/1.1" 200 52827 "-" "Mozilla/5.0 (Linux; Android 6.0.1; Nexus 5X Build/MMB29P) AppleWebKit/537.36 (KHTML, like Gecko) Chrome/140.0.7339.207 Mobile Safari/537.36 (compatible; Googlebot/2.1; +http://www.google.com/bot.html)"
20.171.207.109 - - [18/Oct/2025:11:47:39 -0400] "GET /wp-content/plugins/td-composer/legacy/common/wp_booster/wp-admin/panel/views/ajax_boxes/td_panel_ads/?C=S;O=A HTTP/1.1" 200 1073 "-" "Mozilla/5.0 AppleWebKit/537.36 (KHTML, like Gecko; compatible; GPTBot/1.2; +https://openai.com/gptbot)"
20.171.207.109 - - [18/Oct/2025:11:47:56 -0400] "GET /wp-content/plugins/td-composer/legacy/common/wp_booster/wp-admin/panel/views/ajax_boxes/td_panel_theme_fonts/td_get_font_section_by_section_id.php HTTP/1.1" 500 - "-" "Mozilla/5.0 AppleWebKit/537.36 (KHTML, like Gecko; compatible; GPTBot/1.2; +https://openai.com/gptbot)"
20.171.207.109 - - [18/Oct/2025:11:48:11 -0400] "GET /wp-content/plugins/td-composer/td-multi-purpose/style-admin.css HTTP/1.1" 200 8209 "-" "Mozilla/5.0 AppleWebKit/537.36 (KHTML, like Gecko; compatible; GPTBot/1.2; +https://openai.com/gptbot)"
216.73.216.87 - - [18/Oct/2025:11:48:12 -0400] "GET /?p=8817 HTTP/1.1" 301 - "-" "Mozilla/5.0 AppleWebKit/537.36 (KHTML, like Gecko; compatible; ClaudeBot/1.0; [email protected])"
216.73.216.87 - - [18/Oct/2025:11:48:13 -0400] "GET /ropaxin-rx/ HTTP/1.1" 200 84244 "https://herintalk.com/?p=8817" "Mozilla/5.0 AppleWebKit/537.36 (KHTML, like Gecko; compatible; ClaudeBot/1.0; [email protected])"
67.227.250.231 - - [18/Oct/2025:11:48:48 -0400] "POST /xmlrpc.php HTTP/1.1" 200 401 "-" "Mozilla/5.0 (Macintosh; Intel Mac OS X 10_13_2) AppleWebKit/537.36 (KHTML, like Gecko) Chrome/66.0.3359.139 Safari/537.36"
20.171.207.109 - - [18/Oct/2025:11:48:55 -0400] "GET /wp-content/plugins/td-composer/css-live/assets/js/ HTTP/1.1" 200 735 "-" "Mozilla/5.0 AppleWebKit/537.36 (KHTML, like Gecko; compatible; GPTBot/1.2; +https://openai.com/gptbot)"
103.109.180.104 - - [18/Oct/2025:11:49:13 -0400] "GET /wp-login.php HTTP/1.1" 200 5973 "-" "Mozilla/5.0 (Macintosh; Intel Mac OS X 10_13_4) AppleWebKit/537.36 (KHTML, like Gecko) Chrome/67.0.3396.62 Safari/537.36"
103.109.180.104 - - [18/Oct/2025:11:49:17 -0400] "POST /wp-login.php HTTP/1.1" 200 6410 "https://herintalk.com/wp-login.php" "Mozilla/5.0 (Macintosh; Intel Mac OS X 10_13_4) AppleWebKit/537.36 (KHTML, like Gecko) Chrome/67.0.3396.62 Safari/537.36"
20.171.207.109 - - [18/Oct/2025:11:49:34 -0400] "GET /wp-content/plugins/td-composer/css-live/assets/css/ HTTP/1.1" 200 1127 "-" "Mozilla/5.0 AppleWebKit/537.36 (KHTML, like Gecko; compatible; GPTBot/1.2; +https://openai.com/gptbot)"
52.167.144.188 - - [18/Oct/2025:11:50:05 -0400] "GET /a4g6o/exmortis-3-full-version HTTP/1.1" 301 - "-" "Mozilla/5.0 AppleWebKit/537.36 (KHTML, like Gecko; compatible; bingbot/2.0; +http://www.bing.com/bingbot.htm) Chrome/116.0.1938.76 Safari/537.36"
20.171.207.109 - - [18/Oct/2025:11:50:10 -0400] "GET /wp-content/plugins/td-composer/assets/css/ HTTP/1.1" 200 1453 "-" "Mozilla/5.0 AppleWebKit/537.36 (KHTML, like Gecko; compatible; GPTBot/1.2; +https://openai.com/gptbot)"
20.171.207.109 - - [18/Oct/2025:11:50:42 -0400] "GET /wp-content/plugins/td-composer/css-live/assets/images/ HTTP/1.1" 200 1484 "-" "Mozilla/5.0 AppleWebKit/537.36 (KHTML, like Gecko; compatible; GPTBot/1.2; +https://openai.com/gptbot)"
54.37.96.153 - - [18/Oct/2025:11:50:54 -0400] "POST /xmlrpc.php HTTP/1.1" 200 401 "-" "Mozilla/5.0 (Windows NT 10.0; Win64; x64) AppleWebKit/537.36 (KHTML, like Gecko) Chrome/66.0.3359.170 Safari/537.36 OPR/53.0.2907.99"
216.73.216.87 - - [18/Oct/2025:11:50:54 -0400] "GET /ultralast-xxl-2 HTTP/1.1" 301 - "-" "Mozilla/5.0 AppleWebKit/537.36 (KHTML, like Gecko; compatible; ClaudeBot/1.0; [email protected])"
216.73.216.87 - - [18/Oct/2025:11:50:54 -0400] "GET /?p=8813 HTTP/1.1" 301 - "-" "Mozilla/5.0 AppleWebKit/537.36 (KHTML, like Gecko; compatible; ClaudeBot/1.0; [email protected])"
216.73.216.87 - - [18/Oct/2025:11:50:55 -0400] "GET /pryazine/ HTTP/1.1" 200 85067 "https://herintalk.com/?p=8813" "Mozilla/5.0 AppleWebKit/537.36 (KHTML, like Gecko; compatible; ClaudeBot/1.0; [email protected])"
216.73.216.87 - - [18/Oct/2025:11:50:55 -0400] "GET /ultralast-xxl-2/ HTTP/1.1" 200 84694 "https://herintalk.com/ultralast-xxl-2" "Mozilla/5.0 AppleWebKit/537.36 (KHTML, like Gecko; compatible; ClaudeBot/1.0; [email protected])"
20.171.207.109 - - [18/Oct/2025:11:51:12 -0400] "GET /wp-content/plugins/td-composer/legacy/common/wp_booster/wp-admin/panel/views/ajax_boxes/td_panel_ads/td_get_ad_spot_by_id.php HTTP/1.1" 500 - "-" "Mozilla/5.0 AppleWebKit/537.36 (KHTML, like Gecko; compatible; GPTBot/1.2; +https://openai.com/gptbot)"
20.171.207.109 - - [18/Oct/2025:11:51:38 -0400] "GET /wp-content/plugins/td-composer/legacy/common/wp_booster/wp-admin/panel/views/ajax_boxes/td_panel_ads/?C=D;O=D HTTP/1.1" 200 1073 "-" "Mozilla/5.0 AppleWebKit/537.36 (KHTML, like Gecko; compatible; GPTBot/1.2; +https://openai.com/gptbot)"
216.73.216.87 - - [18/Oct/2025:11:52:08 -0400] "GET /?p=10861 HTTP/1.1" 301 - "-" "Mozilla/5.0 AppleWebKit/537.36 (KHTML, like Gecko; compatible; ClaudeBot/1.0; [email protected])"
216.73.216.87 - - [18/Oct/2025:11:52:08 -0400] "GET /?p=150 HTTP/1.1" 301 - "-" "Mozilla/5.0 AppleWebKit/537.36 (KHTML, like Gecko; compatible; ClaudeBot/1.0; [email protected])"
216.73.216.87 - - [18/Oct/2025:11:52:09 -0400] "GET /best-makeup-beauty-tips-for-older-women/ HTTP/1.1" 200 84277 "https://herintalk.com/?p=10861" "Mozilla/5.0 AppleWebKit/537.36 (KHTML, like Gecko; compatible; ClaudeBot/1.0; [email protected])"
216.73.216.87 - - [18/Oct/2025:11:52:09 -0400] "GET /why-not-to-worry-if-you-miss-a-period/ HTTP/1.1" 200 89706 "https://herintalk.com/?p=150" "Mozilla/5.0 AppleWebKit/537.36 (KHTML, like Gecko; compatible; ClaudeBot/1.0; [email protected])"
216.73.216.87 - - [18/Oct/2025:11:52:11 -0400] "GET /why-not-to-worry-if-you-miss-a-period/feed HTTP/1.1" 301 - "-" "Mozilla/5.0 AppleWebKit/537.36 (KHTML, like Gecko; compatible; ClaudeBot/1.0; [email protected])"
216.73.216.87 - - [18/Oct/2025:11:52:11 -0400] "GET /why-not-to-worry-if-you-miss-a-period/feed/ HTTP/1.1" 200 851 "https://herintalk.com/why-not-to-worry-if-you-miss-a-period/feed" "Mozilla/5.0 AppleWebKit/537.36 (KHTML, like Gecko; compatible; ClaudeBot/1.0; [email protected])"
20.171.207.109 - - [18/Oct/2025:11:52:44 -0400] "GET /wp-content/plugins/td-composer/legacy/common/wp_booster/wp-admin/panel/views/ajax_boxes/td_panel_ads/?C=S;O=D HTTP/1.1" 200 1073 "-" "Mozilla/5.0 AppleWebKit/537.36 (KHTML, like Gecko; compatible; GPTBot/1.2; +https://openai.com/gptbot)"
20.171.207.109 - - [18/Oct/2025:11:53:39 -0400] "GET /wp-content/plugins/td-composer/legacy/common/wp_booster/wp-admin/panel/views/ajax_boxes/td_panel_ads/?C=M;O=D HTTP/1.1" 200 1073 "-" "Mozilla/5.0 AppleWebKit/537.36 (KHTML, like Gecko; compatible; GPTBot/1.2; +https://openai.com/gptbot)"
129.226.216.10 - - [18/Oct/2025:11:53:56 -0400] "GET /wp-content/uploads/2015/05/Aloe-Vera-Mask-For-Anti-aging.jpg HTTP/1.1" 304 - "http://herintalk.com/wp-content/uploads/2015/05/Aloe-Vera-Mask-For-Anti-aging.jpg" "Mozilla/5.0 (Windows NT 6.1; WOW64) AppleWebKit/537.36 (KHTML, like Gecko) Chrome/64.0.3282.119 Safari/537.36"
216.73.216.87 - - [18/Oct/2025:11:54:24 -0400] "GET /youngskin-black-mask HTTP/1.1" 301 - "-" "Mozilla/5.0 AppleWebKit/537.36 (KHTML, like Gecko; compatible; ClaudeBot/1.0; [email protected])"
216.73.216.87 - - [18/Oct/2025:11:54:24 -0400] "GET /acupuncture-for-anti-aging HTTP/1.1" 301 - "-" "Mozilla/5.0 AppleWebKit/537.36 (KHTML, like Gecko; compatible; ClaudeBot/1.0; [email protected])"
216.73.216.87 - - [18/Oct/2025:11:54:25 -0400] "GET /acupuncture-for-anti-aging/ HTTP/1.1" 200 84005 "https://herintalk.com/acupuncture-for-anti-aging" "Mozilla/5.0 AppleWebKit/537.36 (KHTML, like Gecko; compatible; ClaudeBot/1.0; [email protected])"
216.73.216.87 - - [18/Oct/2025:11:54:25 -0400] "GET /youngskin-black-mask/ HTTP/1.1" 200 86713 "https://herintalk.com/youngskin-black-mask" "Mozilla/5.0 AppleWebKit/537.36 (KHTML, like Gecko; compatible; ClaudeBot/1.0; [email protected])"
216.73.216.87 - - [18/Oct/2025:11:54:27 -0400] "GET /?p=12236 HTTP/1.1" 301 - "-" "Mozilla/5.0 AppleWebKit/537.36 (KHTML, like Gecko; compatible; ClaudeBot/1.0; [email protected])"
216.73.216.87 - - [18/Oct/2025:11:54:28 -0400] "GET /medliever-cbd-hemp-oil/ HTTP/1.1" 200 87782 "https://herintalk.com/?p=12236" "Mozilla/5.0 AppleWebKit/537.36 (KHTML, like Gecko; compatible; ClaudeBot/1.0; [email protected])"
20.171.207.109 - - [18/Oct/2025:11:54:32 -0400] "GET /wp-content/plugins/td-composer/legacy/common/wp_booster/wp-admin/panel/views/ajax_boxes/td_panel_ads/?C=N;O=A HTTP/1.1" 200 1073 "-" "Mozilla/5.0 AppleWebKit/537.36 (KHTML, like Gecko; compatible; GPTBot/1.2; +https://openai.com/gptbot)"
114.119.141.40 - - [18/Oct/2025:11:55:01 -0400] "GET /what-men-want-in-women-partners/3/ HTTP/1.1" 200 51741 "https://herintalk.com/what-men-want-in-women-partners/4/" "Mozilla/5.0 (Linux; Android 7.0;) AppleWebKit/537.36 (KHTML, like Gecko) Mobile Safari/537.36 (compatible; PetalBot;+https://webmaster.petalsearch.com/site/petalbot)"
216.73.216.87 - - [18/Oct/2025:11:55:13 -0400] "GET /best-makeup-beauty-tips-for-older-women/2 HTTP/1.1" 301 - "-" "Mozilla/5.0 AppleWebKit/537.36 (KHTML, like Gecko; compatible; ClaudeBot/1.0; [email protected])"
216.73.216.87 - - [18/Oct/2025:11:55:14 -0400] "GET /5-brilliant-dating-tips-for-women HTTP/1.1" 301 - "-" "Mozilla/5.0 AppleWebKit/537.36 (KHTML, like Gecko; compatible; ClaudeBot/1.0; [email protected])"
216.73.216.87 - - [18/Oct/2025:11:55:14 -0400] "GET /best-makeup-beauty-tips-for-older-women/2/ HTTP/1.1" 200 84138 "https://herintalk.com/best-makeup-beauty-tips-for-older-women/2" "Mozilla/5.0 AppleWebKit/537.36 (KHTML, like Gecko; compatible; ClaudeBot/1.0; [email protected])"
216.73.216.87 - - [18/Oct/2025:11:55:15 -0400] "GET /5-brilliant-dating-tips-for-women/ HTTP/1.1" 200 88740 "https://herintalk.com/5-brilliant-dating-tips-for-women" "Mozilla/5.0 AppleWebKit/537.36 (KHTML, like Gecko; compatible; ClaudeBot/1.0; [email protected])"
223.109.255.228 - - [18/Oct/2025:11:55:17 -0400] "GET /wp-content/uploads/2018/11/olympus-hurry-250-only-356x220.jpg HTTP/1.1" 404 60916 "http://pic.sogou.com" "Sogou Pic Spider/3.0(+http://www.sogou.com/docs/help/webmasters.htm#07)"
20.171.207.109 - - [18/Oct/2025:11:55:17 -0400] "GET /wp-content/plugins/td-composer/td-blocks-red-pack/images/pagebuilder/block_rd_1.png HTTP/1.1" 404 60916 "-" "Mozilla/5.0 AppleWebKit/537.36 (KHTML, like Gecko; compatible; GPTBot/1.2; +https://openai.com/gptbot)"
212.132.127.106 - - [18/Oct/2025:11:55:47 -0400] "POST /xmlrpc.php HTTP/1.1" 200 401 "-" "Mozilla/5.0 (Windows NT 10.0; WOW64; rv:61.0) Gecko/20100101 Firefox/61.0"
216.73.216.87 - - [18/Oct/2025:11:55:52 -0400] "GET /best-makeup-beauty-tips-for-older-women/4 HTTP/1.1" 301 - "-" "Mozilla/5.0 AppleWebKit/537.36 (KHTML, like Gecko; compatible; ClaudeBot/1.0; [email protected])"
216.73.216.87 - - [18/Oct/2025:11:55:52 -0400] "GET /best-makeup-beauty-tips-for-older-women/3 HTTP/1.1" 301 - "-" "Mozilla/5.0 AppleWebKit/537.36 (KHTML, like Gecko; compatible; ClaudeBot/1.0; [email protected])"
216.73.216.87 - - [18/Oct/2025:11:55:53 -0400] "GET /best-makeup-beauty-tips-for-older-women/4/ HTTP/1.1" 200 84286 "https://herintalk.com/best-makeup-beauty-tips-for-older-women/4" "Mozilla/5.0 AppleWebKit/537.36 (KHTML, like Gecko; compatible; ClaudeBot/1.0; [email protected])"
216.73.216.87 - - [18/Oct/2025:11:55:53 -0400] "GET /best-makeup-beauty-tips-for-older-women/3/ HTTP/1.1" 200 85182 "https://herintalk.com/best-makeup-beauty-tips-for-older-women/3" "Mozilla/5.0 AppleWebKit/537.36 (KHTML, like Gecko; compatible; ClaudeBot/1.0; [email protected])"
40.77.167.50 - - [18/Oct/2025:11:55:58 -0400] "GET /wp-content/uploads/2014/08/jealous-women1.jpg HTTP/1.1" 200 34090 "-" "Mozilla/5.0 AppleWebKit/537.36 (KHTML, like Gecko; compatible; bingbot/2.0; +http://www.bing.com/bingbot.htm) Chrome/116.0.1938.76 Safari/537.36"
20.171.207.109 - - [18/Oct/2025:11:55:59 -0400] "GET /wp-content/plugins/td-composer/td-multi-purpose/style.css HTTP/1.1" 200 38952 "-" "Mozilla/5.0 AppleWebKit/537.36 (KHTML, like Gecko; compatible; GPTBot/1.2; +https://openai.com/gptbot)"
178.33.109.164 - - [18/Oct/2025:11:56:04 -0400] "GET /wp-login.php HTTP/1.1" 200 5973 "-" "Mozilla/5.0 (Macintosh; Intel Mac OS X 10_12_6) AppleWebKit/537.36 (KHTML, like Gecko) Chrome/66.0.3359.181 Safari/537.36"
210.5.164.50 - - [18/Oct/2025:11:56:06 -0400] "GET /wp-login.php HTTP/1.1" 200 5973 "-" "Mozilla/5.0 (Windows NT 6.1; WOW64) AppleWebKit/537.36 (KHTML, like Gecko) Chrome/65.0.3325.146 Safari/537.36"
178.33.109.164 - - [18/Oct/2025:11:56:14 -0400] "POST /wp-login.php HTTP/1.1" 200 6410 "https://herintalk.com/wp-login.php" "Mozilla/5.0 (Macintosh; Intel Mac OS X 10_12_6) AppleWebKit/537.36 (KHTML, like Gecko) Chrome/66.0.3359.181 Safari/537.36"
210.5.164.50 - - [18/Oct/2025:11:56:19 -0400] "POST /wp-login.php HTTP/1.1" 200 6411 "https://herintalk.com/wp-login.php" "Mozilla/5.0 (Windows NT 6.1; WOW64) AppleWebKit/537.36 (KHTML, like Gecko) Chrome/65.0.3325.146 Safari/537.36"
114.119.149.228 - - [18/Oct/2025:11:56:34 -0400] "GET /testadrox-and-megadrox/ HTTP/1.1" 200 55321 "https://herintalk.com/zyrec-male-enhancement/" "Mozilla/5.0 (Linux; Android 7.0;) AppleWebKit/537.36 (KHTML, like Gecko) Mobile Safari/537.36 (compatible; PetalBot;+https://webmaster.petalsearch.com/site/petalbot)"
20.171.207.109 - - [18/Oct/2025:11:56:39 -0400] "GET /wp-content/plugins/td-composer/css-live/assets/images/loader-small-blue.gif HTTP/1.1" 200 3787 "-" "Mozilla/5.0 AppleWebKit/537.36 (KHTML, like Gecko; compatible; GPTBot/1.2; +https://openai.com/gptbot)"
20.171.207.109 - - [18/Oct/2025:11:57:16 -0400] "GET /wp-content/plugins/td-composer/css-live/assets/images/loader-small.gif HTTP/1.1" 200 3787 "-" "Mozilla/5.0 AppleWebKit/537.36 (KHTML, like Gecko; compatible; GPTBot/1.2; +https://openai.com/gptbot)"
216.244.66.248 - - [18/Oct/2025:11:57:37 -0400] "GET /5-effective-home-remedies-skin-lightening-naturally/ HTTP/1.1" 301 - "-" "Mozilla/5.0 (compatible; DotBot/1.2; +https://opensiteexplorer.org/dotbot; [email protected])"
216.73.216.87 - - [18/Oct/2025:11:57:39 -0400] "GET /best-makeup-beauty-tips-for-older-women/9 HTTP/1.1" 301 - "-" "Mozilla/5.0 AppleWebKit/537.36 (KHTML, like Gecko; compatible; ClaudeBot/1.0; [email protected])"
216.73.216.87 - - [18/Oct/2025:11:57:39 -0400] "GET /best-makeup-beauty-tips-for-older-women/10 HTTP/1.1" 301 - "-" "Mozilla/5.0 AppleWebKit/537.36 (KHTML, like Gecko; compatible; ClaudeBot/1.0; [email protected])"
216.73.216.87 - - [18/Oct/2025:11:57:40 -0400] "GET /best-makeup-beauty-tips-for-older-women/9/ HTTP/1.1" 200 83995 "https://herintalk.com/best-makeup-beauty-tips-for-older-women/9" "Mozilla/5.0 AppleWebKit/537.36 (KHTML, like Gecko; compatible; ClaudeBot/1.0; [email protected])"
216.73.216.87 - - [18/Oct/2025:11:57:40 -0400] "GET /best-makeup-beauty-tips-for-older-women/10/ HTTP/1.1" 200 84164 "https://herintalk.com/best-makeup-beauty-tips-for-older-women/10" "Mozilla/5.0 AppleWebKit/537.36 (KHTML, like Gecko; compatible; ClaudeBot/1.0; [email protected])"
20.171.207.109 - - [18/Oct/2025:11:57:51 -0400] "GET /wp-content/plugins/td-composer/legacy/common/wp_booster/wp-admin/css/wp-admin.less HTTP/1.1" 200 16790 "-" "Mozilla/5.0 AppleWebKit/537.36 (KHTML, like Gecko; compatible; GPTBot/1.2; +https://openai.com/gptbot)"
114.119.141.40 - - [18/Oct/2025:11:58:06 -0400] "GET /sera-chews-cbd-gummy/ HTTP/1.1" 200 51274 "https://herintalk.com/pro-muscle-no2-blast/" "Mozilla/5.0 (Linux; Android 7.0;) AppleWebKit/537.36 (KHTML, like Gecko) Mobile Safari/537.36 (compatible; PetalBot;+https://webmaster.petalsearch.com/site/petalbot)"
20.171.207.109 - - [18/Oct/2025:11:58:21 -0400] "GET /wp-content/plugins/td-composer/assets/fonts/font-awesome/font-awesome.css HTTP/1.1" 200 43832 "-" "Mozilla/5.0 AppleWebKit/537.36 (KHTML, like Gecko; compatible; GPTBot/1.2; +https://openai.com/gptbot)"
216.73.216.87 - - [18/Oct/2025:11:58:32 -0400] "GET /best-makeup-beauty-tips-for-older-women/5 HTTP/1.1" 301 - "-" "Mozilla/5.0 AppleWebKit/537.36 (KHTML, like Gecko; compatible; ClaudeBot/1.0; [email protected])"
216.73.216.87 - - [18/Oct/2025:11:58:32 -0400] "GET /best-makeup-beauty-tips-for-older-women/12 HTTP/1.1" 301 - "-" "Mozilla/5.0 AppleWebKit/537.36 (KHTML, like Gecko; compatible; ClaudeBot/1.0; [email protected])"
216.73.216.87 - - [18/Oct/2025:11:58:33 -0400] "GET /best-makeup-beauty-tips-for-older-women/12/ HTTP/1.1" 200 84157 "https://herintalk.com/best-makeup-beauty-tips-for-older-women/12" "Mozilla/5.0 AppleWebKit/537.36 (KHTML, like Gecko; compatible; ClaudeBot/1.0; [email protected])"
216.73.216.87 - - [18/Oct/2025:11:58:33 -0400] "GET /best-makeup-beauty-tips-for-older-women/5/ HTTP/1.1" 200 84435 "https://herintalk.com/best-makeup-beauty-tips-for-older-women/5" "Mozilla/5.0 AppleWebKit/537.36 (KHTML, like Gecko; compatible; ClaudeBot/1.0; [email protected])"
20.171.207.109 - - [18/Oct/2025:11:58:47 -0400] "GET /wp-content/plugins/td-composer/css-live/assets/images/extension.png HTTP/1.1" 200 1248 "-" "Mozilla/5.0 AppleWebKit/537.36 (KHTML, like Gecko; compatible; GPTBot/1.2; +https://openai.com/gptbot)"
216.73.216.87 - - [18/Oct/2025:11:59:07 -0400] "GET /best-makeup-beauty-tips-for-older-women/8 HTTP/1.1" 301 - "-" "Mozilla/5.0 AppleWebKit/537.36 (KHTML, like Gecko; compatible; ClaudeBot/1.0; [email protected])"
216.73.216.87 - - [18/Oct/2025:11:59:07 -0400] "GET /best-makeup-beauty-tips-for-older-women/11 HTTP/1.1" 301 - "-" "Mozilla/5.0 AppleWebKit/537.36 (KHTML, like Gecko; compatible; ClaudeBot/1.0; [email protected])"
216.73.216.87 - - [18/Oct/2025:11:59:08 -0400] "GET /best-makeup-beauty-tips-for-older-women/8/ HTTP/1.1" 200 84180 "https://herintalk.com/best-makeup-beauty-tips-for-older-women/8" "Mozilla/5.0 AppleWebKit/537.36 (KHTML, like Gecko; compatible; ClaudeBot/1.0; [email protected])"
216.73.216.87 - - [18/Oct/2025:11:59:08 -0400] "GET /best-makeup-beauty-tips-for-older-women/11/ HTTP/1.1" 200 84349 "https://herintalk.com/best-makeup-beauty-tips-for-older-women/11" "Mozilla/5.0 AppleWebKit/537.36 (KHTML, like Gecko; compatible; ClaudeBot/1.0; [email protected])"
20.171.207.109 - - [18/Oct/2025:11:59:11 -0400] "GET /wp-content/plugins/td-composer/css-live/includes/td_live_css_util.php HTTP/1.1" 200 - "-" "Mozilla/5.0 AppleWebKit/537.36 (KHTML, like Gecko; compatible; GPTBot/1.2; +https://openai.com/gptbot)"
20.171.207.109 - - [18/Oct/2025:11:59:32 -0400] "GET /wp-content/plugins/td-composer/legacy/common/wp_booster/wp-admin/panel/views/ajax_boxes/td_panel_ads/td_get_ad_spot_by_id.php HTTP/1.1" 500 - "-" "Mozilla/5.0 AppleWebKit/537.36 (KHTML, like Gecko; compatible; GPTBot/1.2; +https://openai.com/gptbot)"
114.119.143.11 - - [18/Oct/2025:11:59:43 -0400] "GET /lip-art/ HTTP/1.1" 200 54980 "https://herintalk.com/lip-art/" "Mozilla/5.0 (Linux; Android 7.0;) AppleWebKit/537.36 (KHTML, like Gecko) Mobile Safari/537.36 (compatible; PetalBot;+https://webmaster.petalsearch.com/site/petalbot)"
20.171.207.109 - - [18/Oct/2025:11:59:52 -0400] "GET /wp-content/plugins/td-composer/assets/fonts/td-multipurpose/td-multipurpose.css HTTP/1.1" 200 12019 "-" "Mozilla/5.0 AppleWebKit/537.36 (KHTML, like Gecko; compatible; GPTBot/1.2; +https://openai.com/gptbot)"
198.54.125.68 - - [18/Oct/2025:12:00:08 -0400] "POST /xmlrpc.php HTTP/1.1" 200 401 "-" "Mozilla/5.0 (Windows NT 6.3; WOW64; rv:60.0) Gecko/20100101 Firefox/60.0"
156.226.165.198 - - [18/Oct/2025:12:00:17 -0400] "GET /wp-content/uploads/2018/09/Magna-RX-lasting-erection-sexual-confidence.jpg HTTP/1.1" 200 55245 "-" "Mozilla/5.0 (Windows NT 10.0; WOW64) AppleWebKit/537.36 (KHTML, like Gecko) Chrome/68.0.3440.75 Safari/537.36"
103.171.92.209 - - [18/Oct/2025:12:00:38 -0400] "GET /wp-login.php HTTP/1.1" 200 5973 "-" "Mozilla/5.0 (Windows NT 6.3; WOW64; Trident/7.0; MASEJS; rv:11.0) like Gecko"
103.171.92.209 - - [18/Oct/2025:12:00:41 -0400] "POST /wp-login.php HTTP/1.1" 200 6410 "https://herintalk.com/wp-login.php" "Mozilla/5.0 (Windows NT 6.3; WOW64; Trident/7.0; MASEJS; rv:11.0) like Gecko"
20.171.207.109 - - [18/Oct/2025:12:00:53 -0400] "GET /wp-content/plugins/td-composer/assets/fonts/open-iconic/open-iconic.css HTTP/1.1" 200 13515 "-" "Mozilla/5.0 AppleWebKit/537.36 (KHTML, like Gecko; compatible; GPTBot/1.2; +https://openai.com/gptbot)"
216.73.216.87 - - [18/Oct/2025:12:00:57 -0400] "GET /robots.txt HTTP/1.1" 200 114 "-" "Mozilla/5.0 AppleWebKit/537.36 (KHTML, like Gecko; compatible; ClaudeBot/1.0; [email protected])"
216.73.216.87 - - [18/Oct/2025:12:00:58 -0400] "GET /best-makeup-beauty-tips-for-older-women/7 HTTP/1.1" 301 - "-" "Mozilla/5.0 AppleWebKit/537.36 (KHTML, like Gecko; compatible; ClaudeBot/1.0; [email protected])"
216.73.216.87 - - [18/Oct/2025:12:00:59 -0400] "GET /best-makeup-beauty-tips-for-older-women/6 HTTP/1.1" 301 - "-" "Mozilla/5.0 AppleWebKit/537.36 (KHTML, like Gecko; compatible; ClaudeBot/1.0; [email protected])"
216.73.216.87 - - [18/Oct/2025:12:00:59 -0400] "GET /best-makeup-beauty-tips-for-older-women/7/ HTTP/1.1" 200 84525 "https://herintalk.com/best-makeup-beauty-tips-for-older-women/7" "Mozilla/5.0 AppleWebKit/537.36 (KHTML, like Gecko; compatible; ClaudeBot/1.0; [email protected])"
216.73.216.87 - - [18/Oct/2025:12:01:00 -0400] "GET /best-makeup-beauty-tips-for-older-women/6/ HTTP/1.1" 200 84912 "https://herintalk.com/best-makeup-beauty-tips-for-older-women/6" "Mozilla/5.0 AppleWebKit/537.36 (KHTML, like Gecko; compatible; ClaudeBot/1.0; [email protected])"
114.119.149.228 - - [18/Oct/2025:12:01:13 -0400] "GET /health-naturals-cbd-tincture/?filter_by=random_posts HTTP/1.1" 200 52558 "https://herintalk.com/health/page/7?filter_by=random_posts" "Mozilla/5.0 (Linux; Android 7.0;) AppleWebKit/537.36 (KHTML, like Gecko) Mobile Safari/537.36 (compatible; PetalBot;+https://webmaster.petalsearch.com/site/petalbot)"
191.37.36.92 - - [18/Oct/2025:12:01:23 -0400] "GET /wp-content/uploads/2018/09/PhysioTru-supplements-defend-heart-attack.jpg HTTP/1.1" 200 34875 "-" "Mozilla/5.0 (Windows NT 6.3; Win64; x64) AppleWebKit/537.36 (KHTML, like Gecko) Brave Chrome/84.0.4147.105 Safari/537.36"
65.21.62.83 - - [18/Oct/2025:12:01:23 -0400] "POST /xmlrpc.php HTTP/1.1" 200 401 "-" "Mozilla/5.0 (Macintosh; Intel Mac OS X 10_13_1) AppleWebKit/604.3.5 (KHTML, like Gecko) Version/11.0.1 Safari/604.3.5"
20.171.207.109 - - [18/Oct/2025:12:01:48 -0400] "GET /wp-content/plugins/td-composer/css-live/includes/td_live_css_storage.php HTTP/1.1" 200 - "-" "Mozilla/5.0 AppleWebKit/537.36 (KHTML, like Gecko; compatible; GPTBot/1.2; +https://openai.com/gptbot)"
216.73.216.87 - - [18/Oct/2025:12:01:54 -0400] "GET /best-makeup-beauty-tips-for-older-women/14 HTTP/1.1" 301 - "-" "Mozilla/5.0 AppleWebKit/537.36 (KHTML, like Gecko; compatible; ClaudeBot/1.0; [email protected])"
216.73.216.87 - - [18/Oct/2025:12:01:54 -0400] "GET /best-makeup-beauty-tips-for-older-women/13 HTTP/1.1" 301 - "-" "Mozilla/5.0 AppleWebKit/537.36 (KHTML, like Gecko; compatible; ClaudeBot/1.0; [email protected])"
216.73.216.87 - - [18/Oct/2025:12:01:55 -0400] "GET /best-makeup-beauty-tips-for-older-women/14/ HTTP/1.1" 200 83965 "https://herintalk.com/best-makeup-beauty-tips-for-older-women/14" "Mozilla/5.0 AppleWebKit/537.36 (KHTML, like Gecko; compatible; ClaudeBot/1.0; [email protected])"
216.73.216.87 - - [18/Oct/2025:12:01:55 -0400] "GET /best-makeup-beauty-tips-for-older-women/13/ HTTP/1.1" 200 84193 "https://herintalk.com/best-makeup-beauty-tips-for-older-women/13" "Mozilla/5.0 AppleWebKit/537.36 (KHTML, like Gecko; compatible; ClaudeBot/1.0; [email protected])"
20.171.207.109 - - [18/Oct/2025:12:02:36 -0400] "GET /wp-content/plugins/td-composer/assets/css/tdc_wp_admin_main.css HTTP/1.1" 200 96894 "-" "Mozilla/5.0 AppleWebKit/537.36 (KHTML, like Gecko; compatible; GPTBot/1.2; +https://openai.com/gptbot)"
114.119.143.11 - - [18/Oct/2025:12:02:46 -0400] "GET /glutathione-ultra/ HTTP/1.1" 200 52052 "https://herintalk.com/vfx-body/" "Mozilla/5.0 (Linux; Android 7.0;) AppleWebKit/537.36 (KHTML, like Gecko) Mobile Safari/537.36 (compatible; PetalBot;+https://webmaster.petalsearch.com/site/petalbot)"
20.171.207.109 - - [18/Oct/2025:12:03:20 -0400] "GET /wp-content/plugins/td-composer/assets/fonts/font-awesome/fontawesome-webfont.ttf?v=4.7.0 HTTP/1.1" 200 165548 "-" "Mozilla/5.0 AppleWebKit/537.36 (KHTML, like Gecko; compatible; GPTBot/1.2; +https://openai.com/gptbot)"
20.171.207.109 - - [18/Oct/2025:12:04:00 -0400] "GET /wp-content/plugins/td-composer/assets/css/tdc_menu_admin_bar.css HTTP/1.1" 200 51340 "-" "Mozilla/5.0 AppleWebKit/537.36 (KHTML, like Gecko; compatible; GPTBot/1.2; +https://openai.com/gptbot)"
216.244.66.248 - - [18/Oct/2025:12:04:15 -0400] "GET /sensitivity-love-or-passion-what-will-you-choose/ HTTP/1.1" 200 87854 "-" "Mozilla/5.0 (compatible; DotBot/1.2; +https://opensiteexplorer.org/dotbot; [email protected])"
114.119.156.44 - - [18/Oct/2025:12:04:18 -0400] "GET /best-makeup-beauty-tips-for-older-women-ca-di/8/ HTTP/1.1" 200 51895 "https://herintalk.com/best-makeup-beauty-tips-for-older-women-ca-di/" "Mozilla/5.0 (Linux; Android 7.0;) AppleWebKit/537.36 (KHTML, like Gecko) Mobile Safari/537.36 (compatible; PetalBot;+https://webmaster.petalsearch.com/site/petalbot)"
20.171.207.109 - - [18/Oct/2025:12:04:35 -0400] "GET /wp-content/plugins/td-composer/css-live/includes/td_live_css_composer.php HTTP/1.1" 200 - "-" "Mozilla/5.0 AppleWebKit/537.36 (KHTML, like Gecko; compatible; GPTBot/1.2; +https://openai.com/gptbot)"
20.171.207.109 - - [18/Oct/2025:12:05:07 -0400] "GET /wp-content/plugins/td-composer/legacy/common/wp_booster/wp-admin/css/panel/ HTTP/1.1" 200 3007 "-" "Mozilla/5.0 AppleWebKit/537.36 (KHTML, like Gecko; compatible; GPTBot/1.2; +https://openai.com/gptbot)"
20.171.207.109 - - [18/Oct/2025:12:05:36 -0400] "GET /wp-content/plugins/td-composer/assets/fonts/font-awesome/fontawesome-webfont.eot?v=4.7.0 HTTP/1.1" 200 165742 "-" "Mozilla/5.0 AppleWebKit/537.36 (KHTML, like Gecko; compatible; GPTBot/1.2; +https://openai.com/gptbot)"
93.177.93.8 - - [18/Oct/2025:12:05:39 -0400] "GET /wp-content/uploads/2018/08/garcinia-cambogia-pure-cambogiea.jpg HTTP/1.1" 200 57511 "-" "Mozilla/5.0 (Windows NT 10.0; Win64; x64) AppleWebKit/537.36 (KHTML, like Gecko) Chrome/123.0.0.0 Safari/537.36"
20.171.207.109 - - [18/Oct/2025:12:06:02 -0400] "GET /wp-content/plugins/td-composer/assets/fonts/font-awesome/fontawesome-webfont.woff2?v=4.7.0 HTTP/1.1" 200 77160 "-" "Mozilla/5.0 AppleWebKit/537.36 (KHTML, like Gecko; compatible; GPTBot/1.2; +https://openai.com/gptbot)"
20.171.207.109 - - [18/Oct/2025:12:06:25 -0400] "GET /wp-content/plugins/td-composer/assets/fonts/font-awesome/fontawesome-webfont.woff?v=4.7.0 HTTP/1.1" 200 98024 "-" "Mozilla/5.0 AppleWebKit/537.36 (KHTML, like Gecko; compatible; GPTBot/1.2; +https://openai.com/gptbot)"
20.171.207.109 - - [18/Oct/2025:12:06:45 -0400] "GET /wp-content/plugins/td-composer/assets/fonts/font-awesome/fontawesome-webfont.svg?v=4.7.0 HTTP/1.1" 200 447050 "-" "Mozilla/5.0 AppleWebKit/537.36 (KHTML, like Gecko; compatible; GPTBot/1.2; +https://openai.com/gptbot)"
89.248.172.183 - - [18/Oct/2025:12:06:45 -0400] "POST /wp-json/tdw/save_css HTTP/1.1" 401 98 "-" "Mozilla/5.0 (Windows NT 10.0) AppleWebKit/537.36 (KHTML, like Gecko) Chrome/104.0.0.0 Safari/537.36"
20.171.207.109 - - [18/Oct/2025:12:07:03 -0400] "GET /wp-content/plugins/td-composer/css-live/includes/td_live_css_ajax.php HTTP/1.1" 500 - "-" "Mozilla/5.0 AppleWebKit/537.36 (KHTML, like Gecko; compatible; GPTBot/1.2; +https://openai.com/gptbot)"
20.171.207.109 - - [18/Oct/2025:12:07:20 -0400] "GET /wp-content/plugins/td-composer/legacy/common/wp_booster/wp-admin/css/page_options/ HTTP/1.1" 200 1379 "-" "Mozilla/5.0 AppleWebKit/537.36 (KHTML, like Gecko; compatible; GPTBot/1.2; +https://openai.com/gptbot)"
65.108.78.33 - - [18/Oct/2025:12:07:37 -0400] "GET /robots.txt HTTP/1.1" 200 114 "-" "Mozilla/5.0 (compatible; MJ12bot/v1.4.8; http://mj12bot.com/)"
65.108.78.33 - - [18/Oct/2025:12:07:40 -0400] "GET /verde-casino-%EF%B8%8F-najlepsze-kasyno-online-w-polsce/ HTTP/1.1" 404 60916 "-" "Mozilla/5.0 (compatible; MJ12bot/v1.4.8; http://mj12bot.com/)"
216.73.216.87 - - [18/Oct/2025:12:07:56 -0400] "GET /about-us HTTP/1.1" 301 - "-" "Mozilla/5.0 AppleWebKit/537.36 (KHTML, like Gecko; compatible; ClaudeBot/1.0; [email protected])"
216.73.216.87 - - [18/Oct/2025:12:07:57 -0400] "GET /about-us/ HTTP/1.1" 200 55667 "https://herintalk.com/about-us" "Mozilla/5.0 AppleWebKit/537.36 (KHTML, like Gecko; compatible; ClaudeBot/1.0; [email protected])"
20.171.207.109 - - [18/Oct/2025:12:08:11 -0400] "GET /wp-content/plugins/td-composer/legacy/common/wp_booster/wp-admin/css/tooltip.less HTTP/1.1" 200 7580 "-" "Mozilla/5.0 AppleWebKit/537.36 (KHTML, like Gecko; compatible; GPTBot/1.2; +https://openai.com/gptbot)"
20.171.207.109 - - [18/Oct/2025:12:08:58 -0400] "GET /wp-content/plugins/td-composer/css-live/assets/external/ HTTP/1.1" 200 1098 "-" "Mozilla/5.0 AppleWebKit/537.36 (KHTML, like Gecko; compatible; GPTBot/1.2; +https://openai.com/gptbot)"
103.82.134.53 - - [18/Oct/2025:12:09:33 -0400] "GET /wp-login.php HTTP/1.1" 200 5973 "-" "Mozilla/5.0 (Macintosh; Intel Mac OS X 10_13_1) AppleWebKit/537.36 (KHTML, like Gecko) Chrome/65.0.3325.181 Safari/537.36"
103.82.134.53 - - [18/Oct/2025:12:09:34 -0400] "POST /wp-login.php HTTP/1.1" 200 6410 "https://herintalk.com/wp-login.php" "Mozilla/5.0 (Macintosh; Intel Mac OS X 10_13_1) AppleWebKit/537.36 (KHTML, like Gecko) Chrome/65.0.3325.181 Safari/537.36"
20.171.207.109 - - [18/Oct/2025:12:09:40 -0400] "GET /wp-content/plugins/td-composer/legacy/common/wp_booster/wp-admin/css/panel/page-builder.less HTTP/1.1" 200 17103 "-" "Mozilla/5.0 AppleWebKit/537.36 (KHTML, like Gecko; compatible; GPTBot/1.2; +https://openai.com/gptbot)"
196.251.87.191 - - [18/Oct/2025:12:10:01 -0400] "GET /index.php?option=com_myblog&task=ajaxupload HTTP/1.1" 301 - "-" "ALittle Client"
20.171.207.109 - - [18/Oct/2025:12:10:15 -0400] "GET /wp-content/plugins/td-composer/legacy/common/wp_booster/wp-admin/css/panel/footer.less HTTP/1.1" 200 1679 "-" "Mozilla/5.0 AppleWebKit/537.36 (KHTML, like Gecko; compatible; GPTBot/1.2; +https://openai.com/gptbot)"
196.251.87.191 - - [18/Oct/2025:12:10:39 -0400] "GET /?option=com_myblog&task=ajaxupload HTTP/1.1" 200 144716 "-" "ALittle Client"
20.171.207.109 - - [18/Oct/2025:12:10:48 -0400] "GET /wp-content/plugins/td-composer/legacy/common/wp_booster/wp-admin/css/panel/box.less HTTP/1.1" 200 21111 "-" "Mozilla/5.0 AppleWebKit/537.36 (KHTML, like Gecko; compatible; GPTBot/1.2; +https://openai.com/gptbot)"
20.171.207.109 - - [18/Oct/2025:12:11:18 -0400] "GET /wp-content/plugins/td-composer/legacy/common/wp_booster/wp-admin/css/components/ HTTP/1.1" 200 1182 "-" "Mozilla/5.0 AppleWebKit/537.36 (KHTML, like Gecko; compatible; GPTBot/1.2; +https://openai.com/gptbot)"
177.47.229.69 - - [18/Oct/2025:12:11:35 -0400] "GET /wp-content/uploads/2018/09/Magna-RX-lasting-erection-harder.jpg HTTP/1.1" 200 61095 "-" "Mozilla/5.0 (Windows NT 6.1; ) AppleWebKit/537.36 (KHTML, like Gecko) Chrome/83.0.4103.116 Safari/537.36"
20.171.207.109 - - [18/Oct/2025:12:11:45 -0400] "GET /wp-content/plugins/td-composer/legacy/common/wp_booster/wp-admin/css/wp_panels/ HTTP/1.1" 200 1904 "-" "Mozilla/5.0 AppleWebKit/537.36 (KHTML, like Gecko; compatible; GPTBot/1.2; +https://openai.com/gptbot)"
20.171.207.109 - - [18/Oct/2025:12:12:09 -0400] "GET /wp-content/plugins/td-composer/legacy/common/wp_booster/wp-admin/css/prepros.cfg HTTP/1.1" 200 17983 "-" "Mozilla/5.0 AppleWebKit/537.36 (KHTML, like Gecko; compatible; GPTBot/1.2; +https://openai.com/gptbot)"
20.171.207.109 - - [18/Oct/2025:12:12:31 -0400] "GET /wp-content/plugins/td-composer/legacy/common/wp_booster/wp-admin/css/panel/content.less HTTP/1.1" 200 5526 "-" "Mozilla/5.0 AppleWebKit/537.36 (KHTML, like Gecko; compatible; GPTBot/1.2; +https://openai.com/gptbot)"
20.171.207.109 - - [18/Oct/2025:12:12:51 -0400] "GET /wp-content/plugins/td-composer/legacy/common/wp_booster/wp-admin/css/wp-admin.css HTTP/1.1" 200 166914 "-" "Mozilla/5.0 AppleWebKit/537.36 (KHTML, like Gecko; compatible; GPTBot/1.2; +https://openai.com/gptbot)"
20.171.207.109 - - [18/Oct/2025:12:13:09 -0400] "GET /wp-content/plugins/td-composer/td-multi-purpose/css/style-admin.css HTTP/1.1" 200 1625 "-" "Mozilla/5.0 AppleWebKit/537.36 (KHTML, like Gecko; compatible; GPTBot/1.2; +https://openai.com/gptbot)"
20.171.207.109 - - [18/Oct/2025:12:13:25 -0400] "GET /wp-content/plugins/td-composer/legacy/common/wp_booster/wp-admin/css/page_options/td-tabs.less HTTP/1.1" 200 835 "-" "Mozilla/5.0 AppleWebKit/537.36 (KHTML, like Gecko; compatible; GPTBot/1.2; +https://openai.com/gptbot)"
20.171.207.109 - - [18/Oct/2025:12:13:39 -0400] "GET /wp-content/plugins/td-composer/legacy/common/wp_booster/wp-admin/css/wp_panels/activation.less HTTP/1.1" 200 7647 "-" "Mozilla/5.0 AppleWebKit/537.36 (KHTML, like Gecko; compatible; GPTBot/1.2; +https://openai.com/gptbot)"
223.109.255.223 - - [18/Oct/2025:12:13:40 -0400] "GET /wp-content/uploads/2018/08/origin-keto-diet--218x150.jpg HTTP/1.1" 404 60916 "http://pic.sogou.com" "Sogou Pic Spider/3.0(+http://www.sogou.com/docs/help/webmasters.htm#07)"
20.171.207.109 - - [18/Oct/2025:12:13:52 -0400] "GET /wp-content/plugins/td-composer/legacy/common/wp_booster/wp-admin/css/wp_panels/system_status.less HTTP/1.1" 200 5971 "-" "Mozilla/5.0 AppleWebKit/537.36 (KHTML, like Gecko; compatible; GPTBot/1.2; +https://openai.com/gptbot)"
20.171.207.109 - - [18/Oct/2025:12:14:04 -0400] "GET /wp-content/plugins/td-composer/css-live/assets/external/less.min.js HTTP/1.1" 200 143765 "-" "Mozilla/5.0 AppleWebKit/537.36 (KHTML, like Gecko; compatible; GPTBot/1.2; +https://openai.com/gptbot)"
20.171.207.109 - - [18/Oct/2025:12:14:14 -0400] "GET /wp-content/plugins/td-composer/legacy/common/wp_booster/wp-admin/css/page_options/td-metabox.less HTTP/1.1" 200 1667 "-" "Mozilla/5.0 AppleWebKit/537.36 (KHTML, like Gecko; compatible; GPTBot/1.2; +https://openai.com/gptbot)"
216.73.216.87 - - [18/Oct/2025:12:14:20 -0400] "GET /7-tips-applying-makeup-dry-skin HTTP/1.1" 301 - "-" "Mozilla/5.0 AppleWebKit/537.36 (KHTML, like Gecko; compatible; ClaudeBot/1.0; [email protected])"
216.73.216.87 - - [18/Oct/2025:12:14:20 -0400] "GET /easy-tips-make-eyebrows-shape-perfect HTTP/1.1" 301 - "-" "Mozilla/5.0 AppleWebKit/537.36 (KHTML, like Gecko; compatible; ClaudeBot/1.0; [email protected])"
216.73.216.87 - - [18/Oct/2025:12:14:21 -0400] "GET /7-tips-applying-makeup-dry-skin/ HTTP/1.1" 200 86551 "https://herintalk.com/7-tips-applying-makeup-dry-skin" "Mozilla/5.0 AppleWebKit/537.36 (KHTML, like Gecko; compatible; ClaudeBot/1.0; [email protected])"
216.73.216.87 - - [18/Oct/2025:12:14:21 -0400] "GET /easy-tips-make-eyebrows-shape-perfect/ HTTP/1.1" 200 86595 "https://herintalk.com/easy-tips-make-eyebrows-shape-perfect" "Mozilla/5.0 AppleWebKit/537.36 (KHTML, like Gecko; compatible; ClaudeBot/1.0; [email protected])"
20.171.207.109 - - [18/Oct/2025:12:14:24 -0400] "GET /wp-content/plugins/td-composer/css-live/assets/external/ace/ HTTP/1.1" 200 2943 "-" "Mozilla/5.0 AppleWebKit/537.36 (KHTML, like Gecko; compatible; GPTBot/1.2; +https://openai.com/gptbot)"
20.171.207.109 - - [18/Oct/2025:12:14:32 -0400] "GET /wp-content/plugins/td-composer/legacy/common/wp_booster/wp-admin/css/components/notifications.less HTTP/1.1" 200 699 "-" "Mozilla/5.0 AppleWebKit/537.36 (KHTML, like Gecko; compatible; GPTBot/1.2; +https://openai.com/gptbot)"
20.171.207.109 - - [18/Oct/2025:12:14:39 -0400] "GET /wp-content/plugins/td-composer/legacy/Newspaper/assets/images/pagebuilder/news-ticker.png HTTP/1.1" 200 211 "-" "Mozilla/5.0 AppleWebKit/537.36 (KHTML, like Gecko; compatible; GPTBot/1.2; +https://openai.com/gptbot)"
20.171.207.109 - - [18/Oct/2025:12:14:47 -0400] "GET /wp-content/plugins/td-composer/legacy/common/wp_booster/wp-admin/css/panel/theme-panel-general.less HTTP/1.1" 200 1042 "-" "Mozilla/5.0 AppleWebKit/537.36 (KHTML, like Gecko; compatible; GPTBot/1.2; +https://openai.com/gptbot)"
20.171.207.109 - - [18/Oct/2025:12:14:53 -0400] "GET /wp-content/plugins/td-composer/td-multi-purpose/td-blocks-red-pack/images/pagebuilder/tdc-icons.png HTTP/1.1" 404 60916 "-" "Mozilla/5.0 AppleWebKit/537.36 (KHTML, like Gecko; compatible; GPTBot/1.2; +https://openai.com/gptbot)"
20.171.207.109 - - [18/Oct/2025:12:14:58 -0400] "GET /wp-content/plugins/td-composer/td-multi-purpose/td-blocks-red-pack/images/pagebuilder/block_rd_1.png HTTP/1.1" 404 60916 "-" "Mozilla/5.0 AppleWebKit/537.36 (KHTML, like Gecko; compatible; GPTBot/1.2; +https://openai.com/gptbot)"
20.171.207.109 - - [18/Oct/2025:12:15:04 -0400] "GET /wp-content/plugins/td-composer/legacy/Newspaper/assets/images/pagebuilder/categ.png HTTP/1.1" 200 206 "-" "Mozilla/5.0 AppleWebKit/537.36 (KHTML, like Gecko; compatible; GPTBot/1.2; +https://openai.com/gptbot)"
20.171.207.109 - - [18/Oct/2025:12:15:09 -0400] "GET /wp-content/plugins/td-composer/legacy/Newspaper/assets/images/pagebuilder/title.png HTTP/1.1" 200 202 "-" "Mozilla/5.0 AppleWebKit/537.36 (KHTML, like Gecko; compatible; GPTBot/1.2; +https://openai.com/gptbot)"
20.171.207.109 - - [18/Oct/2025:12:15:14 -0400] "GET /wp-content/plugins/td-composer/legacy/Newspaper/assets/images/panel/demos/popular-badge-retina.png HTTP/1.1" 200 2403 "-" "Mozilla/5.0 AppleWebKit/537.36 (KHTML, like Gecko; compatible; GPTBot/1.2; +https://openai.com/gptbot)"
20.171.207.109 - - [18/Oct/2025:12:15:18 -0400] "GET /wp-content/plugins/td-composer/legacy/Newspaper/assets/images/pagebuilder/social-counter.png HTTP/1.1" 200 341 "-" "Mozilla/5.0 AppleWebKit/537.36 (KHTML, like Gecko; compatible; GPTBot/1.2; +https://openai.com/gptbot)"
20.171.207.109 - - [18/Oct/2025:12:15:22 -0400] "GET /wp-content/plugins/td-composer/legacy/Newspaper/assets/images/pagebuilder/slider.png HTTP/1.1" 200 393 "-" "Mozilla/5.0 AppleWebKit/537.36 (KHTML, like Gecko; compatible; GPTBot/1.2; +https://openai.com/gptbot)"
20.171.207.109 - - [18/Oct/2025:12:15:26 -0400] "GET /wp-content/plugins/td-composer/legacy/Newspaper/assets/images/pagebuilder/weather.png HTTP/1.1" 200 869 "-" "Mozilla/5.0 AppleWebKit/537.36 (KHTML, like Gecko; compatible; GPTBot/1.2; +https://openai.com/gptbot)"
20.171.207.109 - - [18/Oct/2025:12:15:29 -0400] "GET /wp-content/plugins/td-composer/legacy/Newspaper/assets/images/pagebuilder/custom-box.png HTTP/1.1" 200 183 "-" "Mozilla/5.0 AppleWebKit/537.36 (KHTML, like Gecko; compatible; GPTBot/1.2; +https://openai.com/gptbot)"
20.171.207.109 - - [18/Oct/2025:12:15:32 -0400] "GET /wp-content/plugins/td-composer/legacy/common/wp_booster/wp-admin/images/panel/panel-icons/ico-mobile.png HTTP/1.1" 404 60916 "-" "Mozilla/5.0 AppleWebKit/537.36 (KHTML, like Gecko; compatible; GPTBot/1.2; +https://openai.com/gptbot)"
20.171.207.109 - - [18/Oct/2025:12:15:34 -0400] "GET /wp-content/plugins/td-composer/legacy/Newspaper/assets/images/panel/demos/popular-badge.png HTTP/1.1" 200 1165 "-" "Mozilla/5.0 AppleWebKit/537.36 (KHTML, like Gecko; compatible; GPTBot/1.2; +https://openai.com/gptbot)"
20.171.207.109 - - [18/Oct/2025:12:15:37 -0400] "GET /wp-content/plugins/td-composer/legacy/Newspaper/assets/images/pagebuilder/exchange.png HTTP/1.1" 200 665 "-" "Mozilla/5.0 AppleWebKit/537.36 (KHTML, like Gecko; compatible; GPTBot/1.2; +https://openai.com/gptbot)"
20.171.207.109 - - [18/Oct/2025:12:15:39 -0400] "GET /wp-content/plugins/td-composer/legacy/Newspaper/assets/images/pagebuilder/pinterest.png HTTP/1.1" 200 491 "-" "Mozilla/5.0 AppleWebKit/537.36 (KHTML, like Gecko; compatible; GPTBot/1.2; +https://openai.com/gptbot)"
