20.171.207.109 - - [18/Oct/2025:10:22:05 -0400] "GET /wp-content/plugins/td-composer/includes/?C=D;O=D HTTP/1.1" 200 3612 "-" "Mozilla/5.0 AppleWebKit/537.36 (KHTML, like Gecko; compatible; GPTBot/1.2; +https://openai.com/gptbot)"
216.73.216.87 - - [18/Oct/2025:10:23:06 -0400] "GET /diamond-essence-face-cream HTTP/1.1" 301 - "-" "Mozilla/5.0 AppleWebKit/537.36 (KHTML, like Gecko; compatible; ClaudeBot/1.0; [email protected])"
216.73.216.87 - - [18/Oct/2025:10:23:07 -0400] "GET /diamond-essence-face-cream/ HTTP/1.1" 200 87331 "https://herintalk.com/diamond-essence-face-cream" "Mozilla/5.0 AppleWebKit/537.36 (KHTML, like Gecko; compatible; ClaudeBot/1.0; [email protected])"
20.171.207.109 - - [18/Oct/2025:10:23:09 -0400] "GET /wp-content/plugins/td-composer/assets/?C=D;O=D HTTP/1.1" 200 1566 "-" "Mozilla/5.0 AppleWebKit/537.36 (KHTML, like Gecko; compatible; GPTBot/1.2; +https://openai.com/gptbot)"
20.171.207.109 - - [18/Oct/2025:10:24:07 -0400] "GET /wp-content/plugins/td-composer/legacy/common/wp_booster/wp-admin/?C=S;O=A HTTP/1.1" 200 2181 "-" "Mozilla/5.0 AppleWebKit/537.36 (KHTML, like Gecko; compatible; GPTBot/1.2; +https://openai.com/gptbot)"
20.171.207.109 - - [18/Oct/2025:10:24:58 -0400] "GET /wp-content/plugins/td-composer/assets/?C=N;O=A HTTP/1.1" 200 1566 "-" "Mozilla/5.0 AppleWebKit/537.36 (KHTML, like Gecko; compatible; GPTBot/1.2; +https://openai.com/gptbot)"
223.109.252.174 - - [18/Oct/2025:10:25:00 -0400] "GET / HTTP/1.1" 200 144526 "-" "Sogou web spider/4.0(+http://www.sogou.com/docs/help/webmasters.htm#07)"
216.73.216.87 - - [18/Oct/2025:10:25:22 -0400] "GET /?p=7998 HTTP/1.1" 301 - "-" "Mozilla/5.0 AppleWebKit/537.36 (KHTML, like Gecko; compatible; ClaudeBot/1.0; [email protected])"
216.73.216.87 - - [18/Oct/2025:10:25:23 -0400] "GET /halocel-eye-serum-and-naturacel/ HTTP/1.1" 200 87860 "https://herintalk.com/?p=7998" "Mozilla/5.0 AppleWebKit/537.36 (KHTML, like Gecko; compatible; ClaudeBot/1.0; [email protected])"
20.171.207.109 - - [18/Oct/2025:10:25:46 -0400] "GET /wp-content/plugins/td-composer/legacy/common/wp_booster/wp-admin/external/wpalchemy/?C=D;O=D HTTP/1.1" 200 1192 "-" "Mozilla/5.0 AppleWebKit/537.36 (KHTML, like Gecko; compatible; GPTBot/1.2; +https://openai.com/gptbot)"
194.164.126.55 - - [18/Oct/2025:10:26:24 -0400] "GET /wp-login.php HTTP/1.1" 200 5973 "-" "Mozilla/5.0 (Macintosh; Intel Mac OS X 10_12) AppleWebKit/604.4.7 (KHTML, like Gecko) Version/10.0 Safari/602.1.31"
20.171.207.109 - - [18/Oct/2025:10:26:26 -0400] "GET /wp-content/plugins/td-composer/td-multi-purpose/images/panel/sub_footer_templates/?C=D;O=A HTTP/1.1" 200 1002 "-" "Mozilla/5.0 AppleWebKit/537.36 (KHTML, like Gecko; compatible; GPTBot/1.2; +https://openai.com/gptbot)"
194.164.126.55 - - [18/Oct/2025:10:26:26 -0400] "POST /wp-login.php HTTP/1.1" 200 6410 "https://herintalk.com/wp-login.php" "Mozilla/5.0 (Macintosh; Intel Mac OS X 10_12) AppleWebKit/604.4.7 (KHTML, like Gecko) Version/10.0 Safari/602.1.31"
20.171.207.109 - - [18/Oct/2025:10:27:02 -0400] "GET /wp-content/plugins/td-composer/assets/?C=S;O=D HTTP/1.1" 200 1566 "-" "Mozilla/5.0 AppleWebKit/537.36 (KHTML, like Gecko; compatible; GPTBot/1.2; +https://openai.com/gptbot)"
20.171.207.109 - - [18/Oct/2025:10:27:36 -0400] "GET /wp-content/plugins/td-composer/legacy/common/wp_booster/wp-admin/external/wpalchemy/?C=N;O=A HTTP/1.1" 200 1192 "-" "Mozilla/5.0 AppleWebKit/537.36 (KHTML, like Gecko; compatible; GPTBot/1.2; +https://openai.com/gptbot)"
37.24.161.119 - - [18/Oct/2025:10:28:02 -0400] "GET /wp-login.php HTTP/1.1" 200 5973 "-" "Mozilla/5.0 (Windows NT 6.1; WOW64; Trident/7.0; NP08; NP08; MAAU; rv:11.0) like Gecko"
37.24.161.119 - - [18/Oct/2025:10:28:03 -0400] "POST /wp-login.php HTTP/1.1" 200 6411 "https://herintalk.com/wp-login.php" "Mozilla/5.0 (Windows NT 6.1; WOW64; Trident/7.0; NP08; NP08; MAAU; rv:11.0) like Gecko"
20.171.207.109 - - [18/Oct/2025:10:28:04 -0400] "GET /wp-content/plugins/td-composer/legacy/common/wp_booster/wp-admin/?C=N;O=D HTTP/1.1" 200 2181 "-" "Mozilla/5.0 AppleWebKit/537.36 (KHTML, like Gecko; compatible; GPTBot/1.2; +https://openai.com/gptbot)"
20.171.207.109 - - [18/Oct/2025:10:28:32 -0400] "GET /wp-content/plugins/td-composer/assets/?C=M;O=D HTTP/1.1" 200 1566 "-" "Mozilla/5.0 AppleWebKit/537.36 (KHTML, like Gecko; compatible; GPTBot/1.2; +https://openai.com/gptbot)"
216.73.216.87 - - [18/Oct/2025:10:28:39 -0400] "GET /testoforce HTTP/1.1" 301 - "-" "Mozilla/5.0 AppleWebKit/537.36 (KHTML, like Gecko; compatible; ClaudeBot/1.0; [email protected])"
216.73.216.87 - - [18/Oct/2025:10:28:40 -0400] "GET /testoforce/ HTTP/1.1" 200 86372 "https://herintalk.com/testoforce" "Mozilla/5.0 AppleWebKit/537.36 (KHTML, like Gecko; compatible; ClaudeBot/1.0; [email protected])"
89.248.172.183 - - [18/Oct/2025:10:28:49 -0400] "POST /wp-json/tdw/save_css HTTP/1.1" 401 98 "-" "Mozilla/5.0 (Windows NT 10.0) AppleWebKit/537.36 (KHTML, like Gecko) Chrome/104.0.0.0 Safari/537.36"
20.171.207.109 - - [18/Oct/2025:10:28:56 -0400] "GET /wp-content/plugins/td-composer/td-multi-purpose/images/panel/sub_footer_templates/?C=M;O=A HTTP/1.1" 200 1002 "-" "Mozilla/5.0 AppleWebKit/537.36 (KHTML, like Gecko; compatible; GPTBot/1.2; +https://openai.com/gptbot)"
20.171.207.109 - - [18/Oct/2025:10:29:17 -0400] "GET /wp-content/plugins/td-composer/legacy/common/wp_booster/wp-admin/external/wpalchemy/MetaBox.php HTTP/1.1" 500 - "-" "Mozilla/5.0 AppleWebKit/537.36 (KHTML, like Gecko; compatible; GPTBot/1.2; +https://openai.com/gptbot)"
20.171.207.109 - - [18/Oct/2025:10:29:37 -0400] "GET /wp-content/plugins/td-composer/legacy/common/wp_booster/wp-admin/?C=S;O=D HTTP/1.1" 200 2181 "-" "Mozilla/5.0 AppleWebKit/537.36 (KHTML, like Gecko; compatible; GPTBot/1.2; +https://openai.com/gptbot)"
78.41.85.67 - - [18/Oct/2025:10:30:14 -0400] "GET /wp-content/uploads/2015/12/Inherited-bleeding-disorder.jpg HTTP/1.1" 200 55669 "-" "Mozilla/5.0 (Windows NT 10.0; Win64; x64) AppleWebKit/537.36 (KHTML, like Gecko) Chrome/123.0.0.0 Safari/537.36 Edg/123.0.0.0"
66.249.68.8 - - [18/Oct/2025:10:30:27 -0400] "GET /robots.txt HTTP/1.1" 200 114 "-" "Mozilla/5.0 (compatible; Googlebot/2.1; +http://www.google.com/bot.html)"
66.249.68.2 - - [18/Oct/2025:10:30:28 -0400] "GET /tag/sexual-wellness/ HTTP/1.1" 404 42973 "-" "Mozilla/5.0 (Linux; Android 6.0.1; Nexus 5X Build/MMB29P) AppleWebKit/537.36 (KHTML, like Gecko) Chrome/140.0.7339.207 Mobile Safari/537.36 (compatible; Googlebot/2.1; +http://www.google.com/bot.html)"
20.171.207.109 - - [18/Oct/2025:10:30:39 -0400] "GET /wp-content/plugins/td-composer/td-multi-purpose/images/panel/sub_footer_templates/?C=S;O=A HTTP/1.1" 200 1002 "-" "Mozilla/5.0 AppleWebKit/537.36 (KHTML, like Gecko; compatible; GPTBot/1.2; +https://openai.com/gptbot)"
54.36.95.199 - - [18/Oct/2025:10:30:53 -0400] "POST /xmlrpc.php HTTP/1.1" 200 401 "-" "Mozilla/5.0 (Windows NT 6.2; Win64; x64) AppleWebKit/537.36 (KHTML, like Gecko) Chrome/52.0.2743.116 Safari/537.36 Edge/15.15063"
216.73.216.87 - - [18/Oct/2025:10:31:00 -0400] "GET /testonemax HTTP/1.1" 301 - "-" "Mozilla/5.0 AppleWebKit/537.36 (KHTML, like Gecko; compatible; ClaudeBot/1.0; [email protected])"
216.73.216.87 - - [18/Oct/2025:10:31:01 -0400] "GET /testonemax/ HTTP/1.1" 200 85632 "https://herintalk.com/testonemax" "Mozilla/5.0 AppleWebKit/537.36 (KHTML, like Gecko; compatible; ClaudeBot/1.0; [email protected])"
20.171.207.109 - - [18/Oct/2025:10:31:31 -0400] "GET /wp-content/plugins/td-composer/includes/wpeditor.php HTTP/1.1" 500 - "-" "Mozilla/5.0 AppleWebKit/537.36 (KHTML, like Gecko; compatible; GPTBot/1.2; +https://openai.com/gptbot)"
20.171.207.109 - - [18/Oct/2025:10:32:18 -0400] "GET /wp-content/plugins/td-composer/includes/tdc_map.php HTTP/1.1" 500 - "-" "Mozilla/5.0 AppleWebKit/537.36 (KHTML, like Gecko; compatible; GPTBot/1.2; +https://openai.com/gptbot)"
20.171.207.109 - - [18/Oct/2025:10:33:23 -0400] "GET /wp-content/plugins/td-composer/includes/tdc_ajax.php HTTP/1.1" 500 - "-" "Mozilla/5.0 AppleWebKit/537.36 (KHTML, like Gecko; compatible; GPTBot/1.2; +https://openai.com/gptbot)"
216.73.216.87 - - [18/Oct/2025:10:33:50 -0400] "GET /?p=8984 HTTP/1.1" 301 - "-" "Mozilla/5.0 AppleWebKit/537.36 (KHTML, like Gecko; compatible; ClaudeBot/1.0; [email protected])"
216.73.216.87 - - [18/Oct/2025:10:33:51 -0400] "GET /dyna-test-xplode/ HTTP/1.1" 200 85942 "https://herintalk.com/?p=8984" "Mozilla/5.0 AppleWebKit/537.36 (KHTML, like Gecko; compatible; ClaudeBot/1.0; [email protected])"
20.171.207.109 - - [18/Oct/2025:10:34:26 -0400] "GET /wp-content/plugins/td-composer/td-multi-purpose/images/panel/sub_footer_templates/?C=M;O=D HTTP/1.1" 200 1002 "-" "Mozilla/5.0 AppleWebKit/537.36 (KHTML, like Gecko; compatible; GPTBot/1.2; +https://openai.com/gptbot)"
20.171.207.109 - - [18/Oct/2025:10:35:30 -0400] "GET /wp-content/plugins/td-composer/includes/tdc_main.php HTTP/1.1" 500 - "-" "Mozilla/5.0 AppleWebKit/537.36 (KHTML, like Gecko; compatible; GPTBot/1.2; +https://openai.com/gptbot)"
40.77.167.16 - - [18/Oct/2025:10:35:35 -0400] "GET /le-reviva-cream/ HTTP/1.1" 200 87933 "-" "Mozilla/5.0 AppleWebKit/537.36 (KHTML, like Gecko; compatible; bingbot/2.0; +http://www.bing.com/bingbot.htm) Chrome/116.0.1938.76 Safari/537.36"
20.171.207.109 - - [18/Oct/2025:10:36:29 -0400] "GET /wp-content/plugins/td-composer/includes/tdc_composer_block.php HTTP/1.1" 500 - "-" "Mozilla/5.0 AppleWebKit/537.36 (KHTML, like Gecko; compatible; GPTBot/1.2; +https://openai.com/gptbot)"
20.171.207.109 - - [18/Oct/2025:10:37:31 -0400] "GET /wp-content/plugins/td-composer/td-multi-purpose/images/panel/sub_footer_templates/?C=N;O=A HTTP/1.1" 200 1002 "-" "Mozilla/5.0 AppleWebKit/537.36 (KHTML, like Gecko; compatible; GPTBot/1.2; +https://openai.com/gptbot)"
20.171.207.109 - - [18/Oct/2025:10:38:32 -0400] "GET /wp-content/plugins/td-composer/assets/images/sidebar/website_interface/?C=M;O=A HTTP/1.1" 200 966 "-" "Mozilla/5.0 AppleWebKit/537.36 (KHTML, like Gecko; compatible; GPTBot/1.2; +https://openai.com/gptbot)"
89.248.172.183 - - [18/Oct/2025:10:38:33 -0400] "POST /wp-json/tdw/save_css HTTP/1.1" 401 98 "-" "Mozilla/5.0 (Windows NT 10.0) AppleWebKit/537.36 (KHTML, like Gecko) Chrome/104.0.0.0 Safari/537.36"
216.73.216.87 - - [18/Oct/2025:10:39:03 -0400] "GET /?p=2293 HTTP/1.1" 301 - "-" "Mozilla/5.0 AppleWebKit/537.36 (KHTML, like Gecko; compatible; ClaudeBot/1.0; [email protected])"
216.73.216.87 - - [18/Oct/2025:10:39:03 -0400] "GET /7-summer-must-haves-for-your-wardrobe/ HTTP/1.1" 200 88242 "https://herintalk.com/?p=2293" "Mozilla/5.0 AppleWebKit/537.36 (KHTML, like Gecko; compatible; ClaudeBot/1.0; [email protected])"
20.171.207.109 - - [18/Oct/2025:10:39:30 -0400] "GET /wp-content/plugins/td-composer/assets/images/sidebar/website_interface/?C=S;O=A HTTP/1.1" 200 966 "-" "Mozilla/5.0 AppleWebKit/537.36 (KHTML, like Gecko; compatible; GPTBot/1.2; +https://openai.com/gptbot)"
216.73.216.87 - - [18/Oct/2025:10:39:38 -0400] "GET /?p=10924 HTTP/1.1" 301 - "-" "Mozilla/5.0 AppleWebKit/537.36 (KHTML, like Gecko; compatible; ClaudeBot/1.0; [email protected])"
216.73.216.87 - - [18/Oct/2025:10:39:38 -0400] "GET /joint-renew/ HTTP/1.1" 200 84614 "https://herintalk.com/?p=10924" "Mozilla/5.0 AppleWebKit/537.36 (KHTML, like Gecko; compatible; ClaudeBot/1.0; [email protected])"
20.171.207.109 - - [18/Oct/2025:10:40:22 -0400] "GET /wp-content/plugins/td-composer/legacy/?C=S;O=A HTTP/1.1" 200 1048 "-" "Mozilla/5.0 AppleWebKit/537.36 (KHTML, like Gecko; compatible; GPTBot/1.2; +https://openai.com/gptbot)"
20.171.207.109 - - [18/Oct/2025:10:41:09 -0400] "GET /wp-content/plugins/td-composer/td-multi-purpose/images/panel/sub_footer_templates/?C=D;O=D HTTP/1.1" 200 1002 "-" "Mozilla/5.0 AppleWebKit/537.36 (KHTML, like Gecko; compatible; GPTBot/1.2; +https://openai.com/gptbot)"
20.171.207.109 - - [18/Oct/2025:10:41:51 -0400] "GET /wp-content/plugins/td-composer/assets/images/sidebar/website_interface/?C=N;O=D HTTP/1.1" 200 966 "-" "Mozilla/5.0 AppleWebKit/537.36 (KHTML, like Gecko; compatible; GPTBot/1.2; +https://openai.com/gptbot)"
216.73.216.87 - - [18/Oct/2025:10:41:54 -0400] "GET /?p=8002 HTTP/1.1" 301 - "-" "Mozilla/5.0 AppleWebKit/537.36 (KHTML, like Gecko; compatible; ClaudeBot/1.0; [email protected])"
216.73.216.87 - - [18/Oct/2025:10:41:55 -0400] "GET /revita-derma-face-cream/ HTTP/1.1" 200 89006 "https://herintalk.com/?p=8002" "Mozilla/5.0 AppleWebKit/537.36 (KHTML, like Gecko; compatible; ClaudeBot/1.0; [email protected])"
216.73.216.87 - - [18/Oct/2025:10:42:24 -0400] "GET /?p=12504 HTTP/1.1" 301 - "-" "Mozilla/5.0 AppleWebKit/537.36 (KHTML, like Gecko; compatible; ClaudeBot/1.0; [email protected])"
216.73.216.87 - - [18/Oct/2025:10:42:25 -0400] "GET /nuhydrate/ HTTP/1.1" 200 85761 "https://herintalk.com/?p=12504" "Mozilla/5.0 AppleWebKit/537.36 (KHTML, like Gecko; compatible; ClaudeBot/1.0; [email protected])"
20.171.207.109 - - [18/Oct/2025:10:42:28 -0400] "GET /wp-content/plugins/td-composer/td-multi-purpose/images/panel/sub_footer_templates/?C=N;O=D HTTP/1.1" 200 1002 "-" "Mozilla/5.0 AppleWebKit/537.36 (KHTML, like Gecko; compatible; GPTBot/1.2; +https://openai.com/gptbot)"
216.73.216.87 - - [18/Oct/2025:10:42:51 -0400] "GET /7-summer-must-haves-for-your-wardrobe/feed HTTP/1.1" 301 - "-" "Mozilla/5.0 AppleWebKit/537.36 (KHTML, like Gecko; compatible; ClaudeBot/1.0; [email protected])"
216.73.216.87 - - [18/Oct/2025:10:42:52 -0400] "GET /7-summer-must-haves-for-your-wardrobe/feed/ HTTP/1.1" 200 840 "https://herintalk.com/7-summer-must-haves-for-your-wardrobe/feed" "Mozilla/5.0 AppleWebKit/537.36 (KHTML, like Gecko; compatible; ClaudeBot/1.0; [email protected])"
20.171.207.109 - - [18/Oct/2025:10:43:01 -0400] "GET /wp-content/plugins/td-composer/legacy/?C=N;O=D HTTP/1.1" 200 1048 "-" "Mozilla/5.0 AppleWebKit/537.36 (KHTML, like Gecko; compatible; GPTBot/1.2; +https://openai.com/gptbot)"
20.171.207.109 - - [18/Oct/2025:10:43:31 -0400] "GET /wp-content/plugins/td-composer/legacy/?C=M;O=A HTTP/1.1" 200 1048 "-" "Mozilla/5.0 AppleWebKit/537.36 (KHTML, like Gecko; compatible; GPTBot/1.2; +https://openai.com/gptbot)"
158.46.188.222 - - [18/Oct/2025:10:43:45 -0400] "GET /wp-content/uploads/2014/04/art.jpg HTTP/1.1" 200 13246 "-" "Mozilla/5.0 (Windows NT 10.0; Win64; x64) AppleWebKit/537.36 (KHTML, like Gecko) Chrome/123.0.0.0 Safari/537.36"
157.245.200.131 - - [18/Oct/2025:10:43:56 -0400] "POST /xmlrpc.php HTTP/1.1" 200 401 "-" "Mozilla/5.0 (Macintosh; Intel Mac OS X 10_13_5) AppleWebKit/605.1.15 (KHTML, like Gecko) Version/11.1.1 Safari/605.1.15"
20.171.207.109 - - [18/Oct/2025:10:43:57 -0400] "GET /wp-content/plugins/td-composer/td-multi-purpose/images/panel/sub_footer_templates/?C=S;O=D HTTP/1.1" 200 1002 "-" "Mozilla/5.0 AppleWebKit/537.36 (KHTML, like Gecko; compatible; GPTBot/1.2; +https://openai.com/gptbot)"
103.176.179.166 - - [18/Oct/2025:10:43:58 -0400] "POST /xmlrpc.php HTTP/1.1" 200 401 "-" "Mozilla/5.0 (Windows NT 10.0; WOW64) AppleWebKit/537.36 (KHTML, like Gecko) Chrome/66.0.3359.170 Safari/537.36"
89.248.172.183 - - [18/Oct/2025:10:44:04 -0400] "POST /wp-json/tdw/save_css HTTP/1.1" 401 98 "-" "Mozilla/5.0 (Windows NT 10.0) AppleWebKit/537.36 (KHTML, like Gecko) Chrome/104.0.0.0 Safari/537.36"
20.171.207.109 - - [18/Oct/2025:10:44:23 -0400] "GET /wp-content/plugins/td-composer/assets/images/sidebar/website_interface/?C=D;O=A HTTP/1.1" 200 966 "-" "Mozilla/5.0 AppleWebKit/537.36 (KHTML, like Gecko; compatible; GPTBot/1.2; +https://openai.com/gptbot)"
45.227.253.15 - - [18/Oct/2025:10:44:37 -0400] "GET /index.php/jk HTTP/1.1" 301 - "-" "Mozilla/5.0 (Macintosh; Intel Mac OS X 10.15; rv:103.0) Gecko/20100101 Firefox/102.0"
45.227.253.15 - - [18/Oct/2025:10:44:37 -0400] "GET /jk HTTP/1.1" 404 60916 "https://herintalk.com/index.php/jk" "Mozilla/5.0 (Macintosh; Intel Mac OS X 10.15; rv:103.0) Gecko/20100101 Firefox/102.0"
20.171.207.109 - - [18/Oct/2025:10:44:45 -0400] "GET /wp-content/plugins/td-composer/assets/images/sidebar/website_interface/?C=M;O=D HTTP/1.1" 200 966 "-" "Mozilla/5.0 AppleWebKit/537.36 (KHTML, like Gecko; compatible; GPTBot/1.2; +https://openai.com/gptbot)"
216.73.216.87 - - [18/Oct/2025:10:44:56 -0400] "GET /revita-beau-eye-serum HTTP/1.1" 301 - "-" "Mozilla/5.0 AppleWebKit/537.36 (KHTML, like Gecko; compatible; ClaudeBot/1.0; [email protected])"
216.73.216.87 - - [18/Oct/2025:10:44:57 -0400] "GET /revita-beau-eye-serum/ HTTP/1.1" 200 87973 "https://herintalk.com/revita-beau-eye-serum" "Mozilla/5.0 AppleWebKit/537.36 (KHTML, like Gecko; compatible; ClaudeBot/1.0; [email protected])"
20.171.207.109 - - [18/Oct/2025:10:45:05 -0400] "GET /wp-content/plugins/td-composer/legacy/?C=D;O=A HTTP/1.1" 200 1048 "-" "Mozilla/5.0 AppleWebKit/537.36 (KHTML, like Gecko; compatible; GPTBot/1.2; +https://openai.com/gptbot)"
20.171.207.109 - - [18/Oct/2025:10:45:22 -0400] "GET /wp-content/plugins/td-composer/assets/images/sidebar/website_interface/?C=S;O=D HTTP/1.1" 200 966 "-" "Mozilla/5.0 AppleWebKit/537.36 (KHTML, like Gecko; compatible; GPTBot/1.2; +https://openai.com/gptbot)"
20.171.207.109 - - [18/Oct/2025:10:45:38 -0400] "GET /wp-content/plugins/td-composer/legacy/common/wp_booster/wp-admin/images/panel/sidebar/?C=D;O=A HTTP/1.1" 200 1578 "-" "Mozilla/5.0 AppleWebKit/537.36 (KHTML, like Gecko; compatible; GPTBot/1.2; +https://openai.com/gptbot)"
20.171.207.109 - - [18/Oct/2025:10:45:53 -0400] "GET /wp-content/plugins/td-composer/legacy/Newspaper/ HTTP/1.1" 500 - "-" "Mozilla/5.0 AppleWebKit/537.36 (KHTML, like Gecko; compatible; GPTBot/1.2; +https://openai.com/gptbot)"
20.171.207.109 - - [18/Oct/2025:10:46:06 -0400] "GET /wp-content/plugins/td-composer/legacy/?C=M;O=D HTTP/1.1" 200 1048 "-" "Mozilla/5.0 AppleWebKit/537.36 (KHTML, like Gecko; compatible; GPTBot/1.2; +https://openai.com/gptbot)"
112.86.225.201 - - [18/Oct/2025:10:46:14 -0400] "GET / HTTP/1.1" 200 145154 "-" "Sogou web spider/4.0(+http://www.sogou.com/docs/help/webmasters.htm#07)"
20.171.207.109 - - [18/Oct/2025:10:46:44 -0400] "GET /wp-content/plugins/td-composer/assets/images/sidebar/website_interface/?C=N;O=A HTTP/1.1" 200 966 "-" "Mozilla/5.0 AppleWebKit/537.36 (KHTML, like Gecko; compatible; GPTBot/1.2; +https://openai.com/gptbot)"
20.171.207.109 - - [18/Oct/2025:10:47:19 -0400] "GET /wp-content/plugins/td-composer/legacy/?C=N;O=A HTTP/1.1" 200 1048 "-" "Mozilla/5.0 AppleWebKit/537.36 (KHTML, like Gecko; compatible; GPTBot/1.2; +https://openai.com/gptbot)"
20.171.207.109 - - [18/Oct/2025:10:47:50 -0400] "GET /wp-content/plugins/td-composer/legacy/?C=S;O=D HTTP/1.1" 200 1048 "-" "Mozilla/5.0 AppleWebKit/537.36 (KHTML, like Gecko; compatible; GPTBot/1.2; +https://openai.com/gptbot)"
20.171.207.109 - - [18/Oct/2025:10:48:19 -0400] "GET /wp-content/plugins/td-composer/legacy/common/wp_booster/wp-admin/external/ace/snippets/?C=S;O=D HTTP/1.1" 200 1720 "-" "Mozilla/5.0 AppleWebKit/537.36 (KHTML, like Gecko; compatible; GPTBot/1.2; +https://openai.com/gptbot)"
198.54.114.24 - - [18/Oct/2025:10:48:29 -0400] "GET /wp-login.php HTTP/1.1" 200 5973 "-" "Mozilla/5.0 (Windows NT 10.0; WOW64) AppleWebKit/537.36 (KHTML, like Gecko) Chrome/63.0.3239.132 Safari/537.36 OPR/50.0.2762.67"
198.54.114.24 - - [18/Oct/2025:10:48:30 -0400] "POST /wp-login.php HTTP/1.1" 200 6410 "https://herintalk.com/wp-login.php" "Mozilla/5.0 (Windows NT 10.0; WOW64) AppleWebKit/537.36 (KHTML, like Gecko) Chrome/63.0.3239.132 Safari/537.36 OPR/50.0.2762.67"
20.171.207.109 - - [18/Oct/2025:10:48:44 -0400] "GET /wp-content/plugins/td-composer/legacy/common/wp_booster/wp-admin/images/panel/sidebar/?C=N;O=D HTTP/1.1" 200 1578 "-" "Mozilla/5.0 AppleWebKit/537.36 (KHTML, like Gecko; compatible; GPTBot/1.2; +https://openai.com/gptbot)"
20.171.207.109 - - [18/Oct/2025:10:49:07 -0400] "GET /wp-content/plugins/td-composer/legacy/common/wp_booster/wp-admin/images/panel/panel-placeholders/?C=D;O=A HTTP/1.1" 200 1808 "-" "Mozilla/5.0 AppleWebKit/537.36 (KHTML, like Gecko; compatible; GPTBot/1.2; +https://openai.com/gptbot)"
20.171.207.109 - - [18/Oct/2025:10:49:27 -0400] "GET /wp-content/plugins/td-composer/legacy/common/wp_booster/wp-admin/images/panel/sidebar/?C=N;O=A HTTP/1.1" 200 1578 "-" "Mozilla/5.0 AppleWebKit/537.36 (KHTML, like Gecko; compatible; GPTBot/1.2; +https://openai.com/gptbot)"
20.171.207.109 - - [18/Oct/2025:10:49:47 -0400] "GET /wp-content/plugins/td-composer/legacy/common/wp_booster/wp-admin/images/panel/panel-placeholders/?C=S;O=A HTTP/1.1" 200 1808 "-" "Mozilla/5.0 AppleWebKit/537.36 (KHTML, like Gecko; compatible; GPTBot/1.2; +https://openai.com/gptbot)"
20.171.207.109 - - [18/Oct/2025:10:50:03 -0400] "GET /wp-content/plugins/td-composer/legacy/common/wp_booster/wp-admin/images/panel/panel-placeholders/?C=M;O=A HTTP/1.1" 200 1808 "-" "Mozilla/5.0 AppleWebKit/537.36 (KHTML, like Gecko; compatible; GPTBot/1.2; +https://openai.com/gptbot)"
20.171.207.109 - - [18/Oct/2025:10:50:19 -0400] "GET /wp-content/plugins/td-composer/legacy/Newspaper/ HTTP/1.1" 500 - "-" "Mozilla/5.0 AppleWebKit/537.36 (KHTML, like Gecko; compatible; GPTBot/1.2; +https://openai.com/gptbot)"
20.171.207.109 - - [18/Oct/2025:10:50:32 -0400] "GET /wp-content/plugins/td-composer/legacy/common/wp_booster/wp-admin/external/wpalchemy/?C=N;O=D HTTP/1.1" 200 1192 "-" "Mozilla/5.0 AppleWebKit/537.36 (KHTML, like Gecko; compatible; GPTBot/1.2; +https://openai.com/gptbot)"
20.171.207.109 - - [18/Oct/2025:10:51:12 -0400] "GET /wp-content/plugins/td-composer/legacy/?C=D;O=D HTTP/1.1" 200 1048 "-" "Mozilla/5.0 AppleWebKit/537.36 (KHTML, like Gecko; compatible; GPTBot/1.2; +https://openai.com/gptbot)"
20.171.207.109 - - [18/Oct/2025:10:51:47 -0400] "GET /wp-content/plugins/td-composer/legacy/common/wp_booster/wp-admin/images/panel/panel-placeholders/?C=N;O=D HTTP/1.1" 200 1808 "-" "Mozilla/5.0 AppleWebKit/537.36 (KHTML, like Gecko; compatible; GPTBot/1.2; +https://openai.com/gptbot)"
20.171.207.109 - - [18/Oct/2025:10:52:22 -0400] "GET /wp-content/plugins/td-composer/legacy/common/wp_booster/wp-admin/images/panel/sidebar/?C=D;O=D HTTP/1.1" 200 1578 "-" "Mozilla/5.0 AppleWebKit/537.36 (KHTML, like Gecko; compatible; GPTBot/1.2; +https://openai.com/gptbot)"
20.171.207.109 - - [18/Oct/2025:10:52:51 -0400] "GET /wp-content/plugins/td-composer/legacy/common/wp_booster/wp-admin/images/panel/sidebar/?C=M;O=A HTTP/1.1" 200 1578 "-" "Mozilla/5.0 AppleWebKit/537.36 (KHTML, like Gecko; compatible; GPTBot/1.2; +https://openai.com/gptbot)"
112.86.225.201 - - [18/Oct/2025:10:52:50 -0400] "GET / HTTP/1.1" 200 144651 "-" "Sogou web spider/4.0(+http://www.sogou.com/docs/help/webmasters.htm#07)"
20.171.207.109 - - [18/Oct/2025:10:53:18 -0400] "GET /wp-content/plugins/td-composer/legacy/common/wp_booster/wp-admin/images/panel/panel-placeholders/?C=D;O=D HTTP/1.1" 200 1808 "-" "Mozilla/5.0 AppleWebKit/537.36 (KHTML, like Gecko; compatible; GPTBot/1.2; +https://openai.com/gptbot)"
20.171.207.109 - - [18/Oct/2025:10:53:42 -0400] "GET /wp-content/plugins/td-composer/legacy/common/wp_booster/wp-admin/images/panel/panel-placeholders/?C=S;O=D HTTP/1.1" 200 1808 "-" "Mozilla/5.0 AppleWebKit/537.36 (KHTML, like Gecko; compatible; GPTBot/1.2; +https://openai.com/gptbot)"
20.171.207.109 - - [18/Oct/2025:10:54:03 -0400] "GET /wp-content/plugins/td-composer/legacy/common/wp_booster/wp-admin/external/wpalchemy/?C=S;O=A HTTP/1.1" 200 1192 "-" "Mozilla/5.0 AppleWebKit/537.36 (KHTML, like Gecko; compatible; GPTBot/1.2; +https://openai.com/gptbot)"
20.171.207.109 - - [18/Oct/2025:10:54:23 -0400] "GET /wp-content/plugins/td-composer/legacy/Newspaper/ HTTP/1.1" 500 - "-" "Mozilla/5.0 AppleWebKit/537.36 (KHTML, like Gecko; compatible; GPTBot/1.2; +https://openai.com/gptbot)"
20.171.207.109 - - [18/Oct/2025:10:54:40 -0400] "GET /wp-content/plugins/td-composer/legacy/common/wp_booster/wp-admin/images/panel/panel-placeholders/?C=M;O=D HTTP/1.1" 200 1808 "-" "Mozilla/5.0 AppleWebKit/537.36 (KHTML, like Gecko; compatible; GPTBot/1.2; +https://openai.com/gptbot)"
20.171.207.109 - - [18/Oct/2025:10:55:31 -0400] "GET /wp-content/plugins/td-composer/legacy/common/wp_booster/wp-admin/external/wpalchemy/?C=M;O=A HTTP/1.1" 200 1192 "-" "Mozilla/5.0 AppleWebKit/537.36 (KHTML, like Gecko; compatible; GPTBot/1.2; +https://openai.com/gptbot)"
223.135.153.215 - - [18/Oct/2025:10:55:37 -0400] "GET /wp-login.php HTTP/1.1" 200 5973 "-" "Mozilla/5.0 (Windows NT 6.3; WOW64; Trident/7.0; MAARJS; rv:11.0) like Gecko"
223.135.153.215 - - [18/Oct/2025:10:55:38 -0400] "POST /wp-login.php HTTP/1.1" 200 6410 "https://herintalk.com/wp-login.php" "Mozilla/5.0 (Windows NT 6.3; WOW64; Trident/7.0; MAARJS; rv:11.0) like Gecko"
54.236.1.53 - - [18/Oct/2025:10:56:02 -0400] "GET /3-desi-summer-drink-recipes-to-freshen-you-up/ HTTP/1.1" 200 85105 "-" "Mozilla/5.0 (compatible; Pinterestbot/1.0; +http://www.pinterest.com/bot.html)"
20.171.207.109 - - [18/Oct/2025:10:56:20 -0400] "GET /wp-content/plugins/td-composer/legacy/common/wp_booster/wp-admin/external/wpalchemy/MetaBox.php HTTP/1.1" 500 - "-" "Mozilla/5.0 AppleWebKit/537.36 (KHTML, like Gecko; compatible; GPTBot/1.2; +https://openai.com/gptbot)"
20.171.207.109 - - [18/Oct/2025:10:57:03 -0400] "GET /wp-content/plugins/td-composer/td-multi-purpose/images/panel/top_bar_templates/?C=M;O=A HTTP/1.1" 200 995 "-" "Mozilla/5.0 AppleWebKit/537.36 (KHTML, like Gecko; compatible; GPTBot/1.2; +https://openai.com/gptbot)"
20.171.207.109 - - [18/Oct/2025:10:58:06 -0400] "GET /wp-content/plugins/td-composer/legacy/common/wp_booster/wp-admin/images/panel/panel-placeholders/?C=N;O=A HTTP/1.1" 200 1808 "-" "Mozilla/5.0 AppleWebKit/537.36 (KHTML, like Gecko; compatible; GPTBot/1.2; +https://openai.com/gptbot)"
20.171.207.109 - - [18/Oct/2025:10:59:01 -0400] "GET /wp-content/plugins/td-composer/td-multi-purpose/images/panel/top_bar_templates/?C=S;O=A HTTP/1.1" 200 995 "-" "Mozilla/5.0 AppleWebKit/537.36 (KHTML, like Gecko; compatible; GPTBot/1.2; +https://openai.com/gptbot)"
51.255.119.44 - - [18/Oct/2025:10:59:29 -0400] "POST /xmlrpc.php HTTP/1.1" 200 401 "-" "Mozilla/5.0 (Windows NT 10.0; WOW64; Trident/7.0; Touch; LCTE; rv:11.0) like Gecko"
20.171.207.109 - - [18/Oct/2025:10:59:52 -0400] "GET /wp-content/plugins/td-composer/td-multi-purpose/images/panel/top_bar_templates/?C=N;O=D HTTP/1.1" 200 995 "-" "Mozilla/5.0 AppleWebKit/537.36 (KHTML, like Gecko; compatible; GPTBot/1.2; +https://openai.com/gptbot)"
20.171.207.109 - - [18/Oct/2025:11:00:39 -0400] "GET /wp-content/plugins/td-composer/td-multi-purpose/images/panel/top_bar_templates/?C=N;O=A HTTP/1.1" 200 995 "-" "Mozilla/5.0 AppleWebKit/537.36 (KHTML, like Gecko; compatible; GPTBot/1.2; +https://openai.com/gptbot)"
66.116.199.115 - - [18/Oct/2025:11:00:55 -0400] "POST /wp-cron.php?doing_wp_cron=1760799655.7447218894958496093750 HTTP/1.1" 200 - "-" "WordPress/6.8.3; https://herintalk.com"
216.73.216.87 - - [18/Oct/2025:11:00:55 -0400] "GET /?p=4043 HTTP/1.1" 301 - "-" "Mozilla/5.0 AppleWebKit/537.36 (KHTML, like Gecko; compatible; ClaudeBot/1.0; [email protected])"
216.73.216.87 - - [18/Oct/2025:11:00:56 -0400] "GET /know-your-woman-how-to-give-pussy-massage/ HTTP/1.1" 200 82940 "https://herintalk.com/?p=4043" "Mozilla/5.0 AppleWebKit/537.36 (KHTML, like Gecko; compatible; ClaudeBot/1.0; [email protected])"
220.158.233.198 - - [18/Oct/2025:11:01:14 -0400] "GET /wp-login.php HTTP/1.1" 200 5973 "-" "Mozilla/4.0 (compatible; MSIE 7.0; Windows NT 6.2; WOW64; Trident/7.0; .NET4.0E; .NET4.0C; .NET CLR 3.5.30729; .NET CLR 2.0.50727; .NET CLR 3.0.30729)"
220.158.233.198 - - [18/Oct/2025:11:01:18 -0400] "POST /wp-login.php HTTP/1.1" 200 6411 "https://herintalk.com/wp-login.php" "Mozilla/4.0 (compatible; MSIE 7.0; Windows NT 6.2; WOW64; Trident/7.0; .NET4.0E; .NET4.0C; .NET CLR 3.5.30729; .NET CLR 2.0.50727; .NET CLR 3.0.30729)"
20.171.207.109 - - [18/Oct/2025:11:01:19 -0400] "GET /wp-content/plugins/td-composer/legacy/common/wp_booster/wp-admin/images/vc/?C=N;O=D HTTP/1.1" 200 1537 "-" "Mozilla/5.0 AppleWebKit/537.36 (KHTML, like Gecko; compatible; GPTBot/1.2; +https://openai.com/gptbot)"
20.171.207.109 - - [18/Oct/2025:11:01:55 -0400] "GET /wp-content/plugins/td-composer/td-multi-purpose/images/panel/top_bar_templates/?C=M;O=D HTTP/1.1" 200 995 "-" "Mozilla/5.0 AppleWebKit/537.36 (KHTML, like Gecko; compatible; GPTBot/1.2; +https://openai.com/gptbot)"
20.171.207.109 - - [18/Oct/2025:11:02:28 -0400] "GET /wp-content/plugins/td-composer/legacy/common/wp_booster/wp-admin/images/panel/sidebar/?C=S;O=A HTTP/1.1" 200 1578 "-" "Mozilla/5.0 AppleWebKit/537.36 (KHTML, like Gecko; compatible; GPTBot/1.2; +https://openai.com/gptbot)"
20.171.207.109 - - [18/Oct/2025:11:02:59 -0400] "GET /wp-content/plugins/td-composer/legacy/common/wp_booster/wp-admin/images/panel/sidebar/?C=M;O=D HTTP/1.1" 200 1578 "-" "Mozilla/5.0 AppleWebKit/537.36 (KHTML, like Gecko; compatible; GPTBot/1.2; +https://openai.com/gptbot)"
216.73.216.87 - - [18/Oct/2025:11:03:13 -0400] "GET /5-kinky-workable-beauty-tips/feed HTTP/1.1" 301 - "-" "Mozilla/5.0 AppleWebKit/537.36 (KHTML, like Gecko; compatible; ClaudeBot/1.0; [email protected])"
216.73.216.87 - - [18/Oct/2025:11:03:13 -0400] "GET /5-kinky-workable-beauty-tips/feed/ HTTP/1.1" 200 816 "https://herintalk.com/5-kinky-workable-beauty-tips/feed" "Mozilla/5.0 AppleWebKit/537.36 (KHTML, like Gecko; compatible; ClaudeBot/1.0; [email protected])"
20.171.207.109 - - [18/Oct/2025:11:03:26 -0400] "GET /wp-content/plugins/td-composer/td-multi-purpose/images/panel/top_bar_templates/?C=D;O=A HTTP/1.1" 200 995 "-" "Mozilla/5.0 AppleWebKit/537.36 (KHTML, like Gecko; compatible; GPTBot/1.2; +https://openai.com/gptbot)"
20.171.207.109 - - [18/Oct/2025:11:03:49 -0400] "GET /wp-content/plugins/td-composer/legacy/common/wp_booster/wp-admin/external/wpalchemy/?C=S;O=D HTTP/1.1" 200 1192 "-" "Mozilla/5.0 AppleWebKit/537.36 (KHTML, like Gecko; compatible; GPTBot/1.2; +https://openai.com/gptbot)"
57.130.20.252 - - [18/Oct/2025:11:03:58 -0400] "POST /xmlrpc.php HTTP/1.1" 200 401 "-" "Mozilla/5.0 (Windows NT 6.2; Win64; x64) AppleWebKit/537.36 (KHTML, like Gecko) Chrome/66.0.3359.181 Safari/537.36"
20.171.207.109 - - [18/Oct/2025:11:04:12 -0400] "GET /wp-content/plugins/td-composer/legacy/common/wp_booster/wp-admin/external/wpalchemy/?C=M;O=D HTTP/1.1" 200 1192 "-" "Mozilla/5.0 AppleWebKit/537.36 (KHTML, like Gecko; compatible; GPTBot/1.2; +https://openai.com/gptbot)"
216.73.216.87 - - [18/Oct/2025:11:04:23 -0400] "GET /summers-skin-care HTTP/1.1" 301 - "-" "Mozilla/5.0 AppleWebKit/537.36 (KHTML, like Gecko; compatible; ClaudeBot/1.0; [email protected])"
216.73.216.87 - - [18/Oct/2025:11:04:24 -0400] "GET /summers-skin-care/ HTTP/1.1" 200 88572 "https://herintalk.com/summers-skin-care" "Mozilla/5.0 AppleWebKit/537.36 (KHTML, like Gecko; compatible; ClaudeBot/1.0; [email protected])"
20.171.207.109 - - [18/Oct/2025:11:04:32 -0400] "GET /wp-content/plugins/td-composer/td-multi-purpose/images/panel/top_bar_templates/?C=S;O=D HTTP/1.1" 200 995 "-" "Mozilla/5.0 AppleWebKit/537.36 (KHTML, like Gecko; compatible; GPTBot/1.2; +https://openai.com/gptbot)"
20.171.207.109 - - [18/Oct/2025:11:04:50 -0400] "GET /wp-content/plugins/td-composer/legacy/common/wp_booster/wp-admin/images/vc/?C=M;O=A HTTP/1.1" 200 1537 "-" "Mozilla/5.0 AppleWebKit/537.36 (KHTML, like Gecko; compatible; GPTBot/1.2; +https://openai.com/gptbot)"
20.171.207.109 - - [18/Oct/2025:11:05:06 -0400] "GET /wp-content/plugins/td-composer/legacy/common/wp_booster/wp-admin/images/menu/?C=D;O=A HTTP/1.1" 200 1901 "-" "Mozilla/5.0 AppleWebKit/537.36 (KHTML, like Gecko; compatible; GPTBot/1.2; +https://openai.com/gptbot)"
20.171.207.109 - - [18/Oct/2025:11:05:21 -0400] "GET /wp-content/plugins/td-composer/legacy/common/wp_booster/wp-admin/external/wpalchemy/MetaBox.php HTTP/1.1" 500 - "-" "Mozilla/5.0 AppleWebKit/537.36 (KHTML, like Gecko; compatible; GPTBot/1.2; +https://openai.com/gptbot)"
20.171.207.109 - - [18/Oct/2025:11:05:34 -0400] "GET /wp-content/plugins/td-composer/legacy/common/wp_booster/wp-admin/panel/views/?C=N;O=D HTTP/1.1" 200 3507 "-" "Mozilla/5.0 AppleWebKit/537.36 (KHTML, like Gecko; compatible; GPTBot/1.2; +https://openai.com/gptbot)"
216.73.216.87 - - [18/Oct/2025:11:05:49 -0400] "GET /know-your-woman-how-to-give-pussy-massage/3 HTTP/1.1" 301 - "-" "Mozilla/5.0 AppleWebKit/537.36 (KHTML, like Gecko; compatible; ClaudeBot/1.0; [email protected])"
216.73.216.87 - - [18/Oct/2025:11:05:49 -0400] "GET /know-your-woman-how-to-give-pussy-massage/3/ HTTP/1.1" 200 83389 "https://herintalk.com/know-your-woman-how-to-give-pussy-massage/3" "Mozilla/5.0 AppleWebKit/537.36 (KHTML, like Gecko; compatible; ClaudeBot/1.0; [email protected])"
20.171.207.109 - - [18/Oct/2025:11:06:13 -0400] "GET /wp-content/plugins/td-composer/td-multi-purpose/images/panel/top_bar_templates/?C=D;O=D HTTP/1.1" 200 995 "-" "Mozilla/5.0 AppleWebKit/537.36 (KHTML, like Gecko; compatible; GPTBot/1.2; +https://openai.com/gptbot)"
20.171.207.109 - - [18/Oct/2025:11:06:49 -0400] "GET /wp-content/plugins/td-composer/legacy/common/wp_booster/wp-admin/external/ace/?C=D;O=A HTTP/1.1" 200 2454 "-" "Mozilla/5.0 AppleWebKit/537.36 (KHTML, like Gecko; compatible; GPTBot/1.2; +https://openai.com/gptbot)"
216.73.216.87 - - [18/Oct/2025:11:07:07 -0400] "GET /know-your-woman-how-to-give-pussy-massage/4 HTTP/1.1" 301 - "-" "Mozilla/5.0 AppleWebKit/537.36 (KHTML, like Gecko; compatible; ClaudeBot/1.0; [email protected])"
216.73.216.87 - - [18/Oct/2025:11:07:07 -0400] "GET /know-your-woman-how-to-give-pussy-massage/4/ HTTP/1.1" 200 83307 "https://herintalk.com/know-your-woman-how-to-give-pussy-massage/4" "Mozilla/5.0 AppleWebKit/537.36 (KHTML, like Gecko; compatible; ClaudeBot/1.0; [email protected])"
20.171.207.109 - - [18/Oct/2025:11:07:22 -0400] "GET /wp-content/plugins/td-composer/legacy/common/wp_booster/wp-admin/images/vc/?C=M;O=D HTTP/1.1" 200 1537 "-" "Mozilla/5.0 AppleWebKit/537.36 (KHTML, like Gecko; compatible; GPTBot/1.2; +https://openai.com/gptbot)"
95.216.210.205 - - [18/Oct/2025:11:07:24 -0400] "POST /xmlrpc.php HTTP/1.1" 200 401 "-" "Mozilla/5.0 (Macintosh; Intel Mac OS X 10_13_1) AppleWebKit/537.36 (KHTML, like Gecko) Chrome/66.0.3359.139 Safari/537.36"
20.171.207.109 - - [18/Oct/2025:11:07:50 -0400] "GET /wp-content/plugins/td-composer/legacy/common/wp_booster/wp-admin/images/menu/?C=N;O=D HTTP/1.1" 200 1901 "-" "Mozilla/5.0 AppleWebKit/537.36 (KHTML, like Gecko; compatible; GPTBot/1.2; +https://openai.com/gptbot)"
154.85.62.239 - - [18/Oct/2025:11:07:55 -0400] "GET /wp-content/uploads/2014/05/cool_summer_drinks_wallpaper1.jpg HTTP/1.1" 200 142564 "-" "python-requests/2.27.0"
20.171.207.109 - - [18/Oct/2025:11:08:15 -0400] "GET /wp-content/plugins/td-composer/legacy/common/wp_booster/wp-admin/images/vc/?C=D;O=A HTTP/1.1" 200 1537 "-" "Mozilla/5.0 AppleWebKit/537.36 (KHTML, like Gecko; compatible; GPTBot/1.2; +https://openai.com/gptbot)"
20.171.207.109 - - [18/Oct/2025:11:08:37 -0400] "GET /wp-content/plugins/td-composer/legacy/common/wp_booster/wp-admin/images/panel/?C=M;O=A HTTP/1.1" 200 5559 "-" "Mozilla/5.0 AppleWebKit/537.36 (KHTML, like Gecko; compatible; GPTBot/1.2; +https://openai.com/gptbot)"
20.171.207.109 - - [18/Oct/2025:11:08:58 -0400] "GET /wp-content/plugins/td-composer/legacy/common/wp_booster/wp-admin/images/panel/sidebar/?C=S;O=D HTTP/1.1" 200 1578 "-" "Mozilla/5.0 AppleWebKit/537.36 (KHTML, like Gecko; compatible; GPTBot/1.2; +https://openai.com/gptbot)"
216.73.216.87 - - [18/Oct/2025:11:09:08 -0400] "GET /know-your-woman-how-to-give-pussy-massage/6 HTTP/1.1" 301 - "-" "Mozilla/5.0 AppleWebKit/537.36 (KHTML, like Gecko; compatible; ClaudeBot/1.0; [email protected])"
216.73.216.87 - - [18/Oct/2025:11:09:09 -0400] "GET /know-your-woman-how-to-give-pussy-massage/6/ HTTP/1.1" 200 82885 "https://herintalk.com/know-your-woman-how-to-give-pussy-massage/6" "Mozilla/5.0 AppleWebKit/537.36 (KHTML, like Gecko; compatible; ClaudeBot/1.0; [email protected])"
20.171.207.109 - - [18/Oct/2025:11:09:17 -0400] "GET /wp-content/plugins/td-composer/legacy/common/wp_booster/wp-admin/external/ace/?C=N;O=D HTTP/1.1" 200 2454 "-" "Mozilla/5.0 AppleWebKit/537.36 (KHTML, like Gecko; compatible; GPTBot/1.2; +https://openai.com/gptbot)"
20.171.207.109 - - [18/Oct/2025:11:09:33 -0400] "GET /wp-content/plugins/td-composer/legacy/common/wp_booster/wp-admin/images/menu/?C=M;O=A HTTP/1.1" 200 1901 "-" "Mozilla/5.0 AppleWebKit/537.36 (KHTML, like Gecko; compatible; GPTBot/1.2; +https://openai.com/gptbot)"
20.171.207.109 - - [18/Oct/2025:11:09:48 -0400] "GET /wp-content/plugins/td-composer/legacy/common/wp_booster/wp-admin/images/menu/?C=D;O=D HTTP/1.1" 200 1901 "-" "Mozilla/5.0 AppleWebKit/537.36 (KHTML, like Gecko; compatible; GPTBot/1.2; +https://openai.com/gptbot)"
216.73.216.87 - - [18/Oct/2025:11:09:48 -0400] "GET /sacred-sex-by-gods HTTP/1.1" 301 - "-" "Mozilla/5.0 AppleWebKit/537.36 (KHTML, like Gecko; compatible; ClaudeBot/1.0; [email protected])"
216.73.216.87 - - [18/Oct/2025:11:09:49 -0400] "GET /sacred-sex-by-gods/ HTTP/1.1" 200 85024 "https://herintalk.com/sacred-sex-by-gods" "Mozilla/5.0 AppleWebKit/537.36 (KHTML, like Gecko; compatible; ClaudeBot/1.0; [email protected])"
20.171.207.109 - - [18/Oct/2025:11:10:02 -0400] "GET /wp-content/plugins/td-composer/legacy/common/wp_booster/wp-admin/images/panel/?C=N;O=D HTTP/1.1" 200 5559 "-" "Mozilla/5.0 AppleWebKit/537.36 (KHTML, like Gecko; compatible; GPTBot/1.2; +https://openai.com/gptbot)"
20.171.207.109 - - [18/Oct/2025:11:10:14 -0400] "GET /wp-content/plugins/td-composer/legacy/common/wp_booster/wp-admin/images/vc/?C=S;O=A HTTP/1.1" 200 1537 "-" "Mozilla/5.0 AppleWebKit/537.36 (KHTML, like Gecko; compatible; GPTBot/1.2; +https://openai.com/gptbot)"
20.171.207.109 - - [18/Oct/2025:11:10:25 -0400] "GET /wp-content/plugins/td-composer/legacy/common/wp_booster/wp-admin/images/panel/?C=N;O=A HTTP/1.1" 200 5559 "-" "Mozilla/5.0 AppleWebKit/537.36 (KHTML, like Gecko; compatible; GPTBot/1.2; +https://openai.com/gptbot)"
20.171.207.109 - - [18/Oct/2025:11:10:35 -0400] "GET /wp-content/plugins/td-composer/legacy/common/wp_booster/wp-admin/external/ace/?C=S;O=A HTTP/1.1" 200 2454 "-" "Mozilla/5.0 AppleWebKit/537.36 (KHTML, like Gecko; compatible; GPTBot/1.2; +https://openai.com/gptbot)"
66.116.199.115 - - [18/Oct/2025:11:10:44 -0400] "GET /.well-known/acme-challenge/5WLU9Y_PN6O0-I3Q5MUKXYY7TIJWQDD4 HTTP/1.1" 200 64 "-" "Cpanel-HTTP-Client/1.0"
66.116.199.115 - - [18/Oct/2025:11:10:44 -0400] "GET /.well-known/acme-challenge/W5VMA3MW8NHA27OBU92VL_ZDAAM3DG7N HTTP/1.1" 200 64 "-" "Cpanel-HTTP-Client/1.0"
20.171.207.109 - - [18/Oct/2025:11:10:44 -0400] "GET /wp-content/plugins/td-composer/legacy/common/wp_booster/wp-admin/images/panel/?C=D;O=A HTTP/1.1" 200 5559 "-" "Mozilla/5.0 AppleWebKit/537.36 (KHTML, like Gecko; compatible; GPTBot/1.2; +https://openai.com/gptbot)"
20.171.207.109 - - [18/Oct/2025:11:10:52 -0400] "GET /wp-content/plugins/td-composer/legacy/common/wp_booster/wp-admin/images/panel/?C=M;O=D HTTP/1.1" 200 5559 "-" "Mozilla/5.0 AppleWebKit/537.36 (KHTML, like Gecko; compatible; GPTBot/1.2; +https://openai.com/gptbot)"
20.171.207.109 - - [18/Oct/2025:11:11:00 -0400] "GET /wp-content/plugins/td-composer/legacy/common/wp_booster/wp-admin/external/ace/?C=D;O=D HTTP/1.1" 200 2454 "-" "Mozilla/5.0 AppleWebKit/537.36 (KHTML, like Gecko; compatible; GPTBot/1.2; +https://openai.com/gptbot)"
20.171.207.109 - - [18/Oct/2025:11:11:06 -0400] "GET /wp-content/plugins/td-composer/legacy/common/wp_booster/wp-admin/panel/views/?C=D;O=A HTTP/1.1" 200 3507 "-" "Mozilla/5.0 AppleWebKit/537.36 (KHTML, like Gecko; compatible; GPTBot/1.2; +https://openai.com/gptbot)"
20.171.207.109 - - [18/Oct/2025:11:11:12 -0400] "GET /wp-content/plugins/td-composer/legacy/common/wp_booster/wp-admin/images/vc/?C=N;O=A HTTP/1.1" 200 1537 "-" "Mozilla/5.0 AppleWebKit/537.36 (KHTML, like Gecko; compatible; GPTBot/1.2; +https://openai.com/gptbot)"
20.171.207.109 - - [18/Oct/2025:11:11:17 -0400] "GET /wp-content/plugins/td-composer/legacy/common/wp_booster/wp-admin/external/ace/?C=S;O=D HTTP/1.1" 200 2454 "-" "Mozilla/5.0 AppleWebKit/537.36 (KHTML, like Gecko; compatible; GPTBot/1.2; +https://openai.com/gptbot)"
20.171.207.109 - - [18/Oct/2025:11:11:22 -0400] "GET /wp-content/plugins/td-composer/legacy/common/wp_booster/wp-admin/images/menu/?C=M;O=D HTTP/1.1" 200 1901 "-" "Mozilla/5.0 AppleWebKit/537.36 (KHTML, like Gecko; compatible; GPTBot/1.2; +https://openai.com/gptbot)"
20.171.207.109 - - [18/Oct/2025:11:11:26 -0400] "GET /wp-content/plugins/td-composer/legacy/common/wp_booster/wp-admin/images/menu/?C=S;O=A HTTP/1.1" 200 1901 "-" "Mozilla/5.0 AppleWebKit/537.36 (KHTML, like Gecko; compatible; GPTBot/1.2; +https://openai.com/gptbot)"
20.171.207.109 - - [18/Oct/2025:11:11:30 -0400] "GET /wp-content/plugins/td-composer/legacy/common/wp_booster/wp-admin/images/vc/?C=D;O=D HTTP/1.1" 200 1537 "-" "Mozilla/5.0 AppleWebKit/537.36 (KHTML, like Gecko; compatible; GPTBot/1.2; +https://openai.com/gptbot)"
20.171.207.109 - - [18/Oct/2025:11:11:33 -0400] "GET /wp-content/plugins/td-composer/legacy/common/wp_booster/wp-admin/panel/views/?C=S;O=A HTTP/1.1" 200 3507 "-" "Mozilla/5.0 AppleWebKit/537.36 (KHTML, like Gecko; compatible; GPTBot/1.2; +https://openai.com/gptbot)"
20.171.207.109 - - [18/Oct/2025:11:11:36 -0400] "GET /wp-content/plugins/td-composer/legacy/common/wp_booster/wp-admin/images/panel/?C=S;O=A HTTP/1.1" 200 5559 "-" "Mozilla/5.0 AppleWebKit/537.36 (KHTML, like Gecko; compatible; GPTBot/1.2; +https://openai.com/gptbot)"
20.171.207.109 - - [18/Oct/2025:11:11:39 -0400] "GET /wp-content/plugins/td-composer/legacy/common/wp_booster/wp-admin/images/menu/?C=S;O=D HTTP/1.1" 200 1901 "-" "Mozilla/5.0 AppleWebKit/537.36 (KHTML, like Gecko; compatible; GPTBot/1.2; +https://openai.com/gptbot)"
20.171.207.109 - - [18/Oct/2025:11:11:41 -0400] "GET /wp-content/plugins/td-composer/legacy/common/wp_booster/wp-admin/external/ace/?C=N;O=A HTTP/1.1" 200 2454 "-" "Mozilla/5.0 AppleWebKit/537.36 (KHTML, like Gecko; compatible; GPTBot/1.2; +https://openai.com/gptbot)"
20.171.207.109 - - [18/Oct/2025:11:11:43 -0400] "GET /wp-content/plugins/td-composer/legacy/common/wp_booster/wp-admin/panel/views/?C=M;O=A HTTP/1.1" 200 3507 "-" "Mozilla/5.0 AppleWebKit/537.36 (KHTML, like Gecko; compatible; GPTBot/1.2; +https://openai.com/gptbot)"
20.171.207.109 - - [18/Oct/2025:11:11:45 -0400] "GET /wp-content/plugins/td-composer/legacy/common/wp_booster/wp-admin/images/vc/?C=S;O=D HTTP/1.1" 200 1537 "-" "Mozilla/5.0 AppleWebKit/537.36 (KHTML, like Gecko; compatible; GPTBot/1.2; +https://openai.com/gptbot)"
20.171.207.109 - - [18/Oct/2025:11:11:47 -0400] "GET /wp-content/plugins/td-composer/legacy/common/wp_booster/wp-admin/panel/views/?C=S;O=D HTTP/1.1" 200 3507 "-" "Mozilla/5.0 AppleWebKit/537.36 (KHTML, like Gecko; compatible; GPTBot/1.2; +https://openai.com/gptbot)"
20.171.207.109 - - [18/Oct/2025:11:11:49 -0400] "GET /wp-content/plugins/td-composer/legacy/common/wp_booster/wp-admin/images/panel/?C=S;O=D HTTP/1.1" 200 5559 "-" "Mozilla/5.0 AppleWebKit/537.36 (KHTML, like Gecko; compatible; GPTBot/1.2; +https://openai.com/gptbot)"
20.171.207.109 - - [18/Oct/2025:11:11:50 -0400] "GET /wp-content/plugins/td-composer/assets/fonts/td-multipurpose/?C=D;O=A HTTP/1.1" 200 1877 "-" "Mozilla/5.0 AppleWebKit/537.36 (KHTML, like Gecko; compatible; GPTBot/1.2; +https://openai.com/gptbot)"
20.171.207.109 - - [18/Oct/2025:11:11:52 -0400] "GET /wp-content/plugins/td-composer/legacy/common/wp_booster/wp-admin/panel/views/?C=M;O=D HTTP/1.1" 200 3507 "-" "Mozilla/5.0 AppleWebKit/537.36 (KHTML, like Gecko; compatible; GPTBot/1.2; +https://openai.com/gptbot)"
20.171.207.109 - - [18/Oct/2025:11:11:53 -0400] "GET /wp-content/plugins/td-composer/assets/fonts/td-multipurpose/?C=S;O=A HTTP/1.1" 200 1877 "-" "Mozilla/5.0 AppleWebKit/537.36 (KHTML, like Gecko; compatible; GPTBot/1.2; +https://openai.com/gptbot)"
216.73.216.87 - - [18/Oct/2025:11:11:53 -0400] "GET /?p=291 HTTP/1.1" 301 - "-" "Mozilla/5.0 AppleWebKit/537.36 (KHTML, like Gecko; compatible; ClaudeBot/1.0; [email protected])"
216.73.216.87 - - [18/Oct/2025:11:11:54 -0400] "GET /5-kinky-workable-beauty-tips/ HTTP/1.1" 200 89547 "https://herintalk.com/?p=291" "Mozilla/5.0 AppleWebKit/537.36 (KHTML, like Gecko; compatible; ClaudeBot/1.0; [email protected])"
20.171.207.109 - - [18/Oct/2025:11:11:54 -0400] "GET /wp-content/plugins/td-composer/assets/fonts/td-multipurpose/?C=N;O=D HTTP/1.1" 200 1877 "-" "Mozilla/5.0 AppleWebKit/537.36 (KHTML, like Gecko; compatible; GPTBot/1.2; +https://openai.com/gptbot)"
20.171.207.109 - - [18/Oct/2025:11:11:55 -0400] "GET /wp-content/plugins/td-composer/legacy/common/wp_booster/wp-admin/panel/views/?C=D;O=D HTTP/1.1" 200 3507 "-" "Mozilla/5.0 AppleWebKit/537.36 (KHTML, like Gecko; compatible; GPTBot/1.2; +https://openai.com/gptbot)"
20.171.207.109 - - [18/Oct/2025:11:11:57 -0400] "GET /wp-content/plugins/td-composer/assets/fonts/td-multipurpose/?C=M;O=A HTTP/1.1" 200 1877 "-" "Mozilla/5.0 AppleWebKit/537.36 (KHTML, like Gecko; compatible; GPTBot/1.2; +https://openai.com/gptbot)"
20.171.207.109 - - [18/Oct/2025:11:11:58 -0400] "GET /wp-content/plugins/td-composer/legacy/common/wp_booster/wp-admin/external/ace/?C=M;O=A HTTP/1.1" 200 2454 "-" "Mozilla/5.0 AppleWebKit/537.36 (KHTML, like Gecko; compatible; GPTBot/1.2; +https://openai.com/gptbot)"
20.171.207.109 - - [18/Oct/2025:11:11:59 -0400] "GET /wp-content/plugins/td-composer/assets/fonts/td-multipurpose/?C=D;O=D HTTP/1.1" 200 1877 "-" "Mozilla/5.0 AppleWebKit/537.36 (KHTML, like Gecko; compatible; GPTBot/1.2; +https://openai.com/gptbot)"
20.171.207.109 - - [18/Oct/2025:11:12:00 -0400] "GET /wp-content/plugins/td-composer/legacy/common/wp_booster/wp-admin/images/panel/?C=D;O=D HTTP/1.1" 200 5559 "-" "Mozilla/5.0 AppleWebKit/537.36 (KHTML, like Gecko; compatible; GPTBot/1.2; +https://openai.com/gptbot)"
20.171.207.109 - - [18/Oct/2025:11:12:01 -0400] "GET /wp-content/plugins/td-composer/assets/fonts/td-multipurpose/?C=N;O=A HTTP/1.1" 200 1877 "-" "Mozilla/5.0 AppleWebKit/537.36 (KHTML, like Gecko; compatible; GPTBot/1.2; +https://openai.com/gptbot)"
20.171.207.109 - - [18/Oct/2025:11:12:02 -0400] "GET /wp-content/plugins/td-composer/assets/images/placeholders/?C=S;O=A HTTP/1.1" 200 2567 "-" "Mozilla/5.0 AppleWebKit/537.36 (KHTML, like Gecko; compatible; GPTBot/1.2; +https://openai.com/gptbot)"
20.171.207.109 - - [18/Oct/2025:11:12:03 -0400] "GET /wp-content/plugins/td-composer/assets/images/placeholders/?C=N;O=D HTTP/1.1" 200 2567 "-" "Mozilla/5.0 AppleWebKit/537.36 (KHTML, like Gecko; compatible; GPTBot/1.2; +https://openai.com/gptbot)"
20.171.207.109 - - [18/Oct/2025:11:12:05 -0400] "GET /wp-content/plugins/td-composer/assets/fonts/td-multipurpose/?C=S;O=D HTTP/1.1" 200 1877 "-" "Mozilla/5.0 AppleWebKit/537.36 (KHTML, like Gecko; compatible; GPTBot/1.2; +https://openai.com/gptbot)"
20.171.207.109 - - [18/Oct/2025:11:12:06 -0400] "GET /wp-content/plugins/td-composer/assets/fonts/td-multipurpose/?C=M;O=D HTTP/1.1" 200 1877 "-" "Mozilla/5.0 AppleWebKit/537.36 (KHTML, like Gecko; compatible; GPTBot/1.2; +https://openai.com/gptbot)"
20.171.207.109 - - [18/Oct/2025:11:12:07 -0400] "GET /wp-content/plugins/td-composer/legacy/common/wp_booster/wp-admin/images/menu/?C=N;O=A HTTP/1.1" 200 1901 "-" "Mozilla/5.0 AppleWebKit/537.36 (KHTML, like Gecko; compatible; GPTBot/1.2; +https://openai.com/gptbot)"
20.171.207.109 - - [18/Oct/2025:11:12:08 -0400] "GET /wp-content/plugins/td-composer/assets/images/placeholders/?C=D;O=A HTTP/1.1" 200 2567 "-" "Mozilla/5.0 AppleWebKit/537.36 (KHTML, like Gecko; compatible; GPTBot/1.2; +https://openai.com/gptbot)"
20.171.207.109 - - [18/Oct/2025:11:12:09 -0400] "GET /wp-content/plugins/td-composer/legacy/common/wp_booster/wp-admin/panel/views/?C=N;O=A HTTP/1.1" 200 3507 "-" "Mozilla/5.0 AppleWebKit/537.36 (KHTML, like Gecko; compatible; GPTBot/1.2; +https://openai.com/gptbot)"
20.171.207.109 - - [18/Oct/2025:11:12:10 -0400] "GET /wp-content/plugins/td-composer/legacy/common/wp_booster/wp-admin/external/ace/?C=M;O=D HTTP/1.1" 200 2454 "-" "Mozilla/5.0 AppleWebKit/537.36 (KHTML, like Gecko; compatible; GPTBot/1.2; +https://openai.com/gptbot)"
20.171.207.109 - - [18/Oct/2025:11:12:11 -0400] "GET /wp-content/plugins/td-composer/assets/images/placeholders/?C=M;O=A HTTP/1.1" 200 2567 "-" "Mozilla/5.0 AppleWebKit/537.36 (KHTML, like Gecko; compatible; GPTBot/1.2; +https://openai.com/gptbot)"
20.171.207.109 - - [18/Oct/2025:11:12:13 -0400] "GET /wp-content/plugins/td-composer/assets/images/placeholders/?C=N;O=A HTTP/1.1" 200 2567 "-" "Mozilla/5.0 AppleWebKit/537.36 (KHTML, like Gecko; compatible; GPTBot/1.2; +https://openai.com/gptbot)"
20.171.207.109 - - [18/Oct/2025:11:12:14 -0400] "GET /wp-content/plugins/td-composer/assets/images/placeholders/?C=S;O=D HTTP/1.1" 200 2567 "-" "Mozilla/5.0 AppleWebKit/537.36 (KHTML, like Gecko; compatible; GPTBot/1.2; +https://openai.com/gptbot)"
20.171.207.109 - - [18/Oct/2025:11:12:15 -0400] "GET /wp-content/plugins/td-composer/td-multi-purpose/?C=S;O=A HTTP/1.1" 200 3032 "-" "Mozilla/5.0 AppleWebKit/537.36 (KHTML, like Gecko; compatible; GPTBot/1.2; +https://openai.com/gptbot)"
20.171.207.109 - - [18/Oct/2025:11:12:16 -0400] "GET /wp-content/plugins/td-composer/td-multi-purpose/?C=D;O=A HTTP/1.1" 200 3032 "-" "Mozilla/5.0 AppleWebKit/537.36 (KHTML, like Gecko; compatible; GPTBot/1.2; +https://openai.com/gptbot)"
20.171.207.109 - - [18/Oct/2025:11:12:17 -0400] "GET /wp-content/plugins/td-composer/td-multi-purpose/?C=N;O=D HTTP/1.1" 200 3032 "-" "Mozilla/5.0 AppleWebKit/537.36 (KHTML, like Gecko; compatible; GPTBot/1.2; +https://openai.com/gptbot)"
20.171.207.109 - - [18/Oct/2025:11:12:18 -0400] "GET /wp-content/plugins/td-composer/td-multi-purpose/?C=M;O=A HTTP/1.1" 200 3032 "-" "Mozilla/5.0 AppleWebKit/537.36 (KHTML, like Gecko; compatible; GPTBot/1.2; +https://openai.com/gptbot)"
20.171.207.109 - - [18/Oct/2025:11:12:20 -0400] "GET /wp-content/plugins/td-composer/assets/images/placeholders/?C=D;O=D HTTP/1.1" 200 2567 "-" "Mozilla/5.0 AppleWebKit/537.36 (KHTML, like Gecko; compatible; GPTBot/1.2; +https://openai.com/gptbot)"
