HEX
Server: Apache
System: Linux 66-116-199-115.webhostbox.net 5.14.0-427.31.1.el9_4.x86_64 #1 SMP PREEMPT_DYNAMIC Thu Aug 15 14:47:52 EDT 2024 x86_64
User: blushinc (1003)
PHP: 8.2.29
Disabled: exec,passthru,shell_exec,system
Upload Files
File: /home/blushinc/access-logs/herintalk.com.blushin.com
20.171.207.109 - - [18/Oct/2025:08:16:25 -0400] "GET /wp-content/plugins/td-composer/td-multi-purpose/styles/tds_food_menu/?C=D;O=D HTTP/1.1" 200 967 "-" "Mozilla/5.0 AppleWebKit/537.36 (KHTML, like Gecko; compatible; GPTBot/1.2; +https://openai.com/gptbot)"
51.178.1.52 - - [18/Oct/2025:08:16:38 -0400] "GET /wp-login.php HTTP/1.1" 200 5973 "-" "Mozilla/4.0 (compatible; MSIE 7.0; Windows NT 6.1; Trident/7.0; SLCC2; .NET CLR 2.0.50727; .NET CLR 3.5.30729; .NET CLR 3.0.30729; .NET4.0C; .NET4.0E; Media Center PC 6.0; InfoPath.3; BRI/2)"
51.178.1.52 - - [18/Oct/2025:08:16:45 -0400] "POST /wp-login.php HTTP/1.1" 200 6410 "https://herintalk.com/wp-login.php" "Mozilla/4.0 (compatible; MSIE 7.0; Windows NT 6.1; Trident/7.0; SLCC2; .NET CLR 2.0.50727; .NET CLR 3.5.30729; .NET CLR 3.0.30729; .NET4.0C; .NET4.0E; Media Center PC 6.0; InfoPath.3; BRI/2)"
20.171.207.109 - - [18/Oct/2025:08:17:21 -0400] "GET /wp-content/plugins/td-composer/td-multi-purpose/styles/tds_title_simplified/tds_title_simplified_3.php HTTP/1.1" 500 - "-" "Mozilla/5.0 AppleWebKit/537.36 (KHTML, like Gecko; compatible; GPTBot/1.2; +https://openai.com/gptbot)"
43.166.136.153 - - [18/Oct/2025:08:17:47 -0400] "GET / HTTP/1.1" 200 53469 "http://herintalk.com" "Mozilla/5.0 (iPhone; CPU iPhone OS 13_2_3 like Mac OS X) AppleWebKit/605.1.15 (KHTML, like Gecko) Version/13.0.3 Mobile/15E148 Safari/604.1"
20.171.207.109 - - [18/Oct/2025:08:18:10 -0400] "GET /wp-content/plugins/td-composer/td-multi-purpose/styles/tds_title_simplified/tds_title_simplified_2.php HTTP/1.1" 500 - "-" "Mozilla/5.0 AppleWebKit/537.36 (KHTML, like Gecko; compatible; GPTBot/1.2; +https://openai.com/gptbot)"
20.171.207.109 - - [18/Oct/2025:08:19:11 -0400] "GET /wp-content/plugins/td-composer/td-multi-purpose/styles/tds_title_simplified/tds_title_simplified_1.php HTTP/1.1" 500 - "-" "Mozilla/5.0 AppleWebKit/537.36 (KHTML, like Gecko; compatible; GPTBot/1.2; +https://openai.com/gptbot)"
66.116.199.115 - - [18/Oct/2025:08:19:46 -0400] "POST /wp-cron.php?doing_wp_cron=1760789986.7272410392761230468750 HTTP/1.1" 200 - "-" "WordPress/6.8.3; https://herintalk.com"
216.244.66.248 - - [18/Oct/2025:08:19:46 -0400] "GET /robots.txt HTTP/1.1" 200 114 "-" "Mozilla/5.0 (compatible; DotBot/1.2; +https://opensiteexplorer.org/dotbot; [email protected])"
89.248.172.183 - - [18/Oct/2025:08:19:47 -0400] "POST /wp-json/tdw/save_css HTTP/1.1" 401 98 "-" "Mozilla/5.0 (Windows NT 10.0) AppleWebKit/537.36 (KHTML, like Gecko) Chrome/104.0.0.0 Safari/537.36"
20.171.207.109 - - [18/Oct/2025:08:20:15 -0400] "GET /wp-content/plugins/td-composer/td-multi-purpose/styles/tds_counter/?C=D;O=A HTTP/1.1" 200 961 "-" "Mozilla/5.0 AppleWebKit/537.36 (KHTML, like Gecko; compatible; GPTBot/1.2; +https://openai.com/gptbot)"
194.164.126.55 - - [18/Oct/2025:08:20:51 -0400] "POST /xmlrpc.php HTTP/1.1" 200 401 "-" "Mozilla/5.0 (compatible; MSIE 9.0; Windows NT 6.1; Win64; x64; Trident/7.0)"
20.171.207.109 - - [18/Oct/2025:08:21:19 -0400] "GET /wp-content/plugins/td-composer/td-multi-purpose/styles/tds_counter/?C=N;O=D HTTP/1.1" 200 961 "-" "Mozilla/5.0 AppleWebKit/537.36 (KHTML, like Gecko; compatible; GPTBot/1.2; +https://openai.com/gptbot)"
47.128.56.10 - - [18/Oct/2025:08:21:28 -0400] "GET /robots.txt HTTP/1.1" 200 114 "-" "Mozilla/5.0 (Linux; Android 5.0) AppleWebKit/537.36 (KHTML, like Gecko) Mobile Safari/537.36 (compatible; Bytespider; [email protected])"
20.171.207.109 - - [18/Oct/2025:08:22:14 -0400] "GET /wp-content/plugins/td-composer/td-multi-purpose/styles/tds_counter/?C=S;O=A HTTP/1.1" 200 961 "-" "Mozilla/5.0 AppleWebKit/537.36 (KHTML, like Gecko; compatible; GPTBot/1.2; +https://openai.com/gptbot)"
20.171.207.109 - - [18/Oct/2025:08:23:06 -0400] "GET /wp-content/plugins/td-composer/td-multi-purpose/styles/tds_counter/?C=M;O=A HTTP/1.1" 200 961 "-" "Mozilla/5.0 AppleWebKit/537.36 (KHTML, like Gecko; compatible; GPTBot/1.2; +https://openai.com/gptbot)"
178.33.43.96 - - [18/Oct/2025:08:23:23 -0400] "GET /wp-login.php HTTP/1.1" 200 5973 "-" "Mozilla/5.0 (Windows NT 6.1; WOW64; Trident/7.0; EIE10;ENUSMCM; rv:11.0) like Gecko"
178.33.43.96 - - [18/Oct/2025:08:23:24 -0400] "POST /wp-login.php HTTP/1.1" 200 6410 "https://herintalk.com/wp-login.php" "Mozilla/5.0 (Windows NT 6.1; WOW64; Trident/7.0; EIE10;ENUSMCM; rv:11.0) like Gecko"
104.41.213.192 - - [18/Oct/2025:08:23:46 -0400] "GET /wp-login.php HTTP/1.1" 200 5973 "-" "Mozilla/5.0 (Windows NT 6.3; Win64; x64; Trident/7.0; Touch; TNJB; rv:11.0) like Gecko"
104.41.213.192 - - [18/Oct/2025:08:23:50 -0400] "POST /wp-login.php HTTP/1.1" 200 6411 "https://herintalk.com/wp-login.php" "Mozilla/5.0 (Windows NT 6.3; Win64; x64; Trident/7.0; Touch; TNJB; rv:11.0) like Gecko"
20.171.207.109 - - [18/Oct/2025:08:23:54 -0400] "GET /wp-content/plugins/td-composer/assets/fonts/?C=M;O=A HTTP/1.1" 200 1436 "-" "Mozilla/5.0 AppleWebKit/537.36 (KHTML, like Gecko; compatible; GPTBot/1.2; +https://openai.com/gptbot)"
168.158.217.35 - - [18/Oct/2025:08:24:05 -0400] "GET /wp-content/uploads/2015/03/transgender-6.jpg HTTP/1.1" 200 132372 "-" "Mozilla/5.0 (Macintosh; Intel Mac OS X 10_15_7) AppleWebKit/537.36 (KHTML, like Gecko) Chrome/120.0.0.0 Safari/537.36"
20.171.207.109 - - [18/Oct/2025:08:24:36 -0400] "GET /wp-content/plugins/td-composer/td-multi-purpose/styles/tds_pricing/tds_pricing3.php HTTP/1.1" 500 - "-" "Mozilla/5.0 AppleWebKit/537.36 (KHTML, like Gecko; compatible; GPTBot/1.2; +https://openai.com/gptbot)"
208.84.101.230 - - [18/Oct/2025:08:24:35 -0400] "GET / HTTP/1.1" 200 144530 "http://herintalk.com" "Mozilla/5.0 (compatible; CMS-Checker/1.0; +https://example.com)"
20.171.207.109 - - [18/Oct/2025:08:25:15 -0400] "GET /wp-content/plugins/td-composer/td-multi-purpose/styles/tds_pricing/tds_pricing2.php HTTP/1.1" 500 - "-" "Mozilla/5.0 AppleWebKit/537.36 (KHTML, like Gecko; compatible; GPTBot/1.2; +https://openai.com/gptbot)"
20.171.207.109 - - [18/Oct/2025:08:26:18 -0400] "GET /wp-content/plugins/td-composer/td-multi-purpose/styles/tds_counter/?C=D;O=D HTTP/1.1" 200 961 "-" "Mozilla/5.0 AppleWebKit/537.36 (KHTML, like Gecko; compatible; GPTBot/1.2; +https://openai.com/gptbot)"
20.171.207.109 - - [18/Oct/2025:08:27:23 -0400] "GET /wp-content/plugins/td-composer/assets/fonts/?C=N;O=D HTTP/1.1" 200 1436 "-" "Mozilla/5.0 AppleWebKit/537.36 (KHTML, like Gecko; compatible; GPTBot/1.2; +https://openai.com/gptbot)"
162.19.11.69 - - [18/Oct/2025:08:27:49 -0400] "POST /xmlrpc.php HTTP/1.1" 200 401 "-" "Mozilla/4.0 (compatible; MSIE 7.0; Windows NT 6.2; WOW64; Trident/7.0; .NET4.0C; .NET4.0E; .NET CLR 2.0.50727; .NET CLR 3.0.30729; .NET CLR 3.5.30729; Tablet PC 2.0)"
20.171.207.109 - - [18/Oct/2025:08:28:19 -0400] "GET /wp-content/plugins/td-composer/td-multi-purpose/styles/tds_food_menu/tds_food_menu1.php HTTP/1.1" 500 - "-" "Mozilla/5.0 AppleWebKit/537.36 (KHTML, like Gecko; compatible; GPTBot/1.2; +https://openai.com/gptbot)"
20.171.207.109 - - [18/Oct/2025:08:29:11 -0400] "GET /wp-content/plugins/td-composer/td-multi-purpose/styles/tds_counter/?C=M;O=D HTTP/1.1" 200 961 "-" "Mozilla/5.0 AppleWebKit/537.36 (KHTML, like Gecko; compatible; GPTBot/1.2; +https://openai.com/gptbot)"
89.248.172.183 - - [18/Oct/2025:08:29:13 -0400] "POST /wp-json/tdw/save_css HTTP/1.1" 401 98 "-" "Mozilla/5.0 (Windows NT 10.0) AppleWebKit/537.36 (KHTML, like Gecko) Chrome/104.0.0.0 Safari/537.36"
114.119.157.214 - - [18/Oct/2025:08:29:41 -0400] "GET /vpaljdip/adidas-superstar-bold-women's HTTP/1.1" 301 - "https://herintalk.com/vpaljdip/bus-from-houston-to-galveston" "Mozilla/5.0 (Linux; Android 7.0;) AppleWebKit/537.36 (KHTML, like Gecko) Mobile Safari/537.36 (compatible; PetalBot;+https://webmaster.petalsearch.com/site/petalbot)"
114.119.157.214 - - [18/Oct/2025:08:29:43 -0400] "GET /sacred-sex-by-gods/ HTTP/1.1" 200 52922 "https://herintalk.com/vpaljdip/bus-from-houston-to-galveston" "Mozilla/5.0 (Linux; Android 7.0;) AppleWebKit/537.36 (KHTML, like Gecko) Mobile Safari/537.36 (compatible; PetalBot;+https://webmaster.petalsearch.com/site/petalbot)"
44.203.190.180 - - [18/Oct/2025:08:30:07 -0400] "GET / HTTP/1.1" 200 144218 "-" "Mozilla/5.0 (iPad; CPU OS 6_0 like Mac OS X) AppleWebKit/536.26 (KHTML, like Gecko) Version/6.0 Mobile/10A5355d Safari/8536.25"
20.171.207.109 - - [18/Oct/2025:08:30:12 -0400] "GET /wp-content/plugins/td-composer/assets/fonts/?C=M;O=D HTTP/1.1" 200 1436 "-" "Mozilla/5.0 AppleWebKit/537.36 (KHTML, like Gecko; compatible; GPTBot/1.2; +https://openai.com/gptbot)"
58.64.45.45 - - [18/Oct/2025:08:30:12 -0400] "POST /xmlrpc.php HTTP/1.1" 200 401 "-" "Mozilla/4.0 (compatible; MSIE 7.0; Windows NT 6.2; WOW64; Trident/7.0; .NET4.0C; .NET4.0E; .NET CLR 2.0.50727; .NET CLR 3.0.30729; .NET CLR 3.5.30729; Tablet PC 2.0; InfoPath.3)"
20.171.207.109 - - [18/Oct/2025:08:31:10 -0400] "GET /wp-content/plugins/td-composer/td-multi-purpose/styles/tds_counter/?C=S;O=D HTTP/1.1" 200 961 "-" "Mozilla/5.0 AppleWebKit/537.36 (KHTML, like Gecko; compatible; GPTBot/1.2; +https://openai.com/gptbot)"
123.25.21.34 - - [18/Oct/2025:08:31:13 -0400] "GET /wp-login.php HTTP/1.1" 200 5973 "-" "Mozilla/4.0 (compatible; MSIE 7.0; Windows NT 10.0; WOW64; Trident/7.0; Touch; .NET4.0C; .NET4.0E; .NET CLR 2.0.50727; .NET CLR 3.0.30729; .NET CLR 3.5.30729; Tablet PC 2.0)"
123.25.21.34 - - [18/Oct/2025:08:31:14 -0400] "POST /wp-login.php HTTP/1.1" 200 6410 "https://herintalk.com/wp-login.php" "Mozilla/4.0 (compatible; MSIE 7.0; Windows NT 10.0; WOW64; Trident/7.0; Touch; .NET4.0C; .NET4.0E; .NET CLR 2.0.50727; .NET CLR 3.0.30729; .NET CLR 3.5.30729; Tablet PC 2.0)"
20.171.207.109 - - [18/Oct/2025:08:32:01 -0400] "GET /wp-content/plugins/td-composer/td-multi-purpose/styles/tds_counter/tds_counter1.php HTTP/1.1" 500 - "-" "Mozilla/5.0 AppleWebKit/537.36 (KHTML, like Gecko; compatible; GPTBot/1.2; +https://openai.com/gptbot)"
20.171.207.109 - - [18/Oct/2025:08:32:46 -0400] "GET /wp-content/plugins/td-composer/td-multi-purpose/styles/tds_counter/?C=N;O=A HTTP/1.1" 200 961 "-" "Mozilla/5.0 AppleWebKit/537.36 (KHTML, like Gecko; compatible; GPTBot/1.2; +https://openai.com/gptbot)"
20.171.207.109 - - [18/Oct/2025:08:33:46 -0400] "GET /wp-content/plugins/td-composer/assets/fonts/?C=N;O=A HTTP/1.1" 200 1436 "-" "Mozilla/5.0 AppleWebKit/537.36 (KHTML, like Gecko; compatible; GPTBot/1.2; +https://openai.com/gptbot)"
216.73.216.87 - - [18/Oct/2025:08:34:29 -0400] "GET /?p=4033 HTTP/1.1" 301 - "-" "Mozilla/5.0 AppleWebKit/537.36 (KHTML, like Gecko; compatible; ClaudeBot/1.0; [email protected])"
216.73.216.87 - - [18/Oct/2025:08:34:30 -0400] "GET /?p=12263 HTTP/1.1" 301 - "-" "Mozilla/5.0 AppleWebKit/537.36 (KHTML, like Gecko; compatible; ClaudeBot/1.0; [email protected])"
216.73.216.87 - - [18/Oct/2025:08:34:31 -0400] "GET /how-to-tighten-the-vagina-best-proven-ways/ HTTP/1.1" 200 83390 "https://herintalk.com/?p=4033" "Mozilla/5.0 AppleWebKit/537.36 (KHTML, like Gecko; compatible; ClaudeBot/1.0; [email protected])"
216.73.216.87 - - [18/Oct/2025:08:34:31 -0400] "GET /qualia-mind/ HTTP/1.1" 200 89185 "https://herintalk.com/?p=12263" "Mozilla/5.0 AppleWebKit/537.36 (KHTML, like Gecko; compatible; ClaudeBot/1.0; [email protected])"
20.171.207.109 - - [18/Oct/2025:08:34:43 -0400] "GET /wp-content/plugins/td-composer/td-multi-purpose/styles/tds_pricing/tds_pricing1.php HTTP/1.1" 500 - "-" "Mozilla/5.0 AppleWebKit/537.36 (KHTML, like Gecko; compatible; GPTBot/1.2; +https://openai.com/gptbot)"
216.73.216.87 - - [18/Oct/2025:08:35:18 -0400] "GET /nuhydrate HTTP/1.1" 301 - "-" "Mozilla/5.0 AppleWebKit/537.36 (KHTML, like Gecko; compatible; ClaudeBot/1.0; [email protected])"
216.73.216.87 - - [18/Oct/2025:08:35:18 -0400] "GET /joint-renew HTTP/1.1" 301 - "-" "Mozilla/5.0 AppleWebKit/537.36 (KHTML, like Gecko; compatible; ClaudeBot/1.0; [email protected])"
216.73.216.87 - - [18/Oct/2025:08:35:19 -0400] "GET /nuhydrate/ HTTP/1.1" 200 85761 "https://herintalk.com/nuhydrate" "Mozilla/5.0 AppleWebKit/537.36 (KHTML, like Gecko; compatible; ClaudeBot/1.0; [email protected])"
216.73.216.87 - - [18/Oct/2025:08:35:19 -0400] "GET /joint-renew/ HTTP/1.1" 200 84614 "https://herintalk.com/joint-renew" "Mozilla/5.0 AppleWebKit/537.36 (KHTML, like Gecko; compatible; ClaudeBot/1.0; [email protected])"
20.171.207.109 - - [18/Oct/2025:08:35:33 -0400] "GET /wp-content/plugins/td-composer/assets/fonts/?C=D;O=A HTTP/1.1" 200 1436 "-" "Mozilla/5.0 AppleWebKit/537.36 (KHTML, like Gecko; compatible; GPTBot/1.2; +https://openai.com/gptbot)"
20.171.207.109 - - [18/Oct/2025:08:36:35 -0400] "GET /wp-content/plugins/td-composer/assets/fonts/?C=S;O=A HTTP/1.1" 200 1436 "-" "Mozilla/5.0 AppleWebKit/537.36 (KHTML, like Gecko; compatible; GPTBot/1.2; +https://openai.com/gptbot)"
89.117.74.114 - - [18/Oct/2025:08:36:36 -0400] "POST /xmlrpc.php HTTP/1.1" 200 401 "-" "Mozilla/5.0 (Windows NT 6.3; WOW64; Trident/7.0; Touch; MASEJS; rv:11.0) like Gecko"
216.73.216.87 - - [18/Oct/2025:08:37:29 -0400] "GET /how-to-tighten-the-vagina-best-proven-ways/3 HTTP/1.1" 301 - "-" "Mozilla/5.0 AppleWebKit/537.36 (KHTML, like Gecko; compatible; ClaudeBot/1.0; [email protected])"
216.73.216.87 - - [18/Oct/2025:08:37:30 -0400] "GET /how-to-tighten-the-vagina-best-proven-ways/3/ HTTP/1.1" 200 85475 "https://herintalk.com/how-to-tighten-the-vagina-best-proven-ways/3" "Mozilla/5.0 AppleWebKit/537.36 (KHTML, like Gecko; compatible; ClaudeBot/1.0; [email protected])"
20.171.207.109 - - [18/Oct/2025:08:37:34 -0400] "GET /wp-content/plugins/td-composer/td-multi-purpose/styles/tds_title/?C=N;O=D HTTP/1.1" 200 1319 "-" "Mozilla/5.0 AppleWebKit/537.36 (KHTML, like Gecko; compatible; GPTBot/1.2; +https://openai.com/gptbot)"
51.222.168.220 - - [18/Oct/2025:08:37:53 -0400] "GET / HTTP/1.1" 301 - "-" "Mozilla/5.0 (compatible; AhrefsBot/7.0; +http://ahrefs.com/robot/)"
216.73.216.87 - - [18/Oct/2025:08:38:09 -0400] "GET /how-to-tighten-the-vagina-best-proven-ways/4 HTTP/1.1" 301 - "-" "Mozilla/5.0 AppleWebKit/537.36 (KHTML, like Gecko; compatible; ClaudeBot/1.0; [email protected])"
216.73.216.87 - - [18/Oct/2025:08:38:10 -0400] "GET /how-to-tighten-the-vagina-best-proven-ways/4/ HTTP/1.1" 200 83248 "https://herintalk.com/how-to-tighten-the-vagina-best-proven-ways/4" "Mozilla/5.0 AppleWebKit/537.36 (KHTML, like Gecko; compatible; ClaudeBot/1.0; [email protected])"
20.171.207.109 - - [18/Oct/2025:08:38:27 -0400] "GET /wp-content/plugins/td-composer/td-multi-purpose/styles/tds_testimonial/?C=M;O=A HTTP/1.1" 200 1537 "-" "Mozilla/5.0 AppleWebKit/537.36 (KHTML, like Gecko; compatible; GPTBot/1.2; +https://openai.com/gptbot)"
20.171.207.109 - - [18/Oct/2025:08:39:14 -0400] "GET /wp-content/plugins/td-composer/td-multi-purpose/styles/tds_testimonial/?C=D;O=A HTTP/1.1" 200 1537 "-" "Mozilla/5.0 AppleWebKit/537.36 (KHTML, like Gecko; compatible; GPTBot/1.2; +https://openai.com/gptbot)"
162.240.238.172 - - [18/Oct/2025:08:39:37 -0400] "GET /wp-login.php HTTP/1.1" 200 5973 "-" "Mozilla/5.0 (Windows NT 6.3; Win64; x64; Trident/7.0; Touch; rv:11.0) like Gecko"
162.240.238.172 - - [18/Oct/2025:08:39:41 -0400] "POST /wp-login.php HTTP/1.1" 200 6410 "https://herintalk.com/wp-login.php" "Mozilla/5.0 (Windows NT 6.3; Win64; x64; Trident/7.0; Touch; rv:11.0) like Gecko"
20.171.207.109 - - [18/Oct/2025:08:39:55 -0400] "GET /wp-content/plugins/td-composer/td-multi-purpose/styles/tds_testimonial/?C=N;O=D HTTP/1.1" 200 1537 "-" "Mozilla/5.0 AppleWebKit/537.36 (KHTML, like Gecko; compatible; GPTBot/1.2; +https://openai.com/gptbot)"
40.77.167.44 - - [18/Oct/2025:08:40:29 -0400] "GET /vpaljdip/second-hand-field-hockey-goalie-equipment HTTP/1.1" 301 - "-" "Mozilla/5.0 AppleWebKit/537.36 (KHTML, like Gecko; compatible; bingbot/2.0; +http://www.bing.com/bingbot.htm) Chrome/116.0.1938.76 Safari/537.36"
20.171.207.109 - - [18/Oct/2025:08:40:33 -0400] "GET /wp-content/plugins/td-composer/td-multi-purpose/styles/tds_testimonial/?C=S;O=A HTTP/1.1" 200 1537 "-" "Mozilla/5.0 AppleWebKit/537.36 (KHTML, like Gecko; compatible; GPTBot/1.2; +https://openai.com/gptbot)"
216.73.216.87 - - [18/Oct/2025:08:40:35 -0400] "GET /how-to-tighten-the-vagina-best-proven-ways/5 HTTP/1.1" 301 - "-" "Mozilla/5.0 AppleWebKit/537.36 (KHTML, like Gecko; compatible; ClaudeBot/1.0; [email protected])"
216.73.216.87 - - [18/Oct/2025:08:40:36 -0400] "GET /how-to-tighten-the-vagina-best-proven-ways/5/ HTTP/1.1" 200 83265 "https://herintalk.com/how-to-tighten-the-vagina-best-proven-ways/5" "Mozilla/5.0 AppleWebKit/537.36 (KHTML, like Gecko; compatible; ClaudeBot/1.0; [email protected])"
20.171.207.109 - - [18/Oct/2025:08:41:07 -0400] "GET /wp-content/plugins/td-composer/td-multi-purpose/styles/tds_title/?C=S;O=A HTTP/1.1" 200 1319 "-" "Mozilla/5.0 AppleWebKit/537.36 (KHTML, like Gecko; compatible; GPTBot/1.2; +https://openai.com/gptbot)"
216.73.216.87 - - [18/Oct/2025:08:41:10 -0400] "GET /how-to-tighten-the-vagina-best-proven-ways/6 HTTP/1.1" 301 - "-" "Mozilla/5.0 AppleWebKit/537.36 (KHTML, like Gecko; compatible; ClaudeBot/1.0; [email protected])"
216.73.216.87 - - [18/Oct/2025:08:41:11 -0400] "GET /how-to-tighten-the-vagina-best-proven-ways/6/ HTTP/1.1" 200 83473 "https://herintalk.com/how-to-tighten-the-vagina-best-proven-ways/6" "Mozilla/5.0 AppleWebKit/537.36 (KHTML, like Gecko; compatible; ClaudeBot/1.0; [email protected])"
20.171.207.109 - - [18/Oct/2025:08:41:36 -0400] "GET /wp-content/plugins/td-composer/assets/fonts/?C=D;O=D HTTP/1.1" 200 1436 "-" "Mozilla/5.0 AppleWebKit/537.36 (KHTML, like Gecko; compatible; GPTBot/1.2; +https://openai.com/gptbot)"
147.124.197.101 - - [18/Oct/2025:08:41:56 -0400] "POST /xmlrpc.php HTTP/1.1" 200 401 "-" "Mozilla/5.0 (X11; CrOS x86_64 10452.99.0) AppleWebKit/537.36 (KHTML, like Gecko) Chrome/66.0.3359.203 Safari/537.36"
20.171.207.109 - - [18/Oct/2025:08:42:03 -0400] "GET /wp-content/plugins/td-composer/td-multi-purpose/styles/tds_counter/tds_counter1.php HTTP/1.1" 500 - "-" "Mozilla/5.0 AppleWebKit/537.36 (KHTML, like Gecko; compatible; GPTBot/1.2; +https://openai.com/gptbot)"
20.171.207.109 - - [18/Oct/2025:08:42:27 -0400] "GET /wp-content/plugins/td-composer/td-multi-purpose/styles/tds_title/?C=D;O=A HTTP/1.1" 200 1319 "-" "Mozilla/5.0 AppleWebKit/537.36 (KHTML, like Gecko; compatible; GPTBot/1.2; +https://openai.com/gptbot)"
216.73.216.87 - - [18/Oct/2025:08:42:40 -0400] "GET /hot-spots-of-men-explore HTTP/1.1" 301 - "-" "Mozilla/5.0 AppleWebKit/537.36 (KHTML, like Gecko; compatible; ClaudeBot/1.0; [email protected])"
216.73.216.87 - - [18/Oct/2025:08:42:41 -0400] "GET /hot-spots-of-men-explore/ HTTP/1.1" 200 82610 "https://herintalk.com/hot-spots-of-men-explore" "Mozilla/5.0 AppleWebKit/537.36 (KHTML, like Gecko; compatible; ClaudeBot/1.0; [email protected])"
216.73.216.87 - - [18/Oct/2025:08:43:31 -0400] "GET /know-your-woman-how-to-give-pussy-massage HTTP/1.1" 301 - "-" "Mozilla/5.0 AppleWebKit/537.36 (KHTML, like Gecko; compatible; ClaudeBot/1.0; [email protected])"
20.171.207.109 - - [18/Oct/2025:08:43:32 -0400] "GET /wp-content/plugins/td-composer/td-multi-purpose/styles/tds_title/?C=M;O=A HTTP/1.1" 200 1319 "-" "Mozilla/5.0 AppleWebKit/537.36 (KHTML, like Gecko; compatible; GPTBot/1.2; +https://openai.com/gptbot)"
216.73.216.87 - - [18/Oct/2025:08:43:32 -0400] "GET /know-your-woman-how-to-give-pussy-massage/ HTTP/1.1" 200 82940 "https://herintalk.com/know-your-woman-how-to-give-pussy-massage" "Mozilla/5.0 AppleWebKit/537.36 (KHTML, like Gecko; compatible; ClaudeBot/1.0; [email protected])"
20.171.207.109 - - [18/Oct/2025:08:44:30 -0400] "GET /wp-content/plugins/td-composer/td-multi-purpose/styles/tds_testimonial/tds_testimonial2.php HTTP/1.1" 500 - "-" "Mozilla/5.0 AppleWebKit/537.36 (KHTML, like Gecko; compatible; GPTBot/1.2; +https://openai.com/gptbot)"
52.167.144.185 - - [18/Oct/2025:08:44:31 -0400] "GET /Maxadrexbuy HTTP/1.1" 301 - "-" "Mozilla/5.0 AppleWebKit/537.36 (KHTML, like Gecko; compatible; bingbot/2.0; +http://www.bing.com/bingbot.htm) Chrome/116.0.1938.76 Safari/537.36"
216.73.216.87 - - [18/Oct/2025:08:44:53 -0400] "GET /total-living-drink-greens HTTP/1.1" 301 - "-" "Mozilla/5.0 AppleWebKit/537.36 (KHTML, like Gecko; compatible; ClaudeBot/1.0; [email protected])"
216.73.216.87 - - [18/Oct/2025:08:44:54 -0400] "GET /total-living-drink-greens/ HTTP/1.1" 200 88223 "https://herintalk.com/total-living-drink-greens" "Mozilla/5.0 AppleWebKit/537.36 (KHTML, like Gecko; compatible; ClaudeBot/1.0; [email protected])"
216.73.216.87 - - [18/Oct/2025:08:45:06 -0400] "GET /how-to-tighten-the-vagina-best-proven-ways/7 HTTP/1.1" 301 - "-" "Mozilla/5.0 AppleWebKit/537.36 (KHTML, like Gecko; compatible; ClaudeBot/1.0; [email protected])"
216.73.216.87 - - [18/Oct/2025:08:45:07 -0400] "GET /how-to-tighten-the-vagina-best-proven-ways/7/ HTTP/1.1" 200 83644 "https://herintalk.com/how-to-tighten-the-vagina-best-proven-ways/7" "Mozilla/5.0 AppleWebKit/537.36 (KHTML, like Gecko; compatible; ClaudeBot/1.0; [email protected])"
20.171.207.109 - - [18/Oct/2025:08:45:22 -0400] "GET /wp-content/plugins/td-composer/td-multi-purpose/styles/tds_testimonial/tds_testimonial3.php HTTP/1.1" 500 - "-" "Mozilla/5.0 AppleWebKit/537.36 (KHTML, like Gecko; compatible; GPTBot/1.2; +https://openai.com/gptbot)"
20.171.207.109 - - [18/Oct/2025:08:46:25 -0400] "GET /wp-content/plugins/td-composer/td-multi-purpose/styles/tds_testimonial/?C=M;O=D HTTP/1.1" 200 1537 "-" "Mozilla/5.0 AppleWebKit/537.36 (KHTML, like Gecko; compatible; GPTBot/1.2; +https://openai.com/gptbot)"
216.73.216.87 - - [18/Oct/2025:08:47:06 -0400] "GET /robots.txt HTTP/1.1" 200 114 "-" "Mozilla/5.0 AppleWebKit/537.36 (KHTML, like Gecko; compatible; ClaudeBot/1.0; [email protected])"
216.73.216.87 - - [18/Oct/2025:08:47:07 -0400] "GET /how-to-tighten-the-vagina-best-proven-ways/2 HTTP/1.1" 301 - "-" "Mozilla/5.0 AppleWebKit/537.36 (KHTML, like Gecko; compatible; ClaudeBot/1.0; [email protected])"
216.73.216.87 - - [18/Oct/2025:08:47:08 -0400] "GET /how-to-tighten-the-vagina-best-proven-ways/2/ HTTP/1.1" 200 83995 "https://herintalk.com/how-to-tighten-the-vagina-best-proven-ways/2" "Mozilla/5.0 AppleWebKit/537.36 (KHTML, like Gecko; compatible; ClaudeBot/1.0; [email protected])"
20.171.207.109 - - [18/Oct/2025:08:47:25 -0400] "GET /wp-content/plugins/td-composer/td-multi-purpose/styles/tds_testimonial/tds_testimonial4.php HTTP/1.1" 500 - "-" "Mozilla/5.0 AppleWebKit/537.36 (KHTML, like Gecko; compatible; GPTBot/1.2; +https://openai.com/gptbot)"
218.111.77.84 - - [18/Oct/2025:08:47:36 -0400] "GET /wp-login.php HTTP/1.1" 200 5973 "-" "Mozilla/5.0 (X11; CrOS x86_64 10452.96.0) AppleWebKit/537.36 (KHTML, like Gecko) Chrome/66.0.3359.181 Safari/537.36"
218.111.77.84 - - [18/Oct/2025:08:47:37 -0400] "POST /wp-login.php HTTP/1.1" 200 6410 "https://herintalk.com/wp-login.php" "Mozilla/5.0 (X11; CrOS x86_64 10452.96.0) AppleWebKit/537.36 (KHTML, like Gecko) Chrome/66.0.3359.181 Safari/537.36"
216.73.216.87 - - [18/Oct/2025:08:47:52 -0400] "GET /author/wpadmin/page/2 HTTP/1.1" 301 - "-" "Mozilla/5.0 AppleWebKit/537.36 (KHTML, like Gecko; compatible; ClaudeBot/1.0; [email protected])"
216.73.216.87 - - [18/Oct/2025:08:47:52 -0400] "GET /author/wpadmin/feed HTTP/1.1" 301 - "-" "Mozilla/5.0 AppleWebKit/537.36 (KHTML, like Gecko; compatible; ClaudeBot/1.0; [email protected])"
216.73.216.87 - - [18/Oct/2025:08:47:53 -0400] "GET /author/wpadmin/page/2/ HTTP/1.1" 200 82582 "https://herintalk.com/author/wpadmin/page/2" "Mozilla/5.0 AppleWebKit/537.36 (KHTML, like Gecko; compatible; ClaudeBot/1.0; [email protected])"
216.73.216.87 - - [18/Oct/2025:08:47:53 -0400] "GET /author/wpadmin/feed/ HTTP/1.1" 200 119168 "https://herintalk.com/author/wpadmin/feed" "Mozilla/5.0 AppleWebKit/537.36 (KHTML, like Gecko; compatible; ClaudeBot/1.0; [email protected])"
20.171.207.109 - - [18/Oct/2025:08:48:22 -0400] "GET /wp-content/plugins/td-composer/assets/fonts/?C=S;O=D HTTP/1.1" 200 1436 "-" "Mozilla/5.0 AppleWebKit/537.36 (KHTML, like Gecko; compatible; GPTBot/1.2; +https://openai.com/gptbot)"
216.73.216.87 - - [18/Oct/2025:08:49:06 -0400] "GET /author/wpadmin/page/57 HTTP/1.1" 301 - "-" "Mozilla/5.0 AppleWebKit/537.36 (KHTML, like Gecko; compatible; ClaudeBot/1.0; [email protected])"
216.73.216.87 - - [18/Oct/2025:08:49:06 -0400] "GET /author/wpadmin/page/3 HTTP/1.1" 301 - "-" "Mozilla/5.0 AppleWebKit/537.36 (KHTML, like Gecko; compatible; ClaudeBot/1.0; [email protected])"
216.73.216.87 - - [18/Oct/2025:08:49:07 -0400] "GET /author/wpadmin/page/57/ HTTP/1.1" 200 79322 "https://herintalk.com/author/wpadmin/page/57" "Mozilla/5.0 AppleWebKit/537.36 (KHTML, like Gecko; compatible; ClaudeBot/1.0; [email protected])"
216.73.216.87 - - [18/Oct/2025:08:49:07 -0400] "GET /author/wpadmin/page/3/ HTTP/1.1" 200 82872 "https://herintalk.com/author/wpadmin/page/3" "Mozilla/5.0 AppleWebKit/537.36 (KHTML, like Gecko; compatible; ClaudeBot/1.0; [email protected])"
20.171.207.109 - - [18/Oct/2025:08:49:24 -0400] "GET /wp-content/plugins/td-composer/td-multi-purpose/styles/tds_title/tds_title3.php HTTP/1.1" 500 - "-" "Mozilla/5.0 AppleWebKit/537.36 (KHTML, like Gecko; compatible; GPTBot/1.2; +https://openai.com/gptbot)"
20.171.207.109 - - [18/Oct/2025:08:50:19 -0400] "GET /wp-content/plugins/td-composer/td-multi-purpose/styles/tds_title/tds_title2.php HTTP/1.1" 500 - "-" "Mozilla/5.0 AppleWebKit/537.36 (KHTML, like Gecko; compatible; GPTBot/1.2; +https://openai.com/gptbot)"
216.73.216.87 - - [18/Oct/2025:08:50:35 -0400] "GET /?p=8309 HTTP/1.1" 301 - "-" "Mozilla/5.0 AppleWebKit/537.36 (KHTML, like Gecko; compatible; ClaudeBot/1.0; [email protected])"
216.73.216.87 - - [18/Oct/2025:08:50:35 -0400] "GET /attention-all-wanna-be-a-professors-its-time-for-ugc-net HTTP/1.1" 301 - "-" "Mozilla/5.0 AppleWebKit/537.36 (KHTML, like Gecko; compatible; ClaudeBot/1.0; [email protected])"
216.73.216.87 - - [18/Oct/2025:08:50:36 -0400] "GET /greenlyte-keto-blend/ HTTP/1.1" 200 87742 "https://herintalk.com/?p=8309" "Mozilla/5.0 AppleWebKit/537.36 (KHTML, like Gecko; compatible; ClaudeBot/1.0; [email protected])"
216.73.216.87 - - [18/Oct/2025:08:50:36 -0400] "GET /attention-all-wanna-be-a-professors-its-time-for-ugc-net/ HTTP/1.1" 200 90327 "https://herintalk.com/attention-all-wanna-be-a-professors-its-time-for-ugc-net" "Mozilla/5.0 AppleWebKit/537.36 (KHTML, like Gecko; compatible; ClaudeBot/1.0; [email protected])"
20.171.207.109 - - [18/Oct/2025:08:51:24 -0400] "GET /wp-content/plugins/td-composer/td-multi-purpose/styles/tds_title/tds_title1.php HTTP/1.1" 500 - "-" "Mozilla/5.0 AppleWebKit/537.36 (KHTML, like Gecko; compatible; GPTBot/1.2; +https://openai.com/gptbot)"
216.73.216.87 - - [18/Oct/2025:08:51:36 -0400] "GET /5-bollywood-marriages-that-were-too-strong-to-endure-infidelity/feed HTTP/1.1" 301 - "-" "Mozilla/5.0 AppleWebKit/537.36 (KHTML, like Gecko; compatible; ClaudeBot/1.0; [email protected])"
216.73.216.87 - - [18/Oct/2025:08:51:36 -0400] "GET /7-disadvantages-that-ladies-borrow HTTP/1.1" 301 - "-" "Mozilla/5.0 AppleWebKit/537.36 (KHTML, like Gecko; compatible; ClaudeBot/1.0; [email protected])"
216.73.216.87 - - [18/Oct/2025:08:51:37 -0400] "GET /5-bollywood-marriages-that-were-too-strong-to-endure-infidelity/feed/ HTTP/1.1" 200 898 "https://herintalk.com/5-bollywood-marriages-that-were-too-strong-to-endure-infidelity/feed" "Mozilla/5.0 AppleWebKit/537.36 (KHTML, like Gecko; compatible; ClaudeBot/1.0; [email protected])"
216.73.216.87 - - [18/Oct/2025:08:51:37 -0400] "GET /7-disadvantages-that-ladies-borrow/ HTTP/1.1" 200 89661 "https://herintalk.com/7-disadvantages-that-ladies-borrow" "Mozilla/5.0 AppleWebKit/537.36 (KHTML, like Gecko; compatible; ClaudeBot/1.0; [email protected])"
216.73.216.87 - - [18/Oct/2025:08:52:09 -0400] "GET /l-averla-cream HTTP/1.1" 301 - "-" "Mozilla/5.0 AppleWebKit/537.36 (KHTML, like Gecko; compatible; ClaudeBot/1.0; [email protected])"
216.73.216.87 - - [18/Oct/2025:08:52:10 -0400] "GET /l-averla-cream/ HTTP/1.1" 200 87395 "https://herintalk.com/l-averla-cream" "Mozilla/5.0 AppleWebKit/537.36 (KHTML, like Gecko; compatible; ClaudeBot/1.0; [email protected])"
20.171.207.109 - - [18/Oct/2025:08:52:28 -0400] "GET /wp-content/plugins/td-composer/td-multi-purpose/styles/tds_testimonial/?C=D;O=D HTTP/1.1" 200 1537 "-" "Mozilla/5.0 AppleWebKit/537.36 (KHTML, like Gecko; compatible; GPTBot/1.2; +https://openai.com/gptbot)"
20.171.207.109 - - [18/Oct/2025:08:53:30 -0400] "GET /wp-content/plugins/td-composer/td-multi-purpose/styles/tds_testimonial/tds_testimonial1.php HTTP/1.1" 500 - "-" "Mozilla/5.0 AppleWebKit/537.36 (KHTML, like Gecko; compatible; GPTBot/1.2; +https://openai.com/gptbot)"
216.73.216.87 - - [18/Oct/2025:08:53:30 -0400] "GET /8-most-scary-and-painful-symptoms-of-vitamin-d-deficiency HTTP/1.1" 301 - "-" "Mozilla/5.0 AppleWebKit/537.36 (KHTML, like Gecko; compatible; ClaudeBot/1.0; [email protected])"
216.73.216.87 - - [18/Oct/2025:08:53:31 -0400] "GET /8-most-scary-and-painful-symptoms-of-vitamin-d-deficiency/ HTTP/1.1" 200 88985 "https://herintalk.com/8-most-scary-and-painful-symptoms-of-vitamin-d-deficiency" "Mozilla/5.0 AppleWebKit/537.36 (KHTML, like Gecko; compatible; ClaudeBot/1.0; [email protected])"
216.73.216.87 - - [18/Oct/2025:08:54:14 -0400] "GET /getHLifeGarcinia HTTP/1.1" 404 60916 "-" "Mozilla/5.0 AppleWebKit/537.36 (KHTML, like Gecko; compatible; ClaudeBot/1.0; [email protected])"
216.73.216.87 - - [18/Oct/2025:08:54:15 -0400] "GET /?p=2236 HTTP/1.1" 301 - "-" "Mozilla/5.0 AppleWebKit/537.36 (KHTML, like Gecko; compatible; ClaudeBot/1.0; [email protected])"
216.73.216.87 - - [18/Oct/2025:08:54:16 -0400] "GET /5-bollywood-marriages-that-were-too-strong-to-endure-infidelity/ HTTP/1.1" 200 86970 "https://herintalk.com/?p=2236" "Mozilla/5.0 AppleWebKit/537.36 (KHTML, like Gecko; compatible; ClaudeBot/1.0; [email protected])"
20.171.207.109 - - [18/Oct/2025:08:54:28 -0400] "GET /wp-content/plugins/td-composer/td-multi-purpose/styles/tds_testimonial/?C=N;O=A HTTP/1.1" 200 1537 "-" "Mozilla/5.0 AppleWebKit/537.36 (KHTML, like Gecko; compatible; GPTBot/1.2; +https://openai.com/gptbot)"
20.171.207.109 - - [18/Oct/2025:08:55:31 -0400] "GET /wp-content/plugins/td-composer/td-multi-purpose/styles/tds_testimonial/tds_testimonial3.php HTTP/1.1" 500 - "-" "Mozilla/5.0 AppleWebKit/537.36 (KHTML, like Gecko; compatible; GPTBot/1.2; +https://openai.com/gptbot)"
202.92.5.25 - - [18/Oct/2025:08:55:43 -0400] "GET /wp-login.php HTTP/1.1" 200 5973 "-" "Mozilla/5.0 (Macintosh; Intel Mac OS X 10_13_4) AppleWebKit/537.36 (KHTML, like Gecko) Chrome/67.0.3396.79 Safari/537.36"
202.92.5.25 - - [18/Oct/2025:08:55:46 -0400] "POST /wp-login.php HTTP/1.1" 200 6410 "https://herintalk.com/wp-login.php" "Mozilla/5.0 (Macintosh; Intel Mac OS X 10_13_4) AppleWebKit/537.36 (KHTML, like Gecko) Chrome/67.0.3396.79 Safari/537.36"
198.98.53.242 - - [18/Oct/2025:08:56:10 -0400] "GET /?author=1 HTTP/1.1" 301 - "http://www.google.com.hk" "Mozilla/5.0 (Windows NT 6.1; WOW64) AppleWebKit/537.36 (KHTML, like Gecko) Chrome/42.0.2311.90 Safari/537.36"
198.98.53.242 - - [18/Oct/2025:08:56:11 -0400] "GET /author/wpadmin/ HTTP/1.1" 200 83007 "http://www.google.com.hk" "Mozilla/5.0 (Windows NT 6.1; WOW64) AppleWebKit/537.36 (KHTML, like Gecko) Chrome/42.0.2311.90 Safari/537.36"
20.171.207.109 - - [18/Oct/2025:08:56:26 -0400] "GET /wp-content/plugins/td-composer/td-multi-purpose/styles/tds_testimonial/tds_testimonial2.php HTTP/1.1" 500 - "-" "Mozilla/5.0 AppleWebKit/537.36 (KHTML, like Gecko; compatible; GPTBot/1.2; +https://openai.com/gptbot)"
216.73.216.87 - - [18/Oct/2025:08:56:40 -0400] "GET /10-skincare-tips HTTP/1.1" 301 - "-" "Mozilla/5.0 AppleWebKit/537.36 (KHTML, like Gecko; compatible; ClaudeBot/1.0; [email protected])"
216.73.216.87 - - [18/Oct/2025:08:56:41 -0400] "GET /10-skincare-tips/ HTTP/1.1" 200 108565 "https://herintalk.com/10-skincare-tips" "Mozilla/5.0 AppleWebKit/537.36 (KHTML, like Gecko; compatible; ClaudeBot/1.0; [email protected])"
122.17.166.228 - - [18/Oct/2025:08:57:06 -0400] "POST /xmlrpc.php HTTP/1.1" 200 401 "-" "Mozilla/5.0 (Windows NT 6.0; WOW64; Trident/7.0; rv:11.0) like Gecko"
216.73.216.87 - - [18/Oct/2025:08:57:19 -0400] "GET /lifefit-test-builder HTTP/1.1" 301 - "-" "Mozilla/5.0 AppleWebKit/537.36 (KHTML, like Gecko; compatible; ClaudeBot/1.0; [email protected])"
216.73.216.87 - - [18/Oct/2025:08:57:20 -0400] "GET /?p=8304 HTTP/1.1" 301 - "-" "Mozilla/5.0 AppleWebKit/537.36 (KHTML, like Gecko; compatible; ClaudeBot/1.0; [email protected])"
216.73.216.87 - - [18/Oct/2025:08:57:20 -0400] "GET /lifefit-test-builder/ HTTP/1.1" 200 87587 "https://herintalk.com/lifefit-test-builder" "Mozilla/5.0 AppleWebKit/537.36 (KHTML, like Gecko; compatible; ClaudeBot/1.0; [email protected])"
216.73.216.87 - - [18/Oct/2025:08:57:21 -0400] "GET /healthy-life-garcinia-cambogia/ HTTP/1.1" 200 87546 "https://herintalk.com/?p=8304" "Mozilla/5.0 AppleWebKit/537.36 (KHTML, like Gecko; compatible; ClaudeBot/1.0; [email protected])"
20.171.207.109 - - [18/Oct/2025:08:57:30 -0400] "GET /wp-content/plugins/td-composer/td-multi-purpose/styles/tds_testimonial/?C=S;O=D HTTP/1.1" 200 1537 "-" "Mozilla/5.0 AppleWebKit/537.36 (KHTML, like Gecko; compatible; GPTBot/1.2; +https://openai.com/gptbot)"
198.98.53.242 - - [18/Oct/2025:08:58:10 -0400] "GET ///wp-login.php?wp_lang=e HTTP/1.1" 200 5969 "-" "Mozilla/5.0 (Macintosh; Intel Mac OS X 10_9_4 AppleWebKit/537.36 (KHTML, like Gecko) Chrome/36.0.1985.125 Safari/537.36"
198.98.53.242 - - [18/Oct/2025:08:58:11 -0400] "POST ///wp-login.php?wp_lang=e HTTP/1.1" 200 6409 "-" "Mozilla/5.0 (Macintosh; Intel Mac OS X 10_9_4 AppleWebKit/537.36 (KHTML, like Gecko) Chrome/36.0.1985.125 Safari/537.36"
20.171.207.109 - - [18/Oct/2025:08:58:33 -0400] "GET /wp-content/plugins/td-composer/td-multi-purpose/styles/tds_testimonial/tds_testimonial4.php HTTP/1.1" 500 - "-" "Mozilla/5.0 AppleWebKit/537.36 (KHTML, like Gecko; compatible; GPTBot/1.2; +https://openai.com/gptbot)"
52.167.144.169 - - [18/Oct/2025:08:58:47 -0400] "GET /products/183504.html HTTP/1.1" 404 60916 "-" "Mozilla/5.0 AppleWebKit/537.36 (KHTML, like Gecko; compatible; bingbot/2.0; +http://www.bing.com/bingbot.htm) Chrome/116.0.1938.76 Safari/537.36"
2a03:2880:f800:35:: - - [18/Oct/2025:08:59:19 -0400] "GET / HTTP/1.1" 301 - "-" "meta-externalagent/1.1 (+https://developers.facebook.com/docs/sharing/webmasters/crawler)"
2a03:2880:f800:39:: - - [18/Oct/2025:08:59:21 -0400] "GET /index.html HTTP/1.1" 404 60916 "-" "meta-externalagent/1.1 (+https://developers.facebook.com/docs/sharing/webmasters/crawler)"
2a03:2880:f800:1d:: - - [18/Oct/2025:08:59:23 -0400] "GET / HTTP/1.1" 200 144238 "-" "meta-externalagent/1.1 (+https://developers.facebook.com/docs/sharing/webmasters/crawler)"
20.171.207.109 - - [18/Oct/2025:08:59:28 -0400] "GET /wp-content/plugins/td-composer/td-multi-purpose/styles/tds_title/?C=M;O=D HTTP/1.1" 200 1319 "-" "Mozilla/5.0 AppleWebKit/537.36 (KHTML, like Gecko; compatible; GPTBot/1.2; +https://openai.com/gptbot)"
20.171.207.109 - - [18/Oct/2025:09:00:31 -0400] "GET /wp-content/plugins/td-composer/td-multi-purpose/styles/tds_social/?C=D;O=D HTTP/1.1" 200 1873 "-" "Mozilla/5.0 AppleWebKit/537.36 (KHTML, like Gecko; compatible; GPTBot/1.2; +https://openai.com/gptbot)"
119.59.125.53 - - [18/Oct/2025:09:00:50 -0400] "GET /wp-login.php HTTP/1.1" 200 5973 "-" "Mozilla/5.0 (Macintosh; Intel Mac OS X 10_11_6) AppleWebKit/537.36 (KHTML, like Gecko) Chrome/67.0.3396.62 Safari/537.36"
119.59.125.53 - - [18/Oct/2025:09:00:55 -0400] "POST /wp-login.php HTTP/1.1" 200 6411 "https://herintalk.com/wp-login.php" "Mozilla/5.0 (Macintosh; Intel Mac OS X 10_11_6) AppleWebKit/537.36 (KHTML, like Gecko) Chrome/67.0.3396.62 Safari/537.36"
20.171.207.109 - - [18/Oct/2025:09:01:29 -0400] "GET /wp-content/plugins/td-composer/td-multi-purpose/styles/tds_title/?C=S;O=D HTTP/1.1" 200 1319 "-" "Mozilla/5.0 AppleWebKit/537.36 (KHTML, like Gecko; compatible; GPTBot/1.2; +https://openai.com/gptbot)"
82.165.230.96 - - [18/Oct/2025:09:01:31 -0400] "POST /xmlrpc.php HTTP/1.1" 200 401 "-" "Mozilla/5.0 (Macintosh; Intel Mac OS X 10_13_2) AppleWebKit/537.36 (KHTML, like Gecko) Chrome/66.0.3359.181 Safari/537.36"
20.171.207.109 - - [18/Oct/2025:09:02:22 -0400] "GET /wp-content/plugins/td-composer/td-multi-purpose/styles/tds_title/?C=D;O=D HTTP/1.1" 200 1319 "-" "Mozilla/5.0 AppleWebKit/537.36 (KHTML, like Gecko; compatible; GPTBot/1.2; +https://openai.com/gptbot)"
20.171.207.109 - - [18/Oct/2025:09:03:09 -0400] "GET /wp-content/plugins/td-composer/td-multi-purpose/styles/tds_title/?C=N;O=A HTTP/1.1" 200 1319 "-" "Mozilla/5.0 AppleWebKit/537.36 (KHTML, like Gecko; compatible; GPTBot/1.2; +https://openai.com/gptbot)"
216.73.216.87 - - [18/Oct/2025:09:03:23 -0400] "GET /chloe-jolie-reviews HTTP/1.1" 301 - "-" "Mozilla/5.0 AppleWebKit/537.36 (KHTML, like Gecko; compatible; ClaudeBot/1.0; [email protected])"
216.73.216.87 - - [18/Oct/2025:09:03:24 -0400] "GET /chloe-jolie-reviews/ HTTP/1.1" 200 88309 "https://herintalk.com/chloe-jolie-reviews" "Mozilla/5.0 AppleWebKit/537.36 (KHTML, like Gecko; compatible; ClaudeBot/1.0; [email protected])"
178.33.109.193 - - [18/Oct/2025:09:03:49 -0400] "POST /xmlrpc.php HTTP/1.1" 200 401 "-" "Mozilla/5.0 (Macintosh; Intel Mac OS X 10_11_6) AppleWebKit/604.5.6 (KHTML, like Gecko) Version/11.0.3 Safari/604.5.6"
20.171.207.109 - - [18/Oct/2025:09:03:51 -0400] "GET /wp-content/plugins/td-composer/td-multi-purpose/styles/tds_button/?C=N;O=D HTTP/1.1" 200 2239 "-" "Mozilla/5.0 AppleWebKit/537.36 (KHTML, like Gecko; compatible; GPTBot/1.2; +https://openai.com/gptbot)"
216.73.216.87 - - [18/Oct/2025:09:03:52 -0400] "GET /almaviva HTTP/1.1" 301 - "-" "Mozilla/5.0 AppleWebKit/537.36 (KHTML, like Gecko; compatible; ClaudeBot/1.0; [email protected])"
216.73.216.87 - - [18/Oct/2025:09:03:52 -0400] "GET /?p=12573 HTTP/1.1" 301 - "-" "Mozilla/5.0 AppleWebKit/537.36 (KHTML, like Gecko; compatible; ClaudeBot/1.0; [email protected])"
216.73.216.87 - - [18/Oct/2025:09:03:53 -0400] "GET /almaviva/ HTTP/1.1" 200 86009 "https://herintalk.com/almaviva" "Mozilla/5.0 AppleWebKit/537.36 (KHTML, like Gecko; compatible; ClaudeBot/1.0; [email protected])"
216.73.216.87 - - [18/Oct/2025:09:03:53 -0400] "GET /azur-derma-cream/ HTTP/1.1" 200 86131 "https://herintalk.com/?p=12573" "Mozilla/5.0 AppleWebKit/537.36 (KHTML, like Gecko; compatible; ClaudeBot/1.0; [email protected])"
216.73.216.87 - - [18/Oct/2025:09:04:27 -0400] "GET /5-keys-to-a-well-groomed-personality-development-guide/feed HTTP/1.1" 301 - "-" "Mozilla/5.0 AppleWebKit/537.36 (KHTML, like Gecko; compatible; ClaudeBot/1.0; [email protected])"
216.73.216.87 - - [18/Oct/2025:09:04:28 -0400] "GET /5-keys-to-a-well-groomed-personality-development-guide/feed/ HTTP/1.1" 200 883 "https://herintalk.com/5-keys-to-a-well-groomed-personality-development-guide/feed" "Mozilla/5.0 AppleWebKit/537.36 (KHTML, like Gecko; compatible; ClaudeBot/1.0; [email protected])"
20.171.207.109 - - [18/Oct/2025:09:04:29 -0400] "GET /wp-content/plugins/td-composer/td-multi-purpose/styles/tds_testimonial/tds_testimonial1.php HTTP/1.1" 500 - "-" "Mozilla/5.0 AppleWebKit/537.36 (KHTML, like Gecko; compatible; GPTBot/1.2; +https://openai.com/gptbot)"
20.171.207.109 - - [18/Oct/2025:09:05:03 -0400] "GET /wp-content/plugins/td-composer/td-multi-purpose/styles/tds_title/tds_title1.php HTTP/1.1" 500 - "-" "Mozilla/5.0 AppleWebKit/537.36 (KHTML, like Gecko; compatible; GPTBot/1.2; +https://openai.com/gptbot)"
20.171.207.109 - - [18/Oct/2025:09:06:05 -0400] "GET /wp-content/plugins/td-composer/td-multi-purpose/images/panel/?C=N;O=A HTTP/1.1" 200 1313 "-" "Mozilla/5.0 AppleWebKit/537.36 (KHTML, like Gecko; compatible; GPTBot/1.2; +https://openai.com/gptbot)"
52.167.144.160 - - [18/Oct/2025:09:06:11 -0400] "GET /fylpzu/tali-romance-mod-legendary-edition HTTP/1.1" 301 - "-" "Mozilla/5.0 AppleWebKit/537.36 (KHTML, like Gecko; compatible; bingbot/2.0; +http://www.bing.com/bingbot.htm) Chrome/116.0.1938.76 Safari/537.36"
216.73.216.87 - - [18/Oct/2025:09:06:31 -0400] "GET /7-things-learn-from-men-giveem-credit-women HTTP/1.1" 301 - "-" "Mozilla/5.0 AppleWebKit/537.36 (KHTML, like Gecko; compatible; ClaudeBot/1.0; [email protected])"
216.73.216.87 - - [18/Oct/2025:09:06:32 -0400] "GET /?p=12548 HTTP/1.1" 301 - "-" "Mozilla/5.0 AppleWebKit/537.36 (KHTML, like Gecko; compatible; ClaudeBot/1.0; [email protected])"
216.73.216.87 - - [18/Oct/2025:09:06:32 -0400] "GET /7-things-learn-from-men-giveem-credit-women/ HTTP/1.1" 200 90639 "https://herintalk.com/7-things-learn-from-men-giveem-credit-women" "Mozilla/5.0 AppleWebKit/537.36 (KHTML, like Gecko; compatible; ClaudeBot/1.0; [email protected])"
216.73.216.87 - - [18/Oct/2025:09:06:32 -0400] "GET /exotic-eye-cream/ HTTP/1.1" 200 86024 "https://herintalk.com/?p=12548" "Mozilla/5.0 AppleWebKit/537.36 (KHTML, like Gecko; compatible; ClaudeBot/1.0; [email protected])"
216.73.216.87 - - [18/Oct/2025:09:07:03 -0400] "GET /le-jeune-anti-aging-cream HTTP/1.1" 301 - "-" "Mozilla/5.0 AppleWebKit/537.36 (KHTML, like Gecko; compatible; ClaudeBot/1.0; [email protected])"
216.73.216.87 - - [18/Oct/2025:09:07:04 -0400] "GET /le-jeune-anti-aging-cream/ HTTP/1.1" 200 87110 "https://herintalk.com/le-jeune-anti-aging-cream" "Mozilla/5.0 AppleWebKit/537.36 (KHTML, like Gecko; compatible; ClaudeBot/1.0; [email protected])"
20.171.207.109 - - [18/Oct/2025:09:07:09 -0400] "GET /wp-content/plugins/td-composer/td-multi-purpose/styles/tds_social/tds_social4.php HTTP/1.1" 500 - "-" "Mozilla/5.0 AppleWebKit/537.36 (KHTML, like Gecko; compatible; GPTBot/1.2; +https://openai.com/gptbot)"
20.171.207.109 - - [18/Oct/2025:09:08:07 -0400] "GET /wp-content/plugins/td-composer/td-multi-purpose/styles/tds_testimonial/tds_testimonial3.php HTTP/1.1" 500 - "-" "Mozilla/5.0 AppleWebKit/537.36 (KHTML, like Gecko; compatible; GPTBot/1.2; +https://openai.com/gptbot)"
107.189.14.177 - - [18/Oct/2025:09:08:47 -0400] "GET /wp-login.php HTTP/1.1" 302 - "-" "Mozilla/5.0 (Macintosh; Intel Mac OS X 10_7_5) AppleWebKit/537.77.4 (KHTML, like Gecko) Version/6.1.5 Safari/537.77.4"
148.135.13.18 - - [18/Oct/2025:09:09:02 -0400] "GET /wp-content/uploads/2014/05/6-Reasons-Why-Not-to-Worry-if-you-Miss-Period-Points-to-Keep-in-Mind-1.jpg HTTP/1.1" 200 37176 "-" "Mozilla/5.0 (X11; CrOS i686 4319.74.0) AppleWebKit/537.36 (KHTML, like Gecko) Chrome/29.0.1547.57 Safari/537.36"
20.171.207.109 - - [18/Oct/2025:09:09:11 -0400] "GET /wp-content/plugins/td-composer/td-multi-purpose/styles/tds_title/tds_title3.php HTTP/1.1" 500 - "-" "Mozilla/5.0 AppleWebKit/537.36 (KHTML, like Gecko; compatible; GPTBot/1.2; +https://openai.com/gptbot)"
20.171.207.109 - - [18/Oct/2025:09:10:13 -0400] "GET /wp-content/plugins/td-composer/td-multi-purpose/styles/tds_social/tds_social6.php HTTP/1.1" 500 - "-" "Mozilla/5.0 AppleWebKit/537.36 (KHTML, like Gecko; compatible; GPTBot/1.2; +https://openai.com/gptbot)"
20.171.207.109 - - [18/Oct/2025:09:11:15 -0400] "GET /wp-content/plugins/td-composer/td-multi-purpose/styles/tds_testimonial/tds_testimonial2.php HTTP/1.1" 500 - "-" "Mozilla/5.0 AppleWebKit/537.36 (KHTML, like Gecko; compatible; GPTBot/1.2; +https://openai.com/gptbot)"
177.33.85.166 - - [18/Oct/2025:09:11:55 -0400] "GET /wp-content/uploads/2014/05/What-else-you-need-to-keep-in-mind.jpg HTTP/1.1" 200 23698 "-" "Mozilla/5.0 (Windows NT 6.1; WOW64) AppleWebKit/537.36 (KHTML, like Gecko) Chrome/96.0.4664.45 Safari/537.36"
107.189.14.177 - - [18/Oct/2025:09:12:13 -0400] "GET /wp-admin/ HTTP/1.1" 302 - "-" "Mozilla/5.0 (Macintosh; Intel Mac OS X 10_7_5) AppleWebKit/537.77.4 (KHTML, like Gecko) Version/6.1.5 Safari/537.77.4"
107.189.14.177 - - [18/Oct/2025:09:12:14 -0400] "GET /wp-login.php?redirect_to=https%3A%2F%2Fherintalk.com%2Fwp-admin%2F&reauth=1 HTTP/1.1" 200 5973 "-" "Mozilla/5.0 (Macintosh; Intel Mac OS X 10_7_5) AppleWebKit/537.77.4 (KHTML, like Gecko) Version/6.1.5 Safari/537.77.4"
20.171.207.109 - - [18/Oct/2025:09:12:19 -0400] "GET /wp-content/plugins/td-composer/td-multi-purpose/styles/tds_title/tds_title2.php HTTP/1.1" 500 - "-" "Mozilla/5.0 AppleWebKit/537.36 (KHTML, like Gecko; compatible; GPTBot/1.2; +https://openai.com/gptbot)"
20.171.207.109 - - [18/Oct/2025:09:13:22 -0400] "GET /wp-content/plugins/td-composer/td-multi-purpose/styles/tds_button/tds_button8.php HTTP/1.1" 500 - "-" "Mozilla/5.0 AppleWebKit/537.36 (KHTML, like Gecko; compatible; GPTBot/1.2; +https://openai.com/gptbot)"
43.153.211.234 - - [18/Oct/2025:09:13:46 -0400] "GET /wp-content/uploads/2014/09/onions.jpg HTTP/1.1" 304 - "http://herintalk.com/wp-content/uploads/2014/09/onions.jpg" "Mozilla/5.0 (Windows NT 6.1; WOW64) AppleWebKit/537.36 (KHTML, like Gecko) Chrome/64.0.3282.119 Safari/537.36"
45.86.153.231 - - [18/Oct/2025:09:13:53 -0400] "POST /xmlrpc.php HTTP/1.1" 200 401 "-" "Mozilla/5.0 (Windows NT 10.0; WOW64) AppleWebKit/537.36 (KHTML, like Gecko) Chrome/65.0.3325.181 Safari/537.36"
52.167.144.66 - - [18/Oct/2025:09:13:54 -0400] "GET /robots.txt HTTP/1.1" 200 114 "-" "Mozilla/5.0 AppleWebKit/537.36 (KHTML, like Gecko; compatible; bingbot/2.0; +http://www.bing.com/bingbot.htm) Chrome/116.0.1938.76 Safari/537.36"
216.73.216.87 - - [18/Oct/2025:09:14:22 -0400] "GET /skin-endear-anti-aging-cream HTTP/1.1" 301 - "-" "Mozilla/5.0 AppleWebKit/537.36 (KHTML, like Gecko; compatible; ClaudeBot/1.0; [email protected])"
216.73.216.87 - - [18/Oct/2025:09:14:23 -0400] "GET /skin-endear-anti-aging-cream/ HTTP/1.1" 200 85269 "https://herintalk.com/skin-endear-anti-aging-cream" "Mozilla/5.0 AppleWebKit/537.36 (KHTML, like Gecko; compatible; ClaudeBot/1.0; [email protected])"
20.171.207.109 - - [18/Oct/2025:09:14:24 -0400] "GET /wp-content/plugins/td-composer/td-multi-purpose/styles/tds_icon/?C=D;O=A HTTP/1.1" 200 952 "-" "Mozilla/5.0 AppleWebKit/537.36 (KHTML, like Gecko; compatible; GPTBot/1.2; +https://openai.com/gptbot)"
20.171.207.109 - - [18/Oct/2025:09:15:28 -0400] "GET /wp-content/plugins/td-composer/td-multi-purpose/styles/tds_button/tds_button3.php HTTP/1.1" 500 - "-" "Mozilla/5.0 AppleWebKit/537.36 (KHTML, like Gecko; compatible; GPTBot/1.2; +https://openai.com/gptbot)"
20.171.207.109 - - [18/Oct/2025:09:16:27 -0400] "GET /wp-content/plugins/td-composer/td-multi-purpose/styles/tds_button/tds_button6.php HTTP/1.1" 500 - "-" "Mozilla/5.0 AppleWebKit/537.36 (KHTML, like Gecko; compatible; GPTBot/1.2; +https://openai.com/gptbot)"
216.73.216.87 - - [18/Oct/2025:09:16:30 -0400] "GET /?p=7754 HTTP/1.1" 301 - "-" "Mozilla/5.0 AppleWebKit/537.36 (KHTML, like Gecko; compatible; ClaudeBot/1.0; [email protected])"
216.73.216.87 - - [18/Oct/2025:09:16:31 -0400] "GET /kellie-anti-aging-cream/ HTTP/1.1" 200 88146 "https://herintalk.com/?p=7754" "Mozilla/5.0 AppleWebKit/537.36 (KHTML, like Gecko; compatible; ClaudeBot/1.0; [email protected])"
20.171.207.109 - - [18/Oct/2025:09:17:28 -0400] "GET /wp-content/plugins/td-composer/td-multi-purpose/styles/tds_icon/tds_icon1.php HTTP/1.1" 500 - "-" "Mozilla/5.0 AppleWebKit/537.36 (KHTML, like Gecko; compatible; GPTBot/1.2; +https://openai.com/gptbot)"
114.119.157.214 - - [18/Oct/2025:09:17:48 -0400] "GET /wp-content/uploads/2018/08/img_Best-Makeup-Beauty-Tips-For-Older-Women_2018_08-265x198.jpg HTTP/1.1" 200 10589 "https://herintalk.com/tag/beauty/page/21/" "Mozilla/5.0 (Linux; Android 7.0;) AppleWebKit/537.36 (KHTML, like Gecko) Mobile Safari/537.36 (compatible; PetalBot;+https://webmaster.petalsearch.com/site/petalbot)"
2a03:2880:f800:e:: - - [18/Oct/2025:09:17:59 -0400] "GET /index.html HTTP/1.1" 301 - "-" "meta-externalagent/1.1 (+https://developers.facebook.com/docs/sharing/webmasters/crawler)"
216.73.216.87 - - [18/Oct/2025:09:18:22 -0400] "GET /?p=7758 HTTP/1.1" 301 - "-" "Mozilla/5.0 AppleWebKit/537.36 (KHTML, like Gecko; compatible; ClaudeBot/1.0; [email protected])"
216.73.216.87 - - [18/Oct/2025:09:18:22 -0400] "GET /gavali-ageless-face-moisturizer/ HTTP/1.1" 200 87575 "https://herintalk.com/?p=7758" "Mozilla/5.0 AppleWebKit/537.36 (KHTML, like Gecko; compatible; ClaudeBot/1.0; [email protected])"
20.171.207.109 - - [18/Oct/2025:09:18:32 -0400] "GET /wp-content/plugins/td-composer/td-multi-purpose/styles/tds_button/tds_button7.php HTTP/1.1" 500 - "-" "Mozilla/5.0 AppleWebKit/537.36 (KHTML, like Gecko; compatible; GPTBot/1.2; +https://openai.com/gptbot)"
168.158.163.195 - - [18/Oct/2025:09:18:32 -0400] "GET /wp-content/uploads/2015/12/Chamomile.jpg HTTP/1.1" 200 151083 "-" "Mozilla/5.0 (Macintosh; Intel Mac OS X 14_3_1) AppleWebKit/605.1.15 (KHTML, like Gecko) Version/17.2 Safari/605.1.15"
66.116.199.115 - - [18/Oct/2025:09:19:14 -0400] "POST /wp-cron.php?doing_wp_cron=1760793554.3143630027770996093750 HTTP/1.1" 200 - "-" "WordPress/6.8.3; https://herintalk.com"
67.227.250.231 - - [18/Oct/2025:09:19:13 -0400] "POST /xmlrpc.php HTTP/1.1" 200 401 "-" "Mozilla/5.0 (Macintosh; Intel Mac OS X 10_10_5) AppleWebKit/602.2.14 (KHTML, like Gecko) Version/10.0.1 Safari/602.2.14"
114.119.150.196 - - [18/Oct/2025:09:19:22 -0400] "GET /miley-cyrus-new-name-for-controversy HTTP/1.1" 301 - "https://herintalk.com/miley-cyrus-new-name-for-controversy/" "Mozilla/5.0 (Linux; Android 7.0;) AppleWebKit/537.36 (KHTML, like Gecko) Mobile Safari/537.36 (compatible; PetalBot;+https://webmaster.petalsearch.com/site/petalbot)"
114.119.150.196 - - [18/Oct/2025:09:19:22 -0400] "GET /miley-cyrus-new-name-for-controversy/ HTTP/1.1" 200 64207 "https://herintalk.com/miley-cyrus-new-name-for-controversy/" "Mozilla/5.0 (Linux; Android 7.0;) AppleWebKit/537.36 (KHTML, like Gecko) Mobile Safari/537.36 (compatible; PetalBot;+https://webmaster.petalsearch.com/site/petalbot)"
20.171.207.109 - - [18/Oct/2025:09:19:33 -0400] "GET /wp-content/plugins/td-composer/td-multi-purpose/styles/tds_button/tds_button2.php HTTP/1.1" 500 - "-" "Mozilla/5.0 AppleWebKit/537.36 (KHTML, like Gecko; compatible; GPTBot/1.2; +https://openai.com/gptbot)"
