216.73.216.87 - - [18/Oct/2025:09:19:48 -0400] "GET /illumagen-cream-and-serum HTTP/1.1" 301 - "-" "Mozilla/5.0 AppleWebKit/537.36 (KHTML, like Gecko; compatible; ClaudeBot/1.0; [email protected])"
216.73.216.87 - - [18/Oct/2025:09:19:49 -0400] "GET /illumagen-cream-and-serum/ HTTP/1.1" 200 84237 "https://herintalk.com/illumagen-cream-and-serum" "Mozilla/5.0 AppleWebKit/537.36 (KHTML, like Gecko; compatible; ClaudeBot/1.0; [email protected])"
46.105.79.61 - - [18/Oct/2025:09:19:54 -0400] "GET /wp-login.php HTTP/1.1" 200 5973 "-" "Mozilla/5.0 (Windows NT 6.1; Win64; x64) AppleWebKit/537.36 (KHTML, like Gecko) Chrome/58.0.3029.110 Safari/537.36 Edge/16.16299"
46.105.79.61 - - [18/Oct/2025:09:19:55 -0400] "POST /wp-login.php HTTP/1.1" 200 6411 "https://herintalk.com/wp-login.php" "Mozilla/5.0 (Windows NT 6.1; Win64; x64) AppleWebKit/537.36 (KHTML, like Gecko) Chrome/58.0.3029.110 Safari/537.36 Edge/16.16299"
20.171.207.109 - - [18/Oct/2025:09:20:35 -0400] "GET /wp-content/plugins/td-composer/td-multi-purpose/styles/tds_social/tds_social1.php HTTP/1.1" 500 - "-" "Mozilla/5.0 AppleWebKit/537.36 (KHTML, like Gecko; compatible; GPTBot/1.2; +https://openai.com/gptbot)"
46.105.73.207 - - [18/Oct/2025:09:20:40 -0400] "POST /xmlrpc.php HTTP/1.1" 200 401 "-" "Mozilla/5.0 (X11; Linux x86_64) AppleWebKit/537.36 (KHTML, like Gecko) Chrome/67.0.3396.79 Safari/537.36"
114.119.137.64 - - [18/Oct/2025:09:20:55 -0400] "GET /health/breast-enhancement/?filter_by=popular HTTP/1.1" 301 - "https://herintalk.com/health/breast-enhancement/?filter_by=popular7" "Mozilla/5.0 (Linux; Android 7.0;) AppleWebKit/537.36 (KHTML, like Gecko) Mobile Safari/537.36 (compatible; PetalBot;+https://webmaster.petalsearch.com/site/petalbot)"
114.119.137.64 - - [18/Oct/2025:09:20:56 -0400] "GET /breast-enhancement-guide/?filter_by=popular HTTP/1.1" 200 64800 "https://herintalk.com/health/breast-enhancement/?filter_by=popular7" "Mozilla/5.0 (Linux; Android 7.0;) AppleWebKit/537.36 (KHTML, like Gecko) Mobile Safari/537.36 (compatible; PetalBot;+https://webmaster.petalsearch.com/site/petalbot)"
68.65.120.246 - - [18/Oct/2025:09:21:05 -0400] "GET /wp-login.php HTTP/1.1" 200 5973 "-" "Mozilla/5.0 (Macintosh; Intel Mac OS X 10_10_5) AppleWebKit/537.36 (KHTML, like Gecko) Chrome/67.0.3396.87 Safari/537.36"
68.65.120.246 - - [18/Oct/2025:09:21:08 -0400] "POST /wp-login.php HTTP/1.1" 200 6410 "https://herintalk.com/wp-login.php" "Mozilla/5.0 (Macintosh; Intel Mac OS X 10_10_5) AppleWebKit/537.36 (KHTML, like Gecko) Chrome/67.0.3396.87 Safari/537.36"
20.171.207.109 - - [18/Oct/2025:09:21:41 -0400] "GET /wp-content/plugins/td-composer/td-multi-purpose/styles/tds_social/tds_social2.php HTTP/1.1" 500 - "-" "Mozilla/5.0 AppleWebKit/537.36 (KHTML, like Gecko; compatible; GPTBot/1.2; +https://openai.com/gptbot)"
2804:49c8:ffe4:1a00:25db:3cf7:7456:fa6 - - [18/Oct/2025:09:21:45 -0400] "GET /wp-content/uploads/2014/05/Sudden-Weight-Gain-or-Loss.jpg HTTP/1.1" 200 12809 "-" "Mozilla/5.0 (Windows NT 10.0; Win64; x64) AppleWebKit/537.36 (KHTML, like Gecko) Chrome/96.0.4664.93 Safari/537.36"
20.171.207.109 - - [18/Oct/2025:09:22:46 -0400] "GET /wp-content/plugins/td-composer/td-multi-purpose/styles/tds_button/tds_button1.php HTTP/1.1" 500 - "-" "Mozilla/5.0 AppleWebKit/537.36 (KHTML, like Gecko; compatible; GPTBot/1.2; +https://openai.com/gptbot)"
52.167.144.231 - - [18/Oct/2025:09:23:30 -0400] "GET /derma-reflexion-best-anti-aging-formula-to-cure-aging-marks/ HTTP/1.1" 301 - "-" "Mozilla/5.0 AppleWebKit/537.36 (KHTML, like Gecko; compatible; bingbot/2.0; +http://www.bing.com/bingbot.htm) Chrome/116.0.1938.76 Safari/537.36"
216.73.216.87 - - [18/Oct/2025:09:23:41 -0400] "GET /unique-signs-falling HTTP/1.1" 301 - "-" "Mozilla/5.0 AppleWebKit/537.36 (KHTML, like Gecko; compatible; ClaudeBot/1.0; [email protected])"
216.73.216.87 - - [18/Oct/2025:09:23:42 -0400] "GET /unique-signs-falling/ HTTP/1.1" 200 91235 "https://herintalk.com/unique-signs-falling" "Mozilla/5.0 AppleWebKit/537.36 (KHTML, like Gecko; compatible; ClaudeBot/1.0; [email protected])"
20.171.207.109 - - [18/Oct/2025:09:23:51 -0400] "GET /wp-content/plugins/td-composer/td-multi-purpose/styles/tds_button/tds_button5.php HTTP/1.1" 500 - "-" "Mozilla/5.0 AppleWebKit/537.36 (KHTML, like Gecko; compatible; GPTBot/1.2; +https://openai.com/gptbot)"
20.171.207.109 - - [18/Oct/2025:09:24:52 -0400] "GET /wp-content/plugins/td-composer/td-multi-purpose/styles/tds_button/tds_button4.php HTTP/1.1" 500 - "-" "Mozilla/5.0 AppleWebKit/537.36 (KHTML, like Gecko; compatible; GPTBot/1.2; +https://openai.com/gptbot)"
216.73.216.87 - - [18/Oct/2025:09:25:27 -0400] "GET /derma-reflexion-best-anti-aging-formula-to-cure-aging-marks HTTP/1.1" 301 - "-" "Mozilla/5.0 AppleWebKit/537.36 (KHTML, like Gecko; compatible; ClaudeBot/1.0; [email protected])"
216.73.216.87 - - [18/Oct/2025:09:25:28 -0400] "GET /derma-reflexion-best-anti-aging-formula-to-cure-aging-marks/ HTTP/1.1" 200 89945 "https://herintalk.com/derma-reflexion-best-anti-aging-formula-to-cure-aging-marks" "Mozilla/5.0 AppleWebKit/537.36 (KHTML, like Gecko; compatible; ClaudeBot/1.0; [email protected])"
20.171.207.109 - - [18/Oct/2025:09:25:54 -0400] "GET /wp-content/plugins/td-composer/td-multi-purpose/styles/tds_social/tds_social5.php HTTP/1.1" 500 - "-" "Mozilla/5.0 AppleWebKit/537.36 (KHTML, like Gecko; compatible; GPTBot/1.2; +https://openai.com/gptbot)"
178.254.13.61 - - [18/Oct/2025:09:26:15 -0400] "POST /xmlrpc.php HTTP/1.1" 200 401 "-" "Mozilla/5.0 (Windows NT 6.3; ARM; Trident/7.0; Touch; rv:11.0) like Gecko"
216.73.216.87 - - [18/Oct/2025:09:26:29 -0400] "GET /ways-to-remove-acne-scars/feed HTTP/1.1" 301 - "-" "Mozilla/5.0 AppleWebKit/537.36 (KHTML, like Gecko; compatible; ClaudeBot/1.0; [email protected])"
216.73.216.87 - - [18/Oct/2025:09:26:29 -0400] "GET /ways-to-remove-acne-scars/feed/ HTTP/1.1" 200 814 "https://herintalk.com/ways-to-remove-acne-scars/feed" "Mozilla/5.0 AppleWebKit/537.36 (KHTML, like Gecko; compatible; ClaudeBot/1.0; [email protected])"
20.171.207.109 - - [18/Oct/2025:09:26:58 -0400] "GET /wp-content/plugins/td-composer/td-multi-purpose/styles/tds_social/tds_social3.php HTTP/1.1" 500 - "-" "Mozilla/5.0 AppleWebKit/537.36 (KHTML, like Gecko; compatible; GPTBot/1.2; +https://openai.com/gptbot)"
20.171.207.109 - - [18/Oct/2025:09:28:04 -0400] "GET /wp-content/plugins/td-composer/td-multi-purpose/styles/tds_icon/?C=D;O=D HTTP/1.1" 200 952 "-" "Mozilla/5.0 AppleWebKit/537.36 (KHTML, like Gecko; compatible; GPTBot/1.2; +https://openai.com/gptbot)"
135.125.5.71 - - [18/Oct/2025:09:28:39 -0400] "POST /xmlrpc.php HTTP/1.1" 200 401 "-" "Mozilla/4.0 (compatible; MSIE 7.0; Windows NT 6.3; ARM; Trident/7.0; Touch; .NET4.0E; .NET4.0C; Tablet PC 2.0)"
20.171.207.109 - - [18/Oct/2025:09:29:10 -0400] "GET /wp-content/plugins/td-composer/td-multi-purpose/styles/tds_button/?C=S;O=A HTTP/1.1" 200 2239 "-" "Mozilla/5.0 AppleWebKit/537.36 (KHTML, like Gecko; compatible; GPTBot/1.2; +https://openai.com/gptbot)"
20.171.207.109 - - [18/Oct/2025:09:30:08 -0400] "GET /wp-content/plugins/td-composer/td-multi-purpose/images/panel/?C=M;O=A HTTP/1.1" 200 1313 "-" "Mozilla/5.0 AppleWebKit/537.36 (KHTML, like Gecko; compatible; GPTBot/1.2; +https://openai.com/gptbot)"
162.240.70.125 - - [18/Oct/2025:09:30:34 -0400] "GET /wp-login.php HTTP/1.1" 200 5973 "-" "Mozilla/4.0 (compatible; MSIE 7.0; Windows NT 6.3; WOW64; Trident/7.0; .NET4.0C; .NET4.0E; .NET CLR 2.0.50727; .NET CLR 3.0.30729; .NET CLR 3.5.30729; Tablet PC 2.0)"
162.240.70.125 - - [18/Oct/2025:09:30:37 -0400] "POST /wp-login.php HTTP/1.1" 200 6410 "https://herintalk.com/wp-login.php" "Mozilla/4.0 (compatible; MSIE 7.0; Windows NT 6.3; WOW64; Trident/7.0; .NET4.0C; .NET4.0E; .NET CLR 2.0.50727; .NET CLR 3.0.30729; .NET CLR 3.5.30729; Tablet PC 2.0)"
216.73.216.87 - - [18/Oct/2025:09:30:47 -0400] "GET /?p=7876 HTTP/1.1" 301 - "-" "Mozilla/5.0 AppleWebKit/537.36 (KHTML, like Gecko; compatible; ClaudeBot/1.0; [email protected])"
216.73.216.87 - - [18/Oct/2025:09:30:48 -0400] "GET /lumivol-skin-care/ HTTP/1.1" 200 93705 "https://herintalk.com/?p=7876" "Mozilla/5.0 AppleWebKit/537.36 (KHTML, like Gecko; compatible; ClaudeBot/1.0; [email protected])"
20.171.207.109 - - [18/Oct/2025:09:30:59 -0400] "GET /wp-content/plugins/td-composer/td-multi-purpose/styles/tds_button/?C=D;O=A HTTP/1.1" 200 2239 "-" "Mozilla/5.0 AppleWebKit/537.36 (KHTML, like Gecko; compatible; GPTBot/1.2; +https://openai.com/gptbot)"
20.171.207.109 - - [18/Oct/2025:09:31:44 -0400] "GET /wp-content/plugins/td-composer/td-multi-purpose/styles/tds_button/?C=M;O=A HTTP/1.1" 200 2239 "-" "Mozilla/5.0 AppleWebKit/537.36 (KHTML, like Gecko; compatible; GPTBot/1.2; +https://openai.com/gptbot)"
20.171.207.109 - - [18/Oct/2025:09:32:27 -0400] "GET /wp-content/plugins/td-composer/td-multi-purpose/styles/tds_button/?C=N;O=A HTTP/1.1" 200 2239 "-" "Mozilla/5.0 AppleWebKit/537.36 (KHTML, like Gecko; compatible; GPTBot/1.2; +https://openai.com/gptbot)"
216.73.216.87 - - [18/Oct/2025:09:32:35 -0400] "GET /?p=2786 HTTP/1.1" 301 - "-" "Mozilla/5.0 AppleWebKit/537.36 (KHTML, like Gecko; compatible; ClaudeBot/1.0; [email protected])"
216.73.216.87 - - [18/Oct/2025:09:32:36 -0400] "GET /ways-to-remove-acne-scars/ HTTP/1.1" 200 87172 "https://herintalk.com/?p=2786" "Mozilla/5.0 AppleWebKit/537.36 (KHTML, like Gecko; compatible; ClaudeBot/1.0; [email protected])"
20.171.207.109 - - [18/Oct/2025:09:33:06 -0400] "GET /wp-content/plugins/td-composer/td-multi-purpose/styles/tds_icon/?C=N;O=A HTTP/1.1" 200 952 "-" "Mozilla/5.0 AppleWebKit/537.36 (KHTML, like Gecko; compatible; GPTBot/1.2; +https://openai.com/gptbot)"
20.171.207.109 - - [18/Oct/2025:09:33:38 -0400] "GET /wp-content/plugins/td-composer/td-multi-purpose/images/panel/?C=D;O=A HTTP/1.1" 200 1313 "-" "Mozilla/5.0 AppleWebKit/537.36 (KHTML, like Gecko; compatible; GPTBot/1.2; +https://openai.com/gptbot)"
20.171.207.109 - - [18/Oct/2025:09:34:09 -0400] "GET /wp-content/plugins/td-composer/td-multi-purpose/styles/tds_icon/?C=M;O=A HTTP/1.1" 200 952 "-" "Mozilla/5.0 AppleWebKit/537.36 (KHTML, like Gecko; compatible; GPTBot/1.2; +https://openai.com/gptbot)"
20.171.207.109 - - [18/Oct/2025:09:34:37 -0400] "GET /wp-content/plugins/td-composer/td-multi-purpose/styles/tds_icon/?C=N;O=D HTTP/1.1" 200 952 "-" "Mozilla/5.0 AppleWebKit/537.36 (KHTML, like Gecko; compatible; GPTBot/1.2; +https://openai.com/gptbot)"
20.171.207.109 - - [18/Oct/2025:09:35:01 -0400] "GET /wp-content/plugins/td-composer/legacy/common/wp_booster/wp-admin/external/ace/snippets/?C=S;O=A HTTP/1.1" 200 1720 "-" "Mozilla/5.0 AppleWebKit/537.36 (KHTML, like Gecko; compatible; GPTBot/1.2; +https://openai.com/gptbot)"
20.171.207.109 - - [18/Oct/2025:09:35:24 -0400] "GET /wp-content/plugins/td-composer/td-multi-purpose/styles/tds_icon/tds_icon1.php HTTP/1.1" 500 - "-" "Mozilla/5.0 AppleWebKit/537.36 (KHTML, like Gecko; compatible; GPTBot/1.2; +https://openai.com/gptbot)"
20.171.207.109 - - [18/Oct/2025:09:35:44 -0400] "GET /wp-content/plugins/td-composer/td-multi-purpose/styles/tds_button/tds_button2.php HTTP/1.1" 500 - "-" "Mozilla/5.0 AppleWebKit/537.36 (KHTML, like Gecko; compatible; GPTBot/1.2; +https://openai.com/gptbot)"
20.171.207.109 - - [18/Oct/2025:09:36:42 -0400] "GET /wp-content/plugins/td-composer/td-multi-purpose/styles/tds_button/tds_button8.php HTTP/1.1" 500 - "-" "Mozilla/5.0 AppleWebKit/537.36 (KHTML, like Gecko; compatible; GPTBot/1.2; +https://openai.com/gptbot)"
20.171.207.109 - - [18/Oct/2025:09:37:43 -0400] "GET /wp-content/plugins/td-composer/td-multi-purpose/styles/tds_button/tds_button7.php HTTP/1.1" 500 - "-" "Mozilla/5.0 AppleWebKit/537.36 (KHTML, like Gecko; compatible; GPTBot/1.2; +https://openai.com/gptbot)"
40.77.167.27 - - [18/Oct/2025:09:38:25 -0400] "GET /nevi-skin-pros-and-cons/ HTTP/1.1" 301 - "-" "Mozilla/5.0 AppleWebKit/537.36 (KHTML, like Gecko; compatible; bingbot/2.0; +http://www.bing.com/bingbot.htm) Chrome/116.0.1938.76 Safari/537.36"
20.171.207.109 - - [18/Oct/2025:09:38:43 -0400] "GET /wp-content/plugins/td-composer/td-multi-purpose/images/panel/?C=M;O=D HTTP/1.1" 200 1313 "-" "Mozilla/5.0 AppleWebKit/537.36 (KHTML, like Gecko; compatible; GPTBot/1.2; +https://openai.com/gptbot)"
14.248.80.79 - - [18/Oct/2025:09:38:59 -0400] "POST /xmlrpc.php HTTP/1.1" 200 401 "-" "Mozilla/5.0 (Windows NT 6.2; ARM; Trident/7.0; Touch; rv:11.0; WPDesktop; NOKIA; Lumia 635) like Gecko"
173.212.200.159 - - [18/Oct/2025:09:39:27 -0400] "GET /wp-login.php HTTP/1.1" 200 5973 "-" "Mozilla/4.0 (compatible; MSIE 7.0; Windows NT 6.1; Win64; x64; Trident/7.0; .NET CLR 2.0.50727; SLCC2; .NET4.0C; .NET4.0E; .NET CLR 3.5.30729; .NET CLR 3.0.30729)"
173.212.200.159 - - [18/Oct/2025:09:39:32 -0400] "POST /wp-login.php HTTP/1.1" 200 6411 "https://herintalk.com/wp-login.php" "Mozilla/4.0 (compatible; MSIE 7.0; Windows NT 6.1; Win64; x64; Trident/7.0; .NET CLR 2.0.50727; SLCC2; .NET4.0C; .NET4.0E; .NET CLR 3.5.30729; .NET CLR 3.0.30729)"
20.171.207.109 - - [18/Oct/2025:09:39:46 -0400] "GET /wp-content/plugins/td-composer/td-multi-purpose/styles/tds_button/tds_button6.php HTTP/1.1" 500 - "-" "Mozilla/5.0 AppleWebKit/537.36 (KHTML, like Gecko; compatible; GPTBot/1.2; +https://openai.com/gptbot)"
51.255.119.44 - - [18/Oct/2025:09:40:34 -0400] "GET /wp-login.php HTTP/1.1" 200 5973 "-" "Mozilla/5.0 (Macintosh; Intel Mac OS X 10_13_3) AppleWebKit/537.36 (KHTML, like Gecko) Chrome/66.0.3359.181 Safari/537.36"
213.171.211.93 - - [18/Oct/2025:09:40:35 -0400] "POST /xmlrpc.php HTTP/1.1" 200 401 "-" "Mozilla/5.0 (Macintosh; Intel Mac OS X 10_13) AppleWebKit/603.1.13 (KHTML, like Gecko) Version/10.1 Safari/603.1.13"
51.255.119.44 - - [18/Oct/2025:09:40:35 -0400] "POST /wp-login.php HTTP/1.1" 200 6410 "https://herintalk.com/wp-login.php" "Mozilla/5.0 (Macintosh; Intel Mac OS X 10_13_3) AppleWebKit/537.36 (KHTML, like Gecko) Chrome/66.0.3359.181 Safari/537.36"
20.171.207.109 - - [18/Oct/2025:09:40:42 -0400] "GET /wp-content/plugins/td-composer/td-multi-purpose/styles/tds_button/tds_button4.php HTTP/1.1" 500 - "-" "Mozilla/5.0 AppleWebKit/537.36 (KHTML, like Gecko; compatible; GPTBot/1.2; +https://openai.com/gptbot)"
78.46.42.69 - - [18/Oct/2025:09:41:41 -0400] "GET /feed/ HTTP/1.1" 200 68114 "-" "Mozilla/5.0 (X11; compatible; semantic-visions.com crawler; HTTPClient 4.5)"
20.171.207.109 - - [18/Oct/2025:09:41:44 -0400] "GET /wp-content/plugins/td-composer/td-multi-purpose/styles/tds_button/tds_button3.php HTTP/1.1" 500 - "-" "Mozilla/5.0 AppleWebKit/537.36 (KHTML, like Gecko; compatible; GPTBot/1.2; +https://openai.com/gptbot)"
20.171.207.109 - - [18/Oct/2025:09:42:45 -0400] "GET /wp-content/plugins/td-composer/td-multi-purpose/styles/tds_button/tds_button1.php HTTP/1.1" 500 - "-" "Mozilla/5.0 AppleWebKit/537.36 (KHTML, like Gecko; compatible; GPTBot/1.2; +https://openai.com/gptbot)"
20.171.207.109 - - [18/Oct/2025:09:43:47 -0400] "GET /wp-content/plugins/td-composer/td-multi-purpose/styles/tds_button/tds_button5.php HTTP/1.1" 500 - "-" "Mozilla/5.0 AppleWebKit/537.36 (KHTML, like Gecko; compatible; GPTBot/1.2; +https://openai.com/gptbot)"
20.171.207.109 - - [18/Oct/2025:09:44:51 -0400] "GET /wp-content/plugins/td-composer/legacy/common/wp_booster/wp-admin/external/ace/snippets/?C=D;O=A HTTP/1.1" 200 1720 "-" "Mozilla/5.0 AppleWebKit/537.36 (KHTML, like Gecko; compatible; GPTBot/1.2; +https://openai.com/gptbot)"
118.178.122.81 - - [18/Oct/2025:09:44:59 -0400] "GET /diguo/phome.php HTTP/1.1" 404 60916 "http://herintalk.com/diguo/phome.php" "Mozilla/5.0 (compatible; MSIE 9.0; Windows NT 6.1; Win64; x64; Trident/5.0)"
205.185.120.218 - - [18/Oct/2025:09:45:12 -0400] "GET /wp-login.php HTTP/1.1" 302 - "-" "Mozilla/5.0 (Macintosh; Intel Mac OS X 10_9_2) AppleWebKit/537.75.14 (KHTML, like Gecko) Version/7.0.3 Safari/537.75.14"
205.185.120.218 - - [18/Oct/2025:09:45:39 -0400] "GET /wp-admin/ HTTP/1.1" 302 - "-" "Mozilla/5.0 (Macintosh; Intel Mac OS X 10_9_2) AppleWebKit/537.75.14 (KHTML, like Gecko) Version/7.0.3 Safari/537.75.14"
20.171.207.109 - - [18/Oct/2025:09:45:53 -0400] "GET /wp-content/plugins/td-composer/td-multi-purpose/styles/tds_icon/?C=M;O=D HTTP/1.1" 200 952 "-" "Mozilla/5.0 AppleWebKit/537.36 (KHTML, like Gecko; compatible; GPTBot/1.2; +https://openai.com/gptbot)"
205.185.120.218 - - [18/Oct/2025:09:46:05 -0400] "GET /wp-login.php?redirect_to=https%3A%2F%2Fherintalk.com%2Fwp-admin%2F&reauth=1 HTTP/1.1" 200 5973 "-" "Mozilla/5.0 (Macintosh; Intel Mac OS X 10_9_2) AppleWebKit/537.75.14 (KHTML, like Gecko) Version/7.0.3 Safari/537.75.14"
165.227.93.191 - - [18/Oct/2025:09:46:29 -0400] "POST /xmlrpc.php HTTP/1.1" 200 401 "-" "Mozilla/4.0 (compatible; MSIE 7.0; Windows NT 6.1; WOW64; Trident/7.0; SLCC2; .NET CLR 2.0.50727; .NET CLR 3.5.30729; .NET CLR 3.0.30729; .NET4.0C; .NET4.0E; Media Center PC 6.0)"
20.171.207.109 - - [18/Oct/2025:09:46:48 -0400] "GET /wp-content/plugins/td-composer/td-multi-purpose/styles/tds_button/?C=S;O=D HTTP/1.1" 200 2239 "-" "Mozilla/5.0 AppleWebKit/537.36 (KHTML, like Gecko; compatible; GPTBot/1.2; +https://openai.com/gptbot)"
20.171.207.109 - - [18/Oct/2025:09:47:38 -0400] "GET /wp-content/plugins/td-composer/includes/?C=M;O=A HTTP/1.1" 200 3612 "-" "Mozilla/5.0 AppleWebKit/537.36 (KHTML, like Gecko; compatible; GPTBot/1.2; +https://openai.com/gptbot)"
110.249.201.201 - - [18/Oct/2025:09:48:02 -0400] "GET /robots.txt HTTP/1.1" 200 114 "-" "Mozilla/5.0 (Linux; Android 5.0) AppleWebKit/537.36 (KHTML, like Gecko) Mobile Safari/537.36 (compatible; Bytespider; https://zhanzhang.toutiao.com/)"
20.171.207.109 - - [18/Oct/2025:09:48:23 -0400] "GET /wp-content/plugins/td-composer/td-multi-purpose/styles/tds_button/?C=M;O=D HTTP/1.1" 200 2239 "-" "Mozilla/5.0 AppleWebKit/537.36 (KHTML, like Gecko; compatible; GPTBot/1.2; +https://openai.com/gptbot)"
20.171.207.109 - - [18/Oct/2025:09:49:05 -0400] "GET /wp-content/plugins/td-composer/legacy/common/wp_booster/wp-admin/external/ace/snippets/?C=N;O=A HTTP/1.1" 200 1720 "-" "Mozilla/5.0 AppleWebKit/537.36 (KHTML, like Gecko; compatible; GPTBot/1.2; +https://openai.com/gptbot)"
58.84.41.136 - - [18/Oct/2025:09:49:13 -0400] "GET /wp-login.php HTTP/1.1" 200 5973 "-" "Mozilla/5.0 (Windows NT 6.1; WOW64; Trident/7.0; MATP; MATP; MATPJS; rv:11.0) like Gecko"
58.84.41.136 - - [18/Oct/2025:09:49:15 -0400] "POST /wp-login.php HTTP/1.1" 200 6410 "https://herintalk.com/wp-login.php" "Mozilla/5.0 (Windows NT 6.1; WOW64; Trident/7.0; MATP; MATP; MATPJS; rv:11.0) like Gecko"
20.171.207.109 - - [18/Oct/2025:09:49:42 -0400] "GET /wp-content/plugins/td-composer/td-multi-purpose/images/panel/?C=D;O=D HTTP/1.1" 200 1313 "-" "Mozilla/5.0 AppleWebKit/537.36 (KHTML, like Gecko; compatible; GPTBot/1.2; +https://openai.com/gptbot)"
20.171.207.109 - - [18/Oct/2025:09:50:14 -0400] "GET /wp-content/plugins/td-composer/legacy/common/wp_booster/wp-admin/external/ace/snippets/?C=N;O=D HTTP/1.1" 200 1720 "-" "Mozilla/5.0 AppleWebKit/537.36 (KHTML, like Gecko; compatible; GPTBot/1.2; +https://openai.com/gptbot)"
20.171.207.109 - - [18/Oct/2025:09:50:45 -0400] "GET /wp-content/plugins/td-composer/td-multi-purpose/styles/tds_button/?C=D;O=D HTTP/1.1" 200 2239 "-" "Mozilla/5.0 AppleWebKit/537.36 (KHTML, like Gecko; compatible; GPTBot/1.2; +https://openai.com/gptbot)"
20.171.207.109 - - [18/Oct/2025:09:51:13 -0400] "GET /wp-content/plugins/td-composer/legacy/common/wp_booster/wp-admin/external/ace/snippets/?C=M;O=A HTTP/1.1" 200 1720 "-" "Mozilla/5.0 AppleWebKit/537.36 (KHTML, like Gecko; compatible; GPTBot/1.2; +https://openai.com/gptbot)"
20.171.207.109 - - [18/Oct/2025:09:51:36 -0400] "GET /wp-content/plugins/td-composer/includes/?C=N;O=D HTTP/1.1" 200 3612 "-" "Mozilla/5.0 AppleWebKit/537.36 (KHTML, like Gecko; compatible; GPTBot/1.2; +https://openai.com/gptbot)"
20.171.207.109 - - [18/Oct/2025:09:51:59 -0400] "GET /wp-content/plugins/td-composer/includes/tdc_composer_block.php HTTP/1.1" 500 - "-" "Mozilla/5.0 AppleWebKit/537.36 (KHTML, like Gecko; compatible; GPTBot/1.2; +https://openai.com/gptbot)"
20.171.207.109 - - [18/Oct/2025:09:52:18 -0400] "GET /wp-content/plugins/td-composer/td-multi-purpose/styles/tds_icon/tds_icon1.php HTTP/1.1" 500 - "-" "Mozilla/5.0 AppleWebKit/537.36 (KHTML, like Gecko; compatible; GPTBot/1.2; +https://openai.com/gptbot)"
40.77.167.5 - - [18/Oct/2025:09:52:37 -0400] "GET /women-jealousy/ HTTP/1.1" 404 60916 "-" "Mozilla/5.0 (Windows NT 10.0; Win64; x64) AppleWebKit/537.36 (KHTML, like Gecko) Chrome/112.0.0.0 Safari/537.36 Edg/112.0.1722.68"
20.171.207.109 - - [18/Oct/2025:09:53:19 -0400] "GET /wp-content/plugins/td-composer/includes/tdc_main.php HTTP/1.1" 500 - "-" "Mozilla/5.0 AppleWebKit/537.36 (KHTML, like Gecko; compatible; GPTBot/1.2; +https://openai.com/gptbot)"
72.167.53.65 - - [18/Oct/2025:09:53:26 -0400] "POST /xmlrpc.php HTTP/1.1" 200 401 "-" "Mozilla/4.0 (compatible; MSIE 7.0; Windows NT 6.1; WOW64; Trident/7.0; SLCC2; .NET CLR 2.0.50727; .NET4.0C; .NET4.0E; FBViewer-6.0.4.0; .NET CLR 3.5.30729; .NET CLR 3.0.30729)"
20.171.207.109 - - [18/Oct/2025:09:54:23 -0400] "GET /wp-content/plugins/td-composer/legacy/common/wp_booster/wp-admin/external/ace/snippets/?C=D;O=D HTTP/1.1" 200 1720 "-" "Mozilla/5.0 AppleWebKit/537.36 (KHTML, like Gecko; compatible; GPTBot/1.2; +https://openai.com/gptbot)"
20.171.207.109 - - [18/Oct/2025:09:55:25 -0400] "GET /wp-content/plugins/td-composer/td-multi-purpose/styles/tds_button/tds_button1.php HTTP/1.1" 500 - "-" "Mozilla/5.0 AppleWebKit/537.36 (KHTML, like Gecko; compatible; GPTBot/1.2; +https://openai.com/gptbot)"
216.73.216.87 - - [18/Oct/2025:09:55:28 -0400] "GET /258 HTTP/1.1" 301 - "http://herintalk.com/258" "Mozilla/5.0 AppleWebKit/537.36 (KHTML, like Gecko; compatible; ClaudeBot/1.0; [email protected])"
216.73.216.87 - - [18/Oct/2025:09:55:29 -0400] "GET /myths-about-safe-sex-and-sexual-health/ HTTP/1.1" 200 88899 "https://herintalk.com/258" "Mozilla/5.0 AppleWebKit/537.36 (KHTML, like Gecko; compatible; ClaudeBot/1.0; [email protected])"
40.86.42.69 - - [18/Oct/2025:09:55:40 -0400] "GET /aa.php HTTP/1.1" 404 60916 "-" "-"
40.86.42.69 - - [18/Oct/2025:09:55:41 -0400] "GET /about.php HTTP/1.1" 404 60916 "-" "-"
40.86.42.69 - - [18/Oct/2025:09:55:42 -0400] "GET /admin.php HTTP/1.1" 404 60916 "-" "-"
40.86.42.69 - - [18/Oct/2025:09:55:44 -0400] "GET /akc.php HTTP/1.1" 404 60916 "-" "-"
40.86.42.69 - - [18/Oct/2025:09:55:45 -0400] "GET /alfa.php HTTP/1.1" 404 60916 "-" "-"
40.86.42.69 - - [18/Oct/2025:09:55:46 -0400] "GET /asasx.php HTTP/1.1" 404 60916 "-" "-"
40.86.42.69 - - [18/Oct/2025:09:55:47 -0400] "GET /atomlib.php HTTP/1.1" 404 60916 "-" "-"
40.86.42.69 - - [18/Oct/2025:09:55:48 -0400] "GET /autoload_classmap.php HTTP/1.1" 404 60916 "-" "-"
40.86.42.69 - - [18/Oct/2025:09:55:49 -0400] "GET /autoload_classmap/function.php HTTP/1.1" 404 60916 "-" "-"
40.86.42.69 - - [18/Oct/2025:09:55:50 -0400] "GET /buy.php HTTP/1.1" 404 60916 "-" "-"
40.86.42.69 - - [18/Oct/2025:09:55:51 -0400] "GET /chosen.php HTTP/1.1" 404 60916 "-" "-"
40.86.42.69 - - [18/Oct/2025:09:55:52 -0400] "GET /classwithtostring.php HTTP/1.1" 404 60916 "-" "-"
40.86.42.69 - - [18/Oct/2025:09:55:53 -0400] "GET /cong.php HTTP/1.1" 404 60916 "-" "-"
40.86.42.69 - - [18/Oct/2025:09:55:54 -0400] "GET /edit.php HTTP/1.1" 404 60916 "-" "-"
40.86.42.69 - - [18/Oct/2025:09:55:55 -0400] "GET /file.php HTTP/1.1" 404 60916 "-" "-"
40.86.42.69 - - [18/Oct/2025:09:55:56 -0400] "GET /file2.php HTTP/1.1" 404 60916 "-" "-"
40.86.42.69 - - [18/Oct/2025:09:55:57 -0400] "GET /flower.php HTTP/1.1" 404 60916 "-" "-"
40.86.42.69 - - [18/Oct/2025:09:55:58 -0400] "GET /gecko.php HTTP/1.1" 404 60916 "-" "-"
40.86.42.69 - - [18/Oct/2025:09:55:59 -0400] "GET /goat.php HTTP/1.1" 404 60916 "-" "-"
40.86.42.69 - - [18/Oct/2025:09:56:00 -0400] "GET /goods.php HTTP/1.1" 404 60916 "-" "-"
40.86.42.69 - - [18/Oct/2025:09:56:01 -0400] "GET /ioxi-o.php HTTP/1.1" 404 60916 "-" "-"
40.86.42.69 - - [18/Oct/2025:09:56:02 -0400] "GET /lock360.php HTTP/1.1" 404 60916 "-" "-"
40.86.42.69 - - [18/Oct/2025:09:56:03 -0400] "GET /makeasmtp.php HTTP/1.1" 404 60916 "-" "-"
40.86.42.69 - - [18/Oct/2025:09:56:04 -0400] "GET /mm.php HTTP/1.1" 404 60916 "-" "-"
40.86.42.69 - - [18/Oct/2025:09:56:06 -0400] "GET /nc4.php HTTP/1.1" 404 60916 "-" "-"
40.86.42.69 - - [18/Oct/2025:09:56:07 -0400] "GET /tinyfilemanager.php HTTP/1.1" 404 60916 "-" "-"
40.86.42.69 - - [18/Oct/2025:09:56:08 -0400] "GET /users.php HTTP/1.1" 404 60916 "-" "-"
40.86.42.69 - - [18/Oct/2025:09:56:09 -0400] "GET /w.php HTTP/1.1" 404 60916 "-" "-"
40.86.42.69 - - [18/Oct/2025:09:56:10 -0400] "GET /wp-admin/ HTTP/1.1" 302 - "-" "-"
40.86.42.69 - - [18/Oct/2025:09:56:11 -0400] "GET /wp-login.php?redirect_to=https%3A%2F%2Fherintalk.com%2Fwp-admin%2F&reauth=1 HTTP/1.1" 200 5973 "-" "-"
40.86.42.69 - - [18/Oct/2025:09:56:11 -0400] "GET /wp-admin/css/colors/blue/index.php HTTP/1.1" 301 - "-" "-"
40.86.42.69 - - [18/Oct/2025:09:56:12 -0400] "GET /wp-admin/css/colors/blue/ HTTP/1.1" 200 1565 "-" "-"
40.86.42.69 - - [18/Oct/2025:09:56:12 -0400] "GET /wp-admin/images/moon.php HTTP/1.1" 404 60916 "-" "-"
40.86.42.69 - - [18/Oct/2025:09:56:14 -0400] "GET /wp-admin/js/index.php HTTP/1.1" 301 - "-" "-"
40.86.42.69 - - [18/Oct/2025:09:56:15 -0400] "GET /wp-admin/js/ HTTP/1.1" 200 18683 "-" "-"
40.77.167.132 - - [18/Oct/2025:09:56:14 -0400] "GET /products/7842656.html HTTP/1.1" 404 60916 "-" "Mozilla/5.0 AppleWebKit/537.36 (KHTML, like Gecko; compatible; bingbot/2.0; +http://www.bing.com/bingbot.htm) Chrome/116.0.1938.76 Safari/537.36"
40.86.42.69 - - [18/Oct/2025:09:56:15 -0400] "GET /wp-admin/setup-config.php HTTP/1.1" 409 2665 "-" "-"
40.86.42.69 - - [18/Oct/2025:09:56:16 -0400] "GET /wp-api.php HTTP/1.1" 404 60916 "-" "-"
40.86.42.69 - - [18/Oct/2025:09:56:17 -0400] "GET /wp-content/index.php HTTP/1.1" 200 - "-" "-"
40.86.42.69 - - [18/Oct/2025:09:56:17 -0400] "GET /wp-content/wp-conflg.php HTTP/1.1" 404 60916 "-" "-"
40.86.42.69 - - [18/Oct/2025:09:56:18 -0400] "GET /wp-includes/IXR/autoload_classmap.php HTTP/1.1" 404 60916 "-" "-"
20.171.207.109 - - [18/Oct/2025:09:56:19 -0400] "GET /wp-content/plugins/td-composer/td-multi-purpose/styles/tds_button/tds_button5.php HTTP/1.1" 500 - "-" "Mozilla/5.0 AppleWebKit/537.36 (KHTML, like Gecko; compatible; GPTBot/1.2; +https://openai.com/gptbot)"
40.86.42.69 - - [18/Oct/2025:09:56:19 -0400] "GET /wp-includes/fonts/admin.php HTTP/1.1" 404 60916 "-" "-"
40.86.42.69 - - [18/Oct/2025:09:56:20 -0400] "GET /wp-includes/fonts/index.php HTTP/1.1" 301 - "-" "-"
40.86.42.69 - - [18/Oct/2025:09:56:21 -0400] "GET /wp-includes/fonts/ HTTP/1.1" 200 2522 "-" "-"
40.86.42.69 - - [18/Oct/2025:09:56:21 -0400] "GET /wp-setup.php HTTP/1.1" 404 60916 "-" "-"
40.86.42.69 - - [18/Oct/2025:09:56:22 -0400] "GET /wp.php HTTP/1.1" 404 60916 "-" "-"
40.86.42.69 - - [18/Oct/2025:09:56:24 -0400] "GET /wsa.php HTTP/1.1" 404 60916 "-" "-"
213.32.31.149 - - [18/Oct/2025:09:56:45 -0400] "POST /xmlrpc.php HTTP/1.1" 200 401 "-" "Mozilla/5.0 (Windows NT 6.3; Win64; x64) AppleWebKit/537.36 (KHTML, like Gecko) Chrome/65.0.3325.146 Safari/537.36"
20.171.207.109 - - [18/Oct/2025:09:57:24 -0400] "GET /wp-content/plugins/td-composer/includes/wpeditor.php HTTP/1.1" 500 - "-" "Mozilla/5.0 AppleWebKit/537.36 (KHTML, like Gecko; compatible; GPTBot/1.2; +https://openai.com/gptbot)"
20.171.207.109 - - [18/Oct/2025:09:58:24 -0400] "GET /wp-content/plugins/td-composer/includes/tdc_map.php HTTP/1.1" 500 - "-" "Mozilla/5.0 AppleWebKit/537.36 (KHTML, like Gecko; compatible; GPTBot/1.2; +https://openai.com/gptbot)"
216.73.216.87 - - [18/Oct/2025:09:58:45 -0400] "GET /robots.txt HTTP/1.1" 200 114 "-" "Mozilla/5.0 AppleWebKit/537.36 (KHTML, like Gecko; compatible; ClaudeBot/1.0; [email protected])"
216.73.216.87 - - [18/Oct/2025:09:58:46 -0400] "GET /how-to-reduce-stomach-fat/feed HTTP/1.1" 301 - "-" "Mozilla/5.0 AppleWebKit/537.36 (KHTML, like Gecko; compatible; ClaudeBot/1.0; [email protected])"
216.73.216.87 - - [18/Oct/2025:09:58:46 -0400] "GET /?p=2308 HTTP/1.1" 301 - "-" "Mozilla/5.0 AppleWebKit/537.36 (KHTML, like Gecko; compatible; ClaudeBot/1.0; [email protected])"
216.73.216.87 - - [18/Oct/2025:09:58:47 -0400] "GET /how-to-reduce-stomach-fat/feed/ HTTP/1.1" 200 816 "https://herintalk.com/how-to-reduce-stomach-fat/feed" "Mozilla/5.0 AppleWebKit/537.36 (KHTML, like Gecko; compatible; ClaudeBot/1.0; [email protected])"
216.73.216.87 - - [18/Oct/2025:09:58:47 -0400] "GET /dreaming-to-fly-be-an-air-hostess-and-live-your-dreams/ HTTP/1.1" 200 90018 "https://herintalk.com/?p=2308" "Mozilla/5.0 AppleWebKit/537.36 (KHTML, like Gecko; compatible; ClaudeBot/1.0; [email protected])"
20.171.207.109 - - [18/Oct/2025:09:59:28 -0400] "GET /wp-content/plugins/td-composer/includes/tdc_ajax.php HTTP/1.1" 500 - "-" "Mozilla/5.0 AppleWebKit/537.36 (KHTML, like Gecko; compatible; GPTBot/1.2; +https://openai.com/gptbot)"
20.171.207.109 - - [18/Oct/2025:10:00:32 -0400] "GET /wp-content/plugins/td-composer/td-multi-purpose/styles/tds_button/tds_button2.php HTTP/1.1" 500 - "-" "Mozilla/5.0 AppleWebKit/537.36 (KHTML, like Gecko; compatible; GPTBot/1.2; +https://openai.com/gptbot)"
20.171.207.109 - - [18/Oct/2025:10:01:37 -0400] "GET /wp-content/plugins/td-composer/td-multi-purpose/styles/tds_button/tds_button8.php HTTP/1.1" 500 - "-" "Mozilla/5.0 AppleWebKit/537.36 (KHTML, like Gecko; compatible; GPTBot/1.2; +https://openai.com/gptbot)"
20.171.207.109 - - [18/Oct/2025:10:02:37 -0400] "GET /wp-content/plugins/td-composer/td-multi-purpose/styles/tds_button/tds_button3.php HTTP/1.1" 500 - "-" "Mozilla/5.0 AppleWebKit/537.36 (KHTML, like Gecko; compatible; GPTBot/1.2; +https://openai.com/gptbot)"
5.180.252.164 - - [18/Oct/2025:10:03:16 -0400] "POST /xmlrpc.php HTTP/1.1" 200 401 "-" "Mozilla/5.0 (Windows NT 6.3; rv:60.0) Gecko/20100101 Firefox/60.0"
182.44.67.97 - - [18/Oct/2025:10:03:31 -0400] "GET / HTTP/1.1" 200 53469 "http://herintalk.com" "Mozilla/5.0 (iPhone; CPU iPhone OS 13_2_3 like Mac OS X) AppleWebKit/605.1.15 (KHTML, like Gecko) Version/13.0.3 Mobile/15E148 Safari/604.1"
20.171.207.109 - - [18/Oct/2025:10:03:41 -0400] "GET /wp-content/plugins/td-composer/td-multi-purpose/styles/tds_button/tds_button7.php HTTP/1.1" 500 - "-" "Mozilla/5.0 AppleWebKit/537.36 (KHTML, like Gecko; compatible; GPTBot/1.2; +https://openai.com/gptbot)"
89.248.172.183 - - [18/Oct/2025:10:04:10 -0400] "POST /wp-json/tdw/save_css HTTP/1.1" 401 98 "-" "Mozilla/5.0 (Windows NT 10.0) AppleWebKit/537.36 (KHTML, like Gecko) Chrome/104.0.0.0 Safari/537.36"
20.171.207.109 - - [18/Oct/2025:10:04:42 -0400] "GET /wp-content/plugins/td-composer/includes/?C=N;O=A HTTP/1.1" 200 3612 "-" "Mozilla/5.0 AppleWebKit/537.36 (KHTML, like Gecko; compatible; GPTBot/1.2; +https://openai.com/gptbot)"
51.255.119.44 - - [18/Oct/2025:10:05:02 -0400] "POST /xmlrpc.php HTTP/1.1" 200 401 "-" "Mozilla/5.0 (Windows NT 6.3; Win64; x64) AppleWebKit/537.36 (KHTML, like Gecko) Chrome/65.0.3325.181 Safari/537.36"
20.171.207.109 - - [18/Oct/2025:10:05:43 -0400] "GET /wp-content/plugins/td-composer/includes/?C=M;O=D HTTP/1.1" 200 3612 "-" "Mozilla/5.0 AppleWebKit/537.36 (KHTML, like Gecko; compatible; GPTBot/1.2; +https://openai.com/gptbot)"
20.171.207.109 - - [18/Oct/2025:10:06:38 -0400] "GET /wp-content/plugins/td-composer/legacy/common/wp_booster/wp-admin/external/ace/snippets/?C=M;O=D HTTP/1.1" 200 1720 "-" "Mozilla/5.0 AppleWebKit/537.36 (KHTML, like Gecko; compatible; GPTBot/1.2; +https://openai.com/gptbot)"
20.171.207.109 - - [18/Oct/2025:10:07:30 -0400] "GET /wp-content/plugins/td-composer/td-multi-purpose/styles/tds_button/tds_button6.php HTTP/1.1" 500 - "-" "Mozilla/5.0 AppleWebKit/537.36 (KHTML, like Gecko; compatible; GPTBot/1.2; +https://openai.com/gptbot)"
89.248.172.183 - - [18/Oct/2025:10:07:46 -0400] "POST /wp-json/tdw/save_css HTTP/1.1" 401 98 "-" "Mozilla/5.0 (Windows NT 10.0) AppleWebKit/537.36 (KHTML, like Gecko) Chrome/104.0.0.0 Safari/537.36"
20.171.207.109 - - [18/Oct/2025:10:08:17 -0400] "GET /wp-content/plugins/td-composer/td-multi-purpose/styles/tds_button/tds_button4.php HTTP/1.1" 500 - "-" "Mozilla/5.0 AppleWebKit/537.36 (KHTML, like Gecko; compatible; GPTBot/1.2; +https://openai.com/gptbot)"
216.73.216.87 - - [18/Oct/2025:10:09:06 -0400] "GET /dreaming-to-fly-be-an-air-hostess-and-live-your-dreams/feed HTTP/1.1" 301 - "-" "Mozilla/5.0 AppleWebKit/537.36 (KHTML, like Gecko; compatible; ClaudeBot/1.0; [email protected])"
216.73.216.87 - - [18/Oct/2025:10:09:07 -0400] "GET /dreaming-to-fly-be-an-air-hostess-and-live-your-dreams/feed/ HTTP/1.1" 200 873 "https://herintalk.com/dreaming-to-fly-be-an-air-hostess-and-live-your-dreams/feed" "Mozilla/5.0 AppleWebKit/537.36 (KHTML, like Gecko; compatible; ClaudeBot/1.0; [email protected])"
20.171.207.109 - - [18/Oct/2025:10:09:22 -0400] "GET /wp-content/plugins/td-composer/includes/?C=S;O=A HTTP/1.1" 200 3612 "-" "Mozilla/5.0 AppleWebKit/537.36 (KHTML, like Gecko; compatible; GPTBot/1.2; +https://openai.com/gptbot)"
54.36.95.199 - - [18/Oct/2025:10:09:43 -0400] "GET /wp-login.php HTTP/1.1" 200 5973 "-" "Mozilla/5.0 (Windows NT 6.1; WOW64; Trident/7.0; ASJB; ASJB; MAAU; rv:11.0) like Gecko"
54.36.95.199 - - [18/Oct/2025:10:09:46 -0400] "POST /wp-login.php HTTP/1.1" 200 6411 "https://herintalk.com/wp-login.php" "Mozilla/5.0 (Windows NT 6.1; WOW64; Trident/7.0; ASJB; ASJB; MAAU; rv:11.0) like Gecko"
20.171.207.109 - - [18/Oct/2025:10:10:24 -0400] "GET /wp-content/plugins/td-composer/includes/?C=D;O=A HTTP/1.1" 200 3612 "-" "Mozilla/5.0 AppleWebKit/537.36 (KHTML, like Gecko; compatible; GPTBot/1.2; +https://openai.com/gptbot)"
122.17.166.228 - - [18/Oct/2025:10:10:41 -0400] "POST /xmlrpc.php HTTP/1.1" 200 401 "-" "Mozilla/4.0 (compatible; MSIE 7.0; Windows NT 10.0; WOW64; Trident/7.0; .NET4.0C; .NET4.0E; .NET CLR 2.0.50727; .NET CLR 3.0.30729; .NET CLR 3.5.30729; InfoPath.3)"
216.73.216.87 - - [18/Oct/2025:10:11:17 -0400] "GET /?p=80 HTTP/1.1" 301 - "-" "Mozilla/5.0 AppleWebKit/537.36 (KHTML, like Gecko; compatible; ClaudeBot/1.0; [email protected])"
216.73.216.87 - - [18/Oct/2025:10:11:17 -0400] "GET /womans-guide-smart-investment/feed HTTP/1.1" 301 - "-" "Mozilla/5.0 AppleWebKit/537.36 (KHTML, like Gecko; compatible; ClaudeBot/1.0; [email protected])"
216.73.216.87 - - [18/Oct/2025:10:11:18 -0400] "GET /womans-guide-smart-investment/feed/ HTTP/1.1" 200 806 "https://herintalk.com/womans-guide-smart-investment/feed" "Mozilla/5.0 AppleWebKit/537.36 (KHTML, like Gecko; compatible; ClaudeBot/1.0; [email protected])"
216.73.216.87 - - [18/Oct/2025:10:11:18 -0400] "GET /top-5-grooming-tips-for-business-women-to-stay-in-style/ HTTP/1.1" 200 88354 "https://herintalk.com/?p=80" "Mozilla/5.0 AppleWebKit/537.36 (KHTML, like Gecko; compatible; ClaudeBot/1.0; [email protected])"
20.171.207.109 - - [18/Oct/2025:10:11:22 -0400] "GET /wp-content/plugins/td-composer/legacy/common/wp_booster/wp-admin/external/wpalchemy/?C=D;O=A HTTP/1.1" 200 1192 "-" "Mozilla/5.0 AppleWebKit/537.36 (KHTML, like Gecko; compatible; GPTBot/1.2; +https://openai.com/gptbot)"
216.73.216.87 - - [18/Oct/2025:10:12:02 -0400] "GET /?p=2497 HTTP/1.1" 301 - "-" "Mozilla/5.0 AppleWebKit/537.36 (KHTML, like Gecko; compatible; ClaudeBot/1.0; [email protected])"
216.73.216.87 - - [18/Oct/2025:10:12:03 -0400] "GET /womans-guide-smart-investment/ HTTP/1.1" 200 87103 "https://herintalk.com/?p=2497" "Mozilla/5.0 AppleWebKit/537.36 (KHTML, like Gecko; compatible; ClaudeBot/1.0; [email protected])"
20.171.207.109 - - [18/Oct/2025:10:12:14 -0400] "GET /wp-content/plugins/td-composer/assets/?C=D;O=A HTTP/1.1" 200 1566 "-" "Mozilla/5.0 AppleWebKit/537.36 (KHTML, like Gecko; compatible; GPTBot/1.2; +https://openai.com/gptbot)"
47.251.67.217 - - [18/Oct/2025:10:12:21 -0400] "POST /xmlrpc.php HTTP/1.1" 200 401 "-" "Mozilla/5.0 (Windows NT 10.0; WOW64) AppleWebKit/537.36 (KHTML, like Gecko) Chrome/65.0.3325.181 Safari/537.36 OPR/52.0.2871.40"
20.171.207.109 - - [18/Oct/2025:10:12:58 -0400] "GET /wp-content/plugins/td-composer/includes/?C=S;O=D HTTP/1.1" 200 3612 "-" "Mozilla/5.0 AppleWebKit/537.36 (KHTML, like Gecko; compatible; GPTBot/1.2; +https://openai.com/gptbot)"
20.171.207.109 - - [18/Oct/2025:10:13:41 -0400] "GET /wp-content/plugins/td-composer/assets/?C=S;O=A HTTP/1.1" 200 1566 "-" "Mozilla/5.0 AppleWebKit/537.36 (KHTML, like Gecko; compatible; GPTBot/1.2; +https://openai.com/gptbot)"
216.73.216.87 - - [18/Oct/2025:10:14:03 -0400] "GET /?p=2325 HTTP/1.1" 301 - "-" "Mozilla/5.0 AppleWebKit/537.36 (KHTML, like Gecko; compatible; ClaudeBot/1.0; [email protected])"
216.73.216.87 - - [18/Oct/2025:10:14:04 -0400] "GET /breakup-advice-time-to-realize-that-hes-a-loser/ HTTP/1.1" 200 89324 "https://herintalk.com/?p=2325" "Mozilla/5.0 AppleWebKit/537.36 (KHTML, like Gecko; compatible; ClaudeBot/1.0; [email protected])"
20.171.207.109 - - [18/Oct/2025:10:14:19 -0400] "GET /wp-content/plugins/td-composer/includes/wpeditor.php HTTP/1.1" 500 - "-" "Mozilla/5.0 AppleWebKit/537.36 (KHTML, like Gecko; compatible; GPTBot/1.2; +https://openai.com/gptbot)"
216.73.216.87 - - [18/Oct/2025:10:14:29 -0400] "GET /top-5-grooming-tips-for-business-women-to-stay-in-style/feed HTTP/1.1" 301 - "-" "Mozilla/5.0 AppleWebKit/537.36 (KHTML, like Gecko; compatible; ClaudeBot/1.0; [email protected])"
216.73.216.87 - - [18/Oct/2025:10:14:30 -0400] "GET /top-5-grooming-tips-for-business-women-to-stay-in-style/feed/ HTTP/1.1" 200 874 "https://herintalk.com/top-5-grooming-tips-for-business-women-to-stay-in-style/feed" "Mozilla/5.0 AppleWebKit/537.36 (KHTML, like Gecko; compatible; ClaudeBot/1.0; [email protected])"
20.171.207.109 - - [18/Oct/2025:10:14:52 -0400] "GET /wp-content/plugins/td-composer/assets/?C=N;O=D HTTP/1.1" 200 1566 "-" "Mozilla/5.0 AppleWebKit/537.36 (KHTML, like Gecko; compatible; GPTBot/1.2; +https://openai.com/gptbot)"
216.73.216.87 - - [18/Oct/2025:10:15:40 -0400] "GET /money-matters-money-tips-married-couples/feed HTTP/1.1" 301 - "-" "Mozilla/5.0 AppleWebKit/537.36 (KHTML, like Gecko; compatible; ClaudeBot/1.0; [email protected])"
216.73.216.87 - - [18/Oct/2025:10:15:40 -0400] "GET /money-matters-money-tips-married-couples/feed/ HTTP/1.1" 200 839 "https://herintalk.com/money-matters-money-tips-married-couples/feed" "Mozilla/5.0 AppleWebKit/537.36 (KHTML, like Gecko; compatible; ClaudeBot/1.0; [email protected])"
20.171.207.109 - - [18/Oct/2025:10:15:57 -0400] "GET /wp-content/plugins/td-composer/includes/tdc_ajax.php HTTP/1.1" 500 - "-" "Mozilla/5.0 AppleWebKit/537.36 (KHTML, like Gecko; compatible; GPTBot/1.2; +https://openai.com/gptbot)"
2602:fa59:3:58d::1 - - [18/Oct/2025:10:16:16 -0400] "GET /wp-admin/network/index.php HTTP/1.1" 302 - "-" "Mozlila/5.0 (Linux; Android 7.0; SM-G892A Bulid/NRD90M; wv) AppleWebKit/537.36 (KHTML, like Gecko) Version/4.0 Chrome/60.0.3112.107 Moblie Safari/537.36"
2602:fa59:3:58d::1 - - [18/Oct/2025:10:16:17 -0400] "GET /wp-login.php?redirect_to=https%3A%2F%2Fherintalk.com%2Fwp-admin%2Fnetwork%2Findex.php&reauth=1 HTTP/1.1" 200 5990 "-" "Mozlila/5.0 (Linux; Android 7.0; SM-G892A Bulid/NRD90M; wv) AppleWebKit/537.36 (KHTML, like Gecko) Version/4.0 Chrome/60.0.3112.107 Moblie Safari/537.36"
2602:fa59:3:58d::1 - - [18/Oct/2025:10:16:35 -0400] "GET /wp-admin/js/index.php HTTP/1.1" 301 - "-" "Mozlila/5.0 (Linux; Android 7.0; SM-G892A Bulid/NRD90M; wv) AppleWebKit/537.36 (KHTML, like Gecko) Version/4.0 Chrome/60.0.3112.107 Moblie Safari/537.36"
2602:fa59:3:58d::1 - - [18/Oct/2025:10:16:36 -0400] "GET /wp-admin/js/ HTTP/1.1" 200 18683 "-" "Mozlila/5.0 (Linux; Android 7.0; SM-G892A Bulid/NRD90M; wv) AppleWebKit/537.36 (KHTML, like Gecko) Version/4.0 Chrome/60.0.3112.107 Moblie Safari/537.36"
103.153.42.48 - - [18/Oct/2025:10:16:42 -0400] "POST /xmlrpc.php HTTP/1.1" 200 401 "-" "Mozilla/5.0 (Windows NT 6.1) AppleWebKit/537.36 (KHTML, like Gecko) Chrome/67.0.3396.62 Safari/537.36"
216.73.216.87 - - [18/Oct/2025:10:16:44 -0400] "GET /alveratonebuy HTTP/1.1" 404 60916 "-" "Mozilla/5.0 AppleWebKit/537.36 (KHTML, like Gecko; compatible; ClaudeBot/1.0; [email protected])"
194.76.27.29 - - [18/Oct/2025:10:16:48 -0400] "GET /wp-login.php HTTP/1.1" 200 5973 "-" "Mozilla/5.0 (Macintosh; Intel Mac OS X 10_10_5) AppleWebKit/600.8.9 (KHTML, like Gecko) Version/10.1.2 Safari/603.3.8"
20.171.207.109 - - [18/Oct/2025:10:16:51 -0400] "GET /wp-content/plugins/td-composer/includes/tdc_composer_block.php HTTP/1.1" 500 - "-" "Mozilla/5.0 AppleWebKit/537.36 (KHTML, like Gecko; compatible; GPTBot/1.2; +https://openai.com/gptbot)"
194.76.27.29 - - [18/Oct/2025:10:16:56 -0400] "POST /wp-login.php HTTP/1.1" 200 6410 "https://herintalk.com/wp-login.php" "Mozilla/5.0 (Macintosh; Intel Mac OS X 10_10_5) AppleWebKit/600.8.9 (KHTML, like Gecko) Version/10.1.2 Safari/603.3.8"
2602:fa59:3:58d::1 - - [18/Oct/2025:10:17:12 -0400] "GET /wp-admin/images/index.php HTTP/1.1" 301 - "-" "Mozlila/5.0 (Linux; Android 7.0; SM-G892A Bulid/NRD90M; wv) AppleWebKit/537.36 (KHTML, like Gecko) Version/4.0 Chrome/60.0.3112.107 Moblie Safari/537.36"
2602:fa59:3:58d::1 - - [18/Oct/2025:10:17:13 -0400] "GET /wp-admin/images/ HTTP/1.1" 200 14902 "-" "Mozlila/5.0 (Linux; Android 7.0; SM-G892A Bulid/NRD90M; wv) AppleWebKit/537.36 (KHTML, like Gecko) Version/4.0 Chrome/60.0.3112.107 Moblie Safari/537.36"
216.73.216.87 - - [18/Oct/2025:10:17:30 -0400] "GET /breakup-advice-time-to-realize-that-hes-a-loser/feed HTTP/1.1" 301 - "-" "Mozilla/5.0 AppleWebKit/537.36 (KHTML, like Gecko; compatible; ClaudeBot/1.0; [email protected])"
216.73.216.87 - - [18/Oct/2025:10:17:31 -0400] "GET /breakup-advice-time-to-realize-that-hes-a-loser/feed/ HTTP/1.1" 200 860 "https://herintalk.com/breakup-advice-time-to-realize-that-hes-a-loser/feed" "Mozilla/5.0 AppleWebKit/537.36 (KHTML, like Gecko; compatible; ClaudeBot/1.0; [email protected])"
2602:fa59:3:58d::1 - - [18/Oct/2025:10:17:41 -0400] "GET /wp-admin/css/index.php HTTP/1.1" 301 - "-" "Mozlila/5.0 (Linux; Android 7.0; SM-G892A Bulid/NRD90M; wv) AppleWebKit/537.36 (KHTML, like Gecko) Version/4.0 Chrome/60.0.3112.107 Moblie Safari/537.36"
2602:fa59:3:58d::1 - - [18/Oct/2025:10:17:42 -0400] "GET /wp-admin/css/ HTTP/1.1" 200 19369 "-" "Mozlila/5.0 (Linux; Android 7.0; SM-G892A Bulid/NRD90M; wv) AppleWebKit/537.36 (KHTML, like Gecko) Version/4.0 Chrome/60.0.3112.107 Moblie Safari/537.36"
20.171.207.109 - - [18/Oct/2025:10:17:55 -0400] "GET /wp-content/plugins/td-composer/includes/tdc_main.php HTTP/1.1" 500 - "-" "Mozilla/5.0 AppleWebKit/537.36 (KHTML, like Gecko; compatible; GPTBot/1.2; +https://openai.com/gptbot)"
2602:fa59:3:58d::1 - - [18/Oct/2025:10:18:12 -0400] "GET /wp-includes/SimplePie/Content/Type/index.php HTTP/1.1" 301 - "-" "Mozlila/5.0 (Linux; Android 7.0; SM-G892A Bulid/NRD90M; wv) AppleWebKit/537.36 (KHTML, like Gecko) Version/4.0 Chrome/60.0.3112.107 Moblie Safari/537.36"
2602:fa59:3:58d::1 - - [18/Oct/2025:10:18:12 -0400] "GET /wp-includes/SimplePie/Content/Type/ HTTP/1.1" 404 42973 "-" "Mozlila/5.0 (Linux; Android 7.0; SM-G892A Bulid/NRD90M; wv) AppleWebKit/537.36 (KHTML, like Gecko) Version/4.0 Chrome/60.0.3112.107 Moblie Safari/537.36"
2602:fa59:3:58d::1 - - [18/Oct/2025:10:18:39 -0400] "GET /wp-includes/Requests/Auth/index.php HTTP/1.1" 301 - "-" "Mozlila/5.0 (Linux; Android 7.0; SM-G892A Bulid/NRD90M; wv) AppleWebKit/537.36 (KHTML, like Gecko) Version/4.0 Chrome/60.0.3112.107 Moblie Safari/537.36"
2602:fa59:3:58d::1 - - [18/Oct/2025:10:18:40 -0400] "GET /wp-includes/Requests/Auth/ HTTP/1.1" 404 42973 "-" "Mozlila/5.0 (Linux; Android 7.0; SM-G892A Bulid/NRD90M; wv) AppleWebKit/537.36 (KHTML, like Gecko) Version/4.0 Chrome/60.0.3112.107 Moblie Safari/537.36"
162.214.75.168 - - [18/Oct/2025:10:18:44 -0400] "GET /.well-known/acme-challenge/QK-MR-K8RJ5OYVW1NR2DMT9RK-ZMO4RC HTTP/1.1" 404 - "-" "Cpanel-HTTP-Client/1.0"
162.214.75.168 - - [18/Oct/2025:10:18:45 -0400] "GET /.well-known/acme-challenge/FCBO7XKYXQ4KMB3VBGTX10HIZ9R5A15J HTTP/1.1" 404 - "-" "Cpanel-HTTP-Client/1.0"
103.90.235.93 - - [18/Oct/2025:10:18:52 -0400] "GET /wp-login.php HTTP/1.1" 200 5973 "-" "Mozilla/5.0 (compatible; MSIE 9.0; Windows NT 6.2; WOW64; Trident/7.0)"
2602:fa59:3:58d::1 - - [18/Oct/2025:10:18:54 -0400] "GET /wp-admin/css/colors/index.php HTTP/1.1" 301 - "-" "Mozlila/5.0 (Linux; Android 7.0; SM-G892A Bulid/NRD90M; wv) AppleWebKit/537.36 (KHTML, like Gecko) Version/4.0 Chrome/60.0.3112.107 Moblie Safari/537.36"
2602:fa59:3:58d::1 - - [18/Oct/2025:10:18:55 -0400] "GET /wp-admin/css/colors/ HTTP/1.1" 200 2585 "-" "Mozlila/5.0 (Linux; Android 7.0; SM-G892A Bulid/NRD90M; wv) AppleWebKit/537.36 (KHTML, like Gecko) Version/4.0 Chrome/60.0.3112.107 Moblie Safari/537.36"
103.90.235.93 - - [18/Oct/2025:10:18:57 -0400] "POST /wp-login.php HTTP/1.1" 200 6411 "https://herintalk.com/wp-login.php" "Mozilla/5.0 (compatible; MSIE 9.0; Windows NT 6.2; WOW64; Trident/7.0)"
20.171.207.109 - - [18/Oct/2025:10:18:58 -0400] "GET /wp-content/plugins/td-composer/assets/?C=M;O=A HTTP/1.1" 200 1566 "-" "Mozilla/5.0 AppleWebKit/537.36 (KHTML, like Gecko; compatible; GPTBot/1.2; +https://openai.com/gptbot)"
66.116.199.115 - - [18/Oct/2025:10:19:07 -0400] "POST /wp-cron.php?doing_wp_cron=1760797147.4043049812316894531250 HTTP/1.1" 200 - "-" "WordPress/6.8.3; https://herintalk.com"
216.73.216.87 - - [18/Oct/2025:10:19:06 -0400] "GET /?p=12681 HTTP/1.1" 301 - "-" "Mozilla/5.0 AppleWebKit/537.36 (KHTML, like Gecko; compatible; ClaudeBot/1.0; [email protected])"
216.73.216.87 - - [18/Oct/2025:10:19:07 -0400] "GET /organic-healthy-natural-cbd-oil/ HTTP/1.1" 200 85344 "https://herintalk.com/?p=12681" "Mozilla/5.0 AppleWebKit/537.36 (KHTML, like Gecko; compatible; ClaudeBot/1.0; [email protected])"
2602:fa59:3:58d::1 - - [18/Oct/2025:10:19:14 -0400] "GET /wp-content/languages/index.php HTTP/1.1" 301 - "-" "Mozlila/5.0 (Linux; Android 7.0; SM-G892A Bulid/NRD90M; wv) AppleWebKit/537.36 (KHTML, like Gecko) Version/4.0 Chrome/60.0.3112.107 Moblie Safari/537.36"
2602:fa59:3:58d::1 - - [18/Oct/2025:10:19:15 -0400] "GET /wp-content/languages/ HTTP/1.1" 404 42973 "-" "Mozlila/5.0 (Linux; Android 7.0; SM-G892A Bulid/NRD90M; wv) AppleWebKit/537.36 (KHTML, like Gecko) Version/4.0 Chrome/60.0.3112.107 Moblie Safari/537.36"
2602:fa59:3:58d::1 - - [18/Oct/2025:10:20:00 -0400] "GET /wp-content/upgrade/index.php HTTP/1.1" 301 - "-" "Mozlila/5.0 (Linux; Android 7.0; SM-G892A Bulid/NRD90M; wv) AppleWebKit/537.36 (KHTML, like Gecko) Version/4.0 Chrome/60.0.3112.107 Moblie Safari/537.36"
2602:fa59:3:58d::1 - - [18/Oct/2025:10:20:01 -0400] "GET /wp-content/upgrade/ HTTP/1.1" 200 637 "-" "Mozlila/5.0 (Linux; Android 7.0; SM-G892A Bulid/NRD90M; wv) AppleWebKit/537.36 (KHTML, like Gecko) Version/4.0 Chrome/60.0.3112.107 Moblie Safari/537.36"
216.73.216.87 - - [18/Oct/2025:10:20:01 -0400] "GET /how-to-get-through-quarter-life-crisis HTTP/1.1" 301 - "-" "Mozilla/5.0 AppleWebKit/537.36 (KHTML, like Gecko; compatible; ClaudeBot/1.0; [email protected])"
216.73.216.87 - - [18/Oct/2025:10:20:02 -0400] "GET /how-to-get-through-quarter-life-crisis/ HTTP/1.1" 200 101962 "https://herintalk.com/how-to-get-through-quarter-life-crisis" "Mozilla/5.0 AppleWebKit/537.36 (KHTML, like Gecko; compatible; ClaudeBot/1.0; [email protected])"
20.171.207.109 - - [18/Oct/2025:10:20:04 -0400] "GET /wp-content/plugins/td-composer/includes/tdc_map.php HTTP/1.1" 500 - "-" "Mozilla/5.0 AppleWebKit/537.36 (KHTML, like Gecko; compatible; GPTBot/1.2; +https://openai.com/gptbot)"
2602:fa59:3:58d::1 - - [18/Oct/2025:10:20:14 -0400] "GET /wp-content/IXR/index.php HTTP/1.1" 301 - "-" "Mozlila/5.0 (Linux; Android 7.0; SM-G892A Bulid/NRD90M; wv) AppleWebKit/537.36 (KHTML, like Gecko) Version/4.0 Chrome/60.0.3112.107 Moblie Safari/537.36"
2602:fa59:3:58d::1 - - [18/Oct/2025:10:20:15 -0400] "GET /wp-content/IXR/ HTTP/1.1" 404 42973 "-" "Mozlila/5.0 (Linux; Android 7.0; SM-G892A Bulid/NRD90M; wv) AppleWebKit/537.36 (KHTML, like Gecko) Version/4.0 Chrome/60.0.3112.107 Moblie Safari/537.36"
20.171.207.109 - - [18/Oct/2025:10:20:59 -0400] "GET /wp-content/plugins/td-composer/legacy/common/wp_booster/wp-admin/external/wpalchemy/MetaBox.php HTTP/1.1" 500 - "-" "Mozilla/5.0 AppleWebKit/537.36 (KHTML, like Gecko; compatible; GPTBot/1.2; +https://openai.com/gptbot)"
216.73.216.87 - - [18/Oct/2025:10:21:01 -0400] "GET /?p=11111 HTTP/1.1" 301 - "-" "Mozilla/5.0 AppleWebKit/537.36 (KHTML, like Gecko; compatible; ClaudeBot/1.0; [email protected])"
216.73.216.87 - - [18/Oct/2025:10:21:01 -0400] "GET /alvera-tone-cream/ HTTP/1.1" 200 85876 "https://herintalk.com/?p=11111" "Mozilla/5.0 AppleWebKit/537.36 (KHTML, like Gecko; compatible; ClaudeBot/1.0; [email protected])"
2602:fa59:3:58d::1 - - [18/Oct/2025:10:21:10 -0400] "GET /wp-content/plugins/about.php HTTP/1.1" 404 42973 "-" "Mozlila/5.0 (Linux; Android 7.0; SM-G892A Bulid/NRD90M; wv) AppleWebKit/537.36 (KHTML, like Gecko) Version/4.0 Chrome/60.0.3112.107 Moblie Safari/537.36"
2602:fa59:3:58d::1 - - [18/Oct/2025:10:21:27 -0400] "GET /wp-content/plugins/about.php HTTP/1.1" 404 42973 "-" "Mozlila/5.0 (Linux; Android 7.0; SM-G892A Bulid/NRD90M; wv) AppleWebKit/537.36 (KHTML, like Gecko) Version/4.0 Chrome/60.0.3112.107 Moblie Safari/537.36"
2602:fa59:3:58d::1 - - [18/Oct/2025:10:21:45 -0400] "GET /geju.php HTTP/1.1" 404 42973 "-" "Mozlila/5.0 (Linux; Android 7.0; SM-G892A Bulid/NRD90M; wv) AppleWebKit/537.36 (KHTML, like Gecko) Version/4.0 Chrome/60.0.3112.107 Moblie Safari/537.36"
2602:fa59:3:58d::1 - - [18/Oct/2025:10:21:48 -0400] "GET /geju.php HTTP/1.1" 404 42973 "-" "Mozlila/5.0 (Linux; Android 7.0; SM-G892A Bulid/NRD90M; wv) AppleWebKit/537.36 (KHTML, like Gecko) Version/4.0 Chrome/60.0.3112.107 Moblie Safari/537.36"
2602:fa59:3:58d::1 - - [18/Oct/2025:10:21:50 -0400] "GET /wp.php HTTP/1.1" 404 42973 "-" "Mozlila/5.0 (Linux; Android 7.0; SM-G892A Bulid/NRD90M; wv) AppleWebKit/537.36 (KHTML, like Gecko) Version/4.0 Chrome/60.0.3112.107 Moblie Safari/537.36"
2602:fa59:3:58d::1 - - [18/Oct/2025:10:21:52 -0400] "GET /wp.php HTTP/1.1" 404 42973 "-" "Mozlila/5.0 (Linux; Android 7.0; SM-G892A Bulid/NRD90M; wv) AppleWebKit/537.36 (KHTML, like Gecko) Version/4.0 Chrome/60.0.3112.107 Moblie Safari/537.36"
