216.73.216.87 - - [18/Oct/2025:17:01:20 -0400] "GET /tum-shayari-zindagi-sahil-dhall/ HTTP/1.1" 200 85516 "https://herintalk.com/tum-shayari-zindagi-sahil-dhall" "Mozilla/5.0 AppleWebKit/537.36 (KHTML, like Gecko; compatible; ClaudeBot/1.0; [email protected])"
216.73.216.87 - - [18/Oct/2025:17:01:20 -0400] "GET /estrogen-know-what-it-does-for-you/ HTTP/1.1" 200 92212 "https://herintalk.com/estrogen-know-what-it-does-for-you" "Mozilla/5.0 AppleWebKit/537.36 (KHTML, like Gecko; compatible; ClaudeBot/1.0; [email protected])"
45.86.153.231 - - [18/Oct/2025:17:01:28 -0400] "POST /xmlrpc.php HTTP/1.1" 200 401 "-" "Mozilla/5.0 (Windows NT 6.3; Win64; x64; Trident/7.0; Touch; MASMJS; rv:11.0) like Gecko"
103.178.231.51 - - [18/Oct/2025:17:01:32 -0400] "GET /wp-login.php HTTP/1.1" 200 5973 "-" "Mozilla/4.0 (compatible; MSIE 7.0; Windows NT 6.2; WOW64; Trident/7.0; .NET4.0C; .NET4.0E; InfoPath.3)"
103.178.231.51 - - [18/Oct/2025:17:01:33 -0400] "POST /wp-login.php HTTP/1.1" 200 6411 "https://herintalk.com/wp-login.php" "Mozilla/4.0 (compatible; MSIE 7.0; Windows NT 6.2; WOW64; Trident/7.0; .NET4.0C; .NET4.0E; InfoPath.3)"
45.86.153.231 - - [18/Oct/2025:17:02:49 -0400] "GET /wp-login.php HTTP/1.1" 200 5973 "-" "Mozilla/5.0 (IE 11.0; Windows NT 6.3; Trident/7.0; .NET4.0E; .NET4.0C; rv:11.0) like Gecko"
45.86.153.231 - - [18/Oct/2025:17:02:50 -0400] "POST /wp-login.php HTTP/1.1" 200 6410 "https://herintalk.com/wp-login.php" "Mozilla/5.0 (IE 11.0; Windows NT 6.3; Trident/7.0; .NET4.0E; .NET4.0C; rv:11.0) like Gecko"
20.225.200.144 - - [18/Oct/2025:17:03:34 -0400] "POST /xmlrpc.php HTTP/1.1" 200 401 "-" "Mozilla/4.0 (compatible; MSIE 7.0; Windows NT 6.3; ARM; Trident/7.0; Touch; .NET4.0E; .NET4.0C; Tablet PC 2.0)"
216.73.216.87 - - [18/Oct/2025:17:03:36 -0400] "GET /8-effective-weight-loss-tips-for-busy-guys HTTP/1.1" 301 - "-" "Mozilla/5.0 AppleWebKit/537.36 (KHTML, like Gecko; compatible; ClaudeBot/1.0; [email protected])"
216.73.216.87 - - [18/Oct/2025:17:03:36 -0400] "GET /rose-diamond HTTP/1.1" 301 - "-" "Mozilla/5.0 AppleWebKit/537.36 (KHTML, like Gecko; compatible; ClaudeBot/1.0; [email protected])"
216.73.216.87 - - [18/Oct/2025:17:03:37 -0400] "GET /8-effective-weight-loss-tips-for-busy-guys/ HTTP/1.1" 200 87324 "https://herintalk.com/8-effective-weight-loss-tips-for-busy-guys" "Mozilla/5.0 AppleWebKit/537.36 (KHTML, like Gecko; compatible; ClaudeBot/1.0; [email protected])"
216.73.216.87 - - [18/Oct/2025:17:03:37 -0400] "GET /rose-diamond/ HTTP/1.1" 200 88084 "https://herintalk.com/rose-diamond" "Mozilla/5.0 AppleWebKit/537.36 (KHTML, like Gecko; compatible; ClaudeBot/1.0; [email protected])"
176.46.137.59 - - [18/Oct/2025:17:03:58 -0400] "GET /wp-content/uploads/2018/08/vitalprogenix-sexual-benfits-cover-218x150.jpg HTTP/1.1" 200 11940 "-" "Mozilla/5.0 (X11; Linux x86_64) AppleWebKit/537.36 (KHTML, like Gecko) Chrome/121.0.0.0 Safari/537.36"
216.73.216.87 - - [18/Oct/2025:17:04:32 -0400] "GET /best-hair-remedy HTTP/1.1" 301 - "-" "Mozilla/5.0 AppleWebKit/537.36 (KHTML, like Gecko; compatible; ClaudeBot/1.0; [email protected])"
216.73.216.87 - - [18/Oct/2025:17:04:32 -0400] "GET /creme-del-mar-anti-wrinkle-cream-2 HTTP/1.1" 301 - "-" "Mozilla/5.0 AppleWebKit/537.36 (KHTML, like Gecko; compatible; ClaudeBot/1.0; [email protected])"
216.73.216.87 - - [18/Oct/2025:17:04:33 -0400] "GET /best-hair-remedy/ HTTP/1.1" 200 91130 "https://herintalk.com/best-hair-remedy" "Mozilla/5.0 AppleWebKit/537.36 (KHTML, like Gecko; compatible; ClaudeBot/1.0; [email protected])"
216.73.216.87 - - [18/Oct/2025:17:04:33 -0400] "GET /creme-del-mar-anti-wrinkle-cream-2/ HTTP/1.1" 200 85727 "https://herintalk.com/creme-del-mar-anti-wrinkle-cream-2" "Mozilla/5.0 AppleWebKit/537.36 (KHTML, like Gecko; compatible; ClaudeBot/1.0; [email protected])"
216.73.216.87 - - [18/Oct/2025:17:05:03 -0400] "GET /premier-garcinia HTTP/1.1" 301 - "-" "Mozilla/5.0 AppleWebKit/537.36 (KHTML, like Gecko; compatible; ClaudeBot/1.0; [email protected])"
216.73.216.87 - - [18/Oct/2025:17:05:03 -0400] "GET /perfect-teeth-today HTTP/1.1" 301 - "-" "Mozilla/5.0 AppleWebKit/537.36 (KHTML, like Gecko; compatible; ClaudeBot/1.0; [email protected])"
216.73.216.87 - - [18/Oct/2025:17:05:04 -0400] "GET /premier-garcinia/ HTTP/1.1" 200 88920 "https://herintalk.com/premier-garcinia" "Mozilla/5.0 AppleWebKit/537.36 (KHTML, like Gecko; compatible; ClaudeBot/1.0; [email protected])"
216.73.216.87 - - [18/Oct/2025:17:05:04 -0400] "GET /perfect-teeth-today/ HTTP/1.1" 200 84871 "https://herintalk.com/perfect-teeth-today" "Mozilla/5.0 AppleWebKit/537.36 (KHTML, like Gecko; compatible; ClaudeBot/1.0; [email protected])"
216.73.216.87 - - [18/Oct/2025:17:06:48 -0400] "GET /green-eyed-monster-jealousy-bite-women HTTP/1.1" 301 - "-" "Mozilla/5.0 AppleWebKit/537.36 (KHTML, like Gecko; compatible; ClaudeBot/1.0; [email protected])"
216.73.216.87 - - [18/Oct/2025:17:06:48 -0400] "GET /crohns-disease HTTP/1.1" 301 - "-" "Mozilla/5.0 AppleWebKit/537.36 (KHTML, like Gecko; compatible; ClaudeBot/1.0; [email protected])"
216.73.216.87 - - [18/Oct/2025:17:06:49 -0400] "GET /green-eyed-monster-jealousy-bite-women/ HTTP/1.1" 200 87438 "https://herintalk.com/green-eyed-monster-jealousy-bite-women" "Mozilla/5.0 AppleWebKit/537.36 (KHTML, like Gecko; compatible; ClaudeBot/1.0; [email protected])"
216.73.216.87 - - [18/Oct/2025:17:06:49 -0400] "GET /crohns-disease/ HTTP/1.1" 200 120353 "https://herintalk.com/crohns-disease" "Mozilla/5.0 AppleWebKit/537.36 (KHTML, like Gecko; compatible; ClaudeBot/1.0; [email protected])"
114.119.150.196 - - [18/Oct/2025:17:07:22 -0400] "GET /hydrolux-cream/ HTTP/1.1" 200 54376 "https://herintalk.com/tag/beauty/page/8/" "Mozilla/5.0 (Linux; Android 7.0;) AppleWebKit/537.36 (KHTML, like Gecko) Mobile Safari/537.36 (compatible; PetalBot;+https://webmaster.petalsearch.com/site/petalbot)"
216.73.216.87 - - [18/Oct/2025:17:07:43 -0400] "GET /butt-management-all-you-need-to-know HTTP/1.1" 301 - "-" "Mozilla/5.0 AppleWebKit/537.36 (KHTML, like Gecko; compatible; ClaudeBot/1.0; [email protected])"
216.73.216.87 - - [18/Oct/2025:17:07:43 -0400] "GET /5-things-that-are-an-absolute-no-for-your-breasts HTTP/1.1" 301 - "-" "Mozilla/5.0 AppleWebKit/537.36 (KHTML, like Gecko; compatible; ClaudeBot/1.0; [email protected])"
216.73.216.87 - - [18/Oct/2025:17:07:44 -0400] "GET /butt-management-all-you-need-to-know/ HTTP/1.1" 200 100048 "https://herintalk.com/butt-management-all-you-need-to-know" "Mozilla/5.0 AppleWebKit/537.36 (KHTML, like Gecko; compatible; ClaudeBot/1.0; [email protected])"
216.73.216.87 - - [18/Oct/2025:17:07:44 -0400] "GET /5-things-that-are-an-absolute-no-for-your-breasts/ HTTP/1.1" 200 85714 "https://herintalk.com/5-things-that-are-an-absolute-no-for-your-breasts" "Mozilla/5.0 AppleWebKit/537.36 (KHTML, like Gecko; compatible; ClaudeBot/1.0; [email protected])"
216.73.216.87 - - [18/Oct/2025:17:09:13 -0400] "GET /funny-jokes-do-you-drink HTTP/1.1" 301 - "-" "Mozilla/5.0 AppleWebKit/537.36 (KHTML, like Gecko; compatible; ClaudeBot/1.0; [email protected])"
216.73.216.87 - - [18/Oct/2025:17:09:13 -0400] "GET /weight-weighty-and-overweight HTTP/1.1" 301 - "-" "Mozilla/5.0 AppleWebKit/537.36 (KHTML, like Gecko; compatible; ClaudeBot/1.0; [email protected])"
216.73.216.87 - - [18/Oct/2025:17:09:14 -0400] "GET /funny-jokes-do-you-drink/ HTTP/1.1" 200 83321 "https://herintalk.com/funny-jokes-do-you-drink" "Mozilla/5.0 AppleWebKit/537.36 (KHTML, like Gecko; compatible; ClaudeBot/1.0; [email protected])"
216.73.216.87 - - [18/Oct/2025:17:09:14 -0400] "GET /weight-weighty-and-overweight/ HTTP/1.1" 200 89450 "https://herintalk.com/weight-weighty-and-overweight" "Mozilla/5.0 AppleWebKit/537.36 (KHTML, like Gecko; compatible; ClaudeBot/1.0; [email protected])"
216.73.216.87 - - [18/Oct/2025:17:10:32 -0400] "GET /7-things-learn-from-men-giveem-credit-women/feed HTTP/1.1" 301 - "-" "Mozilla/5.0 AppleWebKit/537.36 (KHTML, like Gecko; compatible; ClaudeBot/1.0; [email protected])"
216.73.216.87 - - [18/Oct/2025:17:10:33 -0400] "GET /?p=2168 HTTP/1.1" 301 - "-" "Mozilla/5.0 AppleWebKit/537.36 (KHTML, like Gecko; compatible; ClaudeBot/1.0; [email protected])"
216.73.216.87 - - [18/Oct/2025:17:10:34 -0400] "GET /7-things-learn-from-men-giveem-credit-women/feed/ HTTP/1.1" 200 850 "https://herintalk.com/7-things-learn-from-men-giveem-credit-women/feed" "Mozilla/5.0 AppleWebKit/537.36 (KHTML, like Gecko; compatible; ClaudeBot/1.0; [email protected])"
216.73.216.87 - - [18/Oct/2025:17:10:34 -0400] "GET /7-things-learn-from-men-giveem-credit-women/ HTTP/1.1" 200 90639 "https://herintalk.com/?p=2168" "Mozilla/5.0 AppleWebKit/537.36 (KHTML, like Gecko; compatible; ClaudeBot/1.0; [email protected])"
216.73.216.87 - - [18/Oct/2025:17:10:35 -0400] "GET /possible-increase-height-after-18-know-how HTTP/1.1" 301 - "-" "Mozilla/5.0 AppleWebKit/537.36 (KHTML, like Gecko; compatible; ClaudeBot/1.0; [email protected])"
216.73.216.87 - - [18/Oct/2025:17:10:35 -0400] "GET /possible-increase-height-after-18-know-how/ HTTP/1.1" 200 95744 "https://herintalk.com/possible-increase-height-after-18-know-how" "Mozilla/5.0 AppleWebKit/537.36 (KHTML, like Gecko; compatible; ClaudeBot/1.0; [email protected])"
66.116.199.115 - - [18/Oct/2025:17:10:43 -0400] "GET /.well-known/acme-challenge/X2XZHTKIQKHQBFMGSORZRI7YLJ-80-UJ HTTP/1.1" 200 64 "-" "Cpanel-HTTP-Client/1.0"
66.116.199.115 - - [18/Oct/2025:17:10:43 -0400] "GET /.well-known/acme-challenge/WA9UU2PZHKMDTG04YFUXCG94463LLNSK HTTP/1.1" 200 64 "-" "Cpanel-HTTP-Client/1.0"
89.248.172.183 - - [18/Oct/2025:17:11:18 -0400] "POST /wp-json/tdw/save_css HTTP/1.1" 401 98 "-" "Mozilla/5.0 (Windows NT 10.0) AppleWebKit/537.36 (KHTML, like Gecko) Chrome/104.0.0.0 Safari/537.36"
216.73.216.87 - - [18/Oct/2025:17:11:23 -0400] "GET /author/wpadmin/page/56 HTTP/1.1" 301 - "-" "Mozilla/5.0 AppleWebKit/537.36 (KHTML, like Gecko; compatible; ClaudeBot/1.0; [email protected])"
216.73.216.87 - - [18/Oct/2025:17:11:23 -0400] "GET /author/wpadmin/page/55 HTTP/1.1" 301 - "-" "Mozilla/5.0 AppleWebKit/537.36 (KHTML, like Gecko; compatible; ClaudeBot/1.0; [email protected])"
216.73.216.87 - - [18/Oct/2025:17:11:23 -0400] "GET /author/wpadmin/page/56/ HTTP/1.1" 200 81958 "https://herintalk.com/author/wpadmin/page/56" "Mozilla/5.0 AppleWebKit/537.36 (KHTML, like Gecko; compatible; ClaudeBot/1.0; [email protected])"
216.73.216.87 - - [18/Oct/2025:17:11:24 -0400] "GET /author/wpadmin/page/55/ HTTP/1.1" 200 82440 "https://herintalk.com/author/wpadmin/page/55" "Mozilla/5.0 AppleWebKit/537.36 (KHTML, like Gecko; compatible; ClaudeBot/1.0; [email protected])"
216.73.216.87 - - [18/Oct/2025:17:11:25 -0400] "GET /author/wpadmin/page/4 HTTP/1.1" 301 - "-" "Mozilla/5.0 AppleWebKit/537.36 (KHTML, like Gecko; compatible; ClaudeBot/1.0; [email protected])"
216.73.216.87 - - [18/Oct/2025:17:11:26 -0400] "GET /author/wpadmin/page/4/ HTTP/1.1" 200 82961 "https://herintalk.com/author/wpadmin/page/4" "Mozilla/5.0 AppleWebKit/537.36 (KHTML, like Gecko; compatible; ClaudeBot/1.0; [email protected])"
216.73.216.87 - - [18/Oct/2025:17:12:58 -0400] "GET /unique-signs-falling/feed HTTP/1.1" 301 - "-" "Mozilla/5.0 AppleWebKit/537.36 (KHTML, like Gecko; compatible; ClaudeBot/1.0; [email protected])"
216.73.216.87 - - [18/Oct/2025:17:12:59 -0400] "GET /unique-signs-falling/feed/ HTTP/1.1" 200 785 "https://herintalk.com/unique-signs-falling/feed" "Mozilla/5.0 AppleWebKit/537.36 (KHTML, like Gecko; compatible; ClaudeBot/1.0; [email protected])"
85.215.242.6 - - [18/Oct/2025:17:13:13 -0400] "GET /wp-login.php HTTP/1.1" 200 5973 "-" "Mozilla/5.0 (Macintosh; Intel Mac OS X 10_13_1) AppleWebKit/604.3.5 (KHTML, like Gecko) Version/11.0.1 Safari/604.3.5"
85.215.242.6 - - [18/Oct/2025:17:13:14 -0400] "POST /wp-login.php HTTP/1.1" 200 6410 "https://herintalk.com/wp-login.php" "Mozilla/5.0 (Macintosh; Intel Mac OS X 10_13_1) AppleWebKit/604.3.5 (KHTML, like Gecko) Version/11.0.1 Safari/604.3.5"
51.75.122.244 - - [18/Oct/2025:17:13:55 -0400] "GET /wp-login.php HTTP/1.1" 200 5973 "-" "Mozilla/5.0 (Windows NT 6.3; WOW64; Trident/7.0; AS; rv:11.0) like Gecko"
51.75.122.244 - - [18/Oct/2025:17:13:58 -0400] "POST /wp-login.php HTTP/1.1" 200 6411 "https://herintalk.com/wp-login.php" "Mozilla/5.0 (Windows NT 6.3; WOW64; Trident/7.0; AS; rv:11.0) like Gecko"
40.88.21.235 - - [18/Oct/2025:17:14:00 -0400] "GET / HTTP/1.1" 200 144851 "https://herintalk.com/" "DuckDuckBot/1.1; (+http://duckduckgo.com/duckduckbot.html)"
40.88.21.235 - - [18/Oct/2025:17:14:02 -0400] "GET /wp-content/uploads/2018/08/hernitalk-fevicon-logo.png HTTP/1.1" 200 1462 "https://herintalk.com/wp-content/uploads/2018/08/hernitalk-fevicon-logo.png" "DuckDuckBot/1.1; (+http://duckduckgo.com/duckduckbot.html)"
87.98.128.22 - - [18/Oct/2025:17:14:16 -0400] "POST /xmlrpc.php HTTP/1.1" 200 401 "-" "Mozilla/5.0 (Windows NT 10.0; WOW64; Trident/7.0; MDDRJS; rv:11.0) like Gecko"
216.73.216.87 - - [18/Oct/2025:17:14:17 -0400] "GET /?p=12505 HTTP/1.1" 301 - "-" "Mozilla/5.0 AppleWebKit/537.36 (KHTML, like Gecko; compatible; ClaudeBot/1.0; [email protected])"
216.73.216.87 - - [18/Oct/2025:17:14:18 -0400] "GET /almaviva/ HTTP/1.1" 200 86009 "https://herintalk.com/?p=12505" "Mozilla/5.0 AppleWebKit/537.36 (KHTML, like Gecko; compatible; ClaudeBot/1.0; [email protected])"
40.88.21.235 - - [18/Oct/2025:17:14:28 -0400] "GET / HTTP/1.1" 200 144838 "https://herintalk.com/" "DuckDuckBot/1.1; (+http://duckduckgo.com/duckduckbot.html)"
142.44.228.106 - - [18/Oct/2025:17:14:51 -0400] "GET / HTTP/1.1" 301 - "-" "Mozilla/5.0 (compatible; AhrefsBot/7.0; +http://ahrefs.com/robot/)"
216.73.216.87 - - [18/Oct/2025:17:15:55 -0400] "GET /?p=7884 HTTP/1.1" 301 - "-" "Mozilla/5.0 AppleWebKit/537.36 (KHTML, like Gecko; compatible; ClaudeBot/1.0; [email protected])"
216.73.216.87 - - [18/Oct/2025:17:15:55 -0400] "GET /derma-reflexion-best-anti-aging-formula-to-cure-aging-marks/ HTTP/1.1" 200 89945 "https://herintalk.com/?p=7884" "Mozilla/5.0 AppleWebKit/537.36 (KHTML, like Gecko; compatible; ClaudeBot/1.0; [email protected])"
52.167.144.16 - - [18/Oct/2025:17:16:09 -0400] "GET /category/health/sexual-wellness/ HTTP/1.1" 200 92323 "-" "Mozilla/5.0 AppleWebKit/537.36 (KHTML, like Gecko; compatible; bingbot/2.0; +http://www.bing.com/bingbot.htm) Chrome/116.0.1938.76 Safari/537.36"
216.73.216.87 - - [18/Oct/2025:17:16:56 -0400] "GET /funny-joke-psychiatrist-fails HTTP/1.1" 301 - "-" "Mozilla/5.0 AppleWebKit/537.36 (KHTML, like Gecko; compatible; ClaudeBot/1.0; [email protected])"
216.73.216.87 - - [18/Oct/2025:17:16:57 -0400] "GET /funny-joke-psychiatrist-fails/ HTTP/1.1" 200 84455 "https://herintalk.com/funny-joke-psychiatrist-fails" "Mozilla/5.0 AppleWebKit/537.36 (KHTML, like Gecko; compatible; ClaudeBot/1.0; [email protected])"
216.73.216.87 - - [18/Oct/2025:17:18:34 -0400] "GET /vitalure-skin-care HTTP/1.1" 301 - "-" "Mozilla/5.0 AppleWebKit/537.36 (KHTML, like Gecko; compatible; ClaudeBot/1.0; [email protected])"
216.73.216.87 - - [18/Oct/2025:17:18:35 -0400] "GET /vitalure-skin-care/ HTTP/1.1" 200 91417 "https://herintalk.com/vitalure-skin-care" "Mozilla/5.0 AppleWebKit/537.36 (KHTML, like Gecko; compatible; ClaudeBot/1.0; [email protected])"
66.116.199.115 - - [18/Oct/2025:17:19:59 -0400] "POST /wp-cron.php?doing_wp_cron=1760822399.4896819591522216796875 HTTP/1.1" 200 - "-" "WordPress/6.8.3; https://herintalk.com"
216.73.216.87 - - [18/Oct/2025:17:19:58 -0400] "GET /?p=7760 HTTP/1.1" 301 - "-" "Mozilla/5.0 AppleWebKit/537.36 (KHTML, like Gecko; compatible; ClaudeBot/1.0; [email protected])"
216.73.216.87 - - [18/Oct/2025:17:19:59 -0400] "GET /?p=7751 HTTP/1.1" 301 - "-" "Mozilla/5.0 AppleWebKit/537.36 (KHTML, like Gecko; compatible; ClaudeBot/1.0; [email protected])"
210.5.164.50 - - [18/Oct/2025:17:19:59 -0400] "GET /wp-login.php HTTP/1.1" 200 5973 "-" "Mozilla/4.0 (compatible; MSIE 7.0; Windows NT 6.1; WOW64; Trident/7.0; SLCC2; .NET CLR 2.0.50727; .NET CLR 3.5.30729; .NET CLR 3.0.30729; Media Center PC 6.0; InfoPath.2; .NET4.0C; .NET4.0E)"
216.73.216.87 - - [18/Oct/2025:17:20:00 -0400] "GET /skin-endear-anti-aging-cream/ HTTP/1.1" 200 85269 "https://herintalk.com/?p=7751" "Mozilla/5.0 AppleWebKit/537.36 (KHTML, like Gecko; compatible; ClaudeBot/1.0; [email protected])"
216.73.216.87 - - [18/Oct/2025:17:19:59 -0400] "GET /illumagen-cream-and-serum/ HTTP/1.1" 200 84237 "https://herintalk.com/?p=7760" "Mozilla/5.0 AppleWebKit/537.36 (KHTML, like Gecko; compatible; ClaudeBot/1.0; [email protected])"
210.5.164.50 - - [18/Oct/2025:17:20:03 -0400] "POST /wp-login.php HTTP/1.1" 200 6411 "https://herintalk.com/wp-login.php" "Mozilla/4.0 (compatible; MSIE 7.0; Windows NT 6.1; WOW64; Trident/7.0; SLCC2; .NET CLR 2.0.50727; .NET CLR 3.5.30729; .NET CLR 3.0.30729; Media Center PC 6.0; InfoPath.2; .NET4.0C; .NET4.0E)"
178.171.101.58 - - [18/Oct/2025:17:21:27 -0400] "GET /wp-content/uploads/2018/08/1-1024x605.jpg HTTP/1.1" 200 85793 "-" "Mozilla/5.0 (Macintosh; Intel Mac OS X 10_15_7) AppleWebKit/537.36 (KHTML, like Gecko) Chrome/122.0.0.0 Safari/537.36"
216.73.216.87 - - [18/Oct/2025:17:21:41 -0400] "GET /perfect-youth-booster HTTP/1.1" 301 - "-" "Mozilla/5.0 AppleWebKit/537.36 (KHTML, like Gecko; compatible; ClaudeBot/1.0; [email protected])"
216.73.216.87 - - [18/Oct/2025:17:21:42 -0400] "GET /perfect-youth-booster/ HTTP/1.1" 200 85174 "https://herintalk.com/perfect-youth-booster" "Mozilla/5.0 AppleWebKit/537.36 (KHTML, like Gecko; compatible; ClaudeBot/1.0; [email protected])"
216.73.216.87 - - [18/Oct/2025:17:22:10 -0400] "GET /category/foodies/feed HTTP/1.1" 301 - "-" "Mozilla/5.0 AppleWebKit/537.36 (KHTML, like Gecko; compatible; ClaudeBot/1.0; [email protected])"
216.73.216.87 - - [18/Oct/2025:17:22:10 -0400] "GET /category/foodies/?filter_by=random_posts HTTP/1.1" 200 71624 "-" "Mozilla/5.0 AppleWebKit/537.36 (KHTML, like Gecko; compatible; ClaudeBot/1.0; [email protected])"
31.220.93.206 - - [18/Oct/2025:17:22:11 -0400] "POST /xmlrpc.php HTTP/1.1" 200 401 "-" "Mozilla/5.0 (Windows NT 6.3; WOW64; Trident/7.0; TAJB; rv:11.0) like Gecko"
216.73.216.87 - - [18/Oct/2025:17:22:11 -0400] "GET /category/foodies/feed/ HTTP/1.1" 200 17411 "https://herintalk.com/category/foodies/feed" "Mozilla/5.0 AppleWebKit/537.36 (KHTML, like Gecko; compatible; ClaudeBot/1.0; [email protected])"
216.73.216.87 - - [18/Oct/2025:17:22:29 -0400] "GET /category/foodies/?filter_by=featured HTTP/1.1" 200 71643 "-" "Mozilla/5.0 AppleWebKit/537.36 (KHTML, like Gecko; compatible; ClaudeBot/1.0; [email protected])"
216.73.216.87 - - [18/Oct/2025:17:22:29 -0400] "GET /category/foodies/?filter_by=popular7 HTTP/1.1" 200 67878 "-" "Mozilla/5.0 AppleWebKit/537.36 (KHTML, like Gecko; compatible; ClaudeBot/1.0; [email protected])"
178.33.43.96 - - [18/Oct/2025:17:23:27 -0400] "GET /wp-login.php HTTP/1.1" 200 5973 "-" "Mozilla/5.0 (Windows NT 6.3; Win64; x64; Trident/7.0; TNJB; rv:11.0) like Gecko"
178.33.43.96 - - [18/Oct/2025:17:23:28 -0400] "POST /wp-login.php HTTP/1.1" 200 6410 "https://herintalk.com/wp-login.php" "Mozilla/5.0 (Windows NT 6.3; Win64; x64; Trident/7.0; TNJB; rv:11.0) like Gecko"
216.73.216.87 - - [18/Oct/2025:17:24:39 -0400] "GET /category/foodies/?filter_by=review_high HTTP/1.1" 200 67879 "-" "Mozilla/5.0 AppleWebKit/537.36 (KHTML, like Gecko; compatible; ClaudeBot/1.0; [email protected])"
216.73.216.87 - - [18/Oct/2025:17:24:39 -0400] "GET /category/foodies/?filter_by=popular HTTP/1.1" 200 71641 "-" "Mozilla/5.0 AppleWebKit/537.36 (KHTML, like Gecko; compatible; ClaudeBot/1.0; [email protected])"
216.73.216.87 - - [18/Oct/2025:17:26:10 -0400] "GET /?p=2838 HTTP/1.1" 301 - "-" "Mozilla/5.0 AppleWebKit/537.36 (KHTML, like Gecko; compatible; ClaudeBot/1.0; [email protected])"
216.73.216.87 - - [18/Oct/2025:17:26:11 -0400] "GET /unique-signs-falling/ HTTP/1.1" 200 91235 "https://herintalk.com/?p=2838" "Mozilla/5.0 AppleWebKit/537.36 (KHTML, like Gecko; compatible; ClaudeBot/1.0; [email protected])"
20.171.207.109 - - [18/Oct/2025:17:27:22 -0400] "GET /wp-content/uploads/2014/05/meeting-her-parents-www.healthydunia.com_.jpg HTTP/1.1" 200 180009 "-" "Mozilla/5.0 AppleWebKit/537.36 (KHTML, like Gecko; compatible; GPTBot/1.2; +https://openai.com/gptbot)"
89.248.172.183 - - [18/Oct/2025:17:28:03 -0400] "POST /wp-json/tdw/save_css HTTP/1.1" 401 98 "-" "Mozilla/5.0 (Windows NT 10.0) AppleWebKit/537.36 (KHTML, like Gecko) Chrome/104.0.0.0 Safari/537.36"
37.130.202.220 - - [18/Oct/2025:17:29:11 -0400] "GET /wp-login.php HTTP/1.1" 200 5973 "-" "Mozilla/5.0 (Windows NT 10.0; WOW64; Trident/7.0; Touch; LCTE; rv:11.0) like Gecko"
37.130.202.220 - - [18/Oct/2025:17:29:14 -0400] "POST /wp-login.php HTTP/1.1" 200 6411 "https://herintalk.com/wp-login.php" "Mozilla/5.0 (Windows NT 10.0; WOW64; Trident/7.0; Touch; LCTE; rv:11.0) like Gecko"
88.99.162.239 - - [18/Oct/2025:17:32:54 -0400] "POST /xmlrpc.php HTTP/1.1" 200 401 "-" "Mozilla/5.0 (Windows NT 6.1) AppleWebKit/537.36 (KHTML, like Gecko) Chrome/66.0.3359.139 Safari/537.36"
103.49.70.229 - - [18/Oct/2025:17:33:23 -0400] "POST /xmlrpc.php HTTP/1.1" 200 401 "-" "Mozilla/5.0 (Windows NT 6.3; ARM; Trident/7.0; Touch; ARMBJS; rv:11.0) like Gecko"
66.116.199.115 - - [18/Oct/2025:17:35:15 -0400] "POST /wp-cron.php?doing_wp_cron=1760823315.5165669918060302734375 HTTP/1.1" 200 - "-" "WordPress/6.8.3; https://herintalk.com"
185.192.96.207 - - [18/Oct/2025:17:35:14 -0400] "GET /wp-login.php HTTP/1.1" 200 5973 "-" "Mozilla/5.0 (Macintosh; Intel Mac OS X 10_12_6) AppleWebKit/605.1.15 (KHTML, like Gecko) Version/11.1 Safari/605.1.15"
185.192.96.207 - - [18/Oct/2025:17:35:20 -0400] "POST /wp-login.php HTTP/1.1" 200 6410 "https://herintalk.com/wp-login.php" "Mozilla/5.0 (Macintosh; Intel Mac OS X 10_12_6) AppleWebKit/605.1.15 (KHTML, like Gecko) Version/11.1 Safari/605.1.15"
45.138.99.186 - - [18/Oct/2025:17:40:26 -0400] "GET /wp-login.php HTTP/1.1" 200 5973 "-" "Mozilla/5.0 (Windows NT 6.3; WOW64; Trident/7.0; MAMIJS; rv:11.0) like Gecko"
45.138.99.186 - - [18/Oct/2025:17:40:27 -0400] "POST /wp-login.php HTTP/1.1" 200 6411 "https://herintalk.com/wp-login.php" "Mozilla/5.0 (Windows NT 6.3; WOW64; Trident/7.0; MAMIJS; rv:11.0) like Gecko"
95.217.35.246 - - [18/Oct/2025:17:41:47 -0400] "GET /feed/ HTTP/1.1" 200 68114 "-" "Mozilla/5.0 (X11; compatible; semantic-visions.com crawler; HTTPClient 4.5)"
74.208.92.227 - - [18/Oct/2025:17:43:28 -0400] "POST /xmlrpc.php HTTP/1.1" 200 401 "-" "Mozilla/4.0 (compatible; MSIE 7.0; Windows NT 6.1; Win64; x64; Trident/7.0; .NET CLR 2.0.50727; SLCC2; .NET CLR 3.5.30729; .NET CLR 3.0.30729; Media Center PC 6.0; .NET4.0C; .NET4.0E)"
158.46.137.241 - - [18/Oct/2025:17:45:15 -0400] "GET /wp-content/uploads/2018/08/Hypertone-Excel-And-Force-218x150.jpg HTTP/1.1" 200 12053 "-" "Mozilla/5.0 (Windows NT 10.0; Win64; x64; rv:123.0) Gecko/20100101 Firefox/123.0"
162.19.11.69 - - [18/Oct/2025:17:46:00 -0400] "GET /wp-login.php HTTP/1.1" 200 5973 "-" "Mozilla/5.0 (Windows NT 6.1; WOW64; Trident/7.0; NP08; NP08; MAAU; rv:11.0) like Gecko"
162.19.11.69 - - [18/Oct/2025:17:46:01 -0400] "POST /wp-login.php HTTP/1.1" 200 6410 "https://herintalk.com/wp-login.php" "Mozilla/5.0 (Windows NT 6.1; WOW64; Trident/7.0; NP08; NP08; MAAU; rv:11.0) like Gecko"
114.119.149.228 - - [18/Oct/2025:17:46:51 -0400] "GET /vigorous-extend/ HTTP/1.1" 200 51651 "https://herintalk.com/healthy-life-keto-blend/" "Mozilla/5.0 (Linux; Android 7.0;) AppleWebKit/537.36 (KHTML, like Gecko) Mobile Safari/537.36 (compatible; PetalBot;+https://webmaster.petalsearch.com/site/petalbot)"
66.249.68.1 - - [18/Oct/2025:17:48:31 -0400] "GET /neuro-brilliance/ HTTP/1.1" 200 52427 "-" "Mozilla/5.0 (Linux; Android 6.0.1; Nexus 5X Build/MMB29P) AppleWebKit/537.36 (KHTML, like Gecko) Chrome/140.0.7339.207 Mobile Safari/537.36 (compatible; Googlebot/2.1; +http://www.google.com/bot.html)"
216.244.66.248 - - [18/Oct/2025:17:49:33 -0400] "GET /robots.txt HTTP/1.1" 200 114 "-" "Mozilla/5.0 (compatible; DotBot/1.2; +https://opensiteexplorer.org/dotbot; [email protected])"
185.97.0.12 - - [18/Oct/2025:17:50:50 -0400] "GET /wp-content/uploads/2014/05/relationship_advice_for_men.png HTTP/1.1" 200 145070 "-" "Mozilla/5.0 (Macintosh; Intel Mac OS X 14_3_1) AppleWebKit/605.1.15 (KHTML, like Gecko) Version/17.2 Safari/605.1.15"
185.192.96.207 - - [18/Oct/2025:17:51:01 -0400] "POST /xmlrpc.php HTTP/1.1" 200 401 "-" "Mozilla/5.0 (Windows NT 10.0; WOW64) AppleWebKit/537.36 (KHTML, like Gecko) Chrome/65.0.3325.181 Safari/537.36"
15.204.97.227 - - [18/Oct/2025:17:54:32 -0400] "POST /xmlrpc.php HTTP/1.1" 200 401 "-" "Mozilla/5.0 (Windows NT 6.3; WOW64; Trident/7.0; Touch; rv:11.0) like Gecko"
185.225.22.28 - - [18/Oct/2025:17:56:54 -0400] "GET /wp-login.php HTTP/1.1" 200 5973 "-" "Mozilla/5.0 (Windows NT 10.0; WOW64; Trident/7.0; MALCJS; rv:11.0) like Gecko"
185.225.22.28 - - [18/Oct/2025:17:56:56 -0400] "POST /wp-login.php HTTP/1.1" 200 6410 "https://herintalk.com/wp-login.php" "Mozilla/5.0 (Windows NT 10.0; WOW64; Trident/7.0; MALCJS; rv:11.0) like Gecko"
210.118.78.210 - - [18/Oct/2025:17:57:23 -0400] "GET /wp-content/uploads/2015/03/Benefits-of-a-Cucumber-Diet-03.png HTTP/1.1" 200 180830 "-" "python-requests/2.32.5"
162.214.113.32 - - [18/Oct/2025:17:57:42 -0400] "GET /wp-login.php HTTP/1.1" 200 5973 "-" "Mozilla/5.0 (Macintosh; Intel Mac OS X 10_10_5) AppleWebKit/603.2.5 (KHTML, like Gecko) Version/10.1.1 Safari/603.2.5"
162.214.113.32 - - [18/Oct/2025:17:57:45 -0400] "POST /wp-login.php HTTP/1.1" 200 6411 "https://herintalk.com/wp-login.php" "Mozilla/5.0 (Macintosh; Intel Mac OS X 10_10_5) AppleWebKit/603.2.5 (KHTML, like Gecko) Version/10.1.1 Safari/603.2.5"
66.249.68.4 - - [18/Oct/2025:17:58:52 -0400] "GET /wp-includes/js/jquery/jquery-migrate.min.js?ver=3.4.1 HTTP/1.1" 200 13577 "https://herintalk.com/neuro-brilliance/" "Mozilla/5.0 (Linux; Android 6.0.1; Nexus 5X Build/MMB29P) AppleWebKit/537.36 (KHTML, like Gecko) Chrome/140.0.7339.207 Mobile Safari/537.36 (compatible; Googlebot/2.1; +http://www.google.com/bot.html)"
66.249.68.5 - - [18/Oct/2025:17:58:55 -0400] "GET /wp-includes/js/wp-emoji-release.min.js?ver=6.8.3 HTTP/1.1" 200 19251 "https://herintalk.com/neuro-brilliance/" "Mozilla/5.0 (Linux; Android 6.0.1; Nexus 5X Build/MMB29P) AppleWebKit/537.36 (KHTML, like Gecko) Chrome/140.0.7339.207 Mobile Safari/537.36 (compatible; Googlebot/2.1; +http://www.google.com/bot.html)"
216.73.216.87 - - [18/Oct/2025:17:59:14 -0400] "GET /robots.txt HTTP/1.1" 200 114 "-" "Mozilla/5.0 AppleWebKit/537.36 (KHTML, like Gecko; compatible; ClaudeBot/1.0; [email protected])"
216.73.216.87 - - [18/Oct/2025:17:59:15 -0400] "GET /?p=7356 HTTP/1.1" 301 - "-" "Mozilla/5.0 AppleWebKit/537.36 (KHTML, like Gecko; compatible; ClaudeBot/1.0; [email protected])"
216.73.216.87 - - [18/Oct/2025:17:59:16 -0400] "GET /how-to-get-through-quarter-life-crisis/ HTTP/1.1" 200 101962 "https://herintalk.com/?p=7356" "Mozilla/5.0 AppleWebKit/537.36 (KHTML, like Gecko; compatible; ClaudeBot/1.0; [email protected])"
40.77.167.46 - - [18/Oct/2025:17:59:50 -0400] "GET /natural-skin-and-natural-eyes/ HTTP/1.1" 200 88740 "-" "Mozilla/5.0 AppleWebKit/537.36 (KHTML, like Gecko; compatible; bingbot/2.0; +http://www.bing.com/bingbot.htm) Chrome/116.0.1938.76 Safari/537.36"
216.73.216.87 - - [18/Oct/2025:18:02:53 -0400] "GET /acne-how-to-shoo-away-the-monster HTTP/1.1" 301 - "-" "Mozilla/5.0 AppleWebKit/537.36 (KHTML, like Gecko; compatible; ClaudeBot/1.0; [email protected])"
216.73.216.87 - - [18/Oct/2025:18:02:54 -0400] "GET /acne-how-to-shoo-away-the-monster/ HTTP/1.1" 200 163115 "https://herintalk.com/acne-how-to-shoo-away-the-monster" "Mozilla/5.0 AppleWebKit/537.36 (KHTML, like Gecko; compatible; ClaudeBot/1.0; [email protected])"
40.77.167.46 - - [18/Oct/2025:18:05:02 -0400] "GET /a4g6o/the-emperor-and-the-nightingale-questions-and-answers HTTP/1.1" 404 60916 "-" "Mozilla/5.0 AppleWebKit/537.36 (KHTML, like Gecko; compatible; bingbot/2.0; +http://www.bing.com/bingbot.htm) Chrome/116.0.1938.76 Safari/537.36"
216.73.216.87 - - [18/Oct/2025:18:05:57 -0400] "GET /?p=7996 HTTP/1.1" 301 - "-" "Mozilla/5.0 AppleWebKit/537.36 (KHTML, like Gecko; compatible; ClaudeBot/1.0; [email protected])"
216.73.216.87 - - [18/Oct/2025:18:05:58 -0400] "GET /diamond-essence-face-cream/ HTTP/1.1" 200 87331 "https://herintalk.com/?p=7996" "Mozilla/5.0 AppleWebKit/537.36 (KHTML, like Gecko; compatible; ClaudeBot/1.0; [email protected])"
2a01:e0a:69:eeb0:d85d:1057:4d1d:8d9d - - [18/Oct/2025:18:06:07 -0400] "GET /wp-content/uploads/2018/08/Activatrol-Male-Testosterone-.jpg HTTP/1.1" 200 45425 "-" "Mozilla/5.0 (Windows NT 6.1; WOW64) AppleWebKit/537.36 (KHTML, like Gecko) Chrome/74.0.3729.131 Safari/537.36"
15.204.97.227 - - [18/Oct/2025:18:06:22 -0400] "POST /xmlrpc.php HTTP/1.1" 200 401 "-" "Mozilla/5.0 (compatible; MSIE 9.0; Windows NT 6.1; Win64; x64; Trident/7.0)"
216.73.216.87 - - [18/Oct/2025:18:06:32 -0400] "GET /max-gain-extreme HTTP/1.1" 301 - "-" "Mozilla/5.0 AppleWebKit/537.36 (KHTML, like Gecko; compatible; ClaudeBot/1.0; [email protected])"
216.73.216.87 - - [18/Oct/2025:18:06:33 -0400] "GET /max-gain-extreme/ HTTP/1.1" 200 85575 "https://herintalk.com/max-gain-extreme" "Mozilla/5.0 AppleWebKit/537.36 (KHTML, like Gecko; compatible; ClaudeBot/1.0; [email protected])"
52.167.144.238 - - [18/Oct/2025:18:09:58 -0400] "GET /fylpzu/flying-animals-on-planes HTTP/1.1" 301 - "-" "Mozilla/5.0 AppleWebKit/537.36 (KHTML, like Gecko; compatible; bingbot/2.0; +http://www.bing.com/bingbot.htm) Chrome/116.0.1938.76 Safari/537.36"
114.119.156.44 - - [18/Oct/2025:18:10:41 -0400] "GET /our-team/ HTTP/1.1" 200 35967 "https://herintalk.com/blog/" "Mozilla/5.0 (Linux; Android 7.0;) AppleWebKit/537.36 (KHTML, like Gecko) Mobile Safari/537.36 (compatible; PetalBot;+https://webmaster.petalsearch.com/site/petalbot)"
114.119.157.214 - - [18/Oct/2025:18:12:11 -0400] "GET /horny-goat-weed/ HTTP/1.1" 200 49544 "https://herintalk.com/horny-goat-weed/" "Mozilla/5.0 (Linux; Android 7.0;) AppleWebKit/537.36 (KHTML, like Gecko) Mobile Safari/537.36 (compatible; PetalBot;+https://webmaster.petalsearch.com/site/petalbot)"
216.73.216.87 - - [18/Oct/2025:18:12:43 -0400] "GET /beverly-hills-md-scar-recovery HTTP/1.1" 301 - "-" "Mozilla/5.0 AppleWebKit/537.36 (KHTML, like Gecko; compatible; ClaudeBot/1.0; [email protected])"
216.73.216.87 - - [18/Oct/2025:18:12:44 -0400] "GET /beverly-hills-md-scar-recovery/ HTTP/1.1" 200 88238 "https://herintalk.com/beverly-hills-md-scar-recovery" "Mozilla/5.0 AppleWebKit/537.36 (KHTML, like Gecko; compatible; ClaudeBot/1.0; [email protected])"
216.73.216.87 - - [18/Oct/2025:18:13:14 -0400] "GET /?p=8982 HTTP/1.1" 301 - "-" "Mozilla/5.0 AppleWebKit/537.36 (KHTML, like Gecko; compatible; ClaudeBot/1.0; [email protected])"
216.73.216.87 - - [18/Oct/2025:18:13:15 -0400] "GET /testoforce/ HTTP/1.1" 200 86372 "https://herintalk.com/?p=8982" "Mozilla/5.0 AppleWebKit/537.36 (KHTML, like Gecko; compatible; ClaudeBot/1.0; [email protected])"
107.150.39.138 - - [18/Oct/2025:18:13:44 -0400] "GET /wp-login.php HTTP/1.1" 200 5973 "-" "Mozilla/5.0 (Windows NT 6.2; Trident/7.0; rv:11.0) like Gecko"
107.150.39.138 - - [18/Oct/2025:18:13:51 -0400] "POST /wp-login.php HTTP/1.1" 200 6411 "https://herintalk.com/wp-login.php" "Mozilla/5.0 (Windows NT 6.2; Trident/7.0; rv:11.0) like Gecko"
103.185.75.197 - - [18/Oct/2025:18:16:55 -0400] "GET /wp-login.php HTTP/1.1" 200 5973 "-" "Mozilla/5.0 (Windows NT 6.3; Win64; x64; Trident/7.0; Touch; MDDCJS; rv:11.0) like Gecko"
103.185.75.197 - - [18/Oct/2025:18:16:56 -0400] "POST /wp-login.php HTTP/1.1" 200 6410 "https://herintalk.com/wp-login.php" "Mozilla/5.0 (Windows NT 6.3; Win64; x64; Trident/7.0; Touch; MDDCJS; rv:11.0) like Gecko"
223.109.255.228 - - [18/Oct/2025:18:17:29 -0400] "GET /wp-content/uploads/2018/08/raspberry-ketones-max--218x150.jpg HTTP/1.1" 404 60916 "http://pic.sogou.com" "Sogou Pic Spider/3.0(+http://www.sogou.com/docs/help/webmasters.htm#07)"
160.30.148.30 - - [18/Oct/2025:18:18:39 -0400] "GET /wp-content/uploads/2015/03/oralsex1.jpg HTTP/1.1" 200 118482 "-" "Mozilla/5.0 (Windows NT 10.0; Win64; x64) AppleWebKit/537.36 (KHTML, like Gecko) Chrome/96.0.4664.45 Safari/537.36"
223.109.255.228 - - [18/Oct/2025:18:18:56 -0400] "GET /wp-content/uploads/2018/08/raspberry-ketones-max--218x150.jpg HTTP/1.1" 404 60916 "http://pic.sogou.com" "Sogou Pic Spider/3.0(+http://www.sogou.com/docs/help/webmasters.htm#07)"
66.116.199.115 - - [18/Oct/2025:18:20:35 -0400] "POST /wp-cron.php?doing_wp_cron=1760826035.7953219413757324218750 HTTP/1.1" 200 - "-" "WordPress/6.8.3; https://herintalk.com"
89.248.172.183 - - [18/Oct/2025:18:20:35 -0400] "POST /wp-json/tdw/save_css HTTP/1.1" 401 98 "-" "Mozilla/5.0 (Windows NT 10.0) AppleWebKit/537.36 (KHTML, like Gecko) Chrome/104.0.0.0 Safari/537.36"
148.66.129.152 - - [18/Oct/2025:18:21:39 -0400] "POST /xmlrpc.php HTTP/1.1" 200 401 "-" "Mozilla/4.0 (compatible; MSIE 7.0; Windows NT 6.2; Win64; x64; Trident/7.0; .NET4.0E; .NET4.0C; .NET CLR 3.5.30729; .NET CLR 2.0.50727; .NET CLR 3.0.30729; InfoPath.3)"
134.199.170.254 - - [18/Oct/2025:18:22:01 -0400] "GET /.git/config HTTP/1.1" 404 60916 "-" "Mozilla/5.0 (X11; Linux x86_64) AppleWebKit/537.36 (KHTML, like Gecko) Chrome/81.0.4044.129 Safari/537.36"
157.245.200.131 - - [18/Oct/2025:18:24:13 -0400] "POST /xmlrpc.php HTTP/1.1" 200 401 "-" "Mozilla/5.0 (Windows NT 6.1; rv:60.0) Gecko/20100101 Firefox/60.0"
216.244.66.248 - - [18/Oct/2025:18:24:37 -0400] "GET /wp-content/themes/?C=S;O=A HTTP/1.1" 200 - "-" "Mozilla/5.0 (compatible; DotBot/1.2; +https://opensiteexplorer.org/dotbot; [email protected])"
80.255.228.113 - - [18/Oct/2025:18:24:43 -0400] "GET /wp-content/uploads/2018/08/XR-Nutrition-Clarity-Brain-Booster-Memory-218x150.jpg HTTP/1.1" 200 10370 "-" "Mozilla/5.0 (Windows NT 10.0; Win64; x64) AppleWebKit/537.36 (KHTML, like Gecko) Chrome/123.0.0.0 Safari/537.36 Edg/123.0.0.0"
114.119.143.11 - - [18/Oct/2025:18:25:22 -0400] "GET /slim-fit-180-garcinia HTTP/1.1" 301 - "https://herintalk.com/health/weight-loss/page/2?filter_by=random_posts" "Mozilla/5.0 (Linux; Android 7.0;) AppleWebKit/537.36 (KHTML, like Gecko) Mobile Safari/537.36 (compatible; PetalBot;+https://webmaster.petalsearch.com/site/petalbot)"
114.119.143.11 - - [18/Oct/2025:18:25:23 -0400] "GET /slim-fit-180-garcinia/ HTTP/1.1" 200 57833 "https://herintalk.com/health/weight-loss/page/2?filter_by=random_posts" "Mozilla/5.0 (Linux; Android 7.0;) AppleWebKit/537.36 (KHTML, like Gecko) Mobile Safari/537.36 (compatible; PetalBot;+https://webmaster.petalsearch.com/site/petalbot)"
58.64.45.45 - - [18/Oct/2025:18:26:35 -0400] "GET /wp-login.php HTTP/1.1" 200 5973 "-" "Mozilla/5.0 (Macintosh; Intel Mac OS X 10_11_6) AppleWebKit/602.1.50 (KHTML, like Gecko) Version/10.0 Safari/602.1.50"
58.64.45.45 - - [18/Oct/2025:18:26:38 -0400] "POST /wp-login.php HTTP/1.1" 200 6410 "https://herintalk.com/wp-login.php" "Mozilla/5.0 (Macintosh; Intel Mac OS X 10_11_6) AppleWebKit/602.1.50 (KHTML, like Gecko) Version/10.0 Safari/602.1.50"
114.119.141.40 - - [18/Oct/2025:18:26:54 -0400] "GET /priamax/ HTTP/1.1" 200 58424 "https://herintalk.com/pure-vitamen-male-enhancement-supplement/" "Mozilla/5.0 (Linux; Android 7.0;) AppleWebKit/537.36 (KHTML, like Gecko) Mobile Safari/537.36 (compatible; PetalBot;+https://webmaster.petalsearch.com/site/petalbot)"
40.77.167.46 - - [18/Oct/2025:18:26:58 -0400] "GET /a4g6o/house-fire-in-oshawa-today HTTP/1.1" 404 60916 "-" "Mozilla/5.0 (Windows NT 10.0; Win64; x64) AppleWebKit/537.36 (KHTML, like Gecko) Chrome/112.0.0.0 Safari/537.36 Edg/112.0.1722.68"
216.73.216.87 - - [18/Oct/2025:18:28:03 -0400] "GET /le-jeune HTTP/1.1" 301 - "-" "Mozilla/5.0 AppleWebKit/537.36 (KHTML, like Gecko; compatible; ClaudeBot/1.0; [email protected])"
216.73.216.87 - - [18/Oct/2025:18:28:04 -0400] "GET /le-jeune/ HTTP/1.1" 200 85130 "https://herintalk.com/le-jeune" "Mozilla/5.0 AppleWebKit/537.36 (KHTML, like Gecko; compatible; ClaudeBot/1.0; [email protected])"
110.41.41.216 - - [18/Oct/2025:18:30:04 -0400] "POST /xmlrpc.php HTTP/1.1" 200 401 "-" "Mozilla/5.0 (X11; CrOS x86_64 10452.99.0) AppleWebKit/537.36 (KHTML, like Gecko) Chrome/66.0.3359.203 Safari/537.36"
16.170.216.185 - - [18/Oct/2025:18:32:01 -0400] "GET /wp-content/uploads/2014/05/PrioritizeYourPrivacy2.jpg HTTP/1.1" 200 99028 "-" "Googlebot-Image/1.0"
103.163.208.86 - - [18/Oct/2025:18:32:23 -0400] "GET /admin/auth/login HTTP/1.1" 404 60916 "-" "Mozilla/5.0 (Windows NT 10.0; WOW64; rv:48.0) Gecko/20100101 Firefox/48.0"
216.73.216.87 - - [18/Oct/2025:18:33:42 -0400] "GET /?p=8004 HTTP/1.1" 301 - "-" "Mozilla/5.0 AppleWebKit/537.36 (KHTML, like Gecko; compatible; ClaudeBot/1.0; [email protected])"
216.73.216.87 - - [18/Oct/2025:18:33:43 -0400] "GET /revita-beau-eye-serum/ HTTP/1.1" 200 87973 "https://herintalk.com/?p=8004" "Mozilla/5.0 AppleWebKit/537.36 (KHTML, like Gecko; compatible; ClaudeBot/1.0; [email protected])"
66.7.214.192 - - [18/Oct/2025:18:34:02 -0400] "GET /wp-content/uploads/2016/02/Overrated-Things-In-Life.jpg HTTP/1.1" 200 85460 "https://mehandis.net" "Mozilla/5.0 (compatible; MSIE 9.0; Windows NT 6.1; WOW64; Trident/5.0)"
216.73.216.87 - - [18/Oct/2025:18:34:10 -0400] "GET /?p=8676 HTTP/1.1" 301 - "-" "Mozilla/5.0 AppleWebKit/537.36 (KHTML, like Gecko; compatible; ClaudeBot/1.0; [email protected])"
216.73.216.87 - - [18/Oct/2025:18:34:11 -0400] "GET /keto-ultra-diet/ HTTP/1.1" 200 87534 "https://herintalk.com/?p=8676" "Mozilla/5.0 AppleWebKit/537.36 (KHTML, like Gecko; compatible; ClaudeBot/1.0; [email protected])"
45.86.153.231 - - [18/Oct/2025:18:36:43 -0400] "POST /xmlrpc.php HTTP/1.1" 200 401 "-" "Mozilla/5.0 (Windows NT 6.3; WOW64; Trident/7.0; MATMJS; rv:11.0) like Gecko"
216.73.216.87 - - [18/Oct/2025:18:36:44 -0400] "GET /tenderma-vitamin-c-serum HTTP/1.1" 301 - "-" "Mozilla/5.0 AppleWebKit/537.36 (KHTML, like Gecko; compatible; ClaudeBot/1.0; [email protected])"
216.73.216.87 - - [18/Oct/2025:18:36:45 -0400] "GET /tenderma-vitamin-c-serum/ HTTP/1.1" 200 88479 "https://herintalk.com/tenderma-vitamin-c-serum" "Mozilla/5.0 AppleWebKit/537.36 (KHTML, like Gecko; compatible; ClaudeBot/1.0; [email protected])"
163.223.13.96 - - [18/Oct/2025:18:38:38 -0400] "POST /xmlrpc.php HTTP/1.1" 200 401 "-" "Mozilla/4.0 (compatible; MSIE 7.0; Windows NT 6.1; WOW64; Trident/7.0; SLCC2; .NET CLR 2.0.50727; .NET CLR 3.5.30729; .NET CLR 3.0.30729; Media Center PC 6.0; .NET4.0C; .NET4.0E; .NET CLR 1.1.4322)"
51.255.119.44 - - [18/Oct/2025:18:41:32 -0400] "POST /xmlrpc.php HTTP/1.1" 200 401 "-" "Mozilla/4.0 (compatible; MSIE 7.0; Windows NT 6.2; WOW64; Trident/7.0; .NET4.0C; .NET4.0E; InfoPath.3; .NET CLR 2.0.50727; .NET CLR 3.0.30729; .NET CLR 3.5.30729)"
46.101.1.225 - - [18/Oct/2025:18:43:48 -0400] "GET / HTTP/1.1" 200 144987 "-" "-"
46.101.1.225 - - [18/Oct/2025:18:43:49 -0400] "GET / HTTP/1.1" 200 53469 "-" "Mozilla/5.0 (Linux; Android 6.0; HTC One M9 Build/MRA615981) AppleWebKit/537.36 (KHTML, like Gecko) Chrome/52.0.3161.98 Mobile Safari/537.3"
46.101.1.225 - - [18/Oct/2025:18:43:50 -0400] "POST /graphql HTTP/1.1" 404 60916 "-" "Mozilla/5.0 (l9scan/2.0.33e27393e2431313e2838313; +https://leakix.net)"
46.101.1.225 - - [18/Oct/2025:18:43:51 -0400] "POST /api HTTP/1.1" 404 60916 "-" "Mozilla/5.0 (l9scan/2.0.33e27393e2431313e2838313; +https://leakix.net)"
46.101.1.225 - - [18/Oct/2025:18:43:51 -0400] "POST /api/graphql HTTP/1.1" 404 60916 "-" "Mozilla/5.0 (l9scan/2.0.33e27393e2431313e2838313; +https://leakix.net)"
46.101.1.225 - - [18/Oct/2025:18:43:52 -0400] "POST /graphql/api HTTP/1.1" 404 60916 "-" "Mozilla/5.0 (l9scan/2.0.33e27393e2431313e2838313; +https://leakix.net)"
46.101.1.225 - - [18/Oct/2025:18:43:53 -0400] "POST /api/gql HTTP/1.1" 404 60916 "-" "Mozilla/5.0 (l9scan/2.0.33e27393e2431313e2838313; +https://leakix.net)"
46.101.1.225 - - [18/Oct/2025:18:43:54 -0400] "GET /swagger-ui.html HTTP/1.1" 404 60916 "-" "Mozilla/5.0 (l9scan/2.0.33e27393e2431313e2838313; +https://leakix.net)"
46.101.1.225 - - [18/Oct/2025:18:43:55 -0400] "GET /swagger/index.html HTTP/1.1" 404 60916 "-" "Mozilla/5.0 (l9scan/2.0.33e27393e2431313e2838313; +https://leakix.net)"
46.101.1.225 - - [18/Oct/2025:18:43:56 -0400] "GET /swagger/swagger-ui.html HTTP/1.1" 404 60916 "-" "Mozilla/5.0 (l9scan/2.0.33e27393e2431313e2838313; +https://leakix.net)"
46.101.1.225 - - [18/Oct/2025:18:43:57 -0400] "GET /webjars/swagger-ui/index.html HTTP/1.1" 404 60916 "-" "Mozilla/5.0 (l9scan/2.0.33e27393e2431313e2838313; +https://leakix.net)"
46.101.1.225 - - [18/Oct/2025:18:43:58 -0400] "GET /swagger.json HTTP/1.1" 404 60916 "-" "Mozilla/5.0 (l9scan/2.0.33e27393e2431313e2838313; +https://leakix.net)"
46.101.1.225 - - [18/Oct/2025:18:43:59 -0400] "GET /swagger/v1/swagger.json HTTP/1.1" 404 60916 "-" "Mozilla/5.0 (l9scan/2.0.33e27393e2431313e2838313; +https://leakix.net)"
46.101.1.225 - - [18/Oct/2025:18:44:00 -0400] "GET /v2/api-docs HTTP/1.1" 404 60916 "-" "Mozilla/5.0 (l9scan/2.0.33e27393e2431313e2838313; +https://leakix.net)"
46.101.1.225 - - [18/Oct/2025:18:44:01 -0400] "GET /v3/api-docs HTTP/1.1" 404 60916 "-" "Mozilla/5.0 (l9scan/2.0.33e27393e2431313e2838313; +https://leakix.net)"
46.101.1.225 - - [18/Oct/2025:18:44:02 -0400] "GET /api-docs/swagger.json HTTP/1.1" 404 60916 "-" "Mozilla/5.0 (l9scan/2.0.33e27393e2431313e2838313; +https://leakix.net)"
46.101.1.225 - - [18/Oct/2025:18:44:03 -0400] "GET /api/swagger.json HTTP/1.1" 404 60916 "-" "Mozilla/5.0 (l9scan/2.0.33e27393e2431313e2838313; +https://leakix.net)"
46.101.1.225 - - [18/Oct/2025:18:44:04 -0400] "GET /@vite/env HTTP/1.1" 404 60916 "-" "Go-http-client/1.1"
46.101.1.225 - - [18/Oct/2025:18:44:05 -0400] "GET /actuator/env HTTP/1.1" 404 60916 "-" "Go-http-client/1.1"
46.101.1.225 - - [18/Oct/2025:18:44:06 -0400] "GET /server HTTP/1.1" 404 60916 "-" "Go-http-client/1.1"
46.101.1.225 - - [18/Oct/2025:18:44:06 -0400] "GET /.vscode/sftp.json HTTP/1.1" 404 60916 "-" "Go-http-client/1.1"
46.101.1.225 - - [18/Oct/2025:18:44:07 -0400] "GET /about HTTP/1.1" 301 - "-" "Go-http-client/1.1"
46.101.1.225 - - [18/Oct/2025:18:44:08 -0400] "GET /debug/default/view?panel=config HTTP/1.1" 404 60916 "-" "Go-http-client/1.1"
46.101.1.225 - - [18/Oct/2025:18:44:09 -0400] "GET /v2/_catalog HTTP/1.1" 404 60916 "-" "Go-http-client/1.1"
46.101.1.225 - - [18/Oct/2025:18:44:10 -0400] "GET /ecp/Current/exporttool/microsoft.exchange.ediscovery.exporttool.application HTTP/1.1" 404 60916 "-" "Go-http-client/1.1"
46.101.1.225 - - [18/Oct/2025:18:44:11 -0400] "GET /server-status HTTP/1.1" 404 60916 "-" "Go-http-client/1.1"
46.101.1.225 - - [18/Oct/2025:18:44:12 -0400] "GET /login.action HTTP/1.1" 404 60916 "-" "Go-http-client/1.1"
46.101.1.225 - - [18/Oct/2025:18:44:13 -0400] "GET /_all_dbs HTTP/1.1" 404 60916 "-" "Mozilla/5.0 (l9scan/2.0.33e27393e2431313e2838313; +https://leakix.net)"
46.101.1.225 - - [18/Oct/2025:18:44:14 -0400] "GET /.DS_Store HTTP/1.1" 404 60916 "-" "Go-http-client/1.1"
46.101.1.225 - - [18/Oct/2025:18:44:15 -0400] "GET /.env HTTP/1.1" 404 60916 "-" "Go-http-client/1.1"
46.101.1.225 - - [18/Oct/2025:18:44:15 -0400] "GET /.git/config HTTP/1.1" 404 60916 "-" "Go-http-client/1.1"
46.101.1.225 - - [18/Oct/2025:18:44:16 -0400] "GET /s/33e27393e2431313e2838313/_/;/META-INF/maven/com.atlassian.jira/jira-webapp-dist/pom.properties HTTP/1.1" 404 60916 "-" "Go-http-client/1.1"
46.101.1.225 - - [18/Oct/2025:18:44:17 -0400] "GET /config.json HTTP/1.1" 404 60916 "-" "Go-http-client/1.1"
46.101.1.225 - - [18/Oct/2025:18:44:18 -0400] "GET /telescope/requests HTTP/1.1" 404 60916 "-" "Go-http-client/1.1"
46.101.1.225 - - [18/Oct/2025:18:44:18 -0400] "GET /info.php HTTP/1.1" 404 60916 "-" "Go-http-client/1.1"
46.101.1.225 - - [18/Oct/2025:18:44:19 -0400] "GET /?rest_route=/wp/v2/users/ HTTP/1.1" 200 9231 "-" "Go-http-client/1.1"
66.249.68.5 - - [18/Oct/2025:18:46:31 -0400] "GET /robots.txt HTTP/1.1" 200 114 "-" "Mozilla/5.0 (compatible; Googlebot/2.1; +http://www.google.com/bot.html)"
66.249.68.4 - - [18/Oct/2025:18:46:31 -0400] "GET /ads.txt HTTP/1.1" 404 60916 "-" "Mozilla/5.0 (compatible; Googlebot/2.1; +http://www.google.com/bot.html)"
223.109.255.228 - - [18/Oct/2025:18:46:50 -0400] "GET /wp-content/uploads/2018/08/brainapsyl-218x150.jpg HTTP/1.1" 404 60916 "http://pic.sogou.com" "Sogou Pic Spider/3.0(+http://www.sogou.com/docs/help/webmasters.htm#07)"
209.42.21.53 - - [18/Oct/2025:18:47:53 -0400] "POST /xmlrpc.php HTTP/1.1" 200 401 "-" "Mozilla/4.0 (compatible; MSIE 7.0; Windows NT 10.0; WOW64; Trident/7.0; Touch; .NET4.0C; .NET4.0E; .NET CLR 2.0.50727; .NET CLR 3.0.30729; .NET CLR 3.5.30729; Tablet PC 2.0)"
209.205.228.185 - - [18/Oct/2025:18:48:02 -0400] "GET /wp-login.php HTTP/1.1" 200 5973 "-" "Mozilla/5.0 (Windows NT 6.3; Win64; x64; Trident/7.0; Touch; rv:11.0) like Gecko"
209.205.228.185 - - [18/Oct/2025:18:48:04 -0400] "POST /wp-login.php HTTP/1.1" 200 6410 "https://herintalk.com/wp-login.php" "Mozilla/5.0 (Windows NT 6.3; Win64; x64; Trident/7.0; Touch; rv:11.0) like Gecko"
185.225.22.28 - - [18/Oct/2025:18:50:17 -0400] "POST /xmlrpc.php HTTP/1.1" 200 401 "-" "Mozilla/5.0 (Macintosh; Intel Mac OS X 10_13_2) AppleWebKit/537.36 (KHTML, like Gecko) Chrome/65.0.3325.162 Safari/537.36"
114.119.150.196 - - [18/Oct/2025:18:51:28 -0400] "GET /proflexoral HTTP/1.1" 301 - "https://herintalk.com/health/page/17?filter_by=featured" "Mozilla/5.0 (Linux; Android 7.0;) AppleWebKit/537.36 (KHTML, like Gecko) Mobile Safari/537.36 (compatible; PetalBot;+https://webmaster.petalsearch.com/site/petalbot)"
114.119.150.196 - - [18/Oct/2025:18:51:29 -0400] "GET /proflexoral/ HTTP/1.1" 200 53031 "https://herintalk.com/health/page/17?filter_by=featured" "Mozilla/5.0 (Linux; Android 7.0;) AppleWebKit/537.36 (KHTML, like Gecko) Mobile Safari/537.36 (compatible; PetalBot;+https://webmaster.petalsearch.com/site/petalbot)"
91.134.16.45 - - [18/Oct/2025:18:52:37 -0400] "POST /xmlrpc.php HTTP/1.1" 200 401 "-" "Mozilla/5.0 (Macintosh; Intel Mac OS X 10_9_5) AppleWebKit/537.36 (KHTML, like Gecko) Chrome/65.0.3325.181 Safari/537.36"
216.73.216.87 - - [18/Oct/2025:18:53:45 -0400] "GET /sacred-sex-by-gods/6 HTTP/1.1" 301 - "-" "Mozilla/5.0 AppleWebKit/537.36 (KHTML, like Gecko; compatible; ClaudeBot/1.0; [email protected])"
216.73.216.87 - - [18/Oct/2025:18:53:46 -0400] "GET /sacred-sex-by-gods/6/ HTTP/1.1" 200 84066 "https://herintalk.com/sacred-sex-by-gods/6" "Mozilla/5.0 AppleWebKit/537.36 (KHTML, like Gecko; compatible; ClaudeBot/1.0; [email protected])"
193.9.57.68 - - [18/Oct/2025:18:54:59 -0400] "GET /wp-content/uploads/2018/08/Dermavix-skin-aging.jpg HTTP/1.1" 200 40491 "-" "Mozilla/5.0 (Macintosh; Intel Mac OS X 10_15_7) AppleWebKit/537.36 (KHTML, like Gecko) Chrome/120.0.0.0 Safari/537.36"
178.253.43.167 - - [18/Oct/2025:18:56:11 -0400] "GET /wp-login.php HTTP/1.1" 200 5973 "-" "Mozilla/5.0 (Windows NT 10.0; WOW64; Trident/7.0; MASMJS; rv:11.0) like Gecko"
178.253.43.167 - - [18/Oct/2025:18:56:13 -0400] "POST /wp-login.php HTTP/1.1" 200 6411 "https://herintalk.com/wp-login.php" "Mozilla/5.0 (Windows NT 10.0; WOW64; Trident/7.0; MASMJS; rv:11.0) like Gecko"
52.242.231.163 - - [18/Oct/2025:18:58:31 -0400] "POST /xmlrpc.php HTTP/1.1" 200 401 "-" "Mozilla/5.0 (Windows NT 6.3; Win64, x64; Trident/7.0; rv:11.0) like Gecko"
216.73.216.87 - - [18/Oct/2025:18:59:56 -0400] "GET /sacred-sex-by-gods/5 HTTP/1.1" 301 - "-" "Mozilla/5.0 AppleWebKit/537.36 (KHTML, like Gecko; compatible; ClaudeBot/1.0; [email protected])"
216.73.216.87 - - [18/Oct/2025:18:59:57 -0400] "GET /sacred-sex-by-gods/5/ HTTP/1.1" 200 83576 "https://herintalk.com/sacred-sex-by-gods/5" "Mozilla/5.0 AppleWebKit/537.36 (KHTML, like Gecko; compatible; ClaudeBot/1.0; [email protected])"
216.73.216.87 - - [18/Oct/2025:19:00:22 -0400] "GET /?p=302 HTTP/1.1" 301 - "-" "Mozilla/5.0 AppleWebKit/537.36 (KHTML, like Gecko; compatible; ClaudeBot/1.0; [email protected])"
216.73.216.87 - - [18/Oct/2025:19:00:23 -0400] "GET /summers-skin-care/ HTTP/1.1" 200 88572 "https://herintalk.com/?p=302" "Mozilla/5.0 AppleWebKit/537.36 (KHTML, like Gecko; compatible; ClaudeBot/1.0; [email protected])"
144.217.162.28 - - [18/Oct/2025:19:00:58 -0400] "POST /xmlrpc.php HTTP/1.1" 200 401 "-" "Mozilla/5.0 (Windows NT 6.1; Win64; x64) AppleWebKit/537.36 (KHTML, like Gecko) Chrome/67.0.3396.62 Safari/537.36"
216.73.216.87 - - [18/Oct/2025:19:02:32 -0400] "GET /sacred-sex-by-gods/2 HTTP/1.1" 301 - "-" "Mozilla/5.0 AppleWebKit/537.36 (KHTML, like Gecko; compatible; ClaudeBot/1.0; [email protected])"
216.73.216.87 - - [18/Oct/2025:19:02:32 -0400] "GET /summers-skin-care/feed HTTP/1.1" 301 - "-" "Mozilla/5.0 AppleWebKit/537.36 (KHTML, like Gecko; compatible; ClaudeBot/1.0; [email protected])"
216.73.216.87 - - [18/Oct/2025:19:02:33 -0400] "GET /summers-skin-care/feed/ HTTP/1.1" 200 793 "https://herintalk.com/summers-skin-care/feed" "Mozilla/5.0 AppleWebKit/537.36 (KHTML, like Gecko; compatible; ClaudeBot/1.0; [email protected])"
216.73.216.87 - - [18/Oct/2025:19:02:33 -0400] "GET /sacred-sex-by-gods/2/ HTTP/1.1" 200 84015 "https://herintalk.com/sacred-sex-by-gods/2" "Mozilla/5.0 AppleWebKit/537.36 (KHTML, like Gecko; compatible; ClaudeBot/1.0; [email protected])"
216.73.216.87 - - [18/Oct/2025:19:03:22 -0400] "GET /sacred-sex-by-gods/3 HTTP/1.1" 301 - "-" "Mozilla/5.0 AppleWebKit/537.36 (KHTML, like Gecko; compatible; ClaudeBot/1.0; [email protected])"
216.73.216.87 - - [18/Oct/2025:19:03:23 -0400] "GET /sacred-sex-by-gods/3/ HTTP/1.1" 200 84059 "https://herintalk.com/sacred-sex-by-gods/3" "Mozilla/5.0 AppleWebKit/537.36 (KHTML, like Gecko; compatible; ClaudeBot/1.0; [email protected])"
89.248.172.183 - - [18/Oct/2025:19:03:50 -0400] "POST /wp-json/tdw/save_css HTTP/1.1" 401 98 "-" "Mozilla/5.0 (Windows NT 10.0) AppleWebKit/537.36 (KHTML, like Gecko) Chrome/104.0.0.0 Safari/537.36"
216.73.216.87 - - [18/Oct/2025:19:05:41 -0400] "GET /sacred-sex-by-gods/8 HTTP/1.1" 301 - "-" "Mozilla/5.0 AppleWebKit/537.36 (KHTML, like Gecko; compatible; ClaudeBot/1.0; [email protected])"
216.73.216.87 - - [18/Oct/2025:19:05:41 -0400] "GET /sacred-sex-by-gods/7 HTTP/1.1" 301 - "-" "Mozilla/5.0 AppleWebKit/537.36 (KHTML, like Gecko; compatible; ClaudeBot/1.0; [email protected])"
