216.73.216.87 - - [18/Oct/2025:19:05:41 -0400] "GET /sacred-sex-by-gods/8/ HTTP/1.1" 200 83955 "https://herintalk.com/sacred-sex-by-gods/8" "Mozilla/5.0 AppleWebKit/537.36 (KHTML, like Gecko; compatible; ClaudeBot/1.0; [email protected])"
216.73.216.87 - - [18/Oct/2025:19:05:42 -0400] "GET /sacred-sex-by-gods/7/ HTTP/1.1" 200 84121 "https://herintalk.com/sacred-sex-by-gods/7" "Mozilla/5.0 AppleWebKit/537.36 (KHTML, like Gecko; compatible; ClaudeBot/1.0; [email protected])"
89.248.172.183 - - [18/Oct/2025:19:05:43 -0400] "POST /wp-json/tdw/save_css HTTP/1.1" 401 98 "-" "Mozilla/5.0 (Windows NT 10.0) AppleWebKit/537.36 (KHTML, like Gecko) Chrome/104.0.0.0 Safari/537.36"
51.255.119.44 - - [18/Oct/2025:19:05:43 -0400] "GET /wp-login.php HTTP/1.1" 200 5973 "-" "Mozilla/5.0 (Macintosh; Intel Mac OS X 10_12_4) AppleWebKit/603.1.20 (KHTML, like Gecko) Version/10.1 Safari/603.1.20"
51.255.119.44 - - [18/Oct/2025:19:05:48 -0400] "POST /wp-login.php HTTP/1.1" 200 6411 "https://herintalk.com/wp-login.php" "Mozilla/5.0 (Macintosh; Intel Mac OS X 10_12_4) AppleWebKit/603.1.20 (KHTML, like Gecko) Version/10.1 Safari/603.1.20"
51.75.122.244 - - [18/Oct/2025:19:06:24 -0400] "POST /xmlrpc.php HTTP/1.1" 200 401 "-" "Mozilla/5.0 (Windows NT 10.0; Win64; x64) AppleWebKit/537.36 (KHTML, like Gecko) Chrome/63.0.3239.132 Safari/537.36 OPR/50.0.2762.58"
216.73.216.87 - - [18/Oct/2025:19:08:20 -0400] "GET /complete-skin-and-diamond-eyes HTTP/1.1" 301 - "-" "Mozilla/5.0 AppleWebKit/537.36 (KHTML, like Gecko; compatible; ClaudeBot/1.0; [email protected])"
216.73.216.87 - - [18/Oct/2025:19:08:20 -0400] "GET /?p=7938 HTTP/1.1" 301 - "-" "Mozilla/5.0 AppleWebKit/537.36 (KHTML, like Gecko; compatible; ClaudeBot/1.0; [email protected])"
216.73.216.87 - - [18/Oct/2025:19:08:21 -0400] "GET /complete-skin-and-diamond-eyes/ HTTP/1.1" 200 90560 "https://herintalk.com/complete-skin-and-diamond-eyes" "Mozilla/5.0 AppleWebKit/537.36 (KHTML, like Gecko; compatible; ClaudeBot/1.0; [email protected])"
216.73.216.87 - - [18/Oct/2025:19:08:21 -0400] "GET /ev-derma/ HTTP/1.1" 200 89876 "https://herintalk.com/?p=7938" "Mozilla/5.0 AppleWebKit/537.36 (KHTML, like Gecko; compatible; ClaudeBot/1.0; [email protected])"
103.163.208.106 - - [18/Oct/2025:19:11:58 -0400] "GET /baker.php HTTP/1.1" 404 60916 "-" "Mozilla/5.0 (Windows NT 10.0; WOW64; rv:48.0) Gecko/20100101 Firefox/48.0"
68.183.25.188 - - [18/Oct/2025:19:12:19 -0400] "POST /xmlrpc.php HTTP/1.1" 200 401 "-" "Mozilla/5.0 (Windows NT 10.0; WOW64; Trident/7.0; MASMJS; rv:11.0) like Gecko"
154.0.175.30 - - [18/Oct/2025:19:13:05 -0400] "POST /xmlrpc.php HTTP/1.1" 200 401 "-" "Mozilla/5.0 (Macintosh; Intel Mac OS X 10_11_6) AppleWebKit/604.5.6 (KHTML, like Gecko) Version/11.0.3 Safari/604.5.6"
216.73.216.87 - - [18/Oct/2025:19:14:08 -0400] "GET /ApexCBDorder HTTP/1.1" 404 60916 "-" "Mozilla/5.0 AppleWebKit/537.36 (KHTML, like Gecko; compatible; ClaudeBot/1.0; [email protected])"
5.102.173.71 - - [18/Oct/2025:19:14:42 -0400] "GET /robots.txt HTTP/1.1" 200 114 "-" "Mozilla/5.0 (compatible; MojeekBot/0.11; +https://www.mojeek.com/bot.html)"
5.102.173.71 - - [18/Oct/2025:19:14:43 -0400] "GET /andronox/ HTTP/1.1" 200 85400 "-" "Mozilla/5.0 (compatible; MojeekBot/0.11; +https://www.mojeek.com/bot.html)"
160.25.166.14 - - [18/Oct/2025:19:17:27 -0400] "GET /wp-login.php HTTP/1.1" 200 5973 "-" "Mozilla/5.0 (Windows NT 10.0; Win64; x64) AppleWebKit/537.36 (KHTML, like Gecko) Chrome/63.0.3239.132 Safari/537.36 OPR/50.0.2762.58"
160.25.166.14 - - [18/Oct/2025:19:17:30 -0400] "POST /wp-login.php HTTP/1.1" 200 6411 "https://herintalk.com/wp-login.php" "Mozilla/5.0 (Windows NT 10.0; Win64; x64) AppleWebKit/537.36 (KHTML, like Gecko) Chrome/63.0.3239.132 Safari/537.36 OPR/50.0.2762.58"
213.171.211.93 - - [18/Oct/2025:19:17:44 -0400] "POST /xmlrpc.php HTTP/1.1" 200 401 "-" "Mozilla/4.0 (compatible; MSIE 7.0; Windows NT 6.1; Win64; x64; Trident/7.0; .NET CLR 2.0.50727; SLCC2; .NET CLR 3.5.30729; .NET CLR 3.0.30729; Media Center PC 6.0; .NET4.0C; .NET4.0E; InfoPath.3; Tablet PC 2.0)"
40.77.167.6 - - [18/Oct/2025:19:17:48 -0400] "GET /category/celebs/ HTTP/1.1" 200 91278 "-" "Mozilla/5.0 AppleWebKit/537.36 (KHTML, like Gecko; compatible; bingbot/2.0; +http://www.bing.com/bingbot.htm) Chrome/116.0.1938.76 Safari/537.36"
162.214.75.168 - - [18/Oct/2025:19:18:37 -0400] "GET /.well-known/acme-challenge/9BT_L-NYH8EHJGU3SB25URWBJ3PAEXQX HTTP/1.1" 404 - "-" "Cpanel-HTTP-Client/1.0"
162.214.75.168 - - [18/Oct/2025:19:18:38 -0400] "GET /.well-known/acme-challenge/0O1FOUUZJTM0QQ2DJ8HZHCF0E7047ND- HTTP/1.1" 404 - "-" "Cpanel-HTTP-Client/1.0"
5.102.173.71 - - [18/Oct/2025:19:18:37 -0400] "GET /tribulus-terristris/ HTTP/1.1" 200 81741 "-" "Mozilla/5.0 (compatible; MojeekBot/0.11; +https://www.mojeek.com/bot.html)"
216.73.216.87 - - [18/Oct/2025:19:18:50 -0400] "GET /?p=7934 HTTP/1.1" 301 - "-" "Mozilla/5.0 AppleWebKit/537.36 (KHTML, like Gecko; compatible; ClaudeBot/1.0; [email protected])"
216.73.216.87 - - [18/Oct/2025:19:18:51 -0400] "GET /belle-epoque-cream/ HTTP/1.1" 200 90124 "https://herintalk.com/?p=7934" "Mozilla/5.0 AppleWebKit/537.36 (KHTML, like Gecko; compatible; ClaudeBot/1.0; [email protected])"
66.116.199.115 - - [18/Oct/2025:19:19:13 -0400] "POST /wp-cron.php?doing_wp_cron=1760829553.6024758815765380859375 HTTP/1.1" 200 - "-" "WordPress/6.8.3; https://herintalk.com"
203.162.166.162 - - [18/Oct/2025:19:19:13 -0400] "GET /wp-login.php HTTP/1.1" 200 5973 "-" "Mozilla/5.0 (Windows NT 10.0; WOW64; Trident/7.0; Touch; rv:11.0) like Gecko"
203.162.166.162 - - [18/Oct/2025:19:19:16 -0400] "POST /wp-login.php HTTP/1.1" 200 6410 "https://herintalk.com/wp-login.php" "Mozilla/5.0 (Windows NT 10.0; WOW64; Trident/7.0; Touch; rv:11.0) like Gecko"
52.167.144.210 - - [18/Oct/2025:19:19:31 -0400] "GET /best-and-sizzling-on-screen-celebrity-pairs/ HTTP/1.1" 200 96786 "-" "Mozilla/5.0 AppleWebKit/537.36 (KHTML, like Gecko; compatible; bingbot/2.0; +http://www.bing.com/bingbot.htm) Chrome/116.0.1938.76 Safari/537.36"
31.204.53.8 - - [18/Oct/2025:19:19:54 -0400] "GET /wp-content/uploads/2014/05/Amitabh-Bachchan-and-Jaya-Bachchan.jpg HTTP/1.1" 200 35282 "-" "Mozilla/5.0 (X11; Linux x86_64) AppleWebKit/537.36 (KHTML, like Gecko) Chrome/121.0.0.0 Safari/537.36"
77.68.30.96 - - [18/Oct/2025:19:21:07 -0400] "POST /xmlrpc.php HTTP/1.1" 200 401 "-" "Mozilla/5.0 (Macintosh; Intel Mac OS X 10_13_4) AppleWebKit/537.36 (KHTML, like Gecko) Chrome/67.0.3396.87 Safari/537.36"
45.227.253.15 - - [18/Oct/2025:19:21:41 -0400] "GET /index.php/jk HTTP/1.1" 301 - "-" "Mozilla/5.0 (iPad; U; CPU OS 4_3_4 like Mac OS X; ja) AppleWebKit/533.17.9 (KHTML, like Gecko) Version/5.0.2 Mobile/8J2 Safari/6533.18.5"
45.227.253.15 - - [18/Oct/2025:19:21:42 -0400] "GET /jk HTTP/1.1" 404 60674 "https://herintalk.com/index.php/jk" "Mozilla/5.0 (iPad; U; CPU OS 4_3_4 like Mac OS X; ja) AppleWebKit/533.17.9 (KHTML, like Gecko) Version/5.0.2 Mobile/8J2 Safari/6533.18.5"
216.73.216.87 - - [18/Oct/2025:19:23:03 -0400] "GET /natural-sculpting-system HTTP/1.1" 301 - "-" "Mozilla/5.0 AppleWebKit/537.36 (KHTML, like Gecko; compatible; ClaudeBot/1.0; [email protected])"
216.73.216.87 - - [18/Oct/2025:19:23:04 -0400] "GET /natural-sculpting-system/ HTTP/1.1" 200 87534 "https://herintalk.com/natural-sculpting-system" "Mozilla/5.0 AppleWebKit/537.36 (KHTML, like Gecko; compatible; ClaudeBot/1.0; [email protected])"
91.134.16.45 - - [18/Oct/2025:19:23:30 -0400] "GET /wp-login.php HTTP/1.1" 200 5973 "-" "Mozilla/5.0 (Windows NT 10.0; Win64; x64) AppleWebKit/537.36 (KHTML, like Gecko) Chrome/67.0.3396.79 Safari/537.36"
91.134.16.45 - - [18/Oct/2025:19:23:37 -0400] "POST /wp-login.php HTTP/1.1" 200 6411 "https://herintalk.com/wp-login.php" "Mozilla/5.0 (Windows NT 10.0; Win64; x64) AppleWebKit/537.36 (KHTML, like Gecko) Chrome/67.0.3396.79 Safari/537.36"
216.73.216.87 - - [18/Oct/2025:19:24:03 -0400] "GET /author/wpadmin/page/54 HTTP/1.1" 301 - "-" "Mozilla/5.0 AppleWebKit/537.36 (KHTML, like Gecko; compatible; ClaudeBot/1.0; [email protected])"
216.73.216.87 - - [18/Oct/2025:19:24:04 -0400] "GET /author/wpadmin/page/5 HTTP/1.1" 301 - "-" "Mozilla/5.0 AppleWebKit/537.36 (KHTML, like Gecko; compatible; ClaudeBot/1.0; [email protected])"
216.73.216.87 - - [18/Oct/2025:19:24:04 -0400] "GET /author/wpadmin/page/54/ HTTP/1.1" 200 82671 "https://herintalk.com/author/wpadmin/page/54" "Mozilla/5.0 AppleWebKit/537.36 (KHTML, like Gecko; compatible; ClaudeBot/1.0; [email protected])"
216.73.216.87 - - [18/Oct/2025:19:24:05 -0400] "GET /author/wpadmin/page/5/ HTTP/1.1" 200 83051 "https://herintalk.com/author/wpadmin/page/5" "Mozilla/5.0 AppleWebKit/537.36 (KHTML, like Gecko; compatible; ClaudeBot/1.0; [email protected])"
17.246.19.14 - - [18/Oct/2025:19:24:11 -0400] "GET /robots.txt HTTP/1.1" 200 114 "-" "Mozilla/5.0 (Macintosh; Intel Mac OS X 10_15_7) AppleWebKit/605.1.15 (KHTML, like Gecko) Version/17.4 Safari/605.1.15 (Applebot/0.1; +http://www.apple.com/go/applebot)"
17.246.19.14 - - [18/Oct/2025:19:24:12 -0400] "GET /hot-spots-of-men-explore/2/ HTTP/1.1" 200 82827 "-" "Mozilla/5.0 (Macintosh; Intel Mac OS X 10_15_7) AppleWebKit/605.1.15 (KHTML, like Gecko) Version/17.4 Safari/605.1.15 (Applebot/0.1; +http://www.apple.com/go/applebot)"
216.73.216.87 - - [18/Oct/2025:19:24:51 -0400] "GET /clearup HTTP/1.1" 301 - "-" "Mozilla/5.0 AppleWebKit/537.36 (KHTML, like Gecko; compatible; ClaudeBot/1.0; [email protected])"
216.73.216.87 - - [18/Oct/2025:19:24:51 -0400] "GET /dermaliere HTTP/1.1" 301 - "-" "Mozilla/5.0 AppleWebKit/537.36 (KHTML, like Gecko; compatible; ClaudeBot/1.0; [email protected])"
216.73.216.87 - - [18/Oct/2025:19:24:52 -0400] "GET /clearup/ HTTP/1.1" 200 87739 "https://herintalk.com/clearup" "Mozilla/5.0 AppleWebKit/537.36 (KHTML, like Gecko; compatible; ClaudeBot/1.0; [email protected])"
216.73.216.87 - - [18/Oct/2025:19:24:52 -0400] "GET /dermaliere/ HTTP/1.1" 200 96687 "https://herintalk.com/dermaliere" "Mozilla/5.0 AppleWebKit/537.36 (KHTML, like Gecko; compatible; ClaudeBot/1.0; [email protected])"
114.119.137.64 - - [18/Oct/2025:19:26:10 -0400] "GET /revyve-skin HTTP/1.1" 301 - "https://herintalk.com/astraea-skin-cream/" "Mozilla/5.0 (Linux; Android 7.0;) AppleWebKit/537.36 (KHTML, like Gecko) Mobile Safari/537.36 (compatible; PetalBot;+https://webmaster.petalsearch.com/site/petalbot)"
114.119.137.64 - - [18/Oct/2025:19:26:11 -0400] "GET /revyve-skin/ HTTP/1.1" 200 57026 "https://herintalk.com/astraea-skin-cream/" "Mozilla/5.0 (Linux; Android 7.0;) AppleWebKit/537.36 (KHTML, like Gecko) Mobile Safari/537.36 (compatible; PetalBot;+https://webmaster.petalsearch.com/site/petalbot)"
45.141.215.36 - - [18/Oct/2025:19:26:14 -0400] "GET // HTTP/1.1" 301 - "-" "Mozilla/5.0 (Windows NT 10.0; Win64; x64) AppleWebKit/537.36 (KHTML, like Gecko) Chrome/122.0.0.0 Safari/537.36"
45.141.215.36 - - [18/Oct/2025:19:26:18 -0400] "GET / HTTP/1.1" 200 144363 "-" "Mozilla/5.0 (Windows NT 10.0; Win64; x64) AppleWebKit/537.36 (KHTML, like Gecko) Chrome/122.0.0.0 Safari/537.36"
45.141.215.36 - - [18/Oct/2025:19:26:20 -0400] "GET //wp-admin/install.php?step=1&language=en_US HTTP/1.1" 200 1273 "-" "Mozilla/5.0 (Windows NT 11.0; Win64; x64) AppleWebKit/537.36 (KHTML, like Gecko) Chrome/123.0.0.0 Safari/537.36"
45.141.215.36 - - [18/Oct/2025:19:26:22 -0400] "GET //wp-admin/setup-config.php?step=1&language=en_US HTTP/1.1" 409 2665 "-" "Mozilla/5.0 (Windows NT 11.0; Win64; x64) AppleWebKit/537.36 (KHTML, like Gecko) Chrome/123.0.0.0 Safari/537.36"
45.141.215.36 - - [18/Oct/2025:19:26:22 -0400] "GET //wp/wp-admin/setup-config.php?step=1&language=en_US HTTP/1.1" 301 - "-" "Mozilla/5.0 (Windows NT 11.0; Win64; x64) AppleWebKit/537.36 (KHTML, like Gecko) Chrome/123.0.0.0 Safari/537.36"
45.141.215.36 - - [18/Oct/2025:19:26:22 -0400] "GET //staging/wp-admin/setup-config.php?step=1&language=en_US HTTP/1.1" 301 - "-" "Mozilla/5.0 (Windows NT 11.0; Win64; x64) AppleWebKit/537.36 (KHTML, like Gecko) Chrome/123.0.0.0 Safari/537.36"
45.141.215.36 - - [18/Oct/2025:19:26:22 -0400] "GET //old/wp-admin/install.php?step=1&language=en_US HTTP/1.1" 301 - "-" "Mozilla/5.0 (Windows NT 11.0; Win64; x64) AppleWebKit/537.36 (KHTML, like Gecko) Chrome/123.0.0.0 Safari/537.36"
45.141.215.36 - - [18/Oct/2025:19:26:22 -0400] "GET //new/wp-admin/install.php?step=1&language=en_US HTTP/1.1" 301 - "-" "Mozilla/5.0 (Windows NT 11.0; Win64; x64) AppleWebKit/537.36 (KHTML, like Gecko) Chrome/123.0.0.0 Safari/537.36"
45.141.215.36 - - [18/Oct/2025:19:26:22 -0400] "GET //new/wp-admin/setup-config.php?step=1&language=en_US HTTP/1.1" 301 - "-" "Mozilla/5.0 (Windows NT 11.0; Win64; x64) AppleWebKit/537.36 (KHTML, like Gecko) Chrome/123.0.0.0 Safari/537.36"
45.141.215.36 - - [18/Oct/2025:19:26:22 -0400] "GET //backup/wp-admin/install.php?step=1&language=en_US HTTP/1.1" 301 - "-" "Mozilla/5.0 (Windows NT 11.0; Win64; x64) AppleWebKit/537.36 (KHTML, like Gecko) Chrome/123.0.0.0 Safari/537.36"
45.141.215.36 - - [18/Oct/2025:19:26:22 -0400] "GET //wordpress/wp-admin/setup-config.php?step=1&language=en_US HTTP/1.1" 301 - "-" "Mozilla/5.0 (Windows NT 11.0; Win64; x64) AppleWebKit/537.36 (KHTML, like Gecko) Chrome/123.0.0.0 Safari/537.36"
45.141.215.36 - - [18/Oct/2025:19:26:22 -0400] "GET //wordpress/wp-admin/install.php?step=1&language=en_US HTTP/1.1" 301 - "-" "Mozilla/5.0 (Windows NT 11.0; Win64; x64) AppleWebKit/537.36 (KHTML, like Gecko) Chrome/123.0.0.0 Safari/537.36"
45.141.215.36 - - [18/Oct/2025:19:26:22 -0400] "GET //staging/wp-admin/install.php?step=1&language=en_US HTTP/1.1" 301 - "-" "Mozilla/5.0 (Windows NT 11.0; Win64; x64) AppleWebKit/537.36 (KHTML, like Gecko) Chrome/123.0.0.0 Safari/537.36"
45.141.215.36 - - [18/Oct/2025:19:26:22 -0400] "GET //wp/wp-admin/install.php?step=1&language=en_US HTTP/1.1" 301 - "-" "Mozilla/5.0 (Windows NT 11.0; Win64; x64) AppleWebKit/537.36 (KHTML, like Gecko) Chrome/123.0.0.0 Safari/537.36"
45.141.215.36 - - [18/Oct/2025:19:26:22 -0400] "GET //backup/wp-admin/setup-config.php?step=1&language=en_US HTTP/1.1" 301 - "-" "Mozilla/5.0 (Windows NT 11.0; Win64; x64) AppleWebKit/537.36 (KHTML, like Gecko) Chrome/123.0.0.0 Safari/537.36"
45.141.215.36 - - [18/Oct/2025:19:26:22 -0400] "GET //old/wp-admin/setup-config.php?step=1&language=en_US HTTP/1.1" 301 - "-" "Mozilla/5.0 (Windows NT 11.0; Win64; x64) AppleWebKit/537.36 (KHTML, like Gecko) Chrome/123.0.0.0 Safari/537.36"
45.141.215.36 - - [18/Oct/2025:19:26:27 -0400] "GET /wp/wp-admin/setup-config.php?step=1&language=en_US HTTP/1.1" 404 60916 "-" "Mozilla/5.0 (Windows NT 11.0; Win64; x64) AppleWebKit/537.36 (KHTML, like Gecko) Chrome/123.0.0.0 Safari/537.36"
45.141.215.36 - - [18/Oct/2025:19:26:27 -0400] "GET /staging/wp-admin/setup-config.php?step=1&language=en_US HTTP/1.1" 404 60916 "-" "Mozilla/5.0 (Windows NT 11.0; Win64; x64) AppleWebKit/537.36 (KHTML, like Gecko) Chrome/123.0.0.0 Safari/537.36"
45.141.215.36 - - [18/Oct/2025:19:26:28 -0400] "GET /staging/wp-admin/install.php?step=1&language=en_US HTTP/1.1" 404 60916 "-" "Mozilla/5.0 (Windows NT 11.0; Win64; x64) AppleWebKit/537.36 (KHTML, like Gecko) Chrome/123.0.0.0 Safari/537.36"
45.141.215.36 - - [18/Oct/2025:19:26:29 -0400] "GET /old/wp-admin/setup-config.php?step=1&language=en_US HTTP/1.1" 404 60916 "-" "Mozilla/5.0 (Windows NT 11.0; Win64; x64) AppleWebKit/537.36 (KHTML, like Gecko) Chrome/123.0.0.0 Safari/537.36"
45.141.215.36 - - [18/Oct/2025:19:26:28 -0400] "GET /wordpress/wp-admin/setup-config.php?step=1&language=en_US HTTP/1.1" 404 60916 "-" "Mozilla/5.0 (Windows NT 11.0; Win64; x64) AppleWebKit/537.36 (KHTML, like Gecko) Chrome/123.0.0.0 Safari/537.36"
45.141.215.36 - - [18/Oct/2025:19:26:28 -0400] "GET /wordpress/wp-admin/install.php?step=1&language=en_US HTTP/1.1" 404 60916 "-" "Mozilla/5.0 (Windows NT 11.0; Win64; x64) AppleWebKit/537.36 (KHTML, like Gecko) Chrome/123.0.0.0 Safari/537.36"
45.141.215.36 - - [18/Oct/2025:19:26:28 -0400] "GET /new/wp-admin/setup-config.php?step=1&language=en_US HTTP/1.1" 404 60916 "-" "Mozilla/5.0 (Windows NT 11.0; Win64; x64) AppleWebKit/537.36 (KHTML, like Gecko) Chrome/123.0.0.0 Safari/537.36"
45.141.215.36 - - [18/Oct/2025:19:26:28 -0400] "GET /old/wp-admin/install.php?step=1&language=en_US HTTP/1.1" 404 60916 "-" "Mozilla/5.0 (Windows NT 11.0; Win64; x64) AppleWebKit/537.36 (KHTML, like Gecko) Chrome/123.0.0.0 Safari/537.36"
45.141.215.36 - - [18/Oct/2025:19:26:28 -0400] "GET /backup/wp-admin/install.php?step=1&language=en_US HTTP/1.1" 404 60916 "-" "Mozilla/5.0 (Windows NT 11.0; Win64; x64) AppleWebKit/537.36 (KHTML, like Gecko) Chrome/123.0.0.0 Safari/537.36"
45.141.215.36 - - [18/Oct/2025:19:26:28 -0400] "GET /backup/wp-admin/setup-config.php?step=1&language=en_US HTTP/1.1" 404 60916 "-" "Mozilla/5.0 (Windows NT 11.0; Win64; x64) AppleWebKit/537.36 (KHTML, like Gecko) Chrome/123.0.0.0 Safari/537.36"
45.141.215.36 - - [18/Oct/2025:19:26:28 -0400] "GET /new/wp-admin/install.php?step=1&language=en_US HTTP/1.1" 404 60916 "-" "Mozilla/5.0 (Windows NT 11.0; Win64; x64) AppleWebKit/537.36 (KHTML, like Gecko) Chrome/123.0.0.0 Safari/537.36"
45.141.215.36 - - [18/Oct/2025:19:26:29 -0400] "GET /wp/wp-admin/install.php?step=1&language=en_US HTTP/1.1" 404 60916 "-" "Mozilla/5.0 (Windows NT 11.0; Win64; x64) AppleWebKit/537.36 (KHTML, like Gecko) Chrome/123.0.0.0 Safari/537.36"
45.141.215.36 - - [18/Oct/2025:19:26:31 -0400] "GET //installer.php HTTP/1.1" 301 - "-" "Mozilla/5.0 (Macintosh; Intel Mac OS X 14_2) AppleWebKit/537.36 (KHTML, like Gecko) Chrome/120.0.0.0 Safari/537.36"
45.141.215.36 - - [18/Oct/2025:19:26:32 -0400] "GET /installer.php HTTP/1.1" 404 60916 "-" "Mozilla/5.0 (Macintosh; Intel Mac OS X 14_2) AppleWebKit/537.36 (KHTML, like Gecko) Chrome/120.0.0.0 Safari/537.36"
216.73.216.87 - - [18/Oct/2025:19:27:11 -0400] "GET /skin-optics-anti-aging-cream HTTP/1.1" 301 - "-" "Mozilla/5.0 AppleWebKit/537.36 (KHTML, like Gecko; compatible; ClaudeBot/1.0; [email protected])"
216.73.216.87 - - [18/Oct/2025:19:27:12 -0400] "GET /skin-optics-anti-aging-cream/ HTTP/1.1" 200 86651 "https://herintalk.com/skin-optics-anti-aging-cream" "Mozilla/5.0 AppleWebKit/537.36 (KHTML, like Gecko; compatible; ClaudeBot/1.0; [email protected])"
114.119.143.11 - - [18/Oct/2025:19:27:44 -0400] "GET /qugenix-rx-anti-aging-eye-serum/ HTTP/1.1" 200 59129 "https://herintalk.com/lux-allure-ageless-moisturizer/" "Mozilla/5.0 (Linux; Android 7.0;) AppleWebKit/537.36 (KHTML, like Gecko) Mobile Safari/537.36 (compatible; PetalBot;+https://webmaster.petalsearch.com/site/petalbot)"
216.73.216.87 - - [18/Oct/2025:19:27:53 -0400] "GET /?p=3005 HTTP/1.1" 301 - "-" "Mozilla/5.0 AppleWebKit/537.36 (KHTML, like Gecko; compatible; ClaudeBot/1.0; [email protected])"
216.73.216.87 - - [18/Oct/2025:19:27:53 -0400] "GET /dirty-questions-men-generally-ask HTTP/1.1" 301 - "-" "Mozilla/5.0 AppleWebKit/537.36 (KHTML, like Gecko; compatible; ClaudeBot/1.0; [email protected])"
216.73.216.87 - - [18/Oct/2025:19:27:54 -0400] "GET /best-hair-remedy/ HTTP/1.1" 200 91130 "https://herintalk.com/?p=3005" "Mozilla/5.0 AppleWebKit/537.36 (KHTML, like Gecko; compatible; ClaudeBot/1.0; [email protected])"
216.73.216.87 - - [18/Oct/2025:19:27:54 -0400] "GET /dirty-questions-men-generally-ask/ HTTP/1.1" 200 100671 "https://herintalk.com/dirty-questions-men-generally-ask" "Mozilla/5.0 AppleWebKit/537.36 (KHTML, like Gecko; compatible; ClaudeBot/1.0; [email protected])"
171.244.34.209 - - [18/Oct/2025:19:28:26 -0400] "GET /wp-login.php HTTP/1.1" 200 5973 "-" "Mozilla/5.0 (Windows NT 6.0; Win64; x64) AppleWebKit/537.36 (KHTML, like Gecko) Chrome/65.0.3325.181 Safari/537.36 OPR/52.0.2871.99"
216.73.216.87 - - [18/Oct/2025:19:28:28 -0400] "GET /?p=8810 HTTP/1.1" 301 - "-" "Mozilla/5.0 AppleWebKit/537.36 (KHTML, like Gecko; compatible; ClaudeBot/1.0; [email protected])"
216.73.216.87 - - [18/Oct/2025:19:28:29 -0400] "GET /?p=7769 HTTP/1.1" 301 - "-" "Mozilla/5.0 AppleWebKit/537.36 (KHTML, like Gecko; compatible; ClaudeBot/1.0; [email protected])"
216.73.216.87 - - [18/Oct/2025:19:28:30 -0400] "GET /creme-del-mar-anti-wrinkle-cream-2/ HTTP/1.1" 200 85727 "https://herintalk.com/?p=7769" "Mozilla/5.0 AppleWebKit/537.36 (KHTML, like Gecko; compatible; ClaudeBot/1.0; [email protected])"
216.73.216.87 - - [18/Oct/2025:19:28:30 -0400] "GET /andronite-enhanced/ HTTP/1.1" 200 85287 "https://herintalk.com/?p=8810" "Mozilla/5.0 AppleWebKit/537.36 (KHTML, like Gecko; compatible; ClaudeBot/1.0; [email protected])"
171.244.34.209 - - [18/Oct/2025:19:28:31 -0400] "POST /wp-login.php HTTP/1.1" 200 6410 "https://herintalk.com/wp-login.php" "Mozilla/5.0 (Windows NT 6.0; Win64; x64) AppleWebKit/537.36 (KHTML, like Gecko) Chrome/65.0.3325.181 Safari/537.36 OPR/52.0.2871.99"
114.119.156.44 - - [18/Oct/2025:19:29:21 -0400] "GET /how-to-get-through-quarter-life-crisis HTTP/1.1" 301 - "https://herintalk.com/her-talks/" "Mozilla/5.0 (Linux; Android 7.0;) AppleWebKit/537.36 (KHTML, like Gecko) Mobile Safari/537.36 (compatible; PetalBot;+https://webmaster.petalsearch.com/site/petalbot)"
114.119.156.44 - - [18/Oct/2025:19:29:21 -0400] "GET /how-to-get-through-quarter-life-crisis/ HTTP/1.1" 200 69915 "https://herintalk.com/her-talks/" "Mozilla/5.0 (Linux; Android 7.0;) AppleWebKit/537.36 (KHTML, like Gecko) Mobile Safari/537.36 (compatible; PetalBot;+https://webmaster.petalsearch.com/site/petalbot)"
216.73.216.87 - - [18/Oct/2025:19:30:25 -0400] "GET /crohns-disease-types-causes-symptoms-and-treatment HTTP/1.1" 301 - "-" "Mozilla/5.0 AppleWebKit/537.36 (KHTML, like Gecko; compatible; ClaudeBot/1.0; [email protected])"
216.73.216.87 - - [18/Oct/2025:19:30:26 -0400] "GET /crohns-disease-types-causes-symptoms-and-treatment/ HTTP/1.1" 200 101204 "https://herintalk.com/crohns-disease-types-causes-symptoms-and-treatment" "Mozilla/5.0 AppleWebKit/537.36 (KHTML, like Gecko; compatible; ClaudeBot/1.0; [email protected])"
114.119.145.198 - - [18/Oct/2025:19:30:49 -0400] "GET /cianix HTTP/1.1" 301 - "https://herintalk.com/mens-corner/page/9" "Mozilla/5.0 (Linux; Android 7.0;) AppleWebKit/537.36 (KHTML, like Gecko) Mobile Safari/537.36 (compatible; PetalBot;+https://webmaster.petalsearch.com/site/petalbot)"
114.119.145.198 - - [18/Oct/2025:19:30:50 -0400] "GET /cianix/ HTTP/1.1" 200 54169 "https://herintalk.com/mens-corner/page/9" "Mozilla/5.0 (Linux; Android 7.0;) AppleWebKit/537.36 (KHTML, like Gecko) Mobile Safari/537.36 (compatible; PetalBot;+https://webmaster.petalsearch.com/site/petalbot)"
178.63.40.42 - - [18/Oct/2025:19:30:53 -0400] "POST /xmlrpc.php HTTP/1.1" 200 401 "-" "Mozilla/5.0 (Windows NT 6.0; WOW64; Trident/7.0; rv:11.0) like Gecko"
216.73.216.87 - - [18/Oct/2025:19:31:22 -0400] "GET /yoga-for-weight-loss HTTP/1.1" 301 - "-" "Mozilla/5.0 AppleWebKit/537.36 (KHTML, like Gecko; compatible; ClaudeBot/1.0; [email protected])"
216.73.216.87 - - [18/Oct/2025:19:31:22 -0400] "GET /yoga-for-weight-loss/ HTTP/1.1" 200 91527 "https://herintalk.com/yoga-for-weight-loss" "Mozilla/5.0 AppleWebKit/537.36 (KHTML, like Gecko; compatible; ClaudeBot/1.0; [email protected])"
114.119.143.11 - - [18/Oct/2025:19:32:22 -0400] "GET /eyelash-enhancer/?filter_by=random_posts HTTP/1.1" 404 42973 "https://herintalk.com/eyelash-enhancer/?filter_by=featured" "Mozilla/5.0 (Linux; Android 7.0;) AppleWebKit/537.36 (KHTML, like Gecko) Mobile Safari/537.36 (compatible; PetalBot;+https://webmaster.petalsearch.com/site/petalbot)"
216.73.216.87 - - [18/Oct/2025:19:32:29 -0400] "GET /american-science-cbd-oil HTTP/1.1" 301 - "-" "Mozilla/5.0 AppleWebKit/537.36 (KHTML, like Gecko; compatible; ClaudeBot/1.0; [email protected])"
216.73.216.87 - - [18/Oct/2025:19:32:29 -0400] "GET /american-science-cbd-oil/ HTTP/1.1" 200 86783 "https://herintalk.com/american-science-cbd-oil" "Mozilla/5.0 AppleWebKit/537.36 (KHTML, like Gecko; compatible; ClaudeBot/1.0; [email protected])"
72.137.132.54 - - [18/Oct/2025:19:33:37 -0400] "POST /xmlrpc.php HTTP/1.1" 200 401 "-" "Mozilla/5.0 (X11; Linux x86_64) AppleWebKit/537.36 (KHTML, like Gecko) Chrome/67.0.3396.79 Safari/537.36"
114.119.137.64 - - [18/Oct/2025:19:33:55 -0400] "GET /best-makeup-beauty-tips-for-older-women-au-di HTTP/1.1" 301 - "https://herintalk.com/beauty/page/21" "Mozilla/5.0 (Linux; Android 7.0;) AppleWebKit/537.36 (KHTML, like Gecko) Mobile Safari/537.36 (compatible; PetalBot;+https://webmaster.petalsearch.com/site/petalbot)"
114.119.137.64 - - [18/Oct/2025:19:33:56 -0400] "GET /best-makeup-beauty-tips-for-older-women-au-di/ HTTP/1.1" 200 52140 "https://herintalk.com/beauty/page/21" "Mozilla/5.0 (Linux; Android 7.0;) AppleWebKit/537.36 (KHTML, like Gecko) Mobile Safari/537.36 (compatible; PetalBot;+https://webmaster.petalsearch.com/site/petalbot)"
216.73.216.87 - - [18/Oct/2025:19:34:05 -0400] "GET /caviar-lift HTTP/1.1" 301 - "-" "Mozilla/5.0 AppleWebKit/537.36 (KHTML, like Gecko; compatible; ClaudeBot/1.0; [email protected])"
216.73.216.87 - - [18/Oct/2025:19:34:06 -0400] "GET /caviar-lift/ HTTP/1.1" 200 86131 "https://herintalk.com/caviar-lift" "Mozilla/5.0 AppleWebKit/537.36 (KHTML, like Gecko; compatible; ClaudeBot/1.0; [email protected])"
52.242.231.163 - - [18/Oct/2025:19:34:41 -0400] "POST /xmlrpc.php HTTP/1.1" 200 401 "-" "Mozilla/5.0 (Macintosh; Intel Mac OS X 10_12_6) AppleWebKit/537.36 (KHTML, like Gecko) Chrome/66.0.3359.181 Safari/537.36"
114.119.156.44 - - [18/Oct/2025:19:35:29 -0400] "GET /nutralu-garcinia/ HTTP/1.1" 200 54420 "https://www.reddit.com/user/harryridwick/submitted" "Mozilla/5.0 (Linux; Android 7.0;) AppleWebKit/537.36 (KHTML, like Gecko) Mobile Safari/537.36 (compatible; PetalBot;+https://webmaster.petalsearch.com/site/petalbot)"
216.73.216.87 - - [18/Oct/2025:19:35:39 -0400] "GET /beauty-tips-for-skin HTTP/1.1" 301 - "-" "Mozilla/5.0 AppleWebKit/537.36 (KHTML, like Gecko; compatible; ClaudeBot/1.0; [email protected])"
216.73.216.87 - - [18/Oct/2025:19:35:40 -0400] "GET /beauty-tips-for-skin/ HTTP/1.1" 200 101894 "https://herintalk.com/beauty-tips-for-skin" "Mozilla/5.0 AppleWebKit/537.36 (KHTML, like Gecko; compatible; ClaudeBot/1.0; [email protected])"
216.73.216.87 - - [18/Oct/2025:19:36:15 -0400] "GET /best-hair-remedy/feed HTTP/1.1" 301 - "-" "Mozilla/5.0 AppleWebKit/537.36 (KHTML, like Gecko; compatible; ClaudeBot/1.0; [email protected])"
216.73.216.87 - - [18/Oct/2025:19:36:15 -0400] "GET /the-pure-body HTTP/1.1" 301 - "-" "Mozilla/5.0 AppleWebKit/537.36 (KHTML, like Gecko; compatible; ClaudeBot/1.0; [email protected])"
216.73.216.87 - - [18/Oct/2025:19:36:16 -0400] "GET /best-hair-remedy/feed/ HTTP/1.1" 200 812 "https://herintalk.com/best-hair-remedy/feed" "Mozilla/5.0 AppleWebKit/537.36 (KHTML, like Gecko; compatible; ClaudeBot/1.0; [email protected])"
216.73.216.87 - - [18/Oct/2025:19:36:16 -0400] "GET /the-pure-body/ HTTP/1.1" 200 87843 "https://herintalk.com/the-pure-body" "Mozilla/5.0 AppleWebKit/537.36 (KHTML, like Gecko; compatible; ClaudeBot/1.0; [email protected])"
158.46.211.252 - - [18/Oct/2025:19:36:22 -0400] "GET /wp-content/uploads/2018/11/Cerebral-Force-Cognitive-brain-supplement.jpg HTTP/1.1" 200 36398 "-" "Mozilla/5.0 (Macintosh; Intel Mac OS X 14_3_1) AppleWebKit/605.1.15 (KHTML, like Gecko) Version/17.2 Safari/605.1.15"
114.119.137.64 - - [18/Oct/2025:19:37:01 -0400] "GET /health/general-health/page/6 HTTP/1.1" 404 42973 "https://herintalk.com/health/general-health/page/7" "Mozilla/5.0 (Linux; Android 7.0;) AppleWebKit/537.36 (KHTML, like Gecko) Mobile Safari/537.36 (compatible; PetalBot;+https://webmaster.petalsearch.com/site/petalbot)"
103.153.42.48 - - [18/Oct/2025:19:37:05 -0400] "GET /wp-login.php HTTP/1.1" 200 5973 "-" "Mozilla/4.0 (compatible; MSIE 7.0; Windows NT 6.1; WOW64; Trident/7.0; SLCC2; .NET CLR 2.0.50727; .NET CLR 3.5.30729; .NET CLR 3.0.30729; .NET4.0C; .NET4.0E)"
103.153.42.48 - - [18/Oct/2025:19:37:07 -0400] "POST /wp-login.php HTTP/1.1" 200 6411 "https://herintalk.com/wp-login.php" "Mozilla/4.0 (compatible; MSIE 7.0; Windows NT 6.1; WOW64; Trident/7.0; SLCC2; .NET CLR 2.0.50727; .NET CLR 3.5.30729; .NET CLR 3.0.30729; .NET4.0C; .NET4.0E)"
144.76.32.137 - - [18/Oct/2025:19:37:47 -0400] "GET /feed/ HTTP/1.1" 200 68114 "-" "Mozilla/5.0 (X11; compatible; semantic-visions.com crawler; HTTPClient 4.5)"
114.119.141.40 - - [18/Oct/2025:19:38:34 -0400] "GET /able-farms-cbd/ HTTP/1.1" 200 53115 "https://herintalk.com/first-sign-turning-woman-common-menstrual-problems" "Mozilla/5.0 (Linux; Android 7.0;) AppleWebKit/537.36 (KHTML, like Gecko) Mobile Safari/537.36 (compatible; PetalBot;+https://webmaster.petalsearch.com/site/petalbot)"
223.181.23.205 - - [18/Oct/2025:19:38:41 -0400] "GET /wear-crop-top-hottest-fashion-trend-summer/7-3/ HTTP/1.1" 200 68048 "http://herintalk.com/wear-crop-top-hottest-fashion-trend-summer/7-3/" "Mozilla/5.0 (X11; Linux x86_64) AppleWebKit/537.36 (KHTML, like Gecko) Chrome/114.0.0.0 Safari/537.36 Vivaldi/5.3.2679.68"
52.167.144.166 - - [18/Oct/2025:19:40:00 -0400] "GET /welcome-to-hertalks/ HTTP/1.1" 200 85671 "-" "Mozilla/5.0 AppleWebKit/537.36 (KHTML, like Gecko; compatible; bingbot/2.0; +http://www.bing.com/bingbot.htm) Chrome/116.0.1938.76 Safari/537.36"
66.249.68.4 - - [18/Oct/2025:19:40:26 -0400] "GET /alpha-monster-advanced/ HTTP/1.1" 200 53788 "-" "Mozilla/5.0 (Linux; Android 6.0.1; Nexus 5X Build/MMB29P) AppleWebKit/537.36 (KHTML, like Gecko) Chrome/140.0.7339.207 Mobile Safari/537.36 (compatible; Googlebot/2.1; +http://www.google.com/bot.html)"
17.246.23.207 - - [18/Oct/2025:19:42:40 -0400] "GET /aveotsd/ HTTP/1.1" 200 84512 "-" "Mozilla/5.0 (Macintosh; Intel Mac OS X 10_15_7) AppleWebKit/605.1.15 (KHTML, like Gecko) Version/17.4 Safari/605.1.15 (Applebot/0.1; +http://www.apple.com/go/applebot)"
80.85.246.74 - - [18/Oct/2025:19:43:38 -0400] "GET / HTTP/1.1" 200 145070 "http://HERINTALK.COM" "Mozilla/5.0 (Windows NT 10.0; Win64; x64) AppleWebKit/537.36 (KHTML, like Gecko) Chrome/120.0.0.0 Safari/537.36"
80.85.246.74 - - [18/Oct/2025:19:47:08 -0400] "GET / HTTP/1.1" 200 144607 "-" "\"Mozilla/5.0 (Macintosh; Intel Mac OS X 10_15_7) AppleWebKit/537.36 (KHTML, like Gecko) Chrome/134.0.0.0 Safari/537.36\""
80.85.246.74 - - [18/Oct/2025:19:47:09 -0400] "GET /wp-includes/js/jquery/jquery.min.js?ver=3.7.1 HTTP/1.1" 304 - "https://herintalk.com/" "\"Mozilla/5.0 (Macintosh; Intel Mac OS X 10_15_7) AppleWebKit/537.36 (KHTML, like Gecko) Chrome/134.0.0.0 Safari/537.36\""
80.85.246.74 - - [18/Oct/2025:19:47:09 -0400] "GET /wp-includes/js/jquery/jquery-migrate.min.js?ver=3.4.1 HTTP/1.1" 304 - "https://herintalk.com/" "\"Mozilla/5.0 (Macintosh; Intel Mac OS X 10_15_7) AppleWebKit/537.36 (KHTML, like Gecko) Chrome/134.0.0.0 Safari/537.36\""
80.85.246.74 - - [18/Oct/2025:19:47:09 -0400] "GET /wp-content/plugins/td-composer/legacy/Newspaper/js/tagdiv_theme.min.js?ver=12.7.2 HTTP/1.1" 304 - "https://herintalk.com/" "\"Mozilla/5.0 (Macintosh; Intel Mac OS X 10_15_7) AppleWebKit/537.36 (KHTML, like Gecko) Chrome/134.0.0.0 Safari/537.36\""
80.85.246.74 - - [18/Oct/2025:19:47:09 -0400] "GET /wp-content/plugins/td-composer/legacy/Newspaper/js/tdPostImages.js?ver=12.7.2 HTTP/1.1" 304 - "https://herintalk.com/" "\"Mozilla/5.0 (Macintosh; Intel Mac OS X 10_15_7) AppleWebKit/537.36 (KHTML, like Gecko) Chrome/134.0.0.0 Safari/537.36\""
80.85.246.74 - - [18/Oct/2025:19:47:10 -0400] "GET /wp-content/plugins/td-composer/legacy/Newspaper/js/tdSmartSidebar.js?ver=12.7.2 HTTP/1.1" 304 - "https://herintalk.com/" "\"Mozilla/5.0 (Macintosh; Intel Mac OS X 10_15_7) AppleWebKit/537.36 (KHTML, like Gecko) Chrome/134.0.0.0 Safari/537.36\""
80.85.246.74 - - [18/Oct/2025:19:47:10 -0400] "GET /wp-content/plugins/td-composer/legacy/Newspaper/js/tdSocialSharing.js?ver=12.7.2 HTTP/1.1" 304 - "https://herintalk.com/" "\"Mozilla/5.0 (Macintosh; Intel Mac OS X 10_15_7) AppleWebKit/537.36 (KHTML, like Gecko) Chrome/134.0.0.0 Safari/537.36\""
80.85.246.74 - - [18/Oct/2025:19:47:10 -0400] "GET /wp-content/plugins/td-composer/legacy/Newspaper/js/tdModalPostImages.js?ver=12.7.2 HTTP/1.1" 304 - "https://herintalk.com/" "\"Mozilla/5.0 (Macintosh; Intel Mac OS X 10_15_7) AppleWebKit/537.36 (KHTML, like Gecko) Chrome/134.0.0.0 Safari/537.36\""
80.85.246.74 - - [18/Oct/2025:19:47:10 -0400] "GET /wp-includes/js/underscore.min.js?ver=1.13.7 HTTP/1.1" 304 - "https://herintalk.com/" "\"Mozilla/5.0 (Macintosh; Intel Mac OS X 10_15_7) AppleWebKit/537.36 (KHTML, like Gecko) Chrome/134.0.0.0 Safari/537.36\""
80.85.246.74 - - [18/Oct/2025:19:47:10 -0400] "GET /wp-content/plugins/td-subscription/assets/js/js_files_for_front.min.js?ver=1.7.2 HTTP/1.1" 304 - "https://herintalk.com/" "\"Mozilla/5.0 (Macintosh; Intel Mac OS X 10_15_7) AppleWebKit/537.36 (KHTML, like Gecko) Chrome/134.0.0.0 Safari/537.36\""
80.85.246.74 - - [18/Oct/2025:19:47:10 -0400] "GET /wp-content/plugins/td-cloud-library/assets/js/js_files_for_front.min.js?ver=94753ae56b0030d8cbea6a556906ceb0 HTTP/1.1" 304 - "https://herintalk.com/" "\"Mozilla/5.0 (Macintosh; Intel Mac OS X 10_15_7) AppleWebKit/537.36 (KHTML, like Gecko) Chrome/134.0.0.0 Safari/537.36\""
80.85.246.74 - - [18/Oct/2025:19:47:10 -0400] "GET /wp-content/plugins/td-composer/legacy/Newspaper/js/tdToTop.js?ver=12.7.2 HTTP/1.1" 304 - "https://herintalk.com/" "\"Mozilla/5.0 (Macintosh; Intel Mac OS X 10_15_7) AppleWebKit/537.36 (KHTML, like Gecko) Chrome/134.0.0.0 Safari/537.36\""
80.85.246.74 - - [18/Oct/2025:19:47:10 -0400] "GET /wp-content/plugins/td-composer/legacy/Newspaper/js/tdAjaxSearch.js?ver=12.7.2 HTTP/1.1" 304 - "https://herintalk.com/" "\"Mozilla/5.0 (Macintosh; Intel Mac OS X 10_15_7) AppleWebKit/537.36 (KHTML, like Gecko) Chrome/134.0.0.0 Safari/537.36\""
80.85.246.74 - - [18/Oct/2025:19:47:10 -0400] "GET /wp-content/plugins/td-composer/legacy/Newspaper/js/tdLogin.js?ver=12.7.2 HTTP/1.1" 304 - "https://herintalk.com/" "\"Mozilla/5.0 (Macintosh; Intel Mac OS X 10_15_7) AppleWebKit/537.36 (KHTML, like Gecko) Chrome/134.0.0.0 Safari/537.36\""
80.85.246.74 - - [18/Oct/2025:19:47:10 -0400] "GET /wp-content/plugins/td-composer/legacy/Newspaper/js/tdMenu.js?ver=12.7.2 HTTP/1.1" 304 - "https://herintalk.com/" "\"Mozilla/5.0 (Macintosh; Intel Mac OS X 10_15_7) AppleWebKit/537.36 (KHTML, like Gecko) Chrome/134.0.0.0 Safari/537.36\""
80.85.246.74 - - [18/Oct/2025:19:47:11 -0400] "GET /wp-content/plugins/td-composer/legacy/Newspaper/js/tdTrendingNow.js?ver=12.7.2 HTTP/1.1" 304 - "https://herintalk.com/" "\"Mozilla/5.0 (Macintosh; Intel Mac OS X 10_15_7) AppleWebKit/537.36 (KHTML, like Gecko) Chrome/134.0.0.0 Safari/537.36\""
80.85.246.74 - - [18/Oct/2025:19:47:11 -0400] "GET /wp-content/plugins/td-composer/legacy/Newspaper/js/tdLoadingBox.js?ver=12.7.2 HTTP/1.1" 304 - "https://herintalk.com/" "\"Mozilla/5.0 (Macintosh; Intel Mac OS X 10_15_7) AppleWebKit/537.36 (KHTML, like Gecko) Chrome/134.0.0.0 Safari/537.36\""
80.85.246.74 - - [18/Oct/2025:19:47:11 -0400] "GET /wp-includes/js/comment-reply.min.js?ver=6.8.3 HTTP/1.1" 304 - "https://herintalk.com/" "\"Mozilla/5.0 (Macintosh; Intel Mac OS X 10_15_7) AppleWebKit/537.36 (KHTML, like Gecko) Chrome/134.0.0.0 Safari/537.36\""
80.85.246.74 - - [18/Oct/2025:19:47:11 -0400] "GET /wp-includes/js/wp-emoji-release.min.js?ver=6.8.3 HTTP/1.1" 304 - "https://herintalk.com/" "\"Mozilla/5.0 (Macintosh; Intel Mac OS X 10_15_7) AppleWebKit/537.36 (KHTML, like Gecko) Chrome/134.0.0.0 Safari/537.36\""
80.85.246.74 - - [18/Oct/2025:19:47:11 -0400] "GET /contact-us/ HTTP/1.1" 200 54432 "-" "\"Mozilla/5.0 (Macintosh; Intel Mac OS X 10_15_7) AppleWebKit/537.36 (KHTML, like Gecko) Chrome/134.0.0.0 Safari/537.36\""
45.82.121.130 - - [18/Oct/2025:19:48:39 -0400] "POST /xmlrpc.php HTTP/1.1" 200 401 "-" "Mozilla/5.0 (Windows NT 6.2; ARM; Trident/7.0; Touch; rv:11.0; WPDesktop; NOKIA; Lumia 1320) like Gecko"
40.77.167.132 - - [18/Oct/2025:19:48:44 -0400] "GET /category/health/ HTTP/1.1" 200 91921 "-" "Mozilla/5.0 AppleWebKit/537.36 (KHTML, like Gecko; compatible; bingbot/2.0; +http://www.bing.com/bingbot.htm) Chrome/116.0.1938.76 Safari/537.36"
5.175.42.26 - - [18/Oct/2025:19:50:20 -0400] "POST /xmlrpc.php HTTP/1.1" 200 401 "-" "Mozilla/5.0 (Windows NT 6.3; Win64; x64; Trident/7.0; MALNJS; rv:11.0) like Gecko"
89.117.74.114 - - [18/Oct/2025:19:51:20 -0400] "GET /wp-login.php HTTP/1.1" 200 5973 "-" "Mozilla/5.0 (Windows NT 10.0; Win64; x64) AppleWebKit/537.36 (KHTML, like Gecko) Chrome/66.0.3359.181 Safari/537.36"
89.117.74.114 - - [18/Oct/2025:19:51:25 -0400] "POST /wp-login.php HTTP/1.1" 200 6410 "https://herintalk.com/wp-login.php" "Mozilla/5.0 (Windows NT 10.0; Win64; x64) AppleWebKit/537.36 (KHTML, like Gecko) Chrome/66.0.3359.181 Safari/537.36"
216.73.216.87 - - [18/Oct/2025:19:52:25 -0400] "GET /?p=165 HTTP/1.1" 301 - "-" "Mozilla/5.0 AppleWebKit/537.36 (KHTML, like Gecko; compatible; ClaudeBot/1.0; [email protected])"
216.73.216.87 - - [18/Oct/2025:19:52:25 -0400] "GET /5-brilliant-dating-tips-for-women/ HTTP/1.1" 200 88740 "https://herintalk.com/?p=165" "Mozilla/5.0 AppleWebKit/537.36 (KHTML, like Gecko; compatible; ClaudeBot/1.0; [email protected])"
205.185.120.218 - - [18/Oct/2025:19:53:22 -0400] "GET /wp-login.php HTTP/1.1" 302 - "-" "Mozilla/5.0 (X11; Linux x86_64; rv:30.0) Gecko/20100101 Firefox/30.0"
205.185.120.218 - - [18/Oct/2025:19:53:46 -0400] "GET /wp-admin/ HTTP/1.1" 302 - "-" "Mozilla/5.0 (X11; Linux x86_64; rv:30.0) Gecko/20100101 Firefox/30.0"
205.185.120.218 - - [18/Oct/2025:19:54:13 -0400] "GET /wp-login.php?redirect_to=https%3A%2F%2Fherintalk.com%2Fwp-admin%2F&reauth=1 HTTP/1.1" 200 5973 "-" "Mozilla/5.0 (X11; Linux x86_64; rv:30.0) Gecko/20100101 Firefox/30.0"
5.102.173.71 - - [18/Oct/2025:19:58:01 -0400] "GET /adelina-skin-cream/ HTTP/1.1" 200 85250 "-" "Mozilla/5.0 (compatible; MojeekBot/0.11; +https://www.mojeek.com/bot.html)"
5.102.173.71 - - [18/Oct/2025:19:58:02 -0400] "GET /alpha-fuel-hd/ HTTP/1.1" 200 87003 "-" "Mozilla/5.0 (compatible; MojeekBot/0.11; +https://www.mojeek.com/bot.html)"
5.102.173.71 - - [18/Oct/2025:19:58:03 -0400] "GET /oats-eat-and-apply/ HTTP/1.1" 200 94457 "-" "Mozilla/5.0 (compatible; MojeekBot/0.11; +https://www.mojeek.com/bot.html)"
5.102.173.71 - - [18/Oct/2025:19:58:04 -0400] "GET /fit-life-nutrition-natural-testosterone-support/ HTTP/1.1" 200 89506 "-" "Mozilla/5.0 (compatible; MojeekBot/0.11; +https://www.mojeek.com/bot.html)"
14.248.80.79 - - [18/Oct/2025:19:58:16 -0400] "POST /xmlrpc.php HTTP/1.1" 200 401 "-" "Mozilla/4.0 (compatible; MSIE 7.0; Windows NT 6.2; WOW64; Trident/7.0; .NET4.0C; .NET4.0E; .NET CLR 2.0.50727; .NET CLR 3.0.30729; .NET CLR 3.5.30729; InfoPath.2)"
66.33.193.57 - - [18/Oct/2025:19:59:01 -0400] "GET /wp-login.php HTTP/1.1" 200 5973 "-" "Mozilla/4.0 (compatible; MSIE 7.0; Windows NT 6.2; WOW64; Trident/7.0; .NET4.0E; .NET4.0C; InfoPath.3; .NET CLR 3.5.30729; .NET CLR 2.0.50727; .NET CLR 3.0.30729)"
66.33.193.57 - - [18/Oct/2025:19:59:05 -0400] "POST /wp-login.php HTTP/1.1" 200 6411 "https://herintalk.com/wp-login.php" "Mozilla/4.0 (compatible; MSIE 7.0; Windows NT 6.2; WOW64; Trident/7.0; .NET4.0E; .NET4.0C; InfoPath.3; .NET CLR 3.5.30729; .NET CLR 2.0.50727; .NET CLR 3.0.30729)"
5.102.173.71 - - [18/Oct/2025:19:59:54 -0400] "GET /category/parenting/ HTTP/1.1" 200 81201 "-" "Mozilla/5.0 (compatible; MojeekBot/0.11; +https://www.mojeek.com/bot.html)"
66.116.199.115 - - [18/Oct/2025:20:02:24 -0400] "POST /wp-cron.php?doing_wp_cron=1760832144.3653829097747802734375 HTTP/1.1" 200 - "-" "WordPress/6.8.3; https://herintalk.com"
216.73.216.87 - - [18/Oct/2025:20:02:23 -0400] "GET /robots.txt HTTP/1.1" 200 114 "-" "Mozilla/5.0 AppleWebKit/537.36 (KHTML, like Gecko; compatible; ClaudeBot/1.0; [email protected])"
216.73.216.87 - - [18/Oct/2025:20:02:24 -0400] "GET /5-brilliant-dating-tips-for-women/feed HTTP/1.1" 301 - "-" "Mozilla/5.0 AppleWebKit/537.36 (KHTML, like Gecko; compatible; ClaudeBot/1.0; [email protected])"
216.73.216.87 - - [18/Oct/2025:20:02:25 -0400] "GET /5-brilliant-dating-tips-for-women/feed/ HTTP/1.1" 200 832 "https://herintalk.com/5-brilliant-dating-tips-for-women/feed" "Mozilla/5.0 AppleWebKit/537.36 (KHTML, like Gecko; compatible; ClaudeBot/1.0; [email protected])"
2a03:2880:f800:48:: - - [18/Oct/2025:20:03:20 -0400] "GET /the-pure-body/ HTTP/1.1" 200 87843 "-" "meta-externalagent/1.1 (+https://developers.facebook.com/docs/sharing/webmasters/crawler)"
216.73.216.87 - - [18/Oct/2025:20:05:38 -0400] "GET /life-restore-health-cbd HTTP/1.1" 301 - "-" "Mozilla/5.0 AppleWebKit/537.36 (KHTML, like Gecko; compatible; ClaudeBot/1.0; [email protected])"
216.73.216.87 - - [18/Oct/2025:20:05:39 -0400] "GET /life-restore-health-cbd/ HTTP/1.1" 200 86690 "https://herintalk.com/life-restore-health-cbd" "Mozilla/5.0 AppleWebKit/537.36 (KHTML, like Gecko; compatible; ClaudeBot/1.0; [email protected])"
66.249.68.4 - - [18/Oct/2025:20:07:13 -0400] "GET /sitemap-9.xml HTTP/1.1" 404 60916 "-" "Mozilla/5.0 (compatible; Googlebot/2.1; +http://www.google.com/bot.html)"
199.188.200.41 - - [18/Oct/2025:20:07:26 -0400] "POST /xmlrpc.php HTTP/1.1" 200 401 "-" "Mozilla/5.0 (Windows NT 6.3; Win64; x64) AppleWebKit/537.36 (KHTML, like Gecko) Chrome/65.0.3325.146 Safari/537.36"
216.73.216.87 - - [18/Oct/2025:20:07:29 -0400] "GET /7-tips-applying-makeup-dry-skin/feed HTTP/1.1" 301 - "-" "Mozilla/5.0 AppleWebKit/537.36 (KHTML, like Gecko; compatible; ClaudeBot/1.0; [email protected])"
216.73.216.87 - - [18/Oct/2025:20:07:29 -0400] "GET /?p=2397 HTTP/1.1" 301 - "-" "Mozilla/5.0 AppleWebKit/537.36 (KHTML, like Gecko; compatible; ClaudeBot/1.0; [email protected])"
216.73.216.87 - - [18/Oct/2025:20:07:29 -0400] "GET /7-tips-applying-makeup-dry-skin/feed/ HTTP/1.1" 200 806 "https://herintalk.com/7-tips-applying-makeup-dry-skin/feed" "Mozilla/5.0 AppleWebKit/537.36 (KHTML, like Gecko; compatible; ClaudeBot/1.0; [email protected])"
216.73.216.87 - - [18/Oct/2025:20:07:30 -0400] "GET /7-tips-applying-makeup-dry-skin/ HTTP/1.1" 200 86551 "https://herintalk.com/?p=2397" "Mozilla/5.0 AppleWebKit/537.36 (KHTML, like Gecko; compatible; ClaudeBot/1.0; [email protected])"
37.24.161.119 - - [18/Oct/2025:20:08:40 -0400] "POST /xmlrpc.php HTTP/1.1" 200 401 "-" "Mozilla/5.0 (Windows NT 6.1; WOW64; Trident/7.0; AS; rv:11.0) like Gecko"
144.91.111.113 - - [18/Oct/2025:20:09:11 -0400] "GET /wp-login.php HTTP/1.1" 200 5973 "-" "Mozilla/5.0 (Windows NT 6.3; WOW64; Trident/7.0; Touch; MAARJS; rv:11.0) like Gecko"
144.91.111.113 - - [18/Oct/2025:20:09:11 -0400] "POST /wp-login.php HTTP/1.1" 200 6411 "https://herintalk.com/wp-login.php" "Mozilla/5.0 (Windows NT 6.3; WOW64; Trident/7.0; Touch; MAARJS; rv:11.0) like Gecko"
66.116.199.115 - - [18/Oct/2025:20:10:43 -0400] "GET /.well-known/acme-challenge/WRH3Q4C1FNI5AKO87E_ZPLS8ZOA4WMK6 HTTP/1.1" 200 64 "-" "Cpanel-HTTP-Client/1.0"
66.116.199.115 - - [18/Oct/2025:20:10:43 -0400] "GET /.well-known/acme-challenge/HBI12KD2_RLN06NCWDDD6T1K7QU4_R55 HTTP/1.1" 200 64 "-" "Cpanel-HTTP-Client/1.0"
216.73.216.87 - - [18/Oct/2025:20:15:34 -0400] "GET /easy-tips-make-eyebrows-shape-perfect/feed HTTP/1.1" 301 - "-" "Mozilla/5.0 AppleWebKit/537.36 (KHTML, like Gecko; compatible; ClaudeBot/1.0; [email protected])"
216.73.216.87 - - [18/Oct/2025:20:15:35 -0400] "GET /easy-tips-make-eyebrows-shape-perfect/feed/ HTTP/1.1" 200 826 "https://herintalk.com/easy-tips-make-eyebrows-shape-perfect/feed" "Mozilla/5.0 AppleWebKit/537.36 (KHTML, like Gecko; compatible; ClaudeBot/1.0; [email protected])"
216.73.216.87 - - [18/Oct/2025:20:16:14 -0400] "GET /natures-authentic-cbd-hemp-oil HTTP/1.1" 301 - "-" "Mozilla/5.0 AppleWebKit/537.36 (KHTML, like Gecko; compatible; ClaudeBot/1.0; [email protected])"
216.73.216.87 - - [18/Oct/2025:20:16:15 -0400] "GET /natures-authentic-cbd-hemp-oil/ HTTP/1.1" 200 86013 "https://herintalk.com/natures-authentic-cbd-hemp-oil" "Mozilla/5.0 AppleWebKit/537.36 (KHTML, like Gecko; compatible; ClaudeBot/1.0; [email protected])"
43.134.79.147 - - [18/Oct/2025:20:16:17 -0400] "GET /wp-content/uploads/2015/12/immunity.jpg HTTP/1.1" 200 38642 "http://herintalk.com/wp-content/uploads/2015/12/immunity.jpg" "Mozilla/5.0 (Windows NT 6.1; WOW64) AppleWebKit/537.36 (KHTML, like Gecko) Chrome/64.0.3282.119 Safari/537.36"
89.248.172.183 - - [18/Oct/2025:20:16:54 -0400] "POST /wp-json/tdw/save_css HTTP/1.1" 401 98 "-" "Mozilla/5.0 (Windows NT 10.0) AppleWebKit/537.36 (KHTML, like Gecko) Chrome/104.0.0.0 Safari/537.36"
5.78.127.100 - - [18/Oct/2025:20:17:17 -0400] "GET /wp-login.php HTTP/1.1" 200 5973 "-" "Mozilla/5.0 (Windows NT 6.3; Win64; x64; rv:61.0) Gecko/20100101 Firefox/61.0"
5.78.127.100 - - [18/Oct/2025:20:17:23 -0400] "POST /wp-login.php HTTP/1.1" 200 6411 "https://herintalk.com/wp-login.php" "Mozilla/5.0 (Windows NT 6.3; Win64; x64; rv:61.0) Gecko/20100101 Firefox/61.0"
14.248.80.79 - - [18/Oct/2025:20:17:41 -0400] "POST /xmlrpc.php HTTP/1.1" 200 401 "-" "Mozilla/5.0 (Windows NT 10.0; WOW64) AppleWebKit/537.36 (KHTML, like Gecko) Chrome/65.0.3325.181 Safari/537.36 OPR/52.0.2871.40"
66.116.199.115 - - [18/Oct/2025:20:20:39 -0400] "POST /wp-cron.php?doing_wp_cron=1760833239.0793259143829345703125 HTTP/1.1" 200 - "-" "WordPress/6.8.3; https://herintalk.com"
67.205.40.199 - - [18/Oct/2025:20:20:38 -0400] "GET /wp-login.php HTTP/1.1" 200 5973 "-" "Mozilla/4.0 (compatible; MSIE 7.0; Windows NT 6.2; Trident/7.0; .NET4.0E; .NET4.0C; .NET CLR 3.5.30729; .NET CLR 2.0.50727; .NET CLR 3.0.30729)"
67.205.40.199 - - [18/Oct/2025:20:20:39 -0400] "POST /wp-login.php HTTP/1.1" 200 6410 "https://herintalk.com/wp-login.php" "Mozilla/4.0 (compatible; MSIE 7.0; Windows NT 6.2; Trident/7.0; .NET4.0E; .NET4.0C; .NET CLR 3.5.30729; .NET CLR 2.0.50727; .NET CLR 3.0.30729)"
216.73.216.87 - - [18/Oct/2025:20:20:45 -0400] "GET /?p=2426 HTTP/1.1" 301 - "-" "Mozilla/5.0 AppleWebKit/537.36 (KHTML, like Gecko; compatible; ClaudeBot/1.0; [email protected])"
216.73.216.87 - - [18/Oct/2025:20:20:45 -0400] "GET /easy-tips-make-eyebrows-shape-perfect/ HTTP/1.1" 200 86595 "https://herintalk.com/?p=2426" "Mozilla/5.0 AppleWebKit/537.36 (KHTML, like Gecko; compatible; ClaudeBot/1.0; [email protected])"
185.194.216.152 - - [18/Oct/2025:20:21:28 -0400] "GET /wp-login.php HTTP/1.1" 200 5973 "-" "Mozilla/5.0 (Windows NT 6.1; WOW64; Trident/7.0; MATP; rv:11.0) like Gecko"
185.194.216.152 - - [18/Oct/2025:20:21:30 -0400] "POST /wp-login.php HTTP/1.1" 200 6411 "https://herintalk.com/wp-login.php" "Mozilla/5.0 (Windows NT 6.1; WOW64; Trident/7.0; MATP; rv:11.0) like Gecko"
103.90.233.75 - - [18/Oct/2025:20:24:21 -0400] "POST /xmlrpc.php HTTP/1.1" 200 401 "-" "Mozilla/5.0 (Windows NT 10.0; WOW64; Trident/7.0; yie9; rv:11.0) like Gecko"
69.49.112.73 - - [18/Oct/2025:20:26:42 -0400] "GET /wp-login.php HTTP/1.1" 200 5973 "-" "Mozilla/5.0 (Windows NT 6.3; Win64; x64) AppleWebKit/537.36 (KHTML, like Gecko) Chrome/65.0.3325.181 Safari/537.36 OPR/52.0.2871.99"
69.49.112.73 - - [18/Oct/2025:20:26:43 -0400] "POST /wp-login.php HTTP/1.1" 200 6411 "https://herintalk.com/wp-login.php" "Mozilla/5.0 (Windows NT 6.3; Win64; x64) AppleWebKit/537.36 (KHTML, like Gecko) Chrome/65.0.3325.181 Safari/537.36 OPR/52.0.2871.99"
185.192.96.207 - - [18/Oct/2025:20:27:31 -0400] "GET /wp-login.php HTTP/1.1" 200 5973 "-" "Mozilla/5.0 (Macintosh; Intel Mac OS X 10_13_4) AppleWebKit/537.36 (KHTML, like Gecko) Chrome/66.0.3359.139 Safari/537.36"
185.192.96.207 - - [18/Oct/2025:20:27:32 -0400] "POST /wp-login.php HTTP/1.1" 200 6410 "https://herintalk.com/wp-login.php" "Mozilla/5.0 (Macintosh; Intel Mac OS X 10_13_4) AppleWebKit/537.36 (KHTML, like Gecko) Chrome/66.0.3359.139 Safari/537.36"
58.84.41.136 - - [18/Oct/2025:20:31:16 -0400] "POST /xmlrpc.php HTTP/1.1" 200 401 "-" "Mozilla/5.0 (Macintosh; Intel Mac OS X 10_12_6) AppleWebKit/537.36 (KHTML, like Gecko) Chrome/67.0.3396.79 Safari/537.36"
216.73.216.87 - - [18/Oct/2025:20:34:58 -0400] "GET /hair-celebrities-hair-transformation/7 HTTP/1.1" 301 - "-" "Mozilla/5.0 AppleWebKit/537.36 (KHTML, like Gecko; compatible; ClaudeBot/1.0; [email protected])"
216.73.216.87 - - [18/Oct/2025:20:34:59 -0400] "GET /hair-celebrities-hair-transformation/7/ HTTP/1.1" 200 83635 "https://herintalk.com/hair-celebrities-hair-transformation/7" "Mozilla/5.0 AppleWebKit/537.36 (KHTML, like Gecko; compatible; ClaudeBot/1.0; [email protected])"
114.119.146.7 - - [18/Oct/2025:20:36:10 -0400] "GET /robots.txt HTTP/1.1" 301 - "-" "Mozilla/5.0 (compatible;PetalBot;+https://webmaster.petalsearch.com/site/petalbot)"
114.119.146.7 - - [18/Oct/2025:20:36:11 -0400] "GET /robots.txt HTTP/1.1" 200 114 "-" "Mozilla/5.0 (compatible;PetalBot;+https://webmaster.petalsearch.com/site/petalbot)"
114.119.150.196 - - [18/Oct/2025:20:37:23 -0400] "GET /beauty/page/12/?filter_by=popular HTTP/1.1" 301 - "https://herintalk.com/beauty/page/13?filter_by=popular" "Mozilla/5.0 (Linux; Android 7.0;) AppleWebKit/537.36 (KHTML, like Gecko) Mobile Safari/537.36 (compatible; PetalBot;+https://webmaster.petalsearch.com/site/petalbot)"
178.254.20.58 - - [18/Oct/2025:20:37:23 -0400] "POST /xmlrpc.php HTTP/1.1" 200 401 "-" "Mozilla/5.0 (Windows NT 6.3; Win64; x64) AppleWebKit/537.36 (KHTML, like Gecko) Chrome/58.0.3029.110 Safari/537.36 Edge/16.16299"
114.119.150.196 - - [18/Oct/2025:20:37:24 -0400] "GET /beauty-benefits-of-milk/?filter_by=popular HTTP/1.1" 200 56226 "https://herintalk.com/beauty/page/13?filter_by=popular" "Mozilla/5.0 (Linux; Android 7.0;) AppleWebKit/537.36 (KHTML, like Gecko) Mobile Safari/537.36 (compatible; PetalBot;+https://webmaster.petalsearch.com/site/petalbot)"
114.119.157.214 - - [18/Oct/2025:20:38:08 -0400] "GET /luxx-ceramides/ HTTP/1.1" 200 59619 "https://herintalk.com/luxx-ceramides/" "Mozilla/5.0 (Linux; Android 7.0;) AppleWebKit/537.36 (KHTML, like Gecko) Mobile Safari/537.36 (compatible; PetalBot;+https://webmaster.petalsearch.com/site/petalbot)"
201.131.183.253 - - [18/Oct/2025:20:38:18 -0400] "GET /wp-login.php HTTP/1.1" 200 5973 "-" "Mozilla/4.0 (compatible; MSIE 7.0; Windows NT 6.2; WOW64; Trident/7.0; .NET4.0E; .NET4.0C)"
201.131.183.253 - - [18/Oct/2025:20:38:20 -0400] "POST /wp-login.php HTTP/1.1" 200 6410 "https://herintalk.com/wp-login.php" "Mozilla/4.0 (compatible; MSIE 7.0; Windows NT 6.2; WOW64; Trident/7.0; .NET4.0E; .NET4.0C)"
