20.171.207.109 - - [18/Oct/2025:11:12:21 -0400] "GET /wp-content/plugins/td-composer/td-multi-purpose/images/panel/menu/?C=M;O=A HTTP/1.1" 200 1336 "-" "Mozilla/5.0 AppleWebKit/537.36 (KHTML, like Gecko; compatible; GPTBot/1.2; +https://openai.com/gptbot)"
20.171.207.109 - - [18/Oct/2025:11:12:22 -0400] "GET /wp-content/plugins/td-composer/assets/images/placeholders/?C=M;O=D HTTP/1.1" 200 2567 "-" "Mozilla/5.0 AppleWebKit/537.36 (KHTML, like Gecko; compatible; GPTBot/1.2; +https://openai.com/gptbot)"
20.171.207.109 - - [18/Oct/2025:11:12:23 -0400] "GET /wp-content/plugins/td-composer/td-multi-purpose/images/panel/menu/?C=N;O=D HTTP/1.1" 200 1336 "-" "Mozilla/5.0 AppleWebKit/537.36 (KHTML, like Gecko; compatible; GPTBot/1.2; +https://openai.com/gptbot)"
20.171.207.109 - - [18/Oct/2025:11:12:24 -0400] "GET /wp-content/plugins/td-composer/td-multi-purpose/images/panel/menu/?C=S;O=A HTTP/1.1" 200 1336 "-" "Mozilla/5.0 AppleWebKit/537.36 (KHTML, like Gecko; compatible; GPTBot/1.2; +https://openai.com/gptbot)"
20.171.207.109 - - [18/Oct/2025:11:12:25 -0400] "GET /wp-content/plugins/td-composer/td-multi-purpose/images/panel/menu/?C=D;O=A HTTP/1.1" 200 1336 "-" "Mozilla/5.0 AppleWebKit/537.36 (KHTML, like Gecko; compatible; GPTBot/1.2; +https://openai.com/gptbot)"
20.171.207.109 - - [18/Oct/2025:11:12:26 -0400] "GET /wp-content/plugins/td-composer/td-multi-purpose/td-multi-purpose.php HTTP/1.1" 500 - "-" "Mozilla/5.0 AppleWebKit/537.36 (KHTML, like Gecko; compatible; GPTBot/1.2; +https://openai.com/gptbot)"
216.73.216.87 - - [18/Oct/2025:11:12:27 -0400] "GET /know-your-woman-how-to-give-pussy-massage/2 HTTP/1.1" 301 - "-" "Mozilla/5.0 AppleWebKit/537.36 (KHTML, like Gecko; compatible; ClaudeBot/1.0; [email protected])"
20.171.207.109 - - [18/Oct/2025:11:12:28 -0400] "GET /wp-content/plugins/td-composer/td-multi-purpose/?C=S;O=D HTTP/1.1" 200 3032 "-" "Mozilla/5.0 AppleWebKit/537.36 (KHTML, like Gecko; compatible; GPTBot/1.2; +https://openai.com/gptbot)"
216.73.216.87 - - [18/Oct/2025:11:12:28 -0400] "GET /know-your-woman-how-to-give-pussy-massage/2/ HTTP/1.1" 200 83602 "https://herintalk.com/know-your-woman-how-to-give-pussy-massage/2" "Mozilla/5.0 AppleWebKit/537.36 (KHTML, like Gecko; compatible; ClaudeBot/1.0; [email protected])"
20.171.207.109 - - [18/Oct/2025:11:12:31 -0400] "GET /wp-content/plugins/td-composer/td-multi-purpose/?C=D;O=D HTTP/1.1" 200 3032 "-" "Mozilla/5.0 AppleWebKit/537.36 (KHTML, like Gecko; compatible; GPTBot/1.2; +https://openai.com/gptbot)"
20.171.207.109 - - [18/Oct/2025:11:12:34 -0400] "GET /wp-content/plugins/td-composer/td-multi-purpose/?C=N;O=A HTTP/1.1" 200 3032 "-" "Mozilla/5.0 AppleWebKit/537.36 (KHTML, like Gecko; compatible; GPTBot/1.2; +https://openai.com/gptbot)"
20.171.207.109 - - [18/Oct/2025:11:12:37 -0400] "GET /wp-content/plugins/td-composer/td-multi-purpose/?C=M;O=D HTTP/1.1" 200 3032 "-" "Mozilla/5.0 AppleWebKit/537.36 (KHTML, like Gecko; compatible; GPTBot/1.2; +https://openai.com/gptbot)"
20.171.207.109 - - [18/Oct/2025:11:12:39 -0400] "GET /wp-content/plugins/td-composer/assets/fonts/typicons/?C=S;O=A HTTP/1.1" 200 1639 "-" "Mozilla/5.0 AppleWebKit/537.36 (KHTML, like Gecko; compatible; GPTBot/1.2; +https://openai.com/gptbot)"
20.171.207.109 - - [18/Oct/2025:11:12:42 -0400] "GET /wp-content/plugins/td-composer/td-multi-purpose/images/panel/menu/?C=N;O=A HTTP/1.1" 200 1336 "-" "Mozilla/5.0 AppleWebKit/537.36 (KHTML, like Gecko; compatible; GPTBot/1.2; +https://openai.com/gptbot)"
20.171.207.109 - - [18/Oct/2025:11:12:44 -0400] "GET /wp-content/plugins/td-composer/td-multi-purpose/images/panel/menu/?C=M;O=D HTTP/1.1" 200 1336 "-" "Mozilla/5.0 AppleWebKit/537.36 (KHTML, like Gecko; compatible; GPTBot/1.2; +https://openai.com/gptbot)"
20.171.207.109 - - [18/Oct/2025:11:12:45 -0400] "GET /wp-content/plugins/td-composer/td-multi-purpose/images/panel/menu/?C=S;O=D HTTP/1.1" 200 1336 "-" "Mozilla/5.0 AppleWebKit/537.36 (KHTML, like Gecko; compatible; GPTBot/1.2; +https://openai.com/gptbot)"
20.171.207.109 - - [18/Oct/2025:11:12:47 -0400] "GET /wp-content/plugins/td-composer/assets/fonts/typicons/?C=N;O=D HTTP/1.1" 200 1639 "-" "Mozilla/5.0 AppleWebKit/537.36 (KHTML, like Gecko; compatible; GPTBot/1.2; +https://openai.com/gptbot)"
20.171.207.109 - - [18/Oct/2025:11:12:49 -0400] "GET /wp-content/plugins/td-composer/assets/fonts/typicons/?C=D;O=A HTTP/1.1" 200 1639 "-" "Mozilla/5.0 AppleWebKit/537.36 (KHTML, like Gecko; compatible; GPTBot/1.2; +https://openai.com/gptbot)"
20.171.207.109 - - [18/Oct/2025:11:12:50 -0400] "GET /wp-content/plugins/td-composer/assets/images/sidebar/?C=D;O=A HTTP/1.1" 200 3172 "-" "Mozilla/5.0 AppleWebKit/537.36 (KHTML, like Gecko; compatible; GPTBot/1.2; +https://openai.com/gptbot)"
20.171.207.109 - - [18/Oct/2025:11:12:51 -0400] "GET /wp-content/plugins/td-composer/assets/fonts/typicons/?C=N;O=A HTTP/1.1" 200 1639 "-" "Mozilla/5.0 AppleWebKit/537.36 (KHTML, like Gecko; compatible; GPTBot/1.2; +https://openai.com/gptbot)"
20.171.207.109 - - [18/Oct/2025:11:12:52 -0400] "GET /wp-content/plugins/td-composer/assets/images/sidebar/?C=M;O=A HTTP/1.1" 200 3172 "-" "Mozilla/5.0 AppleWebKit/537.36 (KHTML, like Gecko; compatible; GPTBot/1.2; +https://openai.com/gptbot)"
20.171.207.109 - - [18/Oct/2025:11:12:54 -0400] "GET /wp-content/plugins/td-composer/assets/fonts/typicons/?C=S;O=D HTTP/1.1" 200 1639 "-" "Mozilla/5.0 AppleWebKit/537.36 (KHTML, like Gecko; compatible; GPTBot/1.2; +https://openai.com/gptbot)"
20.171.207.109 - - [18/Oct/2025:11:12:55 -0400] "GET /wp-content/plugins/td-composer/assets/images/sidebar/?C=S;O=A HTTP/1.1" 200 3172 "-" "Mozilla/5.0 AppleWebKit/537.36 (KHTML, like Gecko; compatible; GPTBot/1.2; +https://openai.com/gptbot)"
20.171.207.109 - - [18/Oct/2025:11:12:56 -0400] "GET /wp-content/plugins/td-composer/assets/images/sidebar/website_interface/?C=D;O=D HTTP/1.1" 200 966 "-" "Mozilla/5.0 AppleWebKit/537.36 (KHTML, like Gecko; compatible; GPTBot/1.2; +https://openai.com/gptbot)"
20.171.207.109 - - [18/Oct/2025:11:12:57 -0400] "GET /wp-content/plugins/td-composer/assets/images/flags/?C=S;O=A HTTP/1.1" 200 1092 "-" "Mozilla/5.0 AppleWebKit/537.36 (KHTML, like Gecko; compatible; GPTBot/1.2; +https://openai.com/gptbot)"
20.171.207.109 - - [18/Oct/2025:11:12:58 -0400] "GET /wp-content/plugins/td-composer/td-multi-purpose/images/panel/menu/?C=D;O=D HTTP/1.1" 200 1336 "-" "Mozilla/5.0 AppleWebKit/537.36 (KHTML, like Gecko; compatible; GPTBot/1.2; +https://openai.com/gptbot)"
20.171.207.109 - - [18/Oct/2025:11:12:59 -0400] "GET /wp-content/plugins/td-composer/assets/fonts/typicons/?C=D;O=D HTTP/1.1" 200 1639 "-" "Mozilla/5.0 AppleWebKit/537.36 (KHTML, like Gecko; compatible; GPTBot/1.2; +https://openai.com/gptbot)"
20.171.207.109 - - [18/Oct/2025:11:13:01 -0400] "GET /wp-content/plugins/td-composer/assets/images/sidebar/?C=D;O=D HTTP/1.1" 200 3172 "-" "Mozilla/5.0 AppleWebKit/537.36 (KHTML, like Gecko; compatible; GPTBot/1.2; +https://openai.com/gptbot)"
20.171.207.109 - - [18/Oct/2025:11:13:02 -0400] "GET /wp-content/plugins/td-composer/assets/images/sidebar/?C=N;O=A HTTP/1.1" 200 3172 "-" "Mozilla/5.0 AppleWebKit/537.36 (KHTML, like Gecko; compatible; GPTBot/1.2; +https://openai.com/gptbot)"
20.171.207.109 - - [18/Oct/2025:11:13:03 -0400] "GET /wp-content/plugins/td-composer/assets/images/sidebar/?C=M;O=D HTTP/1.1" 200 3172 "-" "Mozilla/5.0 AppleWebKit/537.36 (KHTML, like Gecko; compatible; GPTBot/1.2; +https://openai.com/gptbot)"
20.171.207.109 - - [18/Oct/2025:11:13:04 -0400] "GET /wp-content/plugins/td-composer/assets/fonts/typicons/?C=M;O=A HTTP/1.1" 200 1639 "-" "Mozilla/5.0 AppleWebKit/537.36 (KHTML, like Gecko; compatible; GPTBot/1.2; +https://openai.com/gptbot)"
20.171.207.109 - - [18/Oct/2025:11:13:05 -0400] "GET /wp-content/plugins/td-composer/assets/images/sidebar/?C=S;O=D HTTP/1.1" 200 3172 "-" "Mozilla/5.0 AppleWebKit/537.36 (KHTML, like Gecko; compatible; GPTBot/1.2; +https://openai.com/gptbot)"
20.171.207.109 - - [18/Oct/2025:11:13:06 -0400] "GET /wp-content/plugins/td-composer/assets/images/flags/?C=M;O=A HTTP/1.1" 200 1092 "-" "Mozilla/5.0 AppleWebKit/537.36 (KHTML, like Gecko; compatible; GPTBot/1.2; +https://openai.com/gptbot)"
20.171.207.109 - - [18/Oct/2025:11:13:08 -0400] "GET /wp-content/plugins/td-composer/assets/images/flags/?C=D;O=A HTTP/1.1" 200 1092 "-" "Mozilla/5.0 AppleWebKit/537.36 (KHTML, like Gecko; compatible; GPTBot/1.2; +https://openai.com/gptbot)"
20.171.207.109 - - [18/Oct/2025:11:13:09 -0400] "GET /wp-content/plugins/td-composer/assets/images/flags/?C=S;O=D HTTP/1.1" 200 1092 "-" "Mozilla/5.0 AppleWebKit/537.36 (KHTML, like Gecko; compatible; GPTBot/1.2; +https://openai.com/gptbot)"
20.171.207.109 - - [18/Oct/2025:11:13:10 -0400] "GET /wp-content/plugins/td-composer/assets/images/flags/?C=N;O=D HTTP/1.1" 200 1092 "-" "Mozilla/5.0 AppleWebKit/537.36 (KHTML, like Gecko; compatible; GPTBot/1.2; +https://openai.com/gptbot)"
20.171.207.109 - - [18/Oct/2025:11:13:11 -0400] "GET /wp-content/plugins/td-composer/assets/images/flags/?C=N;O=A HTTP/1.1" 200 1092 "-" "Mozilla/5.0 AppleWebKit/537.36 (KHTML, like Gecko; compatible; GPTBot/1.2; +https://openai.com/gptbot)"
20.171.207.109 - - [18/Oct/2025:11:13:12 -0400] "GET /wp-content/plugins/td-composer/legacy/common/wp_booster/wp-admin/?C=N;O=A HTTP/1.1" 200 2181 "-" "Mozilla/5.0 AppleWebKit/537.36 (KHTML, like Gecko; compatible; GPTBot/1.2; +https://openai.com/gptbot)"
20.171.207.109 - - [18/Oct/2025:11:13:13 -0400] "GET /wp-content/plugins/td-composer/legacy/common/wp_booster/wp-admin/?C=D;O=A HTTP/1.1" 200 2181 "-" "Mozilla/5.0 AppleWebKit/537.36 (KHTML, like Gecko; compatible; GPTBot/1.2; +https://openai.com/gptbot)"
20.171.207.109 - - [18/Oct/2025:11:13:14 -0400] "GET /wp-content/plugins/td-composer/assets/fonts/typicons/?C=M;O=D HTTP/1.1" 200 1639 "-" "Mozilla/5.0 AppleWebKit/537.36 (KHTML, like Gecko; compatible; GPTBot/1.2; +https://openai.com/gptbot)"
20.171.207.109 - - [18/Oct/2025:11:13:15 -0400] "GET /wp-content/plugins/td-composer/legacy/common/wp_booster/wp-admin/?C=M;O=A HTTP/1.1" 200 2181 "-" "Mozilla/5.0 AppleWebKit/537.36 (KHTML, like Gecko; compatible; GPTBot/1.2; +https://openai.com/gptbot)"
20.171.207.109 - - [18/Oct/2025:11:13:17 -0400] "GET /wp-content/plugins/td-composer/legacy/common/wp_booster/wp-admin/panel/views/ajax_boxes/?C=D;O=A HTTP/1.1" 200 1974 "-" "Mozilla/5.0 AppleWebKit/537.36 (KHTML, like Gecko; compatible; GPTBot/1.2; +https://openai.com/gptbot)"
20.171.207.109 - - [18/Oct/2025:11:13:18 -0400] "GET /wp-content/plugins/td-composer/assets/images/flags/?C=M;O=D HTTP/1.1" 200 1092 "-" "Mozilla/5.0 AppleWebKit/537.36 (KHTML, like Gecko; compatible; GPTBot/1.2; +https://openai.com/gptbot)"
14.248.80.79 - - [18/Oct/2025:11:13:18 -0400] "POST /xmlrpc.php HTTP/1.1" 200 401 "-" "Mozilla/5.0 (Macintosh; Intel Mac OS X 10_11_6) AppleWebKit/602.3.12 (KHTML, like Gecko) Version/10.0.2 Safari/602.3.12"
20.171.207.109 - - [18/Oct/2025:11:13:19 -0400] "GET /wp-content/plugins/td-composer/assets/images/flags/?C=D;O=D HTTP/1.1" 200 1092 "-" "Mozilla/5.0 AppleWebKit/537.36 (KHTML, like Gecko; compatible; GPTBot/1.2; +https://openai.com/gptbot)"
20.171.207.109 - - [18/Oct/2025:11:13:20 -0400] "GET /wp-content/plugins/td-composer/assets/images/sidebar/?C=N;O=D HTTP/1.1" 200 3172 "-" "Mozilla/5.0 AppleWebKit/537.36 (KHTML, like Gecko; compatible; GPTBot/1.2; +https://openai.com/gptbot)"
20.171.207.109 - - [18/Oct/2025:11:13:21 -0400] "GET /wp-content/plugins/td-composer/legacy/common/wp_booster/wp-admin/panel/views/ajax_boxes/?C=S;O=A HTTP/1.1" 200 1974 "-" "Mozilla/5.0 AppleWebKit/537.36 (KHTML, like Gecko; compatible; GPTBot/1.2; +https://openai.com/gptbot)"
20.171.207.109 - - [18/Oct/2025:11:13:23 -0400] "GET /wp-content/plugins/td-composer/legacy/common/wp_booster/wp-admin/panel/views/ajax_boxes/?C=M;O=A HTTP/1.1" 200 1974 "-" "Mozilla/5.0 AppleWebKit/537.36 (KHTML, like Gecko; compatible; GPTBot/1.2; +https://openai.com/gptbot)"
20.171.207.109 - - [18/Oct/2025:11:13:24 -0400] "GET /wp-content/plugins/td-composer/legacy/common/wp_booster/wp-admin/images/panel/panel-icons/?C=S;O=A HTTP/1.1" 200 5405 "-" "Mozilla/5.0 AppleWebKit/537.36 (KHTML, like Gecko; compatible; GPTBot/1.2; +https://openai.com/gptbot)"
20.171.207.109 - - [18/Oct/2025:11:13:25 -0400] "GET /wp-content/plugins/td-composer/legacy/common/wp_booster/wp-admin/panel/views/ajax_boxes/?C=N;O=D HTTP/1.1" 200 1974 "-" "Mozilla/5.0 AppleWebKit/537.36 (KHTML, like Gecko; compatible; GPTBot/1.2; +https://openai.com/gptbot)"
20.171.207.109 - - [18/Oct/2025:11:13:26 -0400] "GET /wp-content/plugins/td-composer/legacy/common/wp_booster/wp-admin/?C=D;O=D HTTP/1.1" 200 2181 "-" "Mozilla/5.0 AppleWebKit/537.36 (KHTML, like Gecko; compatible; GPTBot/1.2; +https://openai.com/gptbot)"
20.171.207.109 - - [18/Oct/2025:11:13:27 -0400] "GET /wp-content/plugins/td-composer/legacy/common/wp_booster/wp-admin/?C=M;O=D HTTP/1.1" 200 2181 "-" "Mozilla/5.0 AppleWebKit/537.36 (KHTML, like Gecko; compatible; GPTBot/1.2; +https://openai.com/gptbot)"
20.171.207.109 - - [18/Oct/2025:11:13:28 -0400] "GET /wp-content/plugins/td-composer/legacy/common/wp_booster/wp-admin/panel/views/ajax_boxes/?C=N;O=A HTTP/1.1" 200 1974 "-" "Mozilla/5.0 AppleWebKit/537.36 (KHTML, like Gecko; compatible; GPTBot/1.2; +https://openai.com/gptbot)"
20.171.207.109 - - [18/Oct/2025:11:13:30 -0400] "GET /wp-content/plugins/td-composer/legacy/common/wp_booster/wp-admin/panel/views/ajax_boxes/?C=D;O=D HTTP/1.1" 200 1974 "-" "Mozilla/5.0 AppleWebKit/537.36 (KHTML, like Gecko; compatible; GPTBot/1.2; +https://openai.com/gptbot)"
20.171.207.109 - - [18/Oct/2025:11:13:31 -0400] "GET /wp-content/plugins/td-composer/legacy/common/wp_booster/wp-admin/images/panel/panel-icons/?C=N;O=D HTTP/1.1" 200 5405 "-" "Mozilla/5.0 AppleWebKit/537.36 (KHTML, like Gecko; compatible; GPTBot/1.2; +https://openai.com/gptbot)"
20.171.207.109 - - [18/Oct/2025:11:13:32 -0400] "GET /wp-content/plugins/td-composer/legacy/common/wp_booster/wp-admin/images/panel/panel-icons/?C=M;O=A HTTP/1.1" 200 5405 "-" "Mozilla/5.0 AppleWebKit/537.36 (KHTML, like Gecko; compatible; GPTBot/1.2; +https://openai.com/gptbot)"
20.171.207.109 - - [18/Oct/2025:11:13:33 -0400] "GET /wp-content/plugins/td-composer/legacy/common/wp_booster/wp-admin/images/panel/panel-icons/?C=D;O=A HTTP/1.1" 200 5405 "-" "Mozilla/5.0 AppleWebKit/537.36 (KHTML, like Gecko; compatible; GPTBot/1.2; +https://openai.com/gptbot)"
20.171.207.109 - - [18/Oct/2025:11:13:34 -0400] "GET /wp-content/plugins/td-composer/legacy/common/wp_booster/wp-admin/panel/views/ajax_boxes/?C=S;O=D HTTP/1.1" 200 1974 "-" "Mozilla/5.0 AppleWebKit/537.36 (KHTML, like Gecko; compatible; GPTBot/1.2; +https://openai.com/gptbot)"
20.171.207.109 - - [18/Oct/2025:11:13:36 -0400] "GET /wp-content/plugins/td-composer/legacy/common/wp_booster/wp-admin/panel/views/ajax_boxes/?C=M;O=D HTTP/1.1" 200 1974 "-" "Mozilla/5.0 AppleWebKit/537.36 (KHTML, like Gecko; compatible; GPTBot/1.2; +https://openai.com/gptbot)"
20.171.207.109 - - [18/Oct/2025:11:13:37 -0400] "GET /wp-content/plugins/td-composer/legacy/common/wp_booster/wp-admin/images/panel/panel-icons/?C=N;O=A HTTP/1.1" 200 5405 "-" "Mozilla/5.0 AppleWebKit/537.36 (KHTML, like Gecko; compatible; GPTBot/1.2; +https://openai.com/gptbot)"
20.171.207.109 - - [18/Oct/2025:11:13:38 -0400] "GET /wp-content/plugins/td-composer/assets/js/?C=N;O=D HTTP/1.1" 200 2741 "-" "Mozilla/5.0 AppleWebKit/537.36 (KHTML, like Gecko; compatible; GPTBot/1.2; +https://openai.com/gptbot)"
20.171.207.109 - - [18/Oct/2025:11:13:39 -0400] "GET /wp-content/plugins/td-composer/assets/js/?C=D;O=A HTTP/1.1" 200 2741 "-" "Mozilla/5.0 AppleWebKit/537.36 (KHTML, like Gecko; compatible; GPTBot/1.2; +https://openai.com/gptbot)"
20.171.207.109 - - [18/Oct/2025:11:13:40 -0400] "GET /wp-content/plugins/td-composer/assets/js/?C=S;O=A HTTP/1.1" 200 2741 "-" "Mozilla/5.0 AppleWebKit/537.36 (KHTML, like Gecko; compatible; GPTBot/1.2; +https://openai.com/gptbot)"
20.171.207.109 - - [18/Oct/2025:11:13:41 -0400] "GET /wp-content/plugins/td-composer/legacy/common/wp_booster/wp-admin/images/panel/panel-icons/?C=S;O=D HTTP/1.1" 200 5405 "-" "Mozilla/5.0 AppleWebKit/537.36 (KHTML, like Gecko; compatible; GPTBot/1.2; +https://openai.com/gptbot)"
20.171.207.109 - - [18/Oct/2025:11:13:42 -0400] "GET /wp-content/plugins/td-composer/assets/js/?C=M;O=A HTTP/1.1" 200 2741 "-" "Mozilla/5.0 AppleWebKit/537.36 (KHTML, like Gecko; compatible; GPTBot/1.2; +https://openai.com/gptbot)"
20.171.207.109 - - [18/Oct/2025:11:13:44 -0400] "GET /wp-content/plugins/td-composer/legacy/common/wp_booster/wp-admin/images/panel/panel-icons/?C=M;O=D HTTP/1.1" 200 5405 "-" "Mozilla/5.0 AppleWebKit/537.36 (KHTML, like Gecko; compatible; GPTBot/1.2; +https://openai.com/gptbot)"
20.171.207.109 - - [18/Oct/2025:11:13:45 -0400] "GET /wp-content/plugins/td-composer/td-multi-purpose/css/ HTTP/1.1" 200 1288 "-" "Mozilla/5.0 AppleWebKit/537.36 (KHTML, like Gecko; compatible; GPTBot/1.2; +https://openai.com/gptbot)"
20.171.207.109 - - [18/Oct/2025:11:13:46 -0400] "GET /wp-content/plugins/td-composer/legacy/common/wp_booster/wp-admin/images/panel/panel-wrap/?C=D;O=A HTTP/1.1" 200 3117 "-" "Mozilla/5.0 AppleWebKit/537.36 (KHTML, like Gecko; compatible; GPTBot/1.2; +https://openai.com/gptbot)"
20.171.207.109 - - [18/Oct/2025:11:13:47 -0400] "GET /wp-content/plugins/td-composer/legacy/common/wp_booster/wp-admin/images/panel/panel-wrap/?C=M;O=A HTTP/1.1" 200 3117 "-" "Mozilla/5.0 AppleWebKit/537.36 (KHTML, like Gecko; compatible; GPTBot/1.2; +https://openai.com/gptbot)"
20.171.207.109 - - [18/Oct/2025:11:13:48 -0400] "GET /wp-content/plugins/td-composer/legacy/common/wp_booster/wp-admin/images/panel/panel-wrap/?C=S;O=A HTTP/1.1" 200 3117 "-" "Mozilla/5.0 AppleWebKit/537.36 (KHTML, like Gecko; compatible; GPTBot/1.2; +https://openai.com/gptbot)"
20.171.207.109 - - [18/Oct/2025:11:13:49 -0400] "GET /wp-content/plugins/td-composer/assets/js/?C=D;O=D HTTP/1.1" 200 2741 "-" "Mozilla/5.0 AppleWebKit/537.36 (KHTML, like Gecko; compatible; GPTBot/1.2; +https://openai.com/gptbot)"
20.171.207.109 - - [18/Oct/2025:11:13:50 -0400] "GET /wp-content/plugins/td-composer/assets/js/?C=S;O=D HTTP/1.1" 200 2741 "-" "Mozilla/5.0 AppleWebKit/537.36 (KHTML, like Gecko; compatible; GPTBot/1.2; +https://openai.com/gptbot)"
20.171.207.109 - - [18/Oct/2025:11:13:52 -0400] "GET /wp-content/plugins/td-composer/legacy/common/wp_booster/wp-admin/images/panel/bg/?C=S;O=A HTTP/1.1" 200 1179 "-" "Mozilla/5.0 AppleWebKit/537.36 (KHTML, like Gecko; compatible; GPTBot/1.2; +https://openai.com/gptbot)"
20.171.207.109 - - [18/Oct/2025:11:13:53 -0400] "GET /wp-content/plugins/td-composer/legacy/common/wp_booster/wp-admin/images/panel/panel-wrap/?C=N;O=D HTTP/1.1" 200 3117 "-" "Mozilla/5.0 AppleWebKit/537.36 (KHTML, like Gecko; compatible; GPTBot/1.2; +https://openai.com/gptbot)"
20.171.207.109 - - [18/Oct/2025:11:13:54 -0400] "GET /wp-content/plugins/td-composer/assets/js/?C=N;O=A HTTP/1.1" 200 2741 "-" "Mozilla/5.0 AppleWebKit/537.36 (KHTML, like Gecko; compatible; GPTBot/1.2; +https://openai.com/gptbot)"
20.171.207.109 - - [18/Oct/2025:11:13:55 -0400] "GET /wp-content/plugins/td-composer/assets/js/?C=M;O=D HTTP/1.1" 200 2741 "-" "Mozilla/5.0 AppleWebKit/537.36 (KHTML, like Gecko; compatible; GPTBot/1.2; +https://openai.com/gptbot)"
20.171.207.109 - - [18/Oct/2025:11:13:56 -0400] "GET /wp-content/plugins/td-composer/legacy/common/wp_booster/wp-admin/images/panel/bg/?C=D;O=A HTTP/1.1" 200 1179 "-" "Mozilla/5.0 AppleWebKit/537.36 (KHTML, like Gecko; compatible; GPTBot/1.2; +https://openai.com/gptbot)"
20.171.207.109 - - [18/Oct/2025:11:13:57 -0400] "GET /wp-content/plugins/td-composer/legacy/common/wp_booster/wp-admin/images/panel/panel-wrap/?C=M;O=D HTTP/1.1" 200 3117 "-" "Mozilla/5.0 AppleWebKit/537.36 (KHTML, like Gecko; compatible; GPTBot/1.2; +https://openai.com/gptbot)"
20.171.207.109 - - [18/Oct/2025:11:13:59 -0400] "GET /wp-content/plugins/td-composer/legacy/common/wp_booster/wp-admin/images/panel/panel-wrap/?C=S;O=D HTTP/1.1" 200 3117 "-" "Mozilla/5.0 AppleWebKit/537.36 (KHTML, like Gecko; compatible; GPTBot/1.2; +https://openai.com/gptbot)"
20.171.207.109 - - [18/Oct/2025:11:14:00 -0400] "GET /wp-content/plugins/td-composer/legacy/common/wp_booster/wp-admin/images/panel/panel-wrap/?C=N;O=A HTTP/1.1" 200 3117 "-" "Mozilla/5.0 AppleWebKit/537.36 (KHTML, like Gecko; compatible; GPTBot/1.2; +https://openai.com/gptbot)"
20.171.207.109 - - [18/Oct/2025:11:14:01 -0400] "GET /wp-content/plugins/td-composer/legacy/common/wp_booster/wp-admin/images/panel/panel-wrap/?C=D;O=D HTTP/1.1" 200 3117 "-" "Mozilla/5.0 AppleWebKit/537.36 (KHTML, like Gecko; compatible; GPTBot/1.2; +https://openai.com/gptbot)"
20.171.207.109 - - [18/Oct/2025:11:14:02 -0400] "GET /wp-content/plugins/td-composer/legacy/common/wp_booster/wp-admin/images/panel/bg/?C=N;O=D HTTP/1.1" 200 1179 "-" "Mozilla/5.0 AppleWebKit/537.36 (KHTML, like Gecko; compatible; GPTBot/1.2; +https://openai.com/gptbot)"
20.171.207.109 - - [18/Oct/2025:11:14:03 -0400] "GET /wp-content/plugins/td-composer/legacy/common/wp_booster/wp-admin/images/panel/bg/?C=S;O=D HTTP/1.1" 200 1179 "-" "Mozilla/5.0 AppleWebKit/537.36 (KHTML, like Gecko; compatible; GPTBot/1.2; +https://openai.com/gptbot)"
20.171.207.109 - - [18/Oct/2025:11:14:04 -0400] "GET /wp-content/plugins/td-composer/legacy/common/wp_booster/wp-admin/images/panel/bg/?C=N;O=A HTTP/1.1" 200 1179 "-" "Mozilla/5.0 AppleWebKit/537.36 (KHTML, like Gecko; compatible; GPTBot/1.2; +https://openai.com/gptbot)"
20.171.207.109 - - [18/Oct/2025:11:14:05 -0400] "GET /wp-content/plugins/td-composer/legacy/common/wp_booster/wp-admin/panel/views/ajax_boxes/td_panel_categories/?C=S;O=A HTTP/1.1" 200 1096 "-" "Mozilla/5.0 AppleWebKit/537.36 (KHTML, like Gecko; compatible; GPTBot/1.2; +https://openai.com/gptbot)"
20.171.207.109 - - [18/Oct/2025:11:14:07 -0400] "GET /wp-content/plugins/td-composer/legacy/common/wp_booster/wp-admin/images/panel/bg/?C=D;O=D HTTP/1.1" 200 1179 "-" "Mozilla/5.0 AppleWebKit/537.36 (KHTML, like Gecko; compatible; GPTBot/1.2; +https://openai.com/gptbot)"
20.171.207.109 - - [18/Oct/2025:11:14:08 -0400] "GET /wp-content/plugins/td-composer/legacy/common/wp_booster/wp-admin/panel/views/ajax_boxes/td_panel_categories/?C=D;O=A HTTP/1.1" 200 1096 "-" "Mozilla/5.0 AppleWebKit/537.36 (KHTML, like Gecko; compatible; GPTBot/1.2; +https://openai.com/gptbot)"
20.171.207.109 - - [18/Oct/2025:11:14:09 -0400] "GET /wp-content/plugins/td-composer/legacy/common/wp_booster/wp-admin/panel/views/ajax_boxes/td_panel_categories/?C=M;O=A HTTP/1.1" 200 1096 "-" "Mozilla/5.0 AppleWebKit/537.36 (KHTML, like Gecko; compatible; GPTBot/1.2; +https://openai.com/gptbot)"
20.171.207.109 - - [18/Oct/2025:11:14:10 -0400] "GET /wp-content/plugins/td-composer/legacy/common/wp_booster/wp-admin/images/panel/bg/?C=M;O=A HTTP/1.1" 200 1179 "-" "Mozilla/5.0 AppleWebKit/537.36 (KHTML, like Gecko; compatible; GPTBot/1.2; +https://openai.com/gptbot)"
20.171.207.109 - - [18/Oct/2025:11:14:11 -0400] "GET /wp-content/plugins/td-composer/legacy/common/wp_booster/wp-admin/panel/views/ajax_boxes/td_panel_categories/?C=N;O=D HTTP/1.1" 200 1096 "-" "Mozilla/5.0 AppleWebKit/537.36 (KHTML, like Gecko; compatible; GPTBot/1.2; +https://openai.com/gptbot)"
20.171.207.109 - - [18/Oct/2025:11:14:12 -0400] "GET /wp-content/plugins/td-composer/legacy/common/wp_booster/wp-admin/panel/views/ajax_boxes/td_panel_translations/?C=S;O=A HTTP/1.1" 200 1083 "-" "Mozilla/5.0 AppleWebKit/537.36 (KHTML, like Gecko; compatible; GPTBot/1.2; +https://openai.com/gptbot)"
20.171.207.109 - - [18/Oct/2025:11:14:13 -0400] "GET /wp-content/plugins/td-composer/legacy/common/wp_booster/wp-admin/panel/views/ajax_boxes/td_panel_translations/?C=N;O=D HTTP/1.1" 200 1083 "-" "Mozilla/5.0 AppleWebKit/537.36 (KHTML, like Gecko; compatible; GPTBot/1.2; +https://openai.com/gptbot)"
20.171.207.109 - - [18/Oct/2025:11:14:15 -0400] "GET /wp-content/plugins/td-composer/legacy/common/wp_booster/wp-admin/panel/views/ajax_boxes/td_panel_translations/?C=M;O=A HTTP/1.1" 200 1083 "-" "Mozilla/5.0 AppleWebKit/537.36 (KHTML, like Gecko; compatible; GPTBot/1.2; +https://openai.com/gptbot)"
20.171.207.109 - - [18/Oct/2025:11:14:16 -0400] "GET /wp-content/plugins/td-composer/legacy/common/wp_booster/wp-admin/panel/views/ajax_boxes/td_panel_translations/?C=D;O=A HTTP/1.1" 200 1083 "-" "Mozilla/5.0 AppleWebKit/537.36 (KHTML, like Gecko; compatible; GPTBot/1.2; +https://openai.com/gptbot)"
20.171.207.109 - - [18/Oct/2025:11:14:17 -0400] "GET /wp-content/plugins/td-composer/legacy/common/wp_booster/wp-admin/images/panel/panel-icons/?C=D;O=D HTTP/1.1" 200 5405 "-" "Mozilla/5.0 AppleWebKit/537.36 (KHTML, like Gecko; compatible; GPTBot/1.2; +https://openai.com/gptbot)"
187.45.187.88 - - [18/Oct/2025:11:14:17 -0400] "GET /wp-login.php HTTP/1.1" 200 5973 "-" "Mozilla/5.0 (Windows NT 6.1; WOW64; Trident/7.0; CTL_11; rv:11.0) like Gecko"
107.189.5.8 - - [18/Oct/2025:11:14:17 -0400] "GET /wp-login.php HTTP/1.1" 302 - "-" "Mozilla/5.0 (Windows NT 5.1) AppleWebKit/537.36 (KHTML, like Gecko) Chrome/36.0.1985.125 Safari/537.36"
20.171.207.109 - - [18/Oct/2025:11:14:18 -0400] "GET /wp-content/plugins/td-composer/legacy/common/wp_booster/wp-admin/panel/views/ajax_boxes/td_panel_categories/td_get_category_section_by_id.php HTTP/1.1" 500 - "-" "Mozilla/5.0 AppleWebKit/537.36 (KHTML, like Gecko; compatible; GPTBot/1.2; +https://openai.com/gptbot)"
20.171.207.109 - - [18/Oct/2025:11:14:19 -0400] "GET /wp-content/plugins/td-composer/legacy/common/wp_booster/wp-admin/panel/views/ajax_boxes/td_panel_categories/?C=N;O=A HTTP/1.1" 200 1096 "-" "Mozilla/5.0 AppleWebKit/537.36 (KHTML, like Gecko; compatible; GPTBot/1.2; +https://openai.com/gptbot)"
20.171.207.109 - - [18/Oct/2025:11:14:23 -0400] "GET /wp-content/plugins/td-composer/legacy/common/wp_booster/wp-admin/panel/views/ajax_boxes/td_panel_categories/?C=S;O=D HTTP/1.1" 200 1096 "-" "Mozilla/5.0 AppleWebKit/537.36 (KHTML, like Gecko; compatible; GPTBot/1.2; +https://openai.com/gptbot)"
187.45.187.88 - - [18/Oct/2025:11:14:24 -0400] "POST /wp-login.php HTTP/1.1" 200 6410 "https://herintalk.com/wp-login.php" "Mozilla/5.0 (Windows NT 6.1; WOW64; Trident/7.0; CTL_11; rv:11.0) like Gecko"
20.171.207.109 - - [18/Oct/2025:11:14:26 -0400] "GET /wp-content/plugins/td-composer/legacy/common/wp_booster/wp-admin/images/panel/bg/?C=M;O=D HTTP/1.1" 200 1179 "-" "Mozilla/5.0 AppleWebKit/537.36 (KHTML, like Gecko; compatible; GPTBot/1.2; +https://openai.com/gptbot)"
20.171.207.109 - - [18/Oct/2025:11:14:29 -0400] "GET /wp-content/plugins/td-composer/legacy/common/wp_booster/wp-admin/panel/views/ajax_boxes/td_panel_categories/?C=D;O=D HTTP/1.1" 200 1096 "-" "Mozilla/5.0 AppleWebKit/537.36 (KHTML, like Gecko; compatible; GPTBot/1.2; +https://openai.com/gptbot)"
20.171.207.109 - - [18/Oct/2025:11:14:31 -0400] "GET /wp-content/plugins/td-composer/legacy/common/wp_booster/wp-admin/panel/views/ajax_boxes/td_panel_translations/?C=N;O=A HTTP/1.1" 200 1083 "-" "Mozilla/5.0 AppleWebKit/537.36 (KHTML, like Gecko; compatible; GPTBot/1.2; +https://openai.com/gptbot)"
20.171.207.109 - - [18/Oct/2025:11:14:34 -0400] "GET /wp-content/plugins/td-composer/legacy/common/wp_booster/wp-admin/panel/views/ajax_boxes/td_panel_categories/?C=M;O=D HTTP/1.1" 200 1096 "-" "Mozilla/5.0 AppleWebKit/537.36 (KHTML, like Gecko; compatible; GPTBot/1.2; +https://openai.com/gptbot)"
20.171.207.109 - - [18/Oct/2025:11:14:36 -0400] "GET /wp-content/plugins/td-composer/legacy/common/wp_booster/wp-admin/panel/views/ajax_boxes/td_panel_translations/?C=S;O=D HTTP/1.1" 200 1083 "-" "Mozilla/5.0 AppleWebKit/537.36 (KHTML, like Gecko; compatible; GPTBot/1.2; +https://openai.com/gptbot)"
20.171.207.109 - - [18/Oct/2025:11:14:37 -0400] "GET /wp-content/plugins/td-composer/legacy/common/wp_booster/wp-admin/panel/views/ajax_boxes/td_panel_translations/?C=D;O=D HTTP/1.1" 200 1083 "-" "Mozilla/5.0 AppleWebKit/537.36 (KHTML, like Gecko; compatible; GPTBot/1.2; +https://openai.com/gptbot)"
20.171.207.109 - - [18/Oct/2025:11:14:39 -0400] "GET /wp-content/plugins/td-composer/legacy/common/wp_booster/wp-admin/panel/views/ajax_boxes/td_panel_translations/?C=M;O=D HTTP/1.1" 200 1083 "-" "Mozilla/5.0 AppleWebKit/537.36 (KHTML, like Gecko; compatible; GPTBot/1.2; +https://openai.com/gptbot)"
20.171.207.109 - - [18/Oct/2025:11:14:41 -0400] "GET /wp-content/plugins/td-composer/legacy/common/wp_booster/wp-admin/panel/views/ajax_boxes/td_panel_cpt_taxonomy/?C=M;O=A HTTP/1.1" 200 1309 "-" "Mozilla/5.0 AppleWebKit/537.36 (KHTML, like Gecko; compatible; GPTBot/1.2; +https://openai.com/gptbot)"
20.171.207.109 - - [18/Oct/2025:11:14:42 -0400] "GET /wp-content/plugins/td-composer/legacy/common/wp_booster/wp-admin/panel/panel_core/?C=N;O=D HTTP/1.1" 200 1393 "-" "Mozilla/5.0 AppleWebKit/537.36 (KHTML, like Gecko; compatible; GPTBot/1.2; +https://openai.com/gptbot)"
20.171.207.109 - - [18/Oct/2025:11:14:43 -0400] "GET /wp-content/plugins/td-composer/legacy/common/wp_booster/wp-admin/panel/panel_core/?C=D;O=A HTTP/1.1" 200 1393 "-" "Mozilla/5.0 AppleWebKit/537.36 (KHTML, like Gecko; compatible; GPTBot/1.2; +https://openai.com/gptbot)"
20.171.207.109 - - [18/Oct/2025:11:14:44 -0400] "GET /wp-content/plugins/td-composer/legacy/common/wp_booster/wp-admin/panel/views/ajax_boxes/td_panel_cpt_taxonomy/?C=D;O=A HTTP/1.1" 200 1309 "-" "Mozilla/5.0 AppleWebKit/537.36 (KHTML, like Gecko; compatible; GPTBot/1.2; +https://openai.com/gptbot)"
216.73.216.87 - - [18/Oct/2025:11:14:44 -0400] "GET /know-your-woman-how-to-give-pussy-massage/5 HTTP/1.1" 301 - "-" "Mozilla/5.0 AppleWebKit/537.36 (KHTML, like Gecko; compatible; ClaudeBot/1.0; [email protected])"
216.73.216.87 - - [18/Oct/2025:11:14:45 -0400] "GET /know-your-woman-how-to-give-pussy-massage/5/ HTTP/1.1" 200 83413 "https://herintalk.com/know-your-woman-how-to-give-pussy-massage/5" "Mozilla/5.0 AppleWebKit/537.36 (KHTML, like Gecko; compatible; ClaudeBot/1.0; [email protected])"
20.171.207.109 - - [18/Oct/2025:11:14:45 -0400] "GET /wp-content/plugins/td-composer/legacy/common/wp_booster/wp-admin/panel/views/ajax_boxes/td_panel_cpt_taxonomy/?C=S;O=A HTTP/1.1" 200 1309 "-" "Mozilla/5.0 AppleWebKit/537.36 (KHTML, like Gecko; compatible; GPTBot/1.2; +https://openai.com/gptbot)"
20.171.207.109 - - [18/Oct/2025:11:14:47 -0400] "GET /wp-content/plugins/td-composer/legacy/common/wp_booster/wp-admin/panel/panel_core/?C=S;O=A HTTP/1.1" 200 1393 "-" "Mozilla/5.0 AppleWebKit/537.36 (KHTML, like Gecko; compatible; GPTBot/1.2; +https://openai.com/gptbot)"
20.171.207.109 - - [18/Oct/2025:11:14:48 -0400] "GET /wp-content/plugins/td-composer/legacy/common/wp_booster/wp-admin/panel/panel_core/?C=M;O=A HTTP/1.1" 200 1393 "-" "Mozilla/5.0 AppleWebKit/537.36 (KHTML, like Gecko; compatible; GPTBot/1.2; +https://openai.com/gptbot)"
20.171.207.109 - - [18/Oct/2025:11:14:49 -0400] "GET /wp-content/plugins/td-composer/legacy/common/wp_booster/wp-admin/panel/views/ajax_boxes/td_panel_cpt_taxonomy/?C=N;O=D HTTP/1.1" 200 1309 "-" "Mozilla/5.0 AppleWebKit/537.36 (KHTML, like Gecko; compatible; GPTBot/1.2; +https://openai.com/gptbot)"
20.171.207.109 - - [18/Oct/2025:11:14:50 -0400] "GET /wp-content/plugins/td-composer/legacy/common/wp_booster/wp-admin/panel/views/ajax_boxes/td_panel_cpt_taxonomy/td_get_cpt_settings_by_post_type.php HTTP/1.1" 500 - "-" "Mozilla/5.0 AppleWebKit/537.36 (KHTML, like Gecko; compatible; GPTBot/1.2; +https://openai.com/gptbot)"
20.171.207.109 - - [18/Oct/2025:11:14:52 -0400] "GET /wp-content/plugins/td-composer/legacy/common/wp_booster/%23docs/?C=N;O=D HTTP/1.1" 200 947 "-" "Mozilla/5.0 AppleWebKit/537.36 (KHTML, like Gecko; compatible; GPTBot/1.2; +https://openai.com/gptbot)"
20.171.207.109 - - [18/Oct/2025:11:14:55 -0400] "GET /wp-content/plugins/td-composer/legacy/common/wp_booster/%23docs/?C=D;O=A HTTP/1.1" 200 947 "-" "Mozilla/5.0 AppleWebKit/537.36 (KHTML, like Gecko; compatible; GPTBot/1.2; +https://openai.com/gptbot)"
20.171.207.109 - - [18/Oct/2025:11:14:58 -0400] "GET /wp-content/plugins/td-composer/legacy/common/wp_booster/%23docs/?C=M;O=A HTTP/1.1" 200 947 "-" "Mozilla/5.0 AppleWebKit/537.36 (KHTML, like Gecko; compatible; GPTBot/1.2; +https://openai.com/gptbot)"
20.171.207.109 - - [18/Oct/2025:11:15:01 -0400] "GET /wp-content/plugins/td-composer/legacy/common/wp_booster/wp-admin/panel/panel_core/td_panel_generator.php HTTP/1.1" 500 - "-" "Mozilla/5.0 AppleWebKit/537.36 (KHTML, like Gecko; compatible; GPTBot/1.2; +https://openai.com/gptbot)"
20.171.207.109 - - [18/Oct/2025:11:15:04 -0400] "GET /wp-content/plugins/td-composer/legacy/common/wp_booster/wp-admin/panel/panel_core/td_panel_core.php HTTP/1.1" 500 - "-" "Mozilla/5.0 AppleWebKit/537.36 (KHTML, like Gecko; compatible; GPTBot/1.2; +https://openai.com/gptbot)"
216.73.216.87 - - [18/Oct/2025:11:15:08 -0400] "GET /ev-derma HTTP/1.1" 301 - "-" "Mozilla/5.0 AppleWebKit/537.36 (KHTML, like Gecko; compatible; ClaudeBot/1.0; [email protected])"
216.73.216.87 - - [18/Oct/2025:11:15:09 -0400] "GET /ev-derma/ HTTP/1.1" 200 89876 "https://herintalk.com/ev-derma" "Mozilla/5.0 AppleWebKit/537.36 (KHTML, like Gecko; compatible; ClaudeBot/1.0; [email protected])"
20.171.207.109 - - [18/Oct/2025:11:15:11 -0400] "GET /wp-content/plugins/td-composer/legacy/common/wp_booster/wp-admin/panel/views/ajax_boxes/td_panel_cpt_taxonomy/td_get_tax_settings_by_tax_name.php HTTP/1.1" 500 - "-" "Mozilla/5.0 AppleWebKit/537.36 (KHTML, like Gecko; compatible; GPTBot/1.2; +https://openai.com/gptbot)"
144.217.162.28 - - [18/Oct/2025:11:15:18 -0400] "GET /wp-login.php HTTP/1.1" 200 5973 "-" "Mozilla/5.0 (Windows NT 6.1; Trident/7.0; MALC; rv:11.0) like Gecko"
144.217.162.28 - - [18/Oct/2025:11:15:20 -0400] "POST /wp-login.php HTTP/1.1" 200 6411 "https://herintalk.com/wp-login.php" "Mozilla/5.0 (Windows NT 6.1; Trident/7.0; MALC; rv:11.0) like Gecko"
20.171.207.109 - - [18/Oct/2025:11:15:34 -0400] "GET /wp-content/plugins/td-composer/legacy/common/wp_booster/wp-admin/panel/panel_core/td_panel_data_source.php HTTP/1.1" 500 - "-" "Mozilla/5.0 AppleWebKit/537.36 (KHTML, like Gecko; compatible; GPTBot/1.2; +https://openai.com/gptbot)"
185.244.36.159 - - [18/Oct/2025:11:16:22 -0400] "POST /xmlrpc.php HTTP/1.1" 200 401 "-" "Mozilla/5.0 (Windows NT 6.1; WOW64; Trident/7.0; EIE10;ENUSMCM; rv:11.0) like Gecko"
20.171.207.109 - - [18/Oct/2025:11:16:35 -0400] "GET /wp-content/plugins/td-composer/legacy/common/wp_booster/wp-admin/panel/views/ajax_boxes/td_panel_cpt_taxonomy/?C=M;O=D HTTP/1.1" 200 1309 "-" "Mozilla/5.0 AppleWebKit/537.36 (KHTML, like Gecko; compatible; GPTBot/1.2; +https://openai.com/gptbot)"
129.226.202.136 - - [18/Oct/2025:11:17:06 -0400] "GET /wp-content/uploads/2014/05/Cat-Eyes-Tutorial.jpg HTTP/1.1" 200 104338 "-" "Mozilla/5.0 (X11; Ubuntu; Linux x86_64; rv:72.0) Gecko/20100101 Firefox/72.0"
216.73.216.87 - - [18/Oct/2025:11:17:36 -0400] "GET /easy-cat-eyeliner-tutorial/feed HTTP/1.1" 301 - "-" "Mozilla/5.0 AppleWebKit/537.36 (KHTML, like Gecko; compatible; ClaudeBot/1.0; [email protected])"
20.171.207.109 - - [18/Oct/2025:11:17:37 -0400] "GET /wp-content/plugins/td-composer/legacy/common/wp_booster/wp-admin/panel/views/ajax_boxes/td_panel_cpt_taxonomy/?C=N;O=A HTTP/1.1" 200 1309 "-" "Mozilla/5.0 AppleWebKit/537.36 (KHTML, like Gecko; compatible; GPTBot/1.2; +https://openai.com/gptbot)"
216.73.216.87 - - [18/Oct/2025:11:17:37 -0400] "GET /easy-cat-eyeliner-tutorial/feed/ HTTP/1.1" 200 841 "https://herintalk.com/easy-cat-eyeliner-tutorial/feed" "Mozilla/5.0 AppleWebKit/537.36 (KHTML, like Gecko; compatible; ClaudeBot/1.0; [email protected])"
107.189.5.8 - - [18/Oct/2025:11:17:42 -0400] "GET /wp-admin/ HTTP/1.1" 302 - "-" "Mozilla/5.0 (Windows NT 5.1) AppleWebKit/537.36 (KHTML, like Gecko) Chrome/36.0.1985.125 Safari/537.36"
20.171.207.109 - - [18/Oct/2025:11:18:33 -0400] "GET /wp-content/plugins/td-composer/legacy/common/wp_booster/wp-admin/panel/panel_core/?C=M;O=D HTTP/1.1" 200 1393 "-" "Mozilla/5.0 AppleWebKit/537.36 (KHTML, like Gecko; compatible; GPTBot/1.2; +https://openai.com/gptbot)"
104.232.205.240 - - [18/Oct/2025:11:19:06 -0400] "GET /wp-content/uploads/2016/04/Most-Scary-And-Painful-Symptoms-Of-Vitamin7.jpg HTTP/1.1" 200 79142 "-" "Mozilla/5.0 (X11; Linux x86_64) AppleWebKit/537.36 (KHTML, like Gecko) Chrome/121.0.0.0 Safari/537.36"
20.171.207.109 - - [18/Oct/2025:11:19:26 -0400] "GET /wp-content/plugins/td-composer/legacy/common/wp_booster/wp-admin/panel/views/ajax_boxes/td_panel_cpt_taxonomy/?C=S;O=D HTTP/1.1" 200 1309 "-" "Mozilla/5.0 AppleWebKit/537.36 (KHTML, like Gecko; compatible; GPTBot/1.2; +https://openai.com/gptbot)"
66.116.199.115 - - [18/Oct/2025:11:19:46 -0400] "POST /wp-cron.php?doing_wp_cron=1760800786.6168680191040039062500 HTTP/1.1" 200 - "-" "WordPress/6.8.3; https://herintalk.com"
216.73.216.87 - - [18/Oct/2025:11:19:45 -0400] "GET /?p=7936 HTTP/1.1" 301 - "-" "Mozilla/5.0 AppleWebKit/537.36 (KHTML, like Gecko; compatible; ClaudeBot/1.0; [email protected])"
216.73.216.87 - - [18/Oct/2025:11:19:46 -0400] "GET /?p=4620 HTTP/1.1" 301 - "-" "Mozilla/5.0 AppleWebKit/537.36 (KHTML, like Gecko; compatible; ClaudeBot/1.0; [email protected])"
216.73.216.87 - - [18/Oct/2025:11:19:46 -0400] "GET /renewed-advance-eye-gel/ HTTP/1.1" 200 90024 "https://herintalk.com/?p=7936" "Mozilla/5.0 AppleWebKit/537.36 (KHTML, like Gecko; compatible; ClaudeBot/1.0; [email protected])"
216.73.216.87 - - [18/Oct/2025:11:19:47 -0400] "GET /10-skincare-tips/ HTTP/1.1" 200 108565 "https://herintalk.com/?p=4620" "Mozilla/5.0 AppleWebKit/537.36 (KHTML, like Gecko; compatible; ClaudeBot/1.0; [email protected])"
114.119.149.228 - - [18/Oct/2025:11:20:03 -0400] "GET /keto-fit HTTP/1.1" 301 - "https://herintalk.com/health/weight-loss?filter_by=popular" "Mozilla/5.0 (Linux; Android 7.0;) AppleWebKit/537.36 (KHTML, like Gecko) Mobile Safari/537.36 (compatible; PetalBot;+https://webmaster.petalsearch.com/site/petalbot)"
114.119.149.228 - - [18/Oct/2025:11:20:04 -0400] "GET /keto-fit/ HTTP/1.1" 200 54496 "https://herintalk.com/health/weight-loss?filter_by=popular" "Mozilla/5.0 (Linux; Android 7.0;) AppleWebKit/537.36 (KHTML, like Gecko) Mobile Safari/537.36 (compatible; PetalBot;+https://webmaster.petalsearch.com/site/petalbot)"
135.125.5.71 - - [18/Oct/2025:11:20:05 -0400] "GET /wp-login.php HTTP/1.1" 200 5973 "-" "Mozilla/5.0 (Macintosh; Intel Mac OS X 10_13) AppleWebKit/603.1.13 (KHTML, like Gecko) Version/10.1 Safari/603.1.13"
135.125.5.71 - - [18/Oct/2025:11:20:08 -0400] "POST /wp-login.php HTTP/1.1" 200 6411 "https://herintalk.com/wp-login.php" "Mozilla/5.0 (Macintosh; Intel Mac OS X 10_13) AppleWebKit/603.1.13 (KHTML, like Gecko) Version/10.1 Safari/603.1.13"
20.171.207.109 - - [18/Oct/2025:11:20:12 -0400] "GET /wp-content/plugins/td-composer/legacy/common/wp_booster/wp-admin/panel/panel_core/?C=D;O=D HTTP/1.1" 200 1393 "-" "Mozilla/5.0 AppleWebKit/537.36 (KHTML, like Gecko; compatible; GPTBot/1.2; +https://openai.com/gptbot)"
107.189.5.8 - - [18/Oct/2025:11:20:16 -0400] "GET /wp-login.php?redirect_to=https%3A%2F%2Fherintalk.com%2Fwp-admin%2F&reauth=1 HTTP/1.1" 200 5973 "-" "Mozilla/5.0 (Windows NT 5.1) AppleWebKit/537.36 (KHTML, like Gecko) Chrome/36.0.1985.125 Safari/537.36"
20.171.207.109 - - [18/Oct/2025:11:20:52 -0400] "GET /wp-content/plugins/td-composer/legacy/common/wp_booster/wp-admin/panel/views/ajax_boxes/td_panel_cpt_taxonomy/td_get_cpt_settings_by_post_type.php HTTP/1.1" 500 - "-" "Mozilla/5.0 AppleWebKit/537.36 (KHTML, like Gecko; compatible; GPTBot/1.2; +https://openai.com/gptbot)"
216.73.216.87 - - [18/Oct/2025:11:21:16 -0400] "GET /belle-epoque-cream HTTP/1.1" 301 - "-" "Mozilla/5.0 AppleWebKit/537.36 (KHTML, like Gecko; compatible; ClaudeBot/1.0; [email protected])"
216.73.216.87 - - [18/Oct/2025:11:21:17 -0400] "GET /belle-epoque-cream/ HTTP/1.1" 200 90124 "https://herintalk.com/belle-epoque-cream" "Mozilla/5.0 AppleWebKit/537.36 (KHTML, like Gecko; compatible; ClaudeBot/1.0; [email protected])"
20.171.207.109 - - [18/Oct/2025:11:21:28 -0400] "GET /wp-content/plugins/td-composer/legacy/common/wp_booster/%23docs/?C=M;O=D HTTP/1.1" 200 947 "-" "Mozilla/5.0 AppleWebKit/537.36 (KHTML, like Gecko; compatible; GPTBot/1.2; +https://openai.com/gptbot)"
20.171.207.109 - - [18/Oct/2025:11:22:32 -0400] "GET /wp-content/plugins/td-composer/legacy/common/wp_booster/%23docs/?C=N;O=A HTTP/1.1" 200 947 "-" "Mozilla/5.0 AppleWebKit/537.36 (KHTML, like Gecko; compatible; GPTBot/1.2; +https://openai.com/gptbot)"
20.171.207.109 - - [18/Oct/2025:11:23:27 -0400] "GET /wp-content/plugins/td-composer/legacy/common/wp_booster/wp-admin/panel/panel_core/?C=N;O=A HTTP/1.1" 200 1393 "-" "Mozilla/5.0 AppleWebKit/537.36 (KHTML, like Gecko; compatible; GPTBot/1.2; +https://openai.com/gptbot)"
216.244.66.248 - - [18/Oct/2025:11:23:28 -0400] "GET /robots.txt HTTP/1.1" 200 114 "-" "Mozilla/5.0 (compatible; DotBot/1.2; +https://opensiteexplorer.org/dotbot; [email protected])"
89.248.172.183 - - [18/Oct/2025:11:23:37 -0400] "POST /wp-json/tdw/save_css HTTP/1.1" 401 98 "-" "Mozilla/5.0 (Windows NT 10.0) AppleWebKit/537.36 (KHTML, like Gecko) Chrome/104.0.0.0 Safari/537.36"
20.171.207.109 - - [18/Oct/2025:11:24:18 -0400] "GET /wp-content/plugins/td-composer/legacy/common/wp_booster/wp-admin/panel/views/ajax_boxes/td_panel_cpt_taxonomy/?C=D;O=D HTTP/1.1" 200 1309 "-" "Mozilla/5.0 AppleWebKit/537.36 (KHTML, like Gecko; compatible; GPTBot/1.2; +https://openai.com/gptbot)"
178.32.113.195 - - [18/Oct/2025:11:24:39 -0400] "POST /xmlrpc.php HTTP/1.1" 200 401 "-" "Mozilla/5.0 (Windows NT 6.1; WOW64; Trident/7.0; MASN; rv:11.0) like Gecko"
20.171.207.109 - - [18/Oct/2025:11:25:03 -0400] "GET /wp-content/plugins/td-composer/legacy/common/wp_booster/wp-admin/panel/panel_core/?C=S;O=D HTTP/1.1" 200 1393 "-" "Mozilla/5.0 AppleWebKit/537.36 (KHTML, like Gecko; compatible; GPTBot/1.2; +https://openai.com/gptbot)"
223.109.255.223 - - [18/Oct/2025:11:25:36 -0400] "GET /wp-content/uploads/2018/08/pro-muscle-flex-longer-harder-and-stronger-218x150.jpg HTTP/1.1" 404 60916 "http://pic.sogou.com" "Sogou Pic Spider/3.0(+http://www.sogou.com/docs/help/webmasters.htm#07)"
20.171.207.109 - - [18/Oct/2025:11:25:45 -0400] "GET /wp-content/plugins/td-composer/legacy/common/wp_booster/wp-admin/panel/views/ajax_boxes/td_panel_cpt_taxonomy/td_get_tax_settings_by_tax_name.php HTTP/1.1" 500 - "-" "Mozilla/5.0 AppleWebKit/537.36 (KHTML, like Gecko; compatible; GPTBot/1.2; +https://openai.com/gptbot)"
20.171.207.109 - - [18/Oct/2025:11:26:20 -0400] "GET /wp-content/plugins/td-composer/legacy/common/wp_booster/%23docs/?C=S;O=A HTTP/1.1" 200 947 "-" "Mozilla/5.0 AppleWebKit/537.36 (KHTML, like Gecko; compatible; GPTBot/1.2; +https://openai.com/gptbot)"
103.82.25.248 - - [18/Oct/2025:11:26:28 -0400] "POST /xmlrpc.php HTTP/1.1" 200 401 "-" "Mozilla/5.0 (Macintosh; Intel Mac OS X 10_12_6) AppleWebKit/604.4.7 (KHTML, like Gecko) Version/11.0.2 Safari/604.4.7"
216.73.216.87 - - [18/Oct/2025:11:26:43 -0400] "GET /?p=2243 HTTP/1.1" 301 - "-" "Mozilla/5.0 AppleWebKit/537.36 (KHTML, like Gecko; compatible; ClaudeBot/1.0; [email protected])"
216.73.216.87 - - [18/Oct/2025:11:26:44 -0400] "GET /easy-cat-eyeliner-tutorial/ HTTP/1.1" 200 88562 "https://herintalk.com/?p=2243" "Mozilla/5.0 AppleWebKit/537.36 (KHTML, like Gecko; compatible; ClaudeBot/1.0; [email protected])"
20.171.207.109 - - [18/Oct/2025:11:27:23 -0400] "GET /wp-content/plugins/td-composer/legacy/common/wp_booster/wp-admin/panel/views/ajax_boxes/td_panel_cpt_taxonomy/td_get_cpt_settings_by_post_type.php HTTP/1.1" 500 - "-" "Mozilla/5.0 AppleWebKit/537.36 (KHTML, like Gecko; compatible; GPTBot/1.2; +https://openai.com/gptbot)"
89.248.172.183 - - [18/Oct/2025:11:27:53 -0400] "POST /wp-json/tdw/save_css HTTP/1.1" 401 98 "-" "Mozilla/5.0 (Windows NT 10.0) AppleWebKit/537.36 (KHTML, like Gecko) Chrome/104.0.0.0 Safari/537.36"
104.244.73.83 - - [18/Oct/2025:11:28:10 -0400] "GET /wp-login.php HTTP/1.1" 302 - "-" "Mozilla/5.0 (Macintosh; Intel Mac OS X 10_9_2) AppleWebKit/537.36 (KHTML, like Gecko) Chrome/36.0.1985.125 Safari/537.36"
20.171.207.109 - - [18/Oct/2025:11:28:21 -0400] "GET /wp-content/plugins/td-composer/legacy/common/wp_booster/wp-admin/panel/views/ajax_boxes/td_panel_theme_fonts/?C=S;O=A HTTP/1.1" 200 1102 "-" "Mozilla/5.0 AppleWebKit/537.36 (KHTML, like Gecko; compatible; GPTBot/1.2; +https://openai.com/gptbot)"
104.244.73.83 - - [18/Oct/2025:11:29:11 -0400] "GET /wp-admin/ HTTP/1.1" 302 - "-" "Mozilla/5.0 (Macintosh; Intel Mac OS X 10_9_2) AppleWebKit/537.36 (KHTML, like Gecko) Chrome/36.0.1985.125 Safari/537.36"
104.244.73.83 - - [18/Oct/2025:11:29:12 -0400] "GET /wp-login.php?redirect_to=https%3A%2F%2Fherintalk.com%2Fwp-admin%2F&reauth=1 HTTP/1.1" 200 5973 "-" "Mozilla/5.0 (Macintosh; Intel Mac OS X 10_9_2) AppleWebKit/537.36 (KHTML, like Gecko) Chrome/36.0.1985.125 Safari/537.36"
20.171.207.109 - - [18/Oct/2025:11:29:25 -0400] "GET /wp-content/plugins/td-composer/legacy/common/wp_booster/wp-admin/panel/panel_core/td_panel_data_source.php HTTP/1.1" 500 - "-" "Mozilla/5.0 AppleWebKit/537.36 (KHTML, like Gecko; compatible; GPTBot/1.2; +https://openai.com/gptbot)"
223.109.255.179 - - [18/Oct/2025:11:30:05 -0400] "GET /wp-content/uploads/2019/01/keto-180-header-1-218x150.jpg HTTP/1.1" 404 60916 "http://pic.sogou.com" "Sogou Pic Spider/3.0(+http://www.sogou.com/docs/help/webmasters.htm#07)"
20.171.207.109 - - [18/Oct/2025:11:30:22 -0400] "GET /wp-content/plugins/td-composer/legacy/common/wp_booster/wp-admin/panel/views/ajax_boxes/td_panel_block_settings/?C=S;O=A HTTP/1.1" 200 1106 "-" "Mozilla/5.0 AppleWebKit/537.36 (KHTML, like Gecko; compatible; GPTBot/1.2; +https://openai.com/gptbot)"
20.171.207.109 - - [18/Oct/2025:11:31:24 -0400] "GET /wp-content/plugins/td-composer/legacy/common/wp_booster/wp-admin/panel/views/ajax_boxes/td_panel_block_settings/?C=N;O=D HTTP/1.1" 200 1106 "-" "Mozilla/5.0 AppleWebKit/537.36 (KHTML, like Gecko; compatible; GPTBot/1.2; +https://openai.com/gptbot)"
20.171.207.109 - - [18/Oct/2025:11:32:20 -0400] "GET /wp-content/plugins/td-composer/legacy/common/wp_booster/wp-admin/panel/panel_core/td_panel_generator.php HTTP/1.1" 500 - "-" "Mozilla/5.0 AppleWebKit/537.36 (KHTML, like Gecko; compatible; GPTBot/1.2; +https://openai.com/gptbot)"
147.192.206.81 - - [18/Oct/2025:11:32:41 -0400] "POST /xmlrpc.php HTTP/1.1" 200 401 "-" "Mozilla/5.0 (Windows NT 6.1; Win64; x64) AppleWebKit/537.36 (KHTML, like Gecko) Chrome/65.0.3325.181 Safari/537.36 OPR/52.0.2871.99"
20.171.207.109 - - [18/Oct/2025:11:33:12 -0400] "GET /wp-content/plugins/td-composer/legacy/common/wp_booster/wp-admin/panel/panel_core/td_panel_core.php HTTP/1.1" 500 - "-" "Mozilla/5.0 AppleWebKit/537.36 (KHTML, like Gecko; compatible; GPTBot/1.2; +https://openai.com/gptbot)"
20.171.207.109 - - [18/Oct/2025:11:34:18 -0400] "GET /wp-content/plugins/td-composer/legacy/common/wp_booster/wp-admin/panel/views/ajax_boxes/td_panel_block_settings/?C=D;O=A HTTP/1.1" 200 1106 "-" "Mozilla/5.0 AppleWebKit/537.36 (KHTML, like Gecko; compatible; GPTBot/1.2; +https://openai.com/gptbot)"
89.248.172.183 - - [18/Oct/2025:11:34:43 -0400] "POST /wp-json/tdw/save_css HTTP/1.1" 401 98 "-" "Mozilla/5.0 (Windows NT 10.0) AppleWebKit/537.36 (KHTML, like Gecko) Chrome/104.0.0.0 Safari/537.36"
216.73.216.87 - - [18/Oct/2025:11:35:08 -0400] "GET /apex-cbd-hemp-oil HTTP/1.1" 301 - "-" "Mozilla/5.0 AppleWebKit/537.36 (KHTML, like Gecko; compatible; ClaudeBot/1.0; [email protected])"
216.73.216.87 - - [18/Oct/2025:11:35:09 -0400] "GET /apex-cbd-hemp-oil/ HTTP/1.1" 200 87470 "https://herintalk.com/apex-cbd-hemp-oil" "Mozilla/5.0 AppleWebKit/537.36 (KHTML, like Gecko; compatible; ClaudeBot/1.0; [email protected])"
20.171.207.109 - - [18/Oct/2025:11:35:23 -0400] "GET /wp-content/plugins/td-composer/legacy/common/wp_booster/%23docs/?C=D;O=D HTTP/1.1" 200 947 "-" "Mozilla/5.0 AppleWebKit/537.36 (KHTML, like Gecko; compatible; GPTBot/1.2; +https://openai.com/gptbot)"
20.171.207.109 - - [18/Oct/2025:11:36:21 -0400] "GET /wp-content/plugins/td-composer/legacy/common/wp_booster/wp-admin/panel/views/ajax_boxes/td_panel_block_settings/?C=M;O=A HTTP/1.1" 200 1106 "-" "Mozilla/5.0 AppleWebKit/537.36 (KHTML, like Gecko; compatible; GPTBot/1.2; +https://openai.com/gptbot)"
216.73.216.87 - - [18/Oct/2025:11:36:47 -0400] "GET /?p=11768 HTTP/1.1" 301 - "-" "Mozilla/5.0 AppleWebKit/537.36 (KHTML, like Gecko; compatible; ClaudeBot/1.0; [email protected])"
216.73.216.87 - - [18/Oct/2025:11:36:48 -0400] "GET /purely-organic-release-cream/ HTTP/1.1" 200 87254 "https://herintalk.com/?p=11768" "Mozilla/5.0 AppleWebKit/537.36 (KHTML, like Gecko; compatible; ClaudeBot/1.0; [email protected])"
216.244.66.248 - - [18/Oct/2025:11:37:03 -0400] "GET /wp-content/uploads/2015/05/sexy.jpg HTTP/1.1" 200 47863 "-" "Mozilla/5.0 (compatible; DotBot/1.2; +https://opensiteexplorer.org/dotbot; [email protected])"
20.171.207.109 - - [18/Oct/2025:11:37:12 -0400] "GET /wp-content/plugins/td-composer/legacy/common/wp_booster/%23docs/?C=S;O=D HTTP/1.1" 200 947 "-" "Mozilla/5.0 AppleWebKit/537.36 (KHTML, like Gecko; compatible; GPTBot/1.2; +https://openai.com/gptbot)"
178.33.43.96 - - [18/Oct/2025:11:37:51 -0400] "GET /wp-login.php HTTP/1.1" 200 5973 "-" "Mozilla/5.0 (compatible; MSIE 10.0; Windows NT 10.0; WOW64; Trident/7.0)"
178.33.43.96 - - [18/Oct/2025:11:37:52 -0400] "POST /wp-login.php HTTP/1.1" 200 6411 "https://herintalk.com/wp-login.php" "Mozilla/5.0 (compatible; MSIE 10.0; Windows NT 10.0; WOW64; Trident/7.0)"
20.171.207.109 - - [18/Oct/2025:11:37:57 -0400] "GET /wp-content/plugins/td-composer/legacy/common/wp_booster/wp-admin/panel/views/ajax_boxes/td_panel_theme_fonts/?C=M;O=A HTTP/1.1" 200 1102 "-" "Mozilla/5.0 AppleWebKit/537.36 (KHTML, like Gecko; compatible; GPTBot/1.2; +https://openai.com/gptbot)"
