216.73.216.87 - - [18/Oct/2025:15:02:15 -0400] "GET /nutrisleep HTTP/1.1" 301 - "-" "Mozilla/5.0 AppleWebKit/537.36 (KHTML, like Gecko; compatible; ClaudeBot/1.0; [email protected])"
216.73.216.87 - - [18/Oct/2025:15:02:16 -0400] "GET /youngskin-black-mask/ HTTP/1.1" 200 86713 "https://herintalk.com/?p=10801" "Mozilla/5.0 AppleWebKit/537.36 (KHTML, like Gecko; compatible; ClaudeBot/1.0; [email protected])"
216.73.216.87 - - [18/Oct/2025:15:02:16 -0400] "GET /nutrisleep/ HTTP/1.1" 200 86690 "https://herintalk.com/nutrisleep" "Mozilla/5.0 AppleWebKit/537.36 (KHTML, like Gecko; compatible; ClaudeBot/1.0; [email protected])"
216.73.216.87 - - [18/Oct/2025:15:04:06 -0400] "GET /?p=2591 HTTP/1.1" 301 - "-" "Mozilla/5.0 AppleWebKit/537.36 (KHTML, like Gecko; compatible; ClaudeBot/1.0; [email protected])"
216.73.216.87 - - [18/Oct/2025:15:04:06 -0400] "GET /hightech-cbd HTTP/1.1" 301 - "-" "Mozilla/5.0 AppleWebKit/537.36 (KHTML, like Gecko; compatible; ClaudeBot/1.0; [email protected])"
216.73.216.87 - - [18/Oct/2025:15:04:07 -0400] "GET /enjoy-monsoon-showers-healthy-eating-habits/ HTTP/1.1" 200 88203 "https://herintalk.com/?p=2591" "Mozilla/5.0 AppleWebKit/537.36 (KHTML, like Gecko; compatible; ClaudeBot/1.0; [email protected])"
216.73.216.87 - - [18/Oct/2025:15:04:07 -0400] "GET /hightech-cbd/ HTTP/1.1" 200 89268 "https://herintalk.com/hightech-cbd" "Mozilla/5.0 AppleWebKit/537.36 (KHTML, like Gecko; compatible; ClaudeBot/1.0; [email protected])"
216.73.216.87 - - [18/Oct/2025:15:04:40 -0400] "GET /oops-they-did-it-again-top-bollywood-fashion-disasters HTTP/1.1" 301 - "-" "Mozilla/5.0 AppleWebKit/537.36 (KHTML, like Gecko; compatible; ClaudeBot/1.0; [email protected])"
216.73.216.87 - - [18/Oct/2025:15:04:40 -0400] "GET /?p=8639 HTTP/1.1" 301 - "-" "Mozilla/5.0 AppleWebKit/537.36 (KHTML, like Gecko; compatible; ClaudeBot/1.0; [email protected])"
216.73.216.87 - - [18/Oct/2025:15:04:41 -0400] "GET /oops-they-did-it-again-top-bollywood-fashion-disasters/ HTTP/1.1" 200 85632 "https://herintalk.com/oops-they-did-it-again-top-bollywood-fashion-disasters" "Mozilla/5.0 AppleWebKit/537.36 (KHTML, like Gecko; compatible; ClaudeBot/1.0; [email protected])"
216.73.216.87 - - [18/Oct/2025:15:04:41 -0400] "GET /health-naturals-cbd-tincture/ HTTP/1.1" 200 86236 "https://herintalk.com/?p=8639" "Mozilla/5.0 AppleWebKit/537.36 (KHTML, like Gecko; compatible; ClaudeBot/1.0; [email protected])"
46.105.73.207 - - [18/Oct/2025:15:05:27 -0400] "POST /xmlrpc.php HTTP/1.1" 200 401 "-" "Mozilla/4.0 (compatible; MSIE 7.0; Windows NT 6.2; WOW64; Trident/7.0; .NET4.0E; .NET4.0C; .NET CLR 3.5.30729; .NET CLR 2.0.50727; .NET CLR 3.0.30729)"
216.73.216.87 - - [18/Oct/2025:15:05:38 -0400] "GET /?p=3545 HTTP/1.1" 301 - "-" "Mozilla/5.0 AppleWebKit/537.36 (KHTML, like Gecko; compatible; ClaudeBot/1.0; [email protected])"
216.73.216.87 - - [18/Oct/2025:15:05:38 -0400] "GET /?p=8015 HTTP/1.1" 301 - "-" "Mozilla/5.0 AppleWebKit/537.36 (KHTML, like Gecko; compatible; ClaudeBot/1.0; [email protected])"
216.73.216.87 - - [18/Oct/2025:15:05:39 -0400] "GET /rejuvalife-face-cream/ HTTP/1.1" 200 87360 "https://herintalk.com/?p=8015" "Mozilla/5.0 AppleWebKit/537.36 (KHTML, like Gecko; compatible; ClaudeBot/1.0; [email protected])"
216.73.216.87 - - [18/Oct/2025:15:05:39 -0400] "GET /know-your-man/ HTTP/1.1" 200 93867 "https://herintalk.com/?p=3545" "Mozilla/5.0 AppleWebKit/537.36 (KHTML, like Gecko; compatible; ClaudeBot/1.0; [email protected])"
103.49.70.229 - - [18/Oct/2025:15:06:33 -0400] "POST /xmlrpc.php HTTP/1.1" 200 401 "-" "Mozilla/5.0 (Macintosh; Intel Mac OS X 10_11_6) AppleWebKit/537.36 (KHTML, like Gecko) Chrome/66.0.3359.181 Safari/537.36"
107.150.39.138 - - [18/Oct/2025:15:06:46 -0400] "GET /wp-login.php HTTP/1.1" 200 5973 "-" "Mozilla/5.0 (Windows NT 10.0; WOW64; Trident/7.0; rv:11.0) like Gecko"
107.150.39.138 - - [18/Oct/2025:15:06:50 -0400] "POST /wp-login.php HTTP/1.1" 200 6410 "https://herintalk.com/wp-login.php" "Mozilla/5.0 (Windows NT 10.0; WOW64; Trident/7.0; rv:11.0) like Gecko"
198.98.48.136 - - [18/Oct/2025:15:07:00 -0400] "GET /wp-login.php HTTP/1.1" 302 - "-" "Mozilla/5.0 (compatible; MSIE 10.0; Windows NT 6.1; WOW64; Trident/6.0)"
216.73.216.87 - - [18/Oct/2025:15:07:34 -0400] "GET /up-a-cup-breast-enhancement-cream HTTP/1.1" 301 - "-" "Mozilla/5.0 AppleWebKit/537.36 (KHTML, like Gecko; compatible; ClaudeBot/1.0; [email protected])"
216.73.216.87 - - [18/Oct/2025:15:07:34 -0400] "GET /5-formal-gestures-you-must-adhere-to-love-demands-etiquette/feed HTTP/1.1" 301 - "-" "Mozilla/5.0 AppleWebKit/537.36 (KHTML, like Gecko; compatible; ClaudeBot/1.0; [email protected])"
216.73.216.87 - - [18/Oct/2025:15:07:35 -0400] "GET /up-a-cup-breast-enhancement-cream/ HTTP/1.1" 200 82332 "https://herintalk.com/up-a-cup-breast-enhancement-cream" "Mozilla/5.0 AppleWebKit/537.36 (KHTML, like Gecko; compatible; ClaudeBot/1.0; [email protected])"
216.73.216.87 - - [18/Oct/2025:15:07:35 -0400] "GET /5-formal-gestures-you-must-adhere-to-love-demands-etiquette/feed/ HTTP/1.1" 200 886 "https://herintalk.com/5-formal-gestures-you-must-adhere-to-love-demands-etiquette/feed" "Mozilla/5.0 AppleWebKit/537.36 (KHTML, like Gecko; compatible; ClaudeBot/1.0; [email protected])"
185.9.75.201 - - [18/Oct/2025:15:07:48 -0400] "GET /wp-content/plugins/litespeed-cache/readme.txt HTTP/1.1" 404 60916 "-" "Mozilla/5.0 (Windows NT 10.0; Win64; x64; rv:142.0) Gecko/20100101 Firefox/142.0"
198.98.48.136 - - [18/Oct/2025:15:07:55 -0400] "GET /wp-admin/ HTTP/1.1" 302 - "-" "Mozilla/5.0 (compatible; MSIE 10.0; Windows NT 6.1; WOW64; Trident/6.0)"
198.98.48.136 - - [18/Oct/2025:15:08:01 -0400] "GET /wp-login.php?redirect_to=https%3A%2F%2Fherintalk.com%2Fwp-admin%2F&reauth=1 HTTP/1.1" 200 5973 "-" "Mozilla/5.0 (compatible; MSIE 10.0; Windows NT 6.1; WOW64; Trident/6.0)"
216.73.216.87 - - [18/Oct/2025:15:08:07 -0400] "GET /health-naturals-cbd-tincture HTTP/1.1" 301 - "-" "Mozilla/5.0 AppleWebKit/537.36 (KHTML, like Gecko; compatible; ClaudeBot/1.0; [email protected])"
216.73.216.87 - - [18/Oct/2025:15:08:08 -0400] "GET /health-naturals-cbd-tincture/ HTTP/1.1" 200 86236 "https://herintalk.com/health-naturals-cbd-tincture" "Mozilla/5.0 AppleWebKit/537.36 (KHTML, like Gecko; compatible; ClaudeBot/1.0; [email protected])"
198.98.48.136 - - [18/Oct/2025:15:08:17 -0400] "POST /wp-login.php HTTP/1.1" 302 - "-" "Mozilla/5.0 (compatible; MSIE 10.0; Windows NT 6.1; WOW64; Trident/6.0)"
198.98.48.136 - - [18/Oct/2025:15:08:22 -0400] "GET /wp-admin/ HTTP/1.1" 302 - "-" "Mozilla/5.0 (compatible; MSIE 10.0; Windows NT 6.1; WOW64; Trident/6.0)"
188.164.198.78 - - [18/Oct/2025:15:08:26 -0400] "GET /wp-login.php HTTP/1.1" 200 5973 "-" "Mozilla/5.0 (MSIE 8.0; Windows NT 6.0; Trident/7.0; rv:11.0) like Gecko"
188.164.198.78 - - [18/Oct/2025:15:08:28 -0400] "POST /wp-login.php HTTP/1.1" 200 6411 "https://herintalk.com/wp-login.php" "Mozilla/5.0 (MSIE 8.0; Windows NT 6.0; Trident/7.0; rv:11.0) like Gecko"
198.98.48.136 - - [18/Oct/2025:15:08:28 -0400] "GET /wp-login.php?redirect_to=https%3A%2F%2Fherintalk.com%2Fwp-admin%2F&reauth=1 HTTP/1.1" 200 5973 "-" "Mozilla/5.0 (compatible; MSIE 10.0; Windows NT 6.1; WOW64; Trident/6.0)"
198.98.48.136 - - [18/Oct/2025:15:08:42 -0400] "GET /wp-admin/themes.php HTTP/1.1" 302 - "-" "python-requests/2.27.1"
216.73.216.87 - - [18/Oct/2025:15:09:42 -0400] "GET /robots.txt HTTP/1.1" 200 114 "-" "Mozilla/5.0 AppleWebKit/537.36 (KHTML, like Gecko; compatible; ClaudeBot/1.0; [email protected])"
216.73.216.87 - - [18/Oct/2025:15:09:43 -0400] "GET /supreme-garcinia-cambogia-canada HTTP/1.1" 301 - "-" "Mozilla/5.0 AppleWebKit/537.36 (KHTML, like Gecko; compatible; ClaudeBot/1.0; [email protected])"
216.73.216.87 - - [18/Oct/2025:15:09:43 -0400] "GET /supreme-garcinia-cambogia-canada/ HTTP/1.1" 200 88214 "https://herintalk.com/supreme-garcinia-cambogia-canada" "Mozilla/5.0 AppleWebKit/537.36 (KHTML, like Gecko; compatible; ClaudeBot/1.0; [email protected])"
216.73.216.87 - - [18/Oct/2025:15:10:48 -0400] "GET /women-vs-sports-really-battle-going HTTP/1.1" 301 - "-" "Mozilla/5.0 AppleWebKit/537.36 (KHTML, like Gecko; compatible; ClaudeBot/1.0; [email protected])"
216.73.216.87 - - [18/Oct/2025:15:10:49 -0400] "GET /women-vs-sports-really-battle-going/ HTTP/1.1" 200 90087 "https://herintalk.com/women-vs-sports-really-battle-going" "Mozilla/5.0 AppleWebKit/537.36 (KHTML, like Gecko; compatible; ClaudeBot/1.0; [email protected])"
198.98.48.136 - - [18/Oct/2025:15:11:04 -0400] "GET /wp-admin/themes.php HTTP/1.1" 302 - "-" "python-requests/2.27.1"
198.98.48.136 - - [18/Oct/2025:15:11:06 -0400] "GET /wp-login.php?redirect_to=https%3A%2F%2Fwww.herintalk.com%2Fwp-admin%2Fthemes.php&reauth=1 HTTP/1.1" 200 5987 "-" "python-requests/2.27.1"
198.98.48.136 - - [18/Oct/2025:15:11:57 -0400] "GET /wp-admin/plugin-install.php?tab=upload HTTP/1.1" 302 - "-" "python-requests/2.27.1"
198.98.48.136 - - [18/Oct/2025:15:12:46 -0400] "GET /wp-admin/plugin-install.php?tab=upload HTTP/1.1" 302 - "-" "python-requests/2.27.1"
216.73.216.87 - - [18/Oct/2025:15:12:46 -0400] "GET /health-naturals-cbd-tincture/?filter_by=popular7 HTTP/1.1" 200 86236 "-" "Mozilla/5.0 AppleWebKit/537.36 (KHTML, like Gecko; compatible; ClaudeBot/1.0; [email protected])"
216.73.216.87 - - [18/Oct/2025:15:12:47 -0400] "GET /enjoy-monsoon-showers-healthy-eating-habits/feed HTTP/1.1" 301 - "-" "Mozilla/5.0 AppleWebKit/537.36 (KHTML, like Gecko; compatible; ClaudeBot/1.0; [email protected])"
216.73.216.87 - - [18/Oct/2025:15:12:48 -0400] "GET /enjoy-monsoon-showers-healthy-eating-habits/feed/ HTTP/1.1" 200 841 "https://herintalk.com/enjoy-monsoon-showers-healthy-eating-habits/feed" "Mozilla/5.0 AppleWebKit/537.36 (KHTML, like Gecko; compatible; ClaudeBot/1.0; [email protected])"
52.167.144.215 - - [18/Oct/2025:15:13:16 -0400] "GET /ocfq70/perth-australia-weather HTTP/1.1" 404 60916 "-" "Mozilla/5.0 (Windows NT 10.0; Win64; x64) AppleWebKit/537.36 (KHTML, like Gecko) Chrome/112.0.0.0 Safari/537.36 Edg/112.0.1722.68"
58.64.45.45 - - [18/Oct/2025:15:13:19 -0400] "GET /wp-login.php HTTP/1.1" 200 5973 "-" "Mozilla/5.0 (Windows NT 6.1; WOW64; rv:60.0) Gecko/20100101 Firefox/60.0"
58.64.45.45 - - [18/Oct/2025:15:13:20 -0400] "POST /wp-login.php HTTP/1.1" 200 6410 "https://herintalk.com/wp-login.php" "Mozilla/5.0 (Windows NT 6.1; WOW64; rv:60.0) Gecko/20100101 Firefox/60.0"
216.73.216.87 - - [18/Oct/2025:15:13:25 -0400] "GET /?p=9135 HTTP/1.1" 301 - "-" "Mozilla/5.0 AppleWebKit/537.36 (KHTML, like Gecko; compatible; ClaudeBot/1.0; [email protected])"
216.73.216.87 - - [18/Oct/2025:15:13:25 -0400] "GET /?p=9130 HTTP/1.1" 301 - "-" "Mozilla/5.0 AppleWebKit/537.36 (KHTML, like Gecko; compatible; ClaudeBot/1.0; [email protected])"
216.73.216.87 - - [18/Oct/2025:15:13:26 -0400] "GET /uber-ignite-reviews/ HTTP/1.1" 200 87960 "https://herintalk.com/?p=9135" "Mozilla/5.0 AppleWebKit/537.36 (KHTML, like Gecko; compatible; ClaudeBot/1.0; [email protected])"
216.73.216.87 - - [18/Oct/2025:15:13:26 -0400] "GET /supreme-garcinia-cambogia-with-pure-cleanse/ HTTP/1.1" 200 89418 "https://herintalk.com/?p=9130" "Mozilla/5.0 AppleWebKit/537.36 (KHTML, like Gecko; compatible; ClaudeBot/1.0; [email protected])"
198.98.48.136 - - [18/Oct/2025:15:15:16 -0400] "GET /wp-login.php?redirect_to=https%3A%2F%2Fwww.herintalk.com%2Fwp-admin%2Fplugin-install.php%3Ftab%3Dupload&reauth=1 HTTP/1.1" 200 6006 "-" "python-requests/2.27.1"
216.73.216.87 - - [18/Oct/2025:15:15:41 -0400] "GET /iftar-menu-month-ramadan-fed-menu HTTP/1.1" 301 - "-" "Mozilla/5.0 AppleWebKit/537.36 (KHTML, like Gecko; compatible; ClaudeBot/1.0; [email protected])"
216.73.216.87 - - [18/Oct/2025:15:15:41 -0400] "GET /?p=2015 HTTP/1.1" 301 - "-" "Mozilla/5.0 AppleWebKit/537.36 (KHTML, like Gecko; compatible; ClaudeBot/1.0; [email protected])"
216.73.216.87 - - [18/Oct/2025:15:15:42 -0400] "GET /iftar-menu-month-ramadan-fed-menu/ HTTP/1.1" 200 91197 "https://herintalk.com/iftar-menu-month-ramadan-fed-menu" "Mozilla/5.0 AppleWebKit/537.36 (KHTML, like Gecko; compatible; ClaudeBot/1.0; [email protected])"
216.73.216.87 - - [18/Oct/2025:15:15:42 -0400] "GET /5-formal-gestures-you-must-adhere-to-love-demands-etiquette/ HTTP/1.1" 200 88910 "https://herintalk.com/?p=2015" "Mozilla/5.0 AppleWebKit/537.36 (KHTML, like Gecko; compatible; ClaudeBot/1.0; [email protected])"
89.248.172.183 - - [18/Oct/2025:15:15:44 -0400] "POST /wp-json/tdw/save_css HTTP/1.1" 401 98 "-" "Mozilla/5.0 (Windows NT 10.0) AppleWebKit/537.36 (KHTML, like Gecko) Chrome/104.0.0.0 Safari/537.36"
141.11.128.112 - - [18/Oct/2025:15:15:47 -0400] "HEAD / HTTP/1.1" 200 - "https://herintalk.com/" "Mozilla/5.0 (Windows NT 10.0; Win64; x64) AppleWebKit/537.36 (KHTML, like Gecko) Chrome/91.0.4472.124 Safari/537.36"
141.11.128.112 - - [18/Oct/2025:15:15:49 -0400] "HEAD / HTTP/1.1" 200 - "https://herintalk.com/" "Mozilla/5.0 (Windows NT 10.0; Win64; x64) AppleWebKit/537.36 (KHTML, like Gecko) Chrome/91.0.4472.124 Safari/537.36"
141.11.128.112 - - [18/Oct/2025:15:15:50 -0400] "POST /wp-login.php HTTP/1.1" 200 5973 "https://www.google.com/" "Mozilla/5.0 (Windows NT 10.0; Win64; x64) AppleWebKit/537.36 (KHTML, like Gecko) Chrome/91.0.4472.124 Safari/537.36"
141.11.128.112 - - [18/Oct/2025:15:15:50 -0400] "POST /wp-login.php HTTP/1.1" 200 6392 "https://herintalk.com/wp-admin/" "Mozilla/5.0 (Windows NT 10.0; Win64; x64) AppleWebKit/537.36 (KHTML, like Gecko) Chrome/90.0.4430.85 Safari/537.36"
141.11.128.112 - - [18/Oct/2025:15:15:51 -0400] "GET /wp-admin/ HTTP/1.1" 302 - "https://www.google.com/" "Mozilla/5.0 (Windows NT 10.0; Win64; x64) AppleWebKit/537.36 (KHTML, like Gecko) Chrome/91.0.4472.124 Safari/537.36"
141.11.128.112 - - [18/Oct/2025:15:15:52 -0400] "GET /wp-login.php?redirect_to=https%3A%2F%2Fherintalk.com%2Fwp-admin%2F&reauth=1 HTTP/1.1" 200 5973 "https://www.google.com/" "Mozilla/5.0 (Windows NT 10.0; Win64; x64) AppleWebKit/537.36 (KHTML, like Gecko) Chrome/91.0.4472.124 Safari/537.36"
141.11.128.112 - - [18/Oct/2025:15:15:53 -0400] "POST /xmlrpc.php HTTP/1.1" 200 401 "https://www.google.com/" "Mozilla/5.0 (Windows NT 10.0; Win64; x64) AppleWebKit/537.36 (KHTML, like Gecko) Chrome/91.0.4472.124 Safari/537.36"
141.11.128.112 - - [18/Oct/2025:15:15:54 -0400] "GET /administrator/index.php HTTP/1.1" 301 - "https://www.google.com/" "Mozilla/5.0 (Windows NT 10.0; Win64; x64) AppleWebKit/537.36 (KHTML, like Gecko) Chrome/91.0.4472.124 Safari/537.36"
141.11.128.112 - - [18/Oct/2025:15:15:54 -0400] "GET /administrator/ HTTP/1.1" 404 60916 "https://www.google.com/" "Mozilla/5.0 (Windows NT 10.0; Win64; x64) AppleWebKit/537.36 (KHTML, like Gecko) Chrome/91.0.4472.124 Safari/537.36"
89.248.172.183 - - [18/Oct/2025:15:16:24 -0400] "POST /wp-json/tdw/save_css HTTP/1.1" 401 98 "-" "Mozilla/5.0 (Windows NT 10.0) AppleWebKit/537.36 (KHTML, like Gecko) Chrome/104.0.0.0 Safari/537.36"
2001:41d0:303:6ec8::1 - - [18/Oct/2025:15:16:33 -0400] "GET /robots.txt HTTP/1.1" 200 114 "-" "Mozilla/5.0 (compatible; MJ12bot/v1.4.8; http://mj12bot.com/)"
2001:41d0:303:6ec8::1 - - [18/Oct/2025:15:17:16 -0400] "GET /bonus-sem-deposito-portugal-%EF%B8%8F-casino-bonus-gratis-2025/ HTTP/1.1" 404 60916 "-" "Mozilla/5.0 (compatible; MJ12bot/v1.4.8; http://mj12bot.com/)"
20.171.207.109 - - [18/Oct/2025:15:17:32 -0400] "GET /wp-content/plugins/td-composer/legacy/common/wp_booster/wp-admin/panel/views/ajax_boxes/td_panel_cpt_taxonomy/td_get_cpt_settings_by_post_type.php HTTP/1.1" 500 - "-" "Mozilla/5.0 AppleWebKit/537.36 (KHTML, like Gecko; compatible; GPTBot/1.2; +https://openai.com/gptbot)"
20.171.207.109 - - [18/Oct/2025:15:17:35 -0400] "GET /wp-content/plugins/td-composer/legacy/common/wp_booster/wp-admin/panel/views/ajax_boxes/td_panel_cpt_taxonomy/td_get_tax_settings_by_tax_name.php HTTP/1.1" 500 - "-" "Mozilla/5.0 AppleWebKit/537.36 (KHTML, like Gecko; compatible; GPTBot/1.2; +https://openai.com/gptbot)"
178.33.109.109 - - [18/Oct/2025:15:18:19 -0400] "POST /xmlrpc.php HTTP/1.1" 200 401 "-" "Mozilla/5.0 (Windows NT 6.2; Win64; x64) AppleWebKit/537.36 (KHTML, like Gecko) Chrome/65.0.3325.181 Safari/537.36 OPR/52.0.2871.99"
66.116.199.115 - - [18/Oct/2025:15:20:52 -0400] "POST /wp-cron.php?doing_wp_cron=1760815252.1677188873291015625000 HTTP/1.1" 200 - "-" "WordPress/6.8.3; https://herintalk.com"
54.236.1.51 - - [18/Oct/2025:15:20:51 -0400] "GET /pryazine-male-enhancement/ HTTP/1.1" 200 84804 "-" "Mozilla/5.0 (compatible; Pinterestbot/1.0; +http://www.pinterest.com/bot.html)"
40.77.167.61 - - [18/Oct/2025:15:21:11 -0400] "GET /27394dyiu8fa6db8kieaac3ba5 HTTP/1.1" 301 - "-" "Mozilla/5.0 AppleWebKit/537.36 (KHTML, like Gecko; compatible; bingbot/2.0; +http://www.bing.com/bingbot.htm) Chrome/116.0.1938.76 Safari/537.36"
54.236.1.54 - - [18/Oct/2025:15:22:18 -0400] "GET / HTTP/1.1" 200 144350 "-" "Mozilla/5.0 (compatible; Pinterestbot/1.0; +http://www.pinterest.com/bot.html)"
46.105.73.207 - - [18/Oct/2025:15:23:24 -0400] "POST /xmlrpc.php HTTP/1.1" 200 401 "-" "Mozilla/5.0 (X11; Linux x86_64) AppleWebKit/537.36 (KHTML, like Gecko) Chrome/67.0.3396.87 Safari/537.36"
51.255.119.44 - - [18/Oct/2025:15:24:31 -0400] "POST /xmlrpc.php HTTP/1.1" 200 401 "-" "Mozilla/5.0 (Windows NT 6.1; WOW64; Trident/7.0; MALC; rv:11.0) like Gecko"
15.204.97.227 - - [18/Oct/2025:15:25:48 -0400] "GET /wp-login.php HTTP/1.1" 200 5973 "-" "Mozilla/4.0 (compatible; MSIE 7.0; Windows NT 6.2; WOW64; Trident/7.0; .NET4.0C; .NET4.0E; .NET CLR 2.0.50727; .NET CLR 3.0.30729; .NET CLR 3.5.30729; Tablet PC 2.0)"
15.204.97.227 - - [18/Oct/2025:15:25:56 -0400] "POST /wp-login.php HTTP/1.1" 200 6410 "https://herintalk.com/wp-login.php" "Mozilla/4.0 (compatible; MSIE 7.0; Windows NT 6.2; WOW64; Trident/7.0; .NET4.0C; .NET4.0E; .NET CLR 2.0.50727; .NET CLR 3.0.30729; .NET CLR 3.5.30729; Tablet PC 2.0)"
185.245.104.75 - - [18/Oct/2025:15:26:05 -0400] "GET / HTTP/1.1" 200 144671 "http://HERINTALK.COM" "Mozilla/5.0 (Windows NT 10.0; Win64; x64) AppleWebKit/537.36 (KHTML, like Gecko) Chrome/120.0.0.0 Safari/537.36"
165.227.93.191 - - [18/Oct/2025:15:27:20 -0400] "GET /wp-login.php HTTP/1.1" 200 5973 "-" "Mozilla/5.0 (Windows NT 6.1) AppleWebKit/537.36 (KHTML, like Gecko) Chrome/67.0.3396.62 Safari/537.36"
165.227.93.191 - - [18/Oct/2025:15:27:26 -0400] "POST /wp-login.php HTTP/1.1" 200 6411 "https://herintalk.com/wp-login.php" "Mozilla/5.0 (Windows NT 6.1) AppleWebKit/537.36 (KHTML, like Gecko) Chrome/67.0.3396.62 Safari/537.36"
37.24.161.119 - - [18/Oct/2025:15:28:08 -0400] "POST /xmlrpc.php HTTP/1.1" 200 401 "-" "Mozilla/4.0 (compatible; MSIE 7.0; Windows NT 6.2; Win64; x64; Trident/7.0; .NET4.0E; .NET4.0C; .NET CLR 3.5.30729; .NET CLR 2.0.50727; .NET CLR 3.0.30729)"
216.73.216.87 - - [18/Oct/2025:15:29:33 -0400] "GET /sacred-sex-by-gods/4 HTTP/1.1" 301 - "-" "Mozilla/5.0 AppleWebKit/537.36 (KHTML, like Gecko; compatible; ClaudeBot/1.0; [email protected])"
216.73.216.87 - - [18/Oct/2025:15:29:34 -0400] "GET /sacred-sex-by-gods/4/ HTTP/1.1" 200 83708 "https://herintalk.com/sacred-sex-by-gods/4" "Mozilla/5.0 AppleWebKit/537.36 (KHTML, like Gecko; compatible; ClaudeBot/1.0; [email protected])"
185.245.104.75 - - [18/Oct/2025:15:29:40 -0400] "GET / HTTP/1.1" 200 144691 "-" "\"Mozilla/5.0 (Macintosh; Intel Mac OS X 10_15_7) AppleWebKit/537.36 (KHTML, like Gecko) Chrome/134.0.0.0 Safari/537.36\""
185.245.104.75 - - [18/Oct/2025:15:29:41 -0400] "GET /wp-includes/js/jquery/jquery.min.js?ver=3.7.1 HTTP/1.1" 304 - "https://herintalk.com/" "\"Mozilla/5.0 (Macintosh; Intel Mac OS X 10_15_7) AppleWebKit/537.36 (KHTML, like Gecko) Chrome/134.0.0.0 Safari/537.36\""
185.245.104.75 - - [18/Oct/2025:15:29:41 -0400] "GET /wp-includes/js/jquery/jquery-migrate.min.js?ver=3.4.1 HTTP/1.1" 304 - "https://herintalk.com/" "\"Mozilla/5.0 (Macintosh; Intel Mac OS X 10_15_7) AppleWebKit/537.36 (KHTML, like Gecko) Chrome/134.0.0.0 Safari/537.36\""
185.245.104.75 - - [18/Oct/2025:15:29:42 -0400] "GET /wp-content/plugins/td-composer/legacy/Newspaper/js/tagdiv_theme.min.js?ver=12.7.2 HTTP/1.1" 304 - "https://herintalk.com/" "\"Mozilla/5.0 (Macintosh; Intel Mac OS X 10_15_7) AppleWebKit/537.36 (KHTML, like Gecko) Chrome/134.0.0.0 Safari/537.36\""
185.245.104.75 - - [18/Oct/2025:15:29:42 -0400] "GET /wp-content/plugins/td-composer/legacy/Newspaper/js/tdPostImages.js?ver=12.7.2 HTTP/1.1" 304 - "https://herintalk.com/" "\"Mozilla/5.0 (Macintosh; Intel Mac OS X 10_15_7) AppleWebKit/537.36 (KHTML, like Gecko) Chrome/134.0.0.0 Safari/537.36\""
185.245.104.75 - - [18/Oct/2025:15:29:42 -0400] "GET /wp-content/plugins/td-composer/legacy/Newspaper/js/tdSmartSidebar.js?ver=12.7.2 HTTP/1.1" 304 - "https://herintalk.com/" "\"Mozilla/5.0 (Macintosh; Intel Mac OS X 10_15_7) AppleWebKit/537.36 (KHTML, like Gecko) Chrome/134.0.0.0 Safari/537.36\""
185.245.104.75 - - [18/Oct/2025:15:29:42 -0400] "GET /wp-content/plugins/td-composer/legacy/Newspaper/js/tdSocialSharing.js?ver=12.7.2 HTTP/1.1" 304 - "https://herintalk.com/" "\"Mozilla/5.0 (Macintosh; Intel Mac OS X 10_15_7) AppleWebKit/537.36 (KHTML, like Gecko) Chrome/134.0.0.0 Safari/537.36\""
185.245.104.75 - - [18/Oct/2025:15:29:42 -0400] "GET /wp-content/plugins/td-composer/legacy/Newspaper/js/tdModalPostImages.js?ver=12.7.2 HTTP/1.1" 304 - "https://herintalk.com/" "\"Mozilla/5.0 (Macintosh; Intel Mac OS X 10_15_7) AppleWebKit/537.36 (KHTML, like Gecko) Chrome/134.0.0.0 Safari/537.36\""
185.245.104.75 - - [18/Oct/2025:15:29:42 -0400] "GET /wp-includes/js/underscore.min.js?ver=1.13.7 HTTP/1.1" 304 - "https://herintalk.com/" "\"Mozilla/5.0 (Macintosh; Intel Mac OS X 10_15_7) AppleWebKit/537.36 (KHTML, like Gecko) Chrome/134.0.0.0 Safari/537.36\""
185.245.104.75 - - [18/Oct/2025:15:29:42 -0400] "GET /wp-content/plugins/td-subscription/assets/js/js_files_for_front.min.js?ver=1.7.2 HTTP/1.1" 304 - "https://herintalk.com/" "\"Mozilla/5.0 (Macintosh; Intel Mac OS X 10_15_7) AppleWebKit/537.36 (KHTML, like Gecko) Chrome/134.0.0.0 Safari/537.36\""
185.245.104.75 - - [18/Oct/2025:15:29:42 -0400] "GET /wp-content/plugins/td-composer/legacy/Newspaper/js/tdToTop.js?ver=12.7.2 HTTP/1.1" 304 - "https://herintalk.com/" "\"Mozilla/5.0 (Macintosh; Intel Mac OS X 10_15_7) AppleWebKit/537.36 (KHTML, like Gecko) Chrome/134.0.0.0 Safari/537.36\""
185.245.104.75 - - [18/Oct/2025:15:29:42 -0400] "GET /wp-content/plugins/td-cloud-library/assets/js/js_files_for_front.min.js?ver=94753ae56b0030d8cbea6a556906ceb0 HTTP/1.1" 304 - "https://herintalk.com/" "\"Mozilla/5.0 (Macintosh; Intel Mac OS X 10_15_7) AppleWebKit/537.36 (KHTML, like Gecko) Chrome/134.0.0.0 Safari/537.36\""
185.245.104.75 - - [18/Oct/2025:15:29:43 -0400] "GET /wp-content/plugins/td-composer/legacy/Newspaper/js/tdAjaxSearch.js?ver=12.7.2 HTTP/1.1" 304 - "https://herintalk.com/" "\"Mozilla/5.0 (Macintosh; Intel Mac OS X 10_15_7) AppleWebKit/537.36 (KHTML, like Gecko) Chrome/134.0.0.0 Safari/537.36\""
185.245.104.75 - - [18/Oct/2025:15:29:43 -0400] "GET /wp-content/plugins/td-composer/legacy/Newspaper/js/tdLogin.js?ver=12.7.2 HTTP/1.1" 304 - "https://herintalk.com/" "\"Mozilla/5.0 (Macintosh; Intel Mac OS X 10_15_7) AppleWebKit/537.36 (KHTML, like Gecko) Chrome/134.0.0.0 Safari/537.36\""
185.245.104.75 - - [18/Oct/2025:15:29:43 -0400] "GET /wp-content/plugins/td-composer/legacy/Newspaper/js/tdMenu.js?ver=12.7.2 HTTP/1.1" 304 - "https://herintalk.com/" "\"Mozilla/5.0 (Macintosh; Intel Mac OS X 10_15_7) AppleWebKit/537.36 (KHTML, like Gecko) Chrome/134.0.0.0 Safari/537.36\""
185.245.104.75 - - [18/Oct/2025:15:29:43 -0400] "GET /wp-content/plugins/td-composer/legacy/Newspaper/js/tdTrendingNow.js?ver=12.7.2 HTTP/1.1" 304 - "https://herintalk.com/" "\"Mozilla/5.0 (Macintosh; Intel Mac OS X 10_15_7) AppleWebKit/537.36 (KHTML, like Gecko) Chrome/134.0.0.0 Safari/537.36\""
185.245.104.75 - - [18/Oct/2025:15:29:43 -0400] "GET /wp-includes/js/comment-reply.min.js?ver=6.8.3 HTTP/1.1" 304 - "https://herintalk.com/" "\"Mozilla/5.0 (Macintosh; Intel Mac OS X 10_15_7) AppleWebKit/537.36 (KHTML, like Gecko) Chrome/134.0.0.0 Safari/537.36\""
185.245.104.75 - - [18/Oct/2025:15:29:43 -0400] "GET /wp-content/plugins/td-composer/legacy/Newspaper/js/tdLoadingBox.js?ver=12.7.2 HTTP/1.1" 304 - "https://herintalk.com/" "\"Mozilla/5.0 (Macintosh; Intel Mac OS X 10_15_7) AppleWebKit/537.36 (KHTML, like Gecko) Chrome/134.0.0.0 Safari/537.36\""
185.245.104.75 - - [18/Oct/2025:15:29:43 -0400] "GET /wp-includes/js/wp-emoji-release.min.js?ver=6.8.3 HTTP/1.1" 304 - "https://herintalk.com/" "\"Mozilla/5.0 (Macintosh; Intel Mac OS X 10_15_7) AppleWebKit/537.36 (KHTML, like Gecko) Chrome/134.0.0.0 Safari/537.36\""
185.245.104.75 - - [18/Oct/2025:15:29:44 -0400] "GET /contact-us/ HTTP/1.1" 200 54432 "-" "\"Mozilla/5.0 (Macintosh; Intel Mac OS X 10_15_7) AppleWebKit/537.36 (KHTML, like Gecko) Chrome/134.0.0.0 Safari/537.36\""
185.245.104.75 - - [18/Oct/2025:15:29:49 -0400] "GET /intelligex-reviews/ HTTP/1.1" 200 87732 "-" "\"Mozilla/5.0 (Macintosh; Intel Mac OS X 10_15_7) AppleWebKit/537.36 (KHTML, like Gecko) Chrome/134.0.0.0 Safari/537.36\""
185.245.104.75 - - [18/Oct/2025:15:29:54 -0400] "GET /biofusion-eye-lift-reviews/ HTTP/1.1" 200 89914 "-" "\"Mozilla/5.0 (Macintosh; Intel Mac OS X 10_15_7) AppleWebKit/537.36 (KHTML, like Gecko) Chrome/134.0.0.0 Safari/537.36\""
185.245.104.75 - - [18/Oct/2025:15:29:59 -0400] "GET /brainup-iq-reviews/ HTTP/1.1" 200 87413 "-" "\"Mozilla/5.0 (Macintosh; Intel Mac OS X 10_15_7) AppleWebKit/537.36 (KHTML, like Gecko) Chrome/134.0.0.0 Safari/537.36\""
67.227.250.231 - - [18/Oct/2025:15:33:30 -0400] "POST /xmlrpc.php HTTP/1.1" 200 401 "-" "Mozilla/5.0 (X11; Linux x86_64) AppleWebKit/537.36 (KHTML, like Gecko) Chrome/67.0.3396.62 Safari/537.36"
103.175.163.22 - - [18/Oct/2025:15:34:38 -0400] "POST /xmlrpc.php HTTP/1.1" 200 401 "-" "Mozilla/5.0 (Windows NT 6.1) AppleWebKit/537.36 (KHTML, like Gecko) Chrome/66.0.3359.117 Safari/537.36"
63.250.38.246 - - [18/Oct/2025:15:35:13 -0400] "GET /wp-login.php HTTP/1.1" 200 5973 "-" "Mozilla/5.0 (Windows NT 6.3; WOW64; Trident/7.0; TAJB; rv:11.0) like Gecko"
63.250.38.246 - - [18/Oct/2025:15:35:14 -0400] "POST /wp-login.php HTTP/1.1" 200 6410 "https://herintalk.com/wp-login.php" "Mozilla/5.0 (Windows NT 6.3; WOW64; Trident/7.0; TAJB; rv:11.0) like Gecko"
141.11.128.112 - - [18/Oct/2025:15:35:19 -0400] "HEAD / HTTP/1.1" 200 - "https://herintalk.com/" "Mozilla/5.0 (Windows NT 10.0; Win64; x64) AppleWebKit/537.36 (KHTML, like Gecko) Chrome/91.0.4472.124 Safari/537.36"
141.11.128.112 - - [18/Oct/2025:15:35:20 -0400] "HEAD / HTTP/1.1" 200 - "https://herintalk.com/" "Mozilla/5.0 (Windows NT 10.0; Win64; x64) AppleWebKit/537.36 (KHTML, like Gecko) Chrome/91.0.4472.124 Safari/537.36"
141.11.128.112 - - [18/Oct/2025:15:35:21 -0400] "GET /wp-login.php?wp_lang=en_US HTTP/1.1" 200 5973 "https://www.google.com/" "Mozilla/5.0 (Windows NT 10.0; Win64; x64) AppleWebKit/537.36 (KHTML, like Gecko) Chrome/91.0.4472.124 Safari/537.36"
141.11.128.112 - - [18/Oct/2025:15:35:22 -0400] "POST /wp-login.php HTTP/1.1" 200 6392 "https://herintalk.com/wp-admin/" "Mozilla/5.0 (Windows NT 10.0; Win64; x64) AppleWebKit/537.36 (KHTML, like Gecko) Chrome/90.0.4430.85 Safari/537.36"
141.11.128.112 - - [18/Oct/2025:15:35:22 -0400] "GET /wp-admin/ HTTP/1.1" 302 - "https://www.google.com/" "Mozilla/5.0 (Windows NT 10.0; Win64; x64) AppleWebKit/537.36 (KHTML, like Gecko) Chrome/91.0.4472.124 Safari/537.36"
141.11.128.112 - - [18/Oct/2025:15:35:23 -0400] "GET /wp-login.php?redirect_to=https%3A%2F%2Fherintalk.com%2Fwp-admin%2F&reauth=1 HTTP/1.1" 200 5973 "https://www.google.com/" "Mozilla/5.0 (Windows NT 10.0; Win64; x64) AppleWebKit/537.36 (KHTML, like Gecko) Chrome/91.0.4472.124 Safari/537.36"
141.11.128.112 - - [18/Oct/2025:15:35:24 -0400] "GET /administrator/index.php HTTP/1.1" 301 - "https://www.google.com/" "Mozilla/5.0 (Windows NT 10.0; Win64; x64) AppleWebKit/537.36 (KHTML, like Gecko) Chrome/91.0.4472.124 Safari/537.36"
141.11.128.112 - - [18/Oct/2025:15:35:25 -0400] "GET /administrator/ HTTP/1.1" 404 60916 "https://www.google.com/" "Mozilla/5.0 (Windows NT 10.0; Win64; x64) AppleWebKit/537.36 (KHTML, like Gecko) Chrome/91.0.4472.124 Safari/537.36"
185.65.247.253 - - [18/Oct/2025:15:36:06 -0400] "GET /wp-login.php HTTP/1.1" 200 5973 "-" "Mozilla/5.0 (Windows NT 6.1; Trident/7.0; MATP; rv:11.0) like Gecko"
185.65.247.253 - - [18/Oct/2025:15:36:07 -0400] "POST /wp-login.php HTTP/1.1" 200 6411 "https://herintalk.com/wp-login.php" "Mozilla/5.0 (Windows NT 6.1; Trident/7.0; MATP; rv:11.0) like Gecko"
216.73.216.87 - - [18/Oct/2025:15:41:27 -0400] "GET /ultralast-xxl HTTP/1.1" 301 - "-" "Mozilla/5.0 AppleWebKit/537.36 (KHTML, like Gecko; compatible; ClaudeBot/1.0; [email protected])"
216.73.216.87 - - [18/Oct/2025:15:41:28 -0400] "GET /ultralast-xxl/ HTTP/1.1" 200 86325 "https://herintalk.com/ultralast-xxl" "Mozilla/5.0 AppleWebKit/537.36 (KHTML, like Gecko; compatible; ClaudeBot/1.0; [email protected])"
50.6.224.234 - - [18/Oct/2025:15:43:58 -0400] "GET /wp-login.php HTTP/1.1" 200 5973 "-" "Mozilla/5.0 (Windows NT 6.1; WOW64; Trident/7.0; TNJB; rv:11.0) like Gecko"
50.6.224.234 - - [18/Oct/2025:15:44:01 -0400] "POST /wp-login.php HTTP/1.1" 200 6410 "https://herintalk.com/wp-login.php" "Mozilla/5.0 (Windows NT 6.1; WOW64; Trident/7.0; TNJB; rv:11.0) like Gecko"
54.36.95.199 - - [18/Oct/2025:15:45:16 -0400] "GET /wp-login.php HTTP/1.1" 200 5973 "-" "Mozilla/5.0 (Macintosh; Intel Mac OS X 10_13_4) AppleWebKit/537.36 (KHTML, like Gecko) Chrome/66.0.3359.117 Safari/537.36"
54.36.95.199 - - [18/Oct/2025:15:45:18 -0400] "POST /wp-login.php HTTP/1.1" 200 6411 "https://herintalk.com/wp-login.php" "Mozilla/5.0 (Macintosh; Intel Mac OS X 10_13_4) AppleWebKit/537.36 (KHTML, like Gecko) Chrome/66.0.3359.117 Safari/537.36"
89.248.172.183 - - [18/Oct/2025:15:45:30 -0400] "POST /wp-json/tdw/save_css HTTP/1.1" 401 98 "-" "Mozilla/5.0 (Windows NT 10.0) AppleWebKit/537.36 (KHTML, like Gecko) Chrome/104.0.0.0 Safari/537.36"
89.248.172.183 - - [18/Oct/2025:15:46:38 -0400] "POST /wp-json/tdw/save_css HTTP/1.1" 401 98 "-" "Mozilla/5.0 (Windows NT 10.0) AppleWebKit/537.36 (KHTML, like Gecko) Chrome/104.0.0.0 Safari/537.36"
103.49.70.229 - - [18/Oct/2025:15:48:01 -0400] "POST /xmlrpc.php HTTP/1.1" 200 401 "-" "Mozilla/5.0 (MSIE 9.0; Windows NT 6.1; WOW64; Trident/7.0; rv:11.0) like Gecko"
52.167.144.137 - - [18/Oct/2025:15:48:35 -0400] "GET /a4g6o/the-invisible-guest HTTP/1.1" 404 60916 "-" "Mozilla/5.0 AppleWebKit/537.36 (KHTML, like Gecko; compatible; bingbot/2.0; +http://www.bing.com/bingbot.htm) Chrome/116.0.1938.76 Safari/537.36"
5.102.173.71 - - [18/Oct/2025:15:49:26 -0400] "GET /robots.txt HTTP/1.1" 200 114 "-" "Mozilla/5.0 (compatible; MojeekBot/0.11; +https://www.mojeek.com/bot.html)"
5.102.173.71 - - [18/Oct/2025:15:49:27 -0400] "GET /is-registratie-bij-wolfy-casino-in-belgi-eenvoudiger-dan-elders/ HTTP/1.1" 404 60916 "-" "Mozilla/5.0 (compatible; MojeekBot/0.11; +https://www.mojeek.com/bot.html)"
216.73.216.87 - - [18/Oct/2025:15:49:29 -0400] "GET /?p=8717 HTTP/1.1" 301 - "-" "Mozilla/5.0 AppleWebKit/537.36 (KHTML, like Gecko; compatible; ClaudeBot/1.0; [email protected])"
216.73.216.87 - - [18/Oct/2025:15:49:30 -0400] "GET /joint-advance/ HTTP/1.1" 200 90809 "https://herintalk.com/?p=8717" "Mozilla/5.0 AppleWebKit/537.36 (KHTML, like Gecko; compatible; ClaudeBot/1.0; [email protected])"
77.83.48.217 - - [18/Oct/2025:15:52:09 -0400] "GET /wp-content/uploads/2014/05/article-2419131-1BC8CE9B000005DC-314_634x483.jpg HTTP/1.1" 200 84445 "-" "Mozilla/5.0 (Windows NT 10.0; Win64; x64) AppleWebKit/537.36 (KHTML, like Gecko) Chrome/123.0.0.0 Safari/537.36 Edg/123.0.0.0"
220.158.232.73 - - [18/Oct/2025:15:52:38 -0400] "GET /wp-login.php HTTP/1.1" 200 5973 "-" "Mozilla/5.0 (Windows NT 6.3; WOW64; Trident/7.0; MALNJS; rv:11.0) like Gecko"
220.158.232.73 - - [18/Oct/2025:15:52:41 -0400] "POST /wp-login.php HTTP/1.1" 200 6410 "https://herintalk.com/wp-login.php" "Mozilla/5.0 (Windows NT 6.3; WOW64; Trident/7.0; MALNJS; rv:11.0) like Gecko"
192.254.250.166 - - [18/Oct/2025:15:55:10 -0400] "POST /xmlrpc.php HTTP/1.1" 200 401 "-" "Mozilla/5.0 (Windows NT 6.1; Trident/7.0; EIE10;ENUSWOL; rv:11.0) like Gecko"
108.167.189.100 - - [18/Oct/2025:15:58:07 -0400] "POST /xmlrpc.php HTTP/1.1" 200 401 "-" "Mozilla/5.0 (Windows NT 6.3; WOW64; Trident/7.0; Touch; MAARJS; rv:11.0) like Gecko"
5.161.249.148 - - [18/Oct/2025:16:00:31 -0400] "POST /xmlrpc.php HTTP/1.1" 200 401 "-" "Mozilla/4.0 (compatible; MSIE 7.0; Windows NT 6.2; WOW64; Trident/7.0; .NET4.0C; .NET4.0E; wbx 1.0.0)"
88.99.162.239 - - [18/Oct/2025:16:02:05 -0400] "GET /wp-login.php HTTP/1.1" 200 5973 "-" "Mozilla/5.0 (Macintosh; Intel Mac OS X 10_12) AppleWebKit/602.1.38 (KHTML, like Gecko) Version/10.0 Safari/602.1.38"
88.99.162.239 - - [18/Oct/2025:16:02:06 -0400] "POST /wp-login.php HTTP/1.1" 200 6411 "https://herintalk.com/wp-login.php" "Mozilla/5.0 (Macintosh; Intel Mac OS X 10_12) AppleWebKit/602.1.38 (KHTML, like Gecko) Version/10.0 Safari/602.1.38"
138.201.195.221 - - [18/Oct/2025:16:03:47 -0400] "GET /feed/ HTTP/1.1" 200 68114 "-" "Mozilla/5.0 (X11; compatible; semantic-visions.com crawler; HTTPClient 4.5)"
107.174.68.163 - - [18/Oct/2025:16:05:32 -0400] "POST /xmlrpc.php HTTP/1.1" 200 401 "-" "Mozilla/5.0 (Windows NT 6.2; ARM; Trident/7.0; Touch; rv:11.0; WPDesktop; NOKIA; Lumia 530) like Gecko"
51.83.227.254 - - [18/Oct/2025:16:07:24 -0400] "GET /robots.txt HTTP/1.1" 301 - "-" "Mozilla/5.0 (compatible; SeekportBot; +https://bot.seekport.com)"
51.83.227.254 - - [18/Oct/2025:16:07:26 -0400] "GET / HTTP/1.1" 301 - "-" "Mozilla/5.0 (compatible; SeekportBot; +https://bot.seekport.com)"
68.183.25.188 - - [18/Oct/2025:16:07:50 -0400] "GET /wp-login.php HTTP/1.1" 200 5973 "-" "Mozilla/5.0 (Windows NT 6.3; Win64; x64; Trident/7.0; Touch; rv:11.0) like Gecko"
68.183.25.188 - - [18/Oct/2025:16:07:54 -0400] "POST /wp-login.php HTTP/1.1" 200 6411 "https://herintalk.com/wp-login.php" "Mozilla/5.0 (Windows NT 6.3; Win64; x64; Trident/7.0; Touch; rv:11.0) like Gecko"
67.205.41.55 - - [18/Oct/2025:16:08:36 -0400] "GET /wp-login.php HTTP/1.1" 200 5973 "-" "Mozilla/5.0 (Macintosh; Intel Mac OS X 10_12) AppleWebKit/602.1.38 (KHTML, like Gecko) Version/10.0 Safari/602.1.38"
67.205.41.55 - - [18/Oct/2025:16:08:40 -0400] "POST /wp-login.php HTTP/1.1" 200 6410 "https://herintalk.com/wp-login.php" "Mozilla/5.0 (Macintosh; Intel Mac OS X 10_12) AppleWebKit/602.1.38 (KHTML, like Gecko) Version/10.0 Safari/602.1.38"
188.164.198.78 - - [18/Oct/2025:16:09:04 -0400] "POST /xmlrpc.php HTTP/1.1" 200 401 "-" "Mozilla/5.0 (Windows NT 6.1; Win64; x64) AppleWebKit/537.36 (KHTML, like Gecko) Chrome/65.0.3325.181 Safari/537.36"
54.36.95.199 - - [18/Oct/2025:16:09:49 -0400] "POST /xmlrpc.php HTTP/1.1" 200 401 "-" "Mozilla/5.0 (Windows NT 10.0; WOW64) AppleWebKit/537.36 (KHTML, like Gecko) Chrome/67.0.3396.79 Safari/537.36"
66.249.68.1 - - [18/Oct/2025:16:10:33 -0400] "GET /magna-rx/ HTTP/1.1" 200 55559 "-" "Mozilla/5.0 (Linux; Android 6.0.1; Nexus 5X Build/MMB29P) AppleWebKit/537.36 (KHTML, like Gecko) Chrome/140.0.7339.207 Mobile Safari/537.36 (compatible; Googlebot/2.1; +http://www.google.com/bot.html)"
52.167.144.146 - - [18/Oct/2025:16:14:04 -0400] "GET /t4t35/logan-chieftain-football-score HTTP/1.1" 301 - "-" "Mozilla/5.0 AppleWebKit/537.36 (KHTML, like Gecko; compatible; bingbot/2.0; +http://www.bing.com/bingbot.htm) Chrome/116.0.1938.76 Safari/537.36"
68.65.120.147 - - [18/Oct/2025:16:16:58 -0400] "GET /wp-login.php HTTP/1.1" 200 5973 "-" "Mozilla/5.0 (Macintosh; Intel Mac OS X 10_13_3) AppleWebKit/537.36 (KHTML, like Gecko) Chrome/66.0.3359.117 Safari/537.36"
68.65.120.147 - - [18/Oct/2025:16:16:59 -0400] "POST /wp-login.php HTTP/1.1" 200 6410 "https://herintalk.com/wp-login.php" "Mozilla/5.0 (Macintosh; Intel Mac OS X 10_13_3) AppleWebKit/537.36 (KHTML, like Gecko) Chrome/66.0.3359.117 Safari/537.36"
89.117.74.114 - - [18/Oct/2025:16:17:42 -0400] "POST /xmlrpc.php HTTP/1.1" 200 401 "-" "Mozilla/5.0 (Macintosh; Intel Mac OS X 10_10_5) AppleWebKit/603.3.8 (KHTML, like Gecko) Version/10.1.2 Safari/603.3.8"
49.7.227.204 - - [18/Oct/2025:16:18:22 -0400] "GET / HTTP/1.1" 301 - "-" "Mozilla/5.0 (iPhone; CPU iPhone OS 13_2_3 like Mac OS X) AppleWebKit/605.1.15 (KHTML, like Gecko) Version/13.0.3 Mobile/15E148 Safari/604.1"
49.7.227.204 - - [18/Oct/2025:16:18:24 -0400] "GET / HTTP/1.1" 200 53469 "http://www.herintalk.com" "Mozilla/5.0 (iPhone; CPU iPhone OS 13_2_3 like Mac OS X) AppleWebKit/605.1.15 (KHTML, like Gecko) Version/13.0.3 Mobile/15E148 Safari/604.1"
162.214.75.168 - - [18/Oct/2025:16:18:38 -0400] "GET /.well-known/acme-challenge/UCSBL3EEL_Q871J1G_QMMY-ZVAT0X8C8 HTTP/1.1" 404 - "-" "Cpanel-HTTP-Client/1.0"
162.214.75.168 - - [18/Oct/2025:16:18:38 -0400] "GET /.well-known/acme-challenge/I9XP5I5OSIEBPXOF1H97WAKT0ZQZ9A3J HTTP/1.1" 404 - "-" "Cpanel-HTTP-Client/1.0"
39.170.58.206 - - [18/Oct/2025:16:20:30 -0400] "GET /wp-content/uploads/2015/05/rs_560x415-141014155535-1024-rene-russo.ls_.101414_copy.jpg HTTP/1.1" 200 58479 "-" "Mozilla/5.0 (X11; Ubuntu; Linux x86_64; rv:72.0) Gecko/20100101 Firefox/72.0"
66.116.199.115 - - [18/Oct/2025:16:23:04 -0400] "POST /wp-cron.php?doing_wp_cron=1760818984.3992791175842285156250 HTTP/1.1" 200 - "-" "WordPress/6.8.3; https://herintalk.com"
5.175.45.198 - - [18/Oct/2025:16:23:03 -0400] "GET /wp-login.php HTTP/1.1" 200 5973 "-" "Mozilla/5.0 (compatible; MSIE 10.0; Windows NT 6.2; Trident/7.0)"
5.175.45.198 - - [18/Oct/2025:16:23:08 -0400] "POST /wp-login.php HTTP/1.1" 200 6411 "https://herintalk.com/wp-login.php" "Mozilla/5.0 (compatible; MSIE 10.0; Windows NT 6.2; Trident/7.0)"
89.248.172.183 - - [18/Oct/2025:16:23:38 -0400] "POST /wp-json/tdw/save_css HTTP/1.1" 401 98 "-" "Mozilla/5.0 (Windows NT 10.0) AppleWebKit/537.36 (KHTML, like Gecko) Chrome/104.0.0.0 Safari/537.36"
154.0.175.30 - - [18/Oct/2025:16:25:06 -0400] "POST /xmlrpc.php HTTP/1.1" 200 401 "-" "Mozilla/5.0 (Macintosh; Intel Mac OS X 10_13_3) AppleWebKit/604.5.6 (KHTML, like Gecko) Version/11.0.3 Safari/604.5.6"
148.72.211.168 - - [18/Oct/2025:16:25:59 -0400] "POST /xmlrpc.php HTTP/1.1" 200 401 "-" "Mozilla/5.0 (Windows NT 6.1; WOW64; Trident/7.0; NP08; rv:11.0) like Gecko"
188.164.198.78 - - [18/Oct/2025:16:29:19 -0400] "POST /xmlrpc.php HTTP/1.1" 200 401 "-" "Mozilla/5.0 (Windows NT 10.0; Win64; x64) AppleWebKit/537.36 (KHTML, like Gecko) Chrome/64.0.3282.168 Safari/537.36 OPR/51.0.2830.40"
103.191.241.194 - - [18/Oct/2025:16:31:17 -0400] "GET /wp-login.php HTTP/1.1" 200 5973 "-" "Mozilla/5.0 (Macintosh; Intel Mac OS X 10_13_4) AppleWebKit/537.36 (KHTML, like Gecko) Chrome/67.0.3396.79 Safari/537.36"
212.132.127.106 - - [18/Oct/2025:16:31:51 -0400] "POST /xmlrpc.php HTTP/1.1" 200 401 "-" "Mozilla/5.0 (Windows NT 6.1) AppleWebKit/537.36 (KHTML, like Gecko) Chrome/66.0.3359.170 Safari/537.36"
103.191.241.194 - - [18/Oct/2025:16:33:13 -0400] "GET /wp-login.php HTTP/1.1" 200 5973 "-" "Mozilla/5.0 (Macintosh; Intel Mac OS X 10_13_4) AppleWebKit/537.36 (KHTML, like Gecko) Chrome/67.0.3396.79 Safari/537.36"
58.64.45.45 - - [18/Oct/2025:16:34:04 -0400] "POST /xmlrpc.php HTTP/1.1" 200 401 "-" "Mozilla/5.0 (Windows NT 6.1; rv:60.0) Gecko/20100101 Firefox/60.0"
103.191.241.194 - - [18/Oct/2025:16:35:10 -0400] "GET /wp-login.php HTTP/1.1" 200 5973 "-" "Mozilla/5.0 (Macintosh; Intel Mac OS X 10_13_4) AppleWebKit/537.36 (KHTML, like Gecko) Chrome/67.0.3396.79 Safari/537.36"
103.191.241.194 - - [18/Oct/2025:16:37:15 -0400] "GET /wp-login.php HTTP/1.1" 200 5973 "-" "Mozilla/5.0 (Macintosh; Intel Mac OS X 10_13_4) AppleWebKit/537.36 (KHTML, like Gecko) Chrome/67.0.3396.79 Safari/537.36"
45.86.153.231 - - [18/Oct/2025:16:37:23 -0400] "GET /wp-login.php HTTP/1.1" 200 5973 "-" "Mozilla/5.0 (Windows NT 6.2; Win64; x64) AppleWebKit/537.36 (KHTML, like Gecko) Chrome/67.0.3396.87 Safari/537.36"
45.86.153.231 - - [18/Oct/2025:16:37:24 -0400] "POST /wp-login.php HTTP/1.1" 200 6410 "https://herintalk.com/wp-login.php" "Mozilla/5.0 (Windows NT 6.2; Win64; x64) AppleWebKit/537.36 (KHTML, like Gecko) Chrome/67.0.3396.87 Safari/537.36"
103.191.241.194 - - [18/Oct/2025:16:39:11 -0400] "GET /wp-login.php HTTP/1.1" 200 5973 "-" "Mozilla/5.0 (Macintosh; Intel Mac OS X 10_13_4) AppleWebKit/537.36 (KHTML, like Gecko) Chrome/67.0.3396.79 Safari/537.36"
202.131.96.220 - - [18/Oct/2025:16:40:02 -0400] "GET /wp-login.php HTTP/1.1" 200 5973 "-" "Mozilla/4.0 (compatible; MSIE 7.0; Windows NT 6.1; WOW64; Trident/7.0; SLCC2; .NET CLR 2.0.50727; .NET CLR 3.5.30729; .NET CLR 3.0.30729; Media Center PC 6.0; .NET4.0C; InfoPath.3; .NET4.0E)"
202.131.96.220 - - [18/Oct/2025:16:40:06 -0400] "POST /wp-login.php HTTP/1.1" 200 6411 "https://herintalk.com/wp-login.php" "Mozilla/4.0 (compatible; MSIE 7.0; Windows NT 6.1; WOW64; Trident/7.0; SLCC2; .NET CLR 2.0.50727; .NET CLR 3.5.30729; .NET CLR 3.0.30729; Media Center PC 6.0; .NET4.0C; InfoPath.3; .NET4.0E)"
103.191.241.194 - - [18/Oct/2025:16:41:10 -0400] "GET /wp-login.php HTTP/1.1" 200 5973 "-" "Mozilla/5.0 (Macintosh; Intel Mac OS X 10_13_4) AppleWebKit/537.36 (KHTML, like Gecko) Chrome/67.0.3396.79 Safari/537.36"
86.62.53.240 - - [18/Oct/2025:16:42:44 -0400] "GET /wp-content/uploads/2014/05/man-and-woman.png HTTP/1.1" 200 269525 "-" "Mozilla/5.0 (X11; Linux x86_64) AppleWebKit/537.36 (KHTML, like Gecko) Chrome/121.0.0.0 Safari/537.36"
192.0.118.81 - - [18/Oct/2025:16:43:29 -0400] "GET /wp-content/uploads/2018/08/DermaVie-Hydrafirm-Anti-Aging-Cre_me-.jpg HTTP/1.1" 200 41372 "-" "Photon/1.0"
216.73.216.87 - - [18/Oct/2025:16:45:26 -0400] "GET /?p=7627 HTTP/1.1" 301 - "-" "Mozilla/5.0 AppleWebKit/537.36 (KHTML, like Gecko; compatible; ClaudeBot/1.0; [email protected])"
216.73.216.87 - - [18/Oct/2025:16:45:26 -0400] "GET /?p=10900 HTTP/1.1" 301 - "-" "Mozilla/5.0 AppleWebKit/537.36 (KHTML, like Gecko; compatible; ClaudeBot/1.0; [email protected])"
216.73.216.87 - - [18/Oct/2025:16:45:27 -0400] "GET /7-disadvantages-that-ladies-borrow/ HTTP/1.1" 200 89661 "https://herintalk.com/?p=7627" "Mozilla/5.0 AppleWebKit/537.36 (KHTML, like Gecko; compatible; ClaudeBot/1.0; [email protected])"
216.73.216.87 - - [18/Oct/2025:16:45:27 -0400] "GET /total-living-drink-greens/ HTTP/1.1" 200 88223 "https://herintalk.com/?p=10900" "Mozilla/5.0 AppleWebKit/537.36 (KHTML, like Gecko; compatible; ClaudeBot/1.0; [email protected])"
216.73.216.87 - - [18/Oct/2025:16:46:07 -0400] "GET /neuro-nzt HTTP/1.1" 301 - "-" "Mozilla/5.0 AppleWebKit/537.36 (KHTML, like Gecko; compatible; ClaudeBot/1.0; [email protected])"
216.73.216.87 - - [18/Oct/2025:16:46:08 -0400] "GET /neuro-nzt/ HTTP/1.1" 200 85271 "https://herintalk.com/neuro-nzt" "Mozilla/5.0 AppleWebKit/537.36 (KHTML, like Gecko; compatible; ClaudeBot/1.0; [email protected])"
216.73.216.87 - - [18/Oct/2025:16:47:57 -0400] "GET /isabelles HTTP/1.1" 301 - "-" "Mozilla/5.0 AppleWebKit/537.36 (KHTML, like Gecko; compatible; ClaudeBot/1.0; [email protected])"
216.73.216.87 - - [18/Oct/2025:16:47:58 -0400] "GET /isabelles/ HTTP/1.1" 200 86082 "https://herintalk.com/isabelles" "Mozilla/5.0 AppleWebKit/537.36 (KHTML, like Gecko; compatible; ClaudeBot/1.0; [email protected])"
216.73.216.87 - - [18/Oct/2025:16:48:42 -0400] "GET /hot-spots-of-men-explore/4 HTTP/1.1" 301 - "-" "Mozilla/5.0 AppleWebKit/537.36 (KHTML, like Gecko; compatible; ClaudeBot/1.0; [email protected])"
216.73.216.87 - - [18/Oct/2025:16:48:43 -0400] "GET /hot-spots-of-men-explore/4/ HTTP/1.1" 200 82641 "https://herintalk.com/hot-spots-of-men-explore/4" "Mozilla/5.0 AppleWebKit/537.36 (KHTML, like Gecko; compatible; ClaudeBot/1.0; [email protected])"
188.164.198.78 - - [18/Oct/2025:16:49:10 -0400] "POST /xmlrpc.php HTTP/1.1" 200 401 "-" "Mozilla/5.0 (Macintosh; Intel Mac OS X 10.9; rv:60.0) Gecko/20100101 Firefox/60.0"
216.73.216.87 - - [18/Oct/2025:16:49:53 -0400] "GET /hot-spots-of-men-explore/6 HTTP/1.1" 301 - "-" "Mozilla/5.0 AppleWebKit/537.36 (KHTML, like Gecko; compatible; ClaudeBot/1.0; [email protected])"
216.73.216.87 - - [18/Oct/2025:16:49:54 -0400] "GET /hot-spots-of-men-explore/6/ HTTP/1.1" 200 82470 "https://herintalk.com/hot-spots-of-men-explore/6" "Mozilla/5.0 AppleWebKit/537.36 (KHTML, like Gecko; compatible; ClaudeBot/1.0; [email protected])"
216.73.216.87 - - [18/Oct/2025:16:50:50 -0400] "GET /?p=8612 HTTP/1.1" 301 - "-" "Mozilla/5.0 AppleWebKit/537.36 (KHTML, like Gecko; compatible; ClaudeBot/1.0; [email protected])"
216.73.216.87 - - [18/Oct/2025:16:50:50 -0400] "GET /l-averlabuy HTTP/1.1" 404 60916 "-" "Mozilla/5.0 AppleWebKit/537.36 (KHTML, like Gecko; compatible; ClaudeBot/1.0; [email protected])"
216.73.216.87 - - [18/Oct/2025:16:50:51 -0400] "GET /brainup-iq-reviews/ HTTP/1.1" 200 87413 "https://herintalk.com/?p=8612" "Mozilla/5.0 AppleWebKit/537.36 (KHTML, like Gecko; compatible; ClaudeBot/1.0; [email protected])"
216.73.216.87 - - [18/Oct/2025:16:52:38 -0400] "GET /testo-black-xt HTTP/1.1" 301 - "-" "Mozilla/5.0 AppleWebKit/537.36 (KHTML, like Gecko; compatible; ClaudeBot/1.0; [email protected])"
216.73.216.87 - - [18/Oct/2025:16:52:39 -0400] "GET /testo-black-xt/ HTTP/1.1" 200 85885 "https://herintalk.com/testo-black-xt" "Mozilla/5.0 AppleWebKit/537.36 (KHTML, like Gecko; compatible; ClaudeBot/1.0; [email protected])"
216.73.216.87 - - [18/Oct/2025:16:52:59 -0400] "GET /?p=8302 HTTP/1.1" 301 - "-" "Mozilla/5.0 AppleWebKit/537.36 (KHTML, like Gecko; compatible; ClaudeBot/1.0; [email protected])"
216.73.216.87 - - [18/Oct/2025:16:52:59 -0400] "GET /attention-all-wanna-be-a-professors-its-time-for-ugc-net/feed HTTP/1.1" 301 - "-" "Mozilla/5.0 AppleWebKit/537.36 (KHTML, like Gecko; compatible; ClaudeBot/1.0; [email protected])"
216.73.216.87 - - [18/Oct/2025:16:53:00 -0400] "GET /attention-all-wanna-be-a-professors-its-time-for-ugc-net/feed/ HTTP/1.1" 200 883 "https://herintalk.com/attention-all-wanna-be-a-professors-its-time-for-ugc-net/feed" "Mozilla/5.0 AppleWebKit/537.36 (KHTML, like Gecko; compatible; ClaudeBot/1.0; [email protected])"
216.73.216.87 - - [18/Oct/2025:16:53:00 -0400] "GET /l-averla-cream/ HTTP/1.1" 200 87395 "https://herintalk.com/?p=8302" "Mozilla/5.0 AppleWebKit/537.36 (KHTML, like Gecko; compatible; ClaudeBot/1.0; [email protected])"
162.144.37.46 - - [18/Oct/2025:16:54:59 -0400] "POST /xmlrpc.php HTTP/1.1" 200 401 "-" "Mozilla/5.0 (compatible; MSIE 10.0; Windows NT 6.2; WOW64; Trident/7.0)"
216.73.216.87 - - [18/Oct/2025:16:55:40 -0400] "GET /hot-spots-of-men-explore/5 HTTP/1.1" 301 - "-" "Mozilla/5.0 AppleWebKit/537.36 (KHTML, like Gecko; compatible; ClaudeBot/1.0; [email protected])"
216.73.216.87 - - [18/Oct/2025:16:55:41 -0400] "GET /hot-spots-of-men-explore/5/ HTTP/1.1" 200 83057 "https://herintalk.com/hot-spots-of-men-explore/5" "Mozilla/5.0 AppleWebKit/537.36 (KHTML, like Gecko; compatible; ClaudeBot/1.0; [email protected])"
216.73.216.87 - - [18/Oct/2025:16:56:09 -0400] "GET /hot-spots-of-men-explore/2 HTTP/1.1" 301 - "-" "Mozilla/5.0 AppleWebKit/537.36 (KHTML, like Gecko; compatible; ClaudeBot/1.0; [email protected])"
216.73.216.87 - - [18/Oct/2025:16:56:10 -0400] "GET /hot-spots-of-men-explore/2/ HTTP/1.1" 200 82827 "https://herintalk.com/hot-spots-of-men-explore/2" "Mozilla/5.0 AppleWebKit/537.36 (KHTML, like Gecko; compatible; ClaudeBot/1.0; [email protected])"
216.73.216.87 - - [18/Oct/2025:16:58:04 -0400] "GET /hot-spots-of-men-explore/3 HTTP/1.1" 301 - "-" "Mozilla/5.0 AppleWebKit/537.36 (KHTML, like Gecko; compatible; ClaudeBot/1.0; [email protected])"
216.73.216.87 - - [18/Oct/2025:16:58:05 -0400] "GET /hot-spots-of-men-explore/3/ HTTP/1.1" 200 83636 "https://herintalk.com/hot-spots-of-men-explore/3" "Mozilla/5.0 AppleWebKit/537.36 (KHTML, like Gecko; compatible; ClaudeBot/1.0; [email protected])"
216.73.216.87 - - [18/Oct/2025:16:59:31 -0400] "GET /?p=7517 HTTP/1.1" 301 - "-" "Mozilla/5.0 AppleWebKit/537.36 (KHTML, like Gecko; compatible; ClaudeBot/1.0; [email protected])"
216.73.216.87 - - [18/Oct/2025:16:59:31 -0400] "GET /how-to-reduce-breast-naturally HTTP/1.1" 301 - "-" "Mozilla/5.0 AppleWebKit/537.36 (KHTML, like Gecko; compatible; ClaudeBot/1.0; [email protected])"
216.73.216.87 - - [18/Oct/2025:16:59:32 -0400] "GET /how-to-reduce-breast-naturally/ HTTP/1.1" 200 97751 "https://herintalk.com/how-to-reduce-breast-naturally" "Mozilla/5.0 AppleWebKit/537.36 (KHTML, like Gecko; compatible; ClaudeBot/1.0; [email protected])"
216.73.216.87 - - [18/Oct/2025:16:59:32 -0400] "GET /8-most-scary-and-painful-symptoms-of-vitamin-d-deficiency/ HTTP/1.1" 200 88985 "https://herintalk.com/?p=7517" "Mozilla/5.0 AppleWebKit/537.36 (KHTML, like Gecko; compatible; ClaudeBot/1.0; [email protected])"
66.116.199.115 - - [18/Oct/2025:17:01:01 -0400] "POST /wp-cron.php?doing_wp_cron=1760821261.2276411056518554687500 HTTP/1.1" 200 - "-" "WordPress/6.8.3; https://herintalk.com"
216.73.216.87 - - [18/Oct/2025:17:01:00 -0400] "GET /50-of-usa-suffers-from-winter-vomit-bug-did-you-know HTTP/1.1" 301 - "-" "Mozilla/5.0 AppleWebKit/537.36 (KHTML, like Gecko; compatible; ClaudeBot/1.0; [email protected])"
216.73.216.87 - - [18/Oct/2025:17:01:00 -0400] "GET /artroser HTTP/1.1" 301 - "-" "Mozilla/5.0 AppleWebKit/537.36 (KHTML, like Gecko; compatible; ClaudeBot/1.0; [email protected])"
216.73.216.87 - - [18/Oct/2025:17:01:01 -0400] "GET /artroser/ HTTP/1.1" 200 87975 "https://herintalk.com/artroser" "Mozilla/5.0 AppleWebKit/537.36 (KHTML, like Gecko; compatible; ClaudeBot/1.0; [email protected])"
216.73.216.87 - - [18/Oct/2025:17:01:01 -0400] "GET /50-of-usa-suffers-from-winter-vomit-bug-did-you-know/ HTTP/1.1" 200 107897 "https://herintalk.com/50-of-usa-suffers-from-winter-vomit-bug-did-you-know" "Mozilla/5.0 AppleWebKit/537.36 (KHTML, like Gecko; compatible; ClaudeBot/1.0; [email protected])"
216.73.216.87 - - [18/Oct/2025:17:01:19 -0400] "GET /tum-shayari-zindagi-sahil-dhall HTTP/1.1" 301 - "-" "Mozilla/5.0 AppleWebKit/537.36 (KHTML, like Gecko; compatible; ClaudeBot/1.0; [email protected])"
216.73.216.87 - - [18/Oct/2025:17:01:19 -0400] "GET /estrogen-know-what-it-does-for-you HTTP/1.1" 301 - "-" "Mozilla/5.0 AppleWebKit/537.36 (KHTML, like Gecko; compatible; ClaudeBot/1.0; [email protected])"
