123.252.137.30 - - [19/Oct/2025:05:01:52 -0400] "POST /xmlrpc.php HTTP/1.1" 200 403 "-" "Mozilla/5.0 (X11; Ubuntu; Linux x86_64; arm64) AppleWebKit/537.36 (KHTML, like Gecko) Safari/11.0.0.0 Safari/537.36"
103.28.36.199 - - [19/Oct/2025:05:02:19 -0400] "POST /xmlrpc.php HTTP/1.1" 200 403 "https://herintalk.com" "Mozilla/5.0 (Windows NT 10.0; Win64; x64) AppleWebKit/537.36 (KHTML, like Gecko) Chrome/113.0.5672.93 Safari/537.36"
123.252.137.30 - - [19/Oct/2025:05:02:52 -0400] "POST /xmlrpc.php HTTP/1.1" 200 403 "-" "Mozilla/5.0 (Windows NT 10.0; x64) AppleWebKit/537.36 (KHTML, like Gecko) Safari/10.0.0.0 Safari/537.36"
114.119.156.44 - - [19/Oct/2025:05:03:35 -0400] "GET /possible-increase-height-after-18-know-how/ HTTP/1.1" 200 62066 "https://herintalk.com/tag/general-health/page/12/" "Mozilla/5.0 (Linux; Android 7.0;) AppleWebKit/537.36 (KHTML, like Gecko) Mobile Safari/537.36 (compatible; PetalBot;+https://webmaster.petalsearch.com/site/petalbot)"
123.252.137.30 - - [19/Oct/2025:05:03:52 -0400] "POST /xmlrpc.php HTTP/1.1" 200 403 "-" "Mozilla/5.0 (Windows NT 6.3; x64) AppleWebKit/537.36 (KHTML, like Gecko) Safari/15.0.0.0 Safari/537.36"
85.9.208.235 - - [19/Oct/2025:05:04:38 -0400] "POST /xmlrpc.php HTTP/1.1" 200 401 "-" "Mozilla/5.0 (Macintosh; Intel Mac OS X 10_12_6) AppleWebKit/605.1.15 (KHTML, like Gecko) Version/11.1 Safari/605.1.15"
123.252.137.30 - - [19/Oct/2025:05:04:52 -0400] "POST /xmlrpc.php HTTP/1.1" 200 403 "-" "Mozilla/5.0 (Macintosh; Intel Mac OS X 10_15_7; arm64) AppleWebKit/537.36 (KHTML, like Gecko) Chrome/115.0.0.0 Safari/537.36"
163.223.13.96 - - [19/Oct/2025:05:05:22 -0400] "POST /xmlrpc.php HTTP/1.1" 200 401 "-" "Mozilla/5.0 (compatible; MSIE 9.0; Windows NT 6.1; WOW64; Trident/7.0; Swinburne)"
201.131.183.253 - - [19/Oct/2025:05:05:26 -0400] "POST /xmlrpc.php HTTP/1.1" 200 401 "-" "Mozilla/5.0 (Windows NT 6.1; WOW64) AppleWebKit/537.36 (KHTML, like Gecko) Chrome/66.0.3359.117 Safari/537.36"
123.252.137.30 - - [19/Oct/2025:05:05:52 -0400] "POST /xmlrpc.php HTTP/1.1" 200 403 "-" "Mozilla/5.0 (Windows NT 10.0; x64) AppleWebKit/537.36 (KHTML, like Gecko) Chrome/99.0.0.0 Safari/537.36"
103.92.85.202 - - [19/Oct/2025:05:06:03 -0400] "POST /xmlrpc.php HTTP/1.1" 200 403 "https://herintalk.com" "Mozilla/5.0 (Windows NT 10.0; Win64; x64) AppleWebKit/537.36 (KHTML, like Gecko) Chrome/126.0.0.0 Safari/537.36"
51.222.95.226 - - [19/Oct/2025:05:06:07 -0400] "GET /category/mens-corner/ HTTP/1.1" 200 92310 "-" "Mozilla/5.0 (compatible; AhrefsBot/7.0; +http://ahrefs.com/robot/)"
123.252.137.30 - - [19/Oct/2025:05:06:52 -0400] "POST /xmlrpc.php HTTP/1.1" 200 403 "-" "Mozilla/5.0 (Windows NT 6.3; arm64) AppleWebKit/537.36 (KHTML, like Gecko) Safari/14.0.0.0 Safari/537.36"
147.135.136.156 - - [19/Oct/2025:05:06:58 -0400] "GET /wp-login.php HTTP/1.1" 200 5973 "-" "Mozilla/5.0 (Macintosh; Intel Mac OS X 10_10_5) AppleWebKit/602.3.12 (KHTML, like Gecko) Version/10.0.2 Safari/602.3.12"
147.135.136.156 - - [19/Oct/2025:05:06:59 -0400] "POST /wp-login.php HTTP/1.1" 200 6411 "https://herintalk.com/wp-login.php" "Mozilla/5.0 (Macintosh; Intel Mac OS X 10_10_5) AppleWebKit/602.3.12 (KHTML, like Gecko) Version/10.0.2 Safari/602.3.12"
123.252.137.30 - - [19/Oct/2025:05:07:52 -0400] "POST /xmlrpc.php HTTP/1.1" 200 403 "-" "Mozilla/5.0 (Macintosh; Intel Mac OS X 10_15_7; x86) AppleWebKit/537.36 (KHTML, like Gecko) Firefox/99.0.0.0 Safari/537.36"
185.65.247.253 - - [19/Oct/2025:05:08:40 -0400] "POST /xmlrpc.php HTTP/1.1" 200 401 "-" "Mozilla/4.0 (compatible; MSIE 7.0; Windows NT 10.0; WOW64; Trident/7.0; .NET4.0C; .NET4.0E)"
123.252.137.30 - - [19/Oct/2025:05:08:52 -0400] "POST /xmlrpc.php HTTP/1.1" 200 403 "-" "Mozilla/5.0 (Windows NT 6.2; arm64) AppleWebKit/537.36 (KHTML, like Gecko) Opera/63.0.0.0 Safari/537.36"
47.246.164.149 - - [19/Oct/2025:05:08:55 -0400] "GET /wp-content/uploads/2015/12/Stress-Buster.jpg HTTP/1.1" 200 79585 "-" "Mozilla/5.0 (Windows NT 6.1; Win64; x64) AppleWebKit/537.36 (KHTML, like Gecko) Chrome/93.0.4558.0 Safari/537.36"
47.246.164.132 - - [19/Oct/2025:05:09:15 -0400] "GET /wp-content/uploads/2015/12/speeping.jpg HTTP/1.1" 200 91842 "-" "Mozilla/5.0 (Macintosh; Intel Mac OS X 11_1_0) AppleWebKit/537.36 (KHTML, like Gecko) Brave Chrome/87.0.4280.67 Safari/537.36"
154.83.71.228 - - [19/Oct/2025:05:09:36 -0400] "GET /wp-content/uploads/2018/08/Restoravive-.jpg HTTP/1.1" 200 31733 "-" "Mozilla/5.0 (Windows NT 6.1; Win64; x64) AppleWebKit/537.36 (KHTML, like Gecko) Chrome/80.0.3987.132 Safari/537.36"
47.246.164.148 - - [19/Oct/2025:05:09:39 -0400] "GET /wp-content/uploads/2015/12/women%E2%80%99s-bladder.jpg HTTP/1.1" 200 626192 "-" "Mozilla/5.0 (Macintosh; Intel Mac OS X 10_15_7) AppleWebKit/537.36 (KHTML, like Gecko) Chrome/88.0.4324.192 Safari/537.36"
123.252.137.30 - - [19/Oct/2025:05:09:52 -0400] "POST /xmlrpc.php HTTP/1.1" 200 403 "-" "Mozilla/5.0 (Linux; Android 10; x64) AppleWebKit/537.36 (KHTML, like Gecko) Chrome/95.0.0.0 Safari/537.36"
161.97.110.28 - - [19/Oct/2025:05:09:52 -0400] "POST /xmlrpc.php HTTP/1.1" 200 403 "https://herintalk.com" "Mozilla/5.0 (Windows NT 10.0; Win64; x64) AppleWebKit/537.36 (KHTML, like Gecko) Chrome/113.0.5672.126 Safari/537.36 Edg/113.0.1774.50"
47.246.164.138 - - [19/Oct/2025:05:10:11 -0400] "GET /wp-content/uploads/2015/12/glowing-face.jpg HTTP/1.1" 200 80791 "-" "Mozilla/5.0 (Macintosh; Intel Mac OS X 11_2_0) AppleWebKit/537.36 (KHTML, like Gecko) Brave Chrome/88.0.4324.152 Safari/537.36"
66.116.199.115 - - [19/Oct/2025:05:10:41 -0400] "GET /.well-known/acme-challenge/5U77I20ME2K-0OP-MT3RCG2BHBG8LMXL HTTP/1.1" 200 64 "-" "Cpanel-HTTP-Client/1.0"
66.116.199.115 - - [19/Oct/2025:05:10:41 -0400] "GET /.well-known/acme-challenge/B8S075388_QC_F5QZW0H3LZG180KY1_2 HTTP/1.1" 200 64 "-" "Cpanel-HTTP-Client/1.0"
123.252.137.30 - - [19/Oct/2025:05:10:52 -0400] "POST /xmlrpc.php HTTP/1.1" 200 403 "-" "Mozilla/5.0 (Macintosh; Intel Mac OS X 10_15_7; x86) AppleWebKit/537.36 (KHTML, like Gecko) Safari/10.0.0.0 Safari/537.36"
162.214.55.193 - - [19/Oct/2025:05:11:02 -0400] "GET /wp-login.php HTTP/1.1" 200 5973 "-" "Mozilla/5.0 (Windows NT 6.1; Win64; x64) AppleWebKit/537.36 (KHTML, like Gecko) Chrome/65.0.3325.181 Safari/537.36 OPR/52.0.2871.40"
162.214.55.193 - - [19/Oct/2025:05:11:04 -0400] "POST /wp-login.php HTTP/1.1" 200 6410 "https://herintalk.com/wp-login.php" "Mozilla/5.0 (Windows NT 6.1; Win64; x64) AppleWebKit/537.36 (KHTML, like Gecko) Chrome/65.0.3325.181 Safari/537.36 OPR/52.0.2871.40"
123.252.137.30 - - [19/Oct/2025:05:11:52 -0400] "POST /xmlrpc.php HTTP/1.1" 200 403 "-" "Mozilla/5.0 (X11; Ubuntu; Linux x86_64; arm64) AppleWebKit/537.36 (KHTML, like Gecko) Edge/80.0.0.0 Safari/537.36"
123.252.137.30 - - [19/Oct/2025:05:12:52 -0400] "POST /xmlrpc.php HTTP/1.1" 200 403 "-" "Mozilla/5.0 (X11; Ubuntu; Linux x86_64; x64) AppleWebKit/537.36 (KHTML, like Gecko) Opera/64.0.0.0 Safari/537.36"
35.247.159.133 - - [19/Oct/2025:05:13:44 -0400] "POST /xmlrpc.php HTTP/1.1" 200 403 "https://herintalk.com" "Mozilla/5.0 (Macintosh; Intel Mac OS X 10_15_7; rv:126.0) Gecko/20100101 Firefox/126.0"
123.252.137.30 - - [19/Oct/2025:05:13:52 -0400] "POST /xmlrpc.php HTTP/1.1" 200 403 "-" "Mozilla/5.0 (Windows NT 6.3; arm64) AppleWebKit/537.36 (KHTML, like Gecko) Edge/81.0.0.0 Safari/537.36"
40.77.167.116 - - [19/Oct/2025:05:14:05 -0400] "GET /fylpzu/dead-like-me-christina-applegate HTTP/1.1" 301 - "-" "Mozilla/5.0 AppleWebKit/537.36 (KHTML, like Gecko; compatible; bingbot/2.0; +http://www.bing.com/bingbot.htm) Chrome/116.0.1938.76 Safari/537.36"
43.131.45.213 - - [19/Oct/2025:05:14:09 -0400] "GET / HTTP/1.1" 200 53469 "http://herintalk.com" "Mozilla/5.0 (iPhone; CPU iPhone OS 13_2_3 like Mac OS X) AppleWebKit/605.1.15 (KHTML, like Gecko) Version/13.0.3 Mobile/15E148 Safari/604.1"
47.246.164.156 - - [19/Oct/2025:05:14:38 -0400] "GET /wp-content/uploads/2015/12/happy-maried-life-1.jpg HTTP/1.1" 200 77127 "-" "Mozilla/5.0 (Macintosh; Intel Mac OS X 11_1_0) AppleWebKit/537.36 (KHTML, like Gecko) Chrome/88.0.4324.146 Safari/537.36"
123.252.137.30 - - [19/Oct/2025:05:14:52 -0400] "POST /xmlrpc.php HTTP/1.1" 200 403 "-" "Mozilla/5.0 (Windows NT 6.3; arm64) AppleWebKit/537.36 (KHTML, like Gecko) Firefox/71.0.0.0 Safari/537.36"
37.24.161.119 - - [19/Oct/2025:05:15:04 -0400] "GET /wp-login.php HTTP/1.1" 200 5973 "-" "Mozilla/4.0 (compatible; MSIE 7.0; Windows NT 6.1; WOW64; Trident/7.0; SLCC2; .NET CLR 2.0.50727; .NET4.0C; .NET4.0E; FBViewer-6.0.4.0; .NET CLR 3.5.30729; .NET CLR 3.0.30729)"
37.24.161.119 - - [19/Oct/2025:05:15:32 -0400] "GET /wp-login.php HTTP/1.1" 200 5973 "-" "Mozilla/4.0 (compatible; MSIE 7.0; Windows NT 6.1; WOW64; Trident/7.0; SLCC2; .NET CLR 2.0.50727; .NET4.0C; .NET4.0E; FBViewer-6.0.4.0; .NET CLR 3.5.30729; .NET CLR 3.0.30729)"
66.249.68.4 - - [19/Oct/2025:05:15:33 -0400] "GET /robots.txt HTTP/1.1" 200 114 "-" "Mozilla/5.0 (compatible; Googlebot/2.1; +http://www.google.com/bot.html)"
37.24.161.119 - - [19/Oct/2025:05:15:34 -0400] "POST /wp-login.php HTTP/1.1" 200 6411 "https://herintalk.com/wp-login.php" "Mozilla/4.0 (compatible; MSIE 7.0; Windows NT 6.1; WOW64; Trident/7.0; SLCC2; .NET CLR 2.0.50727; .NET4.0C; .NET4.0E; FBViewer-6.0.4.0; .NET CLR 3.5.30729; .NET CLR 3.0.30729)"
66.249.68.5 - - [19/Oct/2025:05:15:34 -0400] "GET /organica-clears-pro/ HTTP/1.1" 200 53811 "-" "Mozilla/5.0 (Linux; Android 6.0.1; Nexus 5X Build/MMB29P) AppleWebKit/537.36 (KHTML, like Gecko) Chrome/140.0.7339.207 Mobile Safari/537.36 (compatible; Googlebot/2.1; +http://www.google.com/bot.html)"
123.252.137.30 - - [19/Oct/2025:05:15:52 -0400] "POST /xmlrpc.php HTTP/1.1" 200 403 "-" "Mozilla/5.0 (Windows NT 10.0; x64) AppleWebKit/537.36 (KHTML, like Gecko) Chrome/114.0.0.0 Safari/537.36"
2a0b:8bc0:2:1d92::1 - - [19/Oct/2025:05:15:53 -0400] "GET /wp-content/uploads/2015/03/Art-of-Love.jpg HTTP/1.1" 304 - "-" "-"
47.246.164.147 - - [19/Oct/2025:05:16:06 -0400] "GET /wp-content/uploads/2015/12/lession-pain.jpg HTTP/1.1" 200 101516 "-" "Mozilla/5.0 (Macintosh; Intel Mac OS X 10_2) AppleWebKit/537.36 (KHTML, like Gecko) Chrome/100.0.4886.148 Safari/537.36"
178.171.126.128 - - [19/Oct/2025:05:16:42 -0400] "GET /wp-content/uploads/2015/12/relax.jpg HTTP/1.1" 200 71222 "-" "Mozilla/5.0 (Macintosh; Intel Mac OS X 10_15_7) AppleWebKit/537.36 (KHTML, like Gecko) Chrome/122.0.0.0 Safari/537.36"
123.252.137.30 - - [19/Oct/2025:05:16:52 -0400] "POST /xmlrpc.php HTTP/1.1" 200 403 "-" "Mozilla/5.0 (Windows NT 6.2; arm64) AppleWebKit/537.36 (KHTML, like Gecko) Opera/69.0.0.0 Safari/537.36"
116.193.190.94 - - [19/Oct/2025:05:17:35 -0400] "POST /xmlrpc.php HTTP/1.1" 200 403 "https://herintalk.com" "Mozilla/5.0 (Windows NT 10.0; Win64; x64) AppleWebKit/537.36 (KHTML, like Gecko) Chrome/126.0.0.0 Safari/537.36"
123.252.137.30 - - [19/Oct/2025:05:17:52 -0400] "POST /xmlrpc.php HTTP/1.1" 200 403 "-" "Mozilla/5.0 (X11; Ubuntu; Linux x86_64; x86) AppleWebKit/537.36 (KHTML, like Gecko) Safari/11.0.0.0 Safari/537.36"
47.246.164.133 - - [19/Oct/2025:05:18:31 -0400] "GET /wp-content/uploads/2015/12/happy-sex.jpg HTTP/1.1" 200 58442 "-" "Mozilla/5.0 (Windows NT 6.2) AppleWebKit/537.36 (KHTML, like Gecko) Chrome/28.0.1467.0 Safari/537.36"
143.198.87.186 - - [19/Oct/2025:05:18:32 -0400] "GET /wp-login.php HTTP/1.1" 200 5973 "-" "Mozilla/5.0 (Windows NT 6.1; Win64; x64) AppleWebKit/537.36 (KHTML, like Gecko) Chrome/64.0.3282.186 Safari/537.36 OPR/51.0.2830.55"
143.198.87.186 - - [19/Oct/2025:05:18:33 -0400] "POST /wp-login.php HTTP/1.1" 200 6411 "https://herintalk.com/wp-login.php" "Mozilla/5.0 (Windows NT 6.1; Win64; x64) AppleWebKit/537.36 (KHTML, like Gecko) Chrome/64.0.3282.186 Safari/537.36 OPR/51.0.2830.55"
123.252.137.30 - - [19/Oct/2025:05:18:52 -0400] "POST /xmlrpc.php HTTP/1.1" 200 403 "-" "Mozilla/5.0 (Macintosh; Intel Mac OS X 10_15_7; arm64) AppleWebKit/537.36 (KHTML, like Gecko) Edge/81.0.0.0 Safari/537.36"
66.116.199.115 - - [19/Oct/2025:05:19:52 -0400] "POST /wp-cron.php?doing_wp_cron=1760865592.9144070148468017578125 HTTP/1.1" 200 - "-" "WordPress/6.8.3; https://herintalk.com"
123.252.137.30 - - [19/Oct/2025:05:19:52 -0400] "POST /xmlrpc.php HTTP/1.1" 200 403 "-" "Mozilla/5.0 (Macintosh; Intel Mac OS X 10_15_7; x86) AppleWebKit/537.36 (KHTML, like Gecko) Safari/14.0.0.0 Safari/537.36"
54.39.203.114 - - [19/Oct/2025:05:19:53 -0400] "GET /category/health/weight-loss/ HTTP/1.1" 200 93072 "-" "Mozilla/5.0 (compatible; AhrefsBot/7.0; +http://ahrefs.com/robot/)"
123.252.137.30 - - [19/Oct/2025:05:20:52 -0400] "POST /xmlrpc.php HTTP/1.1" 200 403 "-" "Mozilla/5.0 (Linux; Android 10; x64) AppleWebKit/537.36 (KHTML, like Gecko) Edge/90.0.0.0 Safari/537.36"
13.93.123.99 - - [19/Oct/2025:05:21:30 -0400] "POST /xmlrpc.php HTTP/1.1" 200 403 "https://herintalk.com" "Mozilla/5.0 (Windows NT 10.0; Win64; x64) AppleWebKit/537.36 (KHTML, like Gecko) Chrome/114.0.5735.134 Safari/537.36"
188.233.146.115 - - [19/Oct/2025:05:21:41 -0400] "GET /contact-us/ HTTP/1.1" 200 54432 "https://herintalk.com/contact-us/" "Mozilla/5.0 (Windows NT 6.3; WOW64) AppleWebKit/537.36 (KHTML, like Gecko) Chrome/103.0.0.0 Safari/537.36"
188.233.146.115 - - [19/Oct/2025:05:21:43 -0400] "GET /contact-us/ HTTP/1.1" 200 54432 "https://herintalk.com/contact-us/" "Mozilla/5.0 (Windows NT 6.3; WOW64) AppleWebKit/537.36 (KHTML, like Gecko) Chrome/103.0.0.0 Safari/537.36"
123.252.137.30 - - [19/Oct/2025:05:21:52 -0400] "POST /xmlrpc.php HTTP/1.1" 200 403 "-" "Mozilla/5.0 (Linux; Android 10; x86) AppleWebKit/537.36 (KHTML, like Gecko) Chrome/80.0.0.0 Safari/537.36"
82.223.122.88 - - [19/Oct/2025:05:22:00 -0400] "GET /wp-login.php HTTP/1.1" 200 5973 "-" "Mozilla/5.0 (Windows NT 6.1) AppleWebKit/537.36 (KHTML, like Gecko) Chrome/67.0.3396.62 Safari/537.36"
82.223.122.88 - - [19/Oct/2025:05:22:01 -0400] "POST /wp-login.php HTTP/1.1" 200 6410 "https://herintalk.com/wp-login.php" "Mozilla/5.0 (Windows NT 6.1) AppleWebKit/537.36 (KHTML, like Gecko) Chrome/67.0.3396.62 Safari/537.36"
46.101.0.130 - - [19/Oct/2025:05:22:25 -0400] "POST /xmlrpc.php HTTP/1.1" 200 401 "-" "Mozilla/5.0 (Macintosh; Intel Mac OS X 10_10_5) AppleWebKit/537.36 (KHTML, like Gecko) Chrome/67.0.3396.87 Safari/537.36"
123.252.137.30 - - [19/Oct/2025:05:22:52 -0400] "POST /xmlrpc.php HTTP/1.1" 200 403 "-" "Mozilla/5.0 (Windows NT 6.3; arm64) AppleWebKit/537.36 (KHTML, like Gecko) Safari/12.0.0.0 Safari/537.36"
47.246.164.131 - - [19/Oct/2025:05:23:01 -0400] "GET /wp-content/uploads/2015/12/immunity.jpg HTTP/1.1" 304 - "-" "Mozilla/5.0 (Macintosh; Intel Mac OS X 10_15_7) AppleWebKit/537.36 (KHTML, like Gecko) Chrome/92.0.4515.107 Safari/537.36"
178.171.23.31 - - [19/Oct/2025:05:23:12 -0400] "GET /wp-content/uploads/2018/08/Forever-Embrase-2-1024x487.jpg HTTP/1.1" 200 67218 "-" "Mozilla/5.0 (Windows NT 10.0; Win64; x64; rv:123.0) Gecko/20100101 Firefox/123.0"
154.12.229.78 - - [19/Oct/2025:05:23:27 -0400] "POST /xmlrpc.php HTTP/1.1" 200 401 "-" "Mozilla/5.0 (Windows NT 10.0; WOW64) AppleWebKit/537.36 (KHTML, like Gecko) Chrome/66.0.3359.170 Safari/537.36"
123.252.137.30 - - [19/Oct/2025:05:23:52 -0400] "POST /xmlrpc.php HTTP/1.1" 200 403 "-" "Mozilla/5.0 (Macintosh; Intel Mac OS X 10_15_7; arm64) AppleWebKit/537.36 (KHTML, like Gecko) Chrome/100.0.0.0 Safari/537.36"
123.252.137.30 - - [19/Oct/2025:05:24:52 -0400] "POST /xmlrpc.php HTTP/1.1" 200 403 "-" "Mozilla/5.0 (Windows NT 6.3; x86) AppleWebKit/537.36 (KHTML, like Gecko) Safari/10.0.0.0 Safari/537.36"
157.230.45.166 - - [19/Oct/2025:05:25:16 -0400] "POST /xmlrpc.php HTTP/1.1" 200 403 "https://herintalk.com" "Mozilla/5.0 (Windows NT 10.0; Win64; x64) AppleWebKit/537.36 (KHTML, like Gecko) Chrome/126.0.0.0 Safari/537.36"
103.82.38.57 - - [19/Oct/2025:05:25:45 -0400] "GET /wp-login.php HTTP/1.1" 200 5973 "-" "Mozilla/5.0 (Windows NT 10.0) AppleWebKit/537.36 (KHTML, like Gecko) Chrome/65.0.3325.146 Safari/537.36"
123.252.137.30 - - [19/Oct/2025:05:25:52 -0400] "POST /xmlrpc.php HTTP/1.1" 200 403 "-" "Mozilla/5.0 (Windows NT 6.2; x64) AppleWebKit/537.36 (KHTML, like Gecko) Firefox/70.0.0.0 Safari/537.36"
176.9.2.28 - - [19/Oct/2025:05:25:52 -0400] "GET /feed/ HTTP/1.1" 200 68114 "-" "Mozilla/5.0 (X11; compatible; semantic-visions.com crawler; HTTPClient 4.5)"
103.82.38.57 - - [19/Oct/2025:05:25:57 -0400] "POST /wp-login.php HTTP/1.1" 200 6411 "https://herintalk.com/wp-login.php" "Mozilla/5.0 (Windows NT 10.0) AppleWebKit/537.36 (KHTML, like Gecko) Chrome/65.0.3325.146 Safari/537.36"
51.81.2.86 - - [19/Oct/2025:05:26:16 -0400] "GET /wp-login.php HTTP/1.1" 200 5973 "-" "Mozilla/5.0 (Macintosh; Intel Mac OS X 10_10_5) AppleWebKit/537.36 (KHTML, like Gecko) Chrome/65.0.3325.162 Safari/537.36"
51.81.2.86 - - [19/Oct/2025:05:26:20 -0400] "POST /wp-login.php HTTP/1.1" 200 6410 "https://herintalk.com/wp-login.php" "Mozilla/5.0 (Macintosh; Intel Mac OS X 10_10_5) AppleWebKit/537.36 (KHTML, like Gecko) Chrome/65.0.3325.162 Safari/537.36"
123.252.137.30 - - [19/Oct/2025:05:26:52 -0400] "POST /xmlrpc.php HTTP/1.1" 200 403 "-" "Mozilla/5.0 (Linux; Android 10; x64) AppleWebKit/537.36 (KHTML, like Gecko) Opera/66.0.0.0 Safari/537.36"
123.252.137.30 - - [19/Oct/2025:05:27:52 -0400] "POST /xmlrpc.php HTTP/1.1" 200 403 "-" "Mozilla/5.0 (Linux; Android 10; arm64) AppleWebKit/537.36 (KHTML, like Gecko) Firefox/84.0.0.0 Safari/537.36"
123.252.137.30 - - [19/Oct/2025:05:28:52 -0400] "POST /xmlrpc.php HTTP/1.1" 200 403 "-" "Mozilla/5.0 (Windows NT 6.3; arm64) AppleWebKit/537.36 (KHTML, like Gecko) Edge/80.0.0.0 Safari/537.36"
112.116.179.239 - - [19/Oct/2025:05:29:08 -0400] "POST /xmlrpc.php HTTP/1.1" 200 403 "https://herintalk.com" "Mozilla/5.0 (Macintosh; Intel Mac OS X 14_4_1) AppleWebKit/605.1.15 (KHTML, like Gecko) Version/17.3.1 Safari/605.1.15"
178.32.113.195 - - [19/Oct/2025:05:29:16 -0400] "GET /wp-login.php HTTP/1.1" 200 5973 "-" "Mozilla/5.0 (Windows NT 10.0; Win64; x64; rv:62.0) Gecko/20100101 Firefox/62.0"
178.32.113.195 - - [19/Oct/2025:05:29:17 -0400] "POST /wp-login.php HTTP/1.1" 200 6411 "https://herintalk.com/wp-login.php" "Mozilla/5.0 (Windows NT 10.0; Win64; x64; rv:62.0) Gecko/20100101 Firefox/62.0"
123.252.137.30 - - [19/Oct/2025:05:29:52 -0400] "POST /xmlrpc.php HTTP/1.1" 200 403 "-" "Mozilla/5.0 (Windows NT 6.3; x86) AppleWebKit/537.36 (KHTML, like Gecko) Chrome/85.0.0.0 Safari/537.36"
216.73.216.87 - - [19/Oct/2025:05:30:03 -0400] "GET /robots.txt HTTP/1.1" 200 114 "-" "Mozilla/5.0 AppleWebKit/537.36 (KHTML, like Gecko; compatible; ClaudeBot/1.0; [email protected])"
216.73.216.87 - - [19/Oct/2025:05:30:04 -0400] "GET /clearup HTTP/1.1" 301 - "-" "Mozilla/5.0 AppleWebKit/537.36 (KHTML, like Gecko; compatible; ClaudeBot/1.0; [email protected])"
216.73.216.87 - - [19/Oct/2025:05:30:05 -0400] "GET /clearup/ HTTP/1.1" 200 87739 "https://herintalk.com/clearup" "Mozilla/5.0 AppleWebKit/537.36 (KHTML, like Gecko; compatible; ClaudeBot/1.0; [email protected])"
110.249.201.72 - - [19/Oct/2025:05:30:09 -0400] "GET /robots.txt HTTP/1.1" 200 114 "-" "Mozilla/5.0 (Linux; Android 5.0) AppleWebKit/537.36 (KHTML, like Gecko) Mobile Safari/537.36 (compatible; Bytespider; https://zhanzhang.toutiao.com/)"
82.223.122.88 - - [19/Oct/2025:05:30:21 -0400] "POST /xmlrpc.php HTTP/1.1" 200 401 "-" "Mozilla/5.0 (Windows NT 6.3; Win64; x64; Trident/7.0; Touch; MATBJS; rv:11.0) like Gecko"
123.252.137.30 - - [19/Oct/2025:05:30:52 -0400] "POST /xmlrpc.php HTTP/1.1" 200 403 "-" "Mozilla/5.0 (Macintosh; Intel Mac OS X 10_15_7; arm64) AppleWebKit/537.36 (KHTML, like Gecko) Chrome/85.0.0.0 Safari/537.36"
123.252.137.30 - - [19/Oct/2025:05:31:52 -0400] "POST /xmlrpc.php HTTP/1.1" 200 403 "-" "Mozilla/5.0 (Windows NT 6.3; x64) AppleWebKit/537.36 (KHTML, like Gecko) Firefox/78.0.0.0 Safari/537.36"
216.73.216.87 - - [19/Oct/2025:05:32:47 -0400] "GET /?p=8591 HTTP/1.1" 301 - "-" "Mozilla/5.0 AppleWebKit/537.36 (KHTML, like Gecko; compatible; ClaudeBot/1.0; [email protected])"
216.73.216.87 - - [19/Oct/2025:05:32:47 -0400] "GET /kiara-collagen-serum-get-wrinkle-free-skin HTTP/1.1" 301 - "-" "Mozilla/5.0 AppleWebKit/537.36 (KHTML, like Gecko; compatible; ClaudeBot/1.0; [email protected])"
51.222.168.106 - - [19/Oct/2025:05:32:48 -0400] "GET /category/health/breast-enhancement/ HTTP/1.1" 200 73718 "-" "Mozilla/5.0 (compatible; AhrefsBot/7.0; +http://ahrefs.com/robot/)"
216.73.216.87 - - [19/Oct/2025:05:32:48 -0400] "GET /cortyx-clarity/ HTTP/1.1" 200 87718 "https://herintalk.com/?p=8591" "Mozilla/5.0 AppleWebKit/537.36 (KHTML, like Gecko; compatible; ClaudeBot/1.0; [email protected])"
216.73.216.87 - - [19/Oct/2025:05:32:48 -0400] "GET /kiara-collagen-serum-get-wrinkle-free-skin/ HTTP/1.1" 200 88562 "https://herintalk.com/kiara-collagen-serum-get-wrinkle-free-skin" "Mozilla/5.0 AppleWebKit/537.36 (KHTML, like Gecko; compatible; ClaudeBot/1.0; [email protected])"
123.252.137.30 - - [19/Oct/2025:05:32:52 -0400] "POST /xmlrpc.php HTTP/1.1" 200 403 "-" "Mozilla/5.0 (Macintosh; Intel Mac OS X 10_15_7; arm64) AppleWebKit/537.36 (KHTML, like Gecko) Firefox/78.0.0.0 Safari/537.36"
178.239.147.108 - - [19/Oct/2025:05:32:59 -0400] "POST /xmlrpc.php HTTP/1.1" 200 403 "https://herintalk.com" "Mozilla/5.0 (Macintosh; Intel Mac OS X 10_15_7; rv:128.0) Gecko/20100101 Firefox/128.0"
123.252.137.30 - - [19/Oct/2025:05:33:52 -0400] "POST /xmlrpc.php HTTP/1.1" 200 403 "-" "Mozilla/5.0 (Windows NT 6.3; arm64) AppleWebKit/537.36 (KHTML, like Gecko) Firefox/77.0.0.0 Safari/537.36"
2a03:2880:f800:31:: - - [19/Oct/2025:05:33:54 -0400] "GET /priamax/ HTTP/1.1" 200 90958 "-" "meta-externalagent/1.1 (+https://developers.facebook.com/docs/sharing/webmasters/crawler)"
66.116.199.115 - - [19/Oct/2025:05:34:37 -0400] "POST /wp-cron.php?doing_wp_cron=1760866477.6390330791473388671875 HTTP/1.1" 200 - "-" "WordPress/6.8.3; https://herintalk.com"
5.35.45.34 - - [19/Oct/2025:05:34:36 -0400] "GET /xleet-shell.php HTTP/1.1" 404 60916 "-" "Mozilla/5.0 (Windows NT 10.0; Win64; x64) AppleWebKit/537.36 (KHTML, like Gecko) Chrome/139.0.0.0 Safari/537.36 Edg/139.0.0.0"
5.35.45.34 - - [19/Oct/2025:05:34:36 -0400] "GET /shell.php HTTP/1.1" 404 60916 "-" "Mozilla/5.0 (Windows NT 10.0; Win64; x64) AppleWebKit/537.36 (KHTML, like Gecko) Chrome/139.0.0.0 Safari/537.36 Edg/139.0.0.0"
5.35.45.34 - - [19/Oct/2025:05:34:36 -0400] "GET /xleet.php HTTP/1.1" 404 60916 "-" "Mozilla/5.0 (Windows NT 10.0; Win64; x64) AppleWebKit/537.36 (KHTML, like Gecko) Chrome/139.0.0.0 Safari/537.36 Edg/139.0.0.0"
5.35.45.34 - - [19/Oct/2025:05:34:36 -0400] "GET /admin.php HTTP/1.1" 404 60916 "-" "Mozilla/5.0 (Windows NT 10.0; Win64; x64) AppleWebKit/537.36 (KHTML, like Gecko) Chrome/139.0.0.0 Safari/537.36 Edg/139.0.0.0"
5.35.45.34 - - [19/Oct/2025:05:34:36 -0400] "GET /wso.php HTTP/1.1" 404 60916 "-" "Mozilla/5.0 (Windows NT 10.0; Win64; x64) AppleWebKit/537.36 (KHTML, like Gecko) Chrome/139.0.0.0 Safari/537.36 Edg/139.0.0.0"
123.252.137.30 - - [19/Oct/2025:05:34:52 -0400] "POST /xmlrpc.php HTTP/1.1" 200 403 "-" "Mozilla/5.0 (Windows NT 6.2; x86) AppleWebKit/537.36 (KHTML, like Gecko) Opera/70.0.0.0 Safari/537.36"
123.252.137.30 - - [19/Oct/2025:05:35:52 -0400] "POST /xmlrpc.php HTTP/1.1" 200 403 "-" "Mozilla/5.0 (Macintosh; Intel Mac OS X 10_15_7; arm64) AppleWebKit/537.36 (KHTML, like Gecko) Safari/11.0.0.0 Safari/537.36"
173.236.139.128 - - [19/Oct/2025:05:36:47 -0400] "POST /xmlrpc.php HTTP/1.1" 200 403 "https://herintalk.com" "Mozilla/5.0 (Windows NT 10.0; Win64; x64; rv:128.0) Gecko/20100101 Firefox/128.0"
123.252.137.30 - - [19/Oct/2025:05:36:52 -0400] "POST /xmlrpc.php HTTP/1.1" 200 403 "-" "Mozilla/5.0 (Windows NT 10.0; x86) AppleWebKit/537.36 (KHTML, like Gecko) Chrome/92.0.0.0 Safari/537.36"
216.73.216.87 - - [19/Oct/2025:05:37:21 -0400] "GET /?p=7970 HTTP/1.1" 301 - "-" "Mozilla/5.0 AppleWebKit/537.36 (KHTML, like Gecko; compatible; ClaudeBot/1.0; [email protected])"
216.73.216.87 - - [19/Oct/2025:05:37:22 -0400] "GET /revitayouth-serum-and-cream/ HTTP/1.1" 200 88167 "https://herintalk.com/?p=7970" "Mozilla/5.0 AppleWebKit/537.36 (KHTML, like Gecko; compatible; ClaudeBot/1.0; [email protected])"
123.252.137.30 - - [19/Oct/2025:05:37:52 -0400] "POST /xmlrpc.php HTTP/1.1" 200 403 "-" "Mozilla/5.0 (Windows NT 6.2; x64) AppleWebKit/537.36 (KHTML, like Gecko) Safari/15.0.0.0 Safari/537.36"
40.77.167.27 - - [19/Oct/2025:05:38:16 -0400] "GET /its-harder-to-find-love-for-smart-women-heres-why/5/ HTTP/1.1" 200 84683 "-" "Mozilla/5.0 AppleWebKit/537.36 (KHTML, like Gecko; compatible; bingbot/2.0; +http://www.bing.com/bingbot.htm) Chrome/116.0.1938.76 Safari/537.36"
123.252.137.30 - - [19/Oct/2025:05:38:52 -0400] "POST /xmlrpc.php HTTP/1.1" 200 403 "-" "Mozilla/5.0 (X11; Ubuntu; Linux x86_64; arm64) AppleWebKit/537.36 (KHTML, like Gecko) Chrome/81.0.0.0 Safari/537.36"
69.163.181.218 - - [19/Oct/2025:05:38:53 -0400] "POST /xmlrpc.php HTTP/1.1" 200 401 "-" "Mozilla/5.0 (Windows NT 6.1; WOW64; Trident/7.0; BOIE9;ENUSMSE; rv:11.0) like Gecko"
123.252.137.30 - - [19/Oct/2025:05:39:52 -0400] "POST /xmlrpc.php HTTP/1.1" 200 403 "-" "Mozilla/5.0 (Linux; Android 10; arm64) AppleWebKit/537.36 (KHTML, like Gecko) Firefox/73.0.0.0 Safari/537.36"
216.73.216.87 - - [19/Oct/2025:05:40:19 -0400] "GET /cellrepair7 HTTP/1.1" 301 - "-" "Mozilla/5.0 AppleWebKit/537.36 (KHTML, like Gecko; compatible; ClaudeBot/1.0; [email protected])"
216.73.216.87 - - [19/Oct/2025:05:40:19 -0400] "GET /vfx-body HTTP/1.1" 301 - "-" "Mozilla/5.0 AppleWebKit/537.36 (KHTML, like Gecko; compatible; ClaudeBot/1.0; [email protected])"
216.73.216.87 - - [19/Oct/2025:05:40:20 -0400] "GET /cellrepair7/ HTTP/1.1" 200 86307 "https://herintalk.com/cellrepair7" "Mozilla/5.0 AppleWebKit/537.36 (KHTML, like Gecko; compatible; ClaudeBot/1.0; [email protected])"
216.73.216.87 - - [19/Oct/2025:05:40:20 -0400] "GET /vfx-body/ HTTP/1.1" 200 86247 "https://herintalk.com/vfx-body" "Mozilla/5.0 AppleWebKit/537.36 (KHTML, like Gecko; compatible; ClaudeBot/1.0; [email protected])"
216.73.216.87 - - [19/Oct/2025:05:40:21 -0400] "GET /kara-bone-broth-protein HTTP/1.1" 301 - "-" "Mozilla/5.0 AppleWebKit/537.36 (KHTML, like Gecko; compatible; ClaudeBot/1.0; [email protected])"
216.73.216.87 - - [19/Oct/2025:05:40:22 -0400] "GET /kara-bone-broth-protein/ HTTP/1.1" 200 85838 "https://herintalk.com/kara-bone-broth-protein" "Mozilla/5.0 AppleWebKit/537.36 (KHTML, like Gecko; compatible; ClaudeBot/1.0; [email protected])"
66.249.68.5 - - [19/Oct/2025:05:40:26 -0400] "GET /alpha-fuel-hd HTTP/1.1" 301 - "-" "Mozilla/5.0 (Linux; Android 6.0.1; Nexus 5X Build/MMB29P) AppleWebKit/537.36 (KHTML, like Gecko) Chrome/140.0.7339.207 Mobile Safari/537.36 (compatible; Googlebot/2.1; +http://www.google.com/bot.html)"
66.249.68.4 - - [19/Oct/2025:05:40:28 -0400] "GET /alpha-fuel-hd/ HTTP/1.1" 200 54433 "-" "Mozilla/5.0 (Linux; Android 6.0.1; Nexus 5X Build/MMB29P) AppleWebKit/537.36 (KHTML, like Gecko) Chrome/140.0.7339.207 Mobile Safari/537.36 (compatible; Googlebot/2.1; +http://www.google.com/bot.html)"
2001:41d0:403:5033:: - - [19/Oct/2025:05:40:42 -0400] "POST /xmlrpc.php HTTP/1.1" 200 403 "https://herintalk.com" "Mozilla/5.0 (Windows NT 10.0; Win64; x64; rv:129.0) Gecko/20100101 Firefox/129.0"
123.252.137.30 - - [19/Oct/2025:05:40:52 -0400] "POST /xmlrpc.php HTTP/1.1" 200 403 "-" "Mozilla/5.0 (Windows NT 6.2; x86) AppleWebKit/537.36 (KHTML, like Gecko) Safari/12.0.0.0 Safari/537.36"
185.244.36.159 - - [19/Oct/2025:05:41:11 -0400] "POST /xmlrpc.php HTTP/1.1" 200 401 "-" "Mozilla/5.0 (Windows NT 10.0; Win64; x64) AppleWebKit/537.36 (KHTML, like Gecko) Chrome/64.0.3282.140 Safari/537.36 Edge/17.17134"
95.91.104.195 - - [19/Oct/2025:05:41:14 -0400] "GET /robots.txt HTTP/1.1" 200 114 "-" "Mozilla/5.0 (compatible; MJ12bot/v1.4.8; http://mj12bot.com/)"
216.73.216.87 - - [19/Oct/2025:05:41:15 -0400] "GET /what-men-want-in-women-partners/12 HTTP/1.1" 301 - "-" "Mozilla/5.0 AppleWebKit/537.36 (KHTML, like Gecko; compatible; ClaudeBot/1.0; [email protected])"
216.73.216.87 - - [19/Oct/2025:05:41:15 -0400] "GET /what-men-want-in-women-partners/9 HTTP/1.1" 301 - "-" "Mozilla/5.0 AppleWebKit/537.36 (KHTML, like Gecko; compatible; ClaudeBot/1.0; [email protected])"
216.73.216.87 - - [19/Oct/2025:05:41:16 -0400] "GET /what-men-want-in-women-partners/12/ HTTP/1.1" 200 84145 "https://herintalk.com/what-men-want-in-women-partners/12" "Mozilla/5.0 AppleWebKit/537.36 (KHTML, like Gecko; compatible; ClaudeBot/1.0; [email protected])"
95.91.104.195 - - [19/Oct/2025:05:41:16 -0400] "GET /5-things-know-help-body-detox-cures-acne/0724-bubbleshands-jpg/ HTTP/1.1" 200 68135 "-" "Mozilla/5.0 (compatible; MJ12bot/v1.4.8; http://mj12bot.com/)"
216.73.216.87 - - [19/Oct/2025:05:41:16 -0400] "GET /what-men-want-in-women-partners/9/ HTTP/1.1" 200 84237 "https://herintalk.com/what-men-want-in-women-partners/9" "Mozilla/5.0 AppleWebKit/537.36 (KHTML, like Gecko; compatible; ClaudeBot/1.0; [email protected])"
95.91.104.195 - - [19/Oct/2025:05:41:19 -0400] "GET /5-things-know-help-body-detox-cures-acne/beautiful-young-woman-ove-green-leaf-background/ HTTP/1.1" 200 68535 "-" "Mozilla/5.0 (compatible; MJ12bot/v1.4.8; http://mj12bot.com/)"
95.91.104.195 - - [19/Oct/2025:05:41:21 -0400] "GET /5-things-know-help-body-detox-cures-acne/image-2/feed/ HTTP/1.1" 200 810 "-" "Mozilla/5.0 (compatible; MJ12bot/v1.4.8; http://mj12bot.com/)"
95.91.104.195 - - [19/Oct/2025:05:41:23 -0400] "GET /category/beauty/page/13/?filter_by=featured HTTP/1.1" 200 93092 "-" "Mozilla/5.0 (compatible; MJ12bot/v1.4.8; http://mj12bot.com/)"
95.91.104.195 - - [19/Oct/2025:05:41:26 -0400] "GET /category/beauty/page/13/?filter_by=popular HTTP/1.1" 200 93440 "-" "Mozilla/5.0 (compatible; MJ12bot/v1.4.8; http://mj12bot.com/)"
95.91.104.195 - - [19/Oct/2025:05:41:29 -0400] "GET /category/beauty/page/13/?filter_by=random_posts HTTP/1.1" 200 93325 "-" "Mozilla/5.0 (compatible; MJ12bot/v1.4.8; http://mj12bot.com/)"
87.106.145.45 - - [19/Oct/2025:05:41:29 -0400] "POST /xmlrpc.php HTTP/1.1" 200 401 "-" "Mozilla/5.0 (Windows NT 6.1; Win64; x64) AppleWebKit/537.36 (KHTML, like Gecko) Chrome/67.0.3396.87 Safari/537.36"
95.91.104.195 - - [19/Oct/2025:05:41:31 -0400] "GET /category/health/page/13/?filter_by=featured HTTP/1.1" 200 92877 "-" "Mozilla/5.0 (compatible; MJ12bot/v1.4.8; http://mj12bot.com/)"
95.91.104.195 - - [19/Oct/2025:05:41:34 -0400] "GET /category/health/page/13/?filter_by=popular HTTP/1.1" 200 93128 "-" "Mozilla/5.0 (compatible; MJ12bot/v1.4.8; http://mj12bot.com/)"
95.91.104.195 - - [19/Oct/2025:05:41:36 -0400] "GET /category/health/page/13/?filter_by=random_posts HTTP/1.1" 200 93033 "-" "Mozilla/5.0 (compatible; MJ12bot/v1.4.8; http://mj12bot.com/)"
95.91.104.195 - - [19/Oct/2025:05:41:39 -0400] "GET /category/health/page/14/?filter_by=featured HTTP/1.1" 200 92982 "-" "Mozilla/5.0 (compatible; MJ12bot/v1.4.8; http://mj12bot.com/)"
95.91.104.195 - - [19/Oct/2025:05:41:41 -0400] "GET /category/health/page/14/?filter_by=popular HTTP/1.1" 200 92983 "-" "Mozilla/5.0 (compatible; MJ12bot/v1.4.8; http://mj12bot.com/)"
95.91.104.195 - - [19/Oct/2025:05:41:44 -0400] "GET /category/health/page/14/?filter_by=random_posts HTTP/1.1" 200 92575 "-" "Mozilla/5.0 (compatible; MJ12bot/v1.4.8; http://mj12bot.com/)"
123.252.137.30 - - [19/Oct/2025:05:41:52 -0400] "POST /xmlrpc.php HTTP/1.1" 200 403 "-" "Mozilla/5.0 (Macintosh; Intel Mac OS X 10_15_7; x86) AppleWebKit/537.36 (KHTML, like Gecko) Opera/64.0.0.0 Safari/537.36"
123.252.137.30 - - [19/Oct/2025:05:42:52 -0400] "POST /xmlrpc.php HTTP/1.1" 200 403 "-" "Mozilla/5.0 (Windows NT 6.3; arm64) AppleWebKit/537.36 (KHTML, like Gecko) Firefox/78.0.0.0 Safari/537.36"
216.73.216.87 - - [19/Oct/2025:05:43:48 -0400] "GET /what-men-want-in-women-partners/6 HTTP/1.1" 301 - "-" "Mozilla/5.0 AppleWebKit/537.36 (KHTML, like Gecko; compatible; ClaudeBot/1.0; [email protected])"
216.73.216.87 - - [19/Oct/2025:05:43:48 -0400] "GET /what-men-want-in-women-partners/5 HTTP/1.1" 301 - "-" "Mozilla/5.0 AppleWebKit/537.36 (KHTML, like Gecko; compatible; ClaudeBot/1.0; [email protected])"
216.73.216.87 - - [19/Oct/2025:05:43:49 -0400] "GET /what-men-want-in-women-partners/6/ HTTP/1.1" 200 84196 "https://herintalk.com/what-men-want-in-women-partners/6" "Mozilla/5.0 AppleWebKit/537.36 (KHTML, like Gecko; compatible; ClaudeBot/1.0; [email protected])"
216.73.216.87 - - [19/Oct/2025:05:43:49 -0400] "GET /what-men-want-in-women-partners/5/ HTTP/1.1" 200 84580 "https://herintalk.com/what-men-want-in-women-partners/5" "Mozilla/5.0 AppleWebKit/537.36 (KHTML, like Gecko; compatible; ClaudeBot/1.0; [email protected])"
123.252.137.30 - - [19/Oct/2025:05:43:52 -0400] "POST /xmlrpc.php HTTP/1.1" 200 403 "-" "Mozilla/5.0 (X11; Ubuntu; Linux x86_64; x64) AppleWebKit/537.36 (KHTML, like Gecko) Edge/91.0.0.0 Safari/537.36"
216.73.216.87 - - [19/Oct/2025:05:44:27 -0400] "GET /what-men-want-in-women-partners/4 HTTP/1.1" 301 - "-" "Mozilla/5.0 AppleWebKit/537.36 (KHTML, like Gecko; compatible; ClaudeBot/1.0; [email protected])"
216.73.216.87 - - [19/Oct/2025:05:44:27 -0400] "GET /what-men-want-in-women-partners/10 HTTP/1.1" 301 - "-" "Mozilla/5.0 AppleWebKit/537.36 (KHTML, like Gecko; compatible; ClaudeBot/1.0; [email protected])"
216.73.216.87 - - [19/Oct/2025:05:44:29 -0400] "GET /what-men-want-in-women-partners/4/ HTTP/1.1" 200 84147 "https://herintalk.com/what-men-want-in-women-partners/4" "Mozilla/5.0 AppleWebKit/537.36 (KHTML, like Gecko; compatible; ClaudeBot/1.0; [email protected])"
216.73.216.87 - - [19/Oct/2025:05:44:29 -0400] "GET /what-men-want-in-women-partners/10/ HTTP/1.1" 200 84175 "https://herintalk.com/what-men-want-in-women-partners/10" "Mozilla/5.0 AppleWebKit/537.36 (KHTML, like Gecko; compatible; ClaudeBot/1.0; [email protected])"
137.184.64.213 - - [19/Oct/2025:05:44:32 -0400] "POST /xmlrpc.php HTTP/1.1" 200 403 "https://herintalk.com" "Mozilla/5.0 (Windows NT 10.0; Win64; x64; rv:127.0) Gecko/20100101 Firefox/127.0"
123.252.137.30 - - [19/Oct/2025:05:44:52 -0400] "POST /xmlrpc.php HTTP/1.1" 200 403 "-" "Mozilla/5.0 (Windows NT 10.0; x64) AppleWebKit/537.36 (KHTML, like Gecko) Edge/82.0.0.0 Safari/537.36"
163.223.13.96 - - [19/Oct/2025:05:44:58 -0400] "POST /xmlrpc.php HTTP/1.1" 200 401 "-" "Mozilla/5.0 (Windows NT 10.0) AppleWebKit/537.36 (KHTML, like Gecko) Chrome/65.0.3325.146 Safari/537.36"
216.73.216.87 - - [19/Oct/2025:05:45:02 -0400] "GET /kama-sutra-a-tale-of-love-1996-film HTTP/1.1" 301 - "-" "Mozilla/5.0 AppleWebKit/537.36 (KHTML, like Gecko; compatible; ClaudeBot/1.0; [email protected])"
216.73.216.87 - - [19/Oct/2025:05:45:02 -0400] "GET /what-men-want-in-women-partners/14 HTTP/1.1" 301 - "-" "Mozilla/5.0 AppleWebKit/537.36 (KHTML, like Gecko; compatible; ClaudeBot/1.0; [email protected])"
216.73.216.87 - - [19/Oct/2025:05:45:03 -0400] "GET /kama-sutra-a-tale-of-love-1996-film/ HTTP/1.1" 200 93719 "https://herintalk.com/kama-sutra-a-tale-of-love-1996-film" "Mozilla/5.0 AppleWebKit/537.36 (KHTML, like Gecko; compatible; ClaudeBot/1.0; [email protected])"
216.73.216.87 - - [19/Oct/2025:05:45:03 -0400] "GET /what-men-want-in-women-partners/14/ HTTP/1.1" 200 84057 "https://herintalk.com/what-men-want-in-women-partners/14" "Mozilla/5.0 AppleWebKit/537.36 (KHTML, like Gecko; compatible; ClaudeBot/1.0; [email protected])"
50.6.7.129 - - [19/Oct/2025:05:45:13 -0400] "POST /xmlrpc.php HTTP/1.1" 200 401 "-" "Mozilla/5.0 (Windows NT 6.1; WOW64; Trident/7.0; MAFSJS; rv:11.0) like Gecko"
51.222.168.116 - - [19/Oct/2025:05:45:50 -0400] "GET /category/beauty/ HTTP/1.1" 200 92434 "-" "Mozilla/5.0 (compatible; AhrefsBot/7.0; +http://ahrefs.com/robot/)"
123.252.137.30 - - [19/Oct/2025:05:45:52 -0400] "POST /xmlrpc.php HTTP/1.1" 200 403 "-" "Mozilla/5.0 (Macintosh; Intel Mac OS X 10_15_7; x64) AppleWebKit/537.36 (KHTML, like Gecko) Edge/85.0.0.0 Safari/537.36"
103.82.25.248 - - [19/Oct/2025:05:46:39 -0400] "POST /xmlrpc.php HTTP/1.1" 200 401 "-" "Mozilla/5.0 (Windows NT 6.2; ARM; Trident/7.0; Touch; rv:11.0; WPDesktop; NOKIA; Lumia 530) like Gecko"
123.252.137.30 - - [19/Oct/2025:05:46:52 -0400] "POST /xmlrpc.php HTTP/1.1" 200 403 "-" "Mozilla/5.0 (X11; Ubuntu; Linux x86_64; x64) AppleWebKit/537.36 (KHTML, like Gecko) Opera/74.0.0.0 Safari/537.36"
216.73.216.87 - - [19/Oct/2025:05:46:57 -0400] "GET /new-light-cbd HTTP/1.1" 301 - "-" "Mozilla/5.0 AppleWebKit/537.36 (KHTML, like Gecko; compatible; ClaudeBot/1.0; [email protected])"
216.73.216.87 - - [19/Oct/2025:05:46:57 -0400] "GET /?p=5682 HTTP/1.1" 301 - "-" "Mozilla/5.0 AppleWebKit/537.36 (KHTML, like Gecko; compatible; ClaudeBot/1.0; [email protected])"
216.73.216.87 - - [19/Oct/2025:05:46:57 -0400] "GET /ginoni-milan/ HTTP/1.1" 200 89249 "https://herintalk.com/?p=5682" "Mozilla/5.0 AppleWebKit/537.36 (KHTML, like Gecko; compatible; ClaudeBot/1.0; [email protected])"
216.73.216.87 - - [19/Oct/2025:05:46:58 -0400] "GET /new-light-cbd/ HTTP/1.1" 200 85648 "https://herintalk.com/new-light-cbd" "Mozilla/5.0 AppleWebKit/537.36 (KHTML, like Gecko; compatible; ClaudeBot/1.0; [email protected])"
216.73.216.87 - - [19/Oct/2025:05:46:59 -0400] "GET /?p=9956 HTTP/1.1" 301 - "-" "Mozilla/5.0 AppleWebKit/537.36 (KHTML, like Gecko; compatible; ClaudeBot/1.0; [email protected])"
216.73.216.87 - - [19/Oct/2025:05:47:00 -0400] "GET /heroic-male-enhancement/ HTTP/1.1" 200 83917 "https://herintalk.com/?p=9956" "Mozilla/5.0 AppleWebKit/537.36 (KHTML, like Gecko; compatible; ClaudeBot/1.0; [email protected])"
163.223.13.96 - - [19/Oct/2025:05:47:17 -0400] "GET /wp-login.php HTTP/1.1" 200 5973 "-" "Mozilla/5.0 (X11; CrOS x86_64 10452.85.0) AppleWebKit/537.36 (KHTML, like Gecko) Chrome/66.0.3359.158 Safari/537.36"
163.223.13.96 - - [19/Oct/2025:05:47:20 -0400] "POST /wp-login.php HTTP/1.1" 200 6411 "https://herintalk.com/wp-login.php" "Mozilla/5.0 (X11; CrOS x86_64 10452.85.0) AppleWebKit/537.36 (KHTML, like Gecko) Chrome/66.0.3359.158 Safari/537.36"
216.73.216.87 - - [19/Oct/2025:05:47:32 -0400] "GET /what-men-want-in-women-partners/3 HTTP/1.1" 301 - "-" "Mozilla/5.0 AppleWebKit/537.36 (KHTML, like Gecko; compatible; ClaudeBot/1.0; [email protected])"
216.73.216.87 - - [19/Oct/2025:05:47:32 -0400] "GET /forskolin-ketoboost HTTP/1.1" 301 - "-" "Mozilla/5.0 AppleWebKit/537.36 (KHTML, like Gecko; compatible; ClaudeBot/1.0; [email protected])"
216.73.216.87 - - [19/Oct/2025:05:47:33 -0400] "GET /forskolin-ketoboost/ HTTP/1.1" 200 85921 "https://herintalk.com/forskolin-ketoboost" "Mozilla/5.0 AppleWebKit/537.36 (KHTML, like Gecko; compatible; ClaudeBot/1.0; [email protected])"
216.73.216.87 - - [19/Oct/2025:05:47:33 -0400] "GET /what-men-want-in-women-partners/3/ HTTP/1.1" 200 84033 "https://herintalk.com/what-men-want-in-women-partners/3" "Mozilla/5.0 AppleWebKit/537.36 (KHTML, like Gecko; compatible; ClaudeBot/1.0; [email protected])"
216.73.216.87 - - [19/Oct/2025:05:47:35 -0400] "GET /what-men-want-in-women-partners/2 HTTP/1.1" 301 - "-" "Mozilla/5.0 AppleWebKit/537.36 (KHTML, like Gecko; compatible; ClaudeBot/1.0; [email protected])"
216.73.216.87 - - [19/Oct/2025:05:47:36 -0400] "GET /what-men-want-in-women-partners/2/ HTTP/1.1" 200 84114 "https://herintalk.com/what-men-want-in-women-partners/2" "Mozilla/5.0 AppleWebKit/537.36 (KHTML, like Gecko; compatible; ClaudeBot/1.0; [email protected])"
123.252.137.30 - - [19/Oct/2025:05:47:52 -0400] "POST /xmlrpc.php HTTP/1.1" 200 403 "-" "Mozilla/5.0 (Windows NT 10.0; arm64) AppleWebKit/537.36 (KHTML, like Gecko) Firefox/99.0.0.0 Safari/537.36"
123.252.137.30 - - [19/Oct/2025:05:48:52 -0400] "POST /xmlrpc.php HTTP/1.1" 200 403 "-" "Mozilla/5.0 (Linux; Android 10; x86) AppleWebKit/537.36 (KHTML, like Gecko) Safari/15.0.0.0 Safari/537.36"
147.192.206.81 - - [19/Oct/2025:05:49:15 -0400] "POST /xmlrpc.php HTTP/1.1" 200 401 "-" "Mozilla/5.0 (Windows NT 10.0) AppleWebKit/537.36 (KHTML, like Gecko) Chrome/66.0.3359.139 Safari/537.36"
216.73.216.87 - - [19/Oct/2025:05:49:30 -0400] "GET /author/wpadmin/page/52 HTTP/1.1" 301 - "-" "Mozilla/5.0 AppleWebKit/537.36 (KHTML, like Gecko; compatible; ClaudeBot/1.0; [email protected])"
216.73.216.87 - - [19/Oct/2025:05:49:31 -0400] "GET /author/wpadmin/page/7 HTTP/1.1" 301 - "-" "Mozilla/5.0 AppleWebKit/537.36 (KHTML, like Gecko; compatible; ClaudeBot/1.0; [email protected])"
216.73.216.87 - - [19/Oct/2025:05:49:32 -0400] "GET /author/wpadmin/page/52/ HTTP/1.1" 200 83168 "https://herintalk.com/author/wpadmin/page/52" "Mozilla/5.0 AppleWebKit/537.36 (KHTML, like Gecko; compatible; ClaudeBot/1.0; [email protected])"
216.73.216.87 - - [19/Oct/2025:05:49:32 -0400] "GET /author/wpadmin/page/7/ HTTP/1.1" 200 82657 "https://herintalk.com/author/wpadmin/page/7" "Mozilla/5.0 AppleWebKit/537.36 (KHTML, like Gecko; compatible; ClaudeBot/1.0; [email protected])"
216.73.216.87 - - [19/Oct/2025:05:49:33 -0400] "GET /?p=3485 HTTP/1.1" 301 - "-" "Mozilla/5.0 AppleWebKit/537.36 (KHTML, like Gecko; compatible; ClaudeBot/1.0; [email protected])"
216.73.216.87 - - [19/Oct/2025:05:49:34 -0400] "GET /what-men-want-in-women-partners/ HTTP/1.1" 200 84405 "https://herintalk.com/?p=3485" "Mozilla/5.0 AppleWebKit/537.36 (KHTML, like Gecko; compatible; ClaudeBot/1.0; [email protected])"
123.252.137.30 - - [19/Oct/2025:05:49:52 -0400] "POST /xmlrpc.php HTTP/1.1" 200 403 "-" "Mozilla/5.0 (X11; Ubuntu; Linux x86_64; x86) AppleWebKit/537.36 (KHTML, like Gecko) Edge/94.0.0.0 Safari/537.36"
216.73.216.87 - - [19/Oct/2025:05:49:58 -0400] "GET /?p=8957 HTTP/1.1" 301 - "-" "Mozilla/5.0 AppleWebKit/537.36 (KHTML, like Gecko; compatible; ClaudeBot/1.0; [email protected])"
216.73.216.87 - - [19/Oct/2025:05:49:59 -0400] "GET /how-to-stay-comfy-during-your-periods/feed HTTP/1.1" 301 - "-" "Mozilla/5.0 AppleWebKit/537.36 (KHTML, like Gecko; compatible; ClaudeBot/1.0; [email protected])"
216.73.216.87 - - [19/Oct/2025:05:49:59 -0400] "GET /nerium-wellness-chews-energy-sleep-formula/ HTTP/1.1" 200 86075 "https://herintalk.com/?p=8957" "Mozilla/5.0 AppleWebKit/537.36 (KHTML, like Gecko; compatible; ClaudeBot/1.0; [email protected])"
216.73.216.87 - - [19/Oct/2025:05:50:00 -0400] "GET /how-to-stay-comfy-during-your-periods/feed/ HTTP/1.1" 200 821 "https://herintalk.com/how-to-stay-comfy-during-your-periods/feed" "Mozilla/5.0 AppleWebKit/537.36 (KHTML, like Gecko; compatible; ClaudeBot/1.0; [email protected])"
216.73.216.87 - - [19/Oct/2025:05:50:00 -0400] "GET /?p=9670 HTTP/1.1" 301 - "-" "Mozilla/5.0 AppleWebKit/537.36 (KHTML, like Gecko; compatible; ClaudeBot/1.0; [email protected])"
216.73.216.87 - - [19/Oct/2025:05:50:01 -0400] "GET /glutathione-ultra/ HTTP/1.1" 200 85689 "https://herintalk.com/?p=9670" "Mozilla/5.0 AppleWebKit/537.36 (KHTML, like Gecko; compatible; ClaudeBot/1.0; [email protected])"
103.231.202.90 - - [19/Oct/2025:05:50:23 -0400] "POST /xmlrpc.php HTTP/1.1" 200 401 "-" "Mozilla/5.0 (Windows NT 6.3; Win64; x64; Trident/7.0; Touch; TNJB; rv:11.0) like Gecko"
216.73.216.87 - - [19/Oct/2025:05:50:38 -0400] "GET /what-men-want-in-women-partners/11 HTTP/1.1" 301 - "-" "Mozilla/5.0 AppleWebKit/537.36 (KHTML, like Gecko; compatible; ClaudeBot/1.0; [email protected])"
216.73.216.87 - - [19/Oct/2025:05:50:38 -0400] "GET /what-men-want-in-women-partners/7 HTTP/1.1" 301 - "-" "Mozilla/5.0 AppleWebKit/537.36 (KHTML, like Gecko; compatible; ClaudeBot/1.0; [email protected])"
216.73.216.87 - - [19/Oct/2025:05:50:39 -0400] "GET /what-men-want-in-women-partners/11/ HTTP/1.1" 200 83936 "https://herintalk.com/what-men-want-in-women-partners/11" "Mozilla/5.0 AppleWebKit/537.36 (KHTML, like Gecko; compatible; ClaudeBot/1.0; [email protected])"
216.73.216.87 - - [19/Oct/2025:05:50:39 -0400] "GET /what-men-want-in-women-partners/7/ HTTP/1.1" 200 83983 "https://herintalk.com/what-men-want-in-women-partners/7" "Mozilla/5.0 AppleWebKit/537.36 (KHTML, like Gecko; compatible; ClaudeBot/1.0; [email protected])"
142.93.120.13 - - [19/Oct/2025:05:50:50 -0400] "GET /wp-login.php HTTP/1.1" 200 5973 "-" "Mozilla/5.0 (Windows NT 6.3; Win64; x64) AppleWebKit/537.36 (KHTML, like Gecko) Chrome/65.0.3325.181 Safari/537.36 OPR/52.0.2871.99"
123.252.137.30 - - [19/Oct/2025:05:50:52 -0400] "POST /xmlrpc.php HTTP/1.1" 200 403 "-" "Mozilla/5.0 (Macintosh; Intel Mac OS X 10_15_7; x86) AppleWebKit/537.36 (KHTML, like Gecko) Firefox/72.0.0.0 Safari/537.36"
142.93.120.13 - - [19/Oct/2025:05:51:01 -0400] "POST /wp-login.php HTTP/1.1" 200 6410 "https://herintalk.com/wp-login.php" "Mozilla/5.0 (Windows NT 6.3; Win64; x64) AppleWebKit/537.36 (KHTML, like Gecko) Chrome/65.0.3325.181 Safari/537.36 OPR/52.0.2871.99"
147.124.197.101 - - [19/Oct/2025:05:51:02 -0400] "GET /wp-login.php HTTP/1.1" 200 5973 "-" "Mozilla/5.0 (Windows NT 6.3; Trident/7.0; Touch; rv:11.0) like Gecko"
147.124.197.101 - - [19/Oct/2025:05:51:07 -0400] "POST /wp-login.php HTTP/1.1" 200 6411 "https://herintalk.com/wp-login.php" "Mozilla/5.0 (Windows NT 6.3; Trident/7.0; Touch; rv:11.0) like Gecko"
2401:4900:1c82:2c70:820:38d0:86f5:65d7 - - [19/Oct/2025:05:51:18 -0400] "GET /wp-json/wp/v2/posts?per_page=3&_fields=id,slug,comment_status HTTP/1.1" 200 197 "-" "-"
123.252.137.30 - - [19/Oct/2025:05:51:52 -0400] "POST /xmlrpc.php HTTP/1.1" 200 403 "-" "Mozilla/5.0 (X11; Ubuntu; Linux x86_64; arm64) AppleWebKit/537.36 (KHTML, like Gecko) Firefox/97.0.0.0 Safari/537.36"
116.118.45.196 - - [19/Oct/2025:05:52:31 -0400] "POST /xmlrpc.php HTTP/1.1" 200 403 "https://herintalk.com" "Mozilla/5.0 (Windows NT 10.0; Win64; x64) AppleWebKit/537.36 (KHTML, like Gecko) Chrome/115.0.5790.102 Safari/537.36"
216.73.216.87 - - [19/Oct/2025:05:52:51 -0400] "GET /what-men-want-in-women-partners/13 HTTP/1.1" 301 - "-" "Mozilla/5.0 AppleWebKit/537.36 (KHTML, like Gecko; compatible; ClaudeBot/1.0; [email protected])"
216.73.216.87 - - [19/Oct/2025:05:52:51 -0400] "GET /what-men-want-in-women-partners/8 HTTP/1.1" 301 - "-" "Mozilla/5.0 AppleWebKit/537.36 (KHTML, like Gecko; compatible; ClaudeBot/1.0; [email protected])"
216.73.216.87 - - [19/Oct/2025:05:52:52 -0400] "GET /what-men-want-in-women-partners/8/ HTTP/1.1" 200 84712 "https://herintalk.com/what-men-want-in-women-partners/8" "Mozilla/5.0 AppleWebKit/537.36 (KHTML, like Gecko; compatible; ClaudeBot/1.0; [email protected])"
216.73.216.87 - - [19/Oct/2025:05:52:52 -0400] "GET /what-men-want-in-women-partners/13/ HTTP/1.1" 200 84228 "https://herintalk.com/what-men-want-in-women-partners/13" "Mozilla/5.0 AppleWebKit/537.36 (KHTML, like Gecko; compatible; ClaudeBot/1.0; [email protected])"
123.252.137.30 - - [19/Oct/2025:05:52:52 -0400] "POST /xmlrpc.php HTTP/1.1" 200 403 "-" "Mozilla/5.0 (Windows NT 10.0; arm64) AppleWebKit/537.36 (KHTML, like Gecko) Edge/98.0.0.0 Safari/537.36"
148.72.247.255 - - [19/Oct/2025:05:53:18 -0400] "POST /xmlrpc.php HTTP/1.1" 200 401 "-" "Mozilla/5.0 (Macintosh; Intel Mac OS X 10_13_1) AppleWebKit/537.36 (KHTML, like Gecko) Chrome/66.0.3359.139 Safari/537.36"
123.252.137.30 - - [19/Oct/2025:05:53:52 -0400] "POST /xmlrpc.php HTTP/1.1" 200 403 "-" "Mozilla/5.0 (Macintosh; Intel Mac OS X 10_15_7; x64) AppleWebKit/537.36 (KHTML, like Gecko) Chrome/112.0.0.0 Safari/537.36"
58.64.45.45 - - [19/Oct/2025:05:54:41 -0400] "POST /xmlrpc.php HTTP/1.1" 200 401 "-" "Mozilla/5.0 (Windows NT 6.3; WOW64; Trident/7.0; Touch; MAARJS; rv:11.0) like Gecko"
123.252.137.30 - - [19/Oct/2025:05:54:52 -0400] "POST /xmlrpc.php HTTP/1.1" 200 403 "-" "Mozilla/5.0 (Windows NT 6.2; x64) AppleWebKit/537.36 (KHTML, like Gecko) Safari/11.0.0.0 Safari/537.36"
202.131.96.220 - - [19/Oct/2025:05:54:59 -0400] "GET /wp-login.php HTTP/1.1" 200 5973 "-" "Mozilla/5.0 (Windows NT 6.3; Win64; x64) AppleWebKit/537.36 (KHTML, like Gecko) Chrome/66.0.3359.170 Safari/537.36"
202.131.96.220 - - [19/Oct/2025:05:55:01 -0400] "POST /wp-login.php HTTP/1.1" 200 6410 "https://herintalk.com/wp-login.php" "Mozilla/5.0 (Windows NT 6.3; Win64; x64) AppleWebKit/537.36 (KHTML, like Gecko) Chrome/66.0.3359.170 Safari/537.36"
123.252.137.30 - - [19/Oct/2025:05:55:52 -0400] "POST /xmlrpc.php HTTP/1.1" 200 403 "-" "Mozilla/5.0 (Linux; Android 10; x86) AppleWebKit/537.36 (KHTML, like Gecko) Opera/65.0.0.0 Safari/537.36"
103.42.58.99 - - [19/Oct/2025:05:56:19 -0400] "POST /xmlrpc.php HTTP/1.1" 200 403 "https://herintalk.com" "Mozilla/5.0 (Windows NT 10.0; Win64; x64) AppleWebKit/537.36 (KHTML, like Gecko) Chrome/114.0.5735.134 Safari/537.36"
66.249.88.102 - - [19/Oct/2025:05:56:38 -0400] "GET /wp-content/uploads/2014/05/PrioritizeYourPrivacy.jpg HTTP/1.1" 200 99028 "-" "Mozilla/5.0 (Windows NT 5.1; rv:11.0) Gecko Firefox/11.0 (via ggpht.com GoogleImageProxy)"
123.252.137.30 - - [19/Oct/2025:05:56:52 -0400] "POST /xmlrpc.php HTTP/1.1" 200 403 "-" "Mozilla/5.0 (Linux; Android 10; arm64) AppleWebKit/537.36 (KHTML, like Gecko) Firefox/74.0.0.0 Safari/537.36"
123.252.137.30 - - [19/Oct/2025:05:57:52 -0400] "POST /xmlrpc.php HTTP/1.1" 200 403 "-" "Mozilla/5.0 (Linux; Android 10; x86) AppleWebKit/537.36 (KHTML, like Gecko) Chrome/112.0.0.0 Safari/537.36"
54.39.6.141 - - [19/Oct/2025:05:58:42 -0400] "GET /category/health/general-health/ HTTP/1.1" 200 93282 "-" "Mozilla/5.0 (compatible; AhrefsBot/7.0; +http://ahrefs.com/robot/)"
223.135.153.215 - - [19/Oct/2025:05:58:50 -0400] "POST /xmlrpc.php HTTP/1.1" 200 401 "-" "Mozilla/5.0 (X11; Linux x86_64) AppleWebKit/537.36 (KHTML, like Gecko) Chrome/67.0.3396.62 Safari/537.36"
123.252.137.30 - - [19/Oct/2025:05:58:52 -0400] "POST /xmlrpc.php HTTP/1.1" 200 403 "-" "Mozilla/5.0 (Windows NT 10.0; x86) AppleWebKit/537.36 (KHTML, like Gecko) Safari/15.0.0.0 Safari/537.36"
123.252.137.30 - - [19/Oct/2025:05:59:52 -0400] "POST /xmlrpc.php HTTP/1.1" 200 403 "-" "Mozilla/5.0 (Windows NT 6.3; x64) AppleWebKit/537.36 (KHTML, like Gecko) Firefox/87.0.0.0 Safari/537.36"
198.44.184.31 - - [19/Oct/2025:06:00:37 -0400] "POST /xmlrpc.php HTTP/1.1" 200 403 "https://herintalk.com" "Mozilla/5.0 (Windows NT 10.0; Win64; x64) AppleWebKit/537.36 (KHTML, like Gecko) Chrome/126.0.0.0 Safari/537.36"
123.252.137.30 - - [19/Oct/2025:06:00:52 -0400] "POST /xmlrpc.php HTTP/1.1" 200 403 "-" "Mozilla/5.0 (X11; Ubuntu; Linux x86_64; arm64) AppleWebKit/537.36 (KHTML, like Gecko) Opera/79.0.0.0 Safari/537.36"
123.252.137.30 - - [19/Oct/2025:06:01:52 -0400] "POST /xmlrpc.php HTTP/1.1" 200 403 "-" "Mozilla/5.0 (Macintosh; Intel Mac OS X 10_15_7; x64) AppleWebKit/537.36 (KHTML, like Gecko) Safari/13.0.0.0 Safari/537.36"
