20.171.207.51 - - [20/Oct/2025:09:56:34 -0400] "GET /wp-json/wp/v2/tags/9787 HTTP/2.0" 200 621 "-" "Mozilla/5.0 AppleWebKit/537.36 (KHTML, like Gecko; compatible; GPTBot/1.2; +https://openai.com/gptbot)"
20.171.207.51 - - [20/Oct/2025:09:56:35 -0400] "GET /wp-json/wp/v2/tags/3603 HTTP/2.0" 200 660 "-" "Mozilla/5.0 AppleWebKit/537.36 (KHTML, like Gecko; compatible; GPTBot/1.2; +https://openai.com/gptbot)"
20.171.207.51 - - [20/Oct/2025:09:56:36 -0400] "GET /wp-json/wp/v2/tags/2705 HTTP/2.0" 200 615 "-" "Mozilla/5.0 AppleWebKit/537.36 (KHTML, like Gecko; compatible; GPTBot/1.2; +https://openai.com/gptbot)"
20.171.207.51 - - [20/Oct/2025:09:56:37 -0400] "GET /wp-json/wp/v2/tags/7764 HTTP/2.0" 200 639 "-" "Mozilla/5.0 AppleWebKit/537.36 (KHTML, like Gecko; compatible; GPTBot/1.2; +https://openai.com/gptbot)"
20.171.207.51 - - [20/Oct/2025:09:56:38 -0400] "GET /wp-json/wp/v2/tags/4405 HTTP/2.0" 200 627 "-" "Mozilla/5.0 AppleWebKit/537.36 (KHTML, like Gecko; compatible; GPTBot/1.2; +https://openai.com/gptbot)"
20.171.207.51 - - [20/Oct/2025:09:56:39 -0400] "GET /wp-json/wp/v2/tags/6630 HTTP/2.0" 200 597 "-" "Mozilla/5.0 AppleWebKit/537.36 (KHTML, like Gecko; compatible; GPTBot/1.2; +https://openai.com/gptbot)"
20.171.207.51 - - [20/Oct/2025:09:56:41 -0400] "GET /wp-json/wp/v2/tags/3004 HTTP/2.0" 200 594 "-" "Mozilla/5.0 AppleWebKit/537.36 (KHTML, like Gecko; compatible; GPTBot/1.2; +https://openai.com/gptbot)"
20.171.207.51 - - [20/Oct/2025:09:56:42 -0400] "GET /wp-json/wp/v2/tags/6427 HTTP/2.0" 200 603 "-" "Mozilla/5.0 AppleWebKit/537.36 (KHTML, like Gecko; compatible; GPTBot/1.2; +https://openai.com/gptbot)"
20.171.207.51 - - [20/Oct/2025:09:56:43 -0400] "GET /wp-json/wp/v2/tags/2591 HTTP/2.0" 200 585 "-" "Mozilla/5.0 AppleWebKit/537.36 (KHTML, like Gecko; compatible; GPTBot/1.2; +https://openai.com/gptbot)"
20.171.207.51 - - [20/Oct/2025:09:56:44 -0400] "GET /wp-json/wp/v2/tags/7248 HTTP/2.0" 200 633 "-" "Mozilla/5.0 AppleWebKit/537.36 (KHTML, like Gecko; compatible; GPTBot/1.2; +https://openai.com/gptbot)"
20.171.207.51 - - [20/Oct/2025:09:56:45 -0400] "GET /wp-json/wp/v2/tags/4764 HTTP/2.0" 200 666 "-" "Mozilla/5.0 AppleWebKit/537.36 (KHTML, like Gecko; compatible; GPTBot/1.2; +https://openai.com/gptbot)"
20.171.207.51 - - [20/Oct/2025:09:56:46 -0400] "GET /wp-json/wp/v2/tags/6858 HTTP/2.0" 200 582 "-" "Mozilla/5.0 AppleWebKit/537.36 (KHTML, like Gecko; compatible; GPTBot/1.2; +https://openai.com/gptbot)"
20.171.207.51 - - [20/Oct/2025:09:56:48 -0400] "GET /wp-json/wp/v2/tags/4012 HTTP/2.0" 200 591 "-" "Mozilla/5.0 AppleWebKit/537.36 (KHTML, like Gecko; compatible; GPTBot/1.2; +https://openai.com/gptbot)"
20.171.207.51 - - [20/Oct/2025:09:56:49 -0400] "GET /wp-json/wp/v2/tags/9624 HTTP/2.0" 200 591 "-" "Mozilla/5.0 AppleWebKit/537.36 (KHTML, like Gecko; compatible; GPTBot/1.2; +https://openai.com/gptbot)"
20.171.207.51 - - [20/Oct/2025:09:56:50 -0400] "GET /wp-json/wp/v2/tags/5620 HTTP/2.0" 200 630 "-" "Mozilla/5.0 AppleWebKit/537.36 (KHTML, like Gecko; compatible; GPTBot/1.2; +https://openai.com/gptbot)"
20.171.207.51 - - [20/Oct/2025:09:56:51 -0400] "GET /wp-json/wp/v2/tags/5865 HTTP/2.0" 200 606 "-" "Mozilla/5.0 AppleWebKit/537.36 (KHTML, like Gecko; compatible; GPTBot/1.2; +https://openai.com/gptbot)"
20.171.207.51 - - [20/Oct/2025:09:56:52 -0400] "GET /wp-json/wp/v2/tags/3024 HTTP/2.0" 200 615 "-" "Mozilla/5.0 AppleWebKit/537.36 (KHTML, like Gecko; compatible; GPTBot/1.2; +https://openai.com/gptbot)"
20.171.207.51 - - [20/Oct/2025:09:56:53 -0400] "GET /wp-json/wp/v2/tags/9984 HTTP/2.0" 200 615 "-" "Mozilla/5.0 AppleWebKit/537.36 (KHTML, like Gecko; compatible; GPTBot/1.2; +https://openai.com/gptbot)"
20.171.207.51 - - [20/Oct/2025:09:56:55 -0400] "GET /wp-json/wp/v2/tags/4188 HTTP/2.0" 200 609 "-" "Mozilla/5.0 AppleWebKit/537.36 (KHTML, like Gecko; compatible; GPTBot/1.2; +https://openai.com/gptbot)"
20.171.207.51 - - [20/Oct/2025:09:56:56 -0400] "GET /wp-json/wp/v2/tags/7028 HTTP/2.0" 200 639 "-" "Mozilla/5.0 AppleWebKit/537.36 (KHTML, like Gecko; compatible; GPTBot/1.2; +https://openai.com/gptbot)"
20.171.207.51 - - [20/Oct/2025:09:56:57 -0400] "GET /wp-json/wp/v2/tags/5688 HTTP/2.0" 200 618 "-" "Mozilla/5.0 AppleWebKit/537.36 (KHTML, like Gecko; compatible; GPTBot/1.2; +https://openai.com/gptbot)"
20.171.207.51 - - [20/Oct/2025:09:56:58 -0400] "GET /wp-json/wp/v2/tags/2419 HTTP/2.0" 200 585 "-" "Mozilla/5.0 AppleWebKit/537.36 (KHTML, like Gecko; compatible; GPTBot/1.2; +https://openai.com/gptbot)"
20.171.207.51 - - [20/Oct/2025:09:56:59 -0400] "GET /wp-json/wp/v2/tags/2978 HTTP/2.0" 200 591 "-" "Mozilla/5.0 AppleWebKit/537.36 (KHTML, like Gecko; compatible; GPTBot/1.2; +https://openai.com/gptbot)"
20.171.207.51 - - [20/Oct/2025:09:57:00 -0400] "GET /wp-json/wp/v2/tags/1419 HTTP/2.0" 200 600 "-" "Mozilla/5.0 AppleWebKit/537.36 (KHTML, like Gecko; compatible; GPTBot/1.2; +https://openai.com/gptbot)"
20.171.207.51 - - [20/Oct/2025:09:57:01 -0400] "GET /wp-json/wp/v2/tags/5996 HTTP/2.0" 200 660 "-" "Mozilla/5.0 AppleWebKit/537.36 (KHTML, like Gecko; compatible; GPTBot/1.2; +https://openai.com/gptbot)"
20.171.207.51 - - [20/Oct/2025:09:57:03 -0400] "GET /wp-json/wp/v2/tags/4771 HTTP/2.0" 200 621 "-" "Mozilla/5.0 AppleWebKit/537.36 (KHTML, like Gecko; compatible; GPTBot/1.2; +https://openai.com/gptbot)"
20.171.207.51 - - [20/Oct/2025:09:57:04 -0400] "GET /wp-json/wp/v2/tags/2491 HTTP/2.0" 200 648 "-" "Mozilla/5.0 AppleWebKit/537.36 (KHTML, like Gecko; compatible; GPTBot/1.2; +https://openai.com/gptbot)"
20.171.207.51 - - [20/Oct/2025:09:57:05 -0400] "GET /wp-json/wp/v2/tags/1636 HTTP/2.0" 200 660 "-" "Mozilla/5.0 AppleWebKit/537.36 (KHTML, like Gecko; compatible; GPTBot/1.2; +https://openai.com/gptbot)"
20.171.207.51 - - [20/Oct/2025:09:57:06 -0400] "GET /wp-json/wp/v2/tags/9179 HTTP/2.0" 200 609 "-" "Mozilla/5.0 AppleWebKit/537.36 (KHTML, like Gecko; compatible; GPTBot/1.2; +https://openai.com/gptbot)"
20.171.207.51 - - [20/Oct/2025:09:57:07 -0400] "GET /wp-json/wp/v2/tags/6270 HTTP/2.0" 200 621 "-" "Mozilla/5.0 AppleWebKit/537.36 (KHTML, like Gecko; compatible; GPTBot/1.2; +https://openai.com/gptbot)"
20.171.207.51 - - [20/Oct/2025:09:57:08 -0400] "GET /wp-json/wp/v2/tags/5534 HTTP/2.0" 200 606 "-" "Mozilla/5.0 AppleWebKit/537.36 (KHTML, like Gecko; compatible; GPTBot/1.2; +https://openai.com/gptbot)"
20.171.207.51 - - [20/Oct/2025:09:57:09 -0400] "GET /wp-json/wp/v2/tags/4743 HTTP/2.0" 200 657 "-" "Mozilla/5.0 AppleWebKit/537.36 (KHTML, like Gecko; compatible; GPTBot/1.2; +https://openai.com/gptbot)"
20.171.207.51 - - [20/Oct/2025:09:57:11 -0400] "GET /wp-json/wp/v2/tags/3844 HTTP/2.0" 200 582 "-" "Mozilla/5.0 AppleWebKit/537.36 (KHTML, like Gecko; compatible; GPTBot/1.2; +https://openai.com/gptbot)"
20.171.207.51 - - [20/Oct/2025:09:57:12 -0400] "GET /wp-json/wp/v2/tags/1544 HTTP/2.0" 200 669 "-" "Mozilla/5.0 AppleWebKit/537.36 (KHTML, like Gecko; compatible; GPTBot/1.2; +https://openai.com/gptbot)"
20.171.207.51 - - [20/Oct/2025:09:57:13 -0400] "GET /wp-json/wp/v2/tags/3724 HTTP/2.0" 200 702 "-" "Mozilla/5.0 AppleWebKit/537.36 (KHTML, like Gecko; compatible; GPTBot/1.2; +https://openai.com/gptbot)"
57.141.0.58 - - [20/Oct/2025:09:57:12 -0400] "GET /dont-ever-say-these-10-things-to-an-indian-girl/ HTTP/2.0" 200 288125 "-" "meta-externalagent/1.1 (+https://developers.facebook.com/docs/sharing/webmasters/crawler)"
20.171.207.51 - - [20/Oct/2025:09:57:14 -0400] "GET /wp-json/wp/v2/tags/9366 HTTP/2.0" 200 582 "-" "Mozilla/5.0 AppleWebKit/537.36 (KHTML, like Gecko; compatible; GPTBot/1.2; +https://openai.com/gptbot)"
20.171.207.51 - - [20/Oct/2025:09:57:15 -0400] "GET /wp-json/wp/v2/tags/1070 HTTP/2.0" 200 612 "-" "Mozilla/5.0 AppleWebKit/537.36 (KHTML, like Gecko; compatible; GPTBot/1.2; +https://openai.com/gptbot)"
20.171.207.51 - - [20/Oct/2025:09:57:16 -0400] "GET /wp-json/wp/v2/tags/1656 HTTP/2.0" 200 579 "-" "Mozilla/5.0 AppleWebKit/537.36 (KHTML, like Gecko; compatible; GPTBot/1.2; +https://openai.com/gptbot)"
20.171.207.51 - - [20/Oct/2025:09:57:18 -0400] "GET /wp-json/wp/v2/tags/2013 HTTP/2.0" 200 633 "-" "Mozilla/5.0 AppleWebKit/537.36 (KHTML, like Gecko; compatible; GPTBot/1.2; +https://openai.com/gptbot)"
20.171.207.51 - - [20/Oct/2025:09:57:19 -0400] "GET /wp-json/wp/v2/tags/3812 HTTP/2.0" 200 603 "-" "Mozilla/5.0 AppleWebKit/537.36 (KHTML, like Gecko; compatible; GPTBot/1.2; +https://openai.com/gptbot)"
20.171.207.51 - - [20/Oct/2025:09:57:20 -0400] "GET /wp-json/wp/v2/tags/9986 HTTP/2.0" 200 618 "-" "Mozilla/5.0 AppleWebKit/537.36 (KHTML, like Gecko; compatible; GPTBot/1.2; +https://openai.com/gptbot)"
20.171.207.51 - - [20/Oct/2025:09:57:21 -0400] "GET /wp-json/wp/v2/tags/7678 HTTP/2.0" 200 600 "-" "Mozilla/5.0 AppleWebKit/537.36 (KHTML, like Gecko; compatible; GPTBot/1.2; +https://openai.com/gptbot)"
20.171.207.51 - - [20/Oct/2025:09:57:22 -0400] "GET /wp-json/wp/v2/tags/8466 HTTP/2.0" 200 657 "-" "Mozilla/5.0 AppleWebKit/537.36 (KHTML, like Gecko; compatible; GPTBot/1.2; +https://openai.com/gptbot)"
20.171.207.51 - - [20/Oct/2025:09:57:23 -0400] "GET /wp-json/wp/v2/tags/2578 HTTP/2.0" 200 606 "-" "Mozilla/5.0 AppleWebKit/537.36 (KHTML, like Gecko; compatible; GPTBot/1.2; +https://openai.com/gptbot)"
57.141.0.34 - - [20/Oct/2025:09:57:23 -0400] "GET /these-disasters-meant-to-end-the-whole-world/ HTTP/2.0" 200 282956 "-" "meta-externalagent/1.1 (+https://developers.facebook.com/docs/sharing/webmasters/crawler)"
20.171.207.51 - - [20/Oct/2025:09:57:24 -0400] "GET /wp-json/wp/v2/tags/3447 HTTP/2.0" 200 597 "-" "Mozilla/5.0 AppleWebKit/537.36 (KHTML, like Gecko; compatible; GPTBot/1.2; +https://openai.com/gptbot)"
20.171.207.51 - - [20/Oct/2025:09:57:26 -0400] "GET /wp-json/wp/v2/tags/3872 HTTP/2.0" 200 633 "-" "Mozilla/5.0 AppleWebKit/537.36 (KHTML, like Gecko; compatible; GPTBot/1.2; +https://openai.com/gptbot)"
20.171.207.51 - - [20/Oct/2025:09:57:27 -0400] "GET /wp-json/wp/v2/tags/2046 HTTP/2.0" 200 586 "-" "Mozilla/5.0 AppleWebKit/537.36 (KHTML, like Gecko; compatible; GPTBot/1.2; +https://openai.com/gptbot)"
20.171.207.51 - - [20/Oct/2025:09:57:28 -0400] "GET /wp-json/wp/v2/tags/7376 HTTP/2.0" 200 597 "-" "Mozilla/5.0 AppleWebKit/537.36 (KHTML, like Gecko; compatible; GPTBot/1.2; +https://openai.com/gptbot)"
20.171.207.51 - - [20/Oct/2025:09:57:29 -0400] "GET /wp-json/wp/v2/tags/1372 HTTP/2.0" 200 618 "-" "Mozilla/5.0 AppleWebKit/537.36 (KHTML, like Gecko; compatible; GPTBot/1.2; +https://openai.com/gptbot)"
20.171.207.51 - - [20/Oct/2025:09:57:30 -0400] "GET /wp-json/wp/v2/tags/4733 HTTP/2.0" 200 645 "-" "Mozilla/5.0 AppleWebKit/537.36 (KHTML, like Gecko; compatible; GPTBot/1.2; +https://openai.com/gptbot)"
20.171.207.51 - - [20/Oct/2025:09:57:31 -0400] "GET /wp-json/wp/v2/tags/4201 HTTP/2.0" 200 681 "-" "Mozilla/5.0 AppleWebKit/537.36 (KHTML, like Gecko; compatible; GPTBot/1.2; +https://openai.com/gptbot)"
20.171.207.51 - - [20/Oct/2025:09:57:32 -0400] "GET /wp-json/wp/v2/tags/7875 HTTP/2.0" 200 615 "-" "Mozilla/5.0 AppleWebKit/537.36 (KHTML, like Gecko; compatible; GPTBot/1.2; +https://openai.com/gptbot)"
66.249.79.165 - - [20/Oct/2025:09:57:33 -0400] "GET /tag/perfume-jasmine-and-rose/?amp HTTP/1.1" 200 122198 "-" "Mozilla/5.0 (Linux; Android 6.0.1; Nexus 5X Build/MMB29P) AppleWebKit/537.36 (KHTML, like Gecko) Chrome/140.0.7339.207 Mobile Safari/537.36 (compatible; Googlebot/2.1; +http://www.google.com/bot.html)"
20.171.207.51 - - [20/Oct/2025:09:57:34 -0400] "GET /wp-json/wp/v2/tags/1197 HTTP/2.0" 200 615 "-" "Mozilla/5.0 AppleWebKit/537.36 (KHTML, like Gecko; compatible; GPTBot/1.2; +https://openai.com/gptbot)"
66.249.79.165 - - [20/Oct/2025:09:57:34 -0400] "GET /?a=3191058646601&channel=69d544&from=goods.php%3Fid%3D586466-426%26name%3DRAF+SIMONS+T%E3%82%B7%E3%83%A3%E3%83%84+Christiane+F. HTTP/1.1" 301 - "-" "Mozilla/5.0 (Linux; Android 6.0.1; Nexus 5X Build/MMB29P) AppleWebKit/537.36 (KHTML, like Gecko) Chrome/140.0.7339.207 Mobile Safari/537.36 (compatible; Googlebot/2.1; +http://www.google.com/bot.html)"
20.171.207.51 - - [20/Oct/2025:09:57:35 -0400] "GET /wp-json/wp/v2/tags/1138 HTTP/2.0" 200 729 "-" "Mozilla/5.0 AppleWebKit/537.36 (KHTML, like Gecko; compatible; GPTBot/1.2; +https://openai.com/gptbot)"
66.249.79.166 - - [20/Oct/2025:09:57:35 -0400] "GET /?a=3191058646601&channel=69d544&from=goods.php%3Fid%3D586466-426%26name%3DRAF%20SIMONS%20T%E3%82%B7%E3%83%A3%E3%83%84%20Christiane%20F. HTTP/1.1" 200 201123 "-" "Mozilla/5.0 (Linux; Android 6.0.1; Nexus 5X Build/MMB29P) AppleWebKit/537.36 (KHTML, like Gecko) Chrome/140.0.7339.207 Mobile Safari/537.36 (compatible; Googlebot/2.1; +http://www.google.com/bot.html)"
20.171.207.51 - - [20/Oct/2025:09:57:36 -0400] "GET /wp-json/wp/v2/tags/2504 HTTP/2.0" 200 651 "-" "Mozilla/5.0 AppleWebKit/537.36 (KHTML, like Gecko; compatible; GPTBot/1.2; +https://openai.com/gptbot)"
20.171.207.51 - - [20/Oct/2025:09:57:37 -0400] "GET /wp-json/wp/v2/tags/3537 HTTP/2.0" 200 630 "-" "Mozilla/5.0 AppleWebKit/537.36 (KHTML, like Gecko; compatible; GPTBot/1.2; +https://openai.com/gptbot)"
20.171.207.51 - - [20/Oct/2025:09:57:38 -0400] "GET /wp-json/wp/v2/tags/4818 HTTP/2.0" 200 675 "-" "Mozilla/5.0 AppleWebKit/537.36 (KHTML, like Gecko; compatible; GPTBot/1.2; +https://openai.com/gptbot)"
20.171.207.51 - - [20/Oct/2025:09:57:39 -0400] "GET /wp-json/wp/v2/tags/7162 HTTP/2.0" 200 612 "-" "Mozilla/5.0 AppleWebKit/537.36 (KHTML, like Gecko; compatible; GPTBot/1.2; +https://openai.com/gptbot)"
20.171.207.51 - - [20/Oct/2025:09:57:41 -0400] "GET /wp-json/wp/v2/tags/8191 HTTP/2.0" 200 612 "-" "Mozilla/5.0 AppleWebKit/537.36 (KHTML, like Gecko; compatible; GPTBot/1.2; +https://openai.com/gptbot)"
66.116.199.115 - - [20/Oct/2025:09:57:42 -0400] "POST /wp-cron.php?doing_wp_cron=1760968662.3948600292205810546875 HTTP/1.1" 200 - "-" "WordPress/6.8.3; https://wahgazab.com"
20.171.207.51 - - [20/Oct/2025:09:57:42 -0400] "GET /wp-json/wp/v2/tags/4113 HTTP/2.0" 200 639 "-" "Mozilla/5.0 AppleWebKit/537.36 (KHTML, like Gecko; compatible; GPTBot/1.2; +https://openai.com/gptbot)"
20.171.207.51 - - [20/Oct/2025:09:57:43 -0400] "GET /wp-json/wp/v2/tags/9757 HTTP/2.0" 200 636 "-" "Mozilla/5.0 AppleWebKit/537.36 (KHTML, like Gecko; compatible; GPTBot/1.2; +https://openai.com/gptbot)"
20.171.207.51 - - [20/Oct/2025:09:57:44 -0400] "GET /wp-json/wp/v2/tags/4062 HTTP/2.0" 200 618 "-" "Mozilla/5.0 AppleWebKit/537.36 (KHTML, like Gecko; compatible; GPTBot/1.2; +https://openai.com/gptbot)"
20.171.207.51 - - [20/Oct/2025:09:57:45 -0400] "GET /wp-json/wp/v2/tags/8608 HTTP/2.0" 200 609 "-" "Mozilla/5.0 AppleWebKit/537.36 (KHTML, like Gecko; compatible; GPTBot/1.2; +https://openai.com/gptbot)"
20.171.207.51 - - [20/Oct/2025:09:57:46 -0400] "GET /wp-json/wp/v2/tags/6635 HTTP/2.0" 200 678 "-" "Mozilla/5.0 AppleWebKit/537.36 (KHTML, like Gecko; compatible; GPTBot/1.2; +https://openai.com/gptbot)"
20.171.207.51 - - [20/Oct/2025:09:57:47 -0400] "GET /wp-json/wp/v2/tags/2486 HTTP/2.0" 200 588 "-" "Mozilla/5.0 AppleWebKit/537.36 (KHTML, like Gecko; compatible; GPTBot/1.2; +https://openai.com/gptbot)"
20.171.207.51 - - [20/Oct/2025:09:57:49 -0400] "GET /wp-json/wp/v2/tags/1820 HTTP/2.0" 200 615 "-" "Mozilla/5.0 AppleWebKit/537.36 (KHTML, like Gecko; compatible; GPTBot/1.2; +https://openai.com/gptbot)"
20.171.207.51 - - [20/Oct/2025:09:57:50 -0400] "GET /wp-json/wp/v2/tags/2954 HTTP/2.0" 200 582 "-" "Mozilla/5.0 AppleWebKit/537.36 (KHTML, like Gecko; compatible; GPTBot/1.2; +https://openai.com/gptbot)"
20.171.207.51 - - [20/Oct/2025:09:57:51 -0400] "GET /wp-json/wp/v2/tags/5644 HTTP/2.0" 200 621 "-" "Mozilla/5.0 AppleWebKit/537.36 (KHTML, like Gecko; compatible; GPTBot/1.2; +https://openai.com/gptbot)"
20.171.207.51 - - [20/Oct/2025:09:57:52 -0400] "GET /wp-json/wp/v2/tags/6064 HTTP/2.0" 200 606 "-" "Mozilla/5.0 AppleWebKit/537.36 (KHTML, like Gecko; compatible; GPTBot/1.2; +https://openai.com/gptbot)"
20.171.207.51 - - [20/Oct/2025:09:57:53 -0400] "GET /wp-json/wp/v2/tags/5792 HTTP/2.0" 200 637 "-" "Mozilla/5.0 AppleWebKit/537.36 (KHTML, like Gecko; compatible; GPTBot/1.2; +https://openai.com/gptbot)"
20.171.207.51 - - [20/Oct/2025:09:57:54 -0400] "GET /wp-json/wp/v2/tags/3782 HTTP/2.0" 200 648 "-" "Mozilla/5.0 AppleWebKit/537.36 (KHTML, like Gecko; compatible; GPTBot/1.2; +https://openai.com/gptbot)"
20.171.207.51 - - [20/Oct/2025:09:57:56 -0400] "GET /wp-json/wp/v2/tags/5060 HTTP/2.0" 200 677 "-" "Mozilla/5.0 AppleWebKit/537.36 (KHTML, like Gecko; compatible; GPTBot/1.2; +https://openai.com/gptbot)"
20.171.207.51 - - [20/Oct/2025:09:57:57 -0400] "GET /wp-json/wp/v2/tags/6637 HTTP/2.0" 200 633 "-" "Mozilla/5.0 AppleWebKit/537.36 (KHTML, like Gecko; compatible; GPTBot/1.2; +https://openai.com/gptbot)"
20.171.207.51 - - [20/Oct/2025:09:57:58 -0400] "GET /wp-json/wp/v2/tags/3448 HTTP/2.0" 200 618 "-" "Mozilla/5.0 AppleWebKit/537.36 (KHTML, like Gecko; compatible; GPTBot/1.2; +https://openai.com/gptbot)"
20.171.207.51 - - [20/Oct/2025:09:57:59 -0400] "GET /wp-json/wp/v2/tags/9884 HTTP/2.0" 200 612 "-" "Mozilla/5.0 AppleWebKit/537.36 (KHTML, like Gecko; compatible; GPTBot/1.2; +https://openai.com/gptbot)"
20.171.207.51 - - [20/Oct/2025:09:58:00 -0400] "GET /wp-json/wp/v2/tags/4511 HTTP/2.0" 200 612 "-" "Mozilla/5.0 AppleWebKit/537.36 (KHTML, like Gecko; compatible; GPTBot/1.2; +https://openai.com/gptbot)"
20.171.207.51 - - [20/Oct/2025:09:58:01 -0400] "GET /wp-json/wp/v2/tags/9954 HTTP/2.0" 200 633 "-" "Mozilla/5.0 AppleWebKit/537.36 (KHTML, like Gecko; compatible; GPTBot/1.2; +https://openai.com/gptbot)"
20.171.207.51 - - [20/Oct/2025:09:58:02 -0400] "GET /wp-json/wp/v2/tags/4636 HTTP/2.0" 200 642 "-" "Mozilla/5.0 AppleWebKit/537.36 (KHTML, like Gecko; compatible; GPTBot/1.2; +https://openai.com/gptbot)"
20.171.207.51 - - [20/Oct/2025:09:58:04 -0400] "GET /wp-json/wp/v2/tags/6528 HTTP/2.0" 200 696 "-" "Mozilla/5.0 AppleWebKit/537.36 (KHTML, like Gecko; compatible; GPTBot/1.2; +https://openai.com/gptbot)"
20.171.207.51 - - [20/Oct/2025:09:58:05 -0400] "GET /wp-json/wp/v2/tags/5949 HTTP/2.0" 200 612 "-" "Mozilla/5.0 AppleWebKit/537.36 (KHTML, like Gecko; compatible; GPTBot/1.2; +https://openai.com/gptbot)"
20.171.207.51 - - [20/Oct/2025:09:58:06 -0400] "GET /wp-json/wp/v2/tags/3893 HTTP/2.0" 200 696 "-" "Mozilla/5.0 AppleWebKit/537.36 (KHTML, like Gecko; compatible; GPTBot/1.2; +https://openai.com/gptbot)"
20.171.207.51 - - [20/Oct/2025:09:58:07 -0400] "GET /wp-json/wp/v2/tags/2481 HTTP/2.0" 200 579 "-" "Mozilla/5.0 AppleWebKit/537.36 (KHTML, like Gecko; compatible; GPTBot/1.2; +https://openai.com/gptbot)"
20.171.207.51 - - [20/Oct/2025:09:58:08 -0400] "GET /wp-json/wp/v2/tags/2469 HTTP/2.0" 200 606 "-" "Mozilla/5.0 AppleWebKit/537.36 (KHTML, like Gecko; compatible; GPTBot/1.2; +https://openai.com/gptbot)"
20.171.207.51 - - [20/Oct/2025:09:58:09 -0400] "GET /wp-json/wp/v2/tags/8854 HTTP/2.0" 200 642 "-" "Mozilla/5.0 AppleWebKit/537.36 (KHTML, like Gecko; compatible; GPTBot/1.2; +https://openai.com/gptbot)"
20.171.207.51 - - [20/Oct/2025:09:58:11 -0400] "GET /wp-json/wp/v2/tags/6447 HTTP/2.0" 200 636 "-" "Mozilla/5.0 AppleWebKit/537.36 (KHTML, like Gecko; compatible; GPTBot/1.2; +https://openai.com/gptbot)"
66.249.79.166 - - [20/Oct/2025:09:58:11 -0400] "GET /?a=02757102223606&channel=62d4b3&from=shop.php%3Fid%3D1022236-7437%26name%3DOrbital2%EF%BC%88%E3%82%AA%E3%83%BC%E3%83%93%E3%82%BF%E3%83%AB%E3%83%84%E3%83%BC%EF%BC%89+BRAIN+MAGIC+Orbital2+Photoshop+Illustrator+%E3%82%B3%E3%83%B3%E3%83%88%E3%83%AD%E3%83%BC%E3%83%A9%E3%83%BC+Premiere+Pro+After+Effects+Adobe+%E7%94%BB%E5%83%8F+%E5%8B%95%E7%94%BB+%E9%9F%B3%E6%A5%BD+%E5%88%B6%E4%BD%9C%E3%82%BD%E3%83%95%E3%83%88+%E3%82%B7%E3%83%A7%E3%83%BC%E3%83%88%E3%82%AB%E3%83%83%E3%83%88+%E3%82%B3%E3%83%B3%E3%82%BD%E3%83%BC%E3%83%AB+%E3%83%9E%E3%82%A6%E3%82%B9+%E3%80%90%E5%9B%BD%E5%86%85%E6%AD%A3%E8%A6%8F%E5%93%81%E3%80%91 HTTP/1.1" 301 - "-" "Mozilla/5.0 (Linux; Android 6.0.1; Nexus 5X Build/MMB29P) AppleWebKit/537.36 (KHTML, like Gecko) Chrome/140.0.7339.207 Mobile Safari/537.36 (compatible; Googlebot/2.1; +http://www.google.com/bot.html)"
20.171.207.51 - - [20/Oct/2025:09:58:12 -0400] "GET /wp-json/wp/v2/tags/4669 HTTP/2.0" 200 633 "-" "Mozilla/5.0 AppleWebKit/537.36 (KHTML, like Gecko; compatible; GPTBot/1.2; +https://openai.com/gptbot)"
20.171.207.51 - - [20/Oct/2025:09:58:13 -0400] "GET /wp-json/wp/v2/tags/2034 HTTP/2.0" 200 702 "-" "Mozilla/5.0 AppleWebKit/537.36 (KHTML, like Gecko; compatible; GPTBot/1.2; +https://openai.com/gptbot)"
20.171.207.51 - - [20/Oct/2025:09:58:14 -0400] "GET /wp-json/wp/v2/tags/8983 HTTP/2.0" 200 591 "-" "Mozilla/5.0 AppleWebKit/537.36 (KHTML, like Gecko; compatible; GPTBot/1.2; +https://openai.com/gptbot)"
20.171.207.51 - - [20/Oct/2025:09:58:15 -0400] "GET /wp-json/wp/v2/tags/2170 HTTP/2.0" 200 624 "-" "Mozilla/5.0 AppleWebKit/537.36 (KHTML, like Gecko; compatible; GPTBot/1.2; +https://openai.com/gptbot)"
20.171.207.51 - - [20/Oct/2025:09:58:16 -0400] "GET /wp-json/wp/v2/tags/3559 HTTP/2.0" 200 606 "-" "Mozilla/5.0 AppleWebKit/537.36 (KHTML, like Gecko; compatible; GPTBot/1.2; +https://openai.com/gptbot)"
20.171.207.51 - - [20/Oct/2025:09:58:17 -0400] "GET /wp-json/wp/v2/tags/8362 HTTP/2.0" 200 618 "-" "Mozilla/5.0 AppleWebKit/537.36 (KHTML, like Gecko; compatible; GPTBot/1.2; +https://openai.com/gptbot)"
20.171.207.51 - - [20/Oct/2025:09:58:19 -0400] "GET /wp-json/wp/v2/tags/2168 HTTP/2.0" 200 648 "-" "Mozilla/5.0 AppleWebKit/537.36 (KHTML, like Gecko; compatible; GPTBot/1.2; +https://openai.com/gptbot)"
20.171.207.51 - - [20/Oct/2025:09:58:20 -0400] "GET /wp-json/wp/v2/tags/8724 HTTP/2.0" 200 588 "-" "Mozilla/5.0 AppleWebKit/537.36 (KHTML, like Gecko; compatible; GPTBot/1.2; +https://openai.com/gptbot)"
20.171.207.51 - - [20/Oct/2025:09:58:21 -0400] "GET /wp-json/wp/v2/tags/4732 HTTP/2.0" 200 618 "-" "Mozilla/5.0 AppleWebKit/537.36 (KHTML, like Gecko; compatible; GPTBot/1.2; +https://openai.com/gptbot)"
20.171.207.51 - - [20/Oct/2025:09:58:22 -0400] "GET /wp-json/wp/v2/tags/9528 HTTP/2.0" 200 591 "-" "Mozilla/5.0 AppleWebKit/537.36 (KHTML, like Gecko; compatible; GPTBot/1.2; +https://openai.com/gptbot)"
20.171.207.51 - - [20/Oct/2025:09:58:23 -0400] "GET /wp-json/wp/v2/tags/2053 HTTP/2.0" 200 615 "-" "Mozilla/5.0 AppleWebKit/537.36 (KHTML, like Gecko; compatible; GPTBot/1.2; +https://openai.com/gptbot)"
20.171.207.51 - - [20/Oct/2025:09:58:24 -0400] "GET /wp-json/wp/v2/tags/4362 HTTP/2.0" 200 660 "-" "Mozilla/5.0 AppleWebKit/537.36 (KHTML, like Gecko; compatible; GPTBot/1.2; +https://openai.com/gptbot)"
20.171.207.51 - - [20/Oct/2025:09:58:26 -0400] "GET /wp-json/wp/v2/tags/3257 HTTP/2.0" 200 627 "-" "Mozilla/5.0 AppleWebKit/537.36 (KHTML, like Gecko; compatible; GPTBot/1.2; +https://openai.com/gptbot)"
20.171.207.51 - - [20/Oct/2025:09:58:27 -0400] "GET /wp-json/wp/v2/tags/5213 HTTP/2.0" 200 583 "-" "Mozilla/5.0 AppleWebKit/537.36 (KHTML, like Gecko; compatible; GPTBot/1.2; +https://openai.com/gptbot)"
20.171.207.51 - - [20/Oct/2025:09:58:28 -0400] "GET /wp-json/wp/v2/tags/7497 HTTP/2.0" 200 636 "-" "Mozilla/5.0 AppleWebKit/537.36 (KHTML, like Gecko; compatible; GPTBot/1.2; +https://openai.com/gptbot)"
20.171.207.51 - - [20/Oct/2025:09:58:29 -0400] "GET /wp-json/wp/v2/tags/3414 HTTP/2.0" 200 597 "-" "Mozilla/5.0 AppleWebKit/537.36 (KHTML, like Gecko; compatible; GPTBot/1.2; +https://openai.com/gptbot)"
20.171.207.51 - - [20/Oct/2025:09:58:30 -0400] "GET /wp-json/wp/v2/tags/5745 HTTP/2.0" 200 633 "-" "Mozilla/5.0 AppleWebKit/537.36 (KHTML, like Gecko; compatible; GPTBot/1.2; +https://openai.com/gptbot)"
20.171.207.51 - - [20/Oct/2025:09:58:31 -0400] "GET /wp-json/wp/v2/tags/8718 HTTP/2.0" 200 642 "-" "Mozilla/5.0 AppleWebKit/537.36 (KHTML, like Gecko; compatible; GPTBot/1.2; +https://openai.com/gptbot)"
20.171.207.51 - - [20/Oct/2025:09:58:32 -0400] "GET /wp-json/wp/v2/tags/6604 HTTP/2.0" 200 642 "-" "Mozilla/5.0 AppleWebKit/537.36 (KHTML, like Gecko; compatible; GPTBot/1.2; +https://openai.com/gptbot)"
20.171.207.51 - - [20/Oct/2025:09:58:34 -0400] "GET /wp-json/wp/v2/tags/7558 HTTP/2.0" 200 610 "-" "Mozilla/5.0 AppleWebKit/537.36 (KHTML, like Gecko; compatible; GPTBot/1.2; +https://openai.com/gptbot)"
20.171.207.51 - - [20/Oct/2025:09:58:35 -0400] "GET /wp-json/wp/v2/tags/9321 HTTP/2.0" 200 604 "-" "Mozilla/5.0 AppleWebKit/537.36 (KHTML, like Gecko; compatible; GPTBot/1.2; +https://openai.com/gptbot)"
20.171.207.51 - - [20/Oct/2025:09:58:36 -0400] "GET /wp-json/wp/v2/tags/1516 HTTP/2.0" 200 750 "-" "Mozilla/5.0 AppleWebKit/537.36 (KHTML, like Gecko; compatible; GPTBot/1.2; +https://openai.com/gptbot)"
20.171.207.51 - - [20/Oct/2025:09:58:37 -0400] "GET /wp-json/wp/v2/tags/7880 HTTP/2.0" 200 597 "-" "Mozilla/5.0 AppleWebKit/537.36 (KHTML, like Gecko; compatible; GPTBot/1.2; +https://openai.com/gptbot)"
20.171.207.51 - - [20/Oct/2025:09:58:38 -0400] "GET /wp-json/wp/v2/tags/9006 HTTP/2.0" 200 618 "-" "Mozilla/5.0 AppleWebKit/537.36 (KHTML, like Gecko; compatible; GPTBot/1.2; +https://openai.com/gptbot)"
20.171.207.51 - - [20/Oct/2025:09:58:39 -0400] "GET /wp-json/wp/v2/tags/8392 HTTP/2.0" 200 639 "-" "Mozilla/5.0 AppleWebKit/537.36 (KHTML, like Gecko; compatible; GPTBot/1.2; +https://openai.com/gptbot)"
20.171.207.51 - - [20/Oct/2025:09:58:41 -0400] "GET /wp-json/wp/v2/tags/5536 HTTP/2.0" 200 597 "-" "Mozilla/5.0 AppleWebKit/537.36 (KHTML, like Gecko; compatible; GPTBot/1.2; +https://openai.com/gptbot)"
20.171.207.51 - - [20/Oct/2025:09:58:42 -0400] "GET /wp-json/wp/v2/tags/2418 HTTP/2.0" 200 612 "-" "Mozilla/5.0 AppleWebKit/537.36 (KHTML, like Gecko; compatible; GPTBot/1.2; +https://openai.com/gptbot)"
20.171.207.51 - - [20/Oct/2025:09:58:43 -0400] "GET /wp-json/wp/v2/tags/6070 HTTP/2.0" 200 642 "-" "Mozilla/5.0 AppleWebKit/537.36 (KHTML, like Gecko; compatible; GPTBot/1.2; +https://openai.com/gptbot)"
20.171.207.51 - - [20/Oct/2025:09:58:44 -0400] "GET /wp-json/wp/v2/tags/2671 HTTP/2.0" 200 666 "-" "Mozilla/5.0 AppleWebKit/537.36 (KHTML, like Gecko; compatible; GPTBot/1.2; +https://openai.com/gptbot)"
20.171.207.51 - - [20/Oct/2025:09:58:45 -0400] "GET /wp-json/wp/v2/tags/5854 HTTP/2.0" 200 645 "-" "Mozilla/5.0 AppleWebKit/537.36 (KHTML, like Gecko; compatible; GPTBot/1.2; +https://openai.com/gptbot)"
20.171.207.51 - - [20/Oct/2025:09:58:46 -0400] "GET /wp-json/wp/v2/tags/7329 HTTP/2.0" 200 666 "-" "Mozilla/5.0 AppleWebKit/537.36 (KHTML, like Gecko; compatible; GPTBot/1.2; +https://openai.com/gptbot)"
20.171.207.51 - - [20/Oct/2025:09:58:47 -0400] "GET /wp-json/wp/v2/tags/3031 HTTP/2.0" 200 648 "-" "Mozilla/5.0 AppleWebKit/537.36 (KHTML, like Gecko; compatible; GPTBot/1.2; +https://openai.com/gptbot)"
57.141.0.7 - - [20/Oct/2025:09:58:47 -0400] "GET /this-is-the-only-temple-where-headless-goddess-worshiped/ HTTP/2.0" 200 284918 "-" "meta-externalagent/1.1 (+https://developers.facebook.com/docs/sharing/webmasters/crawler)"
20.171.207.51 - - [20/Oct/2025:09:58:49 -0400] "GET /wp-json/wp/v2/tags/3261 HTTP/2.0" 200 609 "-" "Mozilla/5.0 AppleWebKit/537.36 (KHTML, like Gecko; compatible; GPTBot/1.2; +https://openai.com/gptbot)"
20.171.207.51 - - [20/Oct/2025:09:58:50 -0400] "GET /wp-json/wp/v2/tags/2863 HTTP/2.0" 200 591 "-" "Mozilla/5.0 AppleWebKit/537.36 (KHTML, like Gecko; compatible; GPTBot/1.2; +https://openai.com/gptbot)"
20.171.207.51 - - [20/Oct/2025:09:58:51 -0400] "GET /wp-json/wp/v2/tags/4535 HTTP/2.0" 200 654 "-" "Mozilla/5.0 AppleWebKit/537.36 (KHTML, like Gecko; compatible; GPTBot/1.2; +https://openai.com/gptbot)"
20.171.207.51 - - [20/Oct/2025:09:58:52 -0400] "GET /wp-json/wp/v2/tags/9337 HTTP/2.0" 200 603 "-" "Mozilla/5.0 AppleWebKit/537.36 (KHTML, like Gecko; compatible; GPTBot/1.2; +https://openai.com/gptbot)"
20.171.207.51 - - [20/Oct/2025:09:58:53 -0400] "GET /wp-json/wp/v2/tags/3317 HTTP/2.0" 200 609 "-" "Mozilla/5.0 AppleWebKit/537.36 (KHTML, like Gecko; compatible; GPTBot/1.2; +https://openai.com/gptbot)"
20.171.207.51 - - [20/Oct/2025:09:58:54 -0400] "GET /wp-json/wp/v2/tags/1362 HTTP/2.0" 200 627 "-" "Mozilla/5.0 AppleWebKit/537.36 (KHTML, like Gecko; compatible; GPTBot/1.2; +https://openai.com/gptbot)"
52.205.141.124 - - [20/Oct/2025:09:58:55 -0400] "GET /tag/best-morning-routine-for-weight-loss/ HTTP/1.1" 200 122441 "-" "Mozilla/5.0 AppleWebKit/537.36 (KHTML, like Gecko; compatible; Amazonbot/0.1; +https://developer.amazon.com/support/amazonbot) Chrome/119.0.6045.214 Safari/537.36"
20.171.207.51 - - [20/Oct/2025:09:58:56 -0400] "GET /wp-json/wp/v2/tags/9434 HTTP/2.0" 200 657 "-" "Mozilla/5.0 AppleWebKit/537.36 (KHTML, like Gecko; compatible; GPTBot/1.2; +https://openai.com/gptbot)"
20.171.207.51 - - [20/Oct/2025:09:58:57 -0400] "GET /wp-json/wp/v2/tags/4286 HTTP/2.0" 200 639 "-" "Mozilla/5.0 AppleWebKit/537.36 (KHTML, like Gecko; compatible; GPTBot/1.2; +https://openai.com/gptbot)"
20.171.207.51 - - [20/Oct/2025:09:58:58 -0400] "GET /wp-json/wp/v2/tags/6142 HTTP/2.0" 200 594 "-" "Mozilla/5.0 AppleWebKit/537.36 (KHTML, like Gecko; compatible; GPTBot/1.2; +https://openai.com/gptbot)"
3.217.171.106 - - [20/Oct/2025:09:58:59 -0400] "GET /tag/best-daily-routine-for-healthy-life/ HTTP/1.1" 200 122433 "-" "Mozilla/5.0 AppleWebKit/537.36 (KHTML, like Gecko; compatible; Amazonbot/0.1; +https://developer.amazon.com/support/amazonbot) Chrome/119.0.6045.214 Safari/537.36"
20.171.207.51 - - [20/Oct/2025:09:58:59 -0400] "GET /wp-json/wp/v2/tags/9215 HTTP/2.0" 200 618 "-" "Mozilla/5.0 AppleWebKit/537.36 (KHTML, like Gecko; compatible; GPTBot/1.2; +https://openai.com/gptbot)"
20.171.207.51 - - [20/Oct/2025:09:59:00 -0400] "GET /wp-json/wp/v2/tags/2605 HTTP/2.0" 200 670 "-" "Mozilla/5.0 AppleWebKit/537.36 (KHTML, like Gecko; compatible; GPTBot/1.2; +https://openai.com/gptbot)"
66.249.79.167 - - [20/Oct/2025:09:59:01 -0400] "GET /?a=87771113505600&channel=0e3a97&from=shop.php%3Fid%3D1135056-539%26name%3D%E3%82%B7%E3%83%A7%E3%83%BC%E3%83%9C%E3%83%B3%E3%83%89%E3%83%9E%E3%83%86%E3%83%AA%E3%82%A2%E3%83%AB%2FSHO-BOND+%E3%80%90G-32EFSS%E3%80%91%E3%82%AB%E3%83%83%E3%83%97%E3%83%AA%E3%83%B3%E3%82%B0+%E3%82%B9%E3%83%88%E3%83%A9%E3%83%96%E3%83%BB%E3%82%B0%E3%83%AA%E3%83%83%E3%83%97+G%E3%82%BF%E3%82%A4%E3%83%97+%E6%B6%88%E9%98%B2%E8%AA%8D%E5%AE%9A%E5%93%81+SUS%E3%83%9C%E3%83%AB%E3%83%88+EPDM+32A%E3%80%94FH%E3%80%95 HTTP/1.1" 301 - "-" "Mozilla/5.0 (Linux; Android 6.0.1; Nexus 5X Build/MMB29P) AppleWebKit/537.36 (KHTML, like Gecko) Chrome/140.0.7339.207 Mobile Safari/537.36 (compatible; Googlebot/2.1; +http://www.google.com/bot.html)"
20.171.207.51 - - [20/Oct/2025:09:59:02 -0400] "GET /wp-json/wp/v2/tags/1341 HTTP/2.0" 200 633 "-" "Mozilla/5.0 AppleWebKit/537.36 (KHTML, like Gecko; compatible; GPTBot/1.2; +https://openai.com/gptbot)"
66.249.79.165 - - [20/Oct/2025:09:59:02 -0400] "GET /?a=87771113505600&channel=0e3a97&from=shop.php%3Fid%3D1135056-539%26name%3D%E3%82%B7%E3%83%A7%E3%83%BC%E3%83%9C%E3%83%B3%E3%83%89%E3%83%9E%E3%83%86%E3%83%AA%E3%82%A2%E3%83%AB%2FSHO-BOND%20%E3%80%90G-32EFSS%E3%80%91%E3%82%AB%E3%83%83%E3%83%97%E3%83%AA%E3%83%B3%E3%82%B0%20%E3%82%B9%E3%83%88%E3%83%A9%E3%83%96%E3%83%BB%E3%82%B0%E3%83%AA%E3%83%83%E3%83%97%20G%E3%82%BF%E3%82%A4%E3%83%97%20%E6%B6%88%E9%98%B2%E8%AA%8D%E5%AE%9A%E5%93%81%20SUS%E3%83%9C%E3%83%AB%E3%83%88%20EPDM%2032A%E3%80%94FH%E3%80%95 HTTP/1.1" 200 201123 "-" "Mozilla/5.0 (Linux; Android 6.0.1; Nexus 5X Build/MMB29P) AppleWebKit/537.36 (KHTML, like Gecko) Chrome/140.0.7339.207 Mobile Safari/537.36 (compatible; Googlebot/2.1; +http://www.google.com/bot.html)"
20.171.207.51 - - [20/Oct/2025:09:59:03 -0400] "GET /wp-json/wp/v2/tags/8412 HTTP/2.0" 200 648 "-" "Mozilla/5.0 AppleWebKit/537.36 (KHTML, like Gecko; compatible; GPTBot/1.2; +https://openai.com/gptbot)"
3.219.80.71 - - [20/Oct/2025:09:59:03 -0400] "GET /tag/mark-zuckerberg-news/ HTTP/1.1" 200 122026 "-" "Mozilla/5.0 AppleWebKit/537.36 (KHTML, like Gecko; compatible; Amazonbot/0.1; +https://developer.amazon.com/support/amazonbot) Chrome/119.0.6045.214 Safari/537.36"
20.171.207.51 - - [20/Oct/2025:09:59:04 -0400] "GET /wp-json/wp/v2/tags/2354 HTTP/2.0" 200 654 "-" "Mozilla/5.0 AppleWebKit/537.36 (KHTML, like Gecko; compatible; GPTBot/1.2; +https://openai.com/gptbot)"
20.171.207.51 - - [20/Oct/2025:09:59:05 -0400] "GET /wp-json/wp/v2/tags/6964 HTTP/2.0" 200 612 "-" "Mozilla/5.0 AppleWebKit/537.36 (KHTML, like Gecko; compatible; GPTBot/1.2; +https://openai.com/gptbot)"
20.171.207.51 - - [20/Oct/2025:09:59:06 -0400] "GET /wp-json/wp/v2/tags/8623 HTTP/2.0" 200 624 "-" "Mozilla/5.0 AppleWebKit/537.36 (KHTML, like Gecko; compatible; GPTBot/1.2; +https://openai.com/gptbot)"
20.171.207.51 - - [20/Oct/2025:09:59:07 -0400] "GET /wp-json/wp/v2/tags/1524 HTTP/2.0" 200 603 "-" "Mozilla/5.0 AppleWebKit/537.36 (KHTML, like Gecko; compatible; GPTBot/1.2; +https://openai.com/gptbot)"
20.171.207.51 - - [20/Oct/2025:09:59:08 -0400] "GET /wp-json/wp/v2/tags/9776 HTTP/2.0" 200 663 "-" "Mozilla/5.0 AppleWebKit/537.36 (KHTML, like Gecko; compatible; GPTBot/1.2; +https://openai.com/gptbot)"
66.249.79.166 - - [20/Oct/2025:09:59:09 -0400] "GET /?a=39095152061004&channel=79805b&from=news.php%3Fid%3D1520610-1606%26name%3D%E7%A8%AE%E9%A1%9E2%EF%BC%9A%E5%AE%B6%E7%B4%8B1%E5%80%8B%E5%85%A5%E3%82%8A+%E5%A4%A7%E7%95%91%E3%81%AE%E6%AD%A6%E8%80%85%E7%B5%B5%E5%B9%9F++%E6%AD%A6%E8%80%85%E3%81%AE%E3%81%BC%E3%82%8A+%E6%BA%90%E7%BE%A9%E7%B5%8C+%EF%BC%97.%EF%BC%92%EF%BD%8D+%EF%BC%88%E5%B7%BE1.02%EF%BC%8930%E5%8F%B7%E5%9F%8E%E4%BB%98+%E9%87%91%E7%B2%89%E5%85%A5%E3%82%8A+%E3%83%9D%E3%83%BC%E3%83%AB%E5%88%A5%E5%A3%B2+%E6%97%A5%E6%9C%AC%E3%81%AE%E4%BC%9D%E7%B5%B1%E6%96%87%E5%8C%96++%E4%BA%94%E6%9C%88%E4%BA%BA%E5%BD%A2 HTTP/1.1" 301 - "-" "Mozilla/5.0 (Linux; Android 6.0.1; Nexus 5X Build/MMB29P) AppleWebKit/537.36 (KHTML, like Gecko) Chrome/140.0.7339.207 Mobile Safari/537.36 (compatible; Googlebot/2.1; +http://www.google.com/bot.html)"
20.171.207.51 - - [20/Oct/2025:09:59:09 -0400] "GET /wp-json/wp/v2/tags/5082 HTTP/2.0" 200 651 "-" "Mozilla/5.0 AppleWebKit/537.36 (KHTML, like Gecko; compatible; GPTBot/1.2; +https://openai.com/gptbot)"
66.249.79.165 - - [20/Oct/2025:09:59:10 -0400] "GET /?a=39095152061004&channel=79805b&from=news.php%3Fid%3D1520610-1606%26name%3D%E7%A8%AE%E9%A1%9E2%EF%BC%9A%E5%AE%B6%E7%B4%8B1%E5%80%8B%E5%85%A5%E3%82%8A%20%E5%A4%A7%E7%95%91%E3%81%AE%E6%AD%A6%E8%80%85%E7%B5%B5%E5%B9%9F%20%20%E6%AD%A6%E8%80%85%E3%81%AE%E3%81%BC%E3%82%8A%20%E6%BA%90%E7%BE%A9%E7%B5%8C%20%EF%BC%97.%EF%BC%92%EF%BD%8D%20%EF%BC%88%E5%B7%BE1.02%EF%BC%8930%E5%8F%B7%E5%9F%8E%E4%BB%98%20%E9%87%91%E7%B2%89%E5%85%A5%E3%82%8A%20%E3%83%9D%E3%83%BC%E3%83%AB%E5%88%A5%E5%A3%B2%20%E6%97%A5%E6%9C%AC%E3%81%AE%E4%BC%9D%E7%B5%B1%E6%96%87%E5%8C%96%20%20%E4%BA%94%E6%9C%88%E4%BA%BA%E5%BD%A2 HTTP/1.1" 200 201123 "-" "Mozilla/5.0 (Linux; Android 6.0.1; Nexus 5X Build/MMB29P) AppleWebKit/537.36 (KHTML, like Gecko) Chrome/140.0.7339.207 Mobile Safari/537.36 (compatible; Googlebot/2.1; +http://www.google.com/bot.html)"
20.171.207.51 - - [20/Oct/2025:09:59:11 -0400] "GET /wp-json/wp/v2/tags/8856 HTTP/2.0" 200 633 "-" "Mozilla/5.0 AppleWebKit/537.36 (KHTML, like Gecko; compatible; GPTBot/1.2; +https://openai.com/gptbot)"
54.84.102.81 - - [20/Oct/2025:09:59:11 -0400] "GET /tag/negative-mentality/ HTTP/1.1" 200 122161 "-" "Mozilla/5.0 AppleWebKit/537.36 (KHTML, like Gecko; compatible; Amazonbot/0.1; +https://developer.amazon.com/support/amazonbot) Chrome/119.0.6045.214 Safari/537.36"
20.171.207.51 - - [20/Oct/2025:09:59:12 -0400] "GET /wp-json/wp/v2/tags/9691 HTTP/2.0" 200 633 "-" "Mozilla/5.0 AppleWebKit/537.36 (KHTML, like Gecko; compatible; GPTBot/1.2; +https://openai.com/gptbot)"
20.171.207.51 - - [20/Oct/2025:09:59:13 -0400] "GET /wp-json/wp/v2/tags/4889 HTTP/2.0" 200 633 "-" "Mozilla/5.0 AppleWebKit/537.36 (KHTML, like Gecko; compatible; GPTBot/1.2; +https://openai.com/gptbot)"
20.171.207.51 - - [20/Oct/2025:09:59:14 -0400] "GET /wp-json/wp/v2/tags/1287 HTTP/2.0" 200 597 "-" "Mozilla/5.0 AppleWebKit/537.36 (KHTML, like Gecko; compatible; GPTBot/1.2; +https://openai.com/gptbot)"
20.171.207.51 - - [20/Oct/2025:09:59:15 -0400] "GET /wp-json/wp/v2/tags/8330 HTTP/2.0" 200 624 "-" "Mozilla/5.0 AppleWebKit/537.36 (KHTML, like Gecko; compatible; GPTBot/1.2; +https://openai.com/gptbot)"
20.171.207.51 - - [20/Oct/2025:09:59:16 -0400] "GET /wp-json/wp/v2/tags/9945 HTTP/2.0" 200 597 "-" "Mozilla/5.0 AppleWebKit/537.36 (KHTML, like Gecko; compatible; GPTBot/1.2; +https://openai.com/gptbot)"
20.171.207.51 - - [20/Oct/2025:09:59:17 -0400] "GET /wp-json/wp/v2/tags/8234 HTTP/2.0" 200 619 "-" "Mozilla/5.0 AppleWebKit/537.36 (KHTML, like Gecko; compatible; GPTBot/1.2; +https://openai.com/gptbot)"
20.171.207.51 - - [20/Oct/2025:09:59:19 -0400] "GET /wp-json/wp/v2/tags/2395 HTTP/2.0" 200 636 "-" "Mozilla/5.0 AppleWebKit/537.36 (KHTML, like Gecko; compatible; GPTBot/1.2; +https://openai.com/gptbot)"
23.23.213.182 - - [20/Oct/2025:09:59:19 -0400] "GET /tag/we-are-separated/ HTTP/1.1" 200 122051 "-" "Mozilla/5.0 AppleWebKit/537.36 (KHTML, like Gecko; compatible; Amazonbot/0.1; +https://developer.amazon.com/support/amazonbot) Chrome/119.0.6045.214 Safari/537.36"
20.171.207.51 - - [20/Oct/2025:09:59:20 -0400] "GET /wp-json/wp/v2/tags/3606 HTTP/2.0" 200 654 "-" "Mozilla/5.0 AppleWebKit/537.36 (KHTML, like Gecko; compatible; GPTBot/1.2; +https://openai.com/gptbot)"
20.171.207.51 - - [20/Oct/2025:09:59:21 -0400] "GET /wp-json/wp/v2/tags/6382 HTTP/2.0" 200 646 "-" "Mozilla/5.0 AppleWebKit/537.36 (KHTML, like Gecko; compatible; GPTBot/1.2; +https://openai.com/gptbot)"
20.171.207.51 - - [20/Oct/2025:09:59:22 -0400] "GET /wp-json/wp/v2/tags/9549 HTTP/2.0" 200 693 "-" "Mozilla/5.0 AppleWebKit/537.36 (KHTML, like Gecko; compatible; GPTBot/1.2; +https://openai.com/gptbot)"
50.17.193.48 - - [20/Oct/2025:09:59:23 -0400] "GET /tag/chicago/ HTTP/1.1" 200 121976 "-" "Mozilla/5.0 AppleWebKit/537.36 (KHTML, like Gecko; compatible; Amazonbot/0.1; +https://developer.amazon.com/support/amazonbot) Chrome/119.0.6045.214 Safari/537.36"
20.171.207.51 - - [20/Oct/2025:09:59:23 -0400] "GET /wp-json/wp/v2/tags/1757 HTTP/2.0" 200 684 "-" "Mozilla/5.0 AppleWebKit/537.36 (KHTML, like Gecko; compatible; GPTBot/1.2; +https://openai.com/gptbot)"
20.171.207.51 - - [20/Oct/2025:09:59:24 -0400] "GET /wp-json/wp/v2/tags/4451 HTTP/2.0" 200 669 "-" "Mozilla/5.0 AppleWebKit/537.36 (KHTML, like Gecko; compatible; GPTBot/1.2; +https://openai.com/gptbot)"
20.171.207.51 - - [20/Oct/2025:09:59:26 -0400] "GET /wp-json/wp/v2/tags/1729 HTTP/2.0" 200 597 "-" "Mozilla/5.0 AppleWebKit/537.36 (KHTML, like Gecko; compatible; GPTBot/1.2; +https://openai.com/gptbot)"
20.171.207.51 - - [20/Oct/2025:09:59:27 -0400] "GET /wp-json/wp/v2/tags/8586 HTTP/2.0" 200 636 "-" "Mozilla/5.0 AppleWebKit/537.36 (KHTML, like Gecko; compatible; GPTBot/1.2; +https://openai.com/gptbot)"
54.204.62.163 - - [20/Oct/2025:09:59:27 -0400] "GET /tag/crystal-shivling-news/ HTTP/1.1" 200 122337 "-" "Mozilla/5.0 AppleWebKit/537.36 (KHTML, like Gecko; compatible; Amazonbot/0.1; +https://developer.amazon.com/support/amazonbot) Chrome/119.0.6045.214 Safari/537.36"
20.171.207.51 - - [20/Oct/2025:09:59:28 -0400] "GET /wp-json/wp/v2/tags/5283 HTTP/2.0" 200 624 "-" "Mozilla/5.0 AppleWebKit/537.36 (KHTML, like Gecko; compatible; GPTBot/1.2; +https://openai.com/gptbot)"
20.171.207.51 - - [20/Oct/2025:09:59:29 -0400] "GET /wp-json/wp/v2/tags/8742 HTTP/2.0" 200 618 "-" "Mozilla/5.0 AppleWebKit/537.36 (KHTML, like Gecko; compatible; GPTBot/1.2; +https://openai.com/gptbot)"
20.171.207.51 - - [20/Oct/2025:09:59:30 -0400] "GET /wp-json/wp/v2/tags/1371 HTTP/2.0" 200 594 "-" "Mozilla/5.0 AppleWebKit/537.36 (KHTML, like Gecko; compatible; GPTBot/1.2; +https://openai.com/gptbot)"
54.225.98.148 - - [20/Oct/2025:09:59:31 -0400] "GET /tag/mr-india-13th-federation-news/ HTTP/1.1" 200 122542 "-" "Mozilla/5.0 AppleWebKit/537.36 (KHTML, like Gecko; compatible; Amazonbot/0.1; +https://developer.amazon.com/support/amazonbot) Chrome/119.0.6045.214 Safari/537.36"
20.171.207.51 - - [20/Oct/2025:09:59:32 -0400] "GET /wp-json/wp/v2/tags/5685 HTTP/2.0" 200 576 "-" "Mozilla/5.0 AppleWebKit/537.36 (KHTML, like Gecko; compatible; GPTBot/1.2; +https://openai.com/gptbot)"
20.171.207.51 - - [20/Oct/2025:09:59:33 -0400] "GET /wp-json/wp/v2/tags/3474 HTTP/2.0" 200 639 "-" "Mozilla/5.0 AppleWebKit/537.36 (KHTML, like Gecko; compatible; GPTBot/1.2; +https://openai.com/gptbot)"
20.171.207.51 - - [20/Oct/2025:09:59:34 -0400] "GET /wp-json/wp/v2/tags/6617 HTTP/2.0" 200 642 "-" "Mozilla/5.0 AppleWebKit/537.36 (KHTML, like Gecko; compatible; GPTBot/1.2; +https://openai.com/gptbot)"
52.7.33.248 - - [20/Oct/2025:09:59:35 -0400] "GET /tag/stains-on-clothes-to-vanish-away-tips-in-hindi/ HTTP/1.1" 200 122747 "-" "Mozilla/5.0 AppleWebKit/537.36 (KHTML, like Gecko; compatible; Amazonbot/0.1; +https://developer.amazon.com/support/amazonbot) Chrome/119.0.6045.214 Safari/537.36"
20.171.207.51 - - [20/Oct/2025:09:59:35 -0400] "GET /wp-json/wp/v2/tags/6280 HTTP/2.0" 200 606 "-" "Mozilla/5.0 AppleWebKit/537.36 (KHTML, like Gecko; compatible; GPTBot/1.2; +https://openai.com/gptbot)"
20.171.207.51 - - [20/Oct/2025:09:59:36 -0400] "GET /wp-json/wp/v2/tags/1962 HTTP/2.0" 200 654 "-" "Mozilla/5.0 AppleWebKit/537.36 (KHTML, like Gecko; compatible; GPTBot/1.2; +https://openai.com/gptbot)"
20.171.207.51 - - [20/Oct/2025:09:59:37 -0400] "GET /wp-json/wp/v2/tags/4273 HTTP/2.0" 200 616 "-" "Mozilla/5.0 AppleWebKit/537.36 (KHTML, like Gecko; compatible; GPTBot/1.2; +https://openai.com/gptbot)"
20.171.207.51 - - [20/Oct/2025:09:59:38 -0400] "GET /wp-json/wp/v2/tags/6640 HTTP/2.0" 200 627 "-" "Mozilla/5.0 AppleWebKit/537.36 (KHTML, like Gecko; compatible; GPTBot/1.2; +https://openai.com/gptbot)"
20.171.207.51 - - [20/Oct/2025:09:59:40 -0400] "GET /wp-json/wp/v2/tags/5682 HTTP/2.0" 200 591 "-" "Mozilla/5.0 AppleWebKit/537.36 (KHTML, like Gecko; compatible; GPTBot/1.2; +https://openai.com/gptbot)"
20.171.207.51 - - [20/Oct/2025:09:59:41 -0400] "GET /wp-json/wp/v2/tags/5991 HTTP/2.0" 200 579 "-" "Mozilla/5.0 AppleWebKit/537.36 (KHTML, like Gecko; compatible; GPTBot/1.2; +https://openai.com/gptbot)"
20.171.207.51 - - [20/Oct/2025:09:59:42 -0400] "GET /wp-json/wp/v2/tags/5824 HTTP/2.0" 200 663 "-" "Mozilla/5.0 AppleWebKit/537.36 (KHTML, like Gecko; compatible; GPTBot/1.2; +https://openai.com/gptbot)"
20.171.207.51 - - [20/Oct/2025:09:59:43 -0400] "GET /wp-json/wp/v2/tags/3835 HTTP/2.0" 200 582 "-" "Mozilla/5.0 AppleWebKit/537.36 (KHTML, like Gecko; compatible; GPTBot/1.2; +https://openai.com/gptbot)"
184.73.47.24 - - [20/Oct/2025:09:59:43 -0400] "GET /tag/your-partner-is-facebook-cheating-news-in-hindi/ HTTP/1.1" 200 122789 "-" "Mozilla/5.0 AppleWebKit/537.36 (KHTML, like Gecko; compatible; Amazonbot/0.1; +https://developer.amazon.com/support/amazonbot) Chrome/119.0.6045.214 Safari/537.36"
20.171.207.51 - - [20/Oct/2025:09:59:44 -0400] "GET /wp-json/wp/v2/tags/4313 HTTP/2.0" 200 642 "-" "Mozilla/5.0 AppleWebKit/537.36 (KHTML, like Gecko; compatible; GPTBot/1.2; +https://openai.com/gptbot)"
20.171.207.51 - - [20/Oct/2025:09:59:45 -0400] "GET /wp-json/wp/v2/tags/4021 HTTP/2.0" 200 666 "-" "Mozilla/5.0 AppleWebKit/537.36 (KHTML, like Gecko; compatible; GPTBot/1.2; +https://openai.com/gptbot)"
20.171.207.51 - - [20/Oct/2025:09:59:47 -0400] "GET /wp-json/wp/v2/tags/9719 HTTP/2.0" 200 627 "-" "Mozilla/5.0 AppleWebKit/537.36 (KHTML, like Gecko; compatible; GPTBot/1.2; +https://openai.com/gptbot)"
54.163.136.244 - - [20/Oct/2025:09:59:47 -0400] "GET /tag/stains-on-clothes-to-vanish-away-news/ HTTP/1.1" 200 122675 "-" "Mozilla/5.0 AppleWebKit/537.36 (KHTML, like Gecko; compatible; Amazonbot/0.1; +https://developer.amazon.com/support/amazonbot) Chrome/119.0.6045.214 Safari/537.36"
20.171.207.51 - - [20/Oct/2025:09:59:48 -0400] "GET /wp-json/wp/v2/tags/2967 HTTP/2.0" 200 663 "-" "Mozilla/5.0 AppleWebKit/537.36 (KHTML, like Gecko; compatible; GPTBot/1.2; +https://openai.com/gptbot)"
20.171.207.51 - - [20/Oct/2025:09:59:49 -0400] "GET /wp-json/wp/v2/tags/3942 HTTP/2.0" 200 654 "-" "Mozilla/5.0 AppleWebKit/537.36 (KHTML, like Gecko; compatible; GPTBot/1.2; +https://openai.com/gptbot)"
66.249.79.165 - - [20/Oct/2025:09:59:50 -0400] "GET /?a=1848923465603&channel=9db749&from=article.php%3Fid%3D234656-6600%26name%3D%E3%82%AB%E3%82%AF%E3%83%80%E3%82%A4+%E5%BE%8C%E4%BB%98%E5%BC%8F%E3%82%AF%E3%83%A9%E3%83%B3%E3%82%AF+%E6%97%A2%E5%AD%98%E3%81%AE%E3%82%AF%E3%83%A9%E3%83%B3%E3%82%AF%E3%81%AB%E5%BE%8C%E4%BB%98%E3%81%A7%E3%81%8D%E3%82%8B+4%E7%A8%AE%E9%A1%9E%E3%81%AE%E3%82%BF%E3%82%A4%E3%83%97%E3%81%AB%E5%AF%BE%E5%BF%9C+%E5%8F%96%E4%BB%98%E3%83%8D%E3%82%B8G3%2F4+%E3%82%B7%E3%83%B3%E3%82%B0%E3%83%AB%E3%83%AC%E3%83%90%E3%83%BC%E3%83%BB2%E3%83%8F%E3%83%B3%E3%83%89%E3%83%AB%E6%B7%B7%E5%90%88%E6%A0%93%E7%94%A8+101-4 HTTP/1.1" 301 - "-" "Mozilla/5.0 (Linux; Android 6.0.1; Nexus 5X Build/MMB29P) AppleWebKit/537.36 (KHTML, like Gecko) Chrome/140.0.7339.207 Mobile Safari/537.36 (compatible; Googlebot/2.1; +http://www.google.com/bot.html)"
20.171.207.51 - - [20/Oct/2025:09:59:50 -0400] "GET /wp-json/wp/v2/tags/6124 HTTP/2.0" 200 663 "-" "Mozilla/5.0 AppleWebKit/537.36 (KHTML, like Gecko; compatible; GPTBot/1.2; +https://openai.com/gptbot)"
66.249.79.165 - - [20/Oct/2025:09:59:50 -0400] "GET /?a=1848923465603&channel=9db749&from=article.php%3Fid%3D234656-6600%26name%3D%E3%82%AB%E3%82%AF%E3%83%80%E3%82%A4%20%E5%BE%8C%E4%BB%98%E5%BC%8F%E3%82%AF%E3%83%A9%E3%83%B3%E3%82%AF%20%E6%97%A2%E5%AD%98%E3%81%AE%E3%82%AF%E3%83%A9%E3%83%B3%E3%82%AF%E3%81%AB%E5%BE%8C%E4%BB%98%E3%81%A7%E3%81%8D%E3%82%8B%204%E7%A8%AE%E9%A1%9E%E3%81%AE%E3%82%BF%E3%82%A4%E3%83%97%E3%81%AB%E5%AF%BE%E5%BF%9C%20%E5%8F%96%E4%BB%98%E3%83%8D%E3%82%B8G3%2F4%20%E3%82%B7%E3%83%B3%E3%82%B0%E3%83%AB%E3%83%AC%E3%83%90%E3%83%BC%E3%83%BB2%E3%83%8F%E3%83%B3%E3%83%89%E3%83%AB%E6%B7%B7%E5%90%88%E6%A0%93%E7%94%A8%20101-4 HTTP/1.1" 200 201123 "-" "Mozilla/5.0 (Linux; Android 6.0.1; Nexus 5X Build/MMB29P) AppleWebKit/537.36 (KHTML, like Gecko) Chrome/140.0.7339.207 Mobile Safari/537.36 (compatible; Googlebot/2.1; +http://www.google.com/bot.html)"
52.4.238.8 - - [20/Oct/2025:09:59:51 -0400] "GET /tag/shri-narayan-dham/ HTTP/1.1" 200 121880 "-" "Mozilla/5.0 AppleWebKit/537.36 (KHTML, like Gecko; compatible; Amazonbot/0.1; +https://developer.amazon.com/support/amazonbot) Chrome/119.0.6045.214 Safari/537.36"
20.171.207.51 - - [20/Oct/2025:09:59:51 -0400] "GET /wp-json/wp/v2/tags/7362 HTTP/2.0" 200 657 "-" "Mozilla/5.0 AppleWebKit/537.36 (KHTML, like Gecko; compatible; GPTBot/1.2; +https://openai.com/gptbot)"
20.171.207.51 - - [20/Oct/2025:09:59:52 -0400] "GET /wp-json/wp/v2/tags/8420 HTTP/2.0" 200 591 "-" "Mozilla/5.0 AppleWebKit/537.36 (KHTML, like Gecko; compatible; GPTBot/1.2; +https://openai.com/gptbot)"
20.171.207.51 - - [20/Oct/2025:09:59:54 -0400] "GET /wp-json/wp/v2/tags/4006 HTTP/2.0" 200 603 "-" "Mozilla/5.0 AppleWebKit/537.36 (KHTML, like Gecko; compatible; GPTBot/1.2; +https://openai.com/gptbot)"
20.171.207.51 - - [20/Oct/2025:09:59:55 -0400] "GET /wp-json/wp/v2/tags/1955 HTTP/2.0" 200 642 "-" "Mozilla/5.0 AppleWebKit/537.36 (KHTML, like Gecko; compatible; GPTBot/1.2; +https://openai.com/gptbot)"
34.224.9.144 - - [20/Oct/2025:09:59:55 -0400] "GET /tag/thousands-pay-tribute-to-ypg-fighter-yalcin-in-funeral/ HTTP/1.1" 200 122369 "-" "Mozilla/5.0 AppleWebKit/537.36 (KHTML, like Gecko; compatible; Amazonbot/0.1; +https://developer.amazon.com/support/amazonbot) Chrome/119.0.6045.214 Safari/537.36"
20.171.207.51 - - [20/Oct/2025:09:59:56 -0400] "GET /wp-json/wp/v2/tags/8099 HTTP/2.0" 200 621 "-" "Mozilla/5.0 AppleWebKit/537.36 (KHTML, like Gecko; compatible; GPTBot/1.2; +https://openai.com/gptbot)"
20.171.207.51 - - [20/Oct/2025:09:59:57 -0400] "GET /wp-json/wp/v2/tags/4941 HTTP/2.0" 200 603 "-" "Mozilla/5.0 AppleWebKit/537.36 (KHTML, like Gecko; compatible; GPTBot/1.2; +https://openai.com/gptbot)"
20.171.207.51 - - [20/Oct/2025:09:59:58 -0400] "GET /wp-json/wp/v2/tags/9593 HTTP/2.0" 200 642 "-" "Mozilla/5.0 AppleWebKit/537.36 (KHTML, like Gecko; compatible; GPTBot/1.2; +https://openai.com/gptbot)"
20.171.207.51 - - [20/Oct/2025:09:59:59 -0400] "GET /wp-json/wp/v2/tags/9263 HTTP/2.0" 200 621 "-" "Mozilla/5.0 AppleWebKit/537.36 (KHTML, like Gecko; compatible; GPTBot/1.2; +https://openai.com/gptbot)"
20.171.207.51 - - [20/Oct/2025:10:00:00 -0400] "GET /wp-json/wp/v2/tags/6028 HTTP/2.0" 200 675 "-" "Mozilla/5.0 AppleWebKit/537.36 (KHTML, like Gecko; compatible; GPTBot/1.2; +https://openai.com/gptbot)"
20.171.207.51 - - [20/Oct/2025:10:00:02 -0400] "GET /wp-json/wp/v2/tags/4213 HTTP/2.0" 200 618 "-" "Mozilla/5.0 AppleWebKit/537.36 (KHTML, like Gecko; compatible; GPTBot/1.2; +https://openai.com/gptbot)"
20.171.207.51 - - [20/Oct/2025:10:00:03 -0400] "GET /wp-json/wp/v2/tags/7842 HTTP/2.0" 200 645 "-" "Mozilla/5.0 AppleWebKit/537.36 (KHTML, like Gecko; compatible; GPTBot/1.2; +https://openai.com/gptbot)"
184.73.47.24 - - [20/Oct/2025:10:00:03 -0400] "GET /tag/gandhamadan-parvat-hanuman/ HTTP/1.1" 200 122185 "-" "Mozilla/5.0 AppleWebKit/537.36 (KHTML, like Gecko; compatible; Amazonbot/0.1; +https://developer.amazon.com/support/amazonbot) Chrome/119.0.6045.214 Safari/537.36"
20.171.207.51 - - [20/Oct/2025:10:00:04 -0400] "GET /wp-json/wp/v2/tags/5732 HTTP/2.0" 200 619 "-" "Mozilla/5.0 AppleWebKit/537.36 (KHTML, like Gecko; compatible; GPTBot/1.2; +https://openai.com/gptbot)"
20.171.207.51 - - [20/Oct/2025:10:00:05 -0400] "GET /wp-json/wp/v2/tags/5507 HTTP/2.0" 200 651 "-" "Mozilla/5.0 AppleWebKit/537.36 (KHTML, like Gecko; compatible; GPTBot/1.2; +https://openai.com/gptbot)"
20.171.207.51 - - [20/Oct/2025:10:00:06 -0400] "GET /wp-json/wp/v2/tags/4512 HTTP/2.0" 200 639 "-" "Mozilla/5.0 AppleWebKit/537.36 (KHTML, like Gecko; compatible; GPTBot/1.2; +https://openai.com/gptbot)"
34.239.85.139 - - [20/Oct/2025:10:00:07 -0400] "GET /tag/94-years-young-sarpanch/ HTTP/1.1" 200 121996 "-" "Mozilla/5.0 AppleWebKit/537.36 (KHTML, like Gecko; compatible; Amazonbot/0.1; +https://developer.amazon.com/support/amazonbot) Chrome/119.0.6045.214 Safari/537.36"
20.171.207.51 - - [20/Oct/2025:10:00:07 -0400] "GET /wp-json/wp/v2/tags/8123 HTTP/2.0" 200 645 "-" "Mozilla/5.0 AppleWebKit/537.36 (KHTML, like Gecko; compatible; GPTBot/1.2; +https://openai.com/gptbot)"
