87.250.233.1 - - [20/Oct/2025:09:44:48 -0400] "GET /bank-employee-from-pune-sets-an-example/ HTTP/1.1" 200 281278 "-" "Mozilla/5.0 (compatible; YandexBot/3.0; +http://yandex.com/bots)"
20.171.207.51 - - [20/Oct/2025:09:44:49 -0400] "GET /wp-json/wp/v2/tags/4808 HTTP/2.0" 200 615 "-" "Mozilla/5.0 AppleWebKit/537.36 (KHTML, like Gecko; compatible; GPTBot/1.2; +https://openai.com/gptbot)"
216.73.216.129 - - [20/Oct/2025:09:44:50 -0400] "GET /this-astrologer-foresees-the-future-by-touching-the-breasts-of-women HTTP/2.0" 301 - "-" "Mozilla/5.0 AppleWebKit/537.36 (KHTML, like Gecko; compatible; ClaudeBot/1.0; [email protected])"
20.171.207.51 - - [20/Oct/2025:09:44:51 -0400] "GET /wp-json/wp/v2/tags/2370 HTTP/2.0" 200 585 "-" "Mozilla/5.0 AppleWebKit/537.36 (KHTML, like Gecko; compatible; GPTBot/1.2; +https://openai.com/gptbot)"
216.73.216.129 - - [20/Oct/2025:09:44:50 -0400] "GET /this-astrologer-foresees-the-future-by-touching-the-breasts-of-women/ HTTP/2.0" 200 280956 "https://wahgazab.com/this-astrologer-foresees-the-future-by-touching-the-breasts-of-women" "Mozilla/5.0 AppleWebKit/537.36 (KHTML, like Gecko; compatible; ClaudeBot/1.0; [email protected])"
20.171.207.51 - - [20/Oct/2025:09:44:52 -0400] "GET /wp-json/wp/v2/tags/6877 HTTP/2.0" 200 622 "-" "Mozilla/5.0 AppleWebKit/537.36 (KHTML, like Gecko; compatible; GPTBot/1.2; +https://openai.com/gptbot)"
20.171.207.51 - - [20/Oct/2025:09:44:53 -0400] "GET /wp-json/wp/v2/tags/8400 HTTP/2.0" 200 615 "-" "Mozilla/5.0 AppleWebKit/537.36 (KHTML, like Gecko; compatible; GPTBot/1.2; +https://openai.com/gptbot)"
20.171.207.51 - - [20/Oct/2025:09:44:54 -0400] "GET /wp-json/wp/v2/tags/7208 HTTP/2.0" 200 603 "-" "Mozilla/5.0 AppleWebKit/537.36 (KHTML, like Gecko; compatible; GPTBot/1.2; +https://openai.com/gptbot)"
20.171.207.51 - - [20/Oct/2025:09:44:55 -0400] "GET /wp-json/wp/v2/tags/2308 HTTP/2.0" 200 612 "-" "Mozilla/5.0 AppleWebKit/537.36 (KHTML, like Gecko; compatible; GPTBot/1.2; +https://openai.com/gptbot)"
20.171.207.51 - - [20/Oct/2025:09:44:56 -0400] "GET /wp-json/wp/v2/tags/5751 HTTP/2.0" 200 597 "-" "Mozilla/5.0 AppleWebKit/537.36 (KHTML, like Gecko; compatible; GPTBot/1.2; +https://openai.com/gptbot)"
20.171.207.51 - - [20/Oct/2025:09:44:58 -0400] "GET /wp-json/wp/v2/tags/3429 HTTP/2.0" 200 603 "-" "Mozilla/5.0 AppleWebKit/537.36 (KHTML, like Gecko; compatible; GPTBot/1.2; +https://openai.com/gptbot)"
20.171.207.51 - - [20/Oct/2025:09:44:59 -0400] "GET /wp-json/wp/v2/tags/7118 HTTP/2.0" 200 609 "-" "Mozilla/5.0 AppleWebKit/537.36 (KHTML, like Gecko; compatible; GPTBot/1.2; +https://openai.com/gptbot)"
20.171.207.51 - - [20/Oct/2025:09:45:00 -0400] "GET /wp-json/wp/v2/tags/3285 HTTP/2.0" 200 633 "-" "Mozilla/5.0 AppleWebKit/537.36 (KHTML, like Gecko; compatible; GPTBot/1.2; +https://openai.com/gptbot)"
20.171.207.51 - - [20/Oct/2025:09:45:01 -0400] "GET /wp-json/wp/v2/tags/9532 HTTP/2.0" 200 630 "-" "Mozilla/5.0 AppleWebKit/537.36 (KHTML, like Gecko; compatible; GPTBot/1.2; +https://openai.com/gptbot)"
20.171.207.51 - - [20/Oct/2025:09:45:02 -0400] "GET /wp-json/wp/v2/tags/4184 HTTP/2.0" 200 672 "-" "Mozilla/5.0 AppleWebKit/537.36 (KHTML, like Gecko; compatible; GPTBot/1.2; +https://openai.com/gptbot)"
57.141.0.27 - - [20/Oct/2025:09:45:03 -0400] "GET /tag/arbaz-khan-ex-malaika-arora-news/ HTTP/2.0" 200 122143 "-" "meta-externalagent/1.1 (+https://developers.facebook.com/docs/sharing/webmasters/crawler)"
20.171.207.51 - - [20/Oct/2025:09:45:04 -0400] "GET /wp-json/wp/v2/tags/1091 HTTP/2.0" 200 603 "-" "Mozilla/5.0 AppleWebKit/537.36 (KHTML, like Gecko; compatible; GPTBot/1.2; +https://openai.com/gptbot)"
20.171.207.51 - - [20/Oct/2025:09:45:05 -0400] "GET /wp-json/wp/v2/tags/4151 HTTP/2.0" 200 606 "-" "Mozilla/5.0 AppleWebKit/537.36 (KHTML, like Gecko; compatible; GPTBot/1.2; +https://openai.com/gptbot)"
20.171.207.51 - - [20/Oct/2025:09:45:06 -0400] "GET /wp-json/wp/v2/tags/5646 HTTP/2.0" 200 597 "-" "Mozilla/5.0 AppleWebKit/537.36 (KHTML, like Gecko; compatible; GPTBot/1.2; +https://openai.com/gptbot)"
20.171.207.51 - - [20/Oct/2025:09:45:07 -0400] "GET /wp-json/wp/v2/tags/1572 HTTP/2.0" 200 684 "-" "Mozilla/5.0 AppleWebKit/537.36 (KHTML, like Gecko; compatible; GPTBot/1.2; +https://openai.com/gptbot)"
20.171.207.51 - - [20/Oct/2025:09:45:08 -0400] "GET /wp-json/wp/v2/tags/1279 HTTP/2.0" 200 603 "-" "Mozilla/5.0 AppleWebKit/537.36 (KHTML, like Gecko; compatible; GPTBot/1.2; +https://openai.com/gptbot)"
20.171.207.51 - - [20/Oct/2025:09:45:09 -0400] "GET /wp-json/wp/v2/tags/4128 HTTP/2.0" 200 630 "-" "Mozilla/5.0 AppleWebKit/537.36 (KHTML, like Gecko; compatible; GPTBot/1.2; +https://openai.com/gptbot)"
66.249.79.167 - - [20/Oct/2025:09:45:10 -0400] "GET /tag/mirzapur/feed/ HTTP/1.1" 200 21716 "-" "Mozilla/5.0 (Linux; Android 6.0.1; Nexus 5X Build/MMB29P) AppleWebKit/537.36 (KHTML, like Gecko) Chrome/140.0.7339.207 Mobile Safari/537.36 (compatible; GoogleOther)"
20.171.207.51 - - [20/Oct/2025:09:45:11 -0400] "GET /wp-json/wp/v2/tags/4500 HTTP/2.0" 200 573 "-" "Mozilla/5.0 AppleWebKit/537.36 (KHTML, like Gecko; compatible; GPTBot/1.2; +https://openai.com/gptbot)"
20.171.207.51 - - [20/Oct/2025:09:45:12 -0400] "GET /wp-json/wp/v2/tags/9400 HTTP/2.0" 200 663 "-" "Mozilla/5.0 AppleWebKit/537.36 (KHTML, like Gecko; compatible; GPTBot/1.2; +https://openai.com/gptbot)"
20.171.207.51 - - [20/Oct/2025:09:45:13 -0400] "GET /wp-json/wp/v2/tags/2139 HTTP/2.0" 200 642 "-" "Mozilla/5.0 AppleWebKit/537.36 (KHTML, like Gecko; compatible; GPTBot/1.2; +https://openai.com/gptbot)"
20.171.207.51 - - [20/Oct/2025:09:45:14 -0400] "GET /wp-json/wp/v2/tags/8492 HTTP/2.0" 200 642 "-" "Mozilla/5.0 AppleWebKit/537.36 (KHTML, like Gecko; compatible; GPTBot/1.2; +https://openai.com/gptbot)"
20.171.207.51 - - [20/Oct/2025:09:45:15 -0400] "GET /wp-json/wp/v2/tags/5428 HTTP/2.0" 200 615 "-" "Mozilla/5.0 AppleWebKit/537.36 (KHTML, like Gecko; compatible; GPTBot/1.2; +https://openai.com/gptbot)"
20.171.207.51 - - [20/Oct/2025:09:45:16 -0400] "GET /wp-json/wp/v2/tags/9055 HTTP/2.0" 200 639 "-" "Mozilla/5.0 AppleWebKit/537.36 (KHTML, like Gecko; compatible; GPTBot/1.2; +https://openai.com/gptbot)"
20.171.207.51 - - [20/Oct/2025:09:45:18 -0400] "GET /wp-json/wp/v2/tags/4025 HTTP/2.0" 200 585 "-" "Mozilla/5.0 AppleWebKit/537.36 (KHTML, like Gecko; compatible; GPTBot/1.2; +https://openai.com/gptbot)"
20.171.207.51 - - [20/Oct/2025:09:45:19 -0400] "GET /wp-json/wp/v2/tags/3492 HTTP/2.0" 200 619 "-" "Mozilla/5.0 AppleWebKit/537.36 (KHTML, like Gecko; compatible; GPTBot/1.2; +https://openai.com/gptbot)"
20.171.207.51 - - [20/Oct/2025:09:45:20 -0400] "GET /wp-json/wp/v2/tags/9131 HTTP/2.0" 200 621 "-" "Mozilla/5.0 AppleWebKit/537.36 (KHTML, like Gecko; compatible; GPTBot/1.2; +https://openai.com/gptbot)"
20.171.207.51 - - [20/Oct/2025:09:45:21 -0400] "GET /wp-json/wp/v2/tags/7966 HTTP/2.0" 200 621 "-" "Mozilla/5.0 AppleWebKit/537.36 (KHTML, like Gecko; compatible; GPTBot/1.2; +https://openai.com/gptbot)"
20.171.207.51 - - [20/Oct/2025:09:45:22 -0400] "GET /wp-json/wp/v2/tags/1104 HTTP/2.0" 200 582 "-" "Mozilla/5.0 AppleWebKit/537.36 (KHTML, like Gecko; compatible; GPTBot/1.2; +https://openai.com/gptbot)"
20.171.207.51 - - [20/Oct/2025:09:45:23 -0400] "GET /wp-json/wp/v2/tags/5241 HTTP/2.0" 200 681 "-" "Mozilla/5.0 AppleWebKit/537.36 (KHTML, like Gecko; compatible; GPTBot/1.2; +https://openai.com/gptbot)"
20.171.207.51 - - [20/Oct/2025:09:45:25 -0400] "GET /wp-json/wp/v2/tags/2608 HTTP/2.0" 200 592 "-" "Mozilla/5.0 AppleWebKit/537.36 (KHTML, like Gecko; compatible; GPTBot/1.2; +https://openai.com/gptbot)"
20.171.207.51 - - [20/Oct/2025:09:45:26 -0400] "GET /wp-json/wp/v2/tags/2349 HTTP/2.0" 200 633 "-" "Mozilla/5.0 AppleWebKit/537.36 (KHTML, like Gecko; compatible; GPTBot/1.2; +https://openai.com/gptbot)"
20.171.207.51 - - [20/Oct/2025:09:45:27 -0400] "GET /wp-json/wp/v2/tags/8335 HTTP/2.0" 200 600 "-" "Mozilla/5.0 AppleWebKit/537.36 (KHTML, like Gecko; compatible; GPTBot/1.2; +https://openai.com/gptbot)"
57.141.0.20 - - [20/Oct/2025:09:45:27 -0400] "GET /happy-birthday-virat-kohli/ HTTP/2.0" 200 279175 "-" "meta-externalagent/1.1 (+https://developers.facebook.com/docs/sharing/webmasters/crawler)"
3.90.73.206 - - [20/Oct/2025:09:45:27 -0400] "GET /did-you-ever-think-why-a-mirror-is-found-in-lifts/ HTTP/1.1" 200 285140 "-" "Mozilla/5.0 AppleWebKit/537.36 (KHTML, like Gecko; compatible; Amazonbot/0.1; +https://developer.amazon.com/support/amazonbot) Chrome/119.0.6045.214 Safari/537.36"
20.171.207.51 - - [20/Oct/2025:09:45:28 -0400] "GET /wp-json/wp/v2/tags/9880 HTTP/2.0" 200 660 "-" "Mozilla/5.0 AppleWebKit/537.36 (KHTML, like Gecko; compatible; GPTBot/1.2; +https://openai.com/gptbot)"
20.171.207.51 - - [20/Oct/2025:09:45:29 -0400] "GET /wp-json/wp/v2/tags/9125 HTTP/2.0" 200 612 "-" "Mozilla/5.0 AppleWebKit/537.36 (KHTML, like Gecko; compatible; GPTBot/1.2; +https://openai.com/gptbot)"
20.171.207.51 - - [20/Oct/2025:09:45:30 -0400] "GET /wp-json/wp/v2/tags/5123 HTTP/2.0" 200 606 "-" "Mozilla/5.0 AppleWebKit/537.36 (KHTML, like Gecko; compatible; GPTBot/1.2; +https://openai.com/gptbot)"
20.171.207.51 - - [20/Oct/2025:09:45:32 -0400] "GET /wp-json/wp/v2/tags/6234 HTTP/2.0" 200 681 "-" "Mozilla/5.0 AppleWebKit/537.36 (KHTML, like Gecko; compatible; GPTBot/1.2; +https://openai.com/gptbot)"
20.171.207.51 - - [20/Oct/2025:09:45:33 -0400] "GET /wp-json/wp/v2/tags/7535 HTTP/2.0" 200 624 "-" "Mozilla/5.0 AppleWebKit/537.36 (KHTML, like Gecko; compatible; GPTBot/1.2; +https://openai.com/gptbot)"
20.171.207.51 - - [20/Oct/2025:09:45:34 -0400] "GET /wp-json/wp/v2/tags/8339 HTTP/2.0" 200 609 "-" "Mozilla/5.0 AppleWebKit/537.36 (KHTML, like Gecko; compatible; GPTBot/1.2; +https://openai.com/gptbot)"
34.224.9.144 - - [20/Oct/2025:09:45:35 -0400] "GET /tag/amazing-auctions-of-the-world-news-in-hindi/ HTTP/1.1" 200 122083 "-" "Mozilla/5.0 AppleWebKit/537.36 (KHTML, like Gecko; compatible; Amazonbot/0.1; +https://developer.amazon.com/support/amazonbot) Chrome/119.0.6045.214 Safari/537.36"
20.171.207.51 - - [20/Oct/2025:09:45:35 -0400] "GET /wp-json/wp/v2/tags/1008 HTTP/2.0" 200 600 "-" "Mozilla/5.0 AppleWebKit/537.36 (KHTML, like Gecko; compatible; GPTBot/1.2; +https://openai.com/gptbot)"
20.171.207.51 - - [20/Oct/2025:09:45:36 -0400] "GET /wp-json/wp/v2/tags/1773 HTTP/2.0" 200 580 "-" "Mozilla/5.0 AppleWebKit/537.36 (KHTML, like Gecko; compatible; GPTBot/1.2; +https://openai.com/gptbot)"
20.171.207.51 - - [20/Oct/2025:09:45:37 -0400] "GET /wp-json/wp/v2/tags/5632 HTTP/2.0" 200 618 "-" "Mozilla/5.0 AppleWebKit/537.36 (KHTML, like Gecko; compatible; GPTBot/1.2; +https://openai.com/gptbot)"
20.171.207.51 - - [20/Oct/2025:09:45:39 -0400] "GET /wp-json/wp/v2/tags/6763 HTTP/2.0" 200 666 "-" "Mozilla/5.0 AppleWebKit/537.36 (KHTML, like Gecko; compatible; GPTBot/1.2; +https://openai.com/gptbot)"
44.216.172.204 - - [20/Oct/2025:09:45:39 -0400] "GET /tag/keep-in-mind-for-longer-life-news-in-hindi/ HTTP/1.1" 200 122037 "-" "Mozilla/5.0 AppleWebKit/537.36 (KHTML, like Gecko; compatible; Amazonbot/0.1; +https://developer.amazon.com/support/amazonbot) Chrome/119.0.6045.214 Safari/537.36"
20.171.207.51 - - [20/Oct/2025:09:45:40 -0400] "GET /wp-json/wp/v2/tags/9201 HTTP/2.0" 200 624 "-" "Mozilla/5.0 AppleWebKit/537.36 (KHTML, like Gecko; compatible; GPTBot/1.2; +https://openai.com/gptbot)"
20.171.207.51 - - [20/Oct/2025:09:45:41 -0400] "GET /wp-json/wp/v2/tags/6825 HTTP/2.0" 200 665 "-" "Mozilla/5.0 AppleWebKit/537.36 (KHTML, like Gecko; compatible; GPTBot/1.2; +https://openai.com/gptbot)"
20.171.207.51 - - [20/Oct/2025:09:45:42 -0400] "GET /wp-json/wp/v2/tags/3839 HTTP/2.0" 200 627 "-" "Mozilla/5.0 AppleWebKit/537.36 (KHTML, like Gecko; compatible; GPTBot/1.2; +https://openai.com/gptbot)"
3.210.223.61 - - [20/Oct/2025:09:45:43 -0400] "GET /tag/best-apps-for-april-fools-day-news-in-hindi/ HTTP/1.1" 200 122225 "-" "Mozilla/5.0 AppleWebKit/537.36 (KHTML, like Gecko; compatible; Amazonbot/0.1; +https://developer.amazon.com/support/amazonbot) Chrome/119.0.6045.214 Safari/537.36"
20.171.207.51 - - [20/Oct/2025:09:45:43 -0400] "GET /wp-json/wp/v2/tags/7470 HTTP/2.0" 200 660 "-" "Mozilla/5.0 AppleWebKit/537.36 (KHTML, like Gecko; compatible; GPTBot/1.2; +https://openai.com/gptbot)"
20.171.207.51 - - [20/Oct/2025:09:45:44 -0400] "GET /wp-json/wp/v2/tags/2340 HTTP/2.0" 200 594 "-" "Mozilla/5.0 AppleWebKit/537.36 (KHTML, like Gecko; compatible; GPTBot/1.2; +https://openai.com/gptbot)"
20.171.207.51 - - [20/Oct/2025:09:45:45 -0400] "GET /wp-json/wp/v2/tags/7181 HTTP/2.0" 200 636 "-" "Mozilla/5.0 AppleWebKit/537.36 (KHTML, like Gecko; compatible; GPTBot/1.2; +https://openai.com/gptbot)"
20.171.207.51 - - [20/Oct/2025:09:45:47 -0400] "GET /wp-json/wp/v2/tags/1235 HTTP/2.0" 200 669 "-" "Mozilla/5.0 AppleWebKit/537.36 (KHTML, like Gecko; compatible; GPTBot/1.2; +https://openai.com/gptbot)"
44.206.93.215 - - [20/Oct/2025:09:45:47 -0400] "GET /tag/i-want-to-succeed-in-my-life/ HTTP/1.1" 200 122093 "-" "Mozilla/5.0 AppleWebKit/537.36 (KHTML, like Gecko; compatible; Amazonbot/0.1; +https://developer.amazon.com/support/amazonbot) Chrome/119.0.6045.214 Safari/537.36"
20.171.207.51 - - [20/Oct/2025:09:45:48 -0400] "GET /wp-json/wp/v2/tags/6924 HTTP/2.0" 200 642 "-" "Mozilla/5.0 AppleWebKit/537.36 (KHTML, like Gecko; compatible; GPTBot/1.2; +https://openai.com/gptbot)"
20.171.207.51 - - [20/Oct/2025:09:45:49 -0400] "GET /wp-json/wp/v2/tags/1632 HTTP/2.0" 200 675 "-" "Mozilla/5.0 AppleWebKit/537.36 (KHTML, like Gecko; compatible; GPTBot/1.2; +https://openai.com/gptbot)"
20.171.207.51 - - [20/Oct/2025:09:45:50 -0400] "GET /wp-json/wp/v2/tags/4490 HTTP/2.0" 200 633 "-" "Mozilla/5.0 AppleWebKit/537.36 (KHTML, like Gecko; compatible; GPTBot/1.2; +https://openai.com/gptbot)"
3.221.156.96 - - [20/Oct/2025:09:45:51 -0400] "GET /tag/chinese-factories/ HTTP/1.1" 200 122135 "-" "Mozilla/5.0 AppleWebKit/537.36 (KHTML, like Gecko; compatible; Amazonbot/0.1; +https://developer.amazon.com/support/amazonbot) Chrome/119.0.6045.214 Safari/537.36"
20.171.207.51 - - [20/Oct/2025:09:45:51 -0400] "GET /wp-json/wp/v2/tags/1900 HTTP/2.0" 200 594 "-" "Mozilla/5.0 AppleWebKit/537.36 (KHTML, like Gecko; compatible; GPTBot/1.2; +https://openai.com/gptbot)"
20.171.207.51 - - [20/Oct/2025:09:45:52 -0400] "GET /wp-json/wp/v2/tags/9149 HTTP/2.0" 200 639 "-" "Mozilla/5.0 AppleWebKit/537.36 (KHTML, like Gecko; compatible; GPTBot/1.2; +https://openai.com/gptbot)"
20.171.207.51 - - [20/Oct/2025:09:45:54 -0400] "GET /wp-json/wp/v2/tags/9443 HTTP/2.0" 200 594 "-" "Mozilla/5.0 AppleWebKit/537.36 (KHTML, like Gecko; compatible; GPTBot/1.2; +https://openai.com/gptbot)"
20.171.207.51 - - [20/Oct/2025:09:45:55 -0400] "GET /wp-json/wp/v2/tags/1575 HTTP/2.0" 200 600 "-" "Mozilla/5.0 AppleWebKit/537.36 (KHTML, like Gecko; compatible; GPTBot/1.2; +https://openai.com/gptbot)"
20.171.207.51 - - [20/Oct/2025:09:45:56 -0400] "GET /wp-json/wp/v2/tags/1027 HTTP/2.0" 200 618 "-" "Mozilla/5.0 AppleWebKit/537.36 (KHTML, like Gecko; compatible; GPTBot/1.2; +https://openai.com/gptbot)"
35.169.119.108 - - [20/Oct/2025:09:45:56 -0400] "GET /tag/phu-dorji-news-in-hindi/ HTTP/1.1" 200 122727 "-" "Mozilla/5.0 AppleWebKit/537.36 (KHTML, like Gecko; compatible; Amazonbot/0.1; +https://developer.amazon.com/support/amazonbot) Chrome/119.0.6045.214 Safari/537.36"
20.171.207.51 - - [20/Oct/2025:09:45:57 -0400] "GET /wp-json/wp/v2/tags/8616 HTTP/2.0" 200 624 "-" "Mozilla/5.0 AppleWebKit/537.36 (KHTML, like Gecko; compatible; GPTBot/1.2; +https://openai.com/gptbot)"
20.171.207.51 - - [20/Oct/2025:09:45:58 -0400] "GET /wp-json/wp/v2/tags/1014 HTTP/2.0" 200 591 "-" "Mozilla/5.0 AppleWebKit/537.36 (KHTML, like Gecko; compatible; GPTBot/1.2; +https://openai.com/gptbot)"
20.171.207.51 - - [20/Oct/2025:09:45:59 -0400] "GET /wp-json/wp/v2/tags/6311 HTTP/2.0" 200 627 "-" "Mozilla/5.0 AppleWebKit/537.36 (KHTML, like Gecko; compatible; GPTBot/1.2; +https://openai.com/gptbot)"
34.196.114.170 - - [20/Oct/2025:09:45:59 -0400] "GET /tag/ayesha-news/ HTTP/1.1" 200 121678 "-" "Mozilla/5.0 AppleWebKit/537.36 (KHTML, like Gecko; compatible; Amazonbot/0.1; +https://developer.amazon.com/support/amazonbot) Chrome/119.0.6045.214 Safari/537.36"
20.171.207.51 - - [20/Oct/2025:09:46:00 -0400] "GET /wp-json/wp/v2/tags/1268 HTTP/2.0" 200 705 "-" "Mozilla/5.0 AppleWebKit/537.36 (KHTML, like Gecko; compatible; GPTBot/1.2; +https://openai.com/gptbot)"
20.171.207.51 - - [20/Oct/2025:09:46:01 -0400] "GET /wp-json/wp/v2/tags/3903 HTTP/2.0" 200 657 "-" "Mozilla/5.0 AppleWebKit/537.36 (KHTML, like Gecko; compatible; GPTBot/1.2; +https://openai.com/gptbot)"
20.171.207.51 - - [20/Oct/2025:09:46:03 -0400] "GET /wp-json/wp/v2/tags/3201 HTTP/2.0" 200 586 "-" "Mozilla/5.0 AppleWebKit/537.36 (KHTML, like Gecko; compatible; GPTBot/1.2; +https://openai.com/gptbot)"
20.171.207.51 - - [20/Oct/2025:09:46:04 -0400] "GET /wp-json/wp/v2/tags/2674 HTTP/2.0" 200 624 "-" "Mozilla/5.0 AppleWebKit/537.36 (KHTML, like Gecko; compatible; GPTBot/1.2; +https://openai.com/gptbot)"
20.171.207.51 - - [20/Oct/2025:09:46:05 -0400] "GET /wp-json/wp/v2/tags/1426 HTTP/2.0" 200 639 "-" "Mozilla/5.0 AppleWebKit/537.36 (KHTML, like Gecko; compatible; GPTBot/1.2; +https://openai.com/gptbot)"
20.171.207.51 - - [20/Oct/2025:09:46:06 -0400] "GET /wp-json/wp/v2/tags/9114 HTTP/2.0" 200 681 "-" "Mozilla/5.0 AppleWebKit/537.36 (KHTML, like Gecko; compatible; GPTBot/1.2; +https://openai.com/gptbot)"
66.249.79.165 - - [20/Oct/2025:09:46:07 -0400] "GET /?a=2527792547906&channel=d4d35d&from=jp.php%3Fid%3D925479-13412%26name%3D%E3%80%90%E5%BA%97%E9%95%B7%E3%81%8A%E3%81%99%E3%81%99%E3%82%81%E3%80%91%E3%83%AA%E3%83%8D%E3%83%B3%E3%83%99%E3%82%B9%E3%83%88+%E3%82%B8%E3%83%AC+%E3%83%AC%E3%83%87%E3%82%A3%E3%83%BC%E3%82%B9+%E6%98%A5%E5%A4%8F+%E3%82%B8%E3%83%AC%E3%83%99%E3%82%B9%E3%83%88+%E3%83%AA%E3%83%8D%E3%83%B3+%E3%83%8E%E3%83%BC%E3%82%B9%E3%83%AA%E3%83%BC%E3%83%96+%E3%83%81%E3%82%A7%E3%83%83%E3%82%AF%E6%9F%84+%E7%84%A1%E5%9C%B0+%E3%83%88%E3%83%83%E3%83%97%E3%82%B9+%E5%8F%AF%E6%84%9B%E3%81%84+%E3%82%86%E3%81%A3%E3%81%9F%E3%82%8A+%E4%BD%93%E5%9E%8B%E3%82%AB%E3%83%90%E3%83%BC+%E7%9D%80%E3%83%BB%E3%81%9B+%E3%81%8A%E3%81%97%E3%82%83%E3%82%8C+%E6%A3%AE%E3%82%AC%E3%83%BC%E3%83%AB+%E3%83%AC%E3%82%A4%E3%83%A4%E3%83%BC%E3%83%89+%E9%87%8D%E3%81%AD%E7%9D%80+%E5%A4%A7%E4%BA%BA+%E7%9D%80%E5%9B%9E%E3%81%97+30%E4%BB%A3+40%E4%BB%A3+50%E4%BB%A3+%E9%80%81%E6%96%99%E7%84%A1%E6%96%99+%E3%83%AA%E3%83%8D%E3%83%B3100%EF%BC%85+%E3%83%99%E3%82%B9%E3%83%88+%E3%83%8A%E3%83%81%E3%83%A5%E3%83%A9%E3%83%AB HTTP/1.1" 301 - "-" "Mozilla/5.0 (Linux; Android 6.0.1; Nexus 5X Build/MMB29P) AppleWebKit/537.36 (KHTML, like Gecko) Chrome/140.0.7339.207 Mobile Safari/537.36 (compatible; Googlebot/2.1; +http://www.google.com/bot.html)"
44.221.105.234 - - [20/Oct/2025:09:46:07 -0400] "GET /tag/sandipan-arya/ HTTP/1.1" 200 121780 "-" "Mozilla/5.0 AppleWebKit/537.36 (KHTML, like Gecko; compatible; Amazonbot/0.1; +https://developer.amazon.com/support/amazonbot) Chrome/119.0.6045.214 Safari/537.36"
20.171.207.51 - - [20/Oct/2025:09:46:07 -0400] "GET /wp-json/wp/v2/tags/7665 HTTP/2.0" 200 642 "-" "Mozilla/5.0 AppleWebKit/537.36 (KHTML, like Gecko; compatible; GPTBot/1.2; +https://openai.com/gptbot)"
66.249.79.165 - - [20/Oct/2025:09:46:07 -0400] "GET /?a=2527792547906&channel=d4d35d&from=jp.php%3Fid%3D925479-13412%26name%3D%E3%80%90%E5%BA%97%E9%95%B7%E3%81%8A%E3%81%99%E3%81%99%E3%82%81%E3%80%91%E3%83%AA%E3%83%8D%E3%83%B3%E3%83%99%E3%82%B9%E3%83%88%20%E3%82%B8%E3%83%AC%20%E3%83%AC%E3%83%87%E3%82%A3%E3%83%BC%E3%82%B9%20%E6%98%A5%E5%A4%8F%20%E3%82%B8%E3%83%AC%E3%83%99%E3%82%B9%E3%83%88%20%E3%83%AA%E3%83%8D%E3%83%B3%20%E3%83%8E%E3%83%BC%E3%82%B9%E3%83%AA%E3%83%BC%E3%83%96%20%E3%83%81%E3%82%A7%E3%83%83%E3%82%AF%E6%9F%84%20%E7%84%A1%E5%9C%B0%20%E3%83%88%E3%83%83%E3%83%97%E3%82%B9%20%E5%8F%AF%E6%84%9B%E3%81%84%20%E3%82%86%E3%81%A3%E3%81%9F%E3%82%8A%20%E4%BD%93%E5%9E%8B%E3%82%AB%E3%83%90%E3%83%BC%20%E7%9D%80%E3%83%BB%E3%81%9B%20%E3%81%8A%E3%81%97%E3%82%83%E3%82%8C%20%E6%A3%AE%E3%82%AC%E3%83%BC%E3%83%AB%20%E3%83%AC%E3%82%A4%E3%83%A4%E3%83%BC%E3%83%89%20%E9%87%8D%E3%81%AD%E7%9D%80%20%E5%A4%A7%E4%BA%BA%20%E7%9D%80%E5%9B%9E%E3%81%97%2030%E4%BB%A3%2040%E4%BB%A3%2050%E4%BB%A3%20%E9%80%81%E6%96%99%E7%84%A1%E6%96%99%20%E3%83%AA%E3%83%8D%E3%83%B3100%EF%BC%85%20%E3%83%99%E3%82%B9%E3%83%88%20%E3%83%8A%E3%83%81%E3%83%A5%E3%83%A9%E3%83%AB HTTP/1.1" 200 201123 "-" "Mozilla/5.0 (Linux; Android 6.0.1; Nexus 5X Build/MMB29P) AppleWebKit/537.36 (KHTML, like Gecko) Chrome/140.0.7339.207 Mobile Safari/537.36 (compatible; Googlebot/2.1; +http://www.google.com/bot.html)"
66.249.79.165 - - [20/Oct/2025:09:46:08 -0400] "GET /?a=0572887855001&channel=567ccc&from=goods.php%3Fid%3D878550-13115%26name%3D%E3%80%90%E3%83%A1%E3%83%BC%E3%83%AB%E4%BE%BF%E5%8F%AF%E3%80%91%E3%83%A8%E3%83%8D%E3%83%83%E3%82%AF%E3%82%B9+%E3%82%A6%E3%82%A3%E3%83%A1%E3%83%B3%E3%82%BA+%E3%82%B9%E3%82%AB%E3%83%BC%E3%83%88+26129 HTTP/1.1" 301 - "-" "Mozilla/5.0 (Linux; Android 6.0.1; Nexus 5X Build/MMB29P) AppleWebKit/537.36 (KHTML, like Gecko) Chrome/140.0.7339.207 Mobile Safari/537.36 (compatible; Googlebot/2.1; +http://www.google.com/bot.html)"
20.171.207.51 - - [20/Oct/2025:09:46:08 -0400] "GET /wp-json/wp/v2/tags/9724 HTTP/2.0" 200 666 "-" "Mozilla/5.0 AppleWebKit/537.36 (KHTML, like Gecko; compatible; GPTBot/1.2; +https://openai.com/gptbot)"
20.171.207.51 - - [20/Oct/2025:09:46:10 -0400] "GET /wp-json/wp/v2/tags/3391 HTTP/2.0" 200 663 "-" "Mozilla/5.0 AppleWebKit/537.36 (KHTML, like Gecko; compatible; GPTBot/1.2; +https://openai.com/gptbot)"
20.171.207.51 - - [20/Oct/2025:09:46:11 -0400] "GET /wp-json/wp/v2/tags/1998 HTTP/2.0" 200 630 "-" "Mozilla/5.0 AppleWebKit/537.36 (KHTML, like Gecko; compatible; GPTBot/1.2; +https://openai.com/gptbot)"
52.200.54.136 - - [20/Oct/2025:09:46:11 -0400] "GET /tag/april-fools-news/ HTTP/1.1" 200 121975 "-" "Mozilla/5.0 AppleWebKit/537.36 (KHTML, like Gecko; compatible; Amazonbot/0.1; +https://developer.amazon.com/support/amazonbot) Chrome/119.0.6045.214 Safari/537.36"
20.171.207.51 - - [20/Oct/2025:09:46:12 -0400] "GET /wp-json/wp/v2/tags/6779 HTTP/2.0" 200 612 "-" "Mozilla/5.0 AppleWebKit/537.36 (KHTML, like Gecko; compatible; GPTBot/1.2; +https://openai.com/gptbot)"
66.249.79.166 - - [20/Oct/2025:09:46:12 -0400] "GET /tag/uttar-pradesh/page/6/?amp HTTP/1.1" 200 177812 "-" "Mozilla/5.0 (Linux; Android 6.0.1; Nexus 5X Build/MMB29P) AppleWebKit/537.36 (KHTML, like Gecko) Chrome/140.0.7339.207 Mobile Safari/537.36 (compatible; Googlebot/2.1; +http://www.google.com/bot.html)"
20.171.207.51 - - [20/Oct/2025:09:46:13 -0400] "GET /wp-json/wp/v2/tags/2518 HTTP/2.0" 200 609 "-" "Mozilla/5.0 AppleWebKit/537.36 (KHTML, like Gecko; compatible; GPTBot/1.2; +https://openai.com/gptbot)"
20.171.207.51 - - [20/Oct/2025:09:46:14 -0400] "GET /wp-json/wp/v2/tags/8732 HTTP/2.0" 200 648 "-" "Mozilla/5.0 AppleWebKit/537.36 (KHTML, like Gecko; compatible; GPTBot/1.2; +https://openai.com/gptbot)"
20.171.207.51 - - [20/Oct/2025:09:46:15 -0400] "GET /wp-json/wp/v2/tags/1889 HTTP/2.0" 200 603 "-" "Mozilla/5.0 AppleWebKit/537.36 (KHTML, like Gecko; compatible; GPTBot/1.2; +https://openai.com/gptbot)"
3.219.81.66 - - [20/Oct/2025:09:46:15 -0400] "GET /tag/sim-only-vs-contract/ HTTP/1.1" 200 122011 "-" "Mozilla/5.0 AppleWebKit/537.36 (KHTML, like Gecko; compatible; Amazonbot/0.1; +https://developer.amazon.com/support/amazonbot) Chrome/119.0.6045.214 Safari/537.36"
20.171.207.51 - - [20/Oct/2025:09:46:17 -0400] "GET /wp-json/wp/v2/tags/8581 HTTP/2.0" 200 637 "-" "Mozilla/5.0 AppleWebKit/537.36 (KHTML, like Gecko; compatible; GPTBot/1.2; +https://openai.com/gptbot)"
20.171.207.51 - - [20/Oct/2025:09:46:18 -0400] "GET /wp-json/wp/v2/tags/9790 HTTP/2.0" 200 612 "-" "Mozilla/5.0 AppleWebKit/537.36 (KHTML, like Gecko; compatible; GPTBot/1.2; +https://openai.com/gptbot)"
20.171.207.51 - - [20/Oct/2025:09:46:19 -0400] "GET /wp-json/wp/v2/tags/5053 HTTP/2.0" 200 630 "-" "Mozilla/5.0 AppleWebKit/537.36 (KHTML, like Gecko; compatible; GPTBot/1.2; +https://openai.com/gptbot)"
20.171.207.51 - - [20/Oct/2025:09:46:20 -0400] "GET /wp-json/wp/v2/tags/6231 HTTP/2.0" 200 669 "-" "Mozilla/5.0 AppleWebKit/537.36 (KHTML, like Gecko; compatible; GPTBot/1.2; +https://openai.com/gptbot)"
20.171.207.51 - - [20/Oct/2025:09:46:21 -0400] "GET /wp-json/wp/v2/tags/2957 HTTP/2.0" 200 633 "-" "Mozilla/5.0 AppleWebKit/537.36 (KHTML, like Gecko; compatible; GPTBot/1.2; +https://openai.com/gptbot)"
20.171.207.51 - - [20/Oct/2025:09:46:22 -0400] "GET /wp-json/wp/v2/tags/5129 HTTP/2.0" 200 606 "-" "Mozilla/5.0 AppleWebKit/537.36 (KHTML, like Gecko; compatible; GPTBot/1.2; +https://openai.com/gptbot)"
20.171.207.51 - - [20/Oct/2025:09:46:24 -0400] "GET /wp-json/wp/v2/tags/5594 HTTP/2.0" 200 627 "-" "Mozilla/5.0 AppleWebKit/537.36 (KHTML, like Gecko; compatible; GPTBot/1.2; +https://openai.com/gptbot)"
20.171.207.51 - - [20/Oct/2025:09:46:25 -0400] "GET /wp-json/wp/v2/tags/5216 HTTP/2.0" 200 579 "-" "Mozilla/5.0 AppleWebKit/537.36 (KHTML, like Gecko; compatible; GPTBot/1.2; +https://openai.com/gptbot)"
20.171.207.51 - - [20/Oct/2025:09:46:26 -0400] "GET /wp-json/wp/v2/tags/4346 HTTP/2.0" 200 627 "-" "Mozilla/5.0 AppleWebKit/537.36 (KHTML, like Gecko; compatible; GPTBot/1.2; +https://openai.com/gptbot)"
20.171.207.51 - - [20/Oct/2025:09:46:27 -0400] "GET /wp-json/wp/v2/tags/7749 HTTP/2.0" 200 612 "-" "Mozilla/5.0 AppleWebKit/537.36 (KHTML, like Gecko; compatible; GPTBot/1.2; +https://openai.com/gptbot)"
34.234.197.175 - - [20/Oct/2025:09:46:27 -0400] "GET /tag/kong-chaneng/ HTTP/1.1" 200 122046 "-" "Mozilla/5.0 AppleWebKit/537.36 (KHTML, like Gecko; compatible; Amazonbot/0.1; +https://developer.amazon.com/support/amazonbot) Chrome/119.0.6045.214 Safari/537.36"
57.141.0.43 - - [20/Oct/2025:09:46:27 -0400] "GET /kneading-dough-with-legs-at-kake-da-hotel-in-delhi/ HTTP/2.0" 200 282812 "-" "meta-externalagent/1.1 (+https://developers.facebook.com/docs/sharing/webmasters/crawler)"
20.171.207.51 - - [20/Oct/2025:09:46:28 -0400] "GET /wp-json/wp/v2/tags/6432 HTTP/2.0" 200 591 "-" "Mozilla/5.0 AppleWebKit/537.36 (KHTML, like Gecko; compatible; GPTBot/1.2; +https://openai.com/gptbot)"
20.171.207.51 - - [20/Oct/2025:09:46:29 -0400] "GET /wp-json/wp/v2/tags/3616 HTTP/2.0" 200 585 "-" "Mozilla/5.0 AppleWebKit/537.36 (KHTML, like Gecko; compatible; GPTBot/1.2; +https://openai.com/gptbot)"
20.171.207.51 - - [20/Oct/2025:09:46:30 -0400] "GET /wp-json/wp/v2/tags/6909 HTTP/2.0" 200 594 "-" "Mozilla/5.0 AppleWebKit/537.36 (KHTML, like Gecko; compatible; GPTBot/1.2; +https://openai.com/gptbot)"
20.171.207.51 - - [20/Oct/2025:09:46:32 -0400] "GET /wp-json/wp/v2/tags/5119 HTTP/2.0" 200 585 "-" "Mozilla/5.0 AppleWebKit/537.36 (KHTML, like Gecko; compatible; GPTBot/1.2; +https://openai.com/gptbot)"
54.83.23.103 - - [20/Oct/2025:09:46:32 -0400] "GET /tag/abhishek-bacchan-news/ HTTP/1.1" 200 121641 "-" "Mozilla/5.0 AppleWebKit/537.36 (KHTML, like Gecko; compatible; Amazonbot/0.1; +https://developer.amazon.com/support/amazonbot) Chrome/119.0.6045.214 Safari/537.36"
20.171.207.51 - - [20/Oct/2025:09:46:33 -0400] "GET /wp-json/wp/v2/tags/5977 HTTP/2.0" 200 639 "-" "Mozilla/5.0 AppleWebKit/537.36 (KHTML, like Gecko; compatible; GPTBot/1.2; +https://openai.com/gptbot)"
20.171.207.51 - - [20/Oct/2025:09:46:34 -0400] "GET /wp-json/wp/v2/tags/8511 HTTP/2.0" 200 630 "-" "Mozilla/5.0 AppleWebKit/537.36 (KHTML, like Gecko; compatible; GPTBot/1.2; +https://openai.com/gptbot)"
20.171.207.51 - - [20/Oct/2025:09:46:35 -0400] "GET /wp-json/wp/v2/tags/3102 HTTP/2.0" 200 612 "-" "Mozilla/5.0 AppleWebKit/537.36 (KHTML, like Gecko; compatible; GPTBot/1.2; +https://openai.com/gptbot)"
20.171.207.51 - - [20/Oct/2025:09:46:36 -0400] "GET /wp-json/wp/v2/tags/3341 HTTP/2.0" 200 612 "-" "Mozilla/5.0 AppleWebKit/537.36 (KHTML, like Gecko; compatible; GPTBot/1.2; +https://openai.com/gptbot)"
20.171.207.51 - - [20/Oct/2025:09:46:37 -0400] "GET /wp-json/wp/v2/tags/2683 HTTP/2.0" 200 648 "-" "Mozilla/5.0 AppleWebKit/537.36 (KHTML, like Gecko; compatible; GPTBot/1.2; +https://openai.com/gptbot)"
20.171.207.51 - - [20/Oct/2025:09:46:39 -0400] "GET /wp-json/wp/v2/tags/5427 HTTP/2.0" 200 579 "-" "Mozilla/5.0 AppleWebKit/537.36 (KHTML, like Gecko; compatible; GPTBot/1.2; +https://openai.com/gptbot)"
52.200.93.170 - - [20/Oct/2025:09:46:39 -0400] "GET /tag/john-cena-and-nikkei-news-in-hindi/ HTTP/1.1" 200 122036 "-" "Mozilla/5.0 AppleWebKit/537.36 (KHTML, like Gecko; compatible; Amazonbot/0.1; +https://developer.amazon.com/support/amazonbot) Chrome/119.0.6045.214 Safari/537.36"
20.171.207.51 - - [20/Oct/2025:09:46:40 -0400] "GET /wp-json/wp/v2/tags/3428 HTTP/2.0" 200 627 "-" "Mozilla/5.0 AppleWebKit/537.36 (KHTML, like Gecko; compatible; GPTBot/1.2; +https://openai.com/gptbot)"
20.171.207.51 - - [20/Oct/2025:09:46:41 -0400] "GET /wp-json/wp/v2/tags/5965 HTTP/2.0" 200 642 "-" "Mozilla/5.0 AppleWebKit/537.36 (KHTML, like Gecko; compatible; GPTBot/1.2; +https://openai.com/gptbot)"
20.171.207.51 - - [20/Oct/2025:09:46:42 -0400] "GET /wp-json/wp/v2/tags/7448 HTTP/2.0" 200 624 "-" "Mozilla/5.0 AppleWebKit/537.36 (KHTML, like Gecko; compatible; GPTBot/1.2; +https://openai.com/gptbot)"
52.22.87.224 - - [20/Oct/2025:09:46:43 -0400] "GET /tag/ahmed-barber-news/ HTTP/1.1" 200 122427 "-" "Mozilla/5.0 AppleWebKit/537.36 (KHTML, like Gecko; compatible; Amazonbot/0.1; +https://developer.amazon.com/support/amazonbot) Chrome/119.0.6045.214 Safari/537.36"
20.171.207.51 - - [20/Oct/2025:09:46:43 -0400] "GET /wp-json/wp/v2/tags/3012 HTTP/2.0" 200 618 "-" "Mozilla/5.0 AppleWebKit/537.36 (KHTML, like Gecko; compatible; GPTBot/1.2; +https://openai.com/gptbot)"
20.171.207.51 - - [20/Oct/2025:09:46:44 -0400] "GET /wp-json/wp/v2/tags/2415 HTTP/2.0" 200 639 "-" "Mozilla/5.0 AppleWebKit/537.36 (KHTML, like Gecko; compatible; GPTBot/1.2; +https://openai.com/gptbot)"
20.171.207.51 - - [20/Oct/2025:09:46:46 -0400] "GET /wp-json/wp/v2/tags/4001 HTTP/2.0" 200 633 "-" "Mozilla/5.0 AppleWebKit/537.36 (KHTML, like Gecko; compatible; GPTBot/1.2; +https://openai.com/gptbot)"
20.171.207.51 - - [20/Oct/2025:09:46:47 -0400] "GET /wp-json/wp/v2/tags/5770 HTTP/2.0" 200 633 "-" "Mozilla/5.0 AppleWebKit/537.36 (KHTML, like Gecko; compatible; GPTBot/1.2; +https://openai.com/gptbot)"
20.171.207.51 - - [20/Oct/2025:09:46:48 -0400] "GET /wp-json/wp/v2/tags/5345 HTTP/2.0" 200 594 "-" "Mozilla/5.0 AppleWebKit/537.36 (KHTML, like Gecko; compatible; GPTBot/1.2; +https://openai.com/gptbot)"
20.171.207.51 - - [20/Oct/2025:09:46:49 -0400] "GET /wp-json/wp/v2/tags/5593 HTTP/2.0" 200 600 "-" "Mozilla/5.0 AppleWebKit/537.36 (KHTML, like Gecko; compatible; GPTBot/1.2; +https://openai.com/gptbot)"
20.171.207.51 - - [20/Oct/2025:09:46:50 -0400] "GET /wp-json/wp/v2/tags/6821 HTTP/2.0" 200 639 "-" "Mozilla/5.0 AppleWebKit/537.36 (KHTML, like Gecko; compatible; GPTBot/1.2; +https://openai.com/gptbot)"
52.203.65.83 - - [20/Oct/2025:09:46:51 -0400] "GET /tag/one-word-changed-the-destiny-of-a-film/ HTTP/1.1" 200 121553 "-" "Mozilla/5.0 AppleWebKit/537.36 (KHTML, like Gecko; compatible; Amazonbot/0.1; +https://developer.amazon.com/support/amazonbot) Chrome/119.0.6045.214 Safari/537.36"
20.171.207.51 - - [20/Oct/2025:09:46:51 -0400] "GET /wp-json/wp/v2/tags/4712 HTTP/2.0" 200 600 "-" "Mozilla/5.0 AppleWebKit/537.36 (KHTML, like Gecko; compatible; GPTBot/1.2; +https://openai.com/gptbot)"
20.171.207.51 - - [20/Oct/2025:09:46:52 -0400] "GET /wp-json/wp/v2/tags/5420 HTTP/2.0" 200 612 "-" "Mozilla/5.0 AppleWebKit/537.36 (KHTML, like Gecko; compatible; GPTBot/1.2; +https://openai.com/gptbot)"
20.171.207.51 - - [20/Oct/2025:09:46:54 -0400] "GET /wp-json/wp/v2/tags/1800 HTTP/2.0" 200 648 "-" "Mozilla/5.0 AppleWebKit/537.36 (KHTML, like Gecko; compatible; GPTBot/1.2; +https://openai.com/gptbot)"
20.171.207.51 - - [20/Oct/2025:09:46:55 -0400] "GET /wp-json/wp/v2/tags/4408 HTTP/2.0" 200 600 "-" "Mozilla/5.0 AppleWebKit/537.36 (KHTML, like Gecko; compatible; GPTBot/1.2; +https://openai.com/gptbot)"
18.205.91.101 - - [20/Oct/2025:09:46:55 -0400] "GET /tag/benefits-of-hot-water/ HTTP/1.1" 200 121646 "-" "Mozilla/5.0 AppleWebKit/537.36 (KHTML, like Gecko; compatible; Amazonbot/0.1; +https://developer.amazon.com/support/amazonbot) Chrome/119.0.6045.214 Safari/537.36"
20.171.207.51 - - [20/Oct/2025:09:46:56 -0400] "GET /wp-json/wp/v2/tags/1278 HTTP/2.0" 200 576 "-" "Mozilla/5.0 AppleWebKit/537.36 (KHTML, like Gecko; compatible; GPTBot/1.2; +https://openai.com/gptbot)"
20.171.207.51 - - [20/Oct/2025:09:46:57 -0400] "GET /wp-json/wp/v2/tags/4496 HTTP/2.0" 200 594 "-" "Mozilla/5.0 AppleWebKit/537.36 (KHTML, like Gecko; compatible; GPTBot/1.2; +https://openai.com/gptbot)"
20.171.207.51 - - [20/Oct/2025:09:46:58 -0400] "GET /wp-json/wp/v2/tags/9052 HTTP/2.0" 200 624 "-" "Mozilla/5.0 AppleWebKit/537.36 (KHTML, like Gecko; compatible; GPTBot/1.2; +https://openai.com/gptbot)"
20.171.207.51 - - [20/Oct/2025:09:46:59 -0400] "GET /wp-json/wp/v2/tags/3642 HTTP/2.0" 200 618 "-" "Mozilla/5.0 AppleWebKit/537.36 (KHTML, like Gecko; compatible; GPTBot/1.2; +https://openai.com/gptbot)"
34.225.243.131 - - [20/Oct/2025:09:47:00 -0400] "GET /tag/goddess-unveiled-in-east-china/ HTTP/1.1" 200 122441 "-" "Mozilla/5.0 AppleWebKit/537.36 (KHTML, like Gecko; compatible; Amazonbot/0.1; +https://developer.amazon.com/support/amazonbot) Chrome/119.0.6045.214 Safari/537.36"
20.171.207.51 - - [20/Oct/2025:09:47:00 -0400] "GET /wp-json/wp/v2/tags/6613 HTTP/2.0" 200 627 "-" "Mozilla/5.0 AppleWebKit/537.36 (KHTML, like Gecko; compatible; GPTBot/1.2; +https://openai.com/gptbot)"
20.171.207.51 - - [20/Oct/2025:09:47:02 -0400] "GET /wp-json/wp/v2/tags/6321 HTTP/2.0" 200 591 "-" "Mozilla/5.0 AppleWebKit/537.36 (KHTML, like Gecko; compatible; GPTBot/1.2; +https://openai.com/gptbot)"
20.171.207.51 - - [20/Oct/2025:09:47:03 -0400] "GET /wp-json/wp/v2/tags/6177 HTTP/2.0" 200 627 "-" "Mozilla/5.0 AppleWebKit/537.36 (KHTML, like Gecko; compatible; GPTBot/1.2; +https://openai.com/gptbot)"
98.83.177.42 - - [20/Oct/2025:09:47:03 -0400] "GET /tag/february-4-history/ HTTP/1.1" 200 121722 "-" "Mozilla/5.0 AppleWebKit/537.36 (KHTML, like Gecko; compatible; Amazonbot/0.1; +https://developer.amazon.com/support/amazonbot) Chrome/119.0.6045.214 Safari/537.36"
20.171.207.51 - - [20/Oct/2025:09:47:04 -0400] "GET /wp-json/wp/v2/tags/6115 HTTP/2.0" 200 627 "-" "Mozilla/5.0 AppleWebKit/537.36 (KHTML, like Gecko; compatible; GPTBot/1.2; +https://openai.com/gptbot)"
20.171.207.51 - - [20/Oct/2025:09:47:05 -0400] "GET /wp-json/wp/v2/tags/1425 HTTP/2.0" 200 661 "-" "Mozilla/5.0 AppleWebKit/537.36 (KHTML, like Gecko; compatible; GPTBot/1.2; +https://openai.com/gptbot)"
20.171.207.51 - - [20/Oct/2025:09:47:06 -0400] "GET /wp-json/wp/v2/tags/3143 HTTP/2.0" 200 630 "-" "Mozilla/5.0 AppleWebKit/537.36 (KHTML, like Gecko; compatible; GPTBot/1.2; +https://openai.com/gptbot)"
20.171.207.51 - - [20/Oct/2025:09:47:07 -0400] "GET /wp-json/wp/v2/tags/5337 HTTP/2.0" 200 603 "-" "Mozilla/5.0 AppleWebKit/537.36 (KHTML, like Gecko; compatible; GPTBot/1.2; +https://openai.com/gptbot)"
66.249.79.166 - - [20/Oct/2025:09:47:08 -0400] "GET /?a=84117118701100&channel=292739&from=form.php%3Fid%3D1187011-3824%26name%3D%E3%80%90%E4%BA%88%E7%B4%84%E8%B2%A9%E5%A3%B2%E3%80%91%E6%B4%8B%E3%83%A9%E3%83%B3%E3%80%90%E9%96%8B%E8%8A%B1%E8%A6%8B%E8%BE%BC%E6%A0%AA%E3%80%91%E3%83%AA%E3%83%B3%E3%82%B3%E3%83%AC%E3%83%AA%E3%82%AA%E3%82%AB%E3%83%88%E3%83%AC%E3%82%A2+%E3%83%A1%E3%83%A2%E3%83%AA%E3%82%A2+%E3%82%AF%E3%83%AA%E3%82%B9%E3%83%94%E3%83%B3+%E3%83%AD%E3%82%B6%E3%83%AC%E3%82%B9+%E3%82%B8%E3%83%A5%E3%83%B3+%E3%83%A4%E3%83%B3+4%E5%8F%B7%E9%89%A2+%E6%B4%8B%E8%98%AD+%E3%82%A4%E3%83%B3%E3%83%86%E3%83%AA%E3%82%A2+tuk+10%E6%9C%88%E4%B8%8A%E6%97%AC%E4%BB%A5%E9%99%8D%E7%99%BA%E9%80%81 HTTP/1.1" 301 - "-" "Mozilla/5.0 (Linux; Android 6.0.1; Nexus 5X Build/MMB29P) AppleWebKit/537.36 (KHTML, like Gecko) Chrome/140.0.7339.207 Mobile Safari/537.36 (compatible; Googlebot/2.1; +http://www.google.com/bot.html)"
20.171.207.51 - - [20/Oct/2025:09:47:08 -0400] "GET /wp-json/wp/v2/tags/4471 HTTP/2.0" 200 645 "-" "Mozilla/5.0 AppleWebKit/537.36 (KHTML, like Gecko; compatible; GPTBot/1.2; +https://openai.com/gptbot)"
20.171.207.51 - - [20/Oct/2025:09:47:10 -0400] "GET /wp-json/wp/v2/tags/9611 HTTP/2.0" 200 621 "-" "Mozilla/5.0 AppleWebKit/537.36 (KHTML, like Gecko; compatible; GPTBot/1.2; +https://openai.com/gptbot)"
20.171.207.51 - - [20/Oct/2025:09:47:11 -0400] "GET /wp-json/wp/v2/tags/5234 HTTP/2.0" 200 621 "-" "Mozilla/5.0 AppleWebKit/537.36 (KHTML, like Gecko; compatible; GPTBot/1.2; +https://openai.com/gptbot)"
52.3.104.214 - - [20/Oct/2025:09:47:11 -0400] "GET /tag/nudist-village/ HTTP/1.1" 200 121936 "-" "Mozilla/5.0 AppleWebKit/537.36 (KHTML, like Gecko; compatible; Amazonbot/0.1; +https://developer.amazon.com/support/amazonbot) Chrome/119.0.6045.214 Safari/537.36"
20.171.207.51 - - [20/Oct/2025:09:47:12 -0400] "GET /wp-json/wp/v2/tags/4723 HTTP/2.0" 200 636 "-" "Mozilla/5.0 AppleWebKit/537.36 (KHTML, like Gecko; compatible; GPTBot/1.2; +https://openai.com/gptbot)"
20.171.207.51 - - [20/Oct/2025:09:47:13 -0400] "GET /wp-json/wp/v2/tags/1253 HTTP/2.0" 200 648 "-" "Mozilla/5.0 AppleWebKit/537.36 (KHTML, like Gecko; compatible; GPTBot/1.2; +https://openai.com/gptbot)"
20.171.207.51 - - [20/Oct/2025:09:47:14 -0400] "GET /wp-json/wp/v2/tags/2951 HTTP/2.0" 200 615 "-" "Mozilla/5.0 AppleWebKit/537.36 (KHTML, like Gecko; compatible; GPTBot/1.2; +https://openai.com/gptbot)"
52.204.174.139 - - [20/Oct/2025:09:47:15 -0400] "GET /tag/mermaid-baby/ HTTP/1.1" 200 121338 "-" "Mozilla/5.0 AppleWebKit/537.36 (KHTML, like Gecko; compatible; Amazonbot/0.1; +https://developer.amazon.com/support/amazonbot) Chrome/119.0.6045.214 Safari/537.36"
20.171.207.51 - - [20/Oct/2025:09:47:15 -0400] "GET /wp-json/wp/v2/tags/1471 HTTP/2.0" 200 606 "-" "Mozilla/5.0 AppleWebKit/537.36 (KHTML, like Gecko; compatible; GPTBot/1.2; +https://openai.com/gptbot)"
20.171.207.51 - - [20/Oct/2025:09:47:17 -0400] "GET /wp-json/wp/v2/tags/3787 HTTP/2.0" 200 624 "-" "Mozilla/5.0 AppleWebKit/537.36 (KHTML, like Gecko; compatible; GPTBot/1.2; +https://openai.com/gptbot)"
66.249.79.165 - - [20/Oct/2025:09:47:17 -0400] "GET /?a=8595845406205&channel=32e925&from=shared.php%3Fid%3D454062-560%26name%3D%E3%82%B3%E3%83%BC%E3%83%92%E3%83%BC%E3%83%A1%E3%83%BC%E3%82%AB%E3%83%BC+%E3%81%8A%E3%81%97%E3%82%83%E3%82%8C+%E3%82%AC%E3%83%A9%E3%82%B9%E5%AE%B9%E5%99%A8+%E3%82%A2%E3%82%A4%E3%83%AA%E3%82%B9%E3%82%AA%E3%83%BC%E3%83%A4%E3%83%9E+%E5%85%A8%E8%87%AA%E5%8B%95%E3%82%B3%E3%83%BC%E3%83%92%E3%83%BC%E3%83%A1%E3%83%BC%E3%82%AB%E3%83%BC+IAC-A600%3Cbr%3E%E5%85%A8%E8%87%AA%E5%8B%95+%E7%B0%A1%E5%8D%98+%E8%87%AA%E5%8B%95+%E3%81%8A%E3%81%97%E3%82%83%E3%82%8C+%E3%82%B3%E3%83%BC%E3%83%92%E3%83%BC+%E7%8F%88%E7%90%B2+%E5%AE%B6%E5%BA%AD%E7%94%A8+%E5%85%A8%E8%87%AA%E5%8B%95+%E3%83%9F%E3%83%AB%E4%BB%98%E3%81%8D+%E3%83%89%E3%83%AA%E3%83%83%E3%83%97%E4%BB%98%E3%81%8D+%E7%8F%88%E7%90%B2%E3%83%9E%E3%82%B7%E3%83%BC%E3%83%B3+%E3%83%A1%E3%83%83%E3%82%B7%E3%83%A5%E3%83%95%E3%82%A3%E3%83%AB%E3%82%BF%E3%83%BC HTTP/1.1" 301 - "-" "Mozilla/5.0 (Linux; Android 6.0.1; Nexus 5X Build/MMB29P) AppleWebKit/537.36 (KHTML, like Gecko) Chrome/140.0.7339.207 Mobile Safari/537.36 (compatible; Googlebot/2.1; +http://www.google.com/bot.html)"
182.8.158.197 - - [20/Oct/2025:09:47:17 -0400] "GET /wp-login.php HTTP/1.1" 200 5429 "-" "Mozila/5.0"
20.171.207.51 - - [20/Oct/2025:09:47:18 -0400] "GET /wp-json/wp/v2/tags/6445 HTTP/2.0" 200 660 "-" "Mozilla/5.0 AppleWebKit/537.36 (KHTML, like Gecko; compatible; GPTBot/1.2; +https://openai.com/gptbot)"
182.8.158.197 - - [20/Oct/2025:09:47:18 -0400] "POST /wp-login.php HTTP/1.1" 200 5907 "-" "Mozila/5.0"
182.8.158.197 - - [20/Oct/2025:09:47:18 -0400] "GET /wp-admin/ HTTP/1.1" 302 - "-" "Mozila/5.0"
182.8.158.197 - - [20/Oct/2025:09:47:19 -0400] "GET /wp-login.php?redirect_to=https%3A%2F%2Fwahgazab.com%2Fwp-admin%2F&reauth=1 HTTP/1.1" 200 5429 "-" "Mozila/5.0"
20.171.207.51 - - [20/Oct/2025:09:47:19 -0400] "GET /wp-json/wp/v2/tags/5354 HTTP/2.0" 200 693 "-" "Mozilla/5.0 AppleWebKit/537.36 (KHTML, like Gecko; compatible; GPTBot/1.2; +https://openai.com/gptbot)"
184.73.239.35 - - [20/Oct/2025:09:47:19 -0400] "GET /tag/42-buses-and-100-rupees/ HTTP/1.1" 200 122105 "-" "Mozilla/5.0 AppleWebKit/537.36 (KHTML, like Gecko; compatible; Amazonbot/0.1; +https://developer.amazon.com/support/amazonbot) Chrome/119.0.6045.214 Safari/537.36"
20.171.207.51 - - [20/Oct/2025:09:47:20 -0400] "GET /wp-json/wp/v2/tags/8773 HTTP/2.0" 200 615 "-" "Mozilla/5.0 AppleWebKit/537.36 (KHTML, like Gecko; compatible; GPTBot/1.2; +https://openai.com/gptbot)"
20.171.207.51 - - [20/Oct/2025:09:47:21 -0400] "GET /wp-json/wp/v2/tags/8738 HTTP/2.0" 200 588 "-" "Mozilla/5.0 AppleWebKit/537.36 (KHTML, like Gecko; compatible; GPTBot/1.2; +https://openai.com/gptbot)"
20.171.207.51 - - [20/Oct/2025:09:47:22 -0400] "GET /wp-json/wp/v2/tags/4559 HTTP/2.0" 200 621 "-" "Mozilla/5.0 AppleWebKit/537.36 (KHTML, like Gecko; compatible; GPTBot/1.2; +https://openai.com/gptbot)"
52.70.209.13 - - [20/Oct/2025:09:47:23 -0400] "GET /tag/mahesh-sawani/ HTTP/1.1" 200 121726 "-" "Mozilla/5.0 AppleWebKit/537.36 (KHTML, like Gecko; compatible; Amazonbot/0.1; +https://developer.amazon.com/support/amazonbot) Chrome/119.0.6045.214 Safari/537.36"
20.171.207.51 - - [20/Oct/2025:09:47:24 -0400] "GET /wp-json/wp/v2/tags/4092 HTTP/2.0" 200 717 "-" "Mozilla/5.0 AppleWebKit/537.36 (KHTML, like Gecko; compatible; GPTBot/1.2; +https://openai.com/gptbot)"
20.171.207.51 - - [20/Oct/2025:09:47:25 -0400] "GET /wp-json/wp/v2/tags/6324 HTTP/2.0" 200 588 "-" "Mozilla/5.0 AppleWebKit/537.36 (KHTML, like Gecko; compatible; GPTBot/1.2; +https://openai.com/gptbot)"
20.171.207.51 - - [20/Oct/2025:09:47:26 -0400] "GET /wp-json/wp/v2/tags/4438 HTTP/2.0" 200 597 "-" "Mozilla/5.0 AppleWebKit/537.36 (KHTML, like Gecko; compatible; GPTBot/1.2; +https://openai.com/gptbot)"
20.171.207.51 - - [20/Oct/2025:09:47:27 -0400] "GET /wp-json/wp/v2/tags/2369 HTTP/2.0" 200 648 "-" "Mozilla/5.0 AppleWebKit/537.36 (KHTML, like Gecko; compatible; GPTBot/1.2; +https://openai.com/gptbot)"
184.73.68.20 - - [20/Oct/2025:09:47:28 -0400] "GET /tag/1920-london-movie-trailer/ HTTP/1.1" 200 122416 "-" "Mozilla/5.0 AppleWebKit/537.36 (KHTML, like Gecko; compatible; Amazonbot/0.1; +https://developer.amazon.com/support/amazonbot) Chrome/119.0.6045.214 Safari/537.36"
20.171.207.51 - - [20/Oct/2025:09:47:28 -0400] "GET /wp-json/wp/v2/tags/5707 HTTP/2.0" 200 618 "-" "Mozilla/5.0 AppleWebKit/537.36 (KHTML, like Gecko; compatible; GPTBot/1.2; +https://openai.com/gptbot)"
20.171.207.51 - - [20/Oct/2025:09:47:29 -0400] "GET /wp-json/wp/v2/tags/6816 HTTP/2.0" 200 621 "-" "Mozilla/5.0 AppleWebKit/537.36 (KHTML, like Gecko; compatible; GPTBot/1.2; +https://openai.com/gptbot)"
20.171.207.51 - - [20/Oct/2025:09:47:30 -0400] "GET /wp-json/wp/v2/tags/8240 HTTP/2.0" 200 627 "-" "Mozilla/5.0 AppleWebKit/537.36 (KHTML, like Gecko; compatible; GPTBot/1.2; +https://openai.com/gptbot)"
20.171.207.51 - - [20/Oct/2025:09:47:32 -0400] "GET /wp-json/wp/v2/tags/9833 HTTP/2.0" 200 612 "-" "Mozilla/5.0 AppleWebKit/537.36 (KHTML, like Gecko; compatible; GPTBot/1.2; +https://openai.com/gptbot)"
20.171.207.51 - - [20/Oct/2025:09:47:33 -0400] "GET /wp-json/wp/v2/tags/4191 HTTP/2.0" 200 606 "-" "Mozilla/5.0 AppleWebKit/537.36 (KHTML, like Gecko; compatible; GPTBot/1.2; +https://openai.com/gptbot)"
20.171.207.51 - - [20/Oct/2025:09:47:34 -0400] "GET /wp-json/wp/v2/tags/1168 HTTP/2.0" 200 603 "-" "Mozilla/5.0 AppleWebKit/537.36 (KHTML, like Gecko; compatible; GPTBot/1.2; +https://openai.com/gptbot)"
3.226.106.93 - - [20/Oct/2025:09:47:35 -0400] "GET /tag/sunny-pens-short-stories/ HTTP/1.1" 200 121688 "-" "Mozilla/5.0 AppleWebKit/537.36 (KHTML, like Gecko; compatible; Amazonbot/0.1; +https://developer.amazon.com/support/amazonbot) Chrome/119.0.6045.214 Safari/537.36"
20.171.207.51 - - [20/Oct/2025:09:47:35 -0400] "GET /wp-json/wp/v2/tags/5145 HTTP/2.0" 200 768 "-" "Mozilla/5.0 AppleWebKit/537.36 (KHTML, like Gecko; compatible; GPTBot/1.2; +https://openai.com/gptbot)"
20.171.207.51 - - [20/Oct/2025:09:47:36 -0400] "GET /wp-json/wp/v2/tags/7533 HTTP/2.0" 200 651 "-" "Mozilla/5.0 AppleWebKit/537.36 (KHTML, like Gecko; compatible; GPTBot/1.2; +https://openai.com/gptbot)"
20.171.207.51 - - [20/Oct/2025:09:47:37 -0400] "GET /wp-json/wp/v2/tags/3394 HTTP/2.0" 200 699 "-" "Mozilla/5.0 AppleWebKit/537.36 (KHTML, like Gecko; compatible; GPTBot/1.2; +https://openai.com/gptbot)"
20.171.207.51 - - [20/Oct/2025:09:47:39 -0400] "GET /wp-json/wp/v2/tags/2864 HTTP/2.0" 200 591 "-" "Mozilla/5.0 AppleWebKit/537.36 (KHTML, like Gecko; compatible; GPTBot/1.2; +https://openai.com/gptbot)"
3.209.174.110 - - [20/Oct/2025:09:47:39 -0400] "GET /tag/bangladesh-was-separated-from-pakistan-on-march-26/ HTTP/1.1" 200 122719 "-" "Mozilla/5.0 AppleWebKit/537.36 (KHTML, like Gecko; compatible; Amazonbot/0.1; +https://developer.amazon.com/support/amazonbot) Chrome/119.0.6045.214 Safari/537.36"
20.171.207.51 - - [20/Oct/2025:09:47:40 -0400] "GET /wp-json/wp/v2/tags/7473 HTTP/2.0" 200 654 "-" "Mozilla/5.0 AppleWebKit/537.36 (KHTML, like Gecko; compatible; GPTBot/1.2; +https://openai.com/gptbot)"
20.171.207.51 - - [20/Oct/2025:09:47:41 -0400] "GET /wp-json/wp/v2/tags/8665 HTTP/2.0" 200 606 "-" "Mozilla/5.0 AppleWebKit/537.36 (KHTML, like Gecko; compatible; GPTBot/1.2; +https://openai.com/gptbot)"
20.171.207.51 - - [20/Oct/2025:09:47:42 -0400] "GET /wp-json/wp/v2/tags/5953 HTTP/2.0" 200 663 "-" "Mozilla/5.0 AppleWebKit/537.36 (KHTML, like Gecko; compatible; GPTBot/1.2; +https://openai.com/gptbot)"
20.171.207.51 - - [20/Oct/2025:09:47:43 -0400] "GET /wp-json/wp/v2/tags/5208 HTTP/2.0" 200 600 "-" "Mozilla/5.0 AppleWebKit/537.36 (KHTML, like Gecko; compatible; GPTBot/1.2; +https://openai.com/gptbot)"
3.90.73.206 - - [20/Oct/2025:09:47:43 -0400] "GET /tag/mohammad-azharuddin/ HTTP/1.1" 200 128107 "-" "Mozilla/5.0 AppleWebKit/537.36 (KHTML, like Gecko; compatible; Amazonbot/0.1; +https://developer.amazon.com/support/amazonbot) Chrome/119.0.6045.214 Safari/537.36"
20.171.207.51 - - [20/Oct/2025:09:47:44 -0400] "GET /wp-json/wp/v2/tags/4486 HTTP/2.0" 200 645 "-" "Mozilla/5.0 AppleWebKit/537.36 (KHTML, like Gecko; compatible; GPTBot/1.2; +https://openai.com/gptbot)"
20.171.207.51 - - [20/Oct/2025:09:47:46 -0400] "GET /wp-json/wp/v2/tags/5116 HTTP/2.0" 200 603 "-" "Mozilla/5.0 AppleWebKit/537.36 (KHTML, like Gecko; compatible; GPTBot/1.2; +https://openai.com/gptbot)"
20.171.207.51 - - [20/Oct/2025:09:47:47 -0400] "GET /wp-json/wp/v2/tags/4643 HTTP/2.0" 200 633 "-" "Mozilla/5.0 AppleWebKit/537.36 (KHTML, like Gecko; compatible; GPTBot/1.2; +https://openai.com/gptbot)"
20.171.207.51 - - [20/Oct/2025:09:47:48 -0400] "GET /wp-json/wp/v2/tags/8752 HTTP/2.0" 200 600 "-" "Mozilla/5.0 AppleWebKit/537.36 (KHTML, like Gecko; compatible; GPTBot/1.2; +https://openai.com/gptbot)"
20.171.207.51 - - [20/Oct/2025:09:47:49 -0400] "GET /wp-json/wp/v2/tags/7044 HTTP/2.0" 200 585 "-" "Mozilla/5.0 AppleWebKit/537.36 (KHTML, like Gecko; compatible; GPTBot/1.2; +https://openai.com/gptbot)"
66.249.79.165 - - [20/Oct/2025:09:47:50 -0400] "GET /?a=8992118720000&channel=f1db72&from=shop.php%3Fid%3D187200-319%26name%3DTHE+IDOLM%40STER+MILLION+LIVE%21+2ndLIVE+ENJOY+H%40RMONY%21%21+LIVE+Bl HTTP/1.1" 301 - "-" "Mozilla/5.0 (Linux; Android 6.0.1; Nexus 5X Build/MMB29P) AppleWebKit/537.36 (KHTML, like Gecko) Chrome/140.0.7339.207 Mobile Safari/537.36 (compatible; Googlebot/2.1; +http://www.google.com/bot.html)"
20.171.207.51 - - [20/Oct/2025:09:47:50 -0400] "GET /wp-json/wp/v2/tags/3314 HTTP/2.0" 200 612 "-" "Mozilla/5.0 AppleWebKit/537.36 (KHTML, like Gecko; compatible; GPTBot/1.2; +https://openai.com/gptbot)"
66.249.79.165 - - [20/Oct/2025:09:47:51 -0400] "GET /?a=8992118720000&channel=f1db72&from=shop.php%3Fid%3D187200-319%26name%3DTHE%20IDOLM%40STER%20MILLION%20LIVE%21%202ndLIVE%20ENJOY%20H%40RMONY%21%21%20LIVE%20Bl HTTP/1.1" 200 201123 "-" "Mozilla/5.0 (Linux; Android 6.0.1; Nexus 5X Build/MMB29P) AppleWebKit/537.36 (KHTML, like Gecko) Chrome/140.0.7339.207 Mobile Safari/537.36 (compatible; Googlebot/2.1; +http://www.google.com/bot.html)"
20.171.207.51 - - [20/Oct/2025:09:47:51 -0400] "GET /wp-json/wp/v2/tags/1844 HTTP/2.0" 200 657 "-" "Mozilla/5.0 AppleWebKit/537.36 (KHTML, like Gecko; compatible; GPTBot/1.2; +https://openai.com/gptbot)"
20.171.207.51 - - [20/Oct/2025:09:47:53 -0400] "GET /wp-json/wp/v2/tags/4101 HTTP/2.0" 200 591 "-" "Mozilla/5.0 AppleWebKit/537.36 (KHTML, like Gecko; compatible; GPTBot/1.2; +https://openai.com/gptbot)"
20.171.207.51 - - [20/Oct/2025:09:47:54 -0400] "GET /wp-json/wp/v2/tags/6494 HTTP/2.0" 200 603 "-" "Mozilla/5.0 AppleWebKit/537.36 (KHTML, like Gecko; compatible; GPTBot/1.2; +https://openai.com/gptbot)"
20.171.207.51 - - [20/Oct/2025:09:47:55 -0400] "GET /wp-json/wp/v2/tags/5826 HTTP/2.0" 200 705 "-" "Mozilla/5.0 AppleWebKit/537.36 (KHTML, like Gecko; compatible; GPTBot/1.2; +https://openai.com/gptbot)"
20.171.207.51 - - [20/Oct/2025:09:47:56 -0400] "GET /wp-json/wp/v2/tags/8535 HTTP/2.0" 200 648 "-" "Mozilla/5.0 AppleWebKit/537.36 (KHTML, like Gecko; compatible; GPTBot/1.2; +https://openai.com/gptbot)"
20.171.207.51 - - [20/Oct/2025:09:47:57 -0400] "GET /wp-json/wp/v2/tags/4562 HTTP/2.0" 200 606 "-" "Mozilla/5.0 AppleWebKit/537.36 (KHTML, like Gecko; compatible; GPTBot/1.2; +https://openai.com/gptbot)"
20.171.207.51 - - [20/Oct/2025:09:47:58 -0400] "GET /wp-json/wp/v2/tags/4102 HTTP/2.0" 200 618 "-" "Mozilla/5.0 AppleWebKit/537.36 (KHTML, like Gecko; compatible; GPTBot/1.2; +https://openai.com/gptbot)"
216.73.216.129 - - [20/Oct/2025:09:47:59 -0400] "GET /hazrat-mohammad-sahab-hand-and-foot-prints-found-at-this-place-in-india HTTP/2.0" 301 - "-" "Mozilla/5.0 AppleWebKit/537.36 (KHTML, like Gecko; compatible; ClaudeBot/1.0; [email protected])"
20.171.207.51 - - [20/Oct/2025:09:47:59 -0400] "GET /wp-json/wp/v2/tags/9391 HTTP/2.0" 200 606 "-" "Mozilla/5.0 AppleWebKit/537.36 (KHTML, like Gecko; compatible; GPTBot/1.2; +https://openai.com/gptbot)"
