20.171.207.51 - - [20/Oct/2025:09:36:40 -0400] "GET /wp-json/wp/v2/tags/9894 HTTP/2.0" 200 624 "-" "Mozilla/5.0 AppleWebKit/537.36 (KHTML, like Gecko; compatible; GPTBot/1.2; +https://openai.com/gptbot)"
20.171.207.51 - - [20/Oct/2025:09:36:41 -0400] "GET /wp-json/wp/v2/tags/6865 HTTP/2.0" 200 636 "-" "Mozilla/5.0 AppleWebKit/537.36 (KHTML, like Gecko; compatible; GPTBot/1.2; +https://openai.com/gptbot)"
20.171.207.51 - - [20/Oct/2025:09:36:43 -0400] "GET /wp-json/wp/v2/tags/5561 HTTP/2.0" 200 651 "-" "Mozilla/5.0 AppleWebKit/537.36 (KHTML, like Gecko; compatible; GPTBot/1.2; +https://openai.com/gptbot)"
20.171.207.51 - - [20/Oct/2025:09:36:44 -0400] "GET /wp-json/wp/v2/tags/7206 HTTP/2.0" 200 606 "-" "Mozilla/5.0 AppleWebKit/537.36 (KHTML, like Gecko; compatible; GPTBot/1.2; +https://openai.com/gptbot)"
20.171.207.51 - - [20/Oct/2025:09:36:45 -0400] "GET /wp-json/wp/v2/tags/5328 HTTP/2.0" 200 651 "-" "Mozilla/5.0 AppleWebKit/537.36 (KHTML, like Gecko; compatible; GPTBot/1.2; +https://openai.com/gptbot)"
20.171.207.51 - - [20/Oct/2025:09:36:46 -0400] "GET /wp-json/wp/v2/tags/4072 HTTP/2.0" 200 603 "-" "Mozilla/5.0 AppleWebKit/537.36 (KHTML, like Gecko; compatible; GPTBot/1.2; +https://openai.com/gptbot)"
20.171.207.51 - - [20/Oct/2025:09:36:47 -0400] "GET /wp-json/wp/v2/tags/9331 HTTP/2.0" 200 642 "-" "Mozilla/5.0 AppleWebKit/537.36 (KHTML, like Gecko; compatible; GPTBot/1.2; +https://openai.com/gptbot)"
20.171.207.51 - - [20/Oct/2025:09:36:48 -0400] "GET /wp-json/wp/v2/tags/3612 HTTP/2.0" 200 642 "-" "Mozilla/5.0 AppleWebKit/537.36 (KHTML, like Gecko; compatible; GPTBot/1.2; +https://openai.com/gptbot)"
20.171.207.51 - - [20/Oct/2025:09:36:50 -0400] "GET /wp-json/wp/v2/tags/3494 HTTP/2.0" 200 606 "-" "Mozilla/5.0 AppleWebKit/537.36 (KHTML, like Gecko; compatible; GPTBot/1.2; +https://openai.com/gptbot)"
20.171.207.51 - - [20/Oct/2025:09:36:51 -0400] "GET /wp-json/wp/v2/tags/1185 HTTP/2.0" 200 603 "-" "Mozilla/5.0 AppleWebKit/537.36 (KHTML, like Gecko; compatible; GPTBot/1.2; +https://openai.com/gptbot)"
20.171.207.51 - - [20/Oct/2025:09:36:52 -0400] "GET /wp-json/wp/v2/tags/1137 HTTP/2.0" 200 660 "-" "Mozilla/5.0 AppleWebKit/537.36 (KHTML, like Gecko; compatible; GPTBot/1.2; +https://openai.com/gptbot)"
20.171.207.51 - - [20/Oct/2025:09:36:53 -0400] "GET /wp-json/wp/v2/tags/5027 HTTP/2.0" 200 615 "-" "Mozilla/5.0 AppleWebKit/537.36 (KHTML, like Gecko; compatible; GPTBot/1.2; +https://openai.com/gptbot)"
20.171.207.51 - - [20/Oct/2025:09:36:54 -0400] "GET /wp-json/wp/v2/tags/8313 HTTP/2.0" 200 648 "-" "Mozilla/5.0 AppleWebKit/537.36 (KHTML, like Gecko; compatible; GPTBot/1.2; +https://openai.com/gptbot)"
20.171.207.51 - - [20/Oct/2025:09:36:55 -0400] "GET /wp-json/wp/v2/tags/7052 HTTP/2.0" 200 666 "-" "Mozilla/5.0 AppleWebKit/537.36 (KHTML, like Gecko; compatible; GPTBot/1.2; +https://openai.com/gptbot)"
20.171.207.51 - - [20/Oct/2025:09:36:56 -0400] "GET /wp-json/wp/v2/tags/7026 HTTP/2.0" 200 594 "-" "Mozilla/5.0 AppleWebKit/537.36 (KHTML, like Gecko; compatible; GPTBot/1.2; +https://openai.com/gptbot)"
20.171.207.51 - - [20/Oct/2025:09:36:57 -0400] "GET /wp-json/wp/v2/tags/9887 HTTP/2.0" 200 603 "-" "Mozilla/5.0 AppleWebKit/537.36 (KHTML, like Gecko; compatible; GPTBot/1.2; +https://openai.com/gptbot)"
20.171.207.51 - - [20/Oct/2025:09:36:59 -0400] "GET /wp-json/wp/v2/tags/1915 HTTP/2.0" 200 606 "-" "Mozilla/5.0 AppleWebKit/537.36 (KHTML, like Gecko; compatible; GPTBot/1.2; +https://openai.com/gptbot)"
20.171.207.51 - - [20/Oct/2025:09:37:00 -0400] "GET /wp-json/wp/v2/tags/8443 HTTP/2.0" 200 639 "-" "Mozilla/5.0 AppleWebKit/537.36 (KHTML, like Gecko; compatible; GPTBot/1.2; +https://openai.com/gptbot)"
20.171.207.51 - - [20/Oct/2025:09:37:01 -0400] "GET /wp-json/wp/v2/tags/6673 HTTP/2.0" 200 594 "-" "Mozilla/5.0 AppleWebKit/537.36 (KHTML, like Gecko; compatible; GPTBot/1.2; +https://openai.com/gptbot)"
20.171.207.51 - - [20/Oct/2025:09:37:02 -0400] "GET /wp-json/wp/v2/tags/9402 HTTP/2.0" 200 675 "-" "Mozilla/5.0 AppleWebKit/537.36 (KHTML, like Gecko; compatible; GPTBot/1.2; +https://openai.com/gptbot)"
20.171.207.51 - - [20/Oct/2025:09:37:03 -0400] "GET /wp-json/wp/v2/tags/9842 HTTP/2.0" 200 600 "-" "Mozilla/5.0 AppleWebKit/537.36 (KHTML, like Gecko; compatible; GPTBot/1.2; +https://openai.com/gptbot)"
20.171.207.51 - - [20/Oct/2025:09:37:04 -0400] "GET /wp-json/wp/v2/tags/2581 HTTP/2.0" 200 681 "-" "Mozilla/5.0 AppleWebKit/537.36 (KHTML, like Gecko; compatible; GPTBot/1.2; +https://openai.com/gptbot)"
20.171.207.51 - - [20/Oct/2025:09:37:06 -0400] "GET /wp-json/wp/v2/tags/7585 HTTP/2.0" 200 648 "-" "Mozilla/5.0 AppleWebKit/537.36 (KHTML, like Gecko; compatible; GPTBot/1.2; +https://openai.com/gptbot)"
66.249.79.165 - - [20/Oct/2025:09:37:06 -0400] "GET /?a=2172230973000&channel=58dc31&from=category-info.php%3Fid%3D309730-2498%26name%3D%E8%BF%91%E8%97%A4%E8%A3%BD%E4%BD%9C%E6%89%80+%E3%83%81%E3%83%A3%E3%83%83%E3%82%AF%EF%BC%88%E3%82%A8%E3%82%A2%E3%83%BC%E9%A7%86%E5%8B%95%EF%BC%89%E3%83%91%E3%83%AF%E3%83%95%E3%83%AB%E3%83%81%E3%83%A3%E3%83%83%E3%82%AF+1%E5%80%8B+CKL-20AS-J2-NC-ER2S2 HTTP/1.1" 301 - "-" "Mozilla/5.0 (Linux; Android 6.0.1; Nexus 5X Build/MMB29P) AppleWebKit/537.36 (KHTML, like Gecko) Chrome/140.0.7339.207 Mobile Safari/537.36 (compatible; Googlebot/2.1; +http://www.google.com/bot.html)"
20.171.207.51 - - [20/Oct/2025:09:37:07 -0400] "GET /wp-json/wp/v2/tags/6647 HTTP/2.0" 200 655 "-" "Mozilla/5.0 AppleWebKit/537.36 (KHTML, like Gecko; compatible; GPTBot/1.2; +https://openai.com/gptbot)"
20.171.207.51 - - [20/Oct/2025:09:37:08 -0400] "GET /wp-json/wp/v2/tags/9441 HTTP/2.0" 200 666 "-" "Mozilla/5.0 AppleWebKit/537.36 (KHTML, like Gecko; compatible; GPTBot/1.2; +https://openai.com/gptbot)"
66.249.79.166 - - [20/Oct/2025:09:37:07 -0400] "GET /?a=2172230973000&channel=58dc31&from=category-info.php%3Fid%3D309730-2498%26name%3D%E8%BF%91%E8%97%A4%E8%A3%BD%E4%BD%9C%E6%89%80%20%E3%83%81%E3%83%A3%E3%83%83%E3%82%AF%EF%BC%88%E3%82%A8%E3%82%A2%E3%83%BC%E9%A7%86%E5%8B%95%EF%BC%89%E3%83%91%E3%83%AF%E3%83%95%E3%83%AB%E3%83%81%E3%83%A3%E3%83%83%E3%82%AF%201%E5%80%8B%20CKL-20AS-J2-NC-ER2S2 HTTP/1.1" 200 201123 "-" "Mozilla/5.0 (Linux; Android 6.0.1; Nexus 5X Build/MMB29P) AppleWebKit/537.36 (KHTML, like Gecko) Chrome/140.0.7339.207 Mobile Safari/537.36 (compatible; Googlebot/2.1; +http://www.google.com/bot.html)"
20.171.207.51 - - [20/Oct/2025:09:37:09 -0400] "GET /wp-json/wp/v2/tags/7302 HTTP/2.0" 200 669 "-" "Mozilla/5.0 AppleWebKit/537.36 (KHTML, like Gecko; compatible; GPTBot/1.2; +https://openai.com/gptbot)"
20.171.207.51 - - [20/Oct/2025:09:37:10 -0400] "GET /wp-json/wp/v2/tags/2697 HTTP/2.0" 200 585 "-" "Mozilla/5.0 AppleWebKit/537.36 (KHTML, like Gecko; compatible; GPTBot/1.2; +https://openai.com/gptbot)"
20.171.207.51 - - [20/Oct/2025:09:37:11 -0400] "GET /wp-json/wp/v2/tags/5334 HTTP/2.0" 200 612 "-" "Mozilla/5.0 AppleWebKit/537.36 (KHTML, like Gecko; compatible; GPTBot/1.2; +https://openai.com/gptbot)"
20.171.207.51 - - [20/Oct/2025:09:37:13 -0400] "GET /wp-json/wp/v2/tags/8515 HTTP/2.0" 200 615 "-" "Mozilla/5.0 AppleWebKit/537.36 (KHTML, like Gecko; compatible; GPTBot/1.2; +https://openai.com/gptbot)"
20.171.207.51 - - [20/Oct/2025:09:37:14 -0400] "GET /wp-json/wp/v2/tags/7429 HTTP/2.0" 200 651 "-" "Mozilla/5.0 AppleWebKit/537.36 (KHTML, like Gecko; compatible; GPTBot/1.2; +https://openai.com/gptbot)"
20.171.207.51 - - [20/Oct/2025:09:37:15 -0400] "GET /wp-json/wp/v2/tags/7241 HTTP/2.0" 200 600 "-" "Mozilla/5.0 AppleWebKit/537.36 (KHTML, like Gecko; compatible; GPTBot/1.2; +https://openai.com/gptbot)"
20.171.207.51 - - [20/Oct/2025:09:37:16 -0400] "GET /wp-json/wp/v2/tags/2590 HTTP/2.0" 200 591 "-" "Mozilla/5.0 AppleWebKit/537.36 (KHTML, like Gecko; compatible; GPTBot/1.2; +https://openai.com/gptbot)"
20.171.207.51 - - [20/Oct/2025:09:37:17 -0400] "GET /wp-json/wp/v2/tags/6388 HTTP/2.0" 200 618 "-" "Mozilla/5.0 AppleWebKit/537.36 (KHTML, like Gecko; compatible; GPTBot/1.2; +https://openai.com/gptbot)"
20.171.207.51 - - [20/Oct/2025:09:37:18 -0400] "GET /wp-json/wp/v2/tags/6297 HTTP/2.0" 200 600 "-" "Mozilla/5.0 AppleWebKit/537.36 (KHTML, like Gecko; compatible; GPTBot/1.2; +https://openai.com/gptbot)"
20.171.207.51 - - [20/Oct/2025:09:37:20 -0400] "GET /wp-json/wp/v2/tags/2874 HTTP/2.0" 200 597 "-" "Mozilla/5.0 AppleWebKit/537.36 (KHTML, like Gecko; compatible; GPTBot/1.2; +https://openai.com/gptbot)"
20.171.207.51 - - [20/Oct/2025:09:37:21 -0400] "GET /wp-json/wp/v2/tags/1246 HTTP/2.0" 200 582 "-" "Mozilla/5.0 AppleWebKit/537.36 (KHTML, like Gecko; compatible; GPTBot/1.2; +https://openai.com/gptbot)"
20.171.207.51 - - [20/Oct/2025:09:37:22 -0400] "GET /wp-json/wp/v2/tags/3712 HTTP/2.0" 200 600 "-" "Mozilla/5.0 AppleWebKit/537.36 (KHTML, like Gecko; compatible; GPTBot/1.2; +https://openai.com/gptbot)"
20.171.207.51 - - [20/Oct/2025:09:37:23 -0400] "GET /wp-json/wp/v2/tags/9271 HTTP/2.0" 200 648 "-" "Mozilla/5.0 AppleWebKit/537.36 (KHTML, like Gecko; compatible; GPTBot/1.2; +https://openai.com/gptbot)"
20.171.207.51 - - [20/Oct/2025:09:37:24 -0400] "GET /wp-json/wp/v2/tags/4541 HTTP/2.0" 200 600 "-" "Mozilla/5.0 AppleWebKit/537.36 (KHTML, like Gecko; compatible; GPTBot/1.2; +https://openai.com/gptbot)"
20.171.207.51 - - [20/Oct/2025:09:37:25 -0400] "GET /wp-json/wp/v2/tags/3825 HTTP/2.0" 200 651 "-" "Mozilla/5.0 AppleWebKit/537.36 (KHTML, like Gecko; compatible; GPTBot/1.2; +https://openai.com/gptbot)"
20.171.207.51 - - [20/Oct/2025:09:37:26 -0400] "GET /wp-json/wp/v2/tags/5979 HTTP/2.0" 200 603 "-" "Mozilla/5.0 AppleWebKit/537.36 (KHTML, like Gecko; compatible; GPTBot/1.2; +https://openai.com/gptbot)"
20.171.207.51 - - [20/Oct/2025:09:37:28 -0400] "GET /wp-json/wp/v2/tags/6605 HTTP/2.0" 200 657 "-" "Mozilla/5.0 AppleWebKit/537.36 (KHTML, like Gecko; compatible; GPTBot/1.2; +https://openai.com/gptbot)"
20.171.207.51 - - [20/Oct/2025:09:37:29 -0400] "GET /wp-json/wp/v2/tags/5853 HTTP/2.0" 200 618 "-" "Mozilla/5.0 AppleWebKit/537.36 (KHTML, like Gecko; compatible; GPTBot/1.2; +https://openai.com/gptbot)"
20.171.207.51 - - [20/Oct/2025:09:37:30 -0400] "GET /wp-json/wp/v2/tags/2651 HTTP/2.0" 200 628 "-" "Mozilla/5.0 AppleWebKit/537.36 (KHTML, like Gecko; compatible; GPTBot/1.2; +https://openai.com/gptbot)"
20.171.207.51 - - [20/Oct/2025:09:37:31 -0400] "GET /wp-json/wp/v2/tags/7502 HTTP/2.0" 200 654 "-" "Mozilla/5.0 AppleWebKit/537.36 (KHTML, like Gecko; compatible; GPTBot/1.2; +https://openai.com/gptbot)"
20.171.207.51 - - [20/Oct/2025:09:37:32 -0400] "GET /wp-json/wp/v2/tags/2359 HTTP/2.0" 200 621 "-" "Mozilla/5.0 AppleWebKit/537.36 (KHTML, like Gecko; compatible; GPTBot/1.2; +https://openai.com/gptbot)"
20.171.207.51 - - [20/Oct/2025:09:37:33 -0400] "GET /wp-json/wp/v2/tags/4770 HTTP/2.0" 200 609 "-" "Mozilla/5.0 AppleWebKit/537.36 (KHTML, like Gecko; compatible; GPTBot/1.2; +https://openai.com/gptbot)"
20.171.207.51 - - [20/Oct/2025:09:37:35 -0400] "GET /wp-json/wp/v2/tags/1528 HTTP/2.0" 200 627 "-" "Mozilla/5.0 AppleWebKit/537.36 (KHTML, like Gecko; compatible; GPTBot/1.2; +https://openai.com/gptbot)"
20.171.207.51 - - [20/Oct/2025:09:37:36 -0400] "GET /wp-json/wp/v2/tags/2569 HTTP/2.0" 200 600 "-" "Mozilla/5.0 AppleWebKit/537.36 (KHTML, like Gecko; compatible; GPTBot/1.2; +https://openai.com/gptbot)"
20.171.207.51 - - [20/Oct/2025:09:37:37 -0400] "GET /wp-json/wp/v2/tags/6001 HTTP/2.0" 200 636 "-" "Mozilla/5.0 AppleWebKit/537.36 (KHTML, like Gecko; compatible; GPTBot/1.2; +https://openai.com/gptbot)"
20.171.207.51 - - [20/Oct/2025:09:37:38 -0400] "GET /wp-json/wp/v2/tags/6176 HTTP/2.0" 200 612 "-" "Mozilla/5.0 AppleWebKit/537.36 (KHTML, like Gecko; compatible; GPTBot/1.2; +https://openai.com/gptbot)"
20.171.207.51 - - [20/Oct/2025:09:37:39 -0400] "GET /wp-json/wp/v2/tags/7957 HTTP/2.0" 200 651 "-" "Mozilla/5.0 AppleWebKit/537.36 (KHTML, like Gecko; compatible; GPTBot/1.2; +https://openai.com/gptbot)"
20.171.207.51 - - [20/Oct/2025:09:37:40 -0400] "GET /wp-json/wp/v2/tags/8486 HTTP/2.0" 200 618 "-" "Mozilla/5.0 AppleWebKit/537.36 (KHTML, like Gecko; compatible; GPTBot/1.2; +https://openai.com/gptbot)"
20.171.207.51 - - [20/Oct/2025:09:37:41 -0400] "GET /wp-json/wp/v2/tags/2574 HTTP/2.0" 200 654 "-" "Mozilla/5.0 AppleWebKit/537.36 (KHTML, like Gecko; compatible; GPTBot/1.2; +https://openai.com/gptbot)"
20.171.207.51 - - [20/Oct/2025:09:37:43 -0400] "GET /wp-json/wp/v2/tags/8290 HTTP/2.0" 200 645 "-" "Mozilla/5.0 AppleWebKit/537.36 (KHTML, like Gecko; compatible; GPTBot/1.2; +https://openai.com/gptbot)"
20.171.207.51 - - [20/Oct/2025:09:37:44 -0400] "GET /wp-json/wp/v2/tags/9725 HTTP/2.0" 200 657 "-" "Mozilla/5.0 AppleWebKit/537.36 (KHTML, like Gecko; compatible; GPTBot/1.2; +https://openai.com/gptbot)"
20.171.207.51 - - [20/Oct/2025:09:37:45 -0400] "GET /wp-json/wp/v2/tags/6100 HTTP/2.0" 200 663 "-" "Mozilla/5.0 AppleWebKit/537.36 (KHTML, like Gecko; compatible; GPTBot/1.2; +https://openai.com/gptbot)"
20.171.207.51 - - [20/Oct/2025:09:37:46 -0400] "GET /wp-json/wp/v2/tags/8771 HTTP/2.0" 200 627 "-" "Mozilla/5.0 AppleWebKit/537.36 (KHTML, like Gecko; compatible; GPTBot/1.2; +https://openai.com/gptbot)"
20.171.207.51 - - [20/Oct/2025:09:37:47 -0400] "GET /wp-json/wp/v2/tags/6990 HTTP/2.0" 200 582 "-" "Mozilla/5.0 AppleWebKit/537.36 (KHTML, like Gecko; compatible; GPTBot/1.2; +https://openai.com/gptbot)"
20.171.207.51 - - [20/Oct/2025:09:37:48 -0400] "GET /wp-json/wp/v2/tags/6477 HTTP/2.0" 200 609 "-" "Mozilla/5.0 AppleWebKit/537.36 (KHTML, like Gecko; compatible; GPTBot/1.2; +https://openai.com/gptbot)"
20.171.207.51 - - [20/Oct/2025:09:37:50 -0400] "GET /wp-json/wp/v2/tags/3378 HTTP/2.0" 200 627 "-" "Mozilla/5.0 AppleWebKit/537.36 (KHTML, like Gecko; compatible; GPTBot/1.2; +https://openai.com/gptbot)"
20.171.207.51 - - [20/Oct/2025:09:37:51 -0400] "GET /wp-json/wp/v2/tags/5032 HTTP/2.0" 200 630 "-" "Mozilla/5.0 AppleWebKit/537.36 (KHTML, like Gecko; compatible; GPTBot/1.2; +https://openai.com/gptbot)"
216.73.216.129 - - [20/Oct/2025:09:37:51 -0400] "GET /tag/%E0%A4%AD%E0%A4%97%E0%A4%B5%E0%A4%BE%E0%A4%A8-%E0%A4%B5%E0%A5%87%E0%A4%82%E0%A4%95%E0%A4%9F%E0%A5%87%E0%A4%B6%E0%A5%8D%E0%A4%B5%E0%A4%B0 HTTP/2.0" 301 - "-" "Mozilla/5.0 AppleWebKit/537.36 (KHTML, like Gecko; compatible; ClaudeBot/1.0; [email protected])"
216.73.216.129 - - [20/Oct/2025:09:37:51 -0400] "GET /tag/%E0%A4%AD%E0%A4%97%E0%A4%B5%E0%A4%BE%E0%A4%A8-%E0%A4%B5%E0%A5%87%E0%A4%82%E0%A4%95%E0%A4%9F%E0%A5%87%E0%A4%B6%E0%A5%8D%E0%A4%B5%E0%A4%B0/ HTTP/2.0" 200 122330 "https://wahgazab.com/tag/%E0%A4%AD%E0%A4%97%E0%A4%B5%E0%A4%BE%E0%A4%A8-%E0%A4%B5%E0%A5%87%E0%A4%82%E0%A4%95%E0%A4%9F%E0%A5%87%E0%A4%B6%E0%A5%8D%E0%A4%B5%E0%A4%B0" "Mozilla/5.0 AppleWebKit/537.36 (KHTML, like Gecko; compatible; ClaudeBot/1.0; [email protected])"
20.171.207.51 - - [20/Oct/2025:09:37:52 -0400] "GET /wp-json/wp/v2/tags/5100 HTTP/2.0" 200 603 "-" "Mozilla/5.0 AppleWebKit/537.36 (KHTML, like Gecko; compatible; GPTBot/1.2; +https://openai.com/gptbot)"
20.171.207.51 - - [20/Oct/2025:09:37:53 -0400] "GET /wp-json/wp/v2/tags/1595 HTTP/2.0" 200 645 "-" "Mozilla/5.0 AppleWebKit/537.36 (KHTML, like Gecko; compatible; GPTBot/1.2; +https://openai.com/gptbot)"
20.171.207.51 - - [20/Oct/2025:09:37:54 -0400] "GET /wp-json/wp/v2/tags/6068 HTTP/2.0" 200 609 "-" "Mozilla/5.0 AppleWebKit/537.36 (KHTML, like Gecko; compatible; GPTBot/1.2; +https://openai.com/gptbot)"
20.171.207.51 - - [20/Oct/2025:09:37:55 -0400] "GET /wp-json/wp/v2/tags/7167 HTTP/2.0" 200 615 "-" "Mozilla/5.0 AppleWebKit/537.36 (KHTML, like Gecko; compatible; GPTBot/1.2; +https://openai.com/gptbot)"
20.171.207.51 - - [20/Oct/2025:09:37:56 -0400] "GET /wp-json/wp/v2/tags/6298 HTTP/2.0" 200 615 "-" "Mozilla/5.0 AppleWebKit/537.36 (KHTML, like Gecko; compatible; GPTBot/1.2; +https://openai.com/gptbot)"
20.171.207.51 - - [20/Oct/2025:09:37:58 -0400] "GET /wp-json/wp/v2/tags/1606 HTTP/2.0" 200 691 "-" "Mozilla/5.0 AppleWebKit/537.36 (KHTML, like Gecko; compatible; GPTBot/1.2; +https://openai.com/gptbot)"
20.171.207.51 - - [20/Oct/2025:09:37:59 -0400] "GET /wp-json/wp/v2/tags/7033 HTTP/2.0" 200 603 "-" "Mozilla/5.0 AppleWebKit/537.36 (KHTML, like Gecko; compatible; GPTBot/1.2; +https://openai.com/gptbot)"
20.171.207.51 - - [20/Oct/2025:09:38:00 -0400] "GET /wp-json/wp/v2/tags/1245 HTTP/2.0" 200 627 "-" "Mozilla/5.0 AppleWebKit/537.36 (KHTML, like Gecko; compatible; GPTBot/1.2; +https://openai.com/gptbot)"
66.249.79.165 - - [20/Oct/2025:09:38:00 -0400] "GET /tag/uttar-pradesh/?amp HTTP/1.1" 200 184053 "-" "Mozilla/5.0 (Linux; Android 6.0.1; Nexus 5X Build/MMB29P) AppleWebKit/537.36 (KHTML, like Gecko) Chrome/140.0.7339.207 Mobile Safari/537.36 (compatible; Googlebot/2.1; +http://www.google.com/bot.html)"
20.171.207.51 - - [20/Oct/2025:09:38:01 -0400] "GET /wp-json/wp/v2/tags/3286 HTTP/2.0" 200 594 "-" "Mozilla/5.0 AppleWebKit/537.36 (KHTML, like Gecko; compatible; GPTBot/1.2; +https://openai.com/gptbot)"
20.171.207.51 - - [20/Oct/2025:09:38:02 -0400] "GET /wp-json/wp/v2/tags/4172 HTTP/2.0" 200 651 "-" "Mozilla/5.0 AppleWebKit/537.36 (KHTML, like Gecko; compatible; GPTBot/1.2; +https://openai.com/gptbot)"
20.171.207.51 - - [20/Oct/2025:09:38:03 -0400] "GET /wp-json/wp/v2/tags/1052 HTTP/2.0" 200 609 "-" "Mozilla/5.0 AppleWebKit/537.36 (KHTML, like Gecko; compatible; GPTBot/1.2; +https://openai.com/gptbot)"
20.171.207.51 - - [20/Oct/2025:09:38:05 -0400] "GET /wp-json/wp/v2/tags/7218 HTTP/2.0" 200 603 "-" "Mozilla/5.0 AppleWebKit/537.36 (KHTML, like Gecko; compatible; GPTBot/1.2; +https://openai.com/gptbot)"
20.171.207.51 - - [20/Oct/2025:09:38:06 -0400] "GET /wp-json/wp/v2/tags/7706 HTTP/2.0" 200 615 "-" "Mozilla/5.0 AppleWebKit/537.36 (KHTML, like Gecko; compatible; GPTBot/1.2; +https://openai.com/gptbot)"
20.171.207.51 - - [20/Oct/2025:09:38:07 -0400] "GET /wp-json/wp/v2/tags/2839 HTTP/2.0" 200 600 "-" "Mozilla/5.0 AppleWebKit/537.36 (KHTML, like Gecko; compatible; GPTBot/1.2; +https://openai.com/gptbot)"
20.171.207.51 - - [20/Oct/2025:09:38:08 -0400] "GET /wp-json/wp/v2/tags/7174 HTTP/2.0" 200 636 "-" "Mozilla/5.0 AppleWebKit/537.36 (KHTML, like Gecko; compatible; GPTBot/1.2; +https://openai.com/gptbot)"
20.171.207.51 - - [20/Oct/2025:09:38:09 -0400] "GET /wp-json/wp/v2/tags/6136 HTTP/2.0" 200 675 "-" "Mozilla/5.0 AppleWebKit/537.36 (KHTML, like Gecko; compatible; GPTBot/1.2; +https://openai.com/gptbot)"
20.171.207.51 - - [20/Oct/2025:09:38:10 -0400] "GET /wp-json/wp/v2/tags/4054 HTTP/2.0" 200 639 "-" "Mozilla/5.0 AppleWebKit/537.36 (KHTML, like Gecko; compatible; GPTBot/1.2; +https://openai.com/gptbot)"
20.171.207.51 - - [20/Oct/2025:09:38:11 -0400] "GET /wp-json/wp/v2/tags/1494 HTTP/2.0" 200 645 "-" "Mozilla/5.0 AppleWebKit/537.36 (KHTML, like Gecko; compatible; GPTBot/1.2; +https://openai.com/gptbot)"
20.171.207.51 - - [20/Oct/2025:09:38:12 -0400] "GET /wp-json/wp/v2/tags/9788 HTTP/2.0" 200 636 "-" "Mozilla/5.0 AppleWebKit/537.36 (KHTML, like Gecko; compatible; GPTBot/1.2; +https://openai.com/gptbot)"
20.171.207.51 - - [20/Oct/2025:09:38:14 -0400] "GET /wp-json/wp/v2/tags/5297 HTTP/2.0" 200 648 "-" "Mozilla/5.0 AppleWebKit/537.36 (KHTML, like Gecko; compatible; GPTBot/1.2; +https://openai.com/gptbot)"
20.171.207.51 - - [20/Oct/2025:09:38:15 -0400] "GET /wp-json/wp/v2/tags/4354 HTTP/2.0" 200 588 "-" "Mozilla/5.0 AppleWebKit/537.36 (KHTML, like Gecko; compatible; GPTBot/1.2; +https://openai.com/gptbot)"
20.171.207.51 - - [20/Oct/2025:09:38:16 -0400] "GET /wp-json/wp/v2/tags/1813 HTTP/2.0" 200 657 "-" "Mozilla/5.0 AppleWebKit/537.36 (KHTML, like Gecko; compatible; GPTBot/1.2; +https://openai.com/gptbot)"
20.171.207.51 - - [20/Oct/2025:09:38:17 -0400] "GET /wp-json/wp/v2/tags/8005 HTTP/2.0" 200 615 "-" "Mozilla/5.0 AppleWebKit/537.36 (KHTML, like Gecko; compatible; GPTBot/1.2; +https://openai.com/gptbot)"
20.171.207.51 - - [20/Oct/2025:09:38:18 -0400] "GET /wp-json/wp/v2/tags/7644 HTTP/2.0" 200 603 "-" "Mozilla/5.0 AppleWebKit/537.36 (KHTML, like Gecko; compatible; GPTBot/1.2; +https://openai.com/gptbot)"
20.171.207.51 - - [20/Oct/2025:09:38:19 -0400] "GET /wp-json/wp/v2/tags/8377 HTTP/2.0" 200 621 "-" "Mozilla/5.0 AppleWebKit/537.36 (KHTML, like Gecko; compatible; GPTBot/1.2; +https://openai.com/gptbot)"
20.171.207.51 - - [20/Oct/2025:09:38:21 -0400] "GET /wp-json/wp/v2/tags/1909 HTTP/2.0" 200 609 "-" "Mozilla/5.0 AppleWebKit/537.36 (KHTML, like Gecko; compatible; GPTBot/1.2; +https://openai.com/gptbot)"
20.171.207.51 - - [20/Oct/2025:09:38:22 -0400] "GET /wp-json/wp/v2/tags/3520 HTTP/2.0" 200 573 "-" "Mozilla/5.0 AppleWebKit/537.36 (KHTML, like Gecko; compatible; GPTBot/1.2; +https://openai.com/gptbot)"
20.171.207.51 - - [20/Oct/2025:09:38:23 -0400] "GET /wp-json/wp/v2/tags/8841 HTTP/2.0" 200 675 "-" "Mozilla/5.0 AppleWebKit/537.36 (KHTML, like Gecko; compatible; GPTBot/1.2; +https://openai.com/gptbot)"
66.249.79.165 - - [20/Oct/2025:09:38:23 -0400] "GET /?a=04350104959101&channel=c4befb&from=goods.php%3Fid%3D1049591-2530%26name%3D%E3%80%90HERMES%E3%80%91%E3%82%A8%E3%83%AB%E3%83%A1%E3%82%B9+%E3%83%99%E3%82%A2%E3%83%B3%E3%82%B9%E3%83%95%E3%83%AC+%E9%95%B7%E8%B2%A1%E5%B8%83+%E3%83%96%E3%83%A9%E3%83%83%E3%82%AF+%E3%82%B7%E3%82%A7%E3%83%BC%E3%83%96%E3%83%AB+B%E5%88%BB%E5%8D%B0+2023%E5%B9%B4%E3%80%90%E4%B8%AD%E5%8F%A4%E3%80%91%E3%80%90%E4%BB%A3%E9%87%91%E5%BC%95%E6%8F%9B%E4%B8%8D%E5%8F%AF%E3%80%91%2Fkt15084ng HTTP/1.1" 301 - "-" "Mozilla/5.0 (Linux; Android 6.0.1; Nexus 5X Build/MMB29P) AppleWebKit/537.36 (KHTML, like Gecko) Chrome/140.0.7339.207 Mobile Safari/537.36 (compatible; Googlebot/2.1; +http://www.google.com/bot.html)"
20.171.207.51 - - [20/Oct/2025:09:38:24 -0400] "GET /wp-json/wp/v2/tags/4283 HTTP/2.0" 200 621 "-" "Mozilla/5.0 AppleWebKit/537.36 (KHTML, like Gecko; compatible; GPTBot/1.2; +https://openai.com/gptbot)"
66.249.79.165 - - [20/Oct/2025:09:38:24 -0400] "GET /?a=04350104959101&channel=c4befb&from=goods.php%3Fid%3D1049591-2530%26name%3D%E3%80%90HERMES%E3%80%91%E3%82%A8%E3%83%AB%E3%83%A1%E3%82%B9%20%E3%83%99%E3%82%A2%E3%83%B3%E3%82%B9%E3%83%95%E3%83%AC%20%E9%95%B7%E8%B2%A1%E5%B8%83%20%E3%83%96%E3%83%A9%E3%83%83%E3%82%AF%20%E3%82%B7%E3%82%A7%E3%83%BC%E3%83%96%E3%83%AB%20B%E5%88%BB%E5%8D%B0%202023%E5%B9%B4%E3%80%90%E4%B8%AD%E5%8F%A4%E3%80%91%E3%80%90%E4%BB%A3%E9%87%91%E5%BC%95%E6%8F%9B%E4%B8%8D%E5%8F%AF%E3%80%91%2Fkt15084ng HTTP/1.1" 200 201123 "-" "Mozilla/5.0 (Linux; Android 6.0.1; Nexus 5X Build/MMB29P) AppleWebKit/537.36 (KHTML, like Gecko) Chrome/140.0.7339.207 Mobile Safari/537.36 (compatible; Googlebot/2.1; +http://www.google.com/bot.html)"
20.171.207.51 - - [20/Oct/2025:09:38:25 -0400] "GET /wp-json/wp/v2/tags/3192 HTTP/2.0" 200 591 "-" "Mozilla/5.0 AppleWebKit/537.36 (KHTML, like Gecko; compatible; GPTBot/1.2; +https://openai.com/gptbot)"
20.171.207.51 - - [20/Oct/2025:09:38:26 -0400] "GET /wp-json/wp/v2/tags/6402 HTTP/2.0" 200 639 "-" "Mozilla/5.0 AppleWebKit/537.36 (KHTML, like Gecko; compatible; GPTBot/1.2; +https://openai.com/gptbot)"
20.171.207.51 - - [20/Oct/2025:09:38:28 -0400] "GET /wp-json/wp/v2/tags/2548 HTTP/2.0" 200 600 "-" "Mozilla/5.0 AppleWebKit/537.36 (KHTML, like Gecko; compatible; GPTBot/1.2; +https://openai.com/gptbot)"
20.171.207.51 - - [20/Oct/2025:09:38:29 -0400] "GET /wp-json/wp/v2/tags/7201 HTTP/2.0" 200 607 "-" "Mozilla/5.0 AppleWebKit/537.36 (KHTML, like Gecko; compatible; GPTBot/1.2; +https://openai.com/gptbot)"
20.171.207.51 - - [20/Oct/2025:09:38:30 -0400] "GET /wp-json/wp/v2/tags/1744 HTTP/2.0" 200 642 "-" "Mozilla/5.0 AppleWebKit/537.36 (KHTML, like Gecko; compatible; GPTBot/1.2; +https://openai.com/gptbot)"
20.171.207.51 - - [20/Oct/2025:09:38:31 -0400] "GET /wp-json/wp/v2/tags/6544 HTTP/2.0" 200 603 "-" "Mozilla/5.0 AppleWebKit/537.36 (KHTML, like Gecko; compatible; GPTBot/1.2; +https://openai.com/gptbot)"
20.171.207.51 - - [20/Oct/2025:09:38:32 -0400] "GET /wp-json/wp/v2/tags/7126 HTTP/2.0" 200 603 "-" "Mozilla/5.0 AppleWebKit/537.36 (KHTML, like Gecko; compatible; GPTBot/1.2; +https://openai.com/gptbot)"
20.171.207.51 - - [20/Oct/2025:09:38:33 -0400] "GET /wp-json/wp/v2/tags/9782 HTTP/2.0" 200 600 "-" "Mozilla/5.0 AppleWebKit/537.36 (KHTML, like Gecko; compatible; GPTBot/1.2; +https://openai.com/gptbot)"
20.171.207.51 - - [20/Oct/2025:09:38:35 -0400] "GET /wp-json/wp/v2/tags/9488 HTTP/2.0" 200 579 "-" "Mozilla/5.0 AppleWebKit/537.36 (KHTML, like Gecko; compatible; GPTBot/1.2; +https://openai.com/gptbot)"
20.171.207.51 - - [20/Oct/2025:09:38:36 -0400] "GET /wp-json/wp/v2/tags/6482 HTTP/2.0" 200 613 "-" "Mozilla/5.0 AppleWebKit/537.36 (KHTML, like Gecko; compatible; GPTBot/1.2; +https://openai.com/gptbot)"
20.171.207.51 - - [20/Oct/2025:09:38:37 -0400] "GET /wp-json/wp/v2/tags/7517 HTTP/2.0" 200 645 "-" "Mozilla/5.0 AppleWebKit/537.36 (KHTML, like Gecko; compatible; GPTBot/1.2; +https://openai.com/gptbot)"
20.171.207.51 - - [20/Oct/2025:09:38:38 -0400] "GET /wp-json/wp/v2/tags/6802 HTTP/2.0" 200 649 "-" "Mozilla/5.0 AppleWebKit/537.36 (KHTML, like Gecko; compatible; GPTBot/1.2; +https://openai.com/gptbot)"
20.171.207.51 - - [20/Oct/2025:09:38:39 -0400] "GET /wp-json/wp/v2/tags/1944 HTTP/2.0" 200 606 "-" "Mozilla/5.0 AppleWebKit/537.36 (KHTML, like Gecko; compatible; GPTBot/1.2; +https://openai.com/gptbot)"
20.171.207.51 - - [20/Oct/2025:09:38:40 -0400] "GET /wp-json/wp/v2/tags/4702 HTTP/2.0" 200 642 "-" "Mozilla/5.0 AppleWebKit/537.36 (KHTML, like Gecko; compatible; GPTBot/1.2; +https://openai.com/gptbot)"
20.171.207.51 - - [20/Oct/2025:09:38:42 -0400] "GET /wp-json/wp/v2/tags/5315 HTTP/2.0" 200 639 "-" "Mozilla/5.0 AppleWebKit/537.36 (KHTML, like Gecko; compatible; GPTBot/1.2; +https://openai.com/gptbot)"
20.171.207.51 - - [20/Oct/2025:09:38:43 -0400] "GET /wp-json/wp/v2/tags/8776 HTTP/2.0" 200 594 "-" "Mozilla/5.0 AppleWebKit/537.36 (KHTML, like Gecko; compatible; GPTBot/1.2; +https://openai.com/gptbot)"
20.171.207.51 - - [20/Oct/2025:09:38:44 -0400] "GET /wp-json/wp/v2/tags/9749 HTTP/2.0" 200 599 "-" "Mozilla/5.0 AppleWebKit/537.36 (KHTML, like Gecko; compatible; GPTBot/1.2; +https://openai.com/gptbot)"
20.171.207.51 - - [20/Oct/2025:09:38:45 -0400] "GET /wp-json/wp/v2/tags/8847 HTTP/2.0" 200 618 "-" "Mozilla/5.0 AppleWebKit/537.36 (KHTML, like Gecko; compatible; GPTBot/1.2; +https://openai.com/gptbot)"
20.171.207.51 - - [20/Oct/2025:09:38:46 -0400] "GET /wp-json/wp/v2/tags/3358 HTTP/2.0" 200 609 "-" "Mozilla/5.0 AppleWebKit/537.36 (KHTML, like Gecko; compatible; GPTBot/1.2; +https://openai.com/gptbot)"
20.171.207.51 - - [20/Oct/2025:09:38:47 -0400] "GET /wp-json/wp/v2/tags/4209 HTTP/2.0" 200 642 "-" "Mozilla/5.0 AppleWebKit/537.36 (KHTML, like Gecko; compatible; GPTBot/1.2; +https://openai.com/gptbot)"
20.171.207.51 - - [20/Oct/2025:09:38:48 -0400] "GET /wp-json/wp/v2/tags/6955 HTTP/2.0" 200 651 "-" "Mozilla/5.0 AppleWebKit/537.36 (KHTML, like Gecko; compatible; GPTBot/1.2; +https://openai.com/gptbot)"
20.171.207.51 - - [20/Oct/2025:09:38:49 -0400] "GET /wp-json/wp/v2/tags/5580 HTTP/2.0" 200 669 "-" "Mozilla/5.0 AppleWebKit/537.36 (KHTML, like Gecko; compatible; GPTBot/1.2; +https://openai.com/gptbot)"
20.171.207.51 - - [20/Oct/2025:09:38:50 -0400] "GET /wp-json/wp/v2/tags/9855 HTTP/2.0" 200 660 "-" "Mozilla/5.0 AppleWebKit/537.36 (KHTML, like Gecko; compatible; GPTBot/1.2; +https://openai.com/gptbot)"
20.171.207.51 - - [20/Oct/2025:09:38:52 -0400] "GET /wp-json/wp/v2/tags/4353 HTTP/2.0" 200 606 "-" "Mozilla/5.0 AppleWebKit/537.36 (KHTML, like Gecko; compatible; GPTBot/1.2; +https://openai.com/gptbot)"
20.171.207.51 - - [20/Oct/2025:09:38:53 -0400] "GET /wp-json/wp/v2/tags/7989 HTTP/2.0" 200 606 "-" "Mozilla/5.0 AppleWebKit/537.36 (KHTML, like Gecko; compatible; GPTBot/1.2; +https://openai.com/gptbot)"
20.171.207.51 - - [20/Oct/2025:09:38:54 -0400] "GET /wp-json/wp/v2/tags/6133 HTTP/2.0" 200 687 "-" "Mozilla/5.0 AppleWebKit/537.36 (KHTML, like Gecko; compatible; GPTBot/1.2; +https://openai.com/gptbot)"
20.171.207.51 - - [20/Oct/2025:09:38:55 -0400] "GET /wp-json/wp/v2/tags/3527 HTTP/2.0" 200 603 "-" "Mozilla/5.0 AppleWebKit/537.36 (KHTML, like Gecko; compatible; GPTBot/1.2; +https://openai.com/gptbot)"
20.171.207.51 - - [20/Oct/2025:09:38:56 -0400] "GET /wp-json/wp/v2/tags/8042 HTTP/2.0" 200 612 "-" "Mozilla/5.0 AppleWebKit/537.36 (KHTML, like Gecko; compatible; GPTBot/1.2; +https://openai.com/gptbot)"
20.171.207.51 - - [20/Oct/2025:09:38:57 -0400] "GET /wp-json/wp/v2/tags/4010 HTTP/2.0" 200 681 "-" "Mozilla/5.0 AppleWebKit/537.36 (KHTML, like Gecko; compatible; GPTBot/1.2; +https://openai.com/gptbot)"
20.171.207.51 - - [20/Oct/2025:09:38:59 -0400] "GET /wp-json/wp/v2/tags/6313 HTTP/2.0" 200 681 "-" "Mozilla/5.0 AppleWebKit/537.36 (KHTML, like Gecko; compatible; GPTBot/1.2; +https://openai.com/gptbot)"
20.171.207.51 - - [20/Oct/2025:09:39:00 -0400] "GET /wp-json/wp/v2/tags/5218 HTTP/2.0" 200 621 "-" "Mozilla/5.0 AppleWebKit/537.36 (KHTML, like Gecko; compatible; GPTBot/1.2; +https://openai.com/gptbot)"
20.171.207.51 - - [20/Oct/2025:09:39:01 -0400] "GET /wp-json/wp/v2/tags/3747 HTTP/2.0" 200 699 "-" "Mozilla/5.0 AppleWebKit/537.36 (KHTML, like Gecko; compatible; GPTBot/1.2; +https://openai.com/gptbot)"
20.171.207.51 - - [20/Oct/2025:09:39:02 -0400] "GET /wp-json/wp/v2/tags/6736 HTTP/2.0" 200 678 "-" "Mozilla/5.0 AppleWebKit/537.36 (KHTML, like Gecko; compatible; GPTBot/1.2; +https://openai.com/gptbot)"
20.171.207.51 - - [20/Oct/2025:09:39:03 -0400] "GET /wp-json/wp/v2/tags/1026 HTTP/2.0" 200 618 "-" "Mozilla/5.0 AppleWebKit/537.36 (KHTML, like Gecko; compatible; GPTBot/1.2; +https://openai.com/gptbot)"
20.171.207.51 - - [20/Oct/2025:09:39:04 -0400] "GET /wp-json/wp/v2/tags/2065 HTTP/2.0" 200 678 "-" "Mozilla/5.0 AppleWebKit/537.36 (KHTML, like Gecko; compatible; GPTBot/1.2; +https://openai.com/gptbot)"
20.171.207.51 - - [20/Oct/2025:09:39:06 -0400] "GET /wp-json/wp/v2/tags/8766 HTTP/2.0" 200 672 "-" "Mozilla/5.0 AppleWebKit/537.36 (KHTML, like Gecko; compatible; GPTBot/1.2; +https://openai.com/gptbot)"
66.249.79.166 - - [20/Oct/2025:09:39:07 -0400] "GET /?a=7726023489700&channel=9db749&from=shop.php%3Fid%3D234897-6600%26name%3D%E3%82%BF%E3%83%8B%E3%82%BF+%E4%BD%93%E7%B5%84%E6%88%90%E8%A8%88%E3%82%A4%E3%83%B3%E3%83%8A%E3%83%BC%E3%82%B9%E3%82%AD%E3%83%A3%E3%83%B3+%E3%83%96%E3%83%A9%E3%82%A6%E3%83%B3+TANITA+%E6%97%A5%E7%94%A8%E5%93%81 HTTP/1.1" 301 - "-" "Mozilla/5.0 (Linux; Android 6.0.1; Nexus 5X Build/MMB29P) AppleWebKit/537.36 (KHTML, like Gecko) Chrome/140.0.7339.207 Mobile Safari/537.36 (compatible; Googlebot/2.1; +http://www.google.com/bot.html)"
20.171.207.51 - - [20/Oct/2025:09:39:07 -0400] "GET /wp-json/wp/v2/tags/9739 HTTP/2.0" 200 603 "-" "Mozilla/5.0 AppleWebKit/537.36 (KHTML, like Gecko; compatible; GPTBot/1.2; +https://openai.com/gptbot)"
20.171.207.51 - - [20/Oct/2025:09:39:08 -0400] "GET /wp-json/wp/v2/tags/1330 HTTP/2.0" 200 667 "-" "Mozilla/5.0 AppleWebKit/537.36 (KHTML, like Gecko; compatible; GPTBot/1.2; +https://openai.com/gptbot)"
20.171.207.51 - - [20/Oct/2025:09:39:09 -0400] "GET /wp-json/wp/v2/tags/8897 HTTP/2.0" 200 606 "-" "Mozilla/5.0 AppleWebKit/537.36 (KHTML, like Gecko; compatible; GPTBot/1.2; +https://openai.com/gptbot)"
20.171.207.51 - - [20/Oct/2025:09:39:10 -0400] "GET /wp-json/wp/v2/tags/4084 HTTP/2.0" 200 648 "-" "Mozilla/5.0 AppleWebKit/537.36 (KHTML, like Gecko; compatible; GPTBot/1.2; +https://openai.com/gptbot)"
20.171.207.51 - - [20/Oct/2025:09:39:11 -0400] "GET /wp-json/wp/v2/tags/6302 HTTP/2.0" 200 648 "-" "Mozilla/5.0 AppleWebKit/537.36 (KHTML, like Gecko; compatible; GPTBot/1.2; +https://openai.com/gptbot)"
20.171.207.51 - - [20/Oct/2025:09:39:13 -0400] "GET /wp-json/wp/v2/tags/4877 HTTP/2.0" 200 615 "-" "Mozilla/5.0 AppleWebKit/537.36 (KHTML, like Gecko; compatible; GPTBot/1.2; +https://openai.com/gptbot)"
20.171.207.51 - - [20/Oct/2025:09:39:14 -0400] "GET /wp-json/wp/v2/tags/5462 HTTP/2.0" 200 621 "-" "Mozilla/5.0 AppleWebKit/537.36 (KHTML, like Gecko; compatible; GPTBot/1.2; +https://openai.com/gptbot)"
57.141.0.59 - - [20/Oct/2025:09:39:13 -0400] "GET /know-about-the-reality-of-naag-mani-here/ HTTP/2.0" 200 285209 "-" "meta-externalagent/1.1 (+https://developers.facebook.com/docs/sharing/webmasters/crawler)"
20.171.207.51 - - [20/Oct/2025:09:39:15 -0400] "GET /wp-json/wp/v2/tags/8187 HTTP/2.0" 200 639 "-" "Mozilla/5.0 AppleWebKit/537.36 (KHTML, like Gecko; compatible; GPTBot/1.2; +https://openai.com/gptbot)"
20.171.207.51 - - [20/Oct/2025:09:39:16 -0400] "GET /wp-json/wp/v2/tags/7512 HTTP/2.0" 200 585 "-" "Mozilla/5.0 AppleWebKit/537.36 (KHTML, like Gecko; compatible; GPTBot/1.2; +https://openai.com/gptbot)"
20.171.207.51 - - [20/Oct/2025:09:39:17 -0400] "GET /wp-json/wp/v2/tags/9118 HTTP/2.0" 200 645 "-" "Mozilla/5.0 AppleWebKit/537.36 (KHTML, like Gecko; compatible; GPTBot/1.2; +https://openai.com/gptbot)"
20.171.207.51 - - [20/Oct/2025:09:39:18 -0400] "GET /wp-json/wp/v2/tags/1373 HTTP/2.0" 200 711 "-" "Mozilla/5.0 AppleWebKit/537.36 (KHTML, like Gecko; compatible; GPTBot/1.2; +https://openai.com/gptbot)"
20.171.207.51 - - [20/Oct/2025:09:39:20 -0400] "GET /wp-json/wp/v2/tags/7566 HTTP/2.0" 200 657 "-" "Mozilla/5.0 AppleWebKit/537.36 (KHTML, like Gecko; compatible; GPTBot/1.2; +https://openai.com/gptbot)"
20.171.207.51 - - [20/Oct/2025:09:39:21 -0400] "GET /wp-json/wp/v2/tags/9832 HTTP/2.0" 200 627 "-" "Mozilla/5.0 AppleWebKit/537.36 (KHTML, like Gecko; compatible; GPTBot/1.2; +https://openai.com/gptbot)"
20.171.207.51 - - [20/Oct/2025:09:39:22 -0400] "GET /wp-json/wp/v2/tags/6960 HTTP/2.0" 200 597 "-" "Mozilla/5.0 AppleWebKit/537.36 (KHTML, like Gecko; compatible; GPTBot/1.2; +https://openai.com/gptbot)"
66.249.79.166 - - [20/Oct/2025:09:39:22 -0400] "GET /?a=12082147620202&channel=3ebf0d&from=jp.php%3Fid%3D1476202-135%26name%3DiPhone6s+64GB+%E3%83%AD%E3%83%BC%E3%82%BA%E3%82%B4%E3%83%BC%E3%83%AB%E3%83%89%E3%80%80%E6%9C%AC%E4%BD%93%2B%E3%82%B9%E3%83%9E%E3%83%9B%E3%83%AA%E3%83%B3%E3%82%B0 HTTP/1.1" 301 - "-" "Mozilla/5.0 (Linux; Android 6.0.1; Nexus 5X Build/MMB29P) AppleWebKit/537.36 (KHTML, like Gecko) Chrome/140.0.7339.207 Mobile Safari/537.36 (compatible; Googlebot/2.1; +http://www.google.com/bot.html)"
20.171.207.51 - - [20/Oct/2025:09:39:23 -0400] "GET /wp-json/wp/v2/tags/7321 HTTP/2.0" 200 633 "-" "Mozilla/5.0 AppleWebKit/537.36 (KHTML, like Gecko; compatible; GPTBot/1.2; +https://openai.com/gptbot)"
66.249.79.166 - - [20/Oct/2025:09:39:23 -0400] "GET /?a=12082147620202&channel=3ebf0d&from=jp.php%3Fid%3D1476202-135%26name%3DiPhone6s%2064GB%20%E3%83%AD%E3%83%BC%E3%82%BA%E3%82%B4%E3%83%BC%E3%83%AB%E3%83%89%E3%80%80%E6%9C%AC%E4%BD%93%2B%E3%82%B9%E3%83%9E%E3%83%9B%E3%83%AA%E3%83%B3%E3%82%B0 HTTP/1.1" 200 201123 "-" "Mozilla/5.0 (Linux; Android 6.0.1; Nexus 5X Build/MMB29P) AppleWebKit/537.36 (KHTML, like Gecko) Chrome/140.0.7339.207 Mobile Safari/537.36 (compatible; Googlebot/2.1; +http://www.google.com/bot.html)"
20.171.207.51 - - [20/Oct/2025:09:39:24 -0400] "GET /wp-json/wp/v2/tags/3280 HTTP/2.0" 200 597 "-" "Mozilla/5.0 AppleWebKit/537.36 (KHTML, like Gecko; compatible; GPTBot/1.2; +https://openai.com/gptbot)"
20.171.207.51 - - [20/Oct/2025:09:39:25 -0400] "GET /wp-json/wp/v2/tags/7902 HTTP/2.0" 200 660 "-" "Mozilla/5.0 AppleWebKit/537.36 (KHTML, like Gecko; compatible; GPTBot/1.2; +https://openai.com/gptbot)"
20.171.207.51 - - [20/Oct/2025:09:39:26 -0400] "GET /wp-json/wp/v2/tags/2081 HTTP/2.0" 200 597 "-" "Mozilla/5.0 AppleWebKit/537.36 (KHTML, like Gecko; compatible; GPTBot/1.2; +https://openai.com/gptbot)"
20.171.207.51 - - [20/Oct/2025:09:39:28 -0400] "GET /wp-json/wp/v2/tags/2780 HTTP/2.0" 200 645 "-" "Mozilla/5.0 AppleWebKit/537.36 (KHTML, like Gecko; compatible; GPTBot/1.2; +https://openai.com/gptbot)"
20.171.207.51 - - [20/Oct/2025:09:39:29 -0400] "GET /wp-json/wp/v2/tags/5195 HTTP/2.0" 200 594 "-" "Mozilla/5.0 AppleWebKit/537.36 (KHTML, like Gecko; compatible; GPTBot/1.2; +https://openai.com/gptbot)"
20.171.207.51 - - [20/Oct/2025:09:39:30 -0400] "GET /wp-json/wp/v2/tags/8027 HTTP/2.0" 200 597 "-" "Mozilla/5.0 AppleWebKit/537.36 (KHTML, like Gecko; compatible; GPTBot/1.2; +https://openai.com/gptbot)"
20.171.207.51 - - [20/Oct/2025:09:39:31 -0400] "GET /wp-json/wp/v2/tags/5596 HTTP/2.0" 200 642 "-" "Mozilla/5.0 AppleWebKit/537.36 (KHTML, like Gecko; compatible; GPTBot/1.2; +https://openai.com/gptbot)"
20.171.207.51 - - [20/Oct/2025:09:39:32 -0400] "GET /wp-json/wp/v2/tags/2854 HTTP/2.0" 200 654 "-" "Mozilla/5.0 AppleWebKit/537.36 (KHTML, like Gecko; compatible; GPTBot/1.2; +https://openai.com/gptbot)"
20.171.207.51 - - [20/Oct/2025:09:39:33 -0400] "GET /wp-json/wp/v2/tags/8239 HTTP/2.0" 200 585 "-" "Mozilla/5.0 AppleWebKit/537.36 (KHTML, like Gecko; compatible; GPTBot/1.2; +https://openai.com/gptbot)"
20.171.207.51 - - [20/Oct/2025:09:39:35 -0400] "GET /wp-json/wp/v2/tags/4250 HTTP/2.0" 200 588 "-" "Mozilla/5.0 AppleWebKit/537.36 (KHTML, like Gecko; compatible; GPTBot/1.2; +https://openai.com/gptbot)"
20.171.207.51 - - [20/Oct/2025:09:39:36 -0400] "GET /wp-json/wp/v2/tags/4338 HTTP/2.0" 200 708 "-" "Mozilla/5.0 AppleWebKit/537.36 (KHTML, like Gecko; compatible; GPTBot/1.2; +https://openai.com/gptbot)"
20.171.207.51 - - [20/Oct/2025:09:39:37 -0400] "GET /wp-json/wp/v2/tags/8783 HTTP/2.0" 200 627 "-" "Mozilla/5.0 AppleWebKit/537.36 (KHTML, like Gecko; compatible; GPTBot/1.2; +https://openai.com/gptbot)"
20.171.207.51 - - [20/Oct/2025:09:39:38 -0400] "GET /wp-json/wp/v2/tags/1591 HTTP/2.0" 200 753 "-" "Mozilla/5.0 AppleWebKit/537.36 (KHTML, like Gecko; compatible; GPTBot/1.2; +https://openai.com/gptbot)"
20.171.207.51 - - [20/Oct/2025:09:39:39 -0400] "GET /wp-json/wp/v2/tags/6659 HTTP/2.0" 200 669 "-" "Mozilla/5.0 AppleWebKit/537.36 (KHTML, like Gecko; compatible; GPTBot/1.2; +https://openai.com/gptbot)"
20.171.207.51 - - [20/Oct/2025:09:39:40 -0400] "GET /wp-json/wp/v2/tags/1481 HTTP/2.0" 200 621 "-" "Mozilla/5.0 AppleWebKit/537.36 (KHTML, like Gecko; compatible; GPTBot/1.2; +https://openai.com/gptbot)"
20.171.207.51 - - [20/Oct/2025:09:39:42 -0400] "GET /wp-json/wp/v2/tags/1163 HTTP/2.0" 200 588 "-" "Mozilla/5.0 AppleWebKit/537.36 (KHTML, like Gecko; compatible; GPTBot/1.2; +https://openai.com/gptbot)"
20.171.207.51 - - [20/Oct/2025:09:39:43 -0400] "GET /wp-json/wp/v2/tags/3881 HTTP/2.0" 200 600 "-" "Mozilla/5.0 AppleWebKit/537.36 (KHTML, like Gecko; compatible; GPTBot/1.2; +https://openai.com/gptbot)"
20.171.207.51 - - [20/Oct/2025:09:39:44 -0400] "GET /wp-json/wp/v2/tags/5090 HTTP/2.0" 200 660 "-" "Mozilla/5.0 AppleWebKit/537.36 (KHTML, like Gecko; compatible; GPTBot/1.2; +https://openai.com/gptbot)"
20.171.207.51 - - [20/Oct/2025:09:39:45 -0400] "GET /wp-json/wp/v2/tags/7455 HTTP/2.0" 200 621 "-" "Mozilla/5.0 AppleWebKit/537.36 (KHTML, like Gecko; compatible; GPTBot/1.2; +https://openai.com/gptbot)"
20.171.207.51 - - [20/Oct/2025:09:39:46 -0400] "GET /wp-json/wp/v2/tags/8932 HTTP/2.0" 200 636 "-" "Mozilla/5.0 AppleWebKit/537.36 (KHTML, like Gecko; compatible; GPTBot/1.2; +https://openai.com/gptbot)"
20.171.207.51 - - [20/Oct/2025:09:39:47 -0400] "GET /wp-json/wp/v2/tags/1817 HTTP/2.0" 200 675 "-" "Mozilla/5.0 AppleWebKit/537.36 (KHTML, like Gecko; compatible; GPTBot/1.2; +https://openai.com/gptbot)"
20.171.207.51 - - [20/Oct/2025:09:39:48 -0400] "GET /wp-json/wp/v2/tags/4009 HTTP/2.0" 200 666 "-" "Mozilla/5.0 AppleWebKit/537.36 (KHTML, like Gecko; compatible; GPTBot/1.2; +https://openai.com/gptbot)"
20.171.207.51 - - [20/Oct/2025:09:39:50 -0400] "GET /wp-json/wp/v2/tags/9141 HTTP/2.0" 200 582 "-" "Mozilla/5.0 AppleWebKit/537.36 (KHTML, like Gecko; compatible; GPTBot/1.2; +https://openai.com/gptbot)"
20.171.207.51 - - [20/Oct/2025:09:39:51 -0400] "GET /wp-json/wp/v2/tags/8835 HTTP/2.0" 200 609 "-" "Mozilla/5.0 AppleWebKit/537.36 (KHTML, like Gecko; compatible; GPTBot/1.2; +https://openai.com/gptbot)"
20.171.207.51 - - [20/Oct/2025:09:39:52 -0400] "GET /wp-json/wp/v2/tags/5372 HTTP/2.0" 200 663 "-" "Mozilla/5.0 AppleWebKit/537.36 (KHTML, like Gecko; compatible; GPTBot/1.2; +https://openai.com/gptbot)"
20.171.207.51 - - [20/Oct/2025:09:39:53 -0400] "GET /wp-json/wp/v2/tags/6465 HTTP/2.0" 200 609 "-" "Mozilla/5.0 AppleWebKit/537.36 (KHTML, like Gecko; compatible; GPTBot/1.2; +https://openai.com/gptbot)"
20.171.207.51 - - [20/Oct/2025:09:39:54 -0400] "GET /wp-json/wp/v2/tags/1995 HTTP/2.0" 200 585 "-" "Mozilla/5.0 AppleWebKit/537.36 (KHTML, like Gecko; compatible; GPTBot/1.2; +https://openai.com/gptbot)"
57.141.0.32 - - [20/Oct/2025:09:39:54 -0400] "GET /health-benefits-of-having-meals-sitting-on-the-floor/ HTTP/2.0" 200 282816 "-" "meta-externalagent/1.1 (+https://developers.facebook.com/docs/sharing/webmasters/crawler)"
20.171.207.51 - - [20/Oct/2025:09:39:55 -0400] "GET /wp-json/wp/v2/tags/9003 HTTP/2.0" 200 645 "-" "Mozilla/5.0 AppleWebKit/537.36 (KHTML, like Gecko; compatible; GPTBot/1.2; +https://openai.com/gptbot)"
20.171.207.51 - - [20/Oct/2025:09:39:57 -0400] "GET /wp-json/wp/v2/tags/2756 HTTP/2.0" 200 654 "-" "Mozilla/5.0 AppleWebKit/537.36 (KHTML, like Gecko; compatible; GPTBot/1.2; +https://openai.com/gptbot)"
20.171.207.51 - - [20/Oct/2025:09:39:58 -0400] "GET /wp-json/wp/v2/tags/4127 HTTP/2.0" 200 678 "-" "Mozilla/5.0 AppleWebKit/537.36 (KHTML, like Gecko; compatible; GPTBot/1.2; +https://openai.com/gptbot)"
20.171.207.51 - - [20/Oct/2025:09:39:59 -0400] "GET /wp-json/wp/v2/tags/8939 HTTP/2.0" 200 672 "-" "Mozilla/5.0 AppleWebKit/537.36 (KHTML, like Gecko; compatible; GPTBot/1.2; +https://openai.com/gptbot)"
20.171.207.51 - - [20/Oct/2025:09:40:00 -0400] "GET /wp-json/wp/v2/tags/4825 HTTP/2.0" 200 636 "-" "Mozilla/5.0 AppleWebKit/537.36 (KHTML, like Gecko; compatible; GPTBot/1.2; +https://openai.com/gptbot)"
20.171.207.51 - - [20/Oct/2025:09:40:01 -0400] "GET /wp-json/wp/v2/tags/7182 HTTP/2.0" 200 597 "-" "Mozilla/5.0 AppleWebKit/537.36 (KHTML, like Gecko; compatible; GPTBot/1.2; +https://openai.com/gptbot)"
20.171.207.51 - - [20/Oct/2025:09:40:02 -0400] "GET /wp-json/wp/v2/tags/5766 HTTP/2.0" 200 634 "-" "Mozilla/5.0 AppleWebKit/537.36 (KHTML, like Gecko; compatible; GPTBot/1.2; +https://openai.com/gptbot)"
20.171.207.51 - - [20/Oct/2025:09:40:04 -0400] "GET /wp-json/wp/v2/tags/7231 HTTP/2.0" 200 657 "-" "Mozilla/5.0 AppleWebKit/537.36 (KHTML, like Gecko; compatible; GPTBot/1.2; +https://openai.com/gptbot)"
20.171.207.51 - - [20/Oct/2025:09:40:05 -0400] "GET /wp-json/wp/v2/tags/5570 HTTP/2.0" 200 639 "-" "Mozilla/5.0 AppleWebKit/537.36 (KHTML, like Gecko; compatible; GPTBot/1.2; +https://openai.com/gptbot)"
20.171.207.51 - - [20/Oct/2025:09:40:06 -0400] "GET /wp-json/wp/v2/tags/8358 HTTP/2.0" 200 606 "-" "Mozilla/5.0 AppleWebKit/537.36 (KHTML, like Gecko; compatible; GPTBot/1.2; +https://openai.com/gptbot)"
20.171.207.51 - - [20/Oct/2025:09:40:07 -0400] "GET /wp-json/wp/v2/tags/8385 HTTP/2.0" 200 600 "-" "Mozilla/5.0 AppleWebKit/537.36 (KHTML, like Gecko; compatible; GPTBot/1.2; +https://openai.com/gptbot)"
20.171.207.51 - - [20/Oct/2025:09:40:08 -0400] "GET /wp-json/wp/v2/tags/7037 HTTP/2.0" 200 615 "-" "Mozilla/5.0 AppleWebKit/537.36 (KHTML, like Gecko; compatible; GPTBot/1.2; +https://openai.com/gptbot)"
216.73.216.129 - - [20/Oct/2025:09:40:09 -0400] "GET /tag/clothes-bhulenge-light-bulb-news HTTP/2.0" 301 - "-" "Mozilla/5.0 AppleWebKit/537.36 (KHTML, like Gecko; compatible; ClaudeBot/1.0; [email protected])"
216.73.216.129 - - [20/Oct/2025:09:40:09 -0400] "GET /a-baby-looks-like-an-alien-born-in-india HTTP/2.0" 301 - "-" "Mozilla/5.0 AppleWebKit/537.36 (KHTML, like Gecko; compatible; ClaudeBot/1.0; [email protected])"
20.171.207.51 - - [20/Oct/2025:09:40:09 -0400] "GET /wp-json/wp/v2/tags/7006 HTTP/2.0" 200 591 "-" "Mozilla/5.0 AppleWebKit/537.36 (KHTML, like Gecko; compatible; GPTBot/1.2; +https://openai.com/gptbot)"
216.73.216.129 - - [20/Oct/2025:09:40:09 -0400] "GET /tag/clothes-bhulenge-light-bulb-news/ HTTP/2.0" 200 122019 "https://wahgazab.com/tag/clothes-bhulenge-light-bulb-news" "Mozilla/5.0 AppleWebKit/537.36 (KHTML, like Gecko; compatible; ClaudeBot/1.0; [email protected])"
20.171.207.51 - - [20/Oct/2025:09:40:11 -0400] "GET /wp-json/wp/v2/tags/6460 HTTP/2.0" 200 603 "-" "Mozilla/5.0 AppleWebKit/537.36 (KHTML, like Gecko; compatible; GPTBot/1.2; +https://openai.com/gptbot)"
216.73.216.129 - - [20/Oct/2025:09:40:09 -0400] "GET /a-baby-looks-like-an-alien-born-in-india/ HTTP/2.0" 200 281595 "https://wahgazab.com/a-baby-looks-like-an-alien-born-in-india" "Mozilla/5.0 AppleWebKit/537.36 (KHTML, like Gecko; compatible; ClaudeBot/1.0; [email protected])"
20.171.207.51 - - [20/Oct/2025:09:40:12 -0400] "GET /wp-json/wp/v2/tags/8498 HTTP/2.0" 200 630 "-" "Mozilla/5.0 AppleWebKit/537.36 (KHTML, like Gecko; compatible; GPTBot/1.2; +https://openai.com/gptbot)"
20.171.207.51 - - [20/Oct/2025:09:40:13 -0400] "GET /wp-json/wp/v2/tags/8205 HTTP/2.0" 200 615 "-" "Mozilla/5.0 AppleWebKit/537.36 (KHTML, like Gecko; compatible; GPTBot/1.2; +https://openai.com/gptbot)"
66.116.199.115 - - [20/Oct/2025:09:40:15 -0400] "POST /wp-cron.php?doing_wp_cron=1760967615.1144099235534667968750 HTTP/1.1" 200 - "-" "WordPress/6.8.3; https://wahgazab.com"
20.171.207.51 - - [20/Oct/2025:09:40:14 -0400] "GET /wp-json/wp/v2/tags/2105 HTTP/2.0" 200 618 "-" "Mozilla/5.0 AppleWebKit/537.36 (KHTML, like Gecko; compatible; GPTBot/1.2; +https://openai.com/gptbot)"
20.171.207.51 - - [20/Oct/2025:09:40:16 -0400] "GET /wp-json/wp/v2/tags/2537 HTTP/2.0" 200 636 "-" "Mozilla/5.0 AppleWebKit/537.36 (KHTML, like Gecko; compatible; GPTBot/1.2; +https://openai.com/gptbot)"
20.171.207.51 - - [20/Oct/2025:09:40:17 -0400] "GET /wp-json/wp/v2/tags/9324 HTTP/2.0" 200 648 "-" "Mozilla/5.0 AppleWebKit/537.36 (KHTML, like Gecko; compatible; GPTBot/1.2; +https://openai.com/gptbot)"
20.171.207.51 - - [20/Oct/2025:09:40:18 -0400] "GET /wp-json/wp/v2/tags/8924 HTTP/2.0" 200 633 "-" "Mozilla/5.0 AppleWebKit/537.36 (KHTML, like Gecko; compatible; GPTBot/1.2; +https://openai.com/gptbot)"
20.171.207.51 - - [20/Oct/2025:09:40:19 -0400] "GET /wp-json/wp/v2/tags/9243 HTTP/2.0" 200 657 "-" "Mozilla/5.0 AppleWebKit/537.36 (KHTML, like Gecko; compatible; GPTBot/1.2; +https://openai.com/gptbot)"
20.171.207.51 - - [20/Oct/2025:09:40:20 -0400] "GET /wp-json/wp/v2/tags/5356 HTTP/2.0" 200 645 "-" "Mozilla/5.0 AppleWebKit/537.36 (KHTML, like Gecko; compatible; GPTBot/1.2; +https://openai.com/gptbot)"
20.171.207.51 - - [20/Oct/2025:09:40:21 -0400] "GET /wp-json/wp/v2/tags/7671 HTTP/2.0" 200 672 "-" "Mozilla/5.0 AppleWebKit/537.36 (KHTML, like Gecko; compatible; GPTBot/1.2; +https://openai.com/gptbot)"
20.171.207.51 - - [20/Oct/2025:09:40:22 -0400] "GET /wp-json/wp/v2/tags/6560 HTTP/2.0" 200 618 "-" "Mozilla/5.0 AppleWebKit/537.36 (KHTML, like Gecko; compatible; GPTBot/1.2; +https://openai.com/gptbot)"
20.171.207.51 - - [20/Oct/2025:09:40:23 -0400] "GET /wp-json/wp/v2/tags/5692 HTTP/2.0" 200 606 "-" "Mozilla/5.0 AppleWebKit/537.36 (KHTML, like Gecko; compatible; GPTBot/1.2; +https://openai.com/gptbot)"
20.171.207.51 - - [20/Oct/2025:09:40:25 -0400] "GET /wp-json/wp/v2/tags/3599 HTTP/2.0" 200 639 "-" "Mozilla/5.0 AppleWebKit/537.36 (KHTML, like Gecko; compatible; GPTBot/1.2; +https://openai.com/gptbot)"
20.171.207.51 - - [20/Oct/2025:09:40:26 -0400] "GET /wp-json/wp/v2/tags/1472 HTTP/2.0" 200 606 "-" "Mozilla/5.0 AppleWebKit/537.36 (KHTML, like Gecko; compatible; GPTBot/1.2; +https://openai.com/gptbot)"
20.171.207.51 - - [20/Oct/2025:09:40:27 -0400] "GET /wp-json/wp/v2/tags/2563 HTTP/2.0" 200 603 "-" "Mozilla/5.0 AppleWebKit/537.36 (KHTML, like Gecko; compatible; GPTBot/1.2; +https://openai.com/gptbot)"
20.171.207.51 - - [20/Oct/2025:09:40:28 -0400] "GET /wp-json/wp/v2/tags/4152 HTTP/2.0" 200 633 "-" "Mozilla/5.0 AppleWebKit/537.36 (KHTML, like Gecko; compatible; GPTBot/1.2; +https://openai.com/gptbot)"
20.171.207.51 - - [20/Oct/2025:09:40:29 -0400] "GET /wp-json/wp/v2/tags/5569 HTTP/2.0" 200 624 "-" "Mozilla/5.0 AppleWebKit/537.36 (KHTML, like Gecko; compatible; GPTBot/1.2; +https://openai.com/gptbot)"
20.171.207.51 - - [20/Oct/2025:09:40:30 -0400] "GET /wp-json/wp/v2/tags/3249 HTTP/2.0" 200 627 "-" "Mozilla/5.0 AppleWebKit/537.36 (KHTML, like Gecko; compatible; GPTBot/1.2; +https://openai.com/gptbot)"
20.171.207.51 - - [20/Oct/2025:09:40:32 -0400] "GET /wp-json/wp/v2/tags/1170 HTTP/2.0" 200 609 "-" "Mozilla/5.0 AppleWebKit/537.36 (KHTML, like Gecko; compatible; GPTBot/1.2; +https://openai.com/gptbot)"
20.171.207.51 - - [20/Oct/2025:09:40:33 -0400] "GET /wp-json/wp/v2/tags/7283 HTTP/2.0" 200 630 "-" "Mozilla/5.0 AppleWebKit/537.36 (KHTML, like Gecko; compatible; GPTBot/1.2; +https://openai.com/gptbot)"
20.171.207.51 - - [20/Oct/2025:09:40:34 -0400] "GET /wp-json/wp/v2/tags/6238 HTTP/2.0" 200 585 "-" "Mozilla/5.0 AppleWebKit/537.36 (KHTML, like Gecko; compatible; GPTBot/1.2; +https://openai.com/gptbot)"
20.171.207.51 - - [20/Oct/2025:09:40:35 -0400] "GET /wp-json/wp/v2/tags/5815 HTTP/2.0" 200 621 "-" "Mozilla/5.0 AppleWebKit/537.36 (KHTML, like Gecko; compatible; GPTBot/1.2; +https://openai.com/gptbot)"
20.171.207.51 - - [20/Oct/2025:09:40:36 -0400] "GET /wp-json/wp/v2/tags/8267 HTTP/2.0" 200 615 "-" "Mozilla/5.0 AppleWebKit/537.36 (KHTML, like Gecko; compatible; GPTBot/1.2; +https://openai.com/gptbot)"
20.171.207.51 - - [20/Oct/2025:09:40:37 -0400] "GET /wp-json/wp/v2/tags/4827 HTTP/2.0" 200 654 "-" "Mozilla/5.0 AppleWebKit/537.36 (KHTML, like Gecko; compatible; GPTBot/1.2; +https://openai.com/gptbot)"
20.171.207.51 - - [20/Oct/2025:09:40:39 -0400] "GET /wp-json/wp/v2/tags/1290 HTTP/2.0" 200 600 "-" "Mozilla/5.0 AppleWebKit/537.36 (KHTML, like Gecko; compatible; GPTBot/1.2; +https://openai.com/gptbot)"
20.171.207.51 - - [20/Oct/2025:09:40:40 -0400] "GET /wp-json/wp/v2/tags/7867 HTTP/2.0" 200 609 "-" "Mozilla/5.0 AppleWebKit/537.36 (KHTML, like Gecko; compatible; GPTBot/1.2; +https://openai.com/gptbot)"
20.171.207.51 - - [20/Oct/2025:09:40:41 -0400] "GET /wp-json/wp/v2/tags/9766 HTTP/2.0" 200 600 "-" "Mozilla/5.0 AppleWebKit/537.36 (KHTML, like Gecko; compatible; GPTBot/1.2; +https://openai.com/gptbot)"
20.171.207.51 - - [20/Oct/2025:09:40:42 -0400] "GET /wp-json/wp/v2/tags/3639 HTTP/2.0" 200 630 "-" "Mozilla/5.0 AppleWebKit/537.36 (KHTML, like Gecko; compatible; GPTBot/1.2; +https://openai.com/gptbot)"
