HEX
Server: Apache
System: Linux 66-116-199-115.webhostbox.net 5.14.0-427.31.1.el9_4.x86_64 #1 SMP PREEMPT_DYNAMIC Thu Aug 15 14:47:52 EDT 2024 x86_64
User: blushinc (1003)
PHP: 8.2.29
Disabled: exec,passthru,shell_exec,system
Upload Files
File: /home/blushinc/access-logs/menintalk.com.blushin.com
66.249.79.165 - - [20/Oct/2025:08:08:06 -0400] "GET /?shopping/product/15731096063.html HTTP/1.1" 301 - "-" "Mozilla/5.0 (Linux; Android 6.0.1; Nexus 5X Build/MMB29P) AppleWebKit/537.36 (KHTML, like Gecko) Chrome/140.0.7339.207 Mobile Safari/537.36 (compatible; Googlebot/2.1; +http://www.google.com/bot.html)"
66.249.79.165 - - [20/Oct/2025:08:08:07 -0400] "GET /?shopping%2Fproduct%2F15731096063_html HTTP/1.1" 200 47135 "-" "Mozilla/5.0 (Linux; Android 6.0.1; Nexus 5X Build/MMB29P) AppleWebKit/537.36 (KHTML, like Gecko) Chrome/140.0.7339.207 Mobile Safari/537.36 (compatible; Googlebot/2.1; +http://www.google.com/bot.html)"
54.38.147.225 - - [20/Oct/2025:08:08:10 -0400] "GET /category/uncategorized/page/231/ HTTP/1.1" 200 86046 "-" "Mozilla/5.0 (compatible; AhrefsBot/7.0; +http://ahrefs.com/robot/)"
66.249.79.164 - - [20/Oct/2025:08:08:22 -0400] "GET /?shopping/product/1572953004.html HTTP/1.1" 301 - "-" "Mozilla/5.0 (Linux; Android 6.0.1; Nexus 5X Build/MMB29P) AppleWebKit/537.36 (KHTML, like Gecko) Chrome/140.0.7339.207 Mobile Safari/537.36 (compatible; Googlebot/2.1; +http://www.google.com/bot.html)"
66.249.79.165 - - [20/Oct/2025:08:08:23 -0400] "GET /?shopping%2Fproduct%2F1572953004_html HTTP/1.1" 200 47129 "-" "Mozilla/5.0 (Linux; Android 6.0.1; Nexus 5X Build/MMB29P) AppleWebKit/537.36 (KHTML, like Gecko) Chrome/140.0.7339.207 Mobile Safari/537.36 (compatible; Googlebot/2.1; +http://www.google.com/bot.html)"
217.113.194.11 - - [20/Oct/2025:08:08:24 -0400] "GET /wp-content/uploads/french-vanilla-knbm/51e2a0-pestle-analysis-of-air-canada HTTP/1.1" 404 73592 "-" "Mozilla/5.0 (compatible; Barkrowler/0.9; +https://babbar.tech/crawler)"
66.249.79.164 - - [20/Oct/2025:08:08:37 -0400] "GET /?shopping/product/15752296154.html HTTP/1.1" 301 - "-" "Mozilla/5.0 (Linux; Android 6.0.1; Nexus 5X Build/MMB29P) AppleWebKit/537.36 (KHTML, like Gecko) Chrome/140.0.7339.207 Mobile Safari/537.36 (compatible; Googlebot/2.1; +http://www.google.com/bot.html)"
66.249.79.164 - - [20/Oct/2025:08:08:38 -0400] "GET /?shopping%2Fproduct%2F15752296154_html HTTP/1.1" 200 47135 "-" "Mozilla/5.0 (Linux; Android 6.0.1; Nexus 5X Build/MMB29P) AppleWebKit/537.36 (KHTML, like Gecko) Chrome/140.0.7339.207 Mobile Safari/537.36 (compatible; Googlebot/2.1; +http://www.google.com/bot.html)"
217.113.194.242 - - [20/Oct/2025:08:08:45 -0400] "GET /wp-content/uploads/french-vanilla-knbm/51e2a0-dr-barbara-sturm-reviews-youtube HTTP/1.1" 404 73592 "-" "Mozilla/5.0 (compatible; Barkrowler/0.9; +https://babbar.tech/crawler)"
66.249.79.164 - - [20/Oct/2025:08:08:53 -0400] "GET /?shopping/product/15752196710.html HTTP/1.1" 301 - "-" "Mozilla/5.0 (Linux; Android 6.0.1; Nexus 5X Build/MMB29P) AppleWebKit/537.36 (KHTML, like Gecko) Chrome/140.0.7339.207 Mobile Safari/537.36 (compatible; Googlebot/2.1; +http://www.google.com/bot.html)"
66.249.79.164 - - [20/Oct/2025:08:08:54 -0400] "GET /?shopping%2Fproduct%2F15752196710_html HTTP/1.1" 200 47135 "-" "Mozilla/5.0 (Linux; Android 6.0.1; Nexus 5X Build/MMB29P) AppleWebKit/537.36 (KHTML, like Gecko) Chrome/140.0.7339.207 Mobile Safari/537.36 (compatible; Googlebot/2.1; +http://www.google.com/bot.html)"
217.113.194.203 - - [20/Oct/2025:08:09:06 -0400] "GET /wp-content/uploads/french-vanilla-knbm/51e2a0-efforts-paid-off-meaning HTTP/1.1" 404 73592 "-" "Mozilla/5.0 (compatible; Barkrowler/0.9; +https://babbar.tech/crawler)"
66.249.79.164 - - [20/Oct/2025:08:09:08 -0400] "GET /?shopping/product/15752410456.html HTTP/1.1" 301 - "-" "Mozilla/5.0 (Linux; Android 6.0.1; Nexus 5X Build/MMB29P) AppleWebKit/537.36 (KHTML, like Gecko) Chrome/140.0.7339.207 Mobile Safari/537.36 (compatible; Googlebot/2.1; +http://www.google.com/bot.html)"
66.249.79.166 - - [20/Oct/2025:08:09:09 -0400] "GET /?shopping%2Fproduct%2F15752410456_html HTTP/1.1" 200 47135 "-" "Mozilla/5.0 (Linux; Android 6.0.1; Nexus 5X Build/MMB29P) AppleWebKit/537.36 (KHTML, like Gecko) Chrome/140.0.7339.207 Mobile Safari/537.36 (compatible; Googlebot/2.1; +http://www.google.com/bot.html)"
119.28.101.51 - - [20/Oct/2025:08:09:19 -0400] "GET /robots.txt HTTP/1.1" 200 114 "-" "Mozilla/5.0 (X11; Linux x86_64) AppleWebKit/537.36 (KHTML, like Gecko) Chrome/123.0.0.0 Safari/537.36"
66.249.79.165 - - [20/Oct/2025:08:09:24 -0400] "GET /?shopping/product/1572840493.html HTTP/1.1" 301 - "-" "Mozilla/5.0 (Linux; Android 6.0.1; Nexus 5X Build/MMB29P) AppleWebKit/537.36 (KHTML, like Gecko) Chrome/140.0.7339.207 Mobile Safari/537.36 (compatible; Googlebot/2.1; +http://www.google.com/bot.html)"
66.249.79.164 - - [20/Oct/2025:08:09:25 -0400] "GET /?shopping%2Fproduct%2F1572840493_html HTTP/1.1" 200 47129 "-" "Mozilla/5.0 (Linux; Android 6.0.1; Nexus 5X Build/MMB29P) AppleWebKit/537.36 (KHTML, like Gecko) Chrome/140.0.7339.207 Mobile Safari/537.36 (compatible; Googlebot/2.1; +http://www.google.com/bot.html)"
217.113.194.203 - - [20/Oct/2025:08:09:29 -0400] "GET /wp-content/uploads/french-vanilla-knbm/51e2a0-baritone-ukulele-tabs HTTP/1.1" 404 73592 "-" "Mozilla/5.0 (compatible; Barkrowler/0.9; +https://babbar.tech/crawler)"
157.90.114.254 - - [20/Oct/2025:08:09:29 -0400] "POST /xmlrpc.php HTTP/1.1" 200 403 "-" "Mozilla/5.0 (Windows NT 10.0; Win64; x64) AppleWebKit/537.36 (KHTML, like Gecko) Chrome/108.0.0.0 Safari/537.36"
66.249.79.164 - - [20/Oct/2025:08:09:39 -0400] "GET /?shopping/product/15762801831.html HTTP/1.1" 301 - "-" "Mozilla/5.0 (Linux; Android 6.0.1; Nexus 5X Build/MMB29P) AppleWebKit/537.36 (KHTML, like Gecko) Chrome/140.0.7339.207 Mobile Safari/537.36 (compatible; Googlebot/2.1; +http://www.google.com/bot.html)"
66.249.79.164 - - [20/Oct/2025:08:09:40 -0400] "GET /?shopping%2Fproduct%2F15762801831_html HTTP/1.1" 200 47135 "-" "Mozilla/5.0 (Linux; Android 6.0.1; Nexus 5X Build/MMB29P) AppleWebKit/537.36 (KHTML, like Gecko) Chrome/140.0.7339.207 Mobile Safari/537.36 (compatible; Googlebot/2.1; +http://www.google.com/bot.html)"
51.89.129.174 - - [20/Oct/2025:08:09:41 -0400] "GET /category/uncategorized/page/187/?filter_by=random_posts HTTP/1.1" 200 86731 "-" "Mozilla/5.0 (compatible; AhrefsBot/7.0; +http://ahrefs.com/robot/)"
217.113.194.9 - - [20/Oct/2025:08:09:50 -0400] "GET /wp-content/uploads/french-vanilla-knbm/51e2a0-chinese-love-symbol-copy-and-paste HTTP/1.1" 404 73592 "-" "Mozilla/5.0 (compatible; Barkrowler/0.9; +https://babbar.tech/crawler)"
66.249.79.164 - - [20/Oct/2025:08:09:55 -0400] "GET /?shopping/product/15762925835.html HTTP/1.1" 301 - "-" "Mozilla/5.0 (Linux; Android 6.0.1; Nexus 5X Build/MMB29P) AppleWebKit/537.36 (KHTML, like Gecko) Chrome/140.0.7339.207 Mobile Safari/537.36 (compatible; Googlebot/2.1; +http://www.google.com/bot.html)"
66.249.79.164 - - [20/Oct/2025:08:09:55 -0400] "GET /?shopping%2Fproduct%2F15762925835_html HTTP/1.1" 200 47135 "-" "Mozilla/5.0 (Linux; Android 6.0.1; Nexus 5X Build/MMB29P) AppleWebKit/537.36 (KHTML, like Gecko) Chrome/140.0.7339.207 Mobile Safari/537.36 (compatible; Googlebot/2.1; +http://www.google.com/bot.html)"
65.109.104.153 - - [20/Oct/2025:08:10:08 -0400] "GET /etude-approfondie-de-unibet-pour-joueurs-francophones/ HTTP/1.1" 200 82349 "https://menintalk.com/" "Mozilla/5.0 (Macintosh; Intel Mac OS X 12_5) AppleWebKit/537.36 (KHTML, like Gecko) Chrome/114.0.0.0 Safari/537.36"
66.249.79.165 - - [20/Oct/2025:08:10:10 -0400] "GET /?shopping/product/15752319362.html HTTP/1.1" 301 - "-" "Mozilla/5.0 (Linux; Android 6.0.1; Nexus 5X Build/MMB29P) AppleWebKit/537.36 (KHTML, like Gecko) Chrome/140.0.7339.207 Mobile Safari/537.36 (compatible; Googlebot/2.1; +http://www.google.com/bot.html)"
66.249.79.164 - - [20/Oct/2025:08:10:11 -0400] "GET /?shopping%2Fproduct%2F15752319362_html HTTP/1.1" 200 47135 "-" "Mozilla/5.0 (Linux; Android 6.0.1; Nexus 5X Build/MMB29P) AppleWebKit/537.36 (KHTML, like Gecko) Chrome/140.0.7339.207 Mobile Safari/537.36 (compatible; Googlebot/2.1; +http://www.google.com/bot.html)"
217.113.194.5 - - [20/Oct/2025:08:10:12 -0400] "GET /wp-content/uploads/french-vanilla-knbm/51e2a0-hp-core-i3-laptop-price HTTP/1.1" 404 73592 "-" "Mozilla/5.0 (compatible; Barkrowler/0.9; +https://babbar.tech/crawler)"
65.109.104.153 - - [20/Oct/2025:08:10:13 -0400] "GET /etude-approfondie-de-unibet-pour-joueurs-francophones/ HTTP/1.1" 200 82349 "https://menintalk.com/etude-approfondie-de-unibet-pour-joueurs-francophones/" "Mozilla/5.0 (Windows NT 6.3; Win64; x64) AppleWebKit/537.36 (KHTML, like Gecko) Chrome/103.0.0.0 Safari/537.36"
65.109.104.153 - - [20/Oct/2025:08:10:14 -0400] "GET /etude-approfondie-de-unibet-pour-joueurs-francophones/ HTTP/1.1" 200 82349 "https://menintalk.com/etude-approfondie-de-unibet-pour-joueurs-francophones/" "Mozilla/5.0 (Windows NT 6.3; Win64; x64) AppleWebKit/537.36 (KHTML, like Gecko) Chrome/103.0.0.0 Safari/537.36"
65.109.104.153 - - [20/Oct/2025:08:10:14 -0400] "POST /wp-comments-post.php HTTP/1.1" 302 - "https://menintalk.com/etude-approfondie-de-unibet-pour-joueurs-francophones/" "Mozilla/5.0 (Windows NT 6.3; Win64; x64) AppleWebKit/537.36 (KHTML, like Gecko) Chrome/103.0.0.0 Safari/537.36"
65.109.104.153 - - [20/Oct/2025:08:10:15 -0400] "GET /etude-approfondie-de-unibet-pour-joueurs-francophones/?unapproved=3492&moderation-hash=ca939393e4b3d74e21c6a174148aad2f HTTP/1.1" 200 85191 "https://menintalk.com/wp-comments-post.php" "Mozilla/5.0 (Windows NT 6.3; Win64; x64) AppleWebKit/537.36 (KHTML, like Gecko) Chrome/103.0.0.0 Safari/537.36"
65.109.104.153 - - [20/Oct/2025:08:10:16 -0400] "GET /etude-approfondie-de-unibet-pour-joueurs-francophones/ HTTP/1.1" 200 82349 "-" "Mozilla/5.0 (Windows NT 6.3; Win64; x64) AppleWebKit/537.36 (KHTML, like Gecko) Chrome/103.0.0.0 Safari/537.36"
66.249.79.165 - - [20/Oct/2025:08:10:26 -0400] "GET /?shopping/product/15752282562.html HTTP/1.1" 301 - "-" "Mozilla/5.0 (Linux; Android 6.0.1; Nexus 5X Build/MMB29P) AppleWebKit/537.36 (KHTML, like Gecko) Chrome/140.0.7339.207 Mobile Safari/537.36 (compatible; Googlebot/2.1; +http://www.google.com/bot.html)"
66.249.79.165 - - [20/Oct/2025:08:10:26 -0400] "GET /?shopping%2Fproduct%2F15752282562_html HTTP/1.1" 200 47135 "-" "Mozilla/5.0 (Linux; Android 6.0.1; Nexus 5X Build/MMB29P) AppleWebKit/537.36 (KHTML, like Gecko) Chrome/140.0.7339.207 Mobile Safari/537.36 (compatible; Googlebot/2.1; +http://www.google.com/bot.html)"
217.113.194.9 - - [20/Oct/2025:08:10:34 -0400] "GET /wp-content/uploads/french-vanilla-knbm/51e2a0-amethyst-engagement-ring-canada HTTP/1.1" 404 73592 "-" "Mozilla/5.0 (compatible; Barkrowler/0.9; +https://babbar.tech/crawler)"
66.249.79.164 - - [20/Oct/2025:08:10:41 -0400] "GET /?shopping/product/15731339290.html HTTP/1.1" 301 - "-" "Mozilla/5.0 (Linux; Android 6.0.1; Nexus 5X Build/MMB29P) AppleWebKit/537.36 (KHTML, like Gecko) Chrome/140.0.7339.207 Mobile Safari/537.36 (compatible; Googlebot/2.1; +http://www.google.com/bot.html)"
66.249.79.164 - - [20/Oct/2025:08:10:42 -0400] "GET /?shopping%2Fproduct%2F15731339290_html HTTP/1.1" 200 47135 "-" "Mozilla/5.0 (Linux; Android 6.0.1; Nexus 5X Build/MMB29P) AppleWebKit/537.36 (KHTML, like Gecko) Chrome/140.0.7339.207 Mobile Safari/537.36 (compatible; Googlebot/2.1; +http://www.google.com/bot.html)"
66.116.199.115 - - [20/Oct/2025:08:10:46 -0400] "GET /.well-known/acme-challenge/N611XSFUPG7KRGQ_JCG7ZVQOM869O7-U HTTP/1.1" 200 64 "-" "Cpanel-HTTP-Client/1.0"
66.116.199.115 - - [20/Oct/2025:08:10:47 -0400] "GET /.well-known/acme-challenge/ERA17O2W15OJAP8BEP-S4J0ADT-9P7_S HTTP/1.1" 200 64 "-" "Cpanel-HTTP-Client/1.0"
217.113.194.203 - - [20/Oct/2025:08:10:55 -0400] "GET /wp-content/uploads/french-vanilla-knbm/51e2a0-gettysburg-story-tour-app HTTP/1.1" 404 73592 "-" "Mozilla/5.0 (compatible; Barkrowler/0.9; +https://babbar.tech/crawler)"
66.249.79.164 - - [20/Oct/2025:08:10:56 -0400] "GET /?shopping/product/15731257228.html HTTP/1.1" 301 - "-" "Mozilla/5.0 (Linux; Android 6.0.1; Nexus 5X Build/MMB29P) AppleWebKit/537.36 (KHTML, like Gecko) Chrome/140.0.7339.207 Mobile Safari/537.36 (compatible; Googlebot/2.1; +http://www.google.com/bot.html)"
66.249.79.164 - - [20/Oct/2025:08:10:57 -0400] "GET /?shopping%2Fproduct%2F15731257228_html HTTP/1.1" 200 47135 "-" "Mozilla/5.0 (Linux; Android 6.0.1; Nexus 5X Build/MMB29P) AppleWebKit/537.36 (KHTML, like Gecko) Chrome/140.0.7339.207 Mobile Safari/537.36 (compatible; Googlebot/2.1; +http://www.google.com/bot.html)"
51.195.215.108 - - [20/Oct/2025:08:11:02 -0400] "GET /category/uncategorized/page/200/?filter_by=popular HTTP/1.1" 200 86161 "-" "Mozilla/5.0 (compatible; AhrefsBot/7.0; +http://ahrefs.com/robot/)"
43.173.177.169 - - [20/Oct/2025:08:11:09 -0400] "GET /andronite-enhanced HTTP/1.1" 404 73592 "http://menintalk.com/andronite-enhanced" "Mozilla/5.0 (Windows NT 6.1; Win64; x64) AppleWebKit/537.36 (KHTML, like Gecko) Chrome/126.0.6478.114 Safari/537.36"
66.249.79.166 - - [20/Oct/2025:08:11:12 -0400] "GET /?shopping/product/15731053246.html HTTP/1.1" 301 - "-" "Mozilla/5.0 (Linux; Android 6.0.1; Nexus 5X Build/MMB29P) AppleWebKit/537.36 (KHTML, like Gecko) Chrome/140.0.7339.207 Mobile Safari/537.36 (compatible; Googlebot/2.1; +http://www.google.com/bot.html)"
66.249.79.164 - - [20/Oct/2025:08:11:13 -0400] "GET /?shopping%2Fproduct%2F15731053246_html HTTP/1.1" 200 47135 "-" "Mozilla/5.0 (Linux; Android 6.0.1; Nexus 5X Build/MMB29P) AppleWebKit/537.36 (KHTML, like Gecko) Chrome/140.0.7339.207 Mobile Safari/537.36 (compatible; Googlebot/2.1; +http://www.google.com/bot.html)"
217.113.194.7 - - [20/Oct/2025:08:11:17 -0400] "GET /wp-content/uploads/french-vanilla-knbm/51e2a0-cannibal-movies-on-netflix HTTP/1.1" 404 73592 "-" "Mozilla/5.0 (compatible; Barkrowler/0.9; +https://babbar.tech/crawler)"
66.249.79.165 - - [20/Oct/2025:08:11:27 -0400] "GET /?shopping/product/15762787893.html HTTP/1.1" 301 - "-" "Mozilla/5.0 (Linux; Android 6.0.1; Nexus 5X Build/MMB29P) AppleWebKit/537.36 (KHTML, like Gecko) Chrome/140.0.7339.207 Mobile Safari/537.36 (compatible; Googlebot/2.1; +http://www.google.com/bot.html)"
66.249.79.165 - - [20/Oct/2025:08:11:28 -0400] "GET /?shopping%2Fproduct%2F15762787893_html HTTP/1.1" 200 47135 "-" "Mozilla/5.0 (Linux; Android 6.0.1; Nexus 5X Build/MMB29P) AppleWebKit/537.36 (KHTML, like Gecko) Chrome/140.0.7339.207 Mobile Safari/537.36 (compatible; Googlebot/2.1; +http://www.google.com/bot.html)"
217.113.194.10 - - [20/Oct/2025:08:11:40 -0400] "GET /wp-content/uploads/french-vanilla-knbm/51e2a0-ford-ranger-price-in-south-africa HTTP/1.1" 404 73592 "-" "Mozilla/5.0 (compatible; Barkrowler/0.9; +https://babbar.tech/crawler)"
66.249.79.164 - - [20/Oct/2025:08:11:43 -0400] "GET /?shopping/product/15741893225.html HTTP/1.1" 301 - "-" "Mozilla/5.0 (Linux; Android 6.0.1; Nexus 5X Build/MMB29P) AppleWebKit/537.36 (KHTML, like Gecko) Chrome/140.0.7339.207 Mobile Safari/537.36 (compatible; Googlebot/2.1; +http://www.google.com/bot.html)"
66.249.79.164 - - [20/Oct/2025:08:11:44 -0400] "GET /?shopping%2Fproduct%2F15741893225_html HTTP/1.1" 200 47135 "-" "Mozilla/5.0 (Linux; Android 6.0.1; Nexus 5X Build/MMB29P) AppleWebKit/537.36 (KHTML, like Gecko) Chrome/140.0.7339.207 Mobile Safari/537.36 (compatible; Googlebot/2.1; +http://www.google.com/bot.html)"
66.249.79.164 - - [20/Oct/2025:08:11:58 -0400] "GET /?shopping/product/15731323923.html HTTP/1.1" 301 - "-" "Mozilla/5.0 (Linux; Android 6.0.1; Nexus 5X Build/MMB29P) AppleWebKit/537.36 (KHTML, like Gecko) Chrome/140.0.7339.207 Mobile Safari/537.36 (compatible; Googlebot/2.1; +http://www.google.com/bot.html)"
66.249.79.164 - - [20/Oct/2025:08:11:59 -0400] "GET /?shopping%2Fproduct%2F15731323923_html HTTP/1.1" 200 47135 "-" "Mozilla/5.0 (Linux; Android 6.0.1; Nexus 5X Build/MMB29P) AppleWebKit/537.36 (KHTML, like Gecko) Chrome/140.0.7339.207 Mobile Safari/537.36 (compatible; Googlebot/2.1; +http://www.google.com/bot.html)"
217.113.194.203 - - [20/Oct/2025:08:12:02 -0400] "GET /wp-content/uploads/french-vanilla-knbm/51e2a0-ford-ecosport-price-in-thailand HTTP/1.1" 404 73592 "-" "Mozilla/5.0 (compatible; Barkrowler/0.9; +https://babbar.tech/crawler)"
109.199.112.212 - - [20/Oct/2025:08:12:08 -0400] "POST /wp-login.php HTTP/1.1" 200 6367 "-" "Mozilla/5.0"
109.199.112.212 - - [20/Oct/2025:08:12:08 -0400] "POST /wp-login.php HTTP/1.1" 200 6404 "-" "Mozilla/5.0"
109.199.112.212 - - [20/Oct/2025:08:12:08 -0400] "POST /wp-login.php HTTP/1.1" 200 6402 "-" "Mozilla/5.0"
109.199.112.212 - - [20/Oct/2025:08:12:08 -0400] "POST /wp-login.php HTTP/1.1" 200 6404 "-" "Mozilla/5.0"
109.199.112.212 - - [20/Oct/2025:08:12:08 -0400] "POST /wp-login.php HTTP/1.1" 200 6404 "-" "Mozilla/5.0"
109.199.112.212 - - [20/Oct/2025:08:12:08 -0400] "POST /wp-login.php HTTP/1.1" 200 6367 "-" "Mozilla/5.0"
66.249.79.164 - - [20/Oct/2025:08:12:14 -0400] "GET /?shopping/product/15752387810.html HTTP/1.1" 301 - "-" "Mozilla/5.0 (Linux; Android 6.0.1; Nexus 5X Build/MMB29P) AppleWebKit/537.36 (KHTML, like Gecko) Chrome/140.0.7339.207 Mobile Safari/537.36 (compatible; Googlebot/2.1; +http://www.google.com/bot.html)"
66.249.79.164 - - [20/Oct/2025:08:12:15 -0400] "GET /?shopping%2Fproduct%2F15752387810_html HTTP/1.1" 200 47135 "-" "Mozilla/5.0 (Linux; Android 6.0.1; Nexus 5X Build/MMB29P) AppleWebKit/537.36 (KHTML, like Gecko) Chrome/140.0.7339.207 Mobile Safari/537.36 (compatible; Googlebot/2.1; +http://www.google.com/bot.html)"
217.113.194.11 - - [20/Oct/2025:08:12:24 -0400] "GET /wp-content/uploads/french-vanilla-knbm/51e2a0-fort-translation-in-sanskrit HTTP/1.1" 404 73592 "-" "Mozilla/5.0 (compatible; Barkrowler/0.9; +https://babbar.tech/crawler)"
178.171.124.181 - - [20/Oct/2025:08:12:26 -0400] "GET /wp-content/uploads/2018/09/Green-Twist-CBD-Oil-best-reslut.jpg HTTP/1.1" 404 73592 "-" "Mozilla/5.0 (Macintosh; Intel Mac OS X 10_15_7) AppleWebKit/537.36 (KHTML, like Gecko) Chrome/120.0.0.0 Safari/537.36"
54.38.147.20 - - [20/Oct/2025:08:12:28 -0400] "GET /category/casinowazamba/?filter_by=review_high HTTP/1.1" 200 67574 "-" "Mozilla/5.0 (compatible; AhrefsBot/7.0; +http://ahrefs.com/robot/)"
66.249.79.164 - - [20/Oct/2025:08:12:29 -0400] "GET /?shopping/product/15752373759.html HTTP/1.1" 301 - "-" "Mozilla/5.0 (Linux; Android 6.0.1; Nexus 5X Build/MMB29P) AppleWebKit/537.36 (KHTML, like Gecko) Chrome/140.0.7339.207 Mobile Safari/537.36 (compatible; Googlebot/2.1; +http://www.google.com/bot.html)"
178.171.124.181 - - [20/Oct/2025:08:12:30 -0400] "GET /wp-content/uploads/2018/09/Green-Twist-CBD-Oil-best-reslut.jpg HTTP/1.1" 404 73592 "-" "Mozilla/5.0 (Macintosh; Intel Mac OS X 10_15_7) AppleWebKit/537.36 (KHTML, like Gecko) Chrome/120.0.0.0 Safari/537.36"
66.249.79.164 - - [20/Oct/2025:08:12:30 -0400] "GET /?shopping%2Fproduct%2F15752373759_html HTTP/1.1" 200 47135 "-" "Mozilla/5.0 (Linux; Android 6.0.1; Nexus 5X Build/MMB29P) AppleWebKit/537.36 (KHTML, like Gecko) Chrome/140.0.7339.207 Mobile Safari/537.36 (compatible; Googlebot/2.1; +http://www.google.com/bot.html)"
178.171.124.181 - - [20/Oct/2025:08:12:36 -0400] "GET /wp-content/uploads/2018/09/Green-Twist-CBD-Oil-best-reslut.jpg HTTP/1.1" 404 73592 "-" "Mozilla/5.0 (Macintosh; Intel Mac OS X 14_3_1) AppleWebKit/605.1.15 (KHTML, like Gecko) Version/17.2 Safari/605.1.15"
66.249.79.164 - - [20/Oct/2025:08:12:45 -0400] "GET /?shopping/product/15752131908.html HTTP/1.1" 301 - "-" "Mozilla/5.0 (Linux; Android 6.0.1; Nexus 5X Build/MMB29P) AppleWebKit/537.36 (KHTML, like Gecko) Chrome/140.0.7339.207 Mobile Safari/537.36 (compatible; Googlebot/2.1; +http://www.google.com/bot.html)"
66.249.79.164 - - [20/Oct/2025:08:12:45 -0400] "GET /?shopping%2Fproduct%2F15752131908_html HTTP/1.1" 200 47135 "-" "Mozilla/5.0 (Linux; Android 6.0.1; Nexus 5X Build/MMB29P) AppleWebKit/537.36 (KHTML, like Gecko) Chrome/140.0.7339.207 Mobile Safari/537.36 (compatible; Googlebot/2.1; +http://www.google.com/bot.html)"
217.113.194.10 - - [20/Oct/2025:08:12:47 -0400] "GET /wp-content/uploads/french-vanilla-knbm/51e2a0-nyc-security-deposit-law-covid HTTP/1.1" 404 73592 "-" "Mozilla/5.0 (compatible; Barkrowler/0.9; +https://babbar.tech/crawler)"
66.249.79.164 - - [20/Oct/2025:08:12:53 -0400] "GET /the-increase-of-minimalist-fashion-in-female-s-14/ HTTP/1.1" 200 49508 "-" "Mozilla/5.0 (Linux; Android 6.0.1; Nexus 5X Build/MMB29P) AppleWebKit/537.36 (KHTML, like Gecko) Chrome/140.0.7339.207 Mobile Safari/537.36 (compatible; Googlebot/2.1; +http://www.google.com/bot.html)"
66.249.79.166 - - [20/Oct/2025:08:13:00 -0400] "GET /?shopping/product/15762884519.html HTTP/1.1" 301 - "-" "Mozilla/5.0 (Linux; Android 6.0.1; Nexus 5X Build/MMB29P) AppleWebKit/537.36 (KHTML, like Gecko) Chrome/140.0.7339.207 Mobile Safari/537.36 (compatible; Googlebot/2.1; +http://www.google.com/bot.html)"
66.249.79.164 - - [20/Oct/2025:08:13:01 -0400] "GET /?shopping%2Fproduct%2F15762884519_html HTTP/1.1" 200 47135 "-" "Mozilla/5.0 (Linux; Android 6.0.1; Nexus 5X Build/MMB29P) AppleWebKit/537.36 (KHTML, like Gecko) Chrome/140.0.7339.207 Mobile Safari/537.36 (compatible; Googlebot/2.1; +http://www.google.com/bot.html)"
217.113.194.3 - - [20/Oct/2025:08:13:09 -0400] "GET /wp-content/uploads/french-vanilla-knbm/51e2a0-exponent-rules-worksheet-pdf HTTP/1.1" 404 73592 "-" "Mozilla/5.0 (compatible; Barkrowler/0.9; +https://babbar.tech/crawler)"
66.249.79.165 - - [20/Oct/2025:08:13:12 -0400] "GET /wp-content/plugins/td-composer/mobile//images/no-thumb/td_meta_replacement.png HTTP/1.1" 301 - "-" "Googlebot-Image/1.0"
66.249.79.165 - - [20/Oct/2025:08:13:12 -0400] "GET /wp-content/plugins/td-composer/mobile/images/no-thumb/td_meta_replacement.png HTTP/1.1" 404 73592 "-" "Googlebot-Image/1.0"
66.249.79.164 - - [20/Oct/2025:08:13:16 -0400] "GET /?shopping/product/1571255675.html HTTP/1.1" 301 - "-" "Mozilla/5.0 (Linux; Android 6.0.1; Nexus 5X Build/MMB29P) AppleWebKit/537.36 (KHTML, like Gecko) Chrome/140.0.7339.207 Mobile Safari/537.36 (compatible; Googlebot/2.1; +http://www.google.com/bot.html)"
66.249.79.164 - - [20/Oct/2025:08:13:16 -0400] "GET /?shopping%2Fproduct%2F1571255675_html HTTP/1.1" 200 47129 "-" "Mozilla/5.0 (Linux; Android 6.0.1; Nexus 5X Build/MMB29P) AppleWebKit/537.36 (KHTML, like Gecko) Chrome/140.0.7339.207 Mobile Safari/537.36 (compatible; Googlebot/2.1; +http://www.google.com/bot.html)"
198.244.226.193 - - [20/Oct/2025:08:13:27 -0400] "GET /category/uncategorized/page/187/?filter_by=random_posts HTTP/1.1" 200 86375 "-" "Mozilla/5.0 (compatible; AhrefsBot/7.0; +http://ahrefs.com/robot/)"
66.249.79.164 - - [20/Oct/2025:08:13:31 -0400] "GET /?shopping/product/15741630249.html HTTP/1.1" 301 - "-" "Mozilla/5.0 (Linux; Android 6.0.1; Nexus 5X Build/MMB29P) AppleWebKit/537.36 (KHTML, like Gecko) Chrome/140.0.7339.207 Mobile Safari/537.36 (compatible; Googlebot/2.1; +http://www.google.com/bot.html)"
217.113.194.203 - - [20/Oct/2025:08:13:32 -0400] "GET /wp-content/uploads/french-vanilla-knbm/51e2a0-predator-on-horse-sideshow HTTP/1.1" 404 73592 "-" "Mozilla/5.0 (compatible; Barkrowler/0.9; +https://babbar.tech/crawler)"
66.249.79.164 - - [20/Oct/2025:08:13:32 -0400] "GET /?shopping%2Fproduct%2F15741630249_html HTTP/1.1" 200 47135 "-" "Mozilla/5.0 (Linux; Android 6.0.1; Nexus 5X Build/MMB29P) AppleWebKit/537.36 (KHTML, like Gecko) Chrome/140.0.7339.207 Mobile Safari/537.36 (compatible; Googlebot/2.1; +http://www.google.com/bot.html)"
66.249.79.164 - - [20/Oct/2025:08:13:47 -0400] "GET /?shopping/product/15762517639.html HTTP/1.1" 301 - "-" "Mozilla/5.0 (Linux; Android 6.0.1; Nexus 5X Build/MMB29P) AppleWebKit/537.36 (KHTML, like Gecko) Chrome/140.0.7339.207 Mobile Safari/537.36 (compatible; Googlebot/2.1; +http://www.google.com/bot.html)"
66.249.79.164 - - [20/Oct/2025:08:13:47 -0400] "GET /?shopping%2Fproduct%2F15762517639_html HTTP/1.1" 200 47135 "-" "Mozilla/5.0 (Linux; Android 6.0.1; Nexus 5X Build/MMB29P) AppleWebKit/537.36 (KHTML, like Gecko) Chrome/140.0.7339.207 Mobile Safari/537.36 (compatible; Googlebot/2.1; +http://www.google.com/bot.html)"
217.113.194.202 - - [20/Oct/2025:08:13:55 -0400] "GET /wp-content/uploads/french-vanilla-knbm/51e2a0-what-is-a-fuse-box-in-a-car HTTP/1.1" 404 73592 "-" "Mozilla/5.0 (compatible; Barkrowler/0.9; +https://babbar.tech/crawler)"
65.109.104.153 - - [20/Oct/2025:08:14:00 -0400] "GET /etude-approfondie-de-unibet-pour-joueurs-francophones/ HTTP/1.1" 200 82349 "-" "Mozilla/5.0 (X11; Fedora; Linux x86_64; rv:114.0) Gecko/20100101 Firefox/114.0"
66.249.79.164 - - [20/Oct/2025:08:14:02 -0400] "GET /?shopping/product/1571344299.html HTTP/1.1" 301 - "-" "Mozilla/5.0 (Linux; Android 6.0.1; Nexus 5X Build/MMB29P) AppleWebKit/537.36 (KHTML, like Gecko) Chrome/140.0.7339.207 Mobile Safari/537.36 (compatible; Googlebot/2.1; +http://www.google.com/bot.html)"
66.249.79.165 - - [20/Oct/2025:08:14:03 -0400] "GET /?shopping%2Fproduct%2F1571344299_html HTTP/1.1" 200 47129 "-" "Mozilla/5.0 (Linux; Android 6.0.1; Nexus 5X Build/MMB29P) AppleWebKit/537.36 (KHTML, like Gecko) Chrome/140.0.7339.207 Mobile Safari/537.36 (compatible; Googlebot/2.1; +http://www.google.com/bot.html)"
198.244.183.106 - - [20/Oct/2025:08:14:08 -0400] "GET /andronite-enhanced/ HTTP/1.1" 404 73592 "-" "Mozilla/5.0 (compatible; AhrefsBot/7.0; +http://ahrefs.com/robot/)"
217.113.194.10 - - [20/Oct/2025:08:14:17 -0400] "GET /wp-content/uploads/french-vanilla-knbm/51e2a0-hunter-irrigation-dealer-near-me HTTP/1.1" 404 73592 "-" "Mozilla/5.0 (compatible; Barkrowler/0.9; +https://babbar.tech/crawler)"
66.249.79.165 - - [20/Oct/2025:08:14:17 -0400] "GET /?shopping/product/15762527328.html HTTP/1.1" 301 - "-" "Mozilla/5.0 (Linux; Android 6.0.1; Nexus 5X Build/MMB29P) AppleWebKit/537.36 (KHTML, like Gecko) Chrome/140.0.7339.207 Mobile Safari/537.36 (compatible; Googlebot/2.1; +http://www.google.com/bot.html)"
66.249.79.164 - - [20/Oct/2025:08:14:19 -0400] "GET /?shopping%2Fproduct%2F15762527328_html HTTP/1.1" 200 47135 "-" "Mozilla/5.0 (Linux; Android 6.0.1; Nexus 5X Build/MMB29P) AppleWebKit/537.36 (KHTML, like Gecko) Chrome/140.0.7339.207 Mobile Safari/537.36 (compatible; Googlebot/2.1; +http://www.google.com/bot.html)"
213.199.39.78 - - [20/Oct/2025:08:14:25 -0400] "GET /casombie-casino-comment-les-probabilites-menent-a-la-victoire/ HTTP/1.1" 200 84558 "-" "Mozilla/5.0 (X11; Fedora; Linux x86_64; rv:114.0) Gecko/20100101 Firefox/114.0"
198.244.240.13 - - [20/Oct/2025:08:14:27 -0400] "GET /category/uncategorized/page/200/?filter_by=popular HTTP/1.1" 200 86161 "-" "Mozilla/5.0 (compatible; AhrefsBot/7.0; +http://ahrefs.com/robot/)"
66.249.79.164 - - [20/Oct/2025:08:14:33 -0400] "GET /?shopping/product/15741797369.html HTTP/1.1" 301 - "-" "Mozilla/5.0 (Linux; Android 6.0.1; Nexus 5X Build/MMB29P) AppleWebKit/537.36 (KHTML, like Gecko) Chrome/140.0.7339.207 Mobile Safari/537.36 (compatible; Googlebot/2.1; +http://www.google.com/bot.html)"
66.249.79.164 - - [20/Oct/2025:08:14:34 -0400] "GET /?shopping%2Fproduct%2F15741797369_html HTTP/1.1" 200 47135 "-" "Mozilla/5.0 (Linux; Android 6.0.1; Nexus 5X Build/MMB29P) AppleWebKit/537.36 (KHTML, like Gecko) Chrome/140.0.7339.207 Mobile Safari/537.36 (compatible; Googlebot/2.1; +http://www.google.com/bot.html)"
217.113.194.7 - - [20/Oct/2025:08:14:39 -0400] "GET /wp-content/uploads/french-vanilla-knbm/51e2a0-fiat-500-start-stop-not-working HTTP/1.1" 404 73592 "-" "Mozilla/5.0 (compatible; Barkrowler/0.9; +https://babbar.tech/crawler)"
159.223.46.114 - - [20/Oct/2025:08:14:43 -0400] "POST /xmlrpc.php HTTP/1.1" 200 403 "https://menintalk.com" "Mozilla/5.0 (Macintosh; Intel Mac OS X 10_15_7) AppleWebKit/537.36 (KHTML, like Gecko) Chrome/112.0.5615.138 Safari/537.36"
66.249.79.164 - - [20/Oct/2025:08:14:48 -0400] "GET /?shopping/product/15752214138.html HTTP/1.1" 301 - "-" "Mozilla/5.0 (Linux; Android 6.0.1; Nexus 5X Build/MMB29P) AppleWebKit/537.36 (KHTML, like Gecko) Chrome/140.0.7339.207 Mobile Safari/537.36 (compatible; Googlebot/2.1; +http://www.google.com/bot.html)"
66.249.79.164 - - [20/Oct/2025:08:14:49 -0400] "GET /?shopping%2Fproduct%2F15752214138_html HTTP/1.1" 200 47135 "-" "Mozilla/5.0 (Linux; Android 6.0.1; Nexus 5X Build/MMB29P) AppleWebKit/537.36 (KHTML, like Gecko) Chrome/140.0.7339.207 Mobile Safari/537.36 (compatible; Googlebot/2.1; +http://www.google.com/bot.html)"
217.113.194.7 - - [20/Oct/2025:08:15:01 -0400] "GET /wp-content/uploads/french-vanilla-knbm/51e2a0-call-me-lyrics-90sflav HTTP/1.1" 404 73592 "-" "Mozilla/5.0 (compatible; Barkrowler/0.9; +https://babbar.tech/crawler)"
66.249.79.166 - - [20/Oct/2025:08:15:04 -0400] "GET /?shopping/product/15752371453.html HTTP/1.1" 301 - "-" "Mozilla/5.0 (Linux; Android 6.0.1; Nexus 5X Build/MMB29P) AppleWebKit/537.36 (KHTML, like Gecko) Chrome/140.0.7339.207 Mobile Safari/537.36 (compatible; Googlebot/2.1; +http://www.google.com/bot.html)"
66.249.79.164 - - [20/Oct/2025:08:15:05 -0400] "GET /?shopping%2Fproduct%2F15752371453_html HTTP/1.1" 200 47135 "-" "Mozilla/5.0 (Linux; Android 6.0.1; Nexus 5X Build/MMB29P) AppleWebKit/537.36 (KHTML, like Gecko) Chrome/140.0.7339.207 Mobile Safari/537.36 (compatible; Googlebot/2.1; +http://www.google.com/bot.html)"
203.210.237.200 - - [20/Oct/2025:08:15:11 -0400] "POST /xmlrpc.php HTTP/1.1" 200 401 "-" "Mozilla/4.0 (compatible; MSIE 7.0; Windows NT 6.3; WOW64; Trident/7.0; Touch; .NET4.0E; .NET4.0C; Tablet PC 2.0; .NET CLR 3.5.30729; .NET CLR 2.0.50727; .NET CLR 3.0.30729)"
66.249.79.165 - - [20/Oct/2025:08:15:19 -0400] "GET /?shopping/product/15752221189.html HTTP/1.1" 301 - "-" "Mozilla/5.0 (Linux; Android 6.0.1; Nexus 5X Build/MMB29P) AppleWebKit/537.36 (KHTML, like Gecko) Chrome/140.0.7339.207 Mobile Safari/537.36 (compatible; Googlebot/2.1; +http://www.google.com/bot.html)"
66.249.79.165 - - [20/Oct/2025:08:15:20 -0400] "GET /?shopping%2Fproduct%2F15752221189_html HTTP/1.1" 200 47135 "-" "Mozilla/5.0 (Linux; Android 6.0.1; Nexus 5X Build/MMB29P) AppleWebKit/537.36 (KHTML, like Gecko) Chrome/140.0.7339.207 Mobile Safari/537.36 (compatible; Googlebot/2.1; +http://www.google.com/bot.html)"
217.113.194.2 - - [20/Oct/2025:08:15:23 -0400] "GET /wp-content/uploads/french-vanilla-knbm/51e2a0-tiered-lace-wedding-dress HTTP/1.1" 404 73592 "-" "Mozilla/5.0 (compatible; Barkrowler/0.9; +https://babbar.tech/crawler)"
198.244.183.63 - - [20/Oct/2025:08:15:33 -0400] "GET /10-best-multivitamin-for-men/ HTTP/1.1" 200 86557 "-" "Mozilla/5.0 (compatible; AhrefsBot/7.0; +http://ahrefs.com/robot/)"
66.249.79.164 - - [20/Oct/2025:08:15:35 -0400] "GET /?shopping/product/15741753701.html HTTP/1.1" 301 - "-" "Mozilla/5.0 (Linux; Android 6.0.1; Nexus 5X Build/MMB29P) AppleWebKit/537.36 (KHTML, like Gecko) Chrome/140.0.7339.207 Mobile Safari/537.36 (compatible; Googlebot/2.1; +http://www.google.com/bot.html)"
66.249.79.164 - - [20/Oct/2025:08:15:36 -0400] "GET /?shopping%2Fproduct%2F15741753701_html HTTP/1.1" 200 47135 "-" "Mozilla/5.0 (Linux; Android 6.0.1; Nexus 5X Build/MMB29P) AppleWebKit/537.36 (KHTML, like Gecko) Chrome/140.0.7339.207 Mobile Safari/537.36 (compatible; Googlebot/2.1; +http://www.google.com/bot.html)"
217.113.194.203 - - [20/Oct/2025:08:15:47 -0400] "GET /wp-content/uploads/french-vanilla-knbm/51e2a0-swot-analysis-for-steel-company HTTP/1.1" 404 73592 "-" "Mozilla/5.0 (compatible; Barkrowler/0.9; +https://babbar.tech/crawler)"
66.249.79.164 - - [20/Oct/2025:08:15:50 -0400] "GET /?shopping/product/15741866507.html HTTP/1.1" 301 - "-" "Mozilla/5.0 (Linux; Android 6.0.1; Nexus 5X Build/MMB29P) AppleWebKit/537.36 (KHTML, like Gecko) Chrome/140.0.7339.207 Mobile Safari/537.36 (compatible; Googlebot/2.1; +http://www.google.com/bot.html)"
66.249.79.164 - - [20/Oct/2025:08:15:51 -0400] "GET /?shopping%2Fproduct%2F15741866507_html HTTP/1.1" 200 47135 "-" "Mozilla/5.0 (Linux; Android 6.0.1; Nexus 5X Build/MMB29P) AppleWebKit/537.36 (KHTML, like Gecko) Chrome/140.0.7339.207 Mobile Safari/537.36 (compatible; Googlebot/2.1; +http://www.google.com/bot.html)"
66.249.79.164 - - [20/Oct/2025:08:16:06 -0400] "GET /?shopping/product/15741628361.html HTTP/1.1" 301 - "-" "Mozilla/5.0 (Linux; Android 6.0.1; Nexus 5X Build/MMB29P) AppleWebKit/537.36 (KHTML, like Gecko) Chrome/140.0.7339.207 Mobile Safari/537.36 (compatible; Googlebot/2.1; +http://www.google.com/bot.html)"
66.249.79.165 - - [20/Oct/2025:08:16:07 -0400] "GET /?shopping%2Fproduct%2F15741628361_html HTTP/1.1" 200 47135 "-" "Mozilla/5.0 (Linux; Android 6.0.1; Nexus 5X Build/MMB29P) AppleWebKit/537.36 (KHTML, like Gecko) Chrome/140.0.7339.207 Mobile Safari/537.36 (compatible; Googlebot/2.1; +http://www.google.com/bot.html)"
88.238.35.139 - - [20/Oct/2025:08:16:09 -0400] "GET /les-cles-des-probabilites-pour-des-gains-spectaculaires-au-plaza-royal-casino/ HTTP/1.1" 200 84190 "https://menintalk.com/" "Mozilla/5.0 (Macintosh; Intel Mac OS X 12_5) AppleWebKit/537.36 (KHTML, like Gecko) Chrome/114.0.0.0 Safari/537.36 Vivaldi/5.3.2679.68"
88.238.35.139 - - [20/Oct/2025:08:16:12 -0400] "POST /wp-comments-post.php HTTP/1.1" 302 - "https://menintalk.com/les-cles-des-probabilites-pour-des-gains-spectaculaires-au-plaza-royal-casino/" "Mozilla/5.0 (Macintosh; Intel Mac OS X 12_5) AppleWebKit/537.36 (KHTML, like Gecko) Chrome/114.0.0.0 Safari/537.36 Vivaldi/5.3.2679.68"
88.238.35.139 - - [20/Oct/2025:08:16:13 -0400] "GET /les-cles-des-probabilites-pour-des-gains-spectaculaires-au-plaza-royal-casino/?unapproved=3493&moderation-hash=374ff7cb6816f1637506f9b1675bf40b HTTP/1.1" 200 86877 "https://menintalk.com/wp-comments-post.php" "Mozilla/5.0 (Macintosh; Intel Mac OS X 12_5) AppleWebKit/537.36 (KHTML, like Gecko) Chrome/114.0.0.0 Safari/537.36 Vivaldi/5.3.2679.68"
88.238.35.139 - - [20/Oct/2025:08:16:14 -0400] "GET /les-cles-des-probabilites-pour-des-gains-spectaculaires-au-plaza-royal-casino/ HTTP/1.1" 200 84190 "-" "Mozilla/5.0 (Macintosh; Intel Mac OS X 12_5) AppleWebKit/537.36 (KHTML, like Gecko) Chrome/114.0.0.0 Safari/537.36 Vivaldi/5.3.2679.68"
217.113.194.6 - - [20/Oct/2025:08:16:16 -0400] "GET /wp-content/uploads/french-vanilla-knbm/51e2a0-cbse-junior-colleges-in-pune HTTP/1.1" 404 73592 "-" "Mozilla/5.0 (compatible; Barkrowler/0.9; +https://babbar.tech/crawler)"
66.249.79.164 - - [20/Oct/2025:08:16:21 -0400] "GET /?shopping/product/15741590698.html HTTP/1.1" 301 - "-" "Mozilla/5.0 (Linux; Android 6.0.1; Nexus 5X Build/MMB29P) AppleWebKit/537.36 (KHTML, like Gecko) Chrome/140.0.7339.207 Mobile Safari/537.36 (compatible; Googlebot/2.1; +http://www.google.com/bot.html)"
66.249.79.165 - - [20/Oct/2025:08:16:22 -0400] "GET /?shopping%2Fproduct%2F15741590698_html HTTP/1.1" 200 47135 "-" "Mozilla/5.0 (Linux; Android 6.0.1; Nexus 5X Build/MMB29P) AppleWebKit/537.36 (KHTML, like Gecko) Chrome/140.0.7339.207 Mobile Safari/537.36 (compatible; Googlebot/2.1; +http://www.google.com/bot.html)"
66.249.79.164 - - [20/Oct/2025:08:16:37 -0400] "GET /?shopping/product/15762604450.html HTTP/1.1" 301 - "-" "Mozilla/5.0 (Linux; Android 6.0.1; Nexus 5X Build/MMB29P) AppleWebKit/537.36 (KHTML, like Gecko) Chrome/140.0.7339.207 Mobile Safari/537.36 (compatible; Googlebot/2.1; +http://www.google.com/bot.html)"
66.249.79.164 - - [20/Oct/2025:08:16:37 -0400] "GET /?shopping%2Fproduct%2F15762604450_html HTTP/1.1" 200 47135 "-" "Mozilla/5.0 (Linux; Android 6.0.1; Nexus 5X Build/MMB29P) AppleWebKit/537.36 (KHTML, like Gecko) Chrome/140.0.7339.207 Mobile Safari/537.36 (compatible; Googlebot/2.1; +http://www.google.com/bot.html)"
217.113.194.4 - - [20/Oct/2025:08:16:44 -0400] "GET /wp-content/uploads/french-vanilla-knbm/51e2a0-mercedes-assembly-line-salary HTTP/1.1" 404 73592 "-" "Mozilla/5.0 (compatible; Barkrowler/0.9; +https://babbar.tech/crawler)"
66.249.79.164 - - [20/Oct/2025:08:16:52 -0400] "GET /?shopping/product/15741957577.html HTTP/1.1" 301 - "-" "Mozilla/5.0 (Linux; Android 6.0.1; Nexus 5X Build/MMB29P) AppleWebKit/537.36 (KHTML, like Gecko) Chrome/140.0.7339.207 Mobile Safari/537.36 (compatible; Googlebot/2.1; +http://www.google.com/bot.html)"
66.249.79.164 - - [20/Oct/2025:08:16:53 -0400] "GET /?shopping%2Fproduct%2F15741957577_html HTTP/1.1" 200 47135 "-" "Mozilla/5.0 (Linux; Android 6.0.1; Nexus 5X Build/MMB29P) AppleWebKit/537.36 (KHTML, like Gecko) Chrome/140.0.7339.207 Mobile Safari/537.36 (compatible; Googlebot/2.1; +http://www.google.com/bot.html)"
51.195.183.23 - - [20/Oct/2025:08:16:55 -0400] "GET /magnumax-australia/ HTTP/1.1" 404 73592 "-" "Mozilla/5.0 (compatible; AhrefsBot/7.0; +http://ahrefs.com/robot/)"
66.249.79.165 - - [20/Oct/2025:08:17:08 -0400] "GET /?shopping/product/15762925322.html HTTP/1.1" 301 - "-" "Mozilla/5.0 (Linux; Android 6.0.1; Nexus 5X Build/MMB29P) AppleWebKit/537.36 (KHTML, like Gecko) Chrome/140.0.7339.207 Mobile Safari/537.36 (compatible; Googlebot/2.1; +http://www.google.com/bot.html)"
66.249.79.165 - - [20/Oct/2025:08:17:08 -0400] "GET /?shopping%2Fproduct%2F15762925322_html HTTP/1.1" 200 47135 "-" "Mozilla/5.0 (Linux; Android 6.0.1; Nexus 5X Build/MMB29P) AppleWebKit/537.36 (KHTML, like Gecko) Chrome/140.0.7339.207 Mobile Safari/537.36 (compatible; Googlebot/2.1; +http://www.google.com/bot.html)"
217.113.194.242 - - [20/Oct/2025:08:17:09 -0400] "GET /wp-content/uploads/french-vanilla-knbm/51e2a0-high-loft-batting-for-comforter HTTP/1.1" 404 73592 "-" "Mozilla/5.0 (compatible; Barkrowler/0.9; +https://babbar.tech/crawler)"
18.208.11.93 - - [20/Oct/2025:08:17:16 -0400] "GET /lower-body-workouts/4/ HTTP/1.1" 200 83143 "-" "Mozilla/5.0 AppleWebKit/537.36 (KHTML, like Gecko; compatible; Amazonbot/0.1; +https://developer.amazon.com/support/amazonbot) Chrome/119.0.6045.214 Safari/537.36"
66.249.79.165 - - [20/Oct/2025:08:17:18 -0400] "GET /the-increase-of-minimalist-fashion-in-female-s-14/ HTTP/1.1" 200 49508 "-" "Mozilla/5.0 (Linux; Android 6.0.1; Nexus 5X Build/MMB29P) AppleWebKit/537.36 (KHTML, like Gecko) Chrome/99.0.4844.84 Mobile Safari/537.36 (compatible; Googlebot/2.1; +http://www.google.com/bot.html)"
184.73.239.35 - - [20/Oct/2025:08:17:21 -0400] "GET /tag/sexual-energy/ HTTP/1.1" 200 66994 "-" "Mozilla/5.0 AppleWebKit/537.36 (KHTML, like Gecko; compatible; Amazonbot/0.1; +https://developer.amazon.com/support/amazonbot) Chrome/119.0.6045.214 Safari/537.36"
66.249.79.164 - - [20/Oct/2025:08:17:23 -0400] "GET /?shopping/product/1572506575.html HTTP/1.1" 301 - "-" "Mozilla/5.0 (Linux; Android 6.0.1; Nexus 5X Build/MMB29P) AppleWebKit/537.36 (KHTML, like Gecko) Chrome/140.0.7339.207 Mobile Safari/537.36 (compatible; Googlebot/2.1; +http://www.google.com/bot.html)"
162.240.238.172 - - [20/Oct/2025:08:17:23 -0400] "POST /xmlrpc.php HTTP/1.1" 200 401 "-" "Mozilla/5.0 (Windows NT 6.1; WOW64) AppleWebKit/537.36 (KHTML, like Gecko) Chrome/66.0.3359.139 Safari/537.36"
66.249.79.164 - - [20/Oct/2025:08:17:24 -0400] "GET /?shopping%2Fproduct%2F1572506575_html HTTP/1.1" 200 47129 "-" "Mozilla/5.0 (Linux; Android 6.0.1; Nexus 5X Build/MMB29P) AppleWebKit/537.36 (KHTML, like Gecko) Chrome/140.0.7339.207 Mobile Safari/537.36 (compatible; Googlebot/2.1; +http://www.google.com/bot.html)"
217.113.194.3 - - [20/Oct/2025:08:17:31 -0400] "GET /wp-content/uploads/french-vanilla-knbm/51e2a0-threats-to-lockheed-martin HTTP/1.1" 404 73592 "-" "Mozilla/5.0 (compatible; Barkrowler/0.9; +https://babbar.tech/crawler)"
88.238.35.139 - - [20/Oct/2025:08:17:38 -0400] "GET /les-cles-des-probabilites-pour-des-gains-spectaculaires-au-plaza-royal-casino/ HTTP/1.1" 200 84190 "-" "Mozilla/5.0 (X11; Fedora; Linux x86_64; rv:114.0) Gecko/20100101 Firefox/114.0"
66.249.79.164 - - [20/Oct/2025:08:17:38 -0400] "GET /?shopping/product/1571332288.html HTTP/1.1" 301 - "-" "Mozilla/5.0 (Linux; Android 6.0.1; Nexus 5X Build/MMB29P) AppleWebKit/537.36 (KHTML, like Gecko) Chrome/140.0.7339.207 Mobile Safari/537.36 (compatible; Googlebot/2.1; +http://www.google.com/bot.html)"
66.249.79.164 - - [20/Oct/2025:08:17:39 -0400] "GET /?shopping%2Fproduct%2F1571332288_html HTTP/1.1" 200 47129 "-" "Mozilla/5.0 (Linux; Android 6.0.1; Nexus 5X Build/MMB29P) AppleWebKit/537.36 (KHTML, like Gecko) Chrome/140.0.7339.207 Mobile Safari/537.36 (compatible; Googlebot/2.1; +http://www.google.com/bot.html)"
198.12.120.10 - - [20/Oct/2025:08:17:40 -0400] "GET /as-probabilidades-explicadas-para-maximizar-resultados-no-fogo777-casino/ HTTP/1.1" 200 84006 "-" "Mozilla/5.0 (X11; Linux x86_64) AppleWebKit/537.36 (KHTML, like Gecko) Chrome/114.0.0.0 Safari/537.36 Vivaldi/5.3.2679.68"
198.12.120.10 - - [20/Oct/2025:08:17:42 -0400] "POST /wp-comments-post.php HTTP/1.1" 302 - "https://menintalk.com/as-probabilidades-explicadas-para-maximizar-resultados-no-fogo777-casino/" "Mozilla/5.0 (X11; Linux x86_64) AppleWebKit/537.36 (KHTML, like Gecko) Chrome/114.0.0.0 Safari/537.36 Vivaldi/5.3.2679.68"
198.12.120.10 - - [20/Oct/2025:08:17:43 -0400] "GET /as-probabilidades-explicadas-para-maximizar-resultados-no-fogo777-casino/?unapproved=3494&moderation-hash=d4b1f06a81332508e7b36bd93f5e3701 HTTP/1.1" 200 86952 "https://menintalk.com/wp-comments-post.php" "Mozilla/5.0 (X11; Linux x86_64) AppleWebKit/537.36 (KHTML, like Gecko) Chrome/114.0.0.0 Safari/537.36 Vivaldi/5.3.2679.68"
198.12.120.10 - - [20/Oct/2025:08:17:44 -0400] "GET /as-probabilidades-explicadas-para-maximizar-resultados-no-fogo777-casino/ HTTP/1.1" 200 84006 "-" "Mozilla/5.0 (X11; Linux x86_64) AppleWebKit/537.36 (KHTML, like Gecko) Chrome/114.0.0.0 Safari/537.36 Vivaldi/5.3.2679.68"
217.76.158.60 - - [20/Oct/2025:08:17:53 -0400] "GET /wp-login.php HTTP/1.1" 200 5947 "-" "Mozilla/5.0 (Macintosh; Intel Mac OS X 10_12_6) AppleWebKit/604.4.7 (KHTML, like Gecko) Version/11.0.2 Safari/604.4.7"
217.113.194.4 - - [20/Oct/2025:08:17:53 -0400] "GET /wp-content/uploads/french-vanilla-knbm/51e2a0-edward%27s-menagerie-patterns HTTP/1.1" 404 73592 "-" "Mozilla/5.0 (compatible; Barkrowler/0.9; +https://babbar.tech/crawler)"
66.249.79.164 - - [20/Oct/2025:08:17:54 -0400] "GET /?shopping/product/15741606541.html HTTP/1.1" 301 - "-" "Mozilla/5.0 (Linux; Android 6.0.1; Nexus 5X Build/MMB29P) AppleWebKit/537.36 (KHTML, like Gecko) Chrome/140.0.7339.207 Mobile Safari/537.36 (compatible; Googlebot/2.1; +http://www.google.com/bot.html)"
66.249.79.164 - - [20/Oct/2025:08:17:55 -0400] "GET /?shopping%2Fproduct%2F15741606541_html HTTP/1.1" 200 47135 "-" "Mozilla/5.0 (Linux; Android 6.0.1; Nexus 5X Build/MMB29P) AppleWebKit/537.36 (KHTML, like Gecko) Chrome/140.0.7339.207 Mobile Safari/537.36 (compatible; Googlebot/2.1; +http://www.google.com/bot.html)"
66.249.79.165 - - [20/Oct/2025:08:18:09 -0400] "GET /?shopping/product/15741506210.html HTTP/1.1" 301 - "-" "Mozilla/5.0 (Linux; Android 6.0.1; Nexus 5X Build/MMB29P) AppleWebKit/537.36 (KHTML, like Gecko) Chrome/140.0.7339.207 Mobile Safari/537.36 (compatible; Googlebot/2.1; +http://www.google.com/bot.html)"
66.249.79.165 - - [20/Oct/2025:08:18:10 -0400] "GET /?shopping%2Fproduct%2F15741506210_html HTTP/1.1" 200 47135 "-" "Mozilla/5.0 (Linux; Android 6.0.1; Nexus 5X Build/MMB29P) AppleWebKit/537.36 (KHTML, like Gecko) Chrome/140.0.7339.207 Mobile Safari/537.36 (compatible; Googlebot/2.1; +http://www.google.com/bot.html)"
217.113.194.11 - - [20/Oct/2025:08:18:15 -0400] "GET /wp-content/uploads/french-vanilla-knbm/51e2a0-adyan-name-meaning-in-urdu HTTP/1.1" 404 73592 "-" "Mozilla/5.0 (compatible; Barkrowler/0.9; +https://babbar.tech/crawler)"
51.195.244.19 - - [20/Oct/2025:08:18:23 -0400] "GET /try-bravado-male-enhancement-for-a-natural-sexual-performance-spike/ HTTP/1.1" 200 92120 "-" "Mozilla/5.0 (compatible; AhrefsBot/7.0; +http://ahrefs.com/robot/)"
66.249.79.164 - - [20/Oct/2025:08:18:25 -0400] "GET /?shopping/product/1571413650.html HTTP/1.1" 301 - "-" "Mozilla/5.0 (Linux; Android 6.0.1; Nexus 5X Build/MMB29P) AppleWebKit/537.36 (KHTML, like Gecko) Chrome/140.0.7339.207 Mobile Safari/537.36 (compatible; Googlebot/2.1; +http://www.google.com/bot.html)"
66.249.79.165 - - [20/Oct/2025:08:18:26 -0400] "GET /?shopping%2Fproduct%2F1571413650_html HTTP/1.1" 200 47129 "-" "Mozilla/5.0 (Linux; Android 6.0.1; Nexus 5X Build/MMB29P) AppleWebKit/537.36 (KHTML, like Gecko) Chrome/140.0.7339.207 Mobile Safari/537.36 (compatible; Googlebot/2.1; +http://www.google.com/bot.html)"
181.214.31.78 - - [20/Oct/2025:08:18:29 -0400] "POST /xmlrpc.php HTTP/1.1" 200 403 "https://menintalk.com" "Mozilla/5.0 (Macintosh; Intel Mac OS X 10_15_7; rv:125.0.1) Gecko/20100101 Firefox/125.0.1"
45.12.143.147 - - [20/Oct/2025:08:18:31 -0400] "GET /as-probabilidades-explicadas-para-maximizar-resultados-no-donaldbet-casino/ HTTP/1.1" 200 83466 "https://menintalk.com/" "Mozilla/5.0 (X11; Ubuntu; Linux x86_64; rv:114.0) Gecko/20100101 Firefox/114.0"
45.12.143.147 - - [20/Oct/2025:08:18:32 -0400] "POST /wp-comments-post.php HTTP/1.1" 302 - "https://menintalk.com/as-probabilidades-explicadas-para-maximizar-resultados-no-donaldbet-casino/" "Mozilla/5.0 (X11; Ubuntu; Linux x86_64; rv:114.0) Gecko/20100101 Firefox/114.0"
45.12.143.147 - - [20/Oct/2025:08:18:34 -0400] "GET /as-probabilidades-explicadas-para-maximizar-resultados-no-donaldbet-casino/?unapproved=3495&moderation-hash=9e7076e702df6ed3310952eac664b5c6 HTTP/1.1" 200 86376 "https://menintalk.com/wp-comments-post.php" "Mozilla/5.0 (X11; Ubuntu; Linux x86_64; rv:114.0) Gecko/20100101 Firefox/114.0"
45.12.143.147 - - [20/Oct/2025:08:18:35 -0400] "GET /as-probabilidades-explicadas-para-maximizar-resultados-no-donaldbet-casino/ HTTP/1.1" 200 83466 "-" "Mozilla/5.0 (X11; Ubuntu; Linux x86_64; rv:114.0) Gecko/20100101 Firefox/114.0"
217.113.194.5 - - [20/Oct/2025:08:18:37 -0400] "GET /wp-content/uploads/french-vanilla-knbm/51e2a0-pike-county-funeral-homes HTTP/1.1" 404 73592 "-" "Mozilla/5.0 (compatible; Barkrowler/0.9; +https://babbar.tech/crawler)"
198.12.120.10 - - [20/Oct/2025:08:18:43 -0400] "GET /as-probabilidades-explicadas-para-maximizar-resultados-no-fogo777-casino/ HTTP/1.1" 200 84006 "-" "Mozilla/5.0 (X11; Fedora; Linux x86_64; rv:114.0) Gecko/20100101 Firefox/114.0"
66.249.79.164 - - [20/Oct/2025:08:18:44 -0400] "GET /?shopping/product/15752310813.html HTTP/1.1" 301 - "-" "Mozilla/5.0 (Linux; Android 6.0.1; Nexus 5X Build/MMB29P) AppleWebKit/537.36 (KHTML, like Gecko) Chrome/140.0.7339.207 Mobile Safari/537.36 (compatible; Googlebot/2.1; +http://www.google.com/bot.html)"
66.249.79.164 - - [20/Oct/2025:08:18:44 -0400] "GET /?shopping%2Fproduct%2F15752310813_html HTTP/1.1" 200 47135 "-" "Mozilla/5.0 (Linux; Android 6.0.1; Nexus 5X Build/MMB29P) AppleWebKit/537.36 (KHTML, like Gecko) Chrome/140.0.7339.207 Mobile Safari/537.36 (compatible; Googlebot/2.1; +http://www.google.com/bot.html)"
217.113.194.4 - - [20/Oct/2025:08:18:58 -0400] "GET /wp-content/uploads/french-vanilla-knbm/51e2a0-childcare-options-for-working-parents HTTP/1.1" 404 73592 "-" "Mozilla/5.0 (compatible; Barkrowler/0.9; +https://babbar.tech/crawler)"
66.249.79.165 - - [20/Oct/2025:08:19:01 -0400] "GET /?shopping/product/1572562580.html HTTP/1.1" 301 - "-" "Mozilla/5.0 (Linux; Android 6.0.1; Nexus 5X Build/MMB29P) AppleWebKit/537.36 (KHTML, like Gecko) Chrome/140.0.7339.207 Mobile Safari/537.36 (compatible; Googlebot/2.1; +http://www.google.com/bot.html)"
66.249.79.164 - - [20/Oct/2025:08:19:02 -0400] "GET /?shopping%2Fproduct%2F1572562580_html HTTP/1.1" 200 47129 "-" "Mozilla/5.0 (Linux; Android 6.0.1; Nexus 5X Build/MMB29P) AppleWebKit/537.36 (KHTML, like Gecko) Chrome/140.0.7339.207 Mobile Safari/537.36 (compatible; Googlebot/2.1; +http://www.google.com/bot.html)"
103.110.127.136 - - [20/Oct/2025:08:19:12 -0400] "GET /wp-login.php HTTP/1.1" 200 5947 "-" "Mozilla/5.0 (Windows NT 10.0) AppleWebKit/537.36 (KHTML, like Gecko) Chrome/66.0.3359.139 Safari/537.36"
103.110.127.136 - - [20/Oct/2025:08:19:13 -0400] "POST /wp-login.php HTTP/1.1" 200 6420 "https://menintalk.com/wp-login.php" "Mozilla/5.0 (Windows NT 10.0) AppleWebKit/537.36 (KHTML, like Gecko) Chrome/66.0.3359.139 Safari/537.36"
66.249.79.164 - - [20/Oct/2025:08:19:19 -0400] "GET /?shopping/product/15762554044.html HTTP/1.1" 301 - "-" "Mozilla/5.0 (Linux; Android 6.0.1; Nexus 5X Build/MMB29P) AppleWebKit/537.36 (KHTML, like Gecko) Chrome/140.0.7339.207 Mobile Safari/537.36 (compatible; Googlebot/2.1; +http://www.google.com/bot.html)"
66.249.79.165 - - [20/Oct/2025:08:19:20 -0400] "GET /?shopping%2Fproduct%2F15762554044_html HTTP/1.1" 200 47135 "-" "Mozilla/5.0 (Linux; Android 6.0.1; Nexus 5X Build/MMB29P) AppleWebKit/537.36 (KHTML, like Gecko) Chrome/140.0.7339.207 Mobile Safari/537.36 (compatible; Googlebot/2.1; +http://www.google.com/bot.html)"
217.113.194.2 - - [20/Oct/2025:08:19:20 -0400] "GET /wp-content/uploads/french-vanilla-knbm/51e2a0-kota-district-population-2020 HTTP/1.1" 404 73592 "-" "Mozilla/5.0 (compatible; Barkrowler/0.9; +https://babbar.tech/crawler)"
66.249.79.164 - - [20/Oct/2025:08:19:37 -0400] "GET /?shopping/product/1572594222.html HTTP/1.1" 301 - "-" "Mozilla/5.0 (Linux; Android 6.0.1; Nexus 5X Build/MMB29P) AppleWebKit/537.36 (KHTML, like Gecko) Chrome/140.0.7339.207 Mobile Safari/537.36 (compatible; Googlebot/2.1; +http://www.google.com/bot.html)"
66.249.66.78 - - [20/Oct/2025:08:19:38 -0400] "GET /page/402/?shopping/product/1572999987_html HTTP/1.1" 200 42664 "-" "Mozilla/5.0 (Linux; Android 6.0.1; Nexus 5X Build/MMB29P) AppleWebKit/537.36 (KHTML, like Gecko) Chrome/140.0.7339.207 Mobile Safari/537.36 (compatible; Googlebot/2.1; +http://www.google.com/bot.html)"
66.249.79.164 - - [20/Oct/2025:08:19:39 -0400] "GET /?shopping%2Fproduct%2F1572594222_html HTTP/1.1" 200 47129 "-" "Mozilla/5.0 (Linux; Android 6.0.1; Nexus 5X Build/MMB29P) AppleWebKit/537.36 (KHTML, like Gecko) Chrome/140.0.7339.207 Mobile Safari/537.36 (compatible; Googlebot/2.1; +http://www.google.com/bot.html)"
217.113.194.3 - - [20/Oct/2025:08:19:42 -0400] "GET /wp-content/uploads/french-vanilla-knbm/51e2a0-acer-predator-helios-300-canada HTTP/1.1" 404 73592 "-" "Mozilla/5.0 (compatible; Barkrowler/0.9; +https://babbar.tech/crawler)"
