154.54.249.193 - - [20/Oct/2025:09:19:25 -0400] "GET /wp-content/uploads/qwirkle-travel-aoqc/malaysia-airlines-economy-class-b07f71 HTTP/1.1" 404 73592 "-" "Mozilla/5.0 (compatible; Barkrowler/0.9; +https://babbar.tech/crawler)"
196.251.85.75 - - [20/Oct/2025:09:19:26 -0400] "POST //xmlrpc.php HTTP/1.1" 200 401 "-" "Mozilla/5.0 (Windows NT 10.0; Win64; x64) AppleWebKit/537.36 (KHTML, like Gecko) Chrome/80.0.3987.149 Safari/537.36"
196.251.85.75 - - [20/Oct/2025:09:19:26 -0400] "POST //xmlrpc.php HTTP/1.1" 200 401 "-" "Mozilla/5.0 (Windows NT 10.0; Win64; x64) AppleWebKit/537.36 (KHTML, like Gecko) Chrome/80.0.3987.149 Safari/537.36"
196.251.85.75 - - [20/Oct/2025:09:19:27 -0400] "POST //xmlrpc.php HTTP/1.1" 200 401 "-" "Mozilla/5.0 (Windows NT 10.0; Win64; x64) AppleWebKit/537.36 (KHTML, like Gecko) Chrome/80.0.3987.149 Safari/537.36"
196.251.85.75 - - [20/Oct/2025:09:19:28 -0400] "POST //xmlrpc.php HTTP/1.1" 200 401 "-" "Mozilla/5.0 (Windows NT 10.0; Win64; x64) AppleWebKit/537.36 (KHTML, like Gecko) Chrome/80.0.3987.149 Safari/537.36"
196.251.85.75 - - [20/Oct/2025:09:19:29 -0400] "POST //xmlrpc.php HTTP/1.1" 200 401 "-" "Mozilla/5.0 (Windows NT 10.0; Win64; x64) AppleWebKit/537.36 (KHTML, like Gecko) Chrome/80.0.3987.149 Safari/537.36"
196.251.85.75 - - [20/Oct/2025:09:19:29 -0400] "POST //xmlrpc.php HTTP/1.1" 200 401 "-" "Mozilla/5.0 (Windows NT 10.0; Win64; x64) AppleWebKit/537.36 (KHTML, like Gecko) Chrome/80.0.3987.149 Safari/537.36"
196.251.85.75 - - [20/Oct/2025:09:19:30 -0400] "POST //xmlrpc.php HTTP/1.1" 200 401 "-" "Mozilla/5.0 (Windows NT 10.0; Win64; x64) AppleWebKit/537.36 (KHTML, like Gecko) Chrome/80.0.3987.149 Safari/537.36"
196.251.85.75 - - [20/Oct/2025:09:19:31 -0400] "POST //xmlrpc.php HTTP/1.1" 200 401 "-" "Mozilla/5.0 (Windows NT 10.0; Win64; x64) AppleWebKit/537.36 (KHTML, like Gecko) Chrome/80.0.3987.149 Safari/537.36"
158.46.214.226 - - [20/Oct/2025:09:19:31 -0400] "GET /wp-content/uploads/2015/12/Bandana.jpg HTTP/1.1" 404 73592 "-" "Mozilla/5.0 (X11; Ubuntu; Linux x86_64; rv:123.0) Gecko/20100101 Firefox/123.0"
196.251.85.75 - - [20/Oct/2025:09:19:32 -0400] "POST //xmlrpc.php HTTP/1.1" 200 401 "-" "Mozilla/5.0 (Windows NT 10.0; Win64; x64) AppleWebKit/537.36 (KHTML, like Gecko) Chrome/80.0.3987.149 Safari/537.36"
66.249.79.169 - - [20/Oct/2025:09:19:33 -0400] "GET /?shopping/product/15762883473.html HTTP/1.1" 301 - "-" "Mozilla/5.0 (Linux; Android 6.0.1; Nexus 5X Build/MMB29P) AppleWebKit/537.36 (KHTML, like Gecko) Chrome/140.0.7339.207 Mobile Safari/537.36 (compatible; Googlebot/2.1; +http://www.google.com/bot.html)"
196.251.85.75 - - [20/Oct/2025:09:19:33 -0400] "POST //xmlrpc.php HTTP/1.1" 200 401 "-" "Mozilla/5.0 (Windows NT 10.0; Win64; x64) AppleWebKit/537.36 (KHTML, like Gecko) Chrome/80.0.3987.149 Safari/537.36"
196.251.85.75 - - [20/Oct/2025:09:19:34 -0400] "POST //xmlrpc.php HTTP/1.1" 200 401 "-" "Mozilla/5.0 (Windows NT 10.0; Win64; x64) AppleWebKit/537.36 (KHTML, like Gecko) Chrome/80.0.3987.149 Safari/537.36"
66.249.79.169 - - [20/Oct/2025:09:19:34 -0400] "GET /?shopping%2Fproduct%2F15762883473_html HTTP/1.1" 200 47135 "-" "Mozilla/5.0 (Linux; Android 6.0.1; Nexus 5X Build/MMB29P) AppleWebKit/537.36 (KHTML, like Gecko) Chrome/140.0.7339.207 Mobile Safari/537.36 (compatible; Googlebot/2.1; +http://www.google.com/bot.html)"
196.251.85.75 - - [20/Oct/2025:09:19:34 -0400] "POST //xmlrpc.php HTTP/1.1" 200 401 "-" "Mozilla/5.0 (Windows NT 10.0; Win64; x64) AppleWebKit/537.36 (KHTML, like Gecko) Chrome/80.0.3987.149 Safari/537.36"
158.46.214.226 - - [20/Oct/2025:09:19:35 -0400] "GET /wp-content/uploads/2015/12/Bandana.jpg HTTP/1.1" 404 73592 "-" "Mozilla/5.0 (X11; Linux x86_64) AppleWebKit/537.36 (KHTML, like Gecko) Chrome/121.0.0.0 Safari/537.36"
196.251.85.75 - - [20/Oct/2025:09:19:36 -0400] "POST //xmlrpc.php HTTP/1.1" 200 401 "-" "Mozilla/5.0 (Windows NT 10.0; Win64; x64) AppleWebKit/537.36 (KHTML, like Gecko) Chrome/80.0.3987.149 Safari/537.36"
23.109.21.108 - - [20/Oct/2025:09:19:36 -0400] "GET /7slots-casino-guvenilir-mi-oyun-cesitlerine-goz-10/ HTTP/1.1" 200 77994 "-" "Screaming Frog SEO Spider/20.2"
196.251.85.75 - - [20/Oct/2025:09:19:36 -0400] "POST //xmlrpc.php HTTP/1.1" 200 401 "-" "Mozilla/5.0 (Windows NT 10.0; Win64; x64) AppleWebKit/537.36 (KHTML, like Gecko) Chrome/80.0.3987.149 Safari/537.36"
196.251.85.75 - - [20/Oct/2025:09:19:37 -0400] "POST //xmlrpc.php HTTP/1.1" 200 401 "-" "Mozilla/5.0 (Windows NT 10.0; Win64; x64) AppleWebKit/537.36 (KHTML, like Gecko) Chrome/80.0.3987.149 Safari/537.36"
196.251.85.75 - - [20/Oct/2025:09:19:38 -0400] "POST //xmlrpc.php HTTP/1.1" 200 401 "-" "Mozilla/5.0 (Windows NT 10.0; Win64; x64) AppleWebKit/537.36 (KHTML, like Gecko) Chrome/80.0.3987.149 Safari/537.36"
196.251.85.75 - - [20/Oct/2025:09:19:38 -0400] "POST //xmlrpc.php HTTP/1.1" 200 401 "-" "Mozilla/5.0 (Windows NT 10.0; Win64; x64) AppleWebKit/537.36 (KHTML, like Gecko) Chrome/80.0.3987.149 Safari/537.36"
180.142.248.247 - - [20/Oct/2025:09:19:39 -0400] "POST /wp-comments-post.php HTTP/1.1" 302 - "-" "Mozilla/5.0 (Windows NT 10.0; Win64; x64) AppleWebKit/537.36 (KHTML, like Gecko) Chrome/108.0.0.0 Safari/537.36 Edg/108.0.1462.46"
196.251.85.75 - - [20/Oct/2025:09:19:39 -0400] "POST //xmlrpc.php HTTP/1.1" 200 401 "-" "Mozilla/5.0 (Windows NT 10.0; Win64; x64) AppleWebKit/537.36 (KHTML, like Gecko) Chrome/80.0.3987.149 Safari/537.36"
180.142.248.247 - - [20/Oct/2025:09:19:40 -0400] "GET /absolutely-free-vpn-pertaining-to-android-what-to-look-for-in-a-vpn/?unapproved=3502&moderation-hash=e4bd62530f4dff00732c577edfcab94b HTTP/1.1" 200 84650 "-" "Mozilla/5.0 (Windows NT 10.0; Win64; x64) AppleWebKit/537.36 (KHTML, like Gecko) Chrome/108.0.0.0 Safari/537.36 Edg/108.0.1462.46"
196.251.85.75 - - [20/Oct/2025:09:19:40 -0400] "POST //xmlrpc.php HTTP/1.1" 200 401 "-" "Mozilla/5.0 (Windows NT 10.0; Win64; x64) AppleWebKit/537.36 (KHTML, like Gecko) Chrome/80.0.3987.149 Safari/537.36"
196.251.85.75 - - [20/Oct/2025:09:19:40 -0400] "POST //xmlrpc.php HTTP/1.1" 200 401 "-" "Mozilla/5.0 (Windows NT 10.0; Win64; x64) AppleWebKit/537.36 (KHTML, like Gecko) Chrome/80.0.3987.149 Safari/537.36"
158.46.214.226 - - [20/Oct/2025:09:19:41 -0400] "GET /wp-content/uploads/2015/12/Bandana.jpg HTTP/1.1" 404 73592 "-" "Mozilla/5.0 (Windows NT 10.0; Win64; x64) AppleWebKit/537.36 (KHTML, like Gecko) Chrome/123.0.0.0 Safari/537.36 Edg/123.0.0.0"
196.251.85.75 - - [20/Oct/2025:09:19:41 -0400] "POST //xmlrpc.php HTTP/1.1" 200 401 "-" "Mozilla/5.0 (Windows NT 10.0; Win64; x64) AppleWebKit/537.36 (KHTML, like Gecko) Chrome/80.0.3987.149 Safari/537.36"
196.251.85.75 - - [20/Oct/2025:09:19:42 -0400] "POST //xmlrpc.php HTTP/1.1" 200 401 "-" "Mozilla/5.0 (Windows NT 10.0; Win64; x64) AppleWebKit/537.36 (KHTML, like Gecko) Chrome/80.0.3987.149 Safari/537.36"
196.251.85.75 - - [20/Oct/2025:09:19:43 -0400] "POST //xmlrpc.php HTTP/1.1" 200 401 "-" "Mozilla/5.0 (Windows NT 10.0; Win64; x64) AppleWebKit/537.36 (KHTML, like Gecko) Chrome/80.0.3987.149 Safari/537.36"
196.251.85.75 - - [20/Oct/2025:09:19:43 -0400] "POST //xmlrpc.php HTTP/1.1" 200 401 "-" "Mozilla/5.0 (Windows NT 10.0; Win64; x64) AppleWebKit/537.36 (KHTML, like Gecko) Chrome/80.0.3987.149 Safari/537.36"
196.251.85.75 - - [20/Oct/2025:09:19:44 -0400] "POST //xmlrpc.php HTTP/1.1" 200 401 "-" "Mozilla/5.0 (Windows NT 10.0; Win64; x64) AppleWebKit/537.36 (KHTML, like Gecko) Chrome/80.0.3987.149 Safari/537.36"
196.251.85.75 - - [20/Oct/2025:09:19:45 -0400] "POST //xmlrpc.php HTTP/1.1" 200 401 "-" "Mozilla/5.0 (Windows NT 10.0; Win64; x64) AppleWebKit/537.36 (KHTML, like Gecko) Chrome/80.0.3987.149 Safari/537.36"
196.251.85.75 - - [20/Oct/2025:09:19:46 -0400] "POST //xmlrpc.php HTTP/1.1" 200 401 "-" "Mozilla/5.0 (Windows NT 10.0; Win64; x64) AppleWebKit/537.36 (KHTML, like Gecko) Chrome/80.0.3987.149 Safari/537.36"
66.249.79.169 - - [20/Oct/2025:09:19:46 -0400] "GET /?shopping/product/15762615697.html HTTP/1.1" 301 - "-" "Mozilla/5.0 (Linux; Android 6.0.1; Nexus 5X Build/MMB29P) AppleWebKit/537.36 (KHTML, like Gecko) Chrome/140.0.7339.207 Mobile Safari/537.36 (compatible; Googlebot/2.1; +http://www.google.com/bot.html)"
196.251.85.75 - - [20/Oct/2025:09:19:46 -0400] "POST //xmlrpc.php HTTP/1.1" 200 401 "-" "Mozilla/5.0 (Windows NT 10.0; Win64; x64) AppleWebKit/537.36 (KHTML, like Gecko) Chrome/80.0.3987.149 Safari/537.36"
66.249.79.169 - - [20/Oct/2025:09:19:47 -0400] "GET /?shopping%2Fproduct%2F15762615697_html HTTP/1.1" 200 47135 "-" "Mozilla/5.0 (Linux; Android 6.0.1; Nexus 5X Build/MMB29P) AppleWebKit/537.36 (KHTML, like Gecko) Chrome/140.0.7339.207 Mobile Safari/537.36 (compatible; Googlebot/2.1; +http://www.google.com/bot.html)"
196.251.85.75 - - [20/Oct/2025:09:19:47 -0400] "POST //xmlrpc.php HTTP/1.1" 200 401 "-" "Mozilla/5.0 (Windows NT 10.0; Win64; x64) AppleWebKit/537.36 (KHTML, like Gecko) Chrome/80.0.3987.149 Safari/537.36"
217.113.194.4 - - [20/Oct/2025:09:19:47 -0400] "GET /wp-content/uploads/qwirkle-travel-aoqc/philadelphia-docket-search-b07f71 HTTP/1.1" 404 73592 "-" "Mozilla/5.0 (compatible; Barkrowler/0.9; +https://babbar.tech/crawler)"
196.251.85.75 - - [20/Oct/2025:09:19:48 -0400] "POST //xmlrpc.php HTTP/1.1" 200 401 "-" "Mozilla/5.0 (Windows NT 10.0; Win64; x64) AppleWebKit/537.36 (KHTML, like Gecko) Chrome/80.0.3987.149 Safari/537.36"
196.251.85.75 - - [20/Oct/2025:09:19:49 -0400] "POST //xmlrpc.php HTTP/1.1" 200 401 "-" "Mozilla/5.0 (Windows NT 10.0; Win64; x64) AppleWebKit/537.36 (KHTML, like Gecko) Chrome/80.0.3987.149 Safari/537.36"
196.251.85.75 - - [20/Oct/2025:09:19:49 -0400] "POST //xmlrpc.php HTTP/1.1" 200 401 "-" "Mozilla/5.0 (Windows NT 10.0; Win64; x64) AppleWebKit/537.36 (KHTML, like Gecko) Chrome/80.0.3987.149 Safari/537.36"
196.251.85.75 - - [20/Oct/2025:09:19:50 -0400] "POST //xmlrpc.php HTTP/1.1" 200 401 "-" "Mozilla/5.0 (Windows NT 10.0; Win64; x64) AppleWebKit/537.36 (KHTML, like Gecko) Chrome/80.0.3987.149 Safari/537.36"
196.251.85.75 - - [20/Oct/2025:09:19:51 -0400] "POST //xmlrpc.php HTTP/1.1" 200 401 "-" "Mozilla/5.0 (Windows NT 10.0; Win64; x64) AppleWebKit/537.36 (KHTML, like Gecko) Chrome/80.0.3987.149 Safari/537.36"
45.95.39.188 - - [20/Oct/2025:09:19:51 -0400] "GET /super-casino-jeux-et-astuces-mathematiques-pour-gagner/ HTTP/1.1" 200 84512 "-" "Mozilla/5.0 (X11; Linux i686) AppleWebKit/537.36 (KHTML, like Gecko) Chrome/114.0.0.0 Safari/537.36 Vivaldi/5.3.2679.68"
196.251.85.75 - - [20/Oct/2025:09:19:52 -0400] "POST //xmlrpc.php HTTP/1.1" 200 401 "-" "Mozilla/5.0 (Windows NT 10.0; Win64; x64) AppleWebKit/537.36 (KHTML, like Gecko) Chrome/80.0.3987.149 Safari/537.36"
196.251.85.75 - - [20/Oct/2025:09:19:52 -0400] "POST //xmlrpc.php HTTP/1.1" 200 401 "-" "Mozilla/5.0 (Windows NT 10.0; Win64; x64) AppleWebKit/537.36 (KHTML, like Gecko) Chrome/80.0.3987.149 Safari/537.36"
196.251.85.75 - - [20/Oct/2025:09:19:53 -0400] "POST //xmlrpc.php HTTP/1.1" 200 401 "-" "Mozilla/5.0 (Windows NT 10.0; Win64; x64) AppleWebKit/537.36 (KHTML, like Gecko) Chrome/80.0.3987.149 Safari/537.36"
196.251.85.75 - - [20/Oct/2025:09:19:53 -0400] "POST //xmlrpc.php HTTP/1.1" 200 401 "-" "Mozilla/5.0 (Windows NT 10.0; Win64; x64) AppleWebKit/537.36 (KHTML, like Gecko) Chrome/80.0.3987.149 Safari/537.36"
198.244.240.5 - - [20/Oct/2025:09:19:54 -0400] "GET /category/uncategorized/page/320/?filter_by=random_posts HTTP/1.1" 200 86169 "-" "Mozilla/5.0 (compatible; AhrefsBot/7.0; +http://ahrefs.com/robot/)"
196.251.85.75 - - [20/Oct/2025:09:19:54 -0400] "POST //xmlrpc.php HTTP/1.1" 200 401 "-" "Mozilla/5.0 (Windows NT 10.0; Win64; x64) AppleWebKit/537.36 (KHTML, like Gecko) Chrome/80.0.3987.149 Safari/537.36"
196.251.85.75 - - [20/Oct/2025:09:19:55 -0400] "POST //xmlrpc.php HTTP/1.1" 200 401 "-" "Mozilla/5.0 (Windows NT 10.0; Win64; x64) AppleWebKit/537.36 (KHTML, like Gecko) Chrome/80.0.3987.149 Safari/537.36"
196.251.85.75 - - [20/Oct/2025:09:19:55 -0400] "POST //xmlrpc.php HTTP/1.1" 200 401 "-" "Mozilla/5.0 (Windows NT 10.0; Win64; x64) AppleWebKit/537.36 (KHTML, like Gecko) Chrome/80.0.3987.149 Safari/537.36"
196.251.85.75 - - [20/Oct/2025:09:19:56 -0400] "POST //xmlrpc.php HTTP/1.1" 200 401 "-" "Mozilla/5.0 (Windows NT 10.0; Win64; x64) AppleWebKit/537.36 (KHTML, like Gecko) Chrome/80.0.3987.149 Safari/537.36"
196.251.85.75 - - [20/Oct/2025:09:19:57 -0400] "POST //xmlrpc.php HTTP/1.1" 200 401 "-" "Mozilla/5.0 (Windows NT 10.0; Win64; x64) AppleWebKit/537.36 (KHTML, like Gecko) Chrome/80.0.3987.149 Safari/537.36"
196.251.85.75 - - [20/Oct/2025:09:19:57 -0400] "POST //xmlrpc.php HTTP/1.1" 200 401 "-" "Mozilla/5.0 (Windows NT 10.0; Win64; x64) AppleWebKit/537.36 (KHTML, like Gecko) Chrome/80.0.3987.149 Safari/537.36"
196.251.85.75 - - [20/Oct/2025:09:19:58 -0400] "POST //xmlrpc.php HTTP/1.1" 200 401 "-" "Mozilla/5.0 (Windows NT 10.0; Win64; x64) AppleWebKit/537.36 (KHTML, like Gecko) Chrome/80.0.3987.149 Safari/537.36"
196.251.85.75 - - [20/Oct/2025:09:19:59 -0400] "POST //xmlrpc.php HTTP/1.1" 200 401 "-" "Mozilla/5.0 (Windows NT 10.0; Win64; x64) AppleWebKit/537.36 (KHTML, like Gecko) Chrome/80.0.3987.149 Safari/537.36"
66.249.79.169 - - [20/Oct/2025:09:20:00 -0400] "GET /?shopping/product/15752427821.html HTTP/1.1" 301 - "-" "Mozilla/5.0 (Linux; Android 6.0.1; Nexus 5X Build/MMB29P) AppleWebKit/537.36 (KHTML, like Gecko) Chrome/140.0.7339.207 Mobile Safari/537.36 (compatible; Googlebot/2.1; +http://www.google.com/bot.html)"
196.251.85.75 - - [20/Oct/2025:09:20:00 -0400] "POST //xmlrpc.php HTTP/1.1" 200 401 "-" "Mozilla/5.0 (Windows NT 10.0; Win64; x64) AppleWebKit/537.36 (KHTML, like Gecko) Chrome/80.0.3987.149 Safari/537.36"
66.249.79.169 - - [20/Oct/2025:09:20:00 -0400] "GET /?shopping%2Fproduct%2F15752427821_html HTTP/1.1" 200 47135 "-" "Mozilla/5.0 (Linux; Android 6.0.1; Nexus 5X Build/MMB29P) AppleWebKit/537.36 (KHTML, like Gecko) Chrome/140.0.7339.207 Mobile Safari/537.36 (compatible; Googlebot/2.1; +http://www.google.com/bot.html)"
196.251.85.75 - - [20/Oct/2025:09:20:01 -0400] "POST //xmlrpc.php HTTP/1.1" 200 401 "-" "Mozilla/5.0 (Windows NT 10.0; Win64; x64) AppleWebKit/537.36 (KHTML, like Gecko) Chrome/80.0.3987.149 Safari/537.36"
196.251.85.75 - - [20/Oct/2025:09:20:02 -0400] "POST //xmlrpc.php HTTP/1.1" 200 401 "-" "Mozilla/5.0 (Windows NT 10.0; Win64; x64) AppleWebKit/537.36 (KHTML, like Gecko) Chrome/80.0.3987.149 Safari/537.36"
196.251.85.75 - - [20/Oct/2025:09:20:02 -0400] "POST //xmlrpc.php HTTP/1.1" 200 401 "-" "Mozilla/5.0 (Windows NT 10.0; Win64; x64) AppleWebKit/537.36 (KHTML, like Gecko) Chrome/80.0.3987.149 Safari/537.36"
196.251.85.75 - - [20/Oct/2025:09:20:03 -0400] "POST //xmlrpc.php HTTP/1.1" 200 401 "-" "Mozilla/5.0 (Windows NT 10.0; Win64; x64) AppleWebKit/537.36 (KHTML, like Gecko) Chrome/80.0.3987.149 Safari/537.36"
196.251.85.75 - - [20/Oct/2025:09:20:04 -0400] "POST //xmlrpc.php HTTP/1.1" 200 401 "-" "Mozilla/5.0 (Windows NT 10.0; Win64; x64) AppleWebKit/537.36 (KHTML, like Gecko) Chrome/80.0.3987.149 Safari/537.36"
196.251.85.75 - - [20/Oct/2025:09:20:05 -0400] "POST //xmlrpc.php HTTP/1.1" 200 401 "-" "Mozilla/5.0 (Windows NT 10.0; Win64; x64) AppleWebKit/537.36 (KHTML, like Gecko) Chrome/80.0.3987.149 Safari/537.36"
196.251.85.75 - - [20/Oct/2025:09:20:05 -0400] "POST //xmlrpc.php HTTP/1.1" 200 401 "-" "Mozilla/5.0 (Windows NT 10.0; Win64; x64) AppleWebKit/537.36 (KHTML, like Gecko) Chrome/80.0.3987.149 Safari/537.36"
196.251.85.75 - - [20/Oct/2025:09:20:06 -0400] "POST //xmlrpc.php HTTP/1.1" 200 401 "-" "Mozilla/5.0 (Windows NT 10.0; Win64; x64) AppleWebKit/537.36 (KHTML, like Gecko) Chrome/80.0.3987.149 Safari/537.36"
196.251.85.75 - - [20/Oct/2025:09:20:07 -0400] "POST //xmlrpc.php HTTP/1.1" 200 401 "-" "Mozilla/5.0 (Windows NT 10.0; Win64; x64) AppleWebKit/537.36 (KHTML, like Gecko) Chrome/80.0.3987.149 Safari/537.36"
196.251.85.75 - - [20/Oct/2025:09:20:07 -0400] "POST //xmlrpc.php HTTP/1.1" 200 401 "-" "Mozilla/5.0 (Windows NT 10.0; Win64; x64) AppleWebKit/537.36 (KHTML, like Gecko) Chrome/80.0.3987.149 Safari/537.36"
196.251.85.75 - - [20/Oct/2025:09:20:08 -0400] "POST //xmlrpc.php HTTP/1.1" 200 401 "-" "Mozilla/5.0 (Windows NT 10.0; Win64; x64) AppleWebKit/537.36 (KHTML, like Gecko) Chrome/80.0.3987.149 Safari/537.36"
196.251.85.75 - - [20/Oct/2025:09:20:09 -0400] "POST //xmlrpc.php HTTP/1.1" 200 401 "-" "Mozilla/5.0 (Windows NT 10.0; Win64; x64) AppleWebKit/537.36 (KHTML, like Gecko) Chrome/80.0.3987.149 Safari/537.36"
217.113.194.5 - - [20/Oct/2025:09:20:09 -0400] "GET /wp-content/uploads/qwirkle-travel-aoqc/clear2o-vs-camco-b07f71 HTTP/1.1" 404 73592 "-" "Mozilla/5.0 (compatible; Barkrowler/0.9; +https://babbar.tech/crawler)"
196.251.85.75 - - [20/Oct/2025:09:20:09 -0400] "POST //xmlrpc.php HTTP/1.1" 200 401 "-" "Mozilla/5.0 (Windows NT 10.0; Win64; x64) AppleWebKit/537.36 (KHTML, like Gecko) Chrome/80.0.3987.149 Safari/537.36"
196.251.85.75 - - [20/Oct/2025:09:20:10 -0400] "POST //xmlrpc.php HTTP/1.1" 200 401 "-" "Mozilla/5.0 (Windows NT 10.0; Win64; x64) AppleWebKit/537.36 (KHTML, like Gecko) Chrome/80.0.3987.149 Safari/537.36"
196.251.85.75 - - [20/Oct/2025:09:20:11 -0400] "POST //xmlrpc.php HTTP/1.1" 200 401 "-" "Mozilla/5.0 (Windows NT 10.0; Win64; x64) AppleWebKit/537.36 (KHTML, like Gecko) Chrome/80.0.3987.149 Safari/537.36"
196.251.85.75 - - [20/Oct/2025:09:20:12 -0400] "POST //xmlrpc.php HTTP/1.1" 200 401 "-" "Mozilla/5.0 (Windows NT 10.0; Win64; x64) AppleWebKit/537.36 (KHTML, like Gecko) Chrome/80.0.3987.149 Safari/537.36"
196.251.85.75 - - [20/Oct/2025:09:20:12 -0400] "POST //xmlrpc.php HTTP/1.1" 200 401 "-" "Mozilla/5.0 (Windows NT 10.0; Win64; x64) AppleWebKit/537.36 (KHTML, like Gecko) Chrome/80.0.3987.149 Safari/537.36"
196.251.85.75 - - [20/Oct/2025:09:20:13 -0400] "POST //xmlrpc.php HTTP/1.1" 200 401 "-" "Mozilla/5.0 (Windows NT 10.0; Win64; x64) AppleWebKit/537.36 (KHTML, like Gecko) Chrome/80.0.3987.149 Safari/537.36"
66.249.79.169 - - [20/Oct/2025:09:20:13 -0400] "GET /?shopping/product/15752066642.html HTTP/1.1" 301 - "-" "Mozilla/5.0 (Linux; Android 6.0.1; Nexus 5X Build/MMB29P) AppleWebKit/537.36 (KHTML, like Gecko) Chrome/140.0.7339.207 Mobile Safari/537.36 (compatible; Googlebot/2.1; +http://www.google.com/bot.html)"
196.251.85.75 - - [20/Oct/2025:09:20:14 -0400] "POST //xmlrpc.php HTTP/1.1" 200 401 "-" "Mozilla/5.0 (Windows NT 10.0; Win64; x64) AppleWebKit/537.36 (KHTML, like Gecko) Chrome/80.0.3987.149 Safari/537.36"
66.249.79.169 - - [20/Oct/2025:09:20:14 -0400] "GET /?shopping%2Fproduct%2F15752066642_html HTTP/1.1" 200 47135 "-" "Mozilla/5.0 (Linux; Android 6.0.1; Nexus 5X Build/MMB29P) AppleWebKit/537.36 (KHTML, like Gecko) Chrome/140.0.7339.207 Mobile Safari/537.36 (compatible; Googlebot/2.1; +http://www.google.com/bot.html)"
196.251.85.75 - - [20/Oct/2025:09:20:14 -0400] "POST //xmlrpc.php HTTP/1.1" 200 401 "-" "Mozilla/5.0 (Windows NT 10.0; Win64; x64) AppleWebKit/537.36 (KHTML, like Gecko) Chrome/80.0.3987.149 Safari/537.36"
196.251.85.75 - - [20/Oct/2025:09:20:15 -0400] "POST //xmlrpc.php HTTP/1.1" 200 401 "-" "Mozilla/5.0 (Windows NT 10.0; Win64; x64) AppleWebKit/537.36 (KHTML, like Gecko) Chrome/80.0.3987.149 Safari/537.36"
196.251.85.75 - - [20/Oct/2025:09:20:15 -0400] "POST //xmlrpc.php HTTP/1.1" 200 401 "-" "Mozilla/5.0 (Windows NT 10.0; Win64; x64) AppleWebKit/537.36 (KHTML, like Gecko) Chrome/80.0.3987.149 Safari/537.36"
196.251.85.75 - - [20/Oct/2025:09:20:16 -0400] "POST //xmlrpc.php HTTP/1.1" 200 401 "-" "Mozilla/5.0 (Windows NT 10.0; Win64; x64) AppleWebKit/537.36 (KHTML, like Gecko) Chrome/80.0.3987.149 Safari/537.36"
196.251.85.75 - - [20/Oct/2025:09:20:17 -0400] "POST //xmlrpc.php HTTP/1.1" 200 401 "-" "Mozilla/5.0 (Windows NT 10.0; Win64; x64) AppleWebKit/537.36 (KHTML, like Gecko) Chrome/80.0.3987.149 Safari/537.36"
196.251.85.75 - - [20/Oct/2025:09:20:17 -0400] "POST //xmlrpc.php HTTP/1.1" 200 401 "-" "Mozilla/5.0 (Windows NT 10.0; Win64; x64) AppleWebKit/537.36 (KHTML, like Gecko) Chrome/80.0.3987.149 Safari/537.36"
196.251.85.75 - - [20/Oct/2025:09:20:18 -0400] "POST //xmlrpc.php HTTP/1.1" 200 401 "-" "Mozilla/5.0 (Windows NT 10.0; Win64; x64) AppleWebKit/537.36 (KHTML, like Gecko) Chrome/80.0.3987.149 Safari/537.36"
196.251.85.75 - - [20/Oct/2025:09:20:19 -0400] "POST //xmlrpc.php HTTP/1.1" 200 401 "-" "Mozilla/5.0 (Windows NT 10.0; Win64; x64) AppleWebKit/537.36 (KHTML, like Gecko) Chrome/80.0.3987.149 Safari/537.36"
196.251.85.75 - - [20/Oct/2025:09:20:20 -0400] "POST //xmlrpc.php HTTP/1.1" 200 401 "-" "Mozilla/5.0 (Windows NT 10.0; Win64; x64) AppleWebKit/537.36 (KHTML, like Gecko) Chrome/80.0.3987.149 Safari/537.36"
196.251.85.75 - - [20/Oct/2025:09:20:21 -0400] "POST //xmlrpc.php HTTP/1.1" 200 401 "-" "Mozilla/5.0 (Windows NT 10.0; Win64; x64) AppleWebKit/537.36 (KHTML, like Gecko) Chrome/80.0.3987.149 Safari/537.36"
196.251.85.75 - - [20/Oct/2025:09:20:21 -0400] "POST //xmlrpc.php HTTP/1.1" 200 401 "-" "Mozilla/5.0 (Windows NT 10.0; Win64; x64) AppleWebKit/537.36 (KHTML, like Gecko) Chrome/80.0.3987.149 Safari/537.36"
196.251.85.75 - - [20/Oct/2025:09:20:22 -0400] "POST //xmlrpc.php HTTP/1.1" 200 401 "-" "Mozilla/5.0 (Windows NT 10.0; Win64; x64) AppleWebKit/537.36 (KHTML, like Gecko) Chrome/80.0.3987.149 Safari/537.36"
196.251.85.75 - - [20/Oct/2025:09:20:23 -0400] "POST //xmlrpc.php HTTP/1.1" 200 401 "-" "Mozilla/5.0 (Windows NT 10.0; Win64; x64) AppleWebKit/537.36 (KHTML, like Gecko) Chrome/80.0.3987.149 Safari/537.36"
196.251.85.75 - - [20/Oct/2025:09:20:23 -0400] "POST //xmlrpc.php HTTP/1.1" 200 401 "-" "Mozilla/5.0 (Windows NT 10.0; Win64; x64) AppleWebKit/537.36 (KHTML, like Gecko) Chrome/80.0.3987.149 Safari/537.36"
51.89.129.176 - - [20/Oct/2025:09:20:24 -0400] "GET /as-probabilidades-explicadas-para-maximizar-resultados-no-fogo777-casino/ HTTP/1.1" 200 84006 "-" "Mozilla/5.0 (compatible; AhrefsBot/7.0; +http://ahrefs.com/robot/)"
196.251.85.75 - - [20/Oct/2025:09:20:24 -0400] "POST //xmlrpc.php HTTP/1.1" 200 401 "-" "Mozilla/5.0 (Windows NT 10.0; Win64; x64) AppleWebKit/537.36 (KHTML, like Gecko) Chrome/80.0.3987.149 Safari/537.36"
196.251.85.75 - - [20/Oct/2025:09:20:25 -0400] "POST //xmlrpc.php HTTP/1.1" 200 401 "-" "Mozilla/5.0 (Windows NT 10.0; Win64; x64) AppleWebKit/537.36 (KHTML, like Gecko) Chrome/80.0.3987.149 Safari/537.36"
196.251.85.75 - - [20/Oct/2025:09:20:25 -0400] "POST //xmlrpc.php HTTP/1.1" 200 401 "-" "Mozilla/5.0 (Windows NT 10.0; Win64; x64) AppleWebKit/537.36 (KHTML, like Gecko) Chrome/80.0.3987.149 Safari/537.36"
196.251.85.75 - - [20/Oct/2025:09:20:26 -0400] "POST //xmlrpc.php HTTP/1.1" 200 401 "-" "Mozilla/5.0 (Windows NT 10.0; Win64; x64) AppleWebKit/537.36 (KHTML, like Gecko) Chrome/80.0.3987.149 Safari/537.36"
66.249.79.169 - - [20/Oct/2025:09:20:26 -0400] "GET /?shopping/product/1571490857.html HTTP/1.1" 301 - "-" "Mozilla/5.0 (Linux; Android 6.0.1; Nexus 5X Build/MMB29P) AppleWebKit/537.36 (KHTML, like Gecko) Chrome/140.0.7339.207 Mobile Safari/537.36 (compatible; Googlebot/2.1; +http://www.google.com/bot.html)"
196.251.85.75 - - [20/Oct/2025:09:20:27 -0400] "POST //xmlrpc.php HTTP/1.1" 200 401 "-" "Mozilla/5.0 (Windows NT 10.0; Win64; x64) AppleWebKit/537.36 (KHTML, like Gecko) Chrome/80.0.3987.149 Safari/537.36"
66.249.79.169 - - [20/Oct/2025:09:20:27 -0400] "GET /?shopping%2Fproduct%2F1571490857_html HTTP/1.1" 200 47129 "-" "Mozilla/5.0 (Linux; Android 6.0.1; Nexus 5X Build/MMB29P) AppleWebKit/537.36 (KHTML, like Gecko) Chrome/140.0.7339.207 Mobile Safari/537.36 (compatible; Googlebot/2.1; +http://www.google.com/bot.html)"
196.251.85.75 - - [20/Oct/2025:09:20:27 -0400] "POST //xmlrpc.php HTTP/1.1" 200 401 "-" "Mozilla/5.0 (Windows NT 10.0; Win64; x64) AppleWebKit/537.36 (KHTML, like Gecko) Chrome/80.0.3987.149 Safari/537.36"
196.251.85.75 - - [20/Oct/2025:09:20:28 -0400] "POST //xmlrpc.php HTTP/1.1" 200 401 "-" "Mozilla/5.0 (Windows NT 10.0; Win64; x64) AppleWebKit/537.36 (KHTML, like Gecko) Chrome/80.0.3987.149 Safari/537.36"
196.251.85.75 - - [20/Oct/2025:09:20:29 -0400] "POST //xmlrpc.php HTTP/1.1" 200 401 "-" "Mozilla/5.0 (Windows NT 10.0; Win64; x64) AppleWebKit/537.36 (KHTML, like Gecko) Chrome/80.0.3987.149 Safari/537.36"
196.251.85.75 - - [20/Oct/2025:09:20:30 -0400] "POST //xmlrpc.php HTTP/1.1" 200 401 "-" "Mozilla/5.0 (Windows NT 10.0; Win64; x64) AppleWebKit/537.36 (KHTML, like Gecko) Chrome/80.0.3987.149 Safari/537.36"
196.251.85.75 - - [20/Oct/2025:09:20:30 -0400] "POST //xmlrpc.php HTTP/1.1" 200 401 "-" "Mozilla/5.0 (Windows NT 10.0; Win64; x64) AppleWebKit/537.36 (KHTML, like Gecko) Chrome/80.0.3987.149 Safari/537.36"
5.157.14.90 - - [20/Oct/2025:09:20:31 -0400] "GET /guide-pratique-pour-exploiter-les-probabilites-au-casinia-casino/ HTTP/1.1" 200 83606 "-" "Mozilla/5.0 (X11; Fedora; Linux x86_64; rv:114.0) Gecko/20100101 Firefox/114.0"
217.113.194.2 - - [20/Oct/2025:09:20:31 -0400] "GET /wp-content/uploads/qwirkle-travel-aoqc/m-toulouse-platinum-saddle-b07f71 HTTP/1.1" 404 73592 "-" "Mozilla/5.0 (compatible; Barkrowler/0.9; +https://babbar.tech/crawler)"
196.251.85.75 - - [20/Oct/2025:09:20:31 -0400] "POST //xmlrpc.php HTTP/1.1" 200 401 "-" "Mozilla/5.0 (Windows NT 10.0; Win64; x64) AppleWebKit/537.36 (KHTML, like Gecko) Chrome/80.0.3987.149 Safari/537.36"
196.251.85.75 - - [20/Oct/2025:09:20:32 -0400] "POST //xmlrpc.php HTTP/1.1" 200 401 "-" "Mozilla/5.0 (Windows NT 10.0; Win64; x64) AppleWebKit/537.36 (KHTML, like Gecko) Chrome/80.0.3987.149 Safari/537.36"
196.251.85.75 - - [20/Oct/2025:09:20:32 -0400] "POST //xmlrpc.php HTTP/1.1" 200 401 "-" "Mozilla/5.0 (Windows NT 10.0; Win64; x64) AppleWebKit/537.36 (KHTML, like Gecko) Chrome/80.0.3987.149 Safari/537.36"
196.251.85.75 - - [20/Oct/2025:09:20:33 -0400] "POST //xmlrpc.php HTTP/1.1" 200 401 "-" "Mozilla/5.0 (Windows NT 10.0; Win64; x64) AppleWebKit/537.36 (KHTML, like Gecko) Chrome/80.0.3987.149 Safari/537.36"
196.251.85.75 - - [20/Oct/2025:09:20:34 -0400] "POST //xmlrpc.php HTTP/1.1" 200 401 "-" "Mozilla/5.0 (Windows NT 10.0; Win64; x64) AppleWebKit/537.36 (KHTML, like Gecko) Chrome/80.0.3987.149 Safari/537.36"
196.251.85.75 - - [20/Oct/2025:09:20:34 -0400] "POST //xmlrpc.php HTTP/1.1" 200 401 "-" "Mozilla/5.0 (Windows NT 10.0; Win64; x64) AppleWebKit/537.36 (KHTML, like Gecko) Chrome/80.0.3987.149 Safari/537.36"
196.251.85.75 - - [20/Oct/2025:09:20:35 -0400] "POST //xmlrpc.php HTTP/1.1" 200 401 "-" "Mozilla/5.0 (Windows NT 10.0; Win64; x64) AppleWebKit/537.36 (KHTML, like Gecko) Chrome/80.0.3987.149 Safari/537.36"
196.251.85.75 - - [20/Oct/2025:09:20:36 -0400] "POST //xmlrpc.php HTTP/1.1" 200 401 "-" "Mozilla/5.0 (Windows NT 10.0; Win64; x64) AppleWebKit/537.36 (KHTML, like Gecko) Chrome/80.0.3987.149 Safari/537.36"
196.251.85.75 - - [20/Oct/2025:09:20:36 -0400] "POST //xmlrpc.php HTTP/1.1" 200 401 "-" "Mozilla/5.0 (Windows NT 10.0; Win64; x64) AppleWebKit/537.36 (KHTML, like Gecko) Chrome/80.0.3987.149 Safari/537.36"
196.251.85.75 - - [20/Oct/2025:09:20:37 -0400] "POST //xmlrpc.php HTTP/1.1" 200 401 "-" "Mozilla/5.0 (Windows NT 10.0; Win64; x64) AppleWebKit/537.36 (KHTML, like Gecko) Chrome/80.0.3987.149 Safari/537.36"
196.251.85.75 - - [20/Oct/2025:09:20:37 -0400] "POST //xmlrpc.php HTTP/1.1" 200 401 "-" "Mozilla/5.0 (Windows NT 10.0; Win64; x64) AppleWebKit/537.36 (KHTML, like Gecko) Chrome/80.0.3987.149 Safari/537.36"
196.251.85.75 - - [20/Oct/2025:09:20:38 -0400] "POST //xmlrpc.php HTTP/1.1" 200 401 "-" "Mozilla/5.0 (Windows NT 10.0; Win64; x64) AppleWebKit/537.36 (KHTML, like Gecko) Chrome/80.0.3987.149 Safari/537.36"
196.251.85.75 - - [20/Oct/2025:09:20:39 -0400] "POST //xmlrpc.php HTTP/1.1" 200 401 "-" "Mozilla/5.0 (Windows NT 10.0; Win64; x64) AppleWebKit/537.36 (KHTML, like Gecko) Chrome/80.0.3987.149 Safari/537.36"
66.249.79.169 - - [20/Oct/2025:09:20:40 -0400] "GET /?shopping/product/15752011847.html HTTP/1.1" 301 - "-" "Mozilla/5.0 (Linux; Android 6.0.1; Nexus 5X Build/MMB29P) AppleWebKit/537.36 (KHTML, like Gecko) Chrome/140.0.7339.207 Mobile Safari/537.36 (compatible; Googlebot/2.1; +http://www.google.com/bot.html)"
196.251.85.75 - - [20/Oct/2025:09:20:40 -0400] "POST //xmlrpc.php HTTP/1.1" 200 401 "-" "Mozilla/5.0 (Windows NT 10.0; Win64; x64) AppleWebKit/537.36 (KHTML, like Gecko) Chrome/80.0.3987.149 Safari/537.36"
196.251.85.75 - - [20/Oct/2025:09:20:40 -0400] "POST //xmlrpc.php HTTP/1.1" 200 401 "-" "Mozilla/5.0 (Windows NT 10.0; Win64; x64) AppleWebKit/537.36 (KHTML, like Gecko) Chrome/80.0.3987.149 Safari/537.36"
66.249.79.169 - - [20/Oct/2025:09:20:40 -0400] "GET /?shopping%2Fproduct%2F15752011847_html HTTP/1.1" 200 47135 "-" "Mozilla/5.0 (Linux; Android 6.0.1; Nexus 5X Build/MMB29P) AppleWebKit/537.36 (KHTML, like Gecko) Chrome/140.0.7339.207 Mobile Safari/537.36 (compatible; Googlebot/2.1; +http://www.google.com/bot.html)"
196.251.85.75 - - [20/Oct/2025:09:20:41 -0400] "POST //xmlrpc.php HTTP/1.1" 200 401 "-" "Mozilla/5.0 (Windows NT 10.0; Win64; x64) AppleWebKit/537.36 (KHTML, like Gecko) Chrome/80.0.3987.149 Safari/537.36"
196.251.85.75 - - [20/Oct/2025:09:20:42 -0400] "POST //xmlrpc.php HTTP/1.1" 200 401 "-" "Mozilla/5.0 (Windows NT 10.0; Win64; x64) AppleWebKit/537.36 (KHTML, like Gecko) Chrome/80.0.3987.149 Safari/537.36"
196.251.85.75 - - [20/Oct/2025:09:20:42 -0400] "POST //xmlrpc.php HTTP/1.1" 200 401 "-" "Mozilla/5.0 (Windows NT 10.0; Win64; x64) AppleWebKit/537.36 (KHTML, like Gecko) Chrome/80.0.3987.149 Safari/537.36"
196.251.85.75 - - [20/Oct/2025:09:20:43 -0400] "POST //xmlrpc.php HTTP/1.1" 200 401 "-" "Mozilla/5.0 (Windows NT 10.0; Win64; x64) AppleWebKit/537.36 (KHTML, like Gecko) Chrome/80.0.3987.149 Safari/537.36"
196.251.85.75 - - [20/Oct/2025:09:20:44 -0400] "POST //xmlrpc.php HTTP/1.1" 200 401 "-" "Mozilla/5.0 (Windows NT 10.0; Win64; x64) AppleWebKit/537.36 (KHTML, like Gecko) Chrome/80.0.3987.149 Safari/537.36"
196.251.85.75 - - [20/Oct/2025:09:20:45 -0400] "POST //xmlrpc.php HTTP/1.1" 200 401 "-" "Mozilla/5.0 (Windows NT 10.0; Win64; x64) AppleWebKit/537.36 (KHTML, like Gecko) Chrome/80.0.3987.149 Safari/537.36"
196.251.85.75 - - [20/Oct/2025:09:20:45 -0400] "POST //xmlrpc.php HTTP/1.1" 200 401 "-" "Mozilla/5.0 (Windows NT 10.0; Win64; x64) AppleWebKit/537.36 (KHTML, like Gecko) Chrome/80.0.3987.149 Safari/537.36"
196.251.85.75 - - [20/Oct/2025:09:20:46 -0400] "POST //xmlrpc.php HTTP/1.1" 200 401 "-" "Mozilla/5.0 (Windows NT 10.0; Win64; x64) AppleWebKit/537.36 (KHTML, like Gecko) Chrome/80.0.3987.149 Safari/537.36"
196.251.85.75 - - [20/Oct/2025:09:20:47 -0400] "POST //xmlrpc.php HTTP/1.1" 200 401 "-" "Mozilla/5.0 (Windows NT 10.0; Win64; x64) AppleWebKit/537.36 (KHTML, like Gecko) Chrome/80.0.3987.149 Safari/537.36"
196.251.85.75 - - [20/Oct/2025:09:20:47 -0400] "POST //xmlrpc.php HTTP/1.1" 200 401 "-" "Mozilla/5.0 (Windows NT 10.0; Win64; x64) AppleWebKit/537.36 (KHTML, like Gecko) Chrome/80.0.3987.149 Safari/537.36"
196.251.85.75 - - [20/Oct/2025:09:20:48 -0400] "POST //xmlrpc.php HTTP/1.1" 200 401 "-" "Mozilla/5.0 (Windows NT 10.0; Win64; x64) AppleWebKit/537.36 (KHTML, like Gecko) Chrome/80.0.3987.149 Safari/537.36"
198.244.168.105 - - [20/Oct/2025:09:20:48 -0400] "GET /category/casinowazamba/page/53/?filter_by=popular HTTP/1.1" 200 86932 "-" "Mozilla/5.0 (compatible; AhrefsBot/7.0; +http://ahrefs.com/robot/)"
196.251.85.75 - - [20/Oct/2025:09:20:49 -0400] "POST //xmlrpc.php HTTP/1.1" 200 401 "-" "Mozilla/5.0 (Windows NT 10.0; Win64; x64) AppleWebKit/537.36 (KHTML, like Gecko) Chrome/80.0.3987.149 Safari/537.36"
196.251.85.75 - - [20/Oct/2025:09:20:50 -0400] "POST //xmlrpc.php HTTP/1.1" 200 401 "-" "Mozilla/5.0 (Windows NT 10.0; Win64; x64) AppleWebKit/537.36 (KHTML, like Gecko) Chrome/80.0.3987.149 Safari/537.36"
196.251.85.75 - - [20/Oct/2025:09:20:50 -0400] "POST //xmlrpc.php HTTP/1.1" 200 401 "-" "Mozilla/5.0 (Windows NT 10.0; Win64; x64) AppleWebKit/537.36 (KHTML, like Gecko) Chrome/80.0.3987.149 Safari/537.36"
196.251.85.75 - - [20/Oct/2025:09:20:51 -0400] "POST //xmlrpc.php HTTP/1.1" 200 401 "-" "Mozilla/5.0 (Windows NT 10.0; Win64; x64) AppleWebKit/537.36 (KHTML, like Gecko) Chrome/80.0.3987.149 Safari/537.36"
196.251.85.75 - - [20/Oct/2025:09:20:52 -0400] "POST //xmlrpc.php HTTP/1.1" 200 401 "-" "Mozilla/5.0 (Windows NT 10.0; Win64; x64) AppleWebKit/537.36 (KHTML, like Gecko) Chrome/80.0.3987.149 Safari/537.36"
196.251.85.75 - - [20/Oct/2025:09:20:52 -0400] "POST //xmlrpc.php HTTP/1.1" 200 401 "-" "Mozilla/5.0 (Windows NT 10.0; Win64; x64) AppleWebKit/537.36 (KHTML, like Gecko) Chrome/80.0.3987.149 Safari/537.36"
66.249.79.169 - - [20/Oct/2025:09:20:53 -0400] "GET /?shopping/product/15762543544.html HTTP/1.1" 301 - "-" "Mozilla/5.0 (Linux; Android 6.0.1; Nexus 5X Build/MMB29P) AppleWebKit/537.36 (KHTML, like Gecko) Chrome/140.0.7339.207 Mobile Safari/537.36 (compatible; Googlebot/2.1; +http://www.google.com/bot.html)"
196.251.85.75 - - [20/Oct/2025:09:20:53 -0400] "POST //xmlrpc.php HTTP/1.1" 200 401 "-" "Mozilla/5.0 (Windows NT 10.0; Win64; x64) AppleWebKit/537.36 (KHTML, like Gecko) Chrome/80.0.3987.149 Safari/537.36"
217.113.194.7 - - [20/Oct/2025:09:20:53 -0400] "GET /wp-content/uploads/qwirkle-travel-aoqc/possini-euro-design-ceiling-fan HTTP/1.1" 404 73592 "-" "Mozilla/5.0 (compatible; Barkrowler/0.9; +https://babbar.tech/crawler)"
66.249.79.169 - - [20/Oct/2025:09:20:54 -0400] "GET /?shopping%2Fproduct%2F15762543544_html HTTP/1.1" 200 47135 "-" "Mozilla/5.0 (Linux; Android 6.0.1; Nexus 5X Build/MMB29P) AppleWebKit/537.36 (KHTML, like Gecko) Chrome/140.0.7339.207 Mobile Safari/537.36 (compatible; Googlebot/2.1; +http://www.google.com/bot.html)"
196.251.85.75 - - [20/Oct/2025:09:20:54 -0400] "POST //xmlrpc.php HTTP/1.1" 200 401 "-" "Mozilla/5.0 (Windows NT 10.0; Win64; x64) AppleWebKit/537.36 (KHTML, like Gecko) Chrome/80.0.3987.149 Safari/537.36"
196.251.85.75 - - [20/Oct/2025:09:20:54 -0400] "POST //xmlrpc.php HTTP/1.1" 200 401 "-" "Mozilla/5.0 (Windows NT 10.0; Win64; x64) AppleWebKit/537.36 (KHTML, like Gecko) Chrome/80.0.3987.149 Safari/537.36"
196.251.85.75 - - [20/Oct/2025:09:20:55 -0400] "POST //xmlrpc.php HTTP/1.1" 200 401 "-" "Mozilla/5.0 (Windows NT 10.0; Win64; x64) AppleWebKit/537.36 (KHTML, like Gecko) Chrome/80.0.3987.149 Safari/537.36"
196.251.85.75 - - [20/Oct/2025:09:20:56 -0400] "POST //xmlrpc.php HTTP/1.1" 200 401 "-" "Mozilla/5.0 (Windows NT 10.0; Win64; x64) AppleWebKit/537.36 (KHTML, like Gecko) Chrome/80.0.3987.149 Safari/537.36"
196.251.85.75 - - [20/Oct/2025:09:20:56 -0400] "POST //xmlrpc.php HTTP/1.1" 200 401 "-" "Mozilla/5.0 (Windows NT 10.0; Win64; x64) AppleWebKit/537.36 (KHTML, like Gecko) Chrome/80.0.3987.149 Safari/537.36"
196.251.85.75 - - [20/Oct/2025:09:20:57 -0400] "POST //xmlrpc.php HTTP/1.1" 200 401 "-" "Mozilla/5.0 (Windows NT 10.0; Win64; x64) AppleWebKit/537.36 (KHTML, like Gecko) Chrome/80.0.3987.149 Safari/537.36"
196.251.85.75 - - [20/Oct/2025:09:20:57 -0400] "POST //xmlrpc.php HTTP/1.1" 200 401 "-" "Mozilla/5.0 (Windows NT 10.0; Win64; x64) AppleWebKit/537.36 (KHTML, like Gecko) Chrome/80.0.3987.149 Safari/537.36"
196.251.85.75 - - [20/Oct/2025:09:20:58 -0400] "POST //xmlrpc.php HTTP/1.1" 200 401 "-" "Mozilla/5.0 (Windows NT 10.0; Win64; x64) AppleWebKit/537.36 (KHTML, like Gecko) Chrome/80.0.3987.149 Safari/537.36"
196.251.85.75 - - [20/Oct/2025:09:20:59 -0400] "POST //xmlrpc.php HTTP/1.1" 200 401 "-" "Mozilla/5.0 (Windows NT 10.0; Win64; x64) AppleWebKit/537.36 (KHTML, like Gecko) Chrome/80.0.3987.149 Safari/537.36"
196.251.85.75 - - [20/Oct/2025:09:20:59 -0400] "POST //xmlrpc.php HTTP/1.1" 200 401 "-" "Mozilla/5.0 (Windows NT 10.0; Win64; x64) AppleWebKit/537.36 (KHTML, like Gecko) Chrome/80.0.3987.149 Safari/537.36"
196.251.85.75 - - [20/Oct/2025:09:21:00 -0400] "POST //xmlrpc.php HTTP/1.1" 200 401 "-" "Mozilla/5.0 (Windows NT 10.0; Win64; x64) AppleWebKit/537.36 (KHTML, like Gecko) Chrome/80.0.3987.149 Safari/537.36"
196.251.85.75 - - [20/Oct/2025:09:21:01 -0400] "POST //xmlrpc.php HTTP/1.1" 200 401 "-" "Mozilla/5.0 (Windows NT 10.0; Win64; x64) AppleWebKit/537.36 (KHTML, like Gecko) Chrome/80.0.3987.149 Safari/537.36"
196.251.85.75 - - [20/Oct/2025:09:21:01 -0400] "POST //xmlrpc.php HTTP/1.1" 200 401 "-" "Mozilla/5.0 (Windows NT 10.0; Win64; x64) AppleWebKit/537.36 (KHTML, like Gecko) Chrome/80.0.3987.149 Safari/537.36"
196.251.85.75 - - [20/Oct/2025:09:21:02 -0400] "POST //xmlrpc.php HTTP/1.1" 200 401 "-" "Mozilla/5.0 (Windows NT 10.0; Win64; x64) AppleWebKit/537.36 (KHTML, like Gecko) Chrome/80.0.3987.149 Safari/537.36"
196.251.85.75 - - [20/Oct/2025:09:21:02 -0400] "POST //xmlrpc.php HTTP/1.1" 200 401 "-" "Mozilla/5.0 (Windows NT 10.0; Win64; x64) AppleWebKit/537.36 (KHTML, like Gecko) Chrome/80.0.3987.149 Safari/537.36"
196.251.85.75 - - [20/Oct/2025:09:21:03 -0400] "POST //xmlrpc.php HTTP/1.1" 200 401 "-" "Mozilla/5.0 (Windows NT 10.0; Win64; x64) AppleWebKit/537.36 (KHTML, like Gecko) Chrome/80.0.3987.149 Safari/537.36"
196.251.85.75 - - [20/Oct/2025:09:21:04 -0400] "POST //xmlrpc.php HTTP/1.1" 200 401 "-" "Mozilla/5.0 (Windows NT 10.0; Win64; x64) AppleWebKit/537.36 (KHTML, like Gecko) Chrome/80.0.3987.149 Safari/537.36"
196.251.85.75 - - [20/Oct/2025:09:21:04 -0400] "POST //xmlrpc.php HTTP/1.1" 200 401 "-" "Mozilla/5.0 (Windows NT 10.0; Win64; x64) AppleWebKit/537.36 (KHTML, like Gecko) Chrome/80.0.3987.149 Safari/537.36"
196.251.85.75 - - [20/Oct/2025:09:21:05 -0400] "POST //xmlrpc.php HTTP/1.1" 200 401 "-" "Mozilla/5.0 (Windows NT 10.0; Win64; x64) AppleWebKit/537.36 (KHTML, like Gecko) Chrome/80.0.3987.149 Safari/537.36"
196.251.85.75 - - [20/Oct/2025:09:21:06 -0400] "POST //xmlrpc.php HTTP/1.1" 200 401 "-" "Mozilla/5.0 (Windows NT 10.0; Win64; x64) AppleWebKit/537.36 (KHTML, like Gecko) Chrome/80.0.3987.149 Safari/537.36"
66.249.79.171 - - [20/Oct/2025:09:21:06 -0400] "GET /?shopping/product/157120523.html HTTP/1.1" 301 - "-" "Mozilla/5.0 (Linux; Android 6.0.1; Nexus 5X Build/MMB29P) AppleWebKit/537.36 (KHTML, like Gecko) Chrome/140.0.7339.207 Mobile Safari/537.36 (compatible; Googlebot/2.1; +http://www.google.com/bot.html)"
66.249.79.171 - - [20/Oct/2025:09:21:06 -0400] "GET /robots.txt HTTP/1.1" 200 114 "-" "Mozilla/5.0 (compatible; Googlebot/2.1; +http://www.google.com/bot.html)"
196.251.85.75 - - [20/Oct/2025:09:21:06 -0400] "POST //xmlrpc.php HTTP/1.1" 200 401 "-" "Mozilla/5.0 (Windows NT 10.0; Win64; x64) AppleWebKit/537.36 (KHTML, like Gecko) Chrome/80.0.3987.149 Safari/537.36"
66.249.79.170 - - [20/Oct/2025:09:21:07 -0400] "GET /?shopping%2Fproduct%2F157120523_html HTTP/1.1" 200 47123 "-" "Mozilla/5.0 (Linux; Android 6.0.1; Nexus 5X Build/MMB29P) AppleWebKit/537.36 (KHTML, like Gecko) Chrome/140.0.7339.207 Mobile Safari/537.36 (compatible; Googlebot/2.1; +http://www.google.com/bot.html)"
196.251.85.75 - - [20/Oct/2025:09:21:08 -0400] "POST //xmlrpc.php HTTP/1.1" 200 401 "-" "Mozilla/5.0 (Windows NT 10.0; Win64; x64) AppleWebKit/537.36 (KHTML, like Gecko) Chrome/80.0.3987.149 Safari/537.36"
196.251.85.75 - - [20/Oct/2025:09:21:08 -0400] "POST //xmlrpc.php HTTP/1.1" 200 401 "-" "Mozilla/5.0 (Windows NT 10.0; Win64; x64) AppleWebKit/537.36 (KHTML, like Gecko) Chrome/80.0.3987.149 Safari/537.36"
196.251.85.75 - - [20/Oct/2025:09:21:09 -0400] "POST //xmlrpc.php HTTP/1.1" 200 401 "-" "Mozilla/5.0 (Windows NT 10.0; Win64; x64) AppleWebKit/537.36 (KHTML, like Gecko) Chrome/80.0.3987.149 Safari/537.36"
196.251.85.75 - - [20/Oct/2025:09:21:10 -0400] "POST //xmlrpc.php HTTP/1.1" 200 401 "-" "Mozilla/5.0 (Windows NT 10.0; Win64; x64) AppleWebKit/537.36 (KHTML, like Gecko) Chrome/80.0.3987.149 Safari/537.36"
196.251.85.75 - - [20/Oct/2025:09:21:12 -0400] "POST //xmlrpc.php HTTP/1.1" 200 401 "-" "Mozilla/5.0 (Windows NT 10.0; Win64; x64) AppleWebKit/537.36 (KHTML, like Gecko) Chrome/80.0.3987.149 Safari/537.36"
196.251.85.75 - - [20/Oct/2025:09:21:12 -0400] "POST //xmlrpc.php HTTP/1.1" 200 401 "-" "Mozilla/5.0 (Windows NT 10.0; Win64; x64) AppleWebKit/537.36 (KHTML, like Gecko) Chrome/80.0.3987.149 Safari/537.36"
196.251.85.75 - - [20/Oct/2025:09:21:13 -0400] "POST //xmlrpc.php HTTP/1.1" 200 401 "-" "Mozilla/5.0 (Windows NT 10.0; Win64; x64) AppleWebKit/537.36 (KHTML, like Gecko) Chrome/80.0.3987.149 Safari/537.36"
196.251.85.75 - - [20/Oct/2025:09:21:14 -0400] "POST //xmlrpc.php HTTP/1.1" 200 401 "-" "Mozilla/5.0 (Windows NT 10.0; Win64; x64) AppleWebKit/537.36 (KHTML, like Gecko) Chrome/80.0.3987.149 Safari/537.36"
196.251.85.75 - - [20/Oct/2025:09:21:14 -0400] "POST //xmlrpc.php HTTP/1.1" 200 401 "-" "Mozilla/5.0 (Windows NT 10.0; Win64; x64) AppleWebKit/537.36 (KHTML, like Gecko) Chrome/80.0.3987.149 Safari/537.36"
196.251.85.75 - - [20/Oct/2025:09:21:15 -0400] "POST //xmlrpc.php HTTP/1.1" 200 401 "-" "Mozilla/5.0 (Windows NT 10.0; Win64; x64) AppleWebKit/537.36 (KHTML, like Gecko) Chrome/80.0.3987.149 Safari/537.36"
217.113.194.10 - - [20/Oct/2025:09:21:15 -0400] "GET /wp-content/uploads/qwirkle-travel-aoqc/herbie-hancock-hip-hop-b07f71 HTTP/1.1" 404 73592 "-" "Mozilla/5.0 (compatible; Barkrowler/0.9; +https://babbar.tech/crawler)"
196.251.85.75 - - [20/Oct/2025:09:21:16 -0400] "POST //xmlrpc.php HTTP/1.1" 200 401 "-" "Mozilla/5.0 (Windows NT 10.0; Win64; x64) AppleWebKit/537.36 (KHTML, like Gecko) Chrome/80.0.3987.149 Safari/537.36"
196.251.85.75 - - [20/Oct/2025:09:21:16 -0400] "POST //xmlrpc.php HTTP/1.1" 200 401 "-" "Mozilla/5.0 (Windows NT 10.0; Win64; x64) AppleWebKit/537.36 (KHTML, like Gecko) Chrome/80.0.3987.149 Safari/537.36"
196.251.85.75 - - [20/Oct/2025:09:21:17 -0400] "POST //xmlrpc.php HTTP/1.1" 200 401 "-" "Mozilla/5.0 (Windows NT 10.0; Win64; x64) AppleWebKit/537.36 (KHTML, like Gecko) Chrome/80.0.3987.149 Safari/537.36"
196.251.85.75 - - [20/Oct/2025:09:21:18 -0400] "POST //xmlrpc.php HTTP/1.1" 200 401 "-" "Mozilla/5.0 (Windows NT 10.0; Win64; x64) AppleWebKit/537.36 (KHTML, like Gecko) Chrome/80.0.3987.149 Safari/537.36"
196.251.85.75 - - [20/Oct/2025:09:21:18 -0400] "POST //xmlrpc.php HTTP/1.1" 200 401 "-" "Mozilla/5.0 (Windows NT 10.0; Win64; x64) AppleWebKit/537.36 (KHTML, like Gecko) Chrome/80.0.3987.149 Safari/537.36"
196.251.85.75 - - [20/Oct/2025:09:21:19 -0400] "POST //xmlrpc.php HTTP/1.1" 200 401 "-" "Mozilla/5.0 (Windows NT 10.0; Win64; x64) AppleWebKit/537.36 (KHTML, like Gecko) Chrome/80.0.3987.149 Safari/537.36"
66.249.79.169 - - [20/Oct/2025:09:21:20 -0400] "GET /?shopping/product/15741532682.html HTTP/1.1" 301 - "-" "Mozilla/5.0 (Linux; Android 6.0.1; Nexus 5X Build/MMB29P) AppleWebKit/537.36 (KHTML, like Gecko) Chrome/140.0.7339.207 Mobile Safari/537.36 (compatible; Googlebot/2.1; +http://www.google.com/bot.html)"
196.251.85.75 - - [20/Oct/2025:09:21:20 -0400] "POST //xmlrpc.php HTTP/1.1" 200 401 "-" "Mozilla/5.0 (Windows NT 10.0; Win64; x64) AppleWebKit/537.36 (KHTML, like Gecko) Chrome/80.0.3987.149 Safari/537.36"
196.251.85.75 - - [20/Oct/2025:09:21:20 -0400] "POST //xmlrpc.php HTTP/1.1" 200 401 "-" "Mozilla/5.0 (Windows NT 10.0; Win64; x64) AppleWebKit/537.36 (KHTML, like Gecko) Chrome/80.0.3987.149 Safari/537.36"
66.249.79.170 - - [20/Oct/2025:09:21:20 -0400] "GET /?shopping%2Fproduct%2F15741532682_html HTTP/1.1" 200 47135 "-" "Mozilla/5.0 (Linux; Android 6.0.1; Nexus 5X Build/MMB29P) AppleWebKit/537.36 (KHTML, like Gecko) Chrome/140.0.7339.207 Mobile Safari/537.36 (compatible; Googlebot/2.1; +http://www.google.com/bot.html)"
196.251.85.75 - - [20/Oct/2025:09:21:21 -0400] "POST //xmlrpc.php HTTP/1.1" 200 401 "-" "Mozilla/5.0 (Windows NT 10.0; Win64; x64) AppleWebKit/537.36 (KHTML, like Gecko) Chrome/80.0.3987.149 Safari/537.36"
196.251.85.75 - - [20/Oct/2025:09:21:22 -0400] "POST //xmlrpc.php HTTP/1.1" 200 401 "-" "Mozilla/5.0 (Windows NT 10.0; Win64; x64) AppleWebKit/537.36 (KHTML, like Gecko) Chrome/80.0.3987.149 Safari/537.36"
196.251.85.75 - - [20/Oct/2025:09:21:23 -0400] "POST //xmlrpc.php HTTP/1.1" 200 401 "-" "Mozilla/5.0 (Windows NT 10.0; Win64; x64) AppleWebKit/537.36 (KHTML, like Gecko) Chrome/80.0.3987.149 Safari/537.36"
196.251.85.75 - - [20/Oct/2025:09:21:23 -0400] "POST //xmlrpc.php HTTP/1.1" 200 401 "-" "Mozilla/5.0 (Windows NT 10.0; Win64; x64) AppleWebKit/537.36 (KHTML, like Gecko) Chrome/80.0.3987.149 Safari/537.36"
196.251.85.75 - - [20/Oct/2025:09:21:24 -0400] "POST //xmlrpc.php HTTP/1.1" 200 401 "-" "Mozilla/5.0 (Windows NT 10.0; Win64; x64) AppleWebKit/537.36 (KHTML, like Gecko) Chrome/80.0.3987.149 Safari/537.36"
67.205.42.10 - - [20/Oct/2025:09:21:26 -0400] "POST /xmlrpc.php HTTP/1.1" 200 403 "https://menintalk.com" "Mozilla/5.0 (Windows NT 10.0; Win64; x64) AppleWebKit/537.36 (KHTML, like Gecko) Chrome/115.0.5790.171 Safari/537.36 Edg/115.0.1901.203"
66.249.79.169 - - [20/Oct/2025:09:21:34 -0400] "GET /?shopping/product/15741645061.html HTTP/1.1" 301 - "-" "Mozilla/5.0 (Linux; Android 6.0.1; Nexus 5X Build/MMB29P) AppleWebKit/537.36 (KHTML, like Gecko) Chrome/140.0.7339.207 Mobile Safari/537.36 (compatible; Googlebot/2.1; +http://www.google.com/bot.html)"
66.249.79.169 - - [20/Oct/2025:09:21:34 -0400] "GET /?shopping%2Fproduct%2F15741645061_html HTTP/1.1" 200 47135 "-" "Mozilla/5.0 (Linux; Android 6.0.1; Nexus 5X Build/MMB29P) AppleWebKit/537.36 (KHTML, like Gecko) Chrome/140.0.7339.207 Mobile Safari/537.36 (compatible; Googlebot/2.1; +http://www.google.com/bot.html)"
217.113.194.2 - - [20/Oct/2025:09:21:37 -0400] "GET /wp-content/uploads/qwirkle-travel-aoqc/acer-aspire-c20-720-memory-upgrade HTTP/1.1" 404 73592 "-" "Mozilla/5.0 (compatible; Barkrowler/0.9; +https://babbar.tech/crawler)"
66.249.79.169 - - [20/Oct/2025:09:21:47 -0400] "GET /?shopping/product/15752338016.html HTTP/1.1" 301 - "-" "Mozilla/5.0 (Linux; Android 6.0.1; Nexus 5X Build/MMB29P) AppleWebKit/537.36 (KHTML, like Gecko) Chrome/140.0.7339.207 Mobile Safari/537.36 (compatible; Googlebot/2.1; +http://www.google.com/bot.html)"
66.249.79.169 - - [20/Oct/2025:09:21:48 -0400] "GET /?shopping%2Fproduct%2F15752338016_html HTTP/1.1" 200 47135 "-" "Mozilla/5.0 (Linux; Android 6.0.1; Nexus 5X Build/MMB29P) AppleWebKit/537.36 (KHTML, like Gecko) Chrome/140.0.7339.207 Mobile Safari/537.36 (compatible; Googlebot/2.1; +http://www.google.com/bot.html)"
217.113.194.8 - - [20/Oct/2025:09:21:59 -0400] "GET /wp-content/uploads/qwirkle-travel-aoqc/art-forms-of-maharashtra-wikipedia HTTP/1.1" 404 73592 "-" "Mozilla/5.0 (compatible; Barkrowler/0.9; +https://babbar.tech/crawler)"
66.249.79.171 - - [20/Oct/2025:09:22:01 -0400] "GET /?shopping/product/15741738038.html HTTP/1.1" 301 - "-" "Mozilla/5.0 (Linux; Android 6.0.1; Nexus 5X Build/MMB29P) AppleWebKit/537.36 (KHTML, like Gecko) Chrome/140.0.7339.207 Mobile Safari/537.36 (compatible; Googlebot/2.1; +http://www.google.com/bot.html)"
66.249.79.170 - - [20/Oct/2025:09:22:02 -0400] "GET /?shopping%2Fproduct%2F15741738038_html HTTP/1.1" 200 47135 "-" "Mozilla/5.0 (Linux; Android 6.0.1; Nexus 5X Build/MMB29P) AppleWebKit/537.36 (KHTML, like Gecko) Chrome/140.0.7339.207 Mobile Safari/537.36 (compatible; Googlebot/2.1; +http://www.google.com/bot.html)"
54.38.147.51 - - [20/Oct/2025:09:22:13 -0400] "GET /parkromance/ HTTP/1.1" 200 66196 "-" "Mozilla/5.0 (compatible; AhrefsBot/7.0; +http://ahrefs.com/robot/)"
66.249.79.169 - - [20/Oct/2025:09:22:14 -0400] "GET /?shopping/product/15731193914.html HTTP/1.1" 301 - "-" "Mozilla/5.0 (Linux; Android 6.0.1; Nexus 5X Build/MMB29P) AppleWebKit/537.36 (KHTML, like Gecko) Chrome/140.0.7339.207 Mobile Safari/537.36 (compatible; Googlebot/2.1; +http://www.google.com/bot.html)"
66.249.79.170 - - [20/Oct/2025:09:22:14 -0400] "GET /robots.txt HTTP/1.1" 200 114 "-" "Mozilla/5.0 (compatible; Googlebot/2.1; +http://www.google.com/bot.html)"
66.249.79.170 - - [20/Oct/2025:09:22:15 -0400] "GET /?shopping%2Fproduct%2F15731193914_html HTTP/1.1" 200 47135 "-" "Mozilla/5.0 (Linux; Android 6.0.1; Nexus 5X Build/MMB29P) AppleWebKit/537.36 (KHTML, like Gecko) Chrome/140.0.7339.207 Mobile Safari/537.36 (compatible; Googlebot/2.1; +http://www.google.com/bot.html)"
217.113.194.11 - - [20/Oct/2025:09:22:22 -0400] "GET /wp-content/uploads/couldn-t-vuvf/aaj-tak-bareilly-news-9d77d1 HTTP/1.1" 404 73592 "-" "Mozilla/5.0 (compatible; Barkrowler/0.9; +https://babbar.tech/crawler)"
66.249.79.169 - - [20/Oct/2025:09:22:27 -0400] "GET /?shopping/product/15731083752.html HTTP/1.1" 301 - "-" "Mozilla/5.0 (Linux; Android 6.0.1; Nexus 5X Build/MMB29P) AppleWebKit/537.36 (KHTML, like Gecko) Chrome/140.0.7339.207 Mobile Safari/537.36 (compatible; Googlebot/2.1; +http://www.google.com/bot.html)"
66.249.79.169 - - [20/Oct/2025:09:22:28 -0400] "GET /?shopping%2Fproduct%2F15731083752_html HTTP/1.1" 200 47135 "-" "Mozilla/5.0 (Linux; Android 6.0.1; Nexus 5X Build/MMB29P) AppleWebKit/537.36 (KHTML, like Gecko) Chrome/140.0.7339.207 Mobile Safari/537.36 (compatible; Googlebot/2.1; +http://www.google.com/bot.html)"
66.249.79.169 - - [20/Oct/2025:09:22:41 -0400] "GET /?shopping/product/15741635457.html HTTP/1.1" 301 - "-" "Mozilla/5.0 (Linux; Android 6.0.1; Nexus 5X Build/MMB29P) AppleWebKit/537.36 (KHTML, like Gecko) Chrome/140.0.7339.207 Mobile Safari/537.36 (compatible; Googlebot/2.1; +http://www.google.com/bot.html)"
66.249.79.169 - - [20/Oct/2025:09:22:42 -0400] "GET /?shopping%2Fproduct%2F15741635457_html HTTP/1.1" 200 47135 "-" "Mozilla/5.0 (Linux; Android 6.0.1; Nexus 5X Build/MMB29P) AppleWebKit/537.36 (KHTML, like Gecko) Chrome/140.0.7339.207 Mobile Safari/537.36 (compatible; Googlebot/2.1; +http://www.google.com/bot.html)"
217.113.194.7 - - [20/Oct/2025:09:22:43 -0400] "GET /wp-content/uploads/couldn-t-vuvf/sage-fast-slow-pro-best-price-9d77d1 HTTP/1.1" 404 73592 "-" "Mozilla/5.0 (compatible; Barkrowler/0.9; +https://babbar.tech/crawler)"
66.249.79.169 - - [20/Oct/2025:09:22:54 -0400] "GET /?shopping/product/1572897324.html HTTP/1.1" 301 - "-" "Mozilla/5.0 (Linux; Android 6.0.1; Nexus 5X Build/MMB29P) AppleWebKit/537.36 (KHTML, like Gecko) Chrome/140.0.7339.207 Mobile Safari/537.36 (compatible; Googlebot/2.1; +http://www.google.com/bot.html)"
66.249.79.169 - - [20/Oct/2025:09:22:55 -0400] "GET /?shopping%2Fproduct%2F1572897324_html HTTP/1.1" 200 47129 "-" "Mozilla/5.0 (Linux; Android 6.0.1; Nexus 5X Build/MMB29P) AppleWebKit/537.36 (KHTML, like Gecko) Chrome/140.0.7339.207 Mobile Safari/537.36 (compatible; Googlebot/2.1; +http://www.google.com/bot.html)"
