66.249.79.169 - - [20/Oct/2025:08:30:47 -0400] "GET /primewatch/15715330003760100.html?sc_i=shopping-pc-web-category-catrecom-bsd3-rankitem HTTP/1.1" 404 42261 "-" "Mozilla/5.0 (Linux; Android 6.0.1; Nexus 5X Build/MMB29P) AppleWebKit/537.36 (KHTML, like Gecko) Chrome/140.0.7339.207 Mobile Safari/537.36 (compatible; Googlebot/2.1; +http://www.google.com/bot.html)"
217.113.194.8 - - [20/Oct/2025:08:31:00 -0400] "GET /wp-content/uploads/qwirkle-travel-aoqc/urban-cafe-birmingham-church-street HTTP/1.1" 404 73592 "-" "Mozilla/5.0 (compatible; Barkrowler/0.9; +https://babbar.tech/crawler)"
66.249.79.169 - - [20/Oct/2025:08:31:03 -0400] "GET /theorie-des-probabilites-la-voie-vers-la-victoire-au-rollbit-casino/ HTTP/1.1" 200 49510 "-" "Mozilla/5.0 (Linux; Android 6.0.1; Nexus 5X Build/MMB29P) AppleWebKit/537.36 (KHTML, like Gecko) Chrome/140.0.7339.207 Mobile Safari/537.36 (compatible; Googlebot/2.1; +http://www.google.com/bot.html)"
66.249.79.170 - - [20/Oct/2025:08:31:18 -0400] "GET /?shopping/product/15752117115.html HTTP/1.1" 301 - "-" "Mozilla/5.0 (Linux; Android 6.0.1; Nexus 5X Build/MMB29P) AppleWebKit/537.36 (KHTML, like Gecko) Chrome/140.0.7339.207 Mobile Safari/537.36 (compatible; Googlebot/2.1; +http://www.google.com/bot.html)"
66.249.79.170 - - [20/Oct/2025:08:31:19 -0400] "GET /?shopping%2Fproduct%2F15752117115_html HTTP/1.1" 200 47135 "-" "Mozilla/5.0 (Linux; Android 6.0.1; Nexus 5X Build/MMB29P) AppleWebKit/537.36 (KHTML, like Gecko) Chrome/140.0.7339.207 Mobile Safari/537.36 (compatible; Googlebot/2.1; +http://www.google.com/bot.html)"
103.52.135.116 - - [20/Oct/2025:08:31:19 -0400] "GET /as-probabilidades-explicadas-para-maximizar-resultados-no-fogo777-casino/ HTTP/1.1" 200 84006 "https://menintalk.com/" "Mozilla/5.0 (X11; Ubuntu; Linux x86_64; rv:114.0) Gecko/20100101 Firefox/114.0"
217.113.194.4 - - [20/Oct/2025:08:31:22 -0400] "GET /wp-content/uploads/qwirkle-travel-aoqc/zamtrios-armor-mh4u HTTP/1.1" 404 73592 "-" "Mozilla/5.0 (compatible; Barkrowler/0.9; +https://babbar.tech/crawler)"
103.52.135.116 - - [20/Oct/2025:08:31:22 -0400] "POST /wp-comments-post.php HTTP/1.1" 302 - "https://menintalk.com/as-probabilidades-explicadas-para-maximizar-resultados-no-fogo777-casino/" "Mozilla/5.0 (X11; Ubuntu; Linux x86_64; rv:114.0) Gecko/20100101 Firefox/114.0"
103.52.135.116 - - [20/Oct/2025:08:31:23 -0400] "GET /as-probabilidades-explicadas-para-maximizar-resultados-no-fogo777-casino/?unapproved=3498&moderation-hash=6944e260bf2bcd56fa9245b759e84a04 HTTP/1.1" 200 86784 "https://menintalk.com/wp-comments-post.php" "Mozilla/5.0 (X11; Ubuntu; Linux x86_64; rv:114.0) Gecko/20100101 Firefox/114.0"
198.71.52.204 - - [20/Oct/2025:08:31:24 -0400] "GET /wp-login.php HTTP/1.1" 200 5947 "-" "Mozilla/5.0 (compatible; MSIE 10.0; Windows NT 10.0; WOW64; Trident/7.0)"
103.52.135.116 - - [20/Oct/2025:08:31:27 -0400] "GET /as-probabilidades-explicadas-para-maximizar-resultados-no-fogo777-casino/ HTTP/1.1" 200 84006 "-" "Mozilla/5.0 (X11; Ubuntu; Linux x86_64; rv:114.0) Gecko/20100101 Firefox/114.0"
198.71.52.204 - - [20/Oct/2025:08:31:32 -0400] "POST /wp-login.php HTTP/1.1" 200 6420 "https://menintalk.com/wp-login.php" "Mozilla/5.0 (compatible; MSIE 10.0; Windows NT 10.0; WOW64; Trident/7.0)"
66.249.79.164 - - [20/Oct/2025:08:31:33 -0400] "GET /?15715006402800000 HTTP/1.1" 200 47039 "-" "Mozilla/5.0 (Linux; Android 6.0.1; Nexus 5X Build/MMB29P) AppleWebKit/537.36 (KHTML, like Gecko) Chrome/140.0.7339.207 Mobile Safari/537.36 (compatible; Googlebot/2.1; +http://www.google.com/bot.html)"
154.54.249.193 - - [20/Oct/2025:08:31:44 -0400] "GET /wp-content/uploads/qwirkle-travel-aoqc/yanmar-diesel-engine-service-manual-pdf HTTP/1.1" 404 73592 "-" "Mozilla/5.0 (compatible; Barkrowler/0.9; +https://babbar.tech/crawler)"
51.195.215.255 - - [20/Oct/2025:08:31:46 -0400] "GET /tag/safe-nutrition-for-your-body/feed/ HTTP/1.1" 200 3917 "-" "Mozilla/5.0 (compatible; AhrefsBot/7.0; +http://ahrefs.com/robot/)"
66.249.79.164 - - [20/Oct/2025:08:31:49 -0400] "GET /?15754779994365070 HTTP/1.1" 200 47039 "-" "Mozilla/5.0 (Linux; Android 6.0.1; Nexus 5X Build/MMB29P) AppleWebKit/537.36 (KHTML, like Gecko) Chrome/140.0.7339.207 Mobile Safari/537.36 (compatible; Googlebot/2.1; +http://www.google.com/bot.html)"
66.249.79.164 - - [20/Oct/2025:08:32:04 -0400] "GET /?15711168900000000 HTTP/1.1" 200 47039 "-" "Mozilla/5.0 (Linux; Android 6.0.1; Nexus 5X Build/MMB29P) AppleWebKit/537.36 (KHTML, like Gecko) Chrome/140.0.7339.207 Mobile Safari/537.36 (compatible; Googlebot/2.1; +http://www.google.com/bot.html)"
217.113.194.4 - - [20/Oct/2025:08:32:05 -0400] "GET /wp-content/uploads/qwirkle-travel-aoqc/yanmar-4jh110-specs HTTP/1.1" 404 73592 "-" "Mozilla/5.0 (compatible; Barkrowler/0.9; +https://babbar.tech/crawler)"
66.249.79.165 - - [20/Oct/2025:08:32:20 -0400] "GET /?15711087053912010 HTTP/1.1" 200 47039 "-" "Mozilla/5.0 (Linux; Android 6.0.1; Nexus 5X Build/MMB29P) AppleWebKit/537.36 (KHTML, like Gecko) Chrome/140.0.7339.207 Mobile Safari/537.36 (compatible; Googlebot/2.1; +http://www.google.com/bot.html)"
217.113.194.203 - - [20/Oct/2025:08:32:27 -0400] "GET /wp-content/uploads/qwirkle-travel-aoqc/huntington-oak-pergo-b07f71 HTTP/1.1" 404 73592 "-" "Mozilla/5.0 (compatible; Barkrowler/0.9; +https://babbar.tech/crawler)"
77.246.99.200 - - [20/Oct/2025:08:32:31 -0400] "GET /mergulhe-no-universo-magico-do-spellwin-casino-probabilidades-e-entretenimento/ HTTP/1.1" 200 84255 "-" "Mozilla/5.0 (X11; Fedora; Linux x86_64; rv:114.0) Gecko/20100101 Firefox/114.0"
66.249.79.164 - - [20/Oct/2025:08:32:35 -0400] "GET /?15724958332492750 HTTP/1.1" 200 47039 "-" "Mozilla/5.0 (Linux; Android 6.0.1; Nexus 5X Build/MMB29P) AppleWebKit/537.36 (KHTML, like Gecko) Chrome/140.0.7339.207 Mobile Safari/537.36 (compatible; Googlebot/2.1; +http://www.google.com/bot.html)"
217.113.194.6 - - [20/Oct/2025:08:32:48 -0400] "GET /wp-content/uploads/qwirkle-travel-aoqc/valley-of-the-sun-united-way-b07f71 HTTP/1.1" 404 73592 "-" "Mozilla/5.0 (compatible; Barkrowler/0.9; +https://babbar.tech/crawler)"
66.249.79.164 - - [20/Oct/2025:08:32:51 -0400] "GET /?15751095125175190 HTTP/1.1" 200 47039 "-" "Mozilla/5.0 (Linux; Android 6.0.1; Nexus 5X Build/MMB29P) AppleWebKit/537.36 (KHTML, like Gecko) Chrome/140.0.7339.207 Mobile Safari/537.36 (compatible; Googlebot/2.1; +http://www.google.com/bot.html)"
198.244.242.251 - - [20/Oct/2025:08:32:59 -0400] "GET /wp-content/uploads/2015/04/imagen-anticonceptivoparahombres.jpg HTTP/1.1" 404 73592 "-" "Mozilla/5.0 (compatible; AhrefsBot/7.0; +http://ahrefs.com/robot/)"
51.195.183.250 - - [20/Oct/2025:08:33:00 -0400] "GET /wp-content/uploads/2015/04/herbs_libigirl_dexatrim_max_sexual_enhancement_pills_for_female_labido_enhancer.jpg HTTP/1.1" 404 73592 "-" "Mozilla/5.0 (compatible; AhrefsBot/7.0; +http://ahrefs.com/robot/)"
66.249.79.164 - - [20/Oct/2025:08:33:06 -0400] "GET /?15721296009416900 HTTP/1.1" 200 47039 "-" "Mozilla/5.0 (Linux; Android 6.0.1; Nexus 5X Build/MMB29P) AppleWebKit/537.36 (KHTML, like Gecko) Chrome/140.0.7339.207 Mobile Safari/537.36 (compatible; Googlebot/2.1; +http://www.google.com/bot.html)"
217.113.194.10 - - [20/Oct/2025:08:33:11 -0400] "GET /wp-content/uploads/qwirkle-travel-aoqc/italian-wimborne-restaurants-b07f71 HTTP/1.1" 404 73592 "-" "Mozilla/5.0 (compatible; Barkrowler/0.9; +https://babbar.tech/crawler)"
54.38.147.154 - - [20/Oct/2025:08:33:21 -0400] "GET /tag/right-and-safe-nutrition/feed/ HTTP/1.1" 200 3909 "-" "Mozilla/5.0 (compatible; AhrefsBot/7.0; +http://ahrefs.com/robot/)"
66.249.79.165 - - [20/Oct/2025:08:33:22 -0400] "GET /?item/pcmypage/15753520108207380 HTTP/1.1" 301 - "-" "Mozilla/5.0 (Linux; Android 6.0.1; Nexus 5X Build/MMB29P) AppleWebKit/537.36 (KHTML, like Gecko) Chrome/140.0.7339.207 Mobile Safari/537.36 (compatible; Googlebot/2.1; +http://www.google.com/bot.html)"
66.249.79.165 - - [20/Oct/2025:08:33:23 -0400] "GET /?item%2Fpcmypage%2F15753520108207380 HTTP/1.1" 200 47123 "-" "Mozilla/5.0 (Linux; Android 6.0.1; Nexus 5X Build/MMB29P) AppleWebKit/537.36 (KHTML, like Gecko) Chrome/140.0.7339.207 Mobile Safari/537.36 (compatible; Googlebot/2.1; +http://www.google.com/bot.html)"
213.155.227.119 - - [20/Oct/2025:08:33:23 -0400] "POST /xmlrpc.php HTTP/1.1" 200 403 "https://menintalk.com" "Mozilla/5.0 (Macintosh; Intel Mac OS X 10_15_7) AppleWebKit/537.36 (KHTML, like Gecko) Chrome/115.0.5790.102 Safari/537.36"
217.113.194.2 - - [20/Oct/2025:08:33:33 -0400] "GET /wp-content/uploads/qwirkle-travel-aoqc/kauai-beaches-closed-b07f71 HTTP/1.1" 404 73592 "-" "Mozilla/5.0 (compatible; Barkrowler/0.9; +https://babbar.tech/crawler)"
192.186.142.43 - - [20/Oct/2025:08:33:36 -0400] "GET /guide-pratique-pour-exploiter-les-probabilites-au-casinia-casino/ HTTP/1.1" 200 83606 "-" "Mozilla/5.0 (X11; Fedora; Linux x86_64; rv:114.0) Gecko/20100101 Firefox/114.0"
66.249.79.164 - - [20/Oct/2025:08:33:37 -0400] "GET /?item/pcmypage/15734168698618610 HTTP/1.1" 301 - "-" "Mozilla/5.0 (Linux; Android 6.0.1; Nexus 5X Build/MMB29P) AppleWebKit/537.36 (KHTML, like Gecko) Chrome/140.0.7339.207 Mobile Safari/537.36 (compatible; Googlebot/2.1; +http://www.google.com/bot.html)"
66.249.79.164 - - [20/Oct/2025:08:33:38 -0400] "GET /?item%2Fpcmypage%2F15734168698618610 HTTP/1.1" 200 47123 "-" "Mozilla/5.0 (Linux; Android 6.0.1; Nexus 5X Build/MMB29P) AppleWebKit/537.36 (KHTML, like Gecko) Chrome/140.0.7339.207 Mobile Safari/537.36 (compatible; Googlebot/2.1; +http://www.google.com/bot.html)"
173.234.154.123 - - [20/Oct/2025:08:33:47 -0400] "GET /optimiser-ses-chances-sur-pokerstars-casino-avec-les-probabilites/ HTTP/1.1" 200 83886 "-" "Mozilla/5.0 (X11; Fedora; Linux x86_64; rv:114.0) Gecko/20100101 Firefox/114.0"
66.249.79.164 - - [20/Oct/2025:08:33:53 -0400] "GET /?item/pcmypage/15743733917864520 HTTP/1.1" 301 - "-" "Mozilla/5.0 (Linux; Android 6.0.1; Nexus 5X Build/MMB29P) AppleWebKit/537.36 (KHTML, like Gecko) Chrome/140.0.7339.207 Mobile Safari/537.36 (compatible; Googlebot/2.1; +http://www.google.com/bot.html)"
66.249.79.164 - - [20/Oct/2025:08:33:54 -0400] "GET /?item%2Fpcmypage%2F15743733917864520 HTTP/1.1" 200 47123 "-" "Mozilla/5.0 (Linux; Android 6.0.1; Nexus 5X Build/MMB29P) AppleWebKit/537.36 (KHTML, like Gecko) Chrome/140.0.7339.207 Mobile Safari/537.36 (compatible; Googlebot/2.1; +http://www.google.com/bot.html)"
217.113.194.4 - - [20/Oct/2025:08:33:55 -0400] "GET /wp-content/uploads/qwirkle-travel-aoqc/medial-frontal-gyrus-function HTTP/1.1" 404 73592 "-" "Mozilla/5.0 (compatible; Barkrowler/0.9; +https://babbar.tech/crawler)"
66.249.79.165 - - [20/Oct/2025:08:34:09 -0400] "GET /?item/pcmypage/15738100116115400 HTTP/1.1" 301 - "-" "Mozilla/5.0 (Linux; Android 6.0.1; Nexus 5X Build/MMB29P) AppleWebKit/537.36 (KHTML, like Gecko) Chrome/140.0.7339.207 Mobile Safari/537.36 (compatible; Googlebot/2.1; +http://www.google.com/bot.html)"
66.249.79.165 - - [20/Oct/2025:08:34:10 -0400] "GET /?item%2Fpcmypage%2F15738100116115400 HTTP/1.1" 200 47123 "-" "Mozilla/5.0 (Linux; Android 6.0.1; Nexus 5X Build/MMB29P) AppleWebKit/537.36 (KHTML, like Gecko) Chrome/140.0.7339.207 Mobile Safari/537.36 (compatible; Googlebot/2.1; +http://www.google.com/bot.html)"
217.113.194.202 - - [20/Oct/2025:08:34:18 -0400] "GET /wp-content/uploads/qwirkle-travel-aoqc/university-of-warsaw-application-deadline-2020 HTTP/1.1" 404 73592 "-" "Mozilla/5.0 (compatible; Barkrowler/0.9; +https://babbar.tech/crawler)"
66.249.79.164 - - [20/Oct/2025:08:34:24 -0400] "GET /page/520/?shopping/product/1572916749_html HTTP/1.1" 200 38719 "-" "Mozilla/5.0 (Linux; Android 6.0.1; Nexus 5X Build/MMB29P) AppleWebKit/537.36 (KHTML, like Gecko) Chrome/140.0.7339.207 Mobile Safari/537.36 (compatible; Googlebot/2.1; +http://www.google.com/bot.html)"
66.249.79.164 - - [20/Oct/2025:08:34:39 -0400] "GET /page/2/?shopping/product/1571311273_html HTTP/1.1" 200 42891 "-" "Mozilla/5.0 (Linux; Android 6.0.1; Nexus 5X Build/MMB29P) AppleWebKit/537.36 (KHTML, like Gecko) Chrome/140.0.7339.207 Mobile Safari/537.36 (compatible; Googlebot/2.1; +http://www.google.com/bot.html)"
217.113.194.4 - - [20/Oct/2025:08:34:39 -0400] "GET /wp-content/uploads/qwirkle-travel-aoqc/university-of-miami-medical-school-tuition-2020 HTTP/1.1" 404 73592 "-" "Mozilla/5.0 (compatible; Barkrowler/0.9; +https://babbar.tech/crawler)"
103.52.135.116 - - [20/Oct/2025:08:34:40 -0400] "GET /as-probabilidades-explicadas-para-maximizar-resultados-no-fogo777-casino/ HTTP/1.1" 200 84006 "-" "Mozilla/5.0 (X11; Fedora; Linux x86_64; rv:114.0) Gecko/20100101 Firefox/114.0"
198.244.226.6 - - [20/Oct/2025:08:34:44 -0400] "GET /tag/sexual-prowess/feed/ HTTP/1.1" 200 15035 "-" "Mozilla/5.0 (compatible; AhrefsBot/7.0; +http://ahrefs.com/robot/)"
66.249.79.164 - - [20/Oct/2025:08:34:54 -0400] "GET /page/519/?shopping/product/1571439803_html HTTP/1.1" 200 43805 "-" "Mozilla/5.0 (Linux; Android 6.0.1; Nexus 5X Build/MMB29P) AppleWebKit/537.36 (KHTML, like Gecko) Chrome/140.0.7339.207 Mobile Safari/537.36 (compatible; Googlebot/2.1; +http://www.google.com/bot.html)"
217.113.194.242 - - [20/Oct/2025:08:35:01 -0400] "GET /wp-content/uploads/qwirkle-travel-aoqc/car-key-programming-course-in-south-africa HTTP/1.1" 404 73592 "-" "Mozilla/5.0 (compatible; Barkrowler/0.9; +https://babbar.tech/crawler)"
66.249.79.164 - - [20/Oct/2025:08:35:10 -0400] "GET /page/3/?shopping/product/15762877249_html HTTP/1.1" 200 42514 "-" "Mozilla/5.0 (Linux; Android 6.0.1; Nexus 5X Build/MMB29P) AppleWebKit/537.36 (KHTML, like Gecko) Chrome/140.0.7339.207 Mobile Safari/537.36 (compatible; Googlebot/2.1; +http://www.google.com/bot.html)"
217.113.194.202 - - [20/Oct/2025:08:35:24 -0400] "GET /wp-content/uploads/qwirkle-travel-aoqc/nirf-ranking-2020-engineering-kerala HTTP/1.1" 404 73592 "-" "Mozilla/5.0 (compatible; Barkrowler/0.9; +https://babbar.tech/crawler)"
66.249.79.164 - - [20/Oct/2025:08:35:25 -0400] "GET /page/3/?shopping/product/15741964154_html HTTP/1.1" 200 42514 "-" "Mozilla/5.0 (Linux; Android 6.0.1; Nexus 5X Build/MMB29P) AppleWebKit/537.36 (KHTML, like Gecko) Chrome/140.0.7339.207 Mobile Safari/537.36 (compatible; Googlebot/2.1; +http://www.google.com/bot.html)"
170.199.228.136 - - [20/Oct/2025:08:35:34 -0400] "GET /entenda-as-probabilidades-para-otimizar-sua-experiencia-no-f12br-casino/ HTTP/1.1" 200 83835 "-" "Mozilla/5.0 (X11; Fedora; Linux x86_64; rv:114.0) Gecko/20100101 Firefox/114.0"
66.249.79.164 - - [20/Oct/2025:08:35:41 -0400] "GET /page/2/?shopping/product/1571342422_html HTTP/1.1" 200 42891 "-" "Mozilla/5.0 (Linux; Android 6.0.1; Nexus 5X Build/MMB29P) AppleWebKit/537.36 (KHTML, like Gecko) Chrome/140.0.7339.207 Mobile Safari/537.36 (compatible; Googlebot/2.1; +http://www.google.com/bot.html)"
217.113.194.6 - - [20/Oct/2025:08:35:47 -0400] "GET /wp-content/uploads/qwirkle-travel-aoqc/mumbai-college-name-and-address-b07f71 HTTP/1.1" 404 73592 "-" "Mozilla/5.0 (compatible; Barkrowler/0.9; +https://babbar.tech/crawler)"
51.195.215.222 - - [20/Oct/2025:08:35:53 -0400] "GET /tag/male-enhancement-herbs/feed/ HTTP/1.1" 200 15051 "-" "Mozilla/5.0 (compatible; AhrefsBot/7.0; +http://ahrefs.com/robot/)"
66.249.79.164 - - [20/Oct/2025:08:35:56 -0400] "GET /?shopping/product/15752127457.html HTTP/1.1" 301 - "-" "Mozilla/5.0 (Linux; Android 6.0.1; Nexus 5X Build/MMB29P) AppleWebKit/537.36 (KHTML, like Gecko) Chrome/140.0.7339.207 Mobile Safari/537.36 (compatible; Googlebot/2.1; +http://www.google.com/bot.html)"
66.249.79.164 - - [20/Oct/2025:08:35:57 -0400] "GET /?shopping%2Fproduct%2F15752127457_html HTTP/1.1" 200 47135 "-" "Mozilla/5.0 (Linux; Android 6.0.1; Nexus 5X Build/MMB29P) AppleWebKit/537.36 (KHTML, like Gecko) Chrome/140.0.7339.207 Mobile Safari/537.36 (compatible; Googlebot/2.1; +http://www.google.com/bot.html)"
66.249.79.165 - - [20/Oct/2025:08:36:02 -0400] "GET /wp-content/plugins/td-composer/td-multi-purpose/style.css?ver=e462493fbefecc1c77b3f5de91c3f3ed HTTP/1.1" 304 - "https://menintalk.com/?shopping%2Fproduct%2F15752127457_html" "Mozilla/5.0 (Linux; Android 6.0.1; Nexus 5X Build/MMB29P) AppleWebKit/537.36 (KHTML, like Gecko) Chrome/140.0.7339.207 Mobile Safari/537.36 (compatible; Googlebot/2.1; +http://www.google.com/bot.html)"
217.113.194.9 - - [20/Oct/2025:08:36:09 -0400] "GET /wp-content/uploads/qwirkle-travel-aoqc/is-dog-breeding-illegal-in-california HTTP/1.1" 404 73592 "-" "Mozilla/5.0 (compatible; Barkrowler/0.9; +https://babbar.tech/crawler)"
66.249.79.164 - - [20/Oct/2025:08:36:12 -0400] "GET /page/2/?shopping/product/15762623717_html HTTP/1.1" 200 42899 "-" "Mozilla/5.0 (Linux; Android 6.0.1; Nexus 5X Build/MMB29P) AppleWebKit/537.36 (KHTML, like Gecko) Chrome/140.0.7339.207 Mobile Safari/537.36 (compatible; Googlebot/2.1; +http://www.google.com/bot.html)"
164.90.154.67 - - [20/Oct/2025:08:36:24 -0400] "POST /xmlrpc.php HTTP/1.1" 200 401 "-" "Mozilla/5.0 (Windows NT 6.3; Win64; x64; Trident/7.0; MAGWJS; rv:11.0) like Gecko"
66.249.79.164 - - [20/Oct/2025:08:36:27 -0400] "GET /page/3/?shopping/product/15731154690_html HTTP/1.1" 200 42514 "-" "Mozilla/5.0 (Linux; Android 6.0.1; Nexus 5X Build/MMB29P) AppleWebKit/537.36 (KHTML, like Gecko) Chrome/140.0.7339.207 Mobile Safari/537.36 (compatible; Googlebot/2.1; +http://www.google.com/bot.html)"
217.113.194.2 - - [20/Oct/2025:08:36:30 -0400] "GET /wp-content/uploads/qwirkle-travel-aoqc/viper-insecticide-spray-b07f71 HTTP/1.1" 404 73592 "-" "Mozilla/5.0 (compatible; Barkrowler/0.9; +https://babbar.tech/crawler)"
66.249.79.164 - - [20/Oct/2025:08:36:34 -0400] "GET /wp-content/plugins/td-composer/td-multi-purpose/style.css?ver=e462493fbefecc1c77b3f5de91c3f3ed HTTP/1.1" 200 38952 "https://menintalk.com/page/3/?shopping/product/15731154690_html" "Mozilla/5.0 (Linux; Android 6.0.1; Nexus 5X Build/MMB29P) AppleWebKit/537.36 (KHTML, like Gecko) Chrome/140.0.7339.207 Mobile Safari/537.36 (compatible; Googlebot/2.1; +http://www.google.com/bot.html)"
66.249.79.169 - - [20/Oct/2025:08:36:43 -0400] "GET /pinco-kazino-il%C9%99-asan-v%C9%99-sur%C9%99tli-pul-cixarisi/index.php?shopping/product/1571155368.html HTTP/1.1" 301 - "-" "Mozilla/5.0 (Linux; Android 6.0.1; Nexus 5X Build/MMB29P) AppleWebKit/537.36 (KHTML, like Gecko) Chrome/140.0.7339.207 Mobile Safari/537.36 (compatible; Googlebot/2.1; +http://www.google.com/bot.html)"
66.249.79.169 - - [20/Oct/2025:08:36:44 -0400] "GET /pinco-kazino-il%C9%99-asan-v%C9%99-sur%C9%99tli-pul-cixarisi/?shopping/product/1571155368.html HTTP/1.1" 200 49985 "-" "Mozilla/5.0 (Linux; Android 6.0.1; Nexus 5X Build/MMB29P) AppleWebKit/537.36 (KHTML, like Gecko) Chrome/140.0.7339.207 Mobile Safari/537.36 (compatible; Googlebot/2.1; +http://www.google.com/bot.html)"
217.113.194.5 - - [20/Oct/2025:08:36:53 -0400] "GET /wp-content/uploads/qwirkle-travel-aoqc/ikea-sinnerlig-stool-b07f71 HTTP/1.1" 404 73592 "-" "Mozilla/5.0 (compatible; Barkrowler/0.9; +https://babbar.tech/crawler)"
212.30.36.190 - - [20/Oct/2025:08:36:56 -0400] "GET /conheca-o-richville-casino-sua-jornada-de-apostas-com-estilo-brasileiro/ HTTP/1.1" 200 83373 "-" "Mozilla/5.0 (X11; Fedora; Linux x86_64; rv:114.0) Gecko/20100101 Firefox/114.0"
66.249.79.169 - - [20/Oct/2025:08:36:58 -0400] "GET /guide-complet-pour-explorer-les-probabilites-au-simsinos-casino-2/index.php HTTP/1.1" 301 - "-" "Mozilla/5.0 (Linux; Android 6.0.1; Nexus 5X Build/MMB29P) AppleWebKit/537.36 (KHTML, like Gecko) Chrome/140.0.7339.207 Mobile Safari/537.36 (compatible; Googlebot/2.1; +http://www.google.com/bot.html)"
66.249.79.169 - - [20/Oct/2025:08:36:59 -0400] "GET /guide-complet-pour-explorer-les-probabilites-au-simsinos-casino-2/ HTTP/1.1" 200 49419 "-" "Mozilla/5.0 (Linux; Android 6.0.1; Nexus 5X Build/MMB29P) AppleWebKit/537.36 (KHTML, like Gecko) Chrome/140.0.7339.207 Mobile Safari/537.36 (compatible; Googlebot/2.1; +http://www.google.com/bot.html)"
123.31.12.39 - - [20/Oct/2025:08:37:00 -0400] "POST /xmlrpc.php HTTP/1.1" 200 403 "https://menintalk.com" "Mozilla/5.0 (Macintosh; Intel Mac OS X 10_15_7; rv:128.0) Gecko/20100101 Firefox/128.0"
205.196.217.53 - - [20/Oct/2025:08:37:11 -0400] "GET /wp-login.php HTTP/1.1" 200 5947 "-" "Mozilla/5.0 (Windows NT 6.3; WOW64; Trident/7.0; MASBJS; rv:11.0) like Gecko"
66.249.79.169 - - [20/Oct/2025:08:37:14 -0400] "GET /shopping/product/1572508754.html HTTP/1.1" 404 42261 "-" "Mozilla/5.0 (Linux; Android 6.0.1; Nexus 5X Build/MMB29P) AppleWebKit/537.36 (KHTML, like Gecko) Chrome/140.0.7339.207 Mobile Safari/537.36 (compatible; Googlebot/2.1; +http://www.google.com/bot.html)"
217.113.194.202 - - [20/Oct/2025:08:37:15 -0400] "GET /wp-content/uploads/qwirkle-travel-aoqc/6x9-area-rugs-lowe%27s HTTP/1.1" 404 73592 "-" "Mozilla/5.0 (compatible; Barkrowler/0.9; +https://babbar.tech/crawler)"
205.196.217.53 - - [20/Oct/2025:08:37:15 -0400] "POST /xmlrpc.php HTTP/1.1" 200 401 "-" "Mozilla/5.0 (Windows NT 10.0; Win64; x64; WebView/3.0) AppleWebKit/537.36 (KHTML, like Gecko) Chrome/58.0.3029.110 Safari/537.36 Edge/16.16299"
205.196.217.53 - - [20/Oct/2025:08:37:17 -0400] "POST /wp-login.php HTTP/1.1" 200 6420 "https://menintalk.com/wp-login.php" "Mozilla/5.0 (Windows NT 6.3; WOW64; Trident/7.0; MASBJS; rv:11.0) like Gecko"
146.70.181.249 - - [20/Oct/2025:08:37:17 -0400] "GET /ihr-schlussel-zu-triumphen-im-playjango-casino/ HTTP/1.1" 200 83880 "-" "Mozilla/5.0 (X11; Fedora; Linux x86_64; rv:114.0) Gecko/20100101 Firefox/114.0"
198.244.226.113 - - [20/Oct/2025:08:37:27 -0400] "GET /tag/lower-body-workout/feed/ HTTP/1.1" 200 4874 "-" "Mozilla/5.0 (compatible; AhrefsBot/7.0; +http://ahrefs.com/robot/)"
66.249.79.169 - - [20/Oct/2025:08:37:29 -0400] "GET /item/feature/15715243138000000.html HTTP/1.1" 404 42261 "-" "Mozilla/5.0 (Linux; Android 6.0.1; Nexus 5X Build/MMB29P) AppleWebKit/537.36 (KHTML, like Gecko) Chrome/140.0.7339.207 Mobile Safari/537.36 (compatible; Googlebot/2.1; +http://www.google.com/bot.html)"
217.113.194.4 - - [20/Oct/2025:08:37:37 -0400] "GET /wp-content/uploads/qwirkle-travel-aoqc/tradition-of-excellence-interactive-practice-studio HTTP/1.1" 404 73592 "-" "Mozilla/5.0 (compatible; Barkrowler/0.9; +https://babbar.tech/crawler)"
66.249.79.169 - - [20/Oct/2025:08:37:45 -0400] "GET /shopping/product/157180604.html HTTP/1.1" 404 42261 "-" "Mozilla/5.0 (Linux; Android 6.0.1; Nexus 5X Build/MMB29P) AppleWebKit/537.36 (KHTML, like Gecko) Chrome/140.0.7339.207 Mobile Safari/537.36 (compatible; Googlebot/2.1; +http://www.google.com/bot.html)"
217.113.194.11 - - [20/Oct/2025:08:37:58 -0400] "GET /wp-content/uploads/qwirkle-travel-aoqc/over-55-gated-communities-melbourne HTTP/1.1" 404 73592 "-" "Mozilla/5.0 (compatible; Barkrowler/0.9; +https://babbar.tech/crawler)"
66.249.79.171 - - [20/Oct/2025:08:38:01 -0400] "GET /shopping/product/1571141260.html HTTP/1.1" 404 42261 "-" "Mozilla/5.0 (Linux; Android 6.0.1; Nexus 5X Build/MMB29P) AppleWebKit/537.36 (KHTML, like Gecko) Chrome/140.0.7339.207 Mobile Safari/537.36 (compatible; Googlebot/2.1; +http://www.google.com/bot.html)"
66.249.79.169 - - [20/Oct/2025:08:38:16 -0400] "GET /shopping/product/15762796666.html HTTP/1.1" 404 42261 "-" "Mozilla/5.0 (Linux; Android 6.0.1; Nexus 5X Build/MMB29P) AppleWebKit/537.36 (KHTML, like Gecko) Chrome/140.0.7339.207 Mobile Safari/537.36 (compatible; Googlebot/2.1; +http://www.google.com/bot.html)"
217.113.194.202 - - [20/Oct/2025:08:38:20 -0400] "GET /wp-content/uploads/qwirkle-travel-aoqc/champion-100574-wheel-kit-b07f71 HTTP/1.1" 404 73592 "-" "Mozilla/5.0 (compatible; Barkrowler/0.9; +https://babbar.tech/crawler)"
66.249.79.169 - - [20/Oct/2025:08:38:31 -0400] "GET /?page/15757933548664720 HTTP/1.1" 301 - "-" "Mozilla/5.0 (Linux; Android 6.0.1; Nexus 5X Build/MMB29P) AppleWebKit/537.36 (KHTML, like Gecko) Chrome/140.0.7339.207 Mobile Safari/537.36 (compatible; Googlebot/2.1; +http://www.google.com/bot.html)"
66.249.79.169 - - [20/Oct/2025:08:38:32 -0400] "GET /?page%2F15757933548664720 HTTP/1.1" 200 47069 "-" "Mozilla/5.0 (Linux; Android 6.0.1; Nexus 5X Build/MMB29P) AppleWebKit/537.36 (KHTML, like Gecko) Chrome/140.0.7339.207 Mobile Safari/537.36 (compatible; Googlebot/2.1; +http://www.google.com/bot.html)"
51.195.183.75 - - [20/Oct/2025:08:38:38 -0400] "GET /tag/penis-lengthening/feed/ HTTP/1.1" 200 5523 "-" "Mozilla/5.0 (compatible; AhrefsBot/7.0; +http://ahrefs.com/robot/)"
217.113.194.3 - - [20/Oct/2025:08:38:42 -0400] "GET /wp-content/uploads/qwirkle-travel-aoqc/12-inch-gi-joe-vehicles-b07f71 HTTP/1.1" 404 73592 "-" "Mozilla/5.0 (compatible; Barkrowler/0.9; +https://babbar.tech/crawler)"
66.249.79.169 - - [20/Oct/2025:08:38:46 -0400] "GET /?shopping/product/15741674796.html HTTP/1.1" 301 - "-" "Mozilla/5.0 (Linux; Android 6.0.1; Nexus 5X Build/MMB29P) AppleWebKit/537.36 (KHTML, like Gecko) Chrome/140.0.7339.207 Mobile Safari/537.36 (compatible; Googlebot/2.1; +http://www.google.com/bot.html)"
66.249.79.169 - - [20/Oct/2025:08:38:47 -0400] "GET /?shopping%2Fproduct%2F15741674796_html HTTP/1.1" 200 47135 "-" "Mozilla/5.0 (Linux; Android 6.0.1; Nexus 5X Build/MMB29P) AppleWebKit/537.36 (KHTML, like Gecko) Chrome/140.0.7339.207 Mobile Safari/537.36 (compatible; Googlebot/2.1; +http://www.google.com/bot.html)"
66.249.79.171 - - [20/Oct/2025:08:39:02 -0400] "GET /?shopping/product/1572553314.html HTTP/1.1" 301 - "-" "Mozilla/5.0 (Linux; Android 6.0.1; Nexus 5X Build/MMB29P) AppleWebKit/537.36 (KHTML, like Gecko) Chrome/140.0.7339.207 Mobile Safari/537.36 (compatible; Googlebot/2.1; +http://www.google.com/bot.html)"
66.249.79.171 - - [20/Oct/2025:08:39:03 -0400] "GET /?shopping%2Fproduct%2F1572553314_html HTTP/1.1" 200 47129 "-" "Mozilla/5.0 (Linux; Android 6.0.1; Nexus 5X Build/MMB29P) AppleWebKit/537.36 (KHTML, like Gecko) Chrome/140.0.7339.207 Mobile Safari/537.36 (compatible; Googlebot/2.1; +http://www.google.com/bot.html)"
217.113.194.8 - - [20/Oct/2025:08:39:03 -0400] "GET /wp-content/uploads/qwirkle-travel-aoqc/slumberdown-all-seasons-duvet HTTP/1.1" 404 73592 "-" "Mozilla/5.0 (compatible; Barkrowler/0.9; +https://babbar.tech/crawler)"
49.235.86.237 - - [20/Oct/2025:08:39:06 -0400] "GET /the-very-best-antivirus-applications-for-android/ HTTP/1.1" 200 81707 "-" "Mozilla/5.0 (Windows NT 10.0; Win64; x64) AppleWebKit/537.36 (KHTML, like Gecko) Chrome/91.0.4472.124 Safari/537.36"
66.249.79.170 - - [20/Oct/2025:08:39:17 -0400] "GET /?shopping/product/15731383492.html HTTP/1.1" 301 - "-" "Mozilla/5.0 (Linux; Android 6.0.1; Nexus 5X Build/MMB29P) AppleWebKit/537.36 (KHTML, like Gecko) Chrome/140.0.7339.207 Mobile Safari/537.36 (compatible; Googlebot/2.1; +http://www.google.com/bot.html)"
66.249.79.170 - - [20/Oct/2025:08:39:18 -0400] "GET /?shopping%2Fproduct%2F15731383492_html HTTP/1.1" 200 47135 "-" "Mozilla/5.0 (Linux; Android 6.0.1; Nexus 5X Build/MMB29P) AppleWebKit/537.36 (KHTML, like Gecko) Chrome/140.0.7339.207 Mobile Safari/537.36 (compatible; Googlebot/2.1; +http://www.google.com/bot.html)"
217.113.194.203 - - [20/Oct/2025:08:39:25 -0400] "GET /wp-content/uploads/qwirkle-travel-aoqc/cistus-design-nursery-b07f71 HTTP/1.1" 404 73592 "-" "Mozilla/5.0 (compatible; Barkrowler/0.9; +https://babbar.tech/crawler)"
66.249.79.169 - - [20/Oct/2025:08:39:33 -0400] "GET /?shopping/product/1572566164.html HTTP/1.1" 301 - "-" "Mozilla/5.0 (Linux; Android 6.0.1; Nexus 5X Build/MMB29P) AppleWebKit/537.36 (KHTML, like Gecko) Chrome/140.0.7339.207 Mobile Safari/537.36 (compatible; Googlebot/2.1; +http://www.google.com/bot.html)"
66.249.79.169 - - [20/Oct/2025:08:39:34 -0400] "GET /?shopping%2Fproduct%2F1572566164_html HTTP/1.1" 200 47129 "-" "Mozilla/5.0 (Linux; Android 6.0.1; Nexus 5X Build/MMB29P) AppleWebKit/537.36 (KHTML, like Gecko) Chrome/140.0.7339.207 Mobile Safari/537.36 (compatible; Googlebot/2.1; +http://www.google.com/bot.html)"
217.113.194.8 - - [20/Oct/2025:08:39:46 -0400] "GET /wp-content/uploads/qwirkle-travel-aoqc/ruparel-college-cut-off-2019 HTTP/1.1" 404 73592 "-" "Mozilla/5.0 (compatible; Barkrowler/0.9; +https://babbar.tech/crawler)"
66.249.79.169 - - [20/Oct/2025:08:39:48 -0400] "GET /?shopping/product/15741616307.html HTTP/1.1" 301 - "-" "Mozilla/5.0 (Linux; Android 6.0.1; Nexus 5X Build/MMB29P) AppleWebKit/537.36 (KHTML, like Gecko) Chrome/140.0.7339.207 Mobile Safari/537.36 (compatible; Googlebot/2.1; +http://www.google.com/bot.html)"
66.249.79.169 - - [20/Oct/2025:08:39:49 -0400] "GET /?shopping%2Fproduct%2F15741616307_html HTTP/1.1" 200 47135 "-" "Mozilla/5.0 (Linux; Android 6.0.1; Nexus 5X Build/MMB29P) AppleWebKit/537.36 (KHTML, like Gecko) Chrome/140.0.7339.207 Mobile Safari/537.36 (compatible; Googlebot/2.1; +http://www.google.com/bot.html)"
66.249.79.169 - - [20/Oct/2025:08:40:04 -0400] "GET /?shopping/product/1571455160.html HTTP/1.1" 301 - "-" "Mozilla/5.0 (Linux; Android 6.0.1; Nexus 5X Build/MMB29P) AppleWebKit/537.36 (KHTML, like Gecko) Chrome/140.0.7339.207 Mobile Safari/537.36 (compatible; Googlebot/2.1; +http://www.google.com/bot.html)"
66.249.79.169 - - [20/Oct/2025:08:40:05 -0400] "GET /?shopping%2Fproduct%2F1571455160_html HTTP/1.1" 200 47129 "-" "Mozilla/5.0 (Linux; Android 6.0.1; Nexus 5X Build/MMB29P) AppleWebKit/537.36 (KHTML, like Gecko) Chrome/140.0.7339.207 Mobile Safari/537.36 (compatible; Googlebot/2.1; +http://www.google.com/bot.html)"
217.113.194.2 - - [20/Oct/2025:08:40:10 -0400] "GET /wp-content/uploads/qwirkle-travel-aoqc/old-fiat-panda-for-sale-b07f71 HTTP/1.1" 404 73592 "-" "Mozilla/5.0 (compatible; Barkrowler/0.9; +https://babbar.tech/crawler)"
27.106.107.88 - - [20/Oct/2025:08:40:10 -0400] "GET /wp-content/uploads/2015/03/Male-Enhancement-Underwear-11.jpg HTTP/1.1" 404 73592 "https://menintalk.com/male-enhancement-underwear-maintain-the-penis-bulge/7/" "Mozilla/5.0 (Windows NT 10.0; Win64; x64) AppleWebKit/537.36 (KHTML, like Gecko) Chrome/116.0.0.0 Safari/537.36"
66.249.79.169 - - [20/Oct/2025:08:40:19 -0400] "GET /?shopping/product/15716356.html HTTP/1.1" 301 - "-" "Mozilla/5.0 (Linux; Android 6.0.1; Nexus 5X Build/MMB29P) AppleWebKit/537.36 (KHTML, like Gecko) Chrome/140.0.7339.207 Mobile Safari/537.36 (compatible; Googlebot/2.1; +http://www.google.com/bot.html)"
66.249.79.169 - - [20/Oct/2025:08:40:20 -0400] "GET /?shopping%2Fproduct%2F15716356_html HTTP/1.1" 200 47117 "-" "Mozilla/5.0 (Linux; Android 6.0.1; Nexus 5X Build/MMB29P) AppleWebKit/537.36 (KHTML, like Gecko) Chrome/140.0.7339.207 Mobile Safari/537.36 (compatible; Googlebot/2.1; +http://www.google.com/bot.html)"
152.42.231.133 - - [20/Oct/2025:08:40:25 -0400] "GET /wp-login.php HTTP/1.1" 200 5947 "-" "Mozilla/5.0 (X11; Ubuntu; Linux x86_64; rv:85.0) Gecko/20100101 Firefox/91.0"
152.42.231.133 - - [20/Oct/2025:08:40:26 -0400] "POST /wp-login.php HTTP/1.1" 200 6370 "-" "Mozilla/5.0 (X11; Ubuntu; Linux x86_64; rv:85.0) Gecko/20100101 Firefox/91.0"
217.113.194.202 - - [20/Oct/2025:08:40:32 -0400] "GET /wp-content/uploads/qwirkle-travel-aoqc/chopin---funeral-march-b07f71 HTTP/1.1" 404 73592 "-" "Mozilla/5.0 (compatible; Barkrowler/0.9; +https://babbar.tech/crawler)"
66.249.79.169 - - [20/Oct/2025:08:40:35 -0400] "GET /?shopping/product/15752188843.html HTTP/1.1" 301 - "-" "Mozilla/5.0 (Linux; Android 6.0.1; Nexus 5X Build/MMB29P) AppleWebKit/537.36 (KHTML, like Gecko) Chrome/140.0.7339.207 Mobile Safari/537.36 (compatible; Googlebot/2.1; +http://www.google.com/bot.html)"
66.249.79.169 - - [20/Oct/2025:08:40:35 -0400] "GET /?shopping%2Fproduct%2F15752188843_html HTTP/1.1" 200 47135 "-" "Mozilla/5.0 (Linux; Android 6.0.1; Nexus 5X Build/MMB29P) AppleWebKit/537.36 (KHTML, like Gecko) Chrome/140.0.7339.207 Mobile Safari/537.36 (compatible; Googlebot/2.1; +http://www.google.com/bot.html)"
34.90.192.194 - - [20/Oct/2025:08:40:36 -0400] "POST /xmlrpc.php HTTP/1.1" 200 403 "https://menintalk.com" "Mozilla/5.0 (Windows NT 10.0; Win64; x64) AppleWebKit/537.36 (KHTML, like Gecko) Chrome/115.0.5790.171 Safari/537.36 Edg/115.0.1901.203"
66.249.79.169 - - [20/Oct/2025:08:40:50 -0400] "GET /?shopping/product/15752171321.html HTTP/1.1" 301 - "-" "Mozilla/5.0 (Linux; Android 6.0.1; Nexus 5X Build/MMB29P) AppleWebKit/537.36 (KHTML, like Gecko) Chrome/140.0.7339.207 Mobile Safari/537.36 (compatible; Googlebot/2.1; +http://www.google.com/bot.html)"
66.249.79.169 - - [20/Oct/2025:08:40:51 -0400] "GET /?shopping%2Fproduct%2F15752171321_html HTTP/1.1" 200 47135 "-" "Mozilla/5.0 (Linux; Android 6.0.1; Nexus 5X Build/MMB29P) AppleWebKit/537.36 (KHTML, like Gecko) Chrome/140.0.7339.207 Mobile Safari/537.36 (compatible; Googlebot/2.1; +http://www.google.com/bot.html)"
217.113.194.203 - - [20/Oct/2025:08:40:54 -0400] "GET /wp-content/uploads/qwirkle-travel-aoqc/everlasting-crown-pvz-gw2 HTTP/1.1" 404 73592 "-" "Mozilla/5.0 (compatible; Barkrowler/0.9; +https://babbar.tech/crawler)"
54.38.147.250 - - [20/Oct/2025:08:40:58 -0400] "GET /wp-sitemap.xml HTTP/1.1" 200 694 "-" "Mozilla/5.0 (compatible; AhrefsBot/7.0; +http://ahrefs.com/robot/)"
38.152.146.16 - - [20/Oct/2025:08:40:59 -0400] "GET /como-as-probabilidades-garantem-vitorias-no-verabet-casino/ HTTP/1.1" 200 83402 "-" "Mozilla/5.0 (X11; Fedora; Linux x86_64; rv:114.0) Gecko/20100101 Firefox/114.0"
51.195.215.69 - - [20/Oct/2025:08:40:59 -0400] "GET /wp-sitemap-posts-post-1.xml HTTP/1.1" 200 273726 "-" "Mozilla/5.0 (compatible; AhrefsBot/7.0; +http://ahrefs.com/robot/)"
51.89.129.221 - - [20/Oct/2025:08:41:01 -0400] "GET /wp-sitemap-posts-post-2.xml HTTP/1.1" 200 160355 "-" "Mozilla/5.0 (compatible; AhrefsBot/7.0; +http://ahrefs.com/robot/)"
51.195.183.200 - - [20/Oct/2025:08:41:02 -0400] "GET /wp-sitemap-posts-page-1.xml HTTP/1.1" 200 5304 "-" "Mozilla/5.0 (compatible; AhrefsBot/7.0; +http://ahrefs.com/robot/)"
51.195.183.106 - - [20/Oct/2025:08:41:03 -0400] "GET /wp-sitemap-taxonomies-category-1.xml HTTP/1.1" 200 14131 "-" "Mozilla/5.0 (compatible; AhrefsBot/7.0; +http://ahrefs.com/robot/)"
198.244.168.52 - - [20/Oct/2025:08:41:05 -0400] "GET /wp-sitemap-taxonomies-post_tag-1.xml HTTP/1.1" 200 14194 "-" "Mozilla/5.0 (compatible; AhrefsBot/7.0; +http://ahrefs.com/robot/)"
66.249.79.170 - - [20/Oct/2025:08:41:06 -0400] "GET /?shopping/product/1572893755.html HTTP/1.1" 301 - "-" "Mozilla/5.0 (Linux; Android 6.0.1; Nexus 5X Build/MMB29P) AppleWebKit/537.36 (KHTML, like Gecko) Chrome/140.0.7339.207 Mobile Safari/537.36 (compatible; Googlebot/2.1; +http://www.google.com/bot.html)"
51.195.183.178 - - [20/Oct/2025:08:41:06 -0400] "GET /wp-sitemap-users-1.xml HTTP/1.1" 200 770 "-" "Mozilla/5.0 (compatible; AhrefsBot/7.0; +http://ahrefs.com/robot/)"
66.249.79.171 - - [20/Oct/2025:08:41:07 -0400] "GET /?shopping%2Fproduct%2F1572893755_html HTTP/1.1" 200 47129 "-" "Mozilla/5.0 (Linux; Android 6.0.1; Nexus 5X Build/MMB29P) AppleWebKit/537.36 (KHTML, like Gecko) Chrome/140.0.7339.207 Mobile Safari/537.36 (compatible; Googlebot/2.1; +http://www.google.com/bot.html)"
217.113.194.202 - - [20/Oct/2025:08:41:17 -0400] "GET /wp-content/uploads/qwirkle-travel-aoqc/are-nonprofits-public-or-private-sector HTTP/1.1" 404 73592 "-" "Mozilla/5.0 (compatible; Barkrowler/0.9; +https://babbar.tech/crawler)"
66.249.79.170 - - [20/Oct/2025:08:41:21 -0400] "GET /?shopping/product/1571486541.html HTTP/1.1" 301 - "-" "Mozilla/5.0 (Linux; Android 6.0.1; Nexus 5X Build/MMB29P) AppleWebKit/537.36 (KHTML, like Gecko) Chrome/140.0.7339.207 Mobile Safari/537.36 (compatible; Googlebot/2.1; +http://www.google.com/bot.html)"
66.249.79.170 - - [20/Oct/2025:08:41:22 -0400] "GET /?shopping%2Fproduct%2F1571486541_html HTTP/1.1" 200 47129 "-" "Mozilla/5.0 (Linux; Android 6.0.1; Nexus 5X Build/MMB29P) AppleWebKit/537.36 (KHTML, like Gecko) Chrome/140.0.7339.207 Mobile Safari/537.36 (compatible; Googlebot/2.1; +http://www.google.com/bot.html)"
66.249.79.164 - - [20/Oct/2025:08:41:37 -0400] "GET /?shopping/product/15731081322.html HTTP/1.1" 301 - "-" "Mozilla/5.0 (Linux; Android 6.0.1; Nexus 5X Build/MMB29P) AppleWebKit/537.36 (KHTML, like Gecko) Chrome/140.0.7339.207 Mobile Safari/537.36 (compatible; Googlebot/2.1; +http://www.google.com/bot.html)"
66.249.79.164 - - [20/Oct/2025:08:41:37 -0400] "GET /?shopping%2Fproduct%2F15731081322_html HTTP/1.1" 200 47135 "-" "Mozilla/5.0 (Linux; Android 6.0.1; Nexus 5X Build/MMB29P) AppleWebKit/537.36 (KHTML, like Gecko) Chrome/140.0.7339.207 Mobile Safari/537.36 (compatible; Googlebot/2.1; +http://www.google.com/bot.html)"
217.113.194.5 - - [20/Oct/2025:08:41:38 -0400] "GET /wp-content/uploads/qwirkle-travel-aoqc/500-commack-road-suite-150d HTTP/1.1" 404 73592 "-" "Mozilla/5.0 (compatible; Barkrowler/0.9; +https://babbar.tech/crawler)"
107.152.46.41 - - [20/Oct/2025:08:41:49 -0400] "GET /experimentez-la-passion-et-lenergie-de-my-stake/ HTTP/1.1" 200 83154 "-" "Mozilla/5.0 (X11; Fedora; Linux x86_64; rv:114.0) Gecko/20100101 Firefox/114.0"
103.74.116.73 - - [20/Oct/2025:08:41:51 -0400] "GET /wp-login.php HTTP/1.1" 200 5947 "-" "Mozilla/5.0 (Windows NT 6.1; WOW64; Trident/7.0; BOIE9;ENUS; rv:11.0) like Gecko"
66.249.79.164 - - [20/Oct/2025:08:41:52 -0400] "GET /?shopping/product/15762989718.html HTTP/1.1" 301 - "-" "Mozilla/5.0 (Linux; Android 6.0.1; Nexus 5X Build/MMB29P) AppleWebKit/537.36 (KHTML, like Gecko) Chrome/140.0.7339.207 Mobile Safari/537.36 (compatible; Googlebot/2.1; +http://www.google.com/bot.html)"
66.249.79.164 - - [20/Oct/2025:08:41:53 -0400] "GET /?shopping%2Fproduct%2F15762989718_html HTTP/1.1" 200 47135 "-" "Mozilla/5.0 (Linux; Android 6.0.1; Nexus 5X Build/MMB29P) AppleWebKit/537.36 (KHTML, like Gecko) Chrome/140.0.7339.207 Mobile Safari/537.36 (compatible; Googlebot/2.1; +http://www.google.com/bot.html)"
103.74.116.73 - - [20/Oct/2025:08:41:53 -0400] "POST /wp-login.php HTTP/1.1" 200 6422 "https://menintalk.com/wp-login.php" "Mozilla/5.0 (Windows NT 6.1; WOW64; Trident/7.0; BOIE9;ENUS; rv:11.0) like Gecko"
67.219.21.92 - - [20/Oct/2025:08:42:00 -0400] "GET /matematica-e-diversao-o-coracao-do-playuzu/ HTTP/1.1" 200 83944 "http://menintalk.com/matematica-e-diversao-o-coracao-do-playuzu/" "Mozilla/5.0 (Linux x86_64; rv:114.0) Gecko/20100101 Firefox/114.0"
217.113.194.4 - - [20/Oct/2025:08:42:00 -0400] "GET /wp-content/uploads/qwirkle-travel-aoqc/best-friend-picturescute-b07f71 HTTP/1.1" 404 73592 "-" "Mozilla/5.0 (compatible; Barkrowler/0.9; +https://babbar.tech/crawler)"
51.38.53.154 - - [20/Oct/2025:08:42:07 -0400] "GET /wp-login.php HTTP/1.1" 200 5947 "-" "Mozilla/5.0 (Windows NT 10.0; WOW64) AppleWebKit/537.36 (KHTML, like Gecko) Chrome/65.0.3325.181 Safari/537.36 OPR/52.0.2871.40"
66.249.79.165 - - [20/Oct/2025:08:42:07 -0400] "GET /?shopping/product/15752378680.html HTTP/1.1" 301 - "-" "Mozilla/5.0 (Linux; Android 6.0.1; Nexus 5X Build/MMB29P) AppleWebKit/537.36 (KHTML, like Gecko) Chrome/140.0.7339.207 Mobile Safari/537.36 (compatible; Googlebot/2.1; +http://www.google.com/bot.html)"
66.249.79.166 - - [20/Oct/2025:08:42:09 -0400] "GET /?shopping%2Fproduct%2F15752378680_html HTTP/1.1" 200 47135 "-" "Mozilla/5.0 (Linux; Android 6.0.1; Nexus 5X Build/MMB29P) AppleWebKit/537.36 (KHTML, like Gecko) Chrome/140.0.7339.207 Mobile Safari/537.36 (compatible; Googlebot/2.1; +http://www.google.com/bot.html)"
64.227.176.68 - - [20/Oct/2025:08:42:10 -0400] "POST /xmlrpc.php HTTP/1.1" 200 401 "-" "Mozilla/5.0 (X11; Linux x86_64; rv:60.0) Gecko/20100101 Firefox/60.0"
51.38.53.154 - - [20/Oct/2025:08:42:11 -0400] "POST /wp-login.php HTTP/1.1" 200 6420 "https://menintalk.com/wp-login.php" "Mozilla/5.0 (Windows NT 10.0; WOW64) AppleWebKit/537.36 (KHTML, like Gecko) Chrome/65.0.3325.181 Safari/537.36 OPR/52.0.2871.40"
216.244.66.203 - - [20/Oct/2025:08:42:21 -0400] "GET /bonus-reviews-250-spins-100-bonus/feed/ HTTP/1.1" 200 713 "-" "Mozilla/5.0 (compatible; DotBot/1.2; +https://opensiteexplorer.org/dotbot; [email protected])"
217.113.194.9 - - [20/Oct/2025:08:42:22 -0400] "GET /wp-content/uploads/qwirkle-travel-aoqc/ghoulish-gold-gorer-b07f71 HTTP/1.1" 404 73592 "-" "Mozilla/5.0 (compatible; Barkrowler/0.9; +https://babbar.tech/crawler)"
66.249.79.164 - - [20/Oct/2025:08:42:23 -0400] "GET /?shopping/product/15731135623.html HTTP/1.1" 301 - "-" "Mozilla/5.0 (Linux; Android 6.0.1; Nexus 5X Build/MMB29P) AppleWebKit/537.36 (KHTML, like Gecko) Chrome/140.0.7339.207 Mobile Safari/537.36 (compatible; Googlebot/2.1; +http://www.google.com/bot.html)"
66.249.79.165 - - [20/Oct/2025:08:42:24 -0400] "GET /?shopping%2Fproduct%2F15731135623_html HTTP/1.1" 200 47135 "-" "Mozilla/5.0 (Linux; Android 6.0.1; Nexus 5X Build/MMB29P) AppleWebKit/537.36 (KHTML, like Gecko) Chrome/140.0.7339.207 Mobile Safari/537.36 (compatible; Googlebot/2.1; +http://www.google.com/bot.html)"
216.244.66.203 - - [20/Oct/2025:08:42:25 -0400] "GET /canli-casino-casibom-casino-oyun-sitesii-3/feed/ HTTP/1.1" 200 722 "-" "Mozilla/5.0 (compatible; DotBot/1.2; +https://opensiteexplorer.org/dotbot; [email protected])"
216.244.66.203 - - [20/Oct/2025:08:42:28 -0400] "GET /how-to-court-asian-woman/feed/ HTTP/1.1" 200 775 "-" "Mozilla/5.0 (compatible; DotBot/1.2; +https://opensiteexplorer.org/dotbot; [email protected])"
216.244.66.203 - - [20/Oct/2025:08:42:31 -0400] "GET /how-to-date-beautiful-european-females/feed/ HTTP/1.1" 200 817 "-" "Mozilla/5.0 (compatible; DotBot/1.2; +https://opensiteexplorer.org/dotbot; [email protected])"
216.244.66.203 - - [20/Oct/2025:08:42:34 -0400] "GET /how-to-find-if-you-are-a-gay/glove/feed/ HTTP/1.1" 200 776 "-" "Mozilla/5.0 (compatible; DotBot/1.2; +https://opensiteexplorer.org/dotbot; [email protected])"
216.244.66.203 - - [20/Oct/2025:08:42:37 -0400] "GET /how-to-manage-financial-operations-and-business-deals/feed/ HTTP/1.1" 200 733 "-" "Mozilla/5.0 (compatible; DotBot/1.2; +https://opensiteexplorer.org/dotbot; [email protected])"
66.249.79.164 - - [20/Oct/2025:08:42:38 -0400] "GET /?shopping/product/1572634871.html HTTP/1.1" 301 - "-" "Mozilla/5.0 (Linux; Android 6.0.1; Nexus 5X Build/MMB29P) AppleWebKit/537.36 (KHTML, like Gecko) Chrome/140.0.7339.207 Mobile Safari/537.36 (compatible; Googlebot/2.1; +http://www.google.com/bot.html)"
216.244.66.203 - - [20/Oct/2025:08:42:39 -0400] "GET /kometa-onlajn-rabochee-zerkalo-vhod-kazino-sloty/feed/ HTTP/1.1" 200 728 "-" "Mozilla/5.0 (compatible; DotBot/1.2; +https://opensiteexplorer.org/dotbot; [email protected])"
66.249.79.164 - - [20/Oct/2025:08:42:39 -0400] "GET /?shopping%2Fproduct%2F1572634871_html HTTP/1.1" 200 47129 "-" "Mozilla/5.0 (Linux; Android 6.0.1; Nexus 5X Build/MMB29P) AppleWebKit/537.36 (KHTML, like Gecko) Chrome/140.0.7339.207 Mobile Safari/537.36 (compatible; Googlebot/2.1; +http://www.google.com/bot.html)"
216.244.66.203 - - [20/Oct/2025:08:42:41 -0400] "GET /latin-brides-latin-mail-order-brides/feed/ HTTP/1.1" 200 811 "-" "Mozilla/5.0 (compatible; DotBot/1.2; +https://opensiteexplorer.org/dotbot; [email protected])"
216.244.66.203 - - [20/Oct/2025:08:42:42 -0400] "GET /taiwan-wedding-traditions/feed/ HTTP/1.1" 200 778 "-" "Mozilla/5.0 (compatible; DotBot/1.2; +https://opensiteexplorer.org/dotbot; [email protected])"
216.244.66.203 - - [20/Oct/2025:08:42:44 -0400] "GET /the-importance-of-tech-news/feed/ HTTP/1.1" 200 784 "-" "Mozilla/5.0 (compatible; DotBot/1.2; +https://opensiteexplorer.org/dotbot; [email protected])"
217.113.194.9 - - [20/Oct/2025:08:42:44 -0400] "GET /wp-content/uploads/qwirkle-travel-aoqc/250-networking-interview-questions-and-answers HTTP/1.1" 404 73592 "-" "Mozilla/5.0 (compatible; Barkrowler/0.9; +https://babbar.tech/crawler)"
216.244.66.203 - - [20/Oct/2025:08:42:46 -0400] "GET /the-most-amazing-japanese-ladies-in-2022/feed/ HTTP/1.1" 200 823 "-" "Mozilla/5.0 (compatible; DotBot/1.2; +https://opensiteexplorer.org/dotbot; [email protected])"
216.244.66.203 - - [20/Oct/2025:08:42:47 -0400] "GET /vodka-casino-obzor-2024-bonusy-internet-kazino/feed/ HTTP/1.1" 200 726 "-" "Mozilla/5.0 (compatible; DotBot/1.2; +https://opensiteexplorer.org/dotbot; [email protected])"
66.249.79.164 - - [20/Oct/2025:08:42:54 -0400] "GET /?shopping/product/15752317597.html HTTP/1.1" 301 - "-" "Mozilla/5.0 (Linux; Android 6.0.1; Nexus 5X Build/MMB29P) AppleWebKit/537.36 (KHTML, like Gecko) Chrome/140.0.7339.207 Mobile Safari/537.36 (compatible; Googlebot/2.1; +http://www.google.com/bot.html)"
66.249.79.164 - - [20/Oct/2025:08:42:55 -0400] "GET /?shopping%2Fproduct%2F15752317597_html HTTP/1.1" 200 47135 "-" "Mozilla/5.0 (Linux; Android 6.0.1; Nexus 5X Build/MMB29P) AppleWebKit/537.36 (KHTML, like Gecko) Chrome/140.0.7339.207 Mobile Safari/537.36 (compatible; Googlebot/2.1; +http://www.google.com/bot.html)"
130.49.115.90 - - [20/Oct/2025:08:42:57 -0400] "GET /decouvrez-lexcitation-du-roobet-casino-ou-la-chance-rencontre-la-probabilite/ HTTP/1.1" 200 84810 "-" "Mozilla/5.0 (X11; Fedora; Linux x86_64; rv:114.0) Gecko/20100101 Firefox/114.0"
217.113.194.10 - - [20/Oct/2025:08:43:06 -0400] "GET /wp-content/uploads/qwirkle-travel-aoqc/practical-effects-horror-b07f71 HTTP/1.1" 404 73592 "-" "Mozilla/5.0 (compatible; Barkrowler/0.9; +https://babbar.tech/crawler)"
66.249.79.166 - - [20/Oct/2025:08:43:09 -0400] "GET /?shopping/product/15762596296.html HTTP/1.1" 301 - "-" "Mozilla/5.0 (Linux; Android 6.0.1; Nexus 5X Build/MMB29P) AppleWebKit/537.36 (KHTML, like Gecko) Chrome/140.0.7339.207 Mobile Safari/537.36 (compatible; Googlebot/2.1; +http://www.google.com/bot.html)"
66.249.79.166 - - [20/Oct/2025:08:43:10 -0400] "GET /?shopping%2Fproduct%2F15762596296_html HTTP/1.1" 200 47135 "-" "Mozilla/5.0 (Linux; Android 6.0.1; Nexus 5X Build/MMB29P) AppleWebKit/537.36 (KHTML, like Gecko) Chrome/140.0.7339.207 Mobile Safari/537.36 (compatible; Googlebot/2.1; +http://www.google.com/bot.html)"
66.249.79.164 - - [20/Oct/2025:08:43:25 -0400] "GET /?shopping/product/1571489764.html HTTP/1.1" 301 - "-" "Mozilla/5.0 (Linux; Android 6.0.1; Nexus 5X Build/MMB29P) AppleWebKit/537.36 (KHTML, like Gecko) Chrome/140.0.7339.207 Mobile Safari/537.36 (compatible; Googlebot/2.1; +http://www.google.com/bot.html)"
66.249.79.165 - - [20/Oct/2025:08:43:26 -0400] "GET /?shopping%2Fproduct%2F1571489764_html HTTP/1.1" 200 47129 "-" "Mozilla/5.0 (Linux; Android 6.0.1; Nexus 5X Build/MMB29P) AppleWebKit/537.36 (KHTML, like Gecko) Chrome/140.0.7339.207 Mobile Safari/537.36 (compatible; Googlebot/2.1; +http://www.google.com/bot.html)"
217.113.194.242 - - [20/Oct/2025:08:43:28 -0400] "GET /wp-content/uploads/qwirkle-travel-aoqc/chinese-emoji-symbol-for-love-b07f71 HTTP/1.1" 404 73592 "-" "Mozilla/5.0 (compatible; Barkrowler/0.9; +https://babbar.tech/crawler)"
66.249.79.164 - - [20/Oct/2025:08:43:40 -0400] "GET /?shopping/product/15762989960.html HTTP/1.1" 301 - "-" "Mozilla/5.0 (Linux; Android 6.0.1; Nexus 5X Build/MMB29P) AppleWebKit/537.36 (KHTML, like Gecko) Chrome/140.0.7339.207 Mobile Safari/537.36 (compatible; Googlebot/2.1; +http://www.google.com/bot.html)"
66.249.79.164 - - [20/Oct/2025:08:43:41 -0400] "GET /?shopping%2Fproduct%2F15762989960_html HTTP/1.1" 200 47135 "-" "Mozilla/5.0 (Linux; Android 6.0.1; Nexus 5X Build/MMB29P) AppleWebKit/537.36 (KHTML, like Gecko) Chrome/140.0.7339.207 Mobile Safari/537.36 (compatible; Googlebot/2.1; +http://www.google.com/bot.html)"
163.223.13.96 - - [20/Oct/2025:08:43:43 -0400] "GET /wp-login.php HTTP/1.1" 200 5947 "-" "Mozilla/5.0 (Windows NT 6.1; WOW64; Trident/7.0; yie10; rv:11.0) like Gecko"
163.223.13.96 - - [20/Oct/2025:08:43:46 -0400] "POST /wp-login.php HTTP/1.1" 200 6385 "https://menintalk.com/wp-login.php" "Mozilla/5.0 (Windows NT 6.1; WOW64; Trident/7.0; yie10; rv:11.0) like Gecko"
51.195.215.98 - - [20/Oct/2025:08:43:50 -0400] "GET /kazino-vulkan-oficialnyj-sajt-igrovyh-avtomatov-2/feed/ HTTP/1.1" 200 1003 "-" "Mozilla/5.0 (compatible; AhrefsBot/7.0; +http://ahrefs.com/robot/)"
217.113.194.242 - - [20/Oct/2025:08:43:50 -0400] "GET /wp-content/uploads/qwirkle-travel-aoqc/do-you-italicize-poem-titles HTTP/1.1" 404 73592 "-" "Mozilla/5.0 (compatible; Barkrowler/0.9; +https://babbar.tech/crawler)"
66.249.79.164 - - [20/Oct/2025:08:43:56 -0400] "GET /?shopping/product/15752079451.html HTTP/1.1" 301 - "-" "Mozilla/5.0 (Linux; Android 6.0.1; Nexus 5X Build/MMB29P) AppleWebKit/537.36 (KHTML, like Gecko) Chrome/140.0.7339.207 Mobile Safari/537.36 (compatible; Googlebot/2.1; +http://www.google.com/bot.html)"
66.249.79.164 - - [20/Oct/2025:08:43:57 -0400] "GET /?shopping%2Fproduct%2F15752079451_html HTTP/1.1" 200 47135 "-" "Mozilla/5.0 (Linux; Android 6.0.1; Nexus 5X Build/MMB29P) AppleWebKit/537.36 (KHTML, like Gecko) Chrome/140.0.7339.207 Mobile Safari/537.36 (compatible; Googlebot/2.1; +http://www.google.com/bot.html)"
45.78.196.20 - - [20/Oct/2025:08:44:02 -0400] "GET /jackpot-jill-casino-australia-185/ HTTP/1.1" 404 73592 "-" "Mozilla/5.0 (Macintosh; Intel Mac OS X 10_15_7) AppleWebKit/537.36 (KHTML, like Gecko) Chrome/136.0.0.0 Safari/537.36"
81.88.53.143 - - [20/Oct/2025:08:44:10 -0400] "POST /xmlrpc.php HTTP/1.1" 200 403 "https://menintalk.com" "Mozilla/5.0 (Macintosh; Intel Mac OS X 10.15; rv:126.0) Gecko/20100101 Firefox/126.0"
66.249.79.164 - - [20/Oct/2025:08:44:12 -0400] "GET /?shopping/product/15731396292.html HTTP/1.1" 301 - "-" "Mozilla/5.0 (Linux; Android 6.0.1; Nexus 5X Build/MMB29P) AppleWebKit/537.36 (KHTML, like Gecko) Chrome/140.0.7339.207 Mobile Safari/537.36 (compatible; Googlebot/2.1; +http://www.google.com/bot.html)"
66.249.79.164 - - [20/Oct/2025:08:44:13 -0400] "GET /?shopping%2Fproduct%2F15731396292_html HTTP/1.1" 200 47135 "-" "Mozilla/5.0 (Linux; Android 6.0.1; Nexus 5X Build/MMB29P) AppleWebKit/537.36 (KHTML, like Gecko) Chrome/140.0.7339.207 Mobile Safari/537.36 (compatible; Googlebot/2.1; +http://www.google.com/bot.html)"
217.113.194.9 - - [20/Oct/2025:08:44:13 -0400] "GET /wp-content/uploads/qwirkle-travel-aoqc/self-adhesive-floor-planks-homebase HTTP/1.1" 404 73592 "-" "Mozilla/5.0 (compatible; Barkrowler/0.9; +https://babbar.tech/crawler)"
66.249.79.165 - - [20/Oct/2025:08:44:27 -0400] "GET /?shopping/product/15762895274.html HTTP/1.1" 301 - "-" "Mozilla/5.0 (Linux; Android 6.0.1; Nexus 5X Build/MMB29P) AppleWebKit/537.36 (KHTML, like Gecko) Chrome/140.0.7339.207 Mobile Safari/537.36 (compatible; Googlebot/2.1; +http://www.google.com/bot.html)"
