114.119.153.220 - - [19/Oct/2025:10:18:14 -0400] "GET /best-ways-to-use-ginger-for-hair/ HTTP/2.0" 200 73473 "https://blushin.com/page/372/?gclid=EAIaIQobChMI6ruhkofC5wIVhJCPCh2vDQVwEAAYAiAAEgLJW_D_BwE" "Mozilla/5.0 (Linux; Android 7.0;) AppleWebKit/537.36 (KHTML, like Gecko) Mobile Safari/537.36 (compatible; PetalBot;+https://webmaster.petalsearch.com/site/petalbot)"
216.244.66.235 - - [19/Oct/2025:10:18:16 -0400] "GET /tag/how-to-solve-relationship-problems/ HTTP/2.0" 200 449843 "-" "Mozilla/5.0 (compatible; DotBot/1.2; +https://opensiteexplorer.org/dotbot; [email protected])"
175.100.48.116 - - [19/Oct/2025:10:18:20 -0400] "GET /8xbet-com-512/ HTTP/2.0" 200 316057 "-" "Mozilla/5.0 (Macintosh; Intel Mac OS X 10_14_6) AppleWebKit/537.36 (KHTML, like Gecko) Brave Chrome/87.0.4280.88 Safari/537.36"
2a03:2880:f800:: - - [19/Oct/2025:10:18:27 -0400] "GET /tag/skin-allergy-home-remedies-in-tamil/ HTTP/2.0" 200 449843 "-" "meta-externalagent/1.1 (+https://developers.facebook.com/docs/sharing/webmasters/crawler)"
216.244.66.235 - - [19/Oct/2025:10:18:30 -0400] "GET /tag/kerala-chicken-curry-recipe/ HTTP/2.0" 200 449843 "-" "Mozilla/5.0 (compatible; DotBot/1.2; +https://opensiteexplorer.org/dotbot; [email protected])"
66.116.199.115 - - [19/Oct/2025:10:18:32 -0400] "POST /wp-cron.php?doing_wp_cron=1760883512.5011780261993408203125 HTTP/2.0" 200 - "-" "WordPress/6.8.3; https://blushin.com"
5.39.1.233 - - [19/Oct/2025:10:18:30 -0400] "GET /tag/harmful-effects-of-fairness-creams/feed/ HTTP/2.0" 200 9726 "-" "Mozilla/5.0 (compatible; AhrefsBot/7.0; +http://ahrefs.com/robot/)"
216.244.66.235 - - [19/Oct/2025:10:18:43 -0400] "GET /tag/latest-hair-trends/ HTTP/2.0" 200 449843 "-" "Mozilla/5.0 (compatible; DotBot/1.2; +https://opensiteexplorer.org/dotbot; [email protected])"
213.180.203.31 - - [19/Oct/2025:10:18:55 -0400] "GET /home-remedies-for-blocked-nose.html/ HTTP/2.0" 404 181138 "-" "Mozilla/5.0 (compatible; YandexBot/3.0; +http://yandex.com/bots)"
45.70.238.131 - - [19/Oct/2025:10:18:56 -0400] "GET /?channel=9f6762&from=category-info.php%3Fid%3D377292-3112&l=8708237729201&name=%E2%89%AA%E7%B4%94%E6%AD%A3%E9%83%A8%E5%93%81%E3%83%BB%E3%83%91%E3%83%BC%E3%83%84%E2%89%AB+%E3%81%8C%E3%81%BE%E3%81%8B%E3%81%A4+%E3%81%8C%E3%81%BE%E3%81%B8%E3%82%89+%E5%8D%83%E6%97%A9+11+3.3m+%231%E7%95%AA+%E3%80%90%E8%BF%94%E5%93%81%E4%B8%8D%E5%8F%AF%E3%80%91 HTTP/2.0" 404 181138 "-" "Mozilla/5.0 (Windows NT 6.1) AppleWebKit/537.36 (KHTML, like Gecko) Chrome/80.0.3987.132 Safari/537.36"
216.244.66.235 - - [19/Oct/2025:10:18:57 -0400] "GET /tag/list-of-bollywood-mystery-films/ HTTP/2.0" 200 449843 "-" "Mozilla/5.0 (compatible; DotBot/1.2; +https://opensiteexplorer.org/dotbot; [email protected])"
2a03:2880:f800:14:: - - [19/Oct/2025:10:19:06 -0400] "GET /tag/trypophobia-photos-pictures/ HTTP/2.0" 200 449843 "-" "meta-externalagent/1.1 (+https://developers.facebook.com/docs/sharing/webmasters/crawler)"
177.172.148.89 - - [19/Oct/2025:10:19:08 -0400] "GET /rtbet-bonus-336/ HTTP/2.0" 200 311629 "-" "Mozilla/5.0 (Macintosh; Intel Mac OS X 10_15_7) AppleWebKit/537.36 (KHTML, like Gecko) Chrome/90.0.4430.212 Safari/537.36"
216.244.66.235 - - [19/Oct/2025:10:19:19 -0400] "GET /tag/no-bake-lemon-cheesecake-with-cool-whip/ HTTP/2.0" 200 449843 "-" "Mozilla/5.0 (compatible; DotBot/1.2; +https://opensiteexplorer.org/dotbot; [email protected])"
216.73.216.143 - - [19/Oct/2025:10:19:19 -0400] "GET /bollywood-couples-who-did-not-have-kids HTTP/2.0" 200 449843 "-" "Mozilla/5.0 AppleWebKit/537.36 (KHTML, like Gecko; compatible; ClaudeBot/1.0; [email protected])"
216.73.216.143 - - [19/Oct/2025:10:19:23 -0400] "GET /7-effective-tips-for-a-guaranteed-weight-loss-quickly HTTP/2.0" 200 449843 "-" "Mozilla/5.0 AppleWebKit/537.36 (KHTML, like Gecko; compatible; ClaudeBot/1.0; [email protected])"
2a03:2880:f800:38:: - - [19/Oct/2025:10:19:24 -0400] "GET /tag/signs-your-boyfriend-loves-you-deeply/ HTTP/2.0" 200 449843 "-" "meta-externalagent/1.1 (+https://developers.facebook.com/docs/sharing/webmasters/crawler)"
91.84.117.102 - - [19/Oct/2025:10:19:35 -0400] "GET /%D1%81%D0%B0%D0%B9%D1%82-%D0%BC%D0%B0%D0%B3%D0%B0%D0%B7%D0%B8%D0%BD-%D0%BA%D1%80%D0%B0%D0%BA%D0%B5%D0%BD-%D0%B0%D0%BA%D1%82%D1%83%D0%B0%D0%BB%D1%8C%D0%BD%D1%8B%D0%B9/ HTTP/2.0" 200 303500 "https://blushin.com/%D1%81%D0%B0%D0%B9%D1%82-%D0%BC%D0%B0%D0%B3%D0%B0%D0%B7%D0%B8%D0%BD-%D0%BA%D1%80%D0%B0%D0%BA%D0%B5%D0%BD-%D0%B0%D0%BA%D1%82%D1%83%D0%B0%D0%BB%D1%8C%D0%BD%D1%8B%D0%B9/" "Mozilla/5.0 (Windows NT 10.0; Win64; x64) AppleWebKit/537.36 (KHTML, like Gecko) Chrome/130.0.0.0 Safari/537.36 CCleaner/130.0.0.0"
114.119.158.193 - - [19/Oct/2025:10:19:40 -0400] "GET /best-liquid-lipsticks-in-india/7/ HTTP/2.0" 200 68154 "https://blushin.com/best-liquid-lipsticks-in-india/3/?noamp=mobile&" "Mozilla/5.0 (Linux; Android 7.0;) AppleWebKit/537.36 (KHTML, like Gecko) Mobile Safari/537.36 (compatible; PetalBot;+https://webmaster.petalsearch.com/site/petalbot)"
92.222.108.121 - - [19/Oct/2025:10:19:38 -0400] "GET /tag/side-effects-of-fairness-creams/feed/ HTTP/2.0" 200 9717 "-" "Mozilla/5.0 (compatible; AhrefsBot/7.0; +http://ahrefs.com/robot/)"
216.244.66.235 - - [19/Oct/2025:10:19:41 -0400] "GET /tag/shop-celebrity-style/ HTTP/2.0" 200 449843 "-" "Mozilla/5.0 (compatible; DotBot/1.2; +https://opensiteexplorer.org/dotbot; [email protected])"
216.73.216.143 - - [19/Oct/2025:10:19:58 -0400] "GET /tips-for-facial-massage HTTP/2.0" 200 449843 "-" "Mozilla/5.0 AppleWebKit/537.36 (KHTML, like Gecko; compatible; ClaudeBot/1.0; [email protected])"
2a03:2880:f800:18:: - - [19/Oct/2025:10:20:05 -0400] "GET /tag/sindhi-khichdi/ HTTP/2.0" 200 449843 "-" "meta-externalagent/1.1 (+https://developers.facebook.com/docs/sharing/webmasters/crawler)"
216.244.66.235 - - [19/Oct/2025:10:20:10 -0400] "GET /tag/stop-eating-momos-as-they-may-be-bad-for-your-health/ HTTP/2.0" 200 449843 "-" "Mozilla/5.0 (compatible; DotBot/1.2; +https://opensiteexplorer.org/dotbot; [email protected])"
179.119.31.127 - - [19/Oct/2025:10:20:16 -0400] "GET /vox-casino-jako-najlepsze-kasyno-2/ HTTP/2.0" 200 301493 "-" "Mozilla/5.0 (Macintosh; Intel Mac OS X 10_15_6) AppleWebKit/537.36 (KHTML, like Gecko) Brave Chrome/86.0.4240.183 Safari/537.36"
2a03:2880:f800:39:: - - [19/Oct/2025:10:20:27 -0400] "GET /tag/beauty-products-used-by-indian-celebrities/ HTTP/2.0" 200 449843 "-" "meta-externalagent/1.1 (+https://developers.facebook.com/docs/sharing/webmasters/crawler)"
103.179.240.113 - - [19/Oct/2025:10:20:29 -0400] "GET /tag/20bet-bonus-bez-depozytu/page/2/ HTTP/2.0" 200 211462 "-" "Mozilla/5.0 (Windows NT 10.0; WOW64) AppleWebKit/537.36 (KHTML, like Gecko) Chrome/75.0.3770.100 ADG/11.0.2566 AOLBUILD/11.0.2566 Safari/537.36"
216.244.66.235 - - [19/Oct/2025:10:20:35 -0400] "GET /tag/veg-manchurian-gravy/ HTTP/2.0" 200 449843 "-" "Mozilla/5.0 (compatible; DotBot/1.2; +https://opensiteexplorer.org/dotbot; [email protected])"
136.243.220.212 - - [19/Oct/2025:10:20:37 -0400] "GET /tag/mistakes-in-life-essay/ HTTP/2.0" 200 208388 "-" "Mozilla/5.0 (compatible; DataForSeoBot/1.0; +https://dataforseo.com/dataforseo-bot)"
66.249.74.107 - - [19/Oct/2025:10:20:43 -0400] "GET /tag/matar-chaat-recipe-by-nisha-madhulika/ HTTP/2.0" 200 449843 "-" "Mozilla/5.0 (Linux; Android 6.0.1; Nexus 5X Build/MMB29P) AppleWebKit/537.36 (KHTML, like Gecko) Chrome/140.0.7339.207 Mobile Safari/537.36 (compatible; Googlebot/2.1; +http://www.google.com/bot.html)"
2a03:2880:f800:7:: - - [19/Oct/2025:10:20:45 -0400] "GET /tag/sneha-ullal/ HTTP/2.0" 200 449843 "-" "meta-externalagent/1.1 (+https://developers.facebook.com/docs/sharing/webmasters/crawler)"
176.31.139.1 - - [19/Oct/2025:10:20:50 -0400] "GET /tag/sterilize-contact-lens-case-microwave/feed/ HTTP/2.0" 200 9278 "-" "Mozilla/5.0 (compatible; AhrefsBot/7.0; +http://ahrefs.com/robot/)"
114.119.158.193 - - [19/Oct/2025:10:21:00 -0400] "GET /best-deodorants-for-women/ HTTP/2.0" 200 84436 "https://blushin.com/summer-wedding-makeup?amp" "Mozilla/5.0 (Linux; Android 7.0;) AppleWebKit/537.36 (KHTML, like Gecko) Mobile Safari/537.36 (compatible; PetalBot;+https://webmaster.petalsearch.com/site/petalbot)"
216.244.66.235 - - [19/Oct/2025:10:20:59 -0400] "GET /tag/what-are-the-symbols-of-christmas-and-its-meaning/ HTTP/2.0" 200 449843 "-" "Mozilla/5.0 (compatible; DotBot/1.2; +https://opensiteexplorer.org/dotbot; [email protected])"
45.165.251.90 - - [19/Oct/2025:10:21:13 -0400] "GET /bet-188-920/ HTTP/2.0" 200 305872 "-" "Mozilla/5.0 (Macintosh; Intel Mac OS X 10_9_5) AppleWebKit/537.36 (KHTML, like Gecko) Chrome/65.0.3325.181 Safari/537.36"
216.244.66.235 - - [19/Oct/2025:10:21:25 -0400] "GET /tag/what-causes-a-divorce/ HTTP/2.0" 200 449843 "-" "Mozilla/5.0 (compatible; DotBot/1.2; +https://opensiteexplorer.org/dotbot; [email protected])"
201.27.175.239 - - [19/Oct/2025:10:21:37 -0400] "GET /category/makeup-2/page/5/?filter_by=review_high HTTP/2.0" 200 225875 "-" "Mozilla/5.0 (Macintosh; Intel Mac OS X 10_12_6) AppleWebKit/537.36 (KHTML, like Gecko) Brave Chrome/80.0.3987.116 Safari/537.36"
216.244.66.235 - - [19/Oct/2025:10:21:48 -0400] "GET /tag/what-i-want-in-a-relationship-list/ HTTP/2.0" 200 449843 "-" "Mozilla/5.0 (compatible; DotBot/1.2; +https://opensiteexplorer.org/dotbot; [email protected])"
91.92.240.238 - - [19/Oct/2025:10:21:56 -0400] "POST /wp-login.php?action=register HTTP/2.0" 302 - "-" "-"
5.39.109.179 - - [19/Oct/2025:10:21:56 -0400] "GET /tag/truth-about-your-fairness-cream/feed/ HTTP/2.0" 200 9717 "-" "Mozilla/5.0 (compatible; AhrefsBot/7.0; +http://ahrefs.com/robot/)"
91.92.240.238 - - [19/Oct/2025:10:21:58 -0400] "POST /wp-login.php?action=register HTTP/2.0" 302 - "-" "-"
91.92.240.238 - - [19/Oct/2025:10:21:59 -0400] "POST /wp-login.php?action=register HTTP/2.0" 302 - "-" "-"
91.92.240.238 - - [19/Oct/2025:10:22:00 -0400] "POST /wp-login.php?action=register HTTP/2.0" 302 - "-" "-"
91.92.240.238 - - [19/Oct/2025:10:22:01 -0400] "POST /wp-login.php?action=register HTTP/2.0" 302 - "-" "-"
91.92.240.238 - - [19/Oct/2025:10:22:03 -0400] "POST /wp-login.php?action=register HTTP/2.0" 302 - "-" "-"
91.92.240.238 - - [19/Oct/2025:10:22:04 -0400] "POST /wp-login.php?action=register HTTP/2.0" 302 - "-" "-"
91.92.240.238 - - [19/Oct/2025:10:22:06 -0400] "POST /wp-login.php?action=register HTTP/2.0" 302 - "-" "-"
91.92.240.238 - - [19/Oct/2025:10:22:07 -0400] "POST /wp-login.php?action=register HTTP/2.0" 302 - "-" "-"
91.92.240.238 - - [19/Oct/2025:10:22:08 -0400] "POST /wp-login.php?action=register HTTP/2.0" 302 - "-" "-"
91.92.240.238 - - [19/Oct/2025:10:22:09 -0400] "POST /wp-login.php?action=register HTTP/2.0" 302 - "-" "-"
2a03:2880:f800:4a:: - - [19/Oct/2025:10:22:05 -0400] "GET /tag/cheap-international-destinations-from-mumbai/ HTTP/2.0" 200 449843 "-" "meta-externalagent/1.1 (+https://developers.facebook.com/docs/sharing/webmasters/crawler)"
91.92.240.238 - - [19/Oct/2025:10:22:10 -0400] "POST /wp-login.php?action=register HTTP/2.0" 302 - "-" "-"
216.244.66.235 - - [19/Oct/2025:10:22:10 -0400] "GET /tag/what-is-salt-used-for-in-cooking/ HTTP/2.0" 200 449843 "-" "Mozilla/5.0 (compatible; DotBot/1.2; +https://opensiteexplorer.org/dotbot; [email protected])"
91.92.240.238 - - [19/Oct/2025:10:22:12 -0400] "POST /wp-login.php?action=register HTTP/2.0" 302 - "-" "-"
91.92.240.238 - - [19/Oct/2025:10:22:13 -0400] "POST /wp-login.php?action=register HTTP/2.0" 302 - "-" "-"
91.92.240.238 - - [19/Oct/2025:10:22:14 -0400] "POST /wp-login.php?action=register HTTP/2.0" 302 - "-" "-"
91.92.240.238 - - [19/Oct/2025:10:22:15 -0400] "POST /wp-login.php?action=register HTTP/2.0" 302 - "-" "-"
91.92.240.238 - - [19/Oct/2025:10:22:16 -0400] "POST /wp-login.php?action=register HTTP/2.0" 302 - "-" "-"
91.92.240.238 - - [19/Oct/2025:10:22:18 -0400] "POST /wp-login.php?action=register HTTP/2.0" 302 - "-" "-"
91.92.240.238 - - [19/Oct/2025:10:22:19 -0400] "POST /wp-login.php?action=register HTTP/2.0" 302 - "-" "-"
91.92.240.238 - - [19/Oct/2025:10:22:21 -0400] "POST /wp-login.php?action=register HTTP/2.0" 302 - "-" "-"
91.92.240.238 - - [19/Oct/2025:10:22:22 -0400] "POST /wp-login.php?action=register HTTP/2.0" 302 - "-" "-"
91.92.240.238 - - [19/Oct/2025:10:22:23 -0400] "POST /wp-login.php?action=register HTTP/2.0" 302 - "-" "-"
91.92.240.238 - - [19/Oct/2025:10:22:24 -0400] "POST /wp-login.php?action=register HTTP/2.0" 302 - "-" "-"
114.119.145.239 - - [19/Oct/2025:10:22:24 -0400] "GET /benefits-of-wood-apple/?amp HTTP/2.0" 200 73477 "https://blushin.com/benefits-of-wood-apple/?amp" "Mozilla/5.0 (Linux; Android 7.0;) AppleWebKit/537.36 (KHTML, like Gecko) Mobile Safari/537.36 (compatible; PetalBot;+https://webmaster.petalsearch.com/site/petalbot)"
91.92.240.238 - - [19/Oct/2025:10:22:26 -0400] "POST /wp-login.php?action=register HTTP/2.0" 302 - "-" "-"
91.92.240.238 - - [19/Oct/2025:10:22:27 -0400] "POST /wp-login.php?action=register HTTP/2.0" 302 - "-" "-"
91.92.240.238 - - [19/Oct/2025:10:22:28 -0400] "POST /wp-login.php?action=register HTTP/2.0" 302 - "-" "-"
91.92.240.238 - - [19/Oct/2025:10:22:29 -0400] "POST /wp-login.php?action=register HTTP/2.0" 302 - "-" "-"
2a03:2880:f800:39:: - - [19/Oct/2025:10:22:26 -0400] "GET /quick-recipe-how-to-make-kathi-kabab-roll/ HTTP/2.0" 200 449843 "-" "meta-externalagent/1.1 (+https://developers.facebook.com/docs/sharing/webmasters/crawler)"
91.92.240.238 - - [19/Oct/2025:10:22:30 -0400] "POST /wp-login.php?action=register HTTP/2.0" 302 - "-" "-"
91.92.240.238 - - [19/Oct/2025:10:22:32 -0400] "POST /wp-login.php?action=register HTTP/2.0" 302 - "-" "-"
91.92.240.238 - - [19/Oct/2025:10:22:33 -0400] "POST /wp-login.php?action=register HTTP/2.0" 302 - "-" "-"
216.244.66.235 - - [19/Oct/2025:10:22:32 -0400] "GET /tag/what-to-put-in-the-fridge/ HTTP/2.0" 200 449843 "-" "Mozilla/5.0 (compatible; DotBot/1.2; +https://opensiteexplorer.org/dotbot; [email protected])"
91.92.240.238 - - [19/Oct/2025:10:22:35 -0400] "POST /wp-login.php?action=register HTTP/2.0" 302 - "-" "-"
91.92.240.238 - - [19/Oct/2025:10:22:37 -0400] "POST /wp-login.php?action=register HTTP/2.0" 302 - "-" "-"
91.92.240.238 - - [19/Oct/2025:10:22:39 -0400] "POST /wp-login.php?action=register HTTP/2.0" 302 - "-" "-"
91.92.240.238 - - [19/Oct/2025:10:22:40 -0400] "POST /wp-login.php?action=register HTTP/2.0" 302 - "-" "-"
91.92.240.238 - - [19/Oct/2025:10:22:41 -0400] "POST /wp-login.php?action=register HTTP/2.0" 302 - "-" "-"
91.92.240.238 - - [19/Oct/2025:10:22:42 -0400] "POST /wp-login.php?action=register HTTP/2.0" 302 - "-" "-"
40.77.167.235 - - [19/Oct/2025:10:22:42 -0400] "GET /tag/bollywood-selfie/ HTTP/2.0" 200 449843 "-" "Mozilla/5.0 AppleWebKit/537.36 (KHTML, like Gecko; compatible; bingbot/2.0; +http://www.bing.com/bingbot.htm) Chrome/116.0.1938.76 Safari/537.36"
91.92.240.238 - - [19/Oct/2025:10:22:44 -0400] "POST /wp-login.php?action=register HTTP/2.0" 302 - "-" "-"
91.92.240.238 - - [19/Oct/2025:10:22:45 -0400] "POST /wp-login.php?action=register HTTP/2.0" 302 - "-" "-"
91.92.240.238 - - [19/Oct/2025:10:22:46 -0400] "POST /wp-login.php?action=register HTTP/2.0" 302 - "-" "-"
91.92.240.238 - - [19/Oct/2025:10:22:48 -0400] "POST /wp-login.php?action=register HTTP/2.0" 302 - "-" "-"
91.92.240.238 - - [19/Oct/2025:10:22:49 -0400] "POST /wp-login.php?action=register HTTP/2.0" 302 - "-" "-"
91.92.240.238 - - [19/Oct/2025:10:22:50 -0400] "POST /wp-login.php?action=register HTTP/2.0" 302 - "-" "-"
91.92.240.238 - - [19/Oct/2025:10:22:51 -0400] "POST /wp-login.php?action=register HTTP/2.0" 302 - "-" "-"
91.92.240.238 - - [19/Oct/2025:10:22:52 -0400] "POST /wp-login.php?action=register HTTP/2.0" 302 - "-" "-"
91.92.240.238 - - [19/Oct/2025:10:22:53 -0400] "POST /wp-login.php?action=register HTTP/2.0" 302 - "-" "-"
91.92.240.238 - - [19/Oct/2025:10:22:55 -0400] "POST /wp-login.php?action=register HTTP/2.0" 302 - "-" "-"
91.92.240.238 - - [19/Oct/2025:10:22:56 -0400] "POST /wp-login.php?action=register HTTP/2.0" 302 - "-" "-"
91.92.240.238 - - [19/Oct/2025:10:22:57 -0400] "POST /wp-login.php?action=register HTTP/2.0" 302 - "-" "-"
216.244.66.235 - - [19/Oct/2025:10:22:56 -0400] "GET /tag/yoga-for-weight-loss/ HTTP/2.0" 200 449843 "-" "Mozilla/5.0 (compatible; DotBot/1.2; +https://opensiteexplorer.org/dotbot; [email protected])"
91.92.240.238 - - [19/Oct/2025:10:22:58 -0400] "POST /wp-login.php?action=register HTTP/2.0" 302 - "-" "-"
91.92.240.238 - - [19/Oct/2025:10:22:59 -0400] "POST /wp-login.php?action=register HTTP/2.0" 302 - "-" "-"
91.92.240.238 - - [19/Oct/2025:10:23:00 -0400] "POST /wp-login.php?action=register HTTP/2.0" 302 - "-" "-"
91.92.240.238 - - [19/Oct/2025:10:23:02 -0400] "POST /wp-login.php?action=register HTTP/2.0" 302 - "-" "-"
91.92.240.238 - - [19/Oct/2025:10:23:03 -0400] "POST /wp-login.php?action=register HTTP/2.0" 302 - "-" "-"
91.92.240.238 - - [19/Oct/2025:10:23:05 -0400] "POST /wp-login.php?action=register HTTP/2.0" 302 - "-" "-"
91.92.240.238 - - [19/Oct/2025:10:23:07 -0400] "POST /wp-login.php?action=register HTTP/2.0" 302 - "-" "-"
2a03:2880:f800:2a:: - - [19/Oct/2025:10:23:06 -0400] "GET /tag/put-contacts-lens/ HTTP/2.0" 200 449843 "-" "meta-externalagent/1.1 (+https://developers.facebook.com/docs/sharing/webmasters/crawler)"
2a03:2880:f800:4a:: - - [19/Oct/2025:10:23:06 -0400] "GET /4-reasons-why-your-homemade-khichdi-is-the-best/ HTTP/2.0" 200 449843 "-" "meta-externalagent/1.1 (+https://developers.facebook.com/docs/sharing/webmasters/crawler)"
91.92.240.238 - - [19/Oct/2025:10:23:08 -0400] "POST /wp-login.php?action=register HTTP/2.0" 302 - "-" "-"
91.92.240.238 - - [19/Oct/2025:10:23:09 -0400] "POST /wp-login.php?action=register HTTP/2.0" 302 - "-" "-"
52.2.208.205 - - [19/Oct/2025:10:23:10 -0400] "GET /wp-login.php?login=www.fthrry.blogspot.in%20-%20124%20758%20USD%20BINANCE&key=7OvpUyFrQp65ibHUr9gh&action=rp HTTP/2.0" 302 - "-" "Mozilla/5.0 (X11; Linux x86_64) AppleWebKit/537.36 (KHTML, like Gecko) Chrome/124.0.0.0 Safari/537.36"
52.2.208.205 - - [19/Oct/2025:10:23:10 -0400] "GET /wp-login.php HTTP/2.0" 200 6486 "-" "Mozilla/5.0 (X11; Linux x86_64) AppleWebKit/537.36 (KHTML, like Gecko) Chrome/124.0.0.0 Safari/537.36"
91.92.240.238 - - [19/Oct/2025:10:23:11 -0400] "POST /wp-login.php?action=register HTTP/2.0" 302 - "-" "-"
52.2.208.205 - - [19/Oct/2025:10:23:12 -0400] "GET /wp-includes/js/jquery/jquery-migrate.min.js?ver=3.4.1 HTTP/2.0" 304 - "https://blushin.com/wp-login.php" "Mozilla/5.0 (X11; Linux x86_64) AppleWebKit/537.36 (KHTML, like Gecko) Chrome/124.0.0.0 Safari/537.36"
52.2.208.205 - - [19/Oct/2025:10:23:12 -0400] "GET /wp-includes/css/buttons.min.css?ver=6.8.3 HTTP/2.0" 304 - "https://blushin.com/wp-login.php" "Mozilla/5.0 (X11; Linux x86_64) AppleWebKit/537.36 (KHTML, like Gecko) Chrome/124.0.0.0 Safari/537.36"
52.2.208.205 - - [19/Oct/2025:10:23:12 -0400] "GET /wp-includes/css/dashicons.min.css?ver=6.8.3 HTTP/2.0" 304 - "https://blushin.com/wp-login.php" "Mozilla/5.0 (X11; Linux x86_64) AppleWebKit/537.36 (KHTML, like Gecko) Chrome/124.0.0.0 Safari/537.36"
52.2.208.205 - - [19/Oct/2025:10:23:12 -0400] "GET /wp-includes/js/underscore.min.js?ver=1.13.7 HTTP/2.0" 304 - "https://blushin.com/wp-login.php" "Mozilla/5.0 (X11; Linux x86_64) AppleWebKit/537.36 (KHTML, like Gecko) Chrome/124.0.0.0 Safari/537.36"
52.2.208.205 - - [19/Oct/2025:10:23:12 -0400] "GET /wp-includes/js/dist/dom-ready.min.js?ver=f77871ff7694fffea381 HTTP/2.0" 304 - "https://blushin.com/wp-login.php" "Mozilla/5.0 (X11; Linux x86_64) AppleWebKit/537.36 (KHTML, like Gecko) Chrome/124.0.0.0 Safari/537.36"
52.2.208.205 - - [19/Oct/2025:10:23:12 -0400] "GET /wp-includes/js/dist/i18n.min.js?ver=5e580eb46a90c2b997e6 HTTP/2.0" 304 - "https://blushin.com/wp-login.php" "Mozilla/5.0 (X11; Linux x86_64) AppleWebKit/537.36 (KHTML, like Gecko) Chrome/124.0.0.0 Safari/537.36"
52.2.208.205 - - [19/Oct/2025:10:23:12 -0400] "GET /wp-admin/css/login.min.css?ver=6.8.3 HTTP/2.0" 304 - "https://blushin.com/wp-login.php" "Mozilla/5.0 (X11; Linux x86_64) AppleWebKit/537.36 (KHTML, like Gecko) Chrome/124.0.0.0 Safari/537.36"
52.2.208.205 - - [19/Oct/2025:10:23:12 -0400] "GET /wp-includes/js/zxcvbn-async.min.js?ver=1.0 HTTP/2.0" 304 - "https://blushin.com/wp-login.php" "Mozilla/5.0 (X11; Linux x86_64) AppleWebKit/537.36 (KHTML, like Gecko) Chrome/124.0.0.0 Safari/537.36"
52.2.208.205 - - [19/Oct/2025:10:23:12 -0400] "GET /wp-admin/css/l10n.min.css?ver=6.8.3 HTTP/2.0" 200 3200 "https://blushin.com/wp-login.php" "Mozilla/5.0 (X11; Linux x86_64) AppleWebKit/537.36 (KHTML, like Gecko) Chrome/124.0.0.0 Safari/537.36"
52.2.208.205 - - [19/Oct/2025:10:23:12 -0400] "GET /wp-includes/js/clipboard.min.js?ver=2.0.11 HTTP/2.0" 304 - "https://blushin.com/wp-login.php" "Mozilla/5.0 (X11; Linux x86_64) AppleWebKit/537.36 (KHTML, like Gecko) Chrome/124.0.0.0 Safari/537.36"
52.2.208.205 - - [19/Oct/2025:10:23:12 -0400] "GET /wp-admin/css/forms.min.css?ver=6.8.3 HTTP/2.0" 304 - "https://blushin.com/wp-login.php" "Mozilla/5.0 (X11; Linux x86_64) AppleWebKit/537.36 (KHTML, like Gecko) Chrome/124.0.0.0 Safari/537.36"
52.2.208.205 - - [19/Oct/2025:10:23:12 -0400] "GET /wp-includes/js/dist/a11y.min.js?ver=3156534cc54473497e14 HTTP/2.0" 304 - "https://blushin.com/wp-login.php" "Mozilla/5.0 (X11; Linux x86_64) AppleWebKit/537.36 (KHTML, like Gecko) Chrome/124.0.0.0 Safari/537.36"
52.2.208.205 - - [19/Oct/2025:10:23:12 -0400] "GET /wp-admin/js/user-profile.min.js?ver=6.8.3 HTTP/2.0" 200 6862 "https://blushin.com/wp-login.php" "Mozilla/5.0 (X11; Linux x86_64) AppleWebKit/537.36 (KHTML, like Gecko) Chrome/124.0.0.0 Safari/537.36"
52.2.208.205 - - [19/Oct/2025:10:23:12 -0400] "GET /wp-includes/js/dist/hooks.min.js?ver=4d63a3d491d11ffd8ac6 HTTP/2.0" 304 - "https://blushin.com/wp-login.php" "Mozilla/5.0 (X11; Linux x86_64) AppleWebKit/537.36 (KHTML, like Gecko) Chrome/124.0.0.0 Safari/537.36"
52.2.208.205 - - [19/Oct/2025:10:23:12 -0400] "GET /wp-admin/js/password-strength-meter.min.js?ver=6.8.3 HTTP/2.0" 304 - "https://blushin.com/wp-login.php" "Mozilla/5.0 (X11; Linux x86_64) AppleWebKit/537.36 (KHTML, like Gecko) Chrome/124.0.0.0 Safari/537.36"
52.2.208.205 - - [19/Oct/2025:10:23:12 -0400] "GET /wp-includes/js/jquery/jquery.min.js?ver=3.7.1 HTTP/2.0" 304 - "https://blushin.com/wp-login.php" "Mozilla/5.0 (X11; Linux x86_64) AppleWebKit/537.36 (KHTML, like Gecko) Chrome/124.0.0.0 Safari/537.36"
52.2.208.205 - - [19/Oct/2025:10:23:12 -0400] "GET /wp-includes/js/wp-util.min.js?ver=6.8.3 HTTP/2.0" 304 - "https://blushin.com/wp-login.php" "Mozilla/5.0 (X11; Linux x86_64) AppleWebKit/537.36 (KHTML, like Gecko) Chrome/124.0.0.0 Safari/537.36"
52.2.208.205 - - [19/Oct/2025:10:23:11 -0400] "GET /tds-login-register/?password_reset&login=www.fthrry.blogspot.in+-+124+758+USD+BINANCE&key=7OvpUyFrQp65ibHUr9gh HTTP/2.0" 200 449843 "-" "Mozilla/5.0 (X11; Linux x86_64) AppleWebKit/537.36 (KHTML, like Gecko) Chrome/124.0.0.0 Safari/537.36"
91.92.240.238 - - [19/Oct/2025:10:23:12 -0400] "POST /wp-login.php?action=register HTTP/2.0" 302 - "-" "-"
52.2.208.205 - - [19/Oct/2025:10:23:13 -0400] "GET /wp-admin/images/wordpress-logo.svg?ver=20131107 HTTP/2.0" 304 - "https://blushin.com/wp-admin/css/login.min.css?ver=6.8.3" "Mozilla/5.0 (X11; Linux x86_64) AppleWebKit/537.36 (KHTML, like Gecko) Chrome/124.0.0.0 Safari/537.36"
52.2.208.205 - - [19/Oct/2025:10:23:13 -0400] "GET /wp-content/uploads/2025/09/blushin-small-logo.png HTTP/2.0" 304 - "https://blushin.com/wp-login.php" "Mozilla/5.0 (X11; Linux x86_64) AppleWebKit/537.36 (KHTML, like Gecko) Chrome/124.0.0.0 Safari/537.36"
52.2.208.205 - - [19/Oct/2025:10:23:13 -0400] "GET /wp-includes/js/zxcvbn.min.js HTTP/2.0" 304 - "https://blushin.com/wp-login.php" "Mozilla/5.0 (X11; Linux x86_64) AppleWebKit/537.36 (KHTML, like Gecko) Chrome/124.0.0.0 Safari/537.36"
91.92.240.238 - - [19/Oct/2025:10:23:13 -0400] "POST /wp-login.php?action=register HTTP/2.0" 302 - "-" "-"
54.37.118.89 - - [19/Oct/2025:10:23:11 -0400] "GET /tag/side-effects-of-creams/feed/ HTTP/2.0" 200 9690 "-" "Mozilla/5.0 (compatible; AhrefsBot/7.0; +http://ahrefs.com/robot/)"
91.92.240.238 - - [19/Oct/2025:10:23:15 -0400] "POST /wp-login.php?action=register HTTP/2.0" 302 - "-" "-"
91.92.240.238 - - [19/Oct/2025:10:23:16 -0400] "POST /wp-login.php?action=register HTTP/2.0" 302 - "-" "-"
91.92.240.238 - - [19/Oct/2025:10:23:18 -0400] "POST /wp-login.php?action=register HTTP/2.0" 302 - "-" "-"
52.2.208.205 - - [19/Oct/2025:10:23:15 -0400] "GET /favicon.ico HTTP/2.0" 200 449843 "-" "Mozilla/5.0 (X11; Linux x86_64) AppleWebKit/537.36 (KHTML, like Gecko) Chrome/124.0.0.0 Safari/537.36"
216.244.66.235 - - [19/Oct/2025:10:23:17 -0400] "GET /types-of-waxing-for-hair-removal/ HTTP/2.0" 200 449843 "-" "Mozilla/5.0 (compatible; DotBot/1.2; +https://opensiteexplorer.org/dotbot; [email protected])"
91.92.240.238 - - [19/Oct/2025:10:23:19 -0400] "POST /wp-login.php?action=register HTTP/2.0" 302 - "-" "-"
91.92.240.238 - - [19/Oct/2025:10:23:21 -0400] "POST /wp-login.php?action=register HTTP/2.0" 302 - "-" "-"
91.92.240.238 - - [19/Oct/2025:10:23:22 -0400] "POST /wp-login.php?action=register HTTP/2.0" 302 - "-" "-"
91.92.240.238 - - [19/Oct/2025:10:23:23 -0400] "POST /wp-login.php?action=register HTTP/2.0" 302 - "-" "-"
91.92.240.238 - - [19/Oct/2025:10:23:25 -0400] "POST /wp-login.php?action=register HTTP/2.0" 302 - "-" "-"
91.92.240.238 - - [19/Oct/2025:10:23:26 -0400] "POST /wp-login.php?action=register HTTP/2.0" 302 - "-" "-"
2a03:2880:f800:15:: - - [19/Oct/2025:10:23:25 -0400] "GET /tag/how-to-make-peel-off-base-coat/ HTTP/2.0" 200 449843 "-" "meta-externalagent/1.1 (+https://developers.facebook.com/docs/sharing/webmasters/crawler)"
91.92.240.238 - - [19/Oct/2025:10:23:27 -0400] "POST /wp-login.php?action=register HTTP/2.0" 302 - "-" "-"
91.92.240.238 - - [19/Oct/2025:10:23:29 -0400] "POST /wp-login.php?action=register HTTP/2.0" 302 - "-" "-"
91.92.240.238 - - [19/Oct/2025:10:23:30 -0400] "POST /wp-login.php?action=register HTTP/2.0" 302 - "-" "-"
91.92.240.238 - - [19/Oct/2025:10:23:32 -0400] "POST /wp-login.php?action=register HTTP/2.0" 302 - "-" "-"
185.121.234.171 - - [19/Oct/2025:10:23:33 -0400] "GET /%D1%81%D0%B0%D0%B9%D1%82-%D0%BC%D0%B0%D0%B3%D0%B0%D0%B7%D0%B8%D0%BD-%D0%BA%D1%80%D0%B0%D0%BA%D0%B5%D0%BD-%D0%B0%D0%BA%D1%82%D1%83%D0%B0%D0%BB%D1%8C%D0%BD%D1%8B%D0%B9/ HTTP/2.0" 200 303500 "https://blushin.com/%D1%81%D0%B0%D0%B9%D1%82-%D0%BC%D0%B0%D0%B3%D0%B0%D0%B7%D0%B8%D0%BD-%D0%BA%D1%80%D0%B0%D0%BA%D0%B5%D0%BD-%D0%B0%D0%BA%D1%82%D1%83%D0%B0%D0%BB%D1%8C%D0%BD%D1%8B%D0%B9/" "Mozilla/5.0 (Windows NT 10.0; Win64; x64) AppleWebKit/537.36 (KHTML, like Gecko) Chrome/130.0.0.0 Safari/537.36 CCleaner/130.0.0.0"
91.92.240.238 - - [19/Oct/2025:10:23:35 -0400] "POST /wp-login.php?action=register HTTP/2.0" 302 - "-" "-"
91.92.240.238 - - [19/Oct/2025:10:23:37 -0400] "POST /wp-login.php?action=register HTTP/2.0" 302 - "-" "-"
216.244.66.235 - - [19/Oct/2025:10:23:37 -0400] "GET /benefits-of-face-serum/ HTTP/2.0" 200 449843 "-" "Mozilla/5.0 (compatible; DotBot/1.2; +https://opensiteexplorer.org/dotbot; [email protected])"
91.92.240.238 - - [19/Oct/2025:10:23:39 -0400] "POST /wp-login.php?action=register HTTP/2.0" 302 - "-" "-"
91.92.240.238 - - [19/Oct/2025:10:23:40 -0400] "POST /wp-login.php?action=register HTTP/2.0" 302 - "-" "-"
91.92.240.238 - - [19/Oct/2025:10:23:42 -0400] "POST /wp-login.php?action=register HTTP/2.0" 302 - "-" "-"
91.92.240.238 - - [19/Oct/2025:10:23:43 -0400] "POST /wp-login.php?action=register HTTP/2.0" 302 - "-" "-"
91.92.240.238 - - [19/Oct/2025:10:23:45 -0400] "POST /wp-login.php?action=register HTTP/2.0" 302 - "-" "-"
91.92.240.238 - - [19/Oct/2025:10:23:46 -0400] "POST /wp-login.php?action=register HTTP/2.0" 302 - "-" "-"
2a03:2880:f800:46:: - - [19/Oct/2025:10:23:46 -0400] "GET /bollywood-celebs-who-got-their-nose-job-done/ HTTP/2.0" 200 449843 "-" "meta-externalagent/1.1 (+https://developers.facebook.com/docs/sharing/webmasters/crawler)"
91.92.240.238 - - [19/Oct/2025:10:23:48 -0400] "POST /wp-login.php?action=register HTTP/2.0" 302 - "-" "-"
114.119.137.43 - - [19/Oct/2025:10:23:48 -0400] "GET /benefits-of-steaming-your-hair/?amp HTTP/2.0" 200 82621 "https://blushin.com/benefits-of-steaming-your-hair/?amp" "Mozilla/5.0 (Linux; Android 7.0;) AppleWebKit/537.36 (KHTML, like Gecko) Mobile Safari/537.36 (compatible; PetalBot;+https://webmaster.petalsearch.com/site/petalbot)"
52.167.144.202 - - [19/Oct/2025:10:23:47 -0400] "GET /tag/curly-mane/ HTTP/2.0" 200 449843 "-" "Mozilla/5.0 AppleWebKit/537.36 (KHTML, like Gecko; compatible; bingbot/2.0; +http://www.bing.com/bingbot.htm) Chrome/116.0.1938.76 Safari/537.36"
91.92.240.238 - - [19/Oct/2025:10:23:49 -0400] "POST /wp-login.php?action=register HTTP/2.0" 302 - "-" "-"
108.62.52.54 - - [19/Oct/2025:10:23:50 -0400] "GET /wp-login.php HTTP/2.0" 200 6486 "-" "Mozilla/5.0 (Windows NT 10.0; Win64; x64) AppleWebKit/537.36 (KHTML, like Gecko) Chrome/139.0.0.0 Safari/537.36"
91.92.240.238 - - [19/Oct/2025:10:23:51 -0400] "POST /wp-login.php?action=register HTTP/2.0" 302 - "-" "-"
108.62.52.54 - - [19/Oct/2025:10:23:52 -0400] "GET /wp-admin/css/forms.min.css?ver=6.8.3 HTTP/2.0" 200 28448 "https://blushin.com/wp-login.php" "Mozilla/5.0 (Windows NT 10.0; Win64; x64) AppleWebKit/537.36 (KHTML, like Gecko) Chrome/139.0.0.0 Safari/537.36"
108.62.52.54 - - [19/Oct/2025:10:23:52 -0400] "GET /wp-includes/css/buttons.min.css?ver=6.8.3 HTTP/2.0" 200 6061 "https://blushin.com/wp-login.php" "Mozilla/5.0 (Windows NT 10.0; Win64; x64) AppleWebKit/537.36 (KHTML, like Gecko) Chrome/139.0.0.0 Safari/537.36"
108.62.52.54 - - [19/Oct/2025:10:23:52 -0400] "GET /wp-includes/css/dashicons.min.css?ver=6.8.3 HTTP/2.0" 200 59016 "https://blushin.com/wp-login.php" "Mozilla/5.0 (Windows NT 10.0; Win64; x64) AppleWebKit/537.36 (KHTML, like Gecko) Chrome/139.0.0.0 Safari/537.36"
108.62.52.54 - - [19/Oct/2025:10:23:52 -0400] "GET /wp-includes/js/jquery/jquery.min.js?ver=3.7.1 HTTP/2.0" 200 87553 "https://blushin.com/wp-login.php" "Mozilla/5.0 (Windows NT 10.0; Win64; x64) AppleWebKit/537.36 (KHTML, like Gecko) Chrome/139.0.0.0 Safari/537.36"
108.62.52.54 - - [19/Oct/2025:10:23:52 -0400] "GET /wp-admin/css/login.min.css?ver=6.8.3 HTTP/2.0" 200 6381 "https://blushin.com/wp-login.php" "Mozilla/5.0 (Windows NT 10.0; Win64; x64) AppleWebKit/537.36 (KHTML, like Gecko) Chrome/139.0.0.0 Safari/537.36"
108.62.52.54 - - [19/Oct/2025:10:23:52 -0400] "GET /wp-admin/js/password-strength-meter.min.js?ver=6.8.3 HTTP/2.0" 200 1123 "https://blushin.com/wp-login.php" "Mozilla/5.0 (Windows NT 10.0; Win64; x64) AppleWebKit/537.36 (KHTML, like Gecko) Chrome/139.0.0.0 Safari/537.36"
108.62.52.54 - - [19/Oct/2025:10:23:52 -0400] "GET /wp-admin/css/l10n.min.css?ver=6.8.3 HTTP/2.0" 200 3200 "https://blushin.com/wp-login.php" "Mozilla/5.0 (Windows NT 10.0; Win64; x64) AppleWebKit/537.36 (KHTML, like Gecko) Chrome/139.0.0.0 Safari/537.36"
108.62.52.54 - - [19/Oct/2025:10:23:52 -0400] "GET /wp-includes/js/jquery/jquery-migrate.min.js?ver=3.4.1 HTTP/2.0" 200 13577 "https://blushin.com/wp-login.php" "Mozilla/5.0 (Windows NT 10.0; Win64; x64) AppleWebKit/537.36 (KHTML, like Gecko) Chrome/139.0.0.0 Safari/537.36"
108.62.52.54 - - [19/Oct/2025:10:23:52 -0400] "GET /wp-includes/js/clipboard.min.js?ver=2.0.11 HTTP/2.0" 200 9009 "https://blushin.com/wp-login.php" "Mozilla/5.0 (Windows NT 10.0; Win64; x64) AppleWebKit/537.36 (KHTML, like Gecko) Chrome/139.0.0.0 Safari/537.36"
108.62.52.54 - - [19/Oct/2025:10:23:52 -0400] "GET /wp-includes/js/zxcvbn-async.min.js?ver=1.0 HTTP/2.0" 200 351 "https://blushin.com/wp-login.php" "Mozilla/5.0 (Windows NT 10.0; Win64; x64) AppleWebKit/537.36 (KHTML, like Gecko) Chrome/139.0.0.0 Safari/537.36"
108.62.52.54 - - [19/Oct/2025:10:23:52 -0400] "GET /wp-includes/js/dist/i18n.min.js?ver=5e580eb46a90c2b997e6 HTTP/2.0" 200 9141 "https://blushin.com/wp-login.php" "Mozilla/5.0 (Windows NT 10.0; Win64; x64) AppleWebKit/537.36 (KHTML, like Gecko) Chrome/139.0.0.0 Safari/537.36"
108.62.52.54 - - [19/Oct/2025:10:23:52 -0400] "GET /wp-includes/js/dist/dom-ready.min.js?ver=f77871ff7694fffea381 HTTP/2.0" 200 457 "https://blushin.com/wp-login.php" "Mozilla/5.0 (Windows NT 10.0; Win64; x64) AppleWebKit/537.36 (KHTML, like Gecko) Chrome/139.0.0.0 Safari/537.36"
108.62.52.54 - - [19/Oct/2025:10:23:52 -0400] "GET /wp-admin/js/user-profile.min.js?ver=6.8.3 HTTP/2.0" 200 6862 "https://blushin.com/wp-login.php" "Mozilla/5.0 (Windows NT 10.0; Win64; x64) AppleWebKit/537.36 (KHTML, like Gecko) Chrome/139.0.0.0 Safari/537.36"
108.62.52.54 - - [19/Oct/2025:10:23:52 -0400] "GET /wp-includes/js/wp-util.min.js?ver=6.8.3 HTTP/2.0" 200 1426 "https://blushin.com/wp-login.php" "Mozilla/5.0 (Windows NT 10.0; Win64; x64) AppleWebKit/537.36 (KHTML, like Gecko) Chrome/139.0.0.0 Safari/537.36"
108.62.52.54 - - [19/Oct/2025:10:23:52 -0400] "GET /wp-includes/js/dist/hooks.min.js?ver=4d63a3d491d11ffd8ac6 HTTP/2.0" 200 4776 "https://blushin.com/wp-login.php" "Mozilla/5.0 (Windows NT 10.0; Win64; x64) AppleWebKit/537.36 (KHTML, like Gecko) Chrome/139.0.0.0 Safari/537.36"
108.62.52.54 - - [19/Oct/2025:10:23:52 -0400] "GET /wp-includes/js/underscore.min.js?ver=1.13.7 HTTP/2.0" 200 18905 "https://blushin.com/wp-login.php" "Mozilla/5.0 (Windows NT 10.0; Win64; x64) AppleWebKit/537.36 (KHTML, like Gecko) Chrome/139.0.0.0 Safari/537.36"
108.62.52.54 - - [19/Oct/2025:10:23:52 -0400] "GET /wp-includes/js/dist/a11y.min.js?ver=3156534cc54473497e14 HTTP/2.0" 200 2358 "https://blushin.com/wp-login.php" "Mozilla/5.0 (Windows NT 10.0; Win64; x64) AppleWebKit/537.36 (KHTML, like Gecko) Chrome/139.0.0.0 Safari/537.36"
91.92.240.238 - - [19/Oct/2025:10:23:52 -0400] "POST /wp-login.php?action=register HTTP/2.0" 302 - "-" "-"
108.62.52.54 - - [19/Oct/2025:10:23:53 -0400] "GET /wp-admin/images/wordpress-logo.svg?ver=20131107 HTTP/2.0" 200 1521 "https://blushin.com/wp-admin/css/login.min.css?ver=6.8.3" "Mozilla/5.0 (Windows NT 10.0; Win64; x64) AppleWebKit/537.36 (KHTML, like Gecko) Chrome/139.0.0.0 Safari/537.36"
38.132.96.56 - - [19/Oct/2025:10:23:53 -0400] "GET /wp-login.php?login=www.fthrry.blogspot.in%20-%20124%20758%20USD%20BINANCE&key=7OvpUyFrQp65ibHUr9gh&action=rp HTTP/2.0" 302 - "-" "Mozilla/5.0 (Windows NT 10.0; Win64; x64) AppleWebKit/537.36 (KHTML, like Gecko) Chrome/139.0.0.0 Safari/537.36"
108.62.52.54 - - [19/Oct/2025:10:23:54 -0400] "GET /wp-content/uploads/2025/09/blushin-small-logo.png HTTP/2.0" 304 - "https://blushin.com/wp-login.php" "Mozilla/5.0 (Windows NT 10.0; Win64; x64) AppleWebKit/537.36 (KHTML, like Gecko) Chrome/139.0.0.0 Safari/537.36"
91.92.240.238 - - [19/Oct/2025:10:23:54 -0400] "POST /wp-login.php?action=register HTTP/2.0" 302 - "-" "-"
108.62.52.54 - - [19/Oct/2025:10:23:54 -0400] "GET /wp-includes/js/zxcvbn.min.js HTTP/2.0" 200 822237 "https://blushin.com/wp-login.php" "Mozilla/5.0 (Windows NT 10.0; Win64; x64) AppleWebKit/537.36 (KHTML, like Gecko) Chrome/139.0.0.0 Safari/537.36"
91.92.240.238 - - [19/Oct/2025:10:23:55 -0400] "POST /wp-login.php?action=register HTTP/2.0" 302 - "-" "-"
38.132.96.56 - - [19/Oct/2025:10:23:54 -0400] "GET /tds-login-register/?password_reset&login=www.fthrry.blogspot.in+-+124+758+USD+BINANCE&key=7OvpUyFrQp65ibHUr9gh HTTP/2.0" 200 449843 "-" "Mozilla/5.0 (Windows NT 10.0; Win64; x64) AppleWebKit/537.36 (KHTML, like Gecko) Chrome/139.0.0.0 Safari/537.36"
91.92.240.238 - - [19/Oct/2025:10:23:56 -0400] "POST /wp-login.php?action=register HTTP/2.0" 302 - "-" "-"
216.244.66.235 - - [19/Oct/2025:10:23:55 -0400] "GET /search/+Viagra+f%C3%BCr+m%C3%A4nner+online+kaufen+Levitra+schmelztabletten+kaufen%F0%9F%95%A0%F0%9F%90%A0+www.ZavaMed.shop+%F0%9F%90%A0%F0%9F%95%A0+Levitra+professional+deutschland+kaufen+Viagra+150+mg+billig+ohne+rezept+Cialis+generika+abz+pharmacy+preis+Billig+viagra+130+mg+ohne+rezept/ HTTP/2.0" 200 449843 "-" "Mozilla/5.0 (compatible; DotBot/1.2; +https://opensiteexplorer.org/dotbot; [email protected])"
91.92.240.238 - - [19/Oct/2025:10:23:58 -0400] "POST /wp-login.php?action=register HTTP/2.0" 302 - "-" "-"
91.92.240.238 - - [19/Oct/2025:10:23:59 -0400] "POST /wp-login.php?action=register HTTP/2.0" 302 - "-" "-"
91.92.240.238 - - [19/Oct/2025:10:24:00 -0400] "POST /wp-login.php?action=register HTTP/2.0" 302 - "-" "-"
91.92.240.238 - - [19/Oct/2025:10:24:02 -0400] "POST /wp-login.php?action=register HTTP/2.0" 302 - "-" "-"
91.92.240.238 - - [19/Oct/2025:10:24:04 -0400] "POST /wp-login.php?action=register HTTP/2.0" 302 - "-" "-"
91.92.240.238 - - [19/Oct/2025:10:24:06 -0400] "POST /wp-login.php?action=register HTTP/2.0" 302 - "-" "-"
91.92.240.238 - - [19/Oct/2025:10:24:08 -0400] "POST /wp-login.php?action=register HTTP/2.0" 302 - "-" "-"
91.92.240.238 - - [19/Oct/2025:10:24:10 -0400] "POST /wp-login.php?action=register HTTP/2.0" 302 - "-" "-"
91.92.240.238 - - [19/Oct/2025:10:24:12 -0400] "POST /wp-login.php?action=register HTTP/2.0" 302 - "-" "-"
91.92.240.238 - - [19/Oct/2025:10:24:13 -0400] "POST /wp-login.php?action=register HTTP/2.0" 302 - "-" "-"
216.244.66.235 - - [19/Oct/2025:10:24:12 -0400] "GET /tag/how-to-make-a-guy-fall-in-love-with-you-again/feed/ HTTP/2.0" 200 449843 "-" "Mozilla/5.0 (compatible; DotBot/1.2; +https://opensiteexplorer.org/dotbot; [email protected])"
91.92.240.238 - - [19/Oct/2025:10:24:15 -0400] "POST /wp-login.php?action=register HTTP/2.0" 302 - "-" "-"
91.92.240.238 - - [19/Oct/2025:10:24:16 -0400] "POST /wp-login.php?action=register HTTP/2.0" 302 - "-" "-"
91.92.240.238 - - [19/Oct/2025:10:24:17 -0400] "POST /wp-login.php?action=register HTTP/2.0" 302 - "-" "-"
91.92.240.238 - - [19/Oct/2025:10:24:19 -0400] "POST /wp-login.php?action=register HTTP/2.0" 302 - "-" "-"
91.92.240.238 - - [19/Oct/2025:10:24:20 -0400] "POST /wp-login.php?action=register HTTP/2.0" 302 - "-" "-"
91.92.240.238 - - [19/Oct/2025:10:24:21 -0400] "POST /wp-login.php?action=register HTTP/2.0" 302 - "-" "-"
91.92.240.238 - - [19/Oct/2025:10:24:23 -0400] "POST /wp-login.php?action=register HTTP/2.0" 302 - "-" "-"
91.92.240.238 - - [19/Oct/2025:10:24:24 -0400] "POST /wp-login.php?action=register HTTP/2.0" 302 - "-" "-"
217.113.196.80 - - [19/Oct/2025:10:24:24 -0400] "GET /category/videos/reviews/ HTTP/2.0" 200 221513 "-" "Mozilla/5.0 (compatible; IbouBot/1.0; [email protected]; +https://ibou.io/iboubot.html)"
91.92.240.238 - - [19/Oct/2025:10:24:25 -0400] "POST /wp-login.php?action=register HTTP/2.0" 302 - "-" "-"
91.92.240.238 - - [19/Oct/2025:10:24:27 -0400] "POST /wp-login.php?action=register HTTP/2.0" 302 - "-" "-"
91.92.240.238 - - [19/Oct/2025:10:24:28 -0400] "POST /wp-login.php?action=register HTTP/2.0" 302 - "-" "-"
2a03:2880:f800:10:: - - [19/Oct/2025:10:24:26 -0400] "GET /how-to-use-argan-oil-for-hair-growth/ HTTP/2.0" 200 449843 "-" "meta-externalagent/1.1 (+https://developers.facebook.com/docs/sharing/webmasters/crawler)"
91.92.240.238 - - [19/Oct/2025:10:24:29 -0400] "POST /wp-login.php?action=register HTTP/2.0" 302 - "-" "-"
91.92.240.238 - - [19/Oct/2025:10:24:31 -0400] "POST /wp-login.php?action=register HTTP/2.0" 302 - "-" "-"
5.39.1.229 - - [19/Oct/2025:10:24:31 -0400] "GET /tag/how-to-lose-weight-by-using-flax-seeds/feed/ HTTP/2.0" 200 11163 "-" "Mozilla/5.0 (compatible; AhrefsBot/7.0; +http://ahrefs.com/robot/)"
216.244.66.235 - - [19/Oct/2025:10:24:31 -0400] "GET /b-witch/bwitch-corset-polyamide-ribbed-temptress-l-xl-red HTTP/2.0" 200 449843 "-" "Mozilla/5.0 (compatible; DotBot/1.2; +https://opensiteexplorer.org/dotbot; [email protected])"
2001:ee0:429d:55f2:5586:26b7:ae81:823d - - [19/Oct/2025:10:24:38 -0400] "GET /tag/phlwin-free-100/ HTTP/2.0" 200 229462 "-" "Mozilla/5.0 (Windows NT 5.1) AppleWebKit/537.36 (KHTML, like Gecko) Chrome/35.0.2309.372 Safari/537.36"
2a03:2880:f800:2a:: - - [19/Oct/2025:10:24:45 -0400] "GET /top-7-home-remedies-treat-age-spots-naturally/ HTTP/2.0" 200 449843 "-" "meta-externalagent/1.1 (+https://developers.facebook.com/docs/sharing/webmasters/crawler)"
2a03:2880:f800:44:: - - [19/Oct/2025:10:24:46 -0400] "GET /tag/most-humble-bollywood-actress/ HTTP/2.0" 200 449843 "-" "meta-externalagent/1.1 (+https://developers.facebook.com/docs/sharing/webmasters/crawler)"
216.244.66.235 - - [19/Oct/2025:10:24:48 -0400] "GET /tag/applying-oil-on-body-before-bath/feed/ HTTP/2.0" 200 449843 "-" "Mozilla/5.0 (compatible; DotBot/1.2; +https://opensiteexplorer.org/dotbot; [email protected])"
192.0.98.183 - - [19/Oct/2025:10:24:58 -0400] "GET /wp-content/uploads/2017/04/makeup-tips9-1.jpg HTTP/2.0" 200 85549 "-" "Photon/1.0"
216.73.216.143 - - [19/Oct/2025:10:24:59 -0400] "GET /tag/strawberry-kanji HTTP/2.0" 200 449843 "-" "Mozilla/5.0 AppleWebKit/537.36 (KHTML, like Gecko; compatible; ClaudeBot/1.0; [email protected])"
216.244.66.235 - - [19/Oct/2025:10:25:02 -0400] "GET /tag/avocado-oil-uses-for-hair/feed/ HTTP/2.0" 200 449843 "-" "Mozilla/5.0 (compatible; DotBot/1.2; +https://opensiteexplorer.org/dotbot; [email protected])"
114.119.131.42 - - [19/Oct/2025:10:25:10 -0400] "GET /benefits-of-lemon-boiled-water/ HTTP/2.0" 200 77608 "https://blushin.com/17-benefits-of-this-fruit-that-will-make-you-say-im-loving-it/" "Mozilla/5.0 (Linux; Android 7.0;) AppleWebKit/537.36 (KHTML, like Gecko) Mobile Safari/537.36 (compatible; PetalBot;+https://webmaster.petalsearch.com/site/petalbot)"
107.152.46.41 - - [19/Oct/2025:10:25:11 -0400] "GET /a-verde-casino-kifizetes-atfogo-elemzese-erdemes-e-az-idod/ HTTP/2.0" 200 449843 "https://blushin.com/" "Mozilla/5.0 (Macintosh; Intel Mac OS X 12_5) AppleWebKit/537.36 (KHTML, like Gecko) Chrome/114.0.0.0 Safari/537.36"
216.73.216.143 - - [19/Oct/2025:10:25:15 -0400] "GET /tag/warm-and-cozy-bedroom-ideas HTTP/2.0" 200 449843 "-" "Mozilla/5.0 AppleWebKit/537.36 (KHTML, like Gecko; compatible; ClaudeBot/1.0; [email protected])"
216.244.66.235 - - [19/Oct/2025:10:25:16 -0400] "GET /tag/b-town-actresses/feed/ HTTP/2.0" 200 449843 "-" "Mozilla/5.0 (compatible; DotBot/1.2; +https://opensiteexplorer.org/dotbot; [email protected])"
2a03:2880:f800:3d:: - - [19/Oct/2025:10:25:23 -0400] "GET /tag/rekha-amitabh/ HTTP/2.0" 200 449843 "-" "meta-externalagent/1.1 (+https://developers.facebook.com/docs/sharing/webmasters/crawler)"
216.244.66.235 - - [19/Oct/2025:10:25:29 -0400] "GET /tag/beetroot-cutlet-bengali-style/feed/ HTTP/2.0" 200 449843 "-" "Mozilla/5.0 (compatible; DotBot/1.2; +https://opensiteexplorer.org/dotbot; [email protected])"
216.244.66.235 - - [19/Oct/2025:10:25:40 -0400] "GET /tag/best-twitter-trolls-india/feed/ HTTP/2.0" 200 449843 "-" "Mozilla/5.0 (compatible; DotBot/1.2; +https://opensiteexplorer.org/dotbot; [email protected])"
54.37.118.95 - - [19/Oct/2025:10:25:45 -0400] "GET /tag/old-school-abhishek-knows-how-to-woo-his-dream-girl/feed/ HTTP/2.0" 200 13292 "-" "Mozilla/5.0 (compatible; AhrefsBot/7.0; +http://ahrefs.com/robot/)"
216.244.66.235 - - [19/Oct/2025:10:25:52 -0400] "GET /tag/breast-tightening-oil/feed/ HTTP/2.0" 200 449843 "-" "Mozilla/5.0 (compatible; DotBot/1.2; +https://opensiteexplorer.org/dotbot; [email protected])"
2406:5900:3:5069:c6d2:2cfc:fdc0:1819 - - [19/Oct/2025:10:25:59 -0400] "POST /xmlrpc.php HTTP/2.0" 200 401 "-" "Mozilla/5.0 (X11; Ubuntu; Linux x86_64; rv:85.0) Gecko/20100101 Firefox/91.0"
216.244.66.235 - - [19/Oct/2025:10:26:03 -0400] "GET /tag/cheap-and-best-places-to-eat-in-delhi/feed/ HTTP/2.0" 200 449843 "-" "Mozilla/5.0 (compatible; DotBot/1.2; +https://opensiteexplorer.org/dotbot; [email protected])"
216.244.66.235 - - [19/Oct/2025:10:26:24 -0400] "GET /tag/dahi-bhindi-recipe-in-marathi/feed/ HTTP/2.0" 200 449843 "-" "Mozilla/5.0 (compatible; DotBot/1.2; +https://opensiteexplorer.org/dotbot; [email protected])"
114.119.131.42 - - [19/Oct/2025:10:26:34 -0400] "GET /benefits-of-cucumber-juice/?amp HTTP/2.0" 200 76349 "https://blushin.com/benefits-of-cucumber-juice/?amp" "Mozilla/5.0 (Linux; Android 7.0;) AppleWebKit/537.36 (KHTML, like Gecko) Mobile Safari/537.36 (compatible; PetalBot;+https://webmaster.petalsearch.com/site/petalbot)"
2a03:2880:f800:25:: - - [19/Oct/2025:10:26:39 -0400] "GET /10-ways-for-women-to-stay-safe-in-india/ HTTP/2.0" 200 449843 "-" "meta-externalagent/1.1 (+https://developers.facebook.com/docs/sharing/webmasters/crawler)"
216.244.66.235 - - [19/Oct/2025:10:26:43 -0400] "GET /tag/deepika-padukone-in-yeh-jawaani-hai-deewani/feed/ HTTP/2.0" 200 449843 "-" "Mozilla/5.0 (compatible; DotBot/1.2; +https://opensiteexplorer.org/dotbot; [email protected])"
216.244.66.235 - - [19/Oct/2025:10:27:01 -0400] "GET /tag/dussehra-celebration-in-schools/feed/ HTTP/2.0" 200 449843 "-" "Mozilla/5.0 (compatible; DotBot/1.2; +https://opensiteexplorer.org/dotbot; [email protected])"
51.75.236.148 - - [19/Oct/2025:10:27:02 -0400] "GET /tag/crumbling/feed/ HTTP/2.0" 200 13261 "-" "Mozilla/5.0 (compatible; AhrefsBot/7.0; +http://ahrefs.com/robot/)"
216.244.66.235 - - [19/Oct/2025:10:27:17 -0400] "GET /tag/easy-kheer-recipe/feed/ HTTP/2.0" 200 449843 "-" "Mozilla/5.0 (compatible; DotBot/1.2; +https://opensiteexplorer.org/dotbot; [email protected])"
2001:ee0:4f3a:d1dc:690b:356f:58cc:471f - - [19/Oct/2025:10:27:18 -0400] "GET /magyar-online-casino-l-oszts-jtkokkal-s-vals-111/ HTTP/2.0" 200 308315 "-" "Mozilla/5.0 (Macintosh; Intel Mac OS X 11_2_3) AppleWebKit/537.36 (KHTML, like Gecko) Chrome/88.0.4324.192 Safari/537.36"
2001:ee0:5481:11b0:3486:5e03:70b4:7d9f - - [19/Oct/2025:10:27:26 -0400] "GET /dang-nhap-8xbet-72/ HTTP/2.0" 200 312482 "-" "Mozilla/5.0 (Windows NT 6.3; Win64; x64) AppleWebKit/537.36 (KHTML, like Gecko) Chrome/84.0.4147.89 Safari/537.36"
216.244.66.235 - - [19/Oct/2025:10:27:33 -0400] "GET /tag/famous-dussehra-celebrations-in-india/feed/ HTTP/2.0" 200 449843 "-" "Mozilla/5.0 (compatible; DotBot/1.2; +https://opensiteexplorer.org/dotbot; [email protected])"
2a03:2880:f800:46:: - - [19/Oct/2025:10:27:36 -0400] "GET /9-bollywood-movies-based-on-music/5/ HTTP/2.0" 200 449843 "-" "meta-externalagent/1.1 (+https://developers.facebook.com/docs/sharing/webmasters/crawler)"
189.13.3.197 - - [19/Oct/2025:10:27:38 -0400] "GET /luxury-casino-online-755-2/ HTTP/2.0" 200 308333 "-" "Mozilla/5.0 (Windows NT 10.0; WOW64) AppleWebKit/537.36 (KHTML, like Gecko) Chrome/75.0.3770.100 ADG/11.0.2566 AOLBUILD/11.0.2566 Safari/537.36"
216.244.66.235 - - [19/Oct/2025:10:27:50 -0400] "GET /tag/fried-idli-recipe-indian/feed/ HTTP/2.0" 200 449843 "-" "Mozilla/5.0 (compatible; DotBot/1.2; +https://opensiteexplorer.org/dotbot; [email protected])"
43.153.27.244 - - [19/Oct/2025:10:27:55 -0400] "GET /category/home-remedy/acne-pimples/ HTTP/2.0" 200 449843 "-" "Mozilla/5.0 (iPhone; CPU iPhone OS 13_2_3 like Mac OS X) AppleWebKit/605.1.15 (KHTML, like Gecko) Version/13.0.3 Mobile/15E148 Safari/604.1"
216.73.216.143 - - [19/Oct/2025:10:28:04 -0400] "GET /sitemap.xml HTTP/2.0" 200 449843 "-" "Mozilla/5.0 AppleWebKit/537.36 (KHTML, like Gecko; compatible; ClaudeBot/1.0; [email protected])"
216.244.66.235 - - [19/Oct/2025:10:28:05 -0400] "GET /tag/gosht-motia-pulao-recipe/feed/ HTTP/2.0" 200 449843 "-" "Mozilla/5.0 (compatible; DotBot/1.2; +https://opensiteexplorer.org/dotbot; [email protected])"
179.127.68.62 - - [19/Oct/2025:10:28:07 -0400] "GET /tag/vegetable-bonda-tamil/ HTTP/2.0" 200 208073 "-" "Mozilla/5.0 (Windows NT 6.1) AppleWebKit/537.36 (KHTML, like Gecko) Chrome/106.0.0.0 Safari/537.36"
2001:4ca0:108:42::7 - - [19/Oct/2025:10:28:08 -0400] "HEAD / HTTP/2.0" 301 - "-" "quic-go-HTTP/3"
66.116.199.115 - - [19/Oct/2025:10:28:16 -0400] "POST /wp-cron.php?doing_wp_cron=1760884096.6094388961791992187500 HTTP/2.0" 200 - "-" "WordPress/6.8.3; https://blushin.com"
114.119.137.43 - - [19/Oct/2025:10:28:15 -0400] "GET /beautiful-beach-towns-in-india/?noamp=mobile& HTTP/2.0" 200 75251 "https://blushin.com/beautiful-beach-towns-in-india?amp" "Mozilla/5.0 (Linux; Android 7.0;) AppleWebKit/537.36 (KHTML, like Gecko) Mobile Safari/537.36 (compatible; PetalBot;+https://webmaster.petalsearch.com/site/petalbot)"
216.73.216.143 - - [19/Oct/2025:10:28:18 -0400] "GET /tag/baked-wonton-dessert-recipes HTTP/2.0" 200 449843 "-" "Mozilla/5.0 AppleWebKit/537.36 (KHTML, like Gecko; compatible; ClaudeBot/1.0; [email protected])"
94.23.188.196 - - [19/Oct/2025:10:28:21 -0400] "GET /tag/types-of-facials/feed/ HTTP/2.0" 200 11617 "-" "Mozilla/5.0 (compatible; AhrefsBot/7.0; +http://ahrefs.com/robot/)"
216.244.66.235 - - [19/Oct/2025:10:28:24 -0400] "GET /tag/hack-online-shopping-sites-for-free-purchase-2017/feed/ HTTP/2.0" 200 449843 "-" "Mozilla/5.0 (compatible; DotBot/1.2; +https://opensiteexplorer.org/dotbot; [email protected])"
2a03:2880:f800:2c:: - - [19/Oct/2025:10:28:31 -0400] "GET /tag/sombu-water-for-weight-loss-in-tamil/ HTTP/2.0" 200 449843 "-" "meta-externalagent/1.1 (+https://developers.facebook.com/docs/sharing/webmasters/crawler)"
216.244.66.235 - - [19/Oct/2025:10:28:41 -0400] "GET /tag/hair-loss-diagnosis/feed/ HTTP/2.0" 200 449843 "-" "Mozilla/5.0 (compatible; DotBot/1.2; +https://opensiteexplorer.org/dotbot; [email protected])"
2a03:2880:f800:3e:: - - [19/Oct/2025:10:28:51 -0400] "GET /9-signs-that-hes-dating-you-only-for-sex/ HTTP/2.0" 200 449843 "-" "meta-externalagent/1.1 (+https://developers.facebook.com/docs/sharing/webmasters/crawler)"
2a03:2880:f800:36:: - - [19/Oct/2025:10:28:52 -0400] "GET /diy-home-remedies-to-lighten-private-parts/ HTTP/2.0" 200 449843 "-" "meta-externalagent/1.1 (+https://developers.facebook.com/docs/sharing/webmasters/crawler)"
216.244.66.235 - - [19/Oct/2025:10:28:56 -0400] "GET /tag/how-to-look-older-with-hair/feed/ HTTP/2.0" 200 449843 "-" "Mozilla/5.0 (compatible; DotBot/1.2; +https://opensiteexplorer.org/dotbot; [email protected])"
216.244.66.235 - - [19/Oct/2025:10:29:11 -0400] "GET /tag/how-to-look-younger-naturally-at-30/feed/ HTTP/2.0" 200 449843 "-" "Mozilla/5.0 (compatible; DotBot/1.2; +https://opensiteexplorer.org/dotbot; [email protected])"
40.77.167.4 - - [19/Oct/2025:10:29:14 -0400] "GET /tag/saree-fabric/ HTTP/2.0" 200 449843 "-" "Mozilla/5.0 AppleWebKit/537.36 (KHTML, like Gecko; compatible; bingbot/2.0; +http://www.bing.com/bingbot.htm) Chrome/116.0.1938.76 Safari/537.36"
202.76.161.1 - - [19/Oct/2025:10:29:19 -0400] "GET /tag/12play-live/ HTTP/2.0" 200 210949 "-" "Mozilla/5.0 (Windows NT 6.1; rv:14.0) Gecko/20100101 Firefox/18.0.1"
