2a03:2880:f800:1f:: - - [19/Oct/2025:12:46:31 -0400] "GET /lip-colours-for-dark-to-wheatish-skin-shades-that-compliment/ HTTP/2.0" 200 449843 "-" "meta-externalagent/1.1 (+https://developers.facebook.com/docs/sharing/webmasters/crawler)"
92.222.108.114 - - [19/Oct/2025:12:46:33 -0400] "GET /wp-sitemap-taxonomies-post_tag-8.xml HTTP/2.0" 200 152432 "-" "Mozilla/5.0 (compatible; AhrefsBot/7.0; +http://ahrefs.com/robot/)"
216.244.66.235 - - [19/Oct/2025:12:46:36 -0400] "GET /tag/new-year-traditions-around-the-world-lesson-plan/feed/ HTTP/2.0" 200 449843 "-" "Mozilla/5.0 (compatible; DotBot/1.2; +https://opensiteexplorer.org/dotbot; [email protected])"
94.23.188.211 - - [19/Oct/2025:12:46:41 -0400] "GET /wp-sitemap-taxonomies-post_tag-9.xml HTTP/2.0" 200 153930 "-" "Mozilla/5.0 (compatible; AhrefsBot/7.0; +http://ahrefs.com/robot/)"
51.68.247.215 - - [19/Oct/2025:12:46:46 -0400] "GET /wp-sitemap-taxonomies-post_tag-10.xml HTTP/2.0" 200 154749 "-" "Mozilla/5.0 (compatible; AhrefsBot/7.0; +http://ahrefs.com/robot/)"
216.244.66.235 - - [19/Oct/2025:12:46:48 -0400] "GET /tag/nutella-hot-chocolate-slow-cooker/feed/ HTTP/2.0" 200 449843 "-" "Mozilla/5.0 (compatible; DotBot/1.2; +https://opensiteexplorer.org/dotbot; [email protected])"
186.195.235.3 - - [19/Oct/2025:12:46:52 -0400] "GET /energy-casino-797/ HTTP/2.0" 200 309879 "-" "Mozilla/5.0 (Macintosh; Intel Mac OS X 10_14_6) AppleWebKit/537.36 (KHTML, like Gecko) Chrome/81.0.4044.113 Safari/537.36"
54.37.118.89 - - [19/Oct/2025:12:46:53 -0400] "GET /wp-sitemap-taxonomies-post_tag-11.xml HTTP/2.0" 200 157832 "-" "Mozilla/5.0 (compatible; AhrefsBot/7.0; +http://ahrefs.com/robot/)"
5.39.1.224 - - [19/Oct/2025:12:46:55 -0400] "GET /wp-sitemap-taxonomies-post_tag-12.xml HTTP/2.0" 200 151124 "-" "Mozilla/5.0 (compatible; AhrefsBot/7.0; +http://ahrefs.com/robot/)"
5.39.1.247 - - [19/Oct/2025:12:46:56 -0400] "GET /energycasino-kod-promocyjny-9/ HTTP/2.0" 200 311304 "-" "Mozilla/5.0 (compatible; AhrefsBot/7.0; +http://ahrefs.com/robot/)"
5.39.1.234 - - [19/Oct/2025:12:46:58 -0400] "GET /wp-sitemap-taxonomies-post_tag-13.xml HTTP/2.0" 200 151916 "-" "Mozilla/5.0 (compatible; AhrefsBot/7.0; +http://ahrefs.com/robot/)"
177.133.209.105 - - [19/Oct/2025:12:46:57 -0400] "GET /777slot-free-100-47/ HTTP/2.0" 200 311192 "-" "Mozilla/5.0 (Windows NT 6.1; WOW64) AppleWebKit/537.36 (KHTML, like Gecko) Chrome/100.0.4896.75 Safari/537.36"
5.39.1.242 - - [19/Oct/2025:12:47:00 -0400] "GET /wp-sitemap-taxonomies-post_tag-14.xml HTTP/2.0" 200 152064 "-" "Mozilla/5.0 (compatible; AhrefsBot/7.0; +http://ahrefs.com/robot/)"
216.244.66.235 - - [19/Oct/2025:12:47:00 -0400] "GET /tag/rose-petals-for-skin-whitening/feed/ HTTP/2.0" 200 449843 "-" "Mozilla/5.0 (compatible; DotBot/1.2; +https://opensiteexplorer.org/dotbot; [email protected])"
5.39.1.252 - - [19/Oct/2025:12:47:02 -0400] "GET /wp-sitemap-taxonomies-post_tag-15.xml HTTP/2.0" 200 153794 "-" "Mozilla/5.0 (compatible; AhrefsBot/7.0; +http://ahrefs.com/robot/)"
51.75.236.157 - - [19/Oct/2025:12:47:09 -0400] "GET /wp-sitemap-taxonomies-post_tag-16.xml HTTP/2.0" 200 151390 "-" "Mozilla/5.0 (compatible; AhrefsBot/7.0; +http://ahrefs.com/robot/)"
216.244.66.235 - - [19/Oct/2025:12:47:10 -0400] "GET /tag/should-you-text-everyday-when-dating/feed/ HTTP/2.0" 200 449843 "-" "Mozilla/5.0 (compatible; DotBot/1.2; +https://opensiteexplorer.org/dotbot; [email protected])"
114.119.145.239 - - [19/Oct/2025:12:47:13 -0400] "GET /thicker-eyebrows/ HTTP/2.0" 200 74239 "https://blushin.com/category/makeup-2/eye-makeup/page/2/" "Mozilla/5.0 (Linux; Android 7.0;) AppleWebKit/537.36 (KHTML, like Gecko) Mobile Safari/537.36 (compatible; PetalBot;+https://webmaster.petalsearch.com/site/petalbot)"
92.222.108.97 - - [19/Oct/2025:12:47:14 -0400] "GET /wp-sitemap-taxonomies-post_tag-17.xml HTTP/2.0" 200 152985 "-" "Mozilla/5.0 (compatible; AhrefsBot/7.0; +http://ahrefs.com/robot/)"
216.244.66.235 - - [19/Oct/2025:12:47:20 -0400] "GET /tag/sweet-things-to-say-to-your-best-friend/feed/ HTTP/2.0" 200 449843 "-" "Mozilla/5.0 (compatible; DotBot/1.2; +https://opensiteexplorer.org/dotbot; [email protected])"
51.75.236.129 - - [19/Oct/2025:12:47:20 -0400] "GET /wp-sitemap-taxonomies-post_tag-18.xml HTTP/2.0" 200 149861 "-" "Mozilla/5.0 (compatible; AhrefsBot/7.0; +http://ahrefs.com/robot/)"
51.68.247.208 - - [19/Oct/2025:12:47:25 -0400] "GET /wp-sitemap-taxonomies-post_tag-19.xml HTTP/2.0" 200 139258 "-" "Mozilla/5.0 (compatible; AhrefsBot/7.0; +http://ahrefs.com/robot/)"
54.37.118.82 - - [19/Oct/2025:12:47:30 -0400] "GET /wp-sitemap-taxonomies-post_format-1.xml HTTP/2.0" 200 240 "-" "Mozilla/5.0 (compatible; AhrefsBot/7.0; +http://ahrefs.com/robot/)"
216.244.66.235 - - [19/Oct/2025:12:47:30 -0400] "GET /tag/teej-festival/feed/ HTTP/2.0" 200 449843 "-" "Mozilla/5.0 (compatible; DotBot/1.2; +https://opensiteexplorer.org/dotbot; [email protected])"
216.73.216.143 - - [19/Oct/2025:12:47:31 -0400] "GET /5-surprising-beauty-hacks-that-every-girl-should-know HTTP/2.0" 200 449843 "-" "Mozilla/5.0 AppleWebKit/537.36 (KHTML, like Gecko; compatible; ClaudeBot/1.0; [email protected])"
216.73.216.143 - - [19/Oct/2025:12:47:31 -0400] "GET /life-hack-5-reasons-why-breakup-is-good-for-you HTTP/2.0" 200 449843 "-" "Mozilla/5.0 AppleWebKit/537.36 (KHTML, like Gecko; compatible; ClaudeBot/1.0; [email protected])"
216.73.216.143 - - [19/Oct/2025:12:47:33 -0400] "GET /tag/how-to-make-black-tea-for-diarrhea HTTP/2.0" 200 449843 "-" "Mozilla/5.0 AppleWebKit/537.36 (KHTML, like Gecko; compatible; ClaudeBot/1.0; [email protected])"
216.73.216.143 - - [19/Oct/2025:12:47:34 -0400] "GET /tag/practise-yoga HTTP/2.0" 200 449843 "-" "Mozilla/5.0 AppleWebKit/537.36 (KHTML, like Gecko; compatible; ClaudeBot/1.0; [email protected])"
216.73.216.143 - - [19/Oct/2025:12:47:34 -0400] "GET /author/kh3/page/38 HTTP/2.0" 200 449843 "-" "Mozilla/5.0 AppleWebKit/537.36 (KHTML, like Gecko; compatible; ClaudeBot/1.0; [email protected])"
216.73.216.143 - - [19/Oct/2025:12:47:35 -0400] "GET /category/womens-kitty/page/173 HTTP/2.0" 200 449843 "-" "Mozilla/5.0 AppleWebKit/537.36 (KHTML, like Gecko; compatible; ClaudeBot/1.0; [email protected])"
216.73.216.143 - - [19/Oct/2025:12:47:35 -0400] "GET /tag/janmashtami-function-in-schools HTTP/2.0" 200 449843 "-" "Mozilla/5.0 AppleWebKit/537.36 (KHTML, like Gecko; compatible; ClaudeBot/1.0; [email protected])"
216.73.216.143 - - [19/Oct/2025:12:47:36 -0400] "GET /category/womens-kitty/page/166 HTTP/2.0" 200 449843 "-" "Mozilla/5.0 AppleWebKit/537.36 (KHTML, like Gecko; compatible; ClaudeBot/1.0; [email protected])"
51.75.236.131 - - [19/Oct/2025:12:47:37 -0400] "GET /wp-sitemap-users-1.xml HTTP/2.0" 200 2285 "-" "Mozilla/5.0 (compatible; AhrefsBot/7.0; +http://ahrefs.com/robot/)"
2a03:2880:f800:48:: - - [19/Oct/2025:12:47:46 -0400] "GET /tag/methi-pratha/ HTTP/2.0" 200 449843 "-" "meta-externalagent/1.1 (+https://developers.facebook.com/docs/sharing/webmasters/crawler)"
2a03:2880:f800:3b:: - - [19/Oct/2025:12:47:46 -0400] "GET /tag/nora-fatehi-fitness/ HTTP/2.0" 200 449843 "-" "meta-externalagent/1.1 (+https://developers.facebook.com/docs/sharing/webmasters/crawler)"
2a03:2880:f800:2b:: - - [19/Oct/2025:12:47:47 -0400] "GET /4-dazzling-lipstick-shades-for-red-dress/ HTTP/2.0" 200 449843 "-" "meta-externalagent/1.1 (+https://developers.facebook.com/docs/sharing/webmasters/crawler)"
2a03:2880:f800:1:: - - [19/Oct/2025:12:47:48 -0400] "GET /how-to-hide-your-moles-with-makeup/ HTTP/2.0" 200 449843 "-" "meta-externalagent/1.1 (+https://developers.facebook.com/docs/sharing/webmasters/crawler)"
2a03:2880:f800:1b:: - - [19/Oct/2025:12:47:48 -0400] "GET /19-ways-get-of-rid-dark-spots-and-blemishes/ HTTP/2.0" 200 449843 "-" "meta-externalagent/1.1 (+https://developers.facebook.com/docs/sharing/webmasters/crawler)"
216.244.66.235 - - [19/Oct/2025:12:47:53 -0400] "GET /tag/the-cover/feed/ HTTP/2.0" 200 449843 "-" "Mozilla/5.0 (compatible; DotBot/1.2; +https://opensiteexplorer.org/dotbot; [email protected])"
216.244.66.235 - - [19/Oct/2025:12:48:13 -0400] "GET /tag/tips-for-healthy-hair/ HTTP/2.0" 200 449843 "-" "Mozilla/5.0 (compatible; DotBot/1.2; +https://opensiteexplorer.org/dotbot; [email protected])"
107.152.46.202 - - [19/Oct/2025:12:48:28 -0400] "GET /saluteaza-l-lui-verde-casino-cod-promotional-hotspot-ul-tau-de-cazino-online-de-top/ HTTP/2.0" 200 449843 "https://blushin.com/" "Mozilla/5.0 (X11; Linux x86_64) AppleWebKit/537.36 (KHTML, like Gecko) Chrome/114.0.0.0 Safari/537.36"
216.244.66.235 - - [19/Oct/2025:12:48:33 -0400] "GET /tag/whats-the-best-way-to-get-over-a-break-up/feed/ HTTP/2.0" 200 449843 "-" "Mozilla/5.0 (compatible; DotBot/1.2; +https://opensiteexplorer.org/dotbot; [email protected])"
114.119.145.88 - - [19/Oct/2025:12:48:34 -0400] "GET /use-tea-tree-oil-to-get-rid-of-moles/?noamp=mobile& HTTP/2.0" 200 71894 "https://blushin.com/use-tea-tree-oil-to-get-rid-of-moles/?noamp=mobile&" "Mozilla/5.0 (Linux; Android 7.0;) AppleWebKit/537.36 (KHTML, like Gecko) Mobile Safari/537.36 (compatible; PetalBot;+https://webmaster.petalsearch.com/site/petalbot)"
177.131.31.175 - - [19/Oct/2025:12:48:36 -0400] "GET /?channel=8a860b&from=info.php%3Fid%3D62505-250&l=921656250500&name=reversal+3way+bag HTTP/2.0" 404 181138 "-" "Mozilla/5.0 (Windows NT 10.0; Win64; x64) AppleWebKit/537.36 (KHTML, like Gecko) Chrome/71.0.3578.98 Safari/537.36"
216.244.66.235 - - [19/Oct/2025:12:48:52 -0400] "GET /tag/white-on-toenails-after-removing-nail-polish/feed/ HTTP/2.0" 200 449843 "-" "Mozilla/5.0 (compatible; DotBot/1.2; +https://opensiteexplorer.org/dotbot; [email protected])"
216.73.216.143 - - [19/Oct/2025:12:48:58 -0400] "GET /tag/natural-remedies-for-dark-lips HTTP/2.0" 200 449843 "-" "Mozilla/5.0 AppleWebKit/537.36 (KHTML, like Gecko; compatible; ClaudeBot/1.0; [email protected])"
2a03:2880:f800:5:: - - [19/Oct/2025:12:49:02 -0400] "GET /tag/sujata-mango-mastani/ HTTP/2.0" 200 449843 "-" "meta-externalagent/1.1 (+https://developers.facebook.com/docs/sharing/webmasters/crawler)"
2a03:2880:f800:12:: - - [19/Oct/2025:12:49:02 -0400] "GET /how-to-make-yummy-yakhni-pulao-for-vegans-this-ramadan/ HTTP/2.0" 200 449843 "-" "meta-externalagent/1.1 (+https://developers.facebook.com/docs/sharing/webmasters/crawler)"
216.244.66.235 - - [19/Oct/2025:12:49:10 -0400] "GET /tag/amazing-hair-conditioners/feed/ HTTP/2.0" 200 449843 "-" "Mozilla/5.0 (compatible; DotBot/1.2; +https://opensiteexplorer.org/dotbot; [email protected])"
52.167.144.194 - - [19/Oct/2025:12:49:22 -0400] "GET /tag/how-to-use-aloe-vera-for-dandruff-treatment/ HTTP/2.0" 200 449843 "-" "Mozilla/5.0 AppleWebKit/537.36 (KHTML, like Gecko; compatible; bingbot/2.0; +http://www.bing.com/bingbot.htm) Chrome/116.0.1938.76 Safari/537.36"
216.244.66.235 - - [19/Oct/2025:12:49:26 -0400] "GET /tag/baking-with-powdered-milk/ HTTP/2.0" 200 449843 "-" "Mozilla/5.0 (compatible; DotBot/1.2; +https://opensiteexplorer.org/dotbot; [email protected])"
136.243.220.212 - - [19/Oct/2025:12:49:27 -0400] "GET /tag/bollywood-2017/ HTTP/2.0" 200 208258 "-" "Mozilla/5.0 (compatible; DataForSeoBot/1.0; +https://dataforseo.com/dataforseo-bot)"
167.71.222.132 - - [19/Oct/2025:12:49:32 -0400] "GET /wp-login.php HTTP/2.0" 200 6486 "-" "Mozilla/5.0"
167.71.222.132 - - [19/Oct/2025:12:49:32 -0400] "POST /wp-login.php HTTP/2.0" 200 6963 "-" "Mozilla/5.0"
167.71.222.132 - - [19/Oct/2025:12:49:33 -0400] "GET /wp-admin/ HTTP/2.0" 302 - "-" "Mozilla/5.0"
167.71.222.132 - - [19/Oct/2025:12:49:33 -0400] "GET /wp-login.php?redirect_to=https%3A%2F%2Fblushin.com%2Fwp-admin%2F&reauth=1 HTTP/2.0" 200 6486 "-" "Mozilla/5.0"
109.107.242.253 - - [19/Oct/2025:12:49:32 -0400] "GET /?channel=aa72ba&from=article.php%3Fid%3D164040-5578&l=5670316404005&name=%E8%BB%8A%E7%94%A8%E3%82%B5%E3%83%B3%E3%83%90%E3%82%A4%E3%82%B6%E3%83%BC+Sentra+2013+%EF%BD%9E+2019+%E7%94%A8%E3%80%81%E5%8F%B3%E5%8A%A9%E6%89%8B%E5%B8%AD%E5%81%B4%E3%82%B5%E3%83%B3%E3%83%90%E3%82%A4%E3%82%B6%E3%83%BC%E3%83%9C%E3%83%BC%E3%83%89+%E5%8C%96%E7%B2%A7%E3%83%9F%E3%83%A9%E3%83%BC%E4%BB%98%E3%81%8D%E3%80%81%E8%A6%96%E8%AA%8D%E6%80%A7%E5%90%91%E4%B8%8A%E3%80%8196400+3 HTTP/2.0" 404 181138 "-" "Mozilla/5.0 (Windows NT 10.0; Win64; x64) AppleWebKit/537.36 (KHTML, like Gecko) Chrome/84.0.4147.135 Safari/537.36"
2a03:2880:f800:3f:: - - [19/Oct/2025:12:49:37 -0400] "GET /tag/bollywood-celebrities-without-makeup-before-and-after/ HTTP/2.0" 200 449843 "-" "meta-externalagent/1.1 (+https://developers.facebook.com/docs/sharing/webmasters/crawler)"
216.244.66.235 - - [19/Oct/2025:12:49:42 -0400] "GET /tag/benefits-of-peppermint-oil-for-hair/feed/ HTTP/2.0" 200 449843 "-" "Mozilla/5.0 (compatible; DotBot/1.2; +https://opensiteexplorer.org/dotbot; [email protected])"
51.75.236.149 - - [19/Oct/2025:12:49:55 -0400] "GET /onlajn-v-kazino-942/ HTTP/2.0" 200 314154 "-" "Mozilla/5.0 (compatible; AhrefsBot/7.0; +http://ahrefs.com/robot/)"
216.244.66.235 - - [19/Oct/2025:12:49:57 -0400] "GET /tag/bridal-treatment-for-skin-at-home/feed/ HTTP/2.0" 200 449843 "-" "Mozilla/5.0 (compatible; DotBot/1.2; +https://opensiteexplorer.org/dotbot; [email protected])"
114.119.141.53 - - [19/Oct/2025:12:49:59 -0400] "GET /slottica-jak-usunac-konto-850/ HTTP/2.0" 200 75500 "https://blushin.com/slottica-jak-usunac-konto-850/" "Mozilla/5.0 (Linux; Android 7.0;) AppleWebKit/537.36 (KHTML, like Gecko) Mobile Safari/537.36 (compatible; PetalBot;+https://webmaster.petalsearch.com/site/petalbot)"
2a03:2880:f800:26:: - - [19/Oct/2025:12:50:11 -0400] "GET /7-things-you-didnt-know-about-the-newbie-actress-disha-patani/ HTTP/2.0" 200 449843 "-" "meta-externalagent/1.1 (+https://developers.facebook.com/docs/sharing/webmasters/crawler)"
2a03:2880:f800:40:: - - [19/Oct/2025:12:50:12 -0400] "GET /7-bollywood-celebrities-who-hold-a-degree-in-engineering/ HTTP/2.0" 200 449843 "-" "meta-externalagent/1.1 (+https://developers.facebook.com/docs/sharing/webmasters/crawler)"
216.244.66.235 - - [19/Oct/2025:12:50:12 -0400] "GET /tag/cabin-crew-diet-plan/feed/ HTTP/2.0" 200 449843 "-" "Mozilla/5.0 (compatible; DotBot/1.2; +https://opensiteexplorer.org/dotbot; [email protected])"
216.244.66.235 - - [19/Oct/2025:12:50:25 -0400] "GET /tag/can-i-put-lotion-on-my-breast/feed/ HTTP/2.0" 200 449843 "-" "Mozilla/5.0 (compatible; DotBot/1.2; +https://opensiteexplorer.org/dotbot; [email protected])"
216.244.66.235 - - [19/Oct/2025:12:50:36 -0400] "GET /tag/donts-of-kissing/ HTTP/2.0" 200 449843 "-" "Mozilla/5.0 (compatible; DotBot/1.2; +https://opensiteexplorer.org/dotbot; [email protected])"
47.128.111.118 - - [19/Oct/2025:12:50:45 -0400] "GET /youll-be-shocked-to-know-these-10-amazing-health-benefits-of-bindi/ HTTP/2.0" 200 83734 "-" "Mozilla/5.0 (Linux; Android 5.0) AppleWebKit/537.36 (KHTML, like Gecko) Mobile Safari/537.36 (compatible; TikTokSpider; [email protected])"
216.244.66.235 - - [19/Oct/2025:12:50:47 -0400] "GET /tag/granulated-sugar-lip-scrub/ HTTP/2.0" 200 449843 "-" "Mozilla/5.0 (compatible; DotBot/1.2; +https://opensiteexplorer.org/dotbot; [email protected])"
47.128.111.118 - - [19/Oct/2025:12:50:50 -0400] "GET /wp-content/uploads/2016/04/Benefits-of-Bindi1.jpg HTTP/2.0" 200 60691 "https://blushin.com/youll-be-shocked-to-know-these-10-amazing-health-benefits-of-bindi/" "Mozilla/5.0 (Linux; Android 5.0) AppleWebKit/537.36 (KHTML, like Gecko) Mobile Safari/537.36 (compatible; TikTokSpider; [email protected])"
47.128.111.118 - - [19/Oct/2025:12:50:52 -0400] "GET /wp-content/uploads/2016/04/woman-wearing-bindi-1-696x348.jpg HTTP/2.0" 200 38709 "https://blushin.com/youll-be-shocked-to-know-these-10-amazing-health-benefits-of-bindi/" "Mozilla/5.0 (Linux; Android 5.0) AppleWebKit/537.36 (KHTML, like Gecko) Mobile Safari/537.36 (compatible; TikTokSpider; [email protected])"
47.128.111.118 - - [19/Oct/2025:12:50:52 -0400] "GET /wp-content/uploads/2016/04/Benefits-of-Bindi2.jpg HTTP/2.0" 200 75083 "https://blushin.com/youll-be-shocked-to-know-these-10-amazing-health-benefits-of-bindi/" "Mozilla/5.0 (Linux; Android 5.0) AppleWebKit/537.36 (KHTML, like Gecko) Mobile Safari/537.36 (compatible; TikTokSpider; [email protected])"
2a03:2880:f800:10:: - - [19/Oct/2025:12:50:51 -0400] "GET /tag/emraan-hashmi-and-ayaan-hashmi/ HTTP/2.0" 200 449843 "-" "meta-externalagent/1.1 (+https://developers.facebook.com/docs/sharing/webmasters/crawler)"
47.128.111.118 - - [19/Oct/2025:12:50:53 -0400] "GET /wp-content/uploads/2020/12/Benefits-Of-Curd-For-Acidity-265x198.jpg HTTP/2.0" 304 - "https://blushin.com/youll-be-shocked-to-know-these-10-amazing-health-benefits-of-bindi/" "Mozilla/5.0 (Linux; Android 5.0) AppleWebKit/537.36 (KHTML, like Gecko) Mobile Safari/537.36 (compatible; TikTokSpider; [email protected])"
47.128.111.118 - - [19/Oct/2025:12:50:53 -0400] "GET /wp-content/uploads/2016/04/Benefits-of-Bindi3.jpg HTTP/2.0" 200 91422 "https://blushin.com/youll-be-shocked-to-know-these-10-amazing-health-benefits-of-bindi/" "Mozilla/5.0 (Linux; Android 5.0) AppleWebKit/537.36 (KHTML, like Gecko) Mobile Safari/537.36 (compatible; TikTokSpider; [email protected])"
47.128.111.118 - - [19/Oct/2025:12:50:54 -0400] "GET /wp-content/uploads/2020/12/Is-Papaya-Good-For-Diabetes-Everything-You-Need-To-Know-265x198.jpg HTTP/2.0" 304 - "https://blushin.com/youll-be-shocked-to-know-these-10-amazing-health-benefits-of-bindi/" "Mozilla/5.0 (Linux; Android 5.0) AppleWebKit/537.36 (KHTML, like Gecko) Mobile Safari/537.36 (compatible; TikTokSpider; [email protected])"
47.128.111.118 - - [19/Oct/2025:12:50:54 -0400] "GET /wp-content/uploads/2020/12/Jaggery-VS-Brown-Sugar-Which-Is-Healthier-Know-The-Difference-265x198.jpg HTTP/2.0" 304 - "https://blushin.com/youll-be-shocked-to-know-these-10-amazing-health-benefits-of-bindi/" "Mozilla/5.0 (Linux; Android 5.0) AppleWebKit/537.36 (KHTML, like Gecko) Mobile Safari/537.36 (compatible; TikTokSpider; [email protected])"
47.128.111.118 - - [19/Oct/2025:12:50:55 -0400] "GET /wp-content/uploads/2016/04/Benefits-of-Bindi5.jpg HTTP/2.0" 200 86476 "https://blushin.com/youll-be-shocked-to-know-these-10-amazing-health-benefits-of-bindi/" "Mozilla/5.0 (Linux; Android 5.0) AppleWebKit/537.36 (KHTML, like Gecko) Mobile Safari/537.36 (compatible; TikTokSpider; [email protected])"
47.128.111.118 - - [19/Oct/2025:12:50:55 -0400] "GET /wp-content/uploads/2016/04/Benefits-of-Bindi6.jpg HTTP/2.0" 200 63198 "https://blushin.com/youll-be-shocked-to-know-these-10-amazing-health-benefits-of-bindi/" "Mozilla/5.0 (Linux; Android 5.0) AppleWebKit/537.36 (KHTML, like Gecko) Mobile Safari/537.36 (compatible; TikTokSpider; [email protected])"
47.128.111.118 - - [19/Oct/2025:12:50:55 -0400] "GET /wp-content/uploads/2016/04/Benefits-of-Bindi4.jpg HTTP/2.0" 200 61602 "https://blushin.com/youll-be-shocked-to-know-these-10-amazing-health-benefits-of-bindi/" "Mozilla/5.0 (Linux; Android 5.0) AppleWebKit/537.36 (KHTML, like Gecko) Mobile Safari/537.36 (compatible; TikTokSpider; [email protected])"
216.244.66.235 - - [19/Oct/2025:12:50:57 -0400] "GET /tag/health-benefits-of-jamun/ HTTP/2.0" 200 449843 "-" "Mozilla/5.0 (compatible; DotBot/1.2; +https://opensiteexplorer.org/dotbot; [email protected])"
216.244.66.235 - - [19/Oct/2025:12:51:05 -0400] "GET /tag/how-to-prevent-dust-from-entering-home/ HTTP/2.0" 200 449843 "-" "Mozilla/5.0 (compatible; DotBot/1.2; +https://opensiteexplorer.org/dotbot; [email protected])"
216.244.66.235 - - [19/Oct/2025:12:51:13 -0400] "GET /tag/instant-back-pain-relief/feed/ HTTP/2.0" 200 449843 "-" "Mozilla/5.0 (compatible; DotBot/1.2; +https://opensiteexplorer.org/dotbot; [email protected])"
170.150.54.89 - - [19/Oct/2025:12:51:14 -0400] "GET /tag/sleeplessness/ HTTP/2.0" 200 208239 "-" "Mozilla/5.0 (Windows NT 10.0; WOW64) AppleWebKit/537.36 (KHTML, like Gecko) Chrome/91.0.4450.0 Safari/537.36"
216.244.66.235 - - [19/Oct/2025:12:51:20 -0400] "GET /tag/khajur-roll-recipe/feed/ HTTP/2.0" 200 449843 "-" "Mozilla/5.0 (compatible; DotBot/1.2; +https://opensiteexplorer.org/dotbot; [email protected])"
114.119.141.53 - - [19/Oct/2025:12:51:21 -0400] "GET /make-these-5-tasty-and-healthy-tea-to-keep-yourself-warm-this-winters/?amp HTTP/2.0" 200 74878 "https://blushin.com/make-these-5-tasty-and-healthy-tea-to-keep-yourself-warm-this-winters/?amp" "Mozilla/5.0 (Linux; Android 7.0;) AppleWebKit/537.36 (KHTML, like Gecko) Mobile Safari/537.36 (compatible; PetalBot;+https://webmaster.petalsearch.com/site/petalbot)"
5.39.1.226 - - [19/Oct/2025:12:51:24 -0400] "GET /tag/tricolour-eye-makeup/feed/ HTTP/2.0" 200 9683 "-" "Mozilla/5.0 (compatible; AhrefsBot/7.0; +http://ahrefs.com/robot/)"
89.248.172.183 - - [19/Oct/2025:12:51:26 -0400] "POST /wp-json/tdw/save_css HTTP/2.0" 401 98 "-" "Mozilla/5.0 (Windows NT 10.0) AppleWebKit/537.36 (KHTML, like Gecko) Chrome/104.0.0.0 Safari/537.36"
2a03:2880:f800:48:: - - [19/Oct/2025:12:51:31 -0400] "GET /tag/khoya-recipes-by-sanjeev-kapoor/ HTTP/2.0" 200 449843 "-" "meta-externalagent/1.1 (+https://developers.facebook.com/docs/sharing/webmasters/crawler)"
2a03:2880:f800:47:: - - [19/Oct/2025:12:51:32 -0400] "GET /how-to-make-spicy-mix-veg/ HTTP/2.0" 200 449843 "-" "meta-externalagent/1.1 (+https://developers.facebook.com/docs/sharing/webmasters/crawler)"
2a03:2880:f800:4:: - - [19/Oct/2025:12:51:32 -0400] "GET /menstrual-cycle-onset-in-teenagers/ HTTP/2.0" 200 449843 "-" "meta-externalagent/1.1 (+https://developers.facebook.com/docs/sharing/webmasters/crawler)"
216.244.66.235 - - [19/Oct/2025:12:51:32 -0400] "GET /tag/reduced-libido/ HTTP/2.0" 200 449843 "-" "Mozilla/5.0 (compatible; DotBot/1.2; +https://opensiteexplorer.org/dotbot; [email protected])"
216.244.66.235 - - [19/Oct/2025:12:51:48 -0400] "GET /tag/shilpa-sakhlani/ HTTP/2.0" 200 449843 "-" "Mozilla/5.0 (compatible; DotBot/1.2; +https://opensiteexplorer.org/dotbot; [email protected])"
91.84.117.102 - - [19/Oct/2025:12:51:55 -0400] "GET /%D1%81%D0%B0%D0%B9%D1%82-%D0%BC%D0%B0%D0%B3%D0%B0%D0%B7%D0%B8%D0%BD-%D0%BA%D1%80%D0%B0%D0%BA%D0%B5%D0%BD-%D0%B0%D0%BA%D1%82%D1%83%D0%B0%D0%BB%D1%8C%D0%BD%D1%8B%D0%B9/ HTTP/2.0" 200 303500 "https://blushin.com/%D1%81%D0%B0%D0%B9%D1%82-%D0%BC%D0%B0%D0%B3%D0%B0%D0%B7%D0%B8%D0%BD-%D0%BA%D1%80%D0%B0%D0%BA%D0%B5%D0%BD-%D0%B0%D0%BA%D1%82%D1%83%D0%B0%D0%BB%D1%8C%D0%BD%D1%8B%D0%B9/" "Mozilla/5.0 (Windows NT 10.0; Win64; x64) AppleWebKit/537.36 (KHTML, like Gecko) Chrome/130.0.0.0 Safari/537.36"
66.249.74.101 - - [19/Oct/2025:12:52:01 -0400] "GET /feeds HTTP/2.0" 200 449843 "-" "Mozilla/5.0 (compatible; Googlebot/2.1; +http://www.google.com/bot.html)"
216.244.66.235 - - [19/Oct/2025:12:52:03 -0400] "GET /tag/weight-lose-foods/ HTTP/2.0" 200 449843 "-" "Mozilla/5.0 (compatible; DotBot/1.2; +https://opensiteexplorer.org/dotbot; [email protected])"
91.84.117.102 - - [19/Oct/2025:12:52:10 -0400] "GET /%D1%81%D0%B0%D0%B9%D1%82-%D0%BC%D0%B0%D0%B3%D0%B0%D0%B7%D0%B8%D0%BD-%D0%BA%D1%80%D0%B0%D0%BA%D0%B5%D0%BD-%D0%B0%D0%BA%D1%82%D1%83%D0%B0%D0%BB%D1%8C%D0%BD%D1%8B%D0%B9/ HTTP/2.0" 200 303500 "https://blushin.com/%D1%81%D0%B0%D0%B9%D1%82-%D0%BC%D0%B0%D0%B3%D0%B0%D0%B7%D0%B8%D0%BD-%D0%BA%D1%80%D0%B0%D0%BA%D0%B5%D0%BD-%D0%B0%D0%BA%D1%82%D1%83%D0%B0%D0%BB%D1%8C%D0%BD%D1%8B%D0%B9/" "Mozilla/5.0 (Windows NT 10.0; Win64; x64) AppleWebKit/537.36 (KHTML, like Gecko) Chrome/131.0.0.0 Safari/537.36 Avast/131.0.0.0"
2a03:2880:f800:2d:: - - [19/Oct/2025:12:52:10 -0400] "GET /5-bollywood-movies-celebrate-mother-daughter-relationships/ HTTP/2.0" 200 449843 "-" "meta-externalagent/1.1 (+https://developers.facebook.com/docs/sharing/webmasters/crawler)"
2a03:2880:f800:3b:: - - [19/Oct/2025:12:52:10 -0400] "GET /how-to-make-rava-uttapam/ HTTP/2.0" 200 449843 "-" "meta-externalagent/1.1 (+https://developers.facebook.com/docs/sharing/webmasters/crawler)"
2a03:2880:f800:30:: - - [19/Oct/2025:12:52:11 -0400] "GET /5-minute-makeup-routine-working-girls/ HTTP/2.0" 200 449843 "-" "meta-externalagent/1.1 (+https://developers.facebook.com/docs/sharing/webmasters/crawler)"
216.244.66.235 - - [19/Oct/2025:12:52:18 -0400] "GET /tag/weird-cravings-women-have-during-pregnancy/feed/ HTTP/2.0" 200 449843 "-" "Mozilla/5.0 (compatible; DotBot/1.2; +https://opensiteexplorer.org/dotbot; [email protected])"
216.244.66.235 - - [19/Oct/2025:12:52:31 -0400] "GET /tag/what-to-do-with-expired-body-lotion/ HTTP/2.0" 200 449843 "-" "Mozilla/5.0 (compatible; DotBot/1.2; +https://opensiteexplorer.org/dotbot; [email protected])"
164.163.18.20 - - [19/Oct/2025:12:52:35 -0400] "GET /tag/188bet-hiphop/ HTTP/2.0" 200 228749 "-" "Mozilla/5.0 (Windows NT 6.3; WOW64) AppleWebKit/537.36 (KHTML, like Gecko) Chrome/88.0.4324.190 Safari/537.36"
216.244.66.235 - - [19/Oct/2025:12:52:43 -0400] "GET /amber-eyes.html HTTP/2.0" 200 449843 "-" "Mozilla/5.0 (compatible; DotBot/1.2; +https://opensiteexplorer.org/dotbot; [email protected])"
114.119.141.53 - - [19/Oct/2025:12:52:44 -0400] "GET /lemon-pepper-fish-fry-recipe/ HTTP/2.0" 200 70303 "https://blushin.com/relationship-advice-6-ways-you-can-help-each-other-sleep-better/?noamp=mobile&" "Mozilla/5.0 (Linux; Android 7.0;) AppleWebKit/537.36 (KHTML, like Gecko) Mobile Safari/537.36 (compatible; PetalBot;+https://webmaster.petalsearch.com/site/petalbot)"
2a03:2880:f800:24:: - - [19/Oct/2025:12:52:44 -0400] "GET /tag/genelia-dsouza-riteish-deshmukh/ HTTP/2.0" 200 449843 "-" "meta-externalagent/1.1 (+https://developers.facebook.com/docs/sharing/webmasters/crawler)"
2a03:2880:f800:29:: - - [19/Oct/2025:12:52:44 -0400] "GET /tag/simple-henna-tattoo-designs-for-feet/ HTTP/2.0" 200 449843 "-" "meta-externalagent/1.1 (+https://developers.facebook.com/docs/sharing/webmasters/crawler)"
216.244.66.235 - - [19/Oct/2025:12:52:54 -0400] "GET /health-tips-9-best-foods-to-eat-in-winter-to-stay-healthy/ HTTP/2.0" 200 449843 "-" "Mozilla/5.0 (compatible; DotBot/1.2; +https://opensiteexplorer.org/dotbot; [email protected])"
176.31.139.9 - - [19/Oct/2025:12:53:03 -0400] "GET /tag/wedding-tips-for-brides/feed/ HTTP/2.0" 200 11886 "-" "Mozilla/5.0 (compatible; AhrefsBot/7.0; +http://ahrefs.com/robot/)"
216.244.66.235 - - [19/Oct/2025:12:53:04 -0400] "GET /tag/aloe-vera-gel-india/ HTTP/2.0" 200 449843 "-" "Mozilla/5.0 (compatible; DotBot/1.2; +https://opensiteexplorer.org/dotbot; [email protected])"
216.244.66.235 - - [19/Oct/2025:12:53:13 -0400] "GET /tag/avoid-taking-hot-water-showers/ HTTP/2.0" 200 449843 "-" "Mozilla/5.0 (compatible; DotBot/1.2; +https://opensiteexplorer.org/dotbot; [email protected])"
45.70.84.236 - - [19/Oct/2025:12:53:21 -0400] "GET /category/nv-kasyno-20e-no-deposit-bonus-18/ HTTP/2.0" 200 217257 "-" "Mozilla/5.0 (Windows NT 10.0; WOW64) AppleWebKit/537.36 (KHTML, like Gecko) Chrome/93.0.4577.63 Safari/537.36"
216.244.66.235 - - [19/Oct/2025:12:53:23 -0400] "GET /tag/avoid-using-chemicals/ HTTP/2.0" 200 449843 "-" "Mozilla/5.0 (compatible; DotBot/1.2; +https://opensiteexplorer.org/dotbot; [email protected])"
2a03:2880:f800:8:: - - [19/Oct/2025:12:53:23 -0400] "GET /tag/tom-cruise/ HTTP/2.0" 200 449843 "-" "meta-externalagent/1.1 (+https://developers.facebook.com/docs/sharing/webmasters/crawler)"
216.244.66.235 - - [19/Oct/2025:12:53:34 -0400] "GET /tag/avon-nutraeffects-hydration-toner/ HTTP/2.0" 200 449843 "-" "Mozilla/5.0 (compatible; DotBot/1.2; +https://opensiteexplorer.org/dotbot; [email protected])"
216.244.66.235 - - [19/Oct/2025:12:53:46 -0400] "GET /tag/bajirao-matani-love/ HTTP/2.0" 200 449843 "-" "Mozilla/5.0 (compatible; DotBot/1.2; +https://opensiteexplorer.org/dotbot; [email protected])"
216.244.66.235 - - [19/Oct/2025:12:53:58 -0400] "GET /tag/body-care-tips-for-brides/feed/ HTTP/2.0" 200 449843 "-" "Mozilla/5.0 (compatible; DotBot/1.2; +https://opensiteexplorer.org/dotbot; [email protected])"
2a03:2880:f800:2d:: - - [19/Oct/2025:12:53:59 -0400] "GET /tag/wedding-dress-for-fat-bride/ HTTP/2.0" 200 449843 "-" "meta-externalagent/1.1 (+https://developers.facebook.com/docs/sharing/webmasters/crawler)"
2a03:2880:f800:3f:: - - [19/Oct/2025:12:53:59 -0400] "GET /tag/madhuri-dixit-evergreen-beauty/ HTTP/2.0" 200 449843 "-" "meta-externalagent/1.1 (+https://developers.facebook.com/docs/sharing/webmasters/crawler)"
66.249.74.102 - - [19/Oct/2025:12:54:07 -0400] "GET /sitemap.xml HTTP/2.0" 200 449843 "-" "Mozilla/5.0 (compatible; Googlebot/2.1; +http://www.google.com/bot.html)"
216.244.66.235 - - [19/Oct/2025:12:54:08 -0400] "GET /tag/castor-oil-fertility-success-stories/ HTTP/2.0" 200 449843 "-" "Mozilla/5.0 (compatible; DotBot/1.2; +https://opensiteexplorer.org/dotbot; [email protected])"
114.119.158.193 - - [19/Oct/2025:12:54:09 -0400] "GET /internet-gemblingplatforma-sovremennogo-tipa-ndash-registratsija-dlja-igry-na-realnye-dengi/ HTTP/2.0" 200 113629 "https://blushin.com/topovoe-gemblingplatforma-s-portativnym-dostupom-i-privlekatelnymi-bonusami/" "Mozilla/5.0 (Linux; Android 7.0;) AppleWebKit/537.36 (KHTML, like Gecko) Mobile Safari/537.36 (compatible; PetalBot;+https://webmaster.petalsearch.com/site/petalbot)"
202.76.160.138 - - [19/Oct/2025:12:54:11 -0400] "GET /unlocking-the-secrets-of-winning-streaks-in-modern-games-09-2025/ HTTP/2.0" 200 314377 "-" "Mozilla/5.0 (Windows; U; Windows NT 6.1; pt-BR; rv:1.9.2.8) Gecko/20100722 Firefox/3.6.8 GTB7.1"
107.189.7.63 - - [19/Oct/2025:12:54:14 -0400] "GET /wp-login.php HTTP/2.0" 200 6486 "-" "Mozilla/5.0 (compatible; MSIE 10.0; Windows NT 6.1; WOW64; Trident/6.0)"
216.244.66.235 - - [19/Oct/2025:12:54:17 -0400] "GET /tag/co-stars-who-are-friends-in-real-life/ HTTP/2.0" 200 449843 "-" "Mozilla/5.0 (compatible; DotBot/1.2; +https://opensiteexplorer.org/dotbot; [email protected])"
216.244.66.235 - - [19/Oct/2025:12:54:25 -0400] "GET /tag/diwali-desserts/feed/ HTTP/2.0" 200 449843 "-" "Mozilla/5.0 (compatible; DotBot/1.2; +https://opensiteexplorer.org/dotbot; [email protected])"
216.244.66.235 - - [19/Oct/2025:12:54:33 -0400] "GET /tag/face-mask-for-bride/feed/ HTTP/2.0" 200 449843 "-" "Mozilla/5.0 (compatible; DotBot/1.2; +https://opensiteexplorer.org/dotbot; [email protected])"
2a03:2880:f800:33:: - - [19/Oct/2025:12:54:38 -0400] "GET /drinks-to-reduce-belly-fat/ HTTP/2.0" 200 449843 "-" "meta-externalagent/1.1 (+https://developers.facebook.com/docs/sharing/webmasters/crawler)"
54.37.118.87 - - [19/Oct/2025:12:54:42 -0400] "GET /tag/how-to-wash-face-with-sponge/feed/ HTTP/2.0" 200 12888 "-" "Mozilla/5.0 (compatible; AhrefsBot/7.0; +http://ahrefs.com/robot/)"
216.244.66.235 - - [19/Oct/2025:12:54:42 -0400] "GET /tag/first-time-gym-workout/ HTTP/2.0" 200 449843 "-" "Mozilla/5.0 (compatible; DotBot/1.2; +https://opensiteexplorer.org/dotbot; [email protected])"
216.244.66.235 - - [19/Oct/2025:12:54:52 -0400] "GET /tag/food-separation-diet/ HTTP/2.0" 200 449843 "-" "Mozilla/5.0 (compatible; DotBot/1.2; +https://opensiteexplorer.org/dotbot; [email protected])"
216.244.66.235 - - [19/Oct/2025:12:55:01 -0400] "GET /tag/get-rid-of-wrinkles/ HTTP/2.0" 200 449843 "-" "Mozilla/5.0 (compatible; DotBot/1.2; +https://opensiteexplorer.org/dotbot; [email protected])"
216.244.66.235 - - [19/Oct/2025:12:55:09 -0400] "GET /tag/glycerin-for-oily-skin/ HTTP/2.0" 200 449843 "-" "Mozilla/5.0 (compatible; DotBot/1.2; +https://opensiteexplorer.org/dotbot; [email protected])"
2a03:2880:f800:46:: - - [19/Oct/2025:12:55:16 -0400] "GET /tag/emoji-meanings-of-the-symbols/ HTTP/2.0" 200 449843 "-" "meta-externalagent/1.1 (+https://developers.facebook.com/docs/sharing/webmasters/crawler)"
2a03:2880:f800:47:: - - [19/Oct/2025:12:55:16 -0400] "GET /tag/residence-jawaharlal-nehru-in-delhi/ HTTP/2.0" 200 449843 "-" "meta-externalagent/1.1 (+https://developers.facebook.com/docs/sharing/webmasters/crawler)"
216.244.66.235 - - [19/Oct/2025:12:55:16 -0400] "GET /tag/hair-coloring-mistakes/ HTTP/2.0" 200 449843 "-" "Mozilla/5.0 (compatible; DotBot/1.2; +https://opensiteexplorer.org/dotbot; [email protected])"
216.244.66.235 - - [19/Oct/2025:12:55:24 -0400] "GET /tag/hairstyling-at-your-home/ HTTP/2.0" 200 449843 "-" "Mozilla/5.0 (compatible; DotBot/1.2; +https://opensiteexplorer.org/dotbot; [email protected])"
114.119.131.42 - - [19/Oct/2025:12:55:32 -0400] "GET /how-to-celebrate-janmashtami/ HTTP/2.0" 200 71397 "https://blushin.com/unknown-facts-about-india/10/" "Mozilla/5.0 (Linux; Android 7.0;) AppleWebKit/537.36 (KHTML, like Gecko) Mobile Safari/537.36 (compatible; PetalBot;+https://webmaster.petalsearch.com/site/petalbot)"
216.244.66.235 - - [19/Oct/2025:12:55:34 -0400] "GET /tag/hollywood-box-office-2016/ HTTP/2.0" 200 449843 "-" "Mozilla/5.0 (compatible; DotBot/1.2; +https://opensiteexplorer.org/dotbot; [email protected])"
186.193.242.187 - - [19/Oct/2025:12:55:38 -0400] "GET /tag/energycasino-no-deposit-bonus/ HTTP/2.0" 200 229187 "-" "Opera/8.36.(Windows NT 5.0; iu-CA) Presto/2.9.166 Version/10.00"
216.244.66.235 - - [19/Oct/2025:12:55:43 -0400] "GET /tag/how-to-bring-your-weave-back-to-life/ HTTP/2.0" 200 449843 "-" "Mozilla/5.0 (compatible; DotBot/1.2; +https://opensiteexplorer.org/dotbot; [email protected])"
196.251.73.73 - - [19/Oct/2025:12:55:48 -0400] "GET //wp-includes/ID3/license.txt HTTP/2.0" 200 1396 "-" "Mozilla/5.0 (Windows NT 10.0; Win64; x64) AppleWebKit/537.36 (KHTML, like Gecko) Chrome/95.0.4638.69 Safari/537.36"
196.251.73.73 - - [19/Oct/2025:12:55:48 -0400] "GET //feed/ HTTP/2.0" 301 - "-" "Mozilla/5.0 (Windows NT 10.0; Win64; x64) AppleWebKit/537.36 (KHTML, like Gecko) Chrome/95.0.4638.69 Safari/537.36"
2a03:2880:f800:1f:: - - [19/Oct/2025:12:55:48 -0400] "GET /single-mothers/ HTTP/2.0" 200 449843 "-" "meta-externalagent/1.1 (+https://developers.facebook.com/docs/sharing/webmasters/crawler)"
196.251.73.73 - - [19/Oct/2025:12:55:49 -0400] "GET //xmlrpc.php?rsd HTTP/2.0" 200 780 "-" "Mozilla/5.0 (Windows NT 10.0; Win64; x64) AppleWebKit/537.36 (KHTML, like Gecko) Chrome/95.0.4638.69 Safari/537.36"
196.251.73.73 - - [19/Oct/2025:12:55:50 -0400] "GET //?author=1 HTTP/2.0" 301 - "-" "Mozilla/5.0 (Windows NT 10.0; Win64; x64) AppleWebKit/537.36 (KHTML, like Gecko) Chrome/95.0.4638.69 Safari/537.36"
196.251.73.73 - - [19/Oct/2025:12:55:51 -0400] "GET //?author=2 HTTP/2.0" 301 - "-" "Mozilla/5.0 (Windows NT 10.0; Win64; x64) AppleWebKit/537.36 (KHTML, like Gecko) Chrome/95.0.4638.69 Safari/537.36"
216.244.66.235 - - [19/Oct/2025:12:55:50 -0400] "GET /tag/how-to-do-bridal-makeup-step-by-step/feed/ HTTP/2.0" 200 449843 "-" "Mozilla/5.0 (compatible; DotBot/1.2; +https://opensiteexplorer.org/dotbot; [email protected])"
196.251.73.73 - - [19/Oct/2025:12:55:52 -0400] "GET //?author=3 HTTP/2.0" 301 - "-" "Mozilla/5.0 (Windows NT 10.0; Win64; x64) AppleWebKit/537.36 (KHTML, like Gecko) Chrome/95.0.4638.69 Safari/537.36"
196.251.73.73 - - [19/Oct/2025:12:55:53 -0400] "GET //wp-json/wp/v2/users/ HTTP/2.0" 200 7647 "-" "Mozilla/5.0 (Windows NT 10.0; Win64; x64) AppleWebKit/537.36 (KHTML, like Gecko) Chrome/95.0.4638.69 Safari/537.36"
196.251.73.73 - - [19/Oct/2025:12:55:55 -0400] "POST //xmlrpc.php HTTP/2.0" 200 401 "-" "Mozilla/5.0 (Windows NT 10.0; Win64; x64) AppleWebKit/537.36 (KHTML, like Gecko) Chrome/95.0.4638.69 Safari/537.36"
196.251.73.73 - - [19/Oct/2025:12:55:55 -0400] "POST //xmlrpc.php HTTP/2.0" 200 401 "-" "Mozilla/5.0 (Windows NT 10.0; Win64; x64) AppleWebKit/537.36 (KHTML, like Gecko) Chrome/95.0.4638.69 Safari/537.36"
196.251.73.73 - - [19/Oct/2025:12:55:56 -0400] "POST //xmlrpc.php HTTP/2.0" 200 401 "-" "Mozilla/5.0 (Windows NT 10.0; Win64; x64) AppleWebKit/537.36 (KHTML, like Gecko) Chrome/95.0.4638.69 Safari/537.36"
196.251.73.73 - - [19/Oct/2025:12:55:56 -0400] "POST //xmlrpc.php HTTP/2.0" 200 401 "-" "Mozilla/5.0 (Windows NT 10.0; Win64; x64) AppleWebKit/537.36 (KHTML, like Gecko) Chrome/95.0.4638.69 Safari/537.36"
196.251.73.73 - - [19/Oct/2025:12:55:57 -0400] "POST //xmlrpc.php HTTP/2.0" 200 401 "-" "Mozilla/5.0 (Windows NT 10.0; Win64; x64) AppleWebKit/537.36 (KHTML, like Gecko) Chrome/95.0.4638.69 Safari/537.36"
196.251.73.73 - - [19/Oct/2025:12:55:57 -0400] "POST //xmlrpc.php HTTP/2.0" 200 401 "-" "Mozilla/5.0 (Windows NT 10.0; Win64; x64) AppleWebKit/537.36 (KHTML, like Gecko) Chrome/95.0.4638.69 Safari/537.36"
196.251.73.73 - - [19/Oct/2025:12:55:58 -0400] "POST //xmlrpc.php HTTP/2.0" 200 401 "-" "Mozilla/5.0 (Windows NT 10.0; Win64; x64) AppleWebKit/537.36 (KHTML, like Gecko) Chrome/95.0.4638.69 Safari/537.36"
196.251.73.73 - - [19/Oct/2025:12:55:58 -0400] "POST //xmlrpc.php HTTP/2.0" 200 401 "-" "Mozilla/5.0 (Windows NT 10.0; Win64; x64) AppleWebKit/537.36 (KHTML, like Gecko) Chrome/95.0.4638.69 Safari/537.36"
196.251.73.73 - - [19/Oct/2025:12:55:58 -0400] "POST //xmlrpc.php HTTP/2.0" 200 401 "-" "Mozilla/5.0 (Windows NT 10.0; Win64; x64) AppleWebKit/537.36 (KHTML, like Gecko) Chrome/95.0.4638.69 Safari/537.36"
185.217.189.143 - - [19/Oct/2025:12:55:58 -0400] "GET /777slot-free-100-331/ HTTP/2.0" 200 311688 "-" "Mozilla/5.0 (Windows NT 6.1; Win64; x64) AppleWebKit/537.36 (KHTML, like Gecko) Chrome/89.0.4371.0 Safari/537.36"
196.251.73.73 - - [19/Oct/2025:12:55:59 -0400] "POST //xmlrpc.php HTTP/2.0" 200 401 "-" "Mozilla/5.0 (Windows NT 10.0; Win64; x64) AppleWebKit/537.36 (KHTML, like Gecko) Chrome/95.0.4638.69 Safari/537.36"
196.251.73.73 - - [19/Oct/2025:12:56:00 -0400] "POST //xmlrpc.php HTTP/2.0" 200 401 "-" "Mozilla/5.0 (Windows NT 10.0; Win64; x64) AppleWebKit/537.36 (KHTML, like Gecko) Chrome/95.0.4638.69 Safari/537.36"
196.251.73.73 - - [19/Oct/2025:12:56:00 -0400] "POST //xmlrpc.php HTTP/2.0" 200 401 "-" "Mozilla/5.0 (Windows NT 10.0; Win64; x64) AppleWebKit/537.36 (KHTML, like Gecko) Chrome/95.0.4638.69 Safari/537.36"
196.251.73.73 - - [19/Oct/2025:12:56:01 -0400] "POST //xmlrpc.php HTTP/2.0" 200 401 "-" "Mozilla/5.0 (Windows NT 10.0; Win64; x64) AppleWebKit/537.36 (KHTML, like Gecko) Chrome/95.0.4638.69 Safari/537.36"
196.251.73.73 - - [19/Oct/2025:12:56:01 -0400] "POST //xmlrpc.php HTTP/2.0" 200 401 "-" "Mozilla/5.0 (Windows NT 10.0; Win64; x64) AppleWebKit/537.36 (KHTML, like Gecko) Chrome/95.0.4638.69 Safari/537.36"
196.251.73.73 - - [19/Oct/2025:12:56:01 -0400] "POST //xmlrpc.php HTTP/2.0" 200 401 "-" "Mozilla/5.0 (Windows NT 10.0; Win64; x64) AppleWebKit/537.36 (KHTML, like Gecko) Chrome/95.0.4638.69 Safari/537.36"
196.251.73.73 - - [19/Oct/2025:12:56:02 -0400] "POST //xmlrpc.php HTTP/2.0" 200 401 "-" "Mozilla/5.0 (Windows NT 10.0; Win64; x64) AppleWebKit/537.36 (KHTML, like Gecko) Chrome/95.0.4638.69 Safari/537.36"
5.39.1.230 - - [19/Oct/2025:12:56:02 -0400] "GET /tag/yogurt-and-lemon-mask/feed/ HTTP/2.0" 200 8715 "-" "Mozilla/5.0 (compatible; AhrefsBot/7.0; +http://ahrefs.com/robot/)"
196.251.73.73 - - [19/Oct/2025:12:56:03 -0400] "POST //xmlrpc.php HTTP/2.0" 200 401 "-" "Mozilla/5.0 (Windows NT 10.0; Win64; x64) AppleWebKit/537.36 (KHTML, like Gecko) Chrome/95.0.4638.69 Safari/537.36"
196.251.73.73 - - [19/Oct/2025:12:56:03 -0400] "POST //xmlrpc.php HTTP/2.0" 200 401 "-" "Mozilla/5.0 (Windows NT 10.0; Win64; x64) AppleWebKit/537.36 (KHTML, like Gecko) Chrome/95.0.4638.69 Safari/537.36"
196.251.73.73 - - [19/Oct/2025:12:56:04 -0400] "POST //xmlrpc.php HTTP/2.0" 200 401 "-" "Mozilla/5.0 (Windows NT 10.0; Win64; x64) AppleWebKit/537.36 (KHTML, like Gecko) Chrome/95.0.4638.69 Safari/537.36"
216.244.66.235 - - [19/Oct/2025:12:56:03 -0400] "GET /tag/how-to-get-beautiful-long-hair/feed/ HTTP/2.0" 200 449843 "-" "Mozilla/5.0 (compatible; DotBot/1.2; +https://opensiteexplorer.org/dotbot; [email protected])"
196.251.73.73 - - [19/Oct/2025:12:56:04 -0400] "POST //xmlrpc.php HTTP/2.0" 200 401 "-" "Mozilla/5.0 (Windows NT 10.0; Win64; x64) AppleWebKit/537.36 (KHTML, like Gecko) Chrome/95.0.4638.69 Safari/537.36"
196.251.73.73 - - [19/Oct/2025:12:56:05 -0400] "POST //xmlrpc.php HTTP/2.0" 200 401 "-" "Mozilla/5.0 (Windows NT 10.0; Win64; x64) AppleWebKit/537.36 (KHTML, like Gecko) Chrome/95.0.4638.69 Safari/537.36"
196.251.73.73 - - [19/Oct/2025:12:56:05 -0400] "POST //xmlrpc.php HTTP/2.0" 200 401 "-" "Mozilla/5.0 (Windows NT 10.0; Win64; x64) AppleWebKit/537.36 (KHTML, like Gecko) Chrome/95.0.4638.69 Safari/537.36"
196.251.73.73 - - [19/Oct/2025:12:56:06 -0400] "POST //xmlrpc.php HTTP/2.0" 200 403 "-" "Mozilla/5.0 (Windows NT 10.0; Win64; x64) AppleWebKit/537.36 (KHTML, like Gecko) Chrome/95.0.4638.69 Safari/537.36"
196.251.73.73 - - [19/Oct/2025:12:56:06 -0400] "POST //xmlrpc.php HTTP/2.0" 200 401 "-" "Mozilla/5.0 (Windows NT 10.0; Win64; x64) AppleWebKit/537.36 (KHTML, like Gecko) Chrome/95.0.4638.69 Safari/537.36"
196.251.73.73 - - [19/Oct/2025:12:56:06 -0400] "POST //xmlrpc.php HTTP/2.0" 200 401 "-" "Mozilla/5.0 (Windows NT 10.0; Win64; x64) AppleWebKit/537.36 (KHTML, like Gecko) Chrome/95.0.4638.69 Safari/537.36"
196.251.73.73 - - [19/Oct/2025:12:56:07 -0400] "POST //xmlrpc.php HTTP/2.0" 200 401 "-" "Mozilla/5.0 (Windows NT 10.0; Win64; x64) AppleWebKit/537.36 (KHTML, like Gecko) Chrome/95.0.4638.69 Safari/537.36"
196.251.73.73 - - [19/Oct/2025:12:56:08 -0400] "POST //xmlrpc.php HTTP/2.0" 200 401 "-" "Mozilla/5.0 (Windows NT 10.0; Win64; x64) AppleWebKit/537.36 (KHTML, like Gecko) Chrome/95.0.4638.69 Safari/537.36"
196.251.73.73 - - [19/Oct/2025:12:56:08 -0400] "POST //xmlrpc.php HTTP/2.0" 200 401 "-" "Mozilla/5.0 (Windows NT 10.0; Win64; x64) AppleWebKit/537.36 (KHTML, like Gecko) Chrome/95.0.4638.69 Safari/537.36"
196.251.73.73 - - [19/Oct/2025:12:56:09 -0400] "POST //xmlrpc.php HTTP/2.0" 200 401 "-" "Mozilla/5.0 (Windows NT 10.0; Win64; x64) AppleWebKit/537.36 (KHTML, like Gecko) Chrome/95.0.4638.69 Safari/537.36"
196.251.73.73 - - [19/Oct/2025:12:56:09 -0400] "POST //xmlrpc.php HTTP/2.0" 200 401 "-" "Mozilla/5.0 (Windows NT 10.0; Win64; x64) AppleWebKit/537.36 (KHTML, like Gecko) Chrome/95.0.4638.69 Safari/537.36"
196.251.73.73 - - [19/Oct/2025:12:56:10 -0400] "POST //xmlrpc.php HTTP/2.0" 200 401 "-" "Mozilla/5.0 (Windows NT 10.0; Win64; x64) AppleWebKit/537.36 (KHTML, like Gecko) Chrome/95.0.4638.69 Safari/537.36"
196.251.73.73 - - [19/Oct/2025:12:56:10 -0400] "POST //xmlrpc.php HTTP/2.0" 200 401 "-" "Mozilla/5.0 (Windows NT 10.0; Win64; x64) AppleWebKit/537.36 (KHTML, like Gecko) Chrome/95.0.4638.69 Safari/537.36"
196.251.73.73 - - [19/Oct/2025:12:56:11 -0400] "POST //xmlrpc.php HTTP/2.0" 200 403 "-" "Mozilla/5.0 (Windows NT 10.0; Win64; x64) AppleWebKit/537.36 (KHTML, like Gecko) Chrome/95.0.4638.69 Safari/537.36"
196.251.73.73 - - [19/Oct/2025:12:56:11 -0400] "POST //xmlrpc.php HTTP/2.0" 200 401 "-" "Mozilla/5.0 (Windows NT 10.0; Win64; x64) AppleWebKit/537.36 (KHTML, like Gecko) Chrome/95.0.4638.69 Safari/537.36"
196.251.73.73 - - [19/Oct/2025:12:56:12 -0400] "POST //xmlrpc.php HTTP/2.0" 200 401 "-" "Mozilla/5.0 (Windows NT 10.0; Win64; x64) AppleWebKit/537.36 (KHTML, like Gecko) Chrome/95.0.4638.69 Safari/537.36"
196.251.73.73 - - [19/Oct/2025:12:56:12 -0400] "POST //xmlrpc.php HTTP/2.0" 200 401 "-" "Mozilla/5.0 (Windows NT 10.0; Win64; x64) AppleWebKit/537.36 (KHTML, like Gecko) Chrome/95.0.4638.69 Safari/537.36"
196.251.73.73 - - [19/Oct/2025:12:56:13 -0400] "POST //xmlrpc.php HTTP/2.0" 200 403 "-" "Mozilla/5.0 (Windows NT 10.0; Win64; x64) AppleWebKit/537.36 (KHTML, like Gecko) Chrome/95.0.4638.69 Safari/537.36"
196.251.73.73 - - [19/Oct/2025:12:56:14 -0400] "POST //xmlrpc.php HTTP/2.0" 200 403 "-" "Mozilla/5.0 (Windows NT 10.0; Win64; x64) AppleWebKit/537.36 (KHTML, like Gecko) Chrome/95.0.4638.69 Safari/537.36"
196.251.73.73 - - [19/Oct/2025:12:56:14 -0400] "POST //xmlrpc.php HTTP/2.0" 200 401 "-" "Mozilla/5.0 (Windows NT 10.0; Win64; x64) AppleWebKit/537.36 (KHTML, like Gecko) Chrome/95.0.4638.69 Safari/537.36"
196.251.73.73 - - [19/Oct/2025:12:56:14 -0400] "POST //xmlrpc.php HTTP/2.0" 200 401 "-" "Mozilla/5.0 (Windows NT 10.0; Win64; x64) AppleWebKit/537.36 (KHTML, like Gecko) Chrome/95.0.4638.69 Safari/537.36"
196.251.73.73 - - [19/Oct/2025:12:56:15 -0400] "POST //xmlrpc.php HTTP/2.0" 200 401 "-" "Mozilla/5.0 (Windows NT 10.0; Win64; x64) AppleWebKit/537.36 (KHTML, like Gecko) Chrome/95.0.4638.69 Safari/537.36"
196.251.73.73 - - [19/Oct/2025:12:56:16 -0400] "POST //xmlrpc.php HTTP/2.0" 200 401 "-" "Mozilla/5.0 (Windows NT 10.0; Win64; x64) AppleWebKit/537.36 (KHTML, like Gecko) Chrome/95.0.4638.69 Safari/537.36"
196.251.73.73 - - [19/Oct/2025:12:56:16 -0400] "POST //xmlrpc.php HTTP/2.0" 200 401 "-" "Mozilla/5.0 (Windows NT 10.0; Win64; x64) AppleWebKit/537.36 (KHTML, like Gecko) Chrome/95.0.4638.69 Safari/537.36"
196.251.73.73 - - [19/Oct/2025:12:56:16 -0400] "POST //xmlrpc.php HTTP/2.0" 200 401 "-" "Mozilla/5.0 (Windows NT 10.0; Win64; x64) AppleWebKit/537.36 (KHTML, like Gecko) Chrome/95.0.4638.69 Safari/537.36"
196.251.73.73 - - [19/Oct/2025:12:56:17 -0400] "POST //xmlrpc.php HTTP/2.0" 200 401 "-" "Mozilla/5.0 (Windows NT 10.0; Win64; x64) AppleWebKit/537.36 (KHTML, like Gecko) Chrome/95.0.4638.69 Safari/537.36"
196.251.73.73 - - [19/Oct/2025:12:56:17 -0400] "POST //xmlrpc.php HTTP/2.0" 200 401 "-" "Mozilla/5.0 (Windows NT 10.0; Win64; x64) AppleWebKit/537.36 (KHTML, like Gecko) Chrome/95.0.4638.69 Safari/537.36"
196.251.73.73 - - [19/Oct/2025:12:56:18 -0400] "POST //xmlrpc.php HTTP/2.0" 200 401 "-" "Mozilla/5.0 (Windows NT 10.0; Win64; x64) AppleWebKit/537.36 (KHTML, like Gecko) Chrome/95.0.4638.69 Safari/537.36"
196.251.73.73 - - [19/Oct/2025:12:56:18 -0400] "POST //xmlrpc.php HTTP/2.0" 200 401 "-" "Mozilla/5.0 (Windows NT 10.0; Win64; x64) AppleWebKit/537.36 (KHTML, like Gecko) Chrome/95.0.4638.69 Safari/537.36"
196.251.73.73 - - [19/Oct/2025:12:56:19 -0400] "POST //xmlrpc.php HTTP/2.0" 200 401 "-" "Mozilla/5.0 (Windows NT 10.0; Win64; x64) AppleWebKit/537.36 (KHTML, like Gecko) Chrome/95.0.4638.69 Safari/537.36"
196.251.73.73 - - [19/Oct/2025:12:56:20 -0400] "POST //xmlrpc.php HTTP/2.0" 200 401 "-" "Mozilla/5.0 (Windows NT 10.0; Win64; x64) AppleWebKit/537.36 (KHTML, like Gecko) Chrome/95.0.4638.69 Safari/537.36"
196.251.73.73 - - [19/Oct/2025:12:56:20 -0400] "POST //xmlrpc.php HTTP/2.0" 200 401 "-" "Mozilla/5.0 (Windows NT 10.0; Win64; x64) AppleWebKit/537.36 (KHTML, like Gecko) Chrome/95.0.4638.69 Safari/537.36"
196.251.73.73 - - [19/Oct/2025:12:56:21 -0400] "POST //xmlrpc.php HTTP/2.0" 200 401 "-" "Mozilla/5.0 (Windows NT 10.0; Win64; x64) AppleWebKit/537.36 (KHTML, like Gecko) Chrome/95.0.4638.69 Safari/537.36"
196.251.73.73 - - [19/Oct/2025:12:56:21 -0400] "POST //xmlrpc.php HTTP/2.0" 200 401 "-" "Mozilla/5.0 (Windows NT 10.0; Win64; x64) AppleWebKit/537.36 (KHTML, like Gecko) Chrome/95.0.4638.69 Safari/537.36"
196.251.73.73 - - [19/Oct/2025:12:56:21 -0400] "POST //xmlrpc.php HTTP/2.0" 200 401 "-" "Mozilla/5.0 (Windows NT 10.0; Win64; x64) AppleWebKit/537.36 (KHTML, like Gecko) Chrome/95.0.4638.69 Safari/537.36"
196.251.73.73 - - [19/Oct/2025:12:56:22 -0400] "POST //xmlrpc.php HTTP/2.0" 200 401 "-" "Mozilla/5.0 (Windows NT 10.0; Win64; x64) AppleWebKit/537.36 (KHTML, like Gecko) Chrome/95.0.4638.69 Safari/537.36"
196.251.73.73 - - [19/Oct/2025:12:56:22 -0400] "POST //xmlrpc.php HTTP/2.0" 200 401 "-" "Mozilla/5.0 (Windows NT 10.0; Win64; x64) AppleWebKit/537.36 (KHTML, like Gecko) Chrome/95.0.4638.69 Safari/537.36"
196.251.73.73 - - [19/Oct/2025:12:56:23 -0400] "POST //xmlrpc.php HTTP/2.0" 200 401 "-" "Mozilla/5.0 (Windows NT 10.0; Win64; x64) AppleWebKit/537.36 (KHTML, like Gecko) Chrome/95.0.4638.69 Safari/537.36"
196.251.73.73 - - [19/Oct/2025:12:56:23 -0400] "POST //xmlrpc.php HTTP/2.0" 200 401 "-" "Mozilla/5.0 (Windows NT 10.0; Win64; x64) AppleWebKit/537.36 (KHTML, like Gecko) Chrome/95.0.4638.69 Safari/537.36"
196.251.73.73 - - [19/Oct/2025:12:56:24 -0400] "POST //xmlrpc.php HTTP/2.0" 200 401 "-" "Mozilla/5.0 (Windows NT 10.0; Win64; x64) AppleWebKit/537.36 (KHTML, like Gecko) Chrome/95.0.4638.69 Safari/537.36"
196.251.73.73 - - [19/Oct/2025:12:56:24 -0400] "POST //xmlrpc.php HTTP/2.0" 200 401 "-" "Mozilla/5.0 (Windows NT 10.0; Win64; x64) AppleWebKit/537.36 (KHTML, like Gecko) Chrome/95.0.4638.69 Safari/537.36"
196.251.73.73 - - [19/Oct/2025:12:56:25 -0400] "POST //xmlrpc.php HTTP/2.0" 200 401 "-" "Mozilla/5.0 (Windows NT 10.0; Win64; x64) AppleWebKit/537.36 (KHTML, like Gecko) Chrome/95.0.4638.69 Safari/537.36"
196.251.73.73 - - [19/Oct/2025:12:56:25 -0400] "POST //xmlrpc.php HTTP/2.0" 200 401 "-" "Mozilla/5.0 (Windows NT 10.0; Win64; x64) AppleWebKit/537.36 (KHTML, like Gecko) Chrome/95.0.4638.69 Safari/537.36"
196.251.73.73 - - [19/Oct/2025:12:56:26 -0400] "POST //xmlrpc.php HTTP/2.0" 200 401 "-" "Mozilla/5.0 (Windows NT 10.0; Win64; x64) AppleWebKit/537.36 (KHTML, like Gecko) Chrome/95.0.4638.69 Safari/537.36"
196.251.73.73 - - [19/Oct/2025:12:56:26 -0400] "POST //xmlrpc.php HTTP/2.0" 200 401 "-" "Mozilla/5.0 (Windows NT 10.0; Win64; x64) AppleWebKit/537.36 (KHTML, like Gecko) Chrome/95.0.4638.69 Safari/537.36"
196.251.73.73 - - [19/Oct/2025:12:56:27 -0400] "POST //xmlrpc.php HTTP/2.0" 200 401 "-" "Mozilla/5.0 (Windows NT 10.0; Win64; x64) AppleWebKit/537.36 (KHTML, like Gecko) Chrome/95.0.4638.69 Safari/537.36"
196.251.73.73 - - [19/Oct/2025:12:56:27 -0400] "POST //xmlrpc.php HTTP/2.0" 200 401 "-" "Mozilla/5.0 (Windows NT 10.0; Win64; x64) AppleWebKit/537.36 (KHTML, like Gecko) Chrome/95.0.4638.69 Safari/537.36"
196.251.73.73 - - [19/Oct/2025:12:56:28 -0400] "POST //xmlrpc.php HTTP/2.0" 200 401 "-" "Mozilla/5.0 (Windows NT 10.0; Win64; x64) AppleWebKit/537.36 (KHTML, like Gecko) Chrome/95.0.4638.69 Safari/537.36"
196.251.73.73 - - [19/Oct/2025:12:56:28 -0400] "POST //xmlrpc.php HTTP/2.0" 200 401 "-" "Mozilla/5.0 (Windows NT 10.0; Win64; x64) AppleWebKit/537.36 (KHTML, like Gecko) Chrome/95.0.4638.69 Safari/537.36"
196.251.73.73 - - [19/Oct/2025:12:56:29 -0400] "POST //xmlrpc.php HTTP/2.0" 200 401 "-" "Mozilla/5.0 (Windows NT 10.0; Win64; x64) AppleWebKit/537.36 (KHTML, like Gecko) Chrome/95.0.4638.69 Safari/537.36"
196.251.73.73 - - [19/Oct/2025:12:56:29 -0400] "POST //xmlrpc.php HTTP/2.0" 200 401 "-" "Mozilla/5.0 (Windows NT 10.0; Win64; x64) AppleWebKit/537.36 (KHTML, like Gecko) Chrome/95.0.4638.69 Safari/537.36"
196.251.73.73 - - [19/Oct/2025:12:56:30 -0400] "POST //xmlrpc.php HTTP/2.0" 200 401 "-" "Mozilla/5.0 (Windows NT 10.0; Win64; x64) AppleWebKit/537.36 (KHTML, like Gecko) Chrome/95.0.4638.69 Safari/537.36"
196.251.73.73 - - [19/Oct/2025:12:56:30 -0400] "POST //xmlrpc.php HTTP/2.0" 200 401 "-" "Mozilla/5.0 (Windows NT 10.0; Win64; x64) AppleWebKit/537.36 (KHTML, like Gecko) Chrome/95.0.4638.69 Safari/537.36"
