196.251.73.73 - - [19/Oct/2025:13:07:46 -0400] "POST //xmlrpc.php HTTP/2.0" 200 401 "-" "Mozilla/5.0 (Windows NT 10.0; Win64; x64) AppleWebKit/537.36 (KHTML, like Gecko) Chrome/95.0.4638.69 Safari/537.36"
196.251.73.73 - - [19/Oct/2025:13:07:46 -0400] "POST //xmlrpc.php HTTP/2.0" 200 401 "-" "Mozilla/5.0 (Windows NT 10.0; Win64; x64) AppleWebKit/537.36 (KHTML, like Gecko) Chrome/95.0.4638.69 Safari/537.36"
196.251.73.73 - - [19/Oct/2025:13:07:46 -0400] "POST //xmlrpc.php HTTP/2.0" 200 401 "-" "Mozilla/5.0 (Windows NT 10.0; Win64; x64) AppleWebKit/537.36 (KHTML, like Gecko) Chrome/95.0.4638.69 Safari/537.36"
196.251.73.73 - - [19/Oct/2025:13:07:47 -0400] "POST //xmlrpc.php HTTP/2.0" 200 401 "-" "Mozilla/5.0 (Windows NT 10.0; Win64; x64) AppleWebKit/537.36 (KHTML, like Gecko) Chrome/95.0.4638.69 Safari/537.36"
196.251.73.73 - - [19/Oct/2025:13:07:47 -0400] "POST //xmlrpc.php HTTP/2.0" 200 401 "-" "Mozilla/5.0 (Windows NT 10.0; Win64; x64) AppleWebKit/537.36 (KHTML, like Gecko) Chrome/95.0.4638.69 Safari/537.36"
196.251.73.73 - - [19/Oct/2025:13:07:48 -0400] "POST //xmlrpc.php HTTP/2.0" 200 401 "-" "Mozilla/5.0 (Windows NT 10.0; Win64; x64) AppleWebKit/537.36 (KHTML, like Gecko) Chrome/95.0.4638.69 Safari/537.36"
196.251.73.73 - - [19/Oct/2025:13:07:48 -0400] "POST //xmlrpc.php HTTP/2.0" 200 401 "-" "Mozilla/5.0 (Windows NT 10.0; Win64; x64) AppleWebKit/537.36 (KHTML, like Gecko) Chrome/95.0.4638.69 Safari/537.36"
196.251.73.73 - - [19/Oct/2025:13:07:48 -0400] "POST //xmlrpc.php HTTP/2.0" 200 401 "-" "Mozilla/5.0 (Windows NT 10.0; Win64; x64) AppleWebKit/537.36 (KHTML, like Gecko) Chrome/95.0.4638.69 Safari/537.36"
196.251.73.73 - - [19/Oct/2025:13:07:49 -0400] "POST //xmlrpc.php HTTP/2.0" 200 401 "-" "Mozilla/5.0 (Windows NT 10.0; Win64; x64) AppleWebKit/537.36 (KHTML, like Gecko) Chrome/95.0.4638.69 Safari/537.36"
196.251.73.73 - - [19/Oct/2025:13:07:49 -0400] "POST //xmlrpc.php HTTP/2.0" 200 401 "-" "Mozilla/5.0 (Windows NT 10.0; Win64; x64) AppleWebKit/537.36 (KHTML, like Gecko) Chrome/95.0.4638.69 Safari/537.36"
196.251.73.73 - - [19/Oct/2025:13:07:50 -0400] "POST //xmlrpc.php HTTP/2.0" 200 401 "-" "Mozilla/5.0 (Windows NT 10.0; Win64; x64) AppleWebKit/537.36 (KHTML, like Gecko) Chrome/95.0.4638.69 Safari/537.36"
196.251.73.73 - - [19/Oct/2025:13:07:50 -0400] "POST //xmlrpc.php HTTP/2.0" 200 401 "-" "Mozilla/5.0 (Windows NT 10.0; Win64; x64) AppleWebKit/537.36 (KHTML, like Gecko) Chrome/95.0.4638.69 Safari/537.36"
196.251.73.73 - - [19/Oct/2025:13:07:50 -0400] "POST //xmlrpc.php HTTP/2.0" 200 401 "-" "Mozilla/5.0 (Windows NT 10.0; Win64; x64) AppleWebKit/537.36 (KHTML, like Gecko) Chrome/95.0.4638.69 Safari/537.36"
196.251.73.73 - - [19/Oct/2025:13:07:51 -0400] "POST //xmlrpc.php HTTP/2.0" 200 401 "-" "Mozilla/5.0 (Windows NT 10.0; Win64; x64) AppleWebKit/537.36 (KHTML, like Gecko) Chrome/95.0.4638.69 Safari/537.36"
196.251.73.73 - - [19/Oct/2025:13:07:51 -0400] "POST //xmlrpc.php HTTP/2.0" 200 401 "-" "Mozilla/5.0 (Windows NT 10.0; Win64; x64) AppleWebKit/537.36 (KHTML, like Gecko) Chrome/95.0.4638.69 Safari/537.36"
196.251.73.73 - - [19/Oct/2025:13:07:51 -0400] "POST //xmlrpc.php HTTP/2.0" 200 401 "-" "Mozilla/5.0 (Windows NT 10.0; Win64; x64) AppleWebKit/537.36 (KHTML, like Gecko) Chrome/95.0.4638.69 Safari/537.36"
196.251.73.73 - - [19/Oct/2025:13:07:52 -0400] "POST //xmlrpc.php HTTP/2.0" 200 401 "-" "Mozilla/5.0 (Windows NT 10.0; Win64; x64) AppleWebKit/537.36 (KHTML, like Gecko) Chrome/95.0.4638.69 Safari/537.36"
196.251.73.73 - - [19/Oct/2025:13:07:52 -0400] "POST //xmlrpc.php HTTP/2.0" 200 401 "-" "Mozilla/5.0 (Windows NT 10.0; Win64; x64) AppleWebKit/537.36 (KHTML, like Gecko) Chrome/95.0.4638.69 Safari/537.36"
196.251.73.73 - - [19/Oct/2025:13:07:53 -0400] "POST //xmlrpc.php HTTP/2.0" 200 401 "-" "Mozilla/5.0 (Windows NT 10.0; Win64; x64) AppleWebKit/537.36 (KHTML, like Gecko) Chrome/95.0.4638.69 Safari/537.36"
2a03:2880:f800:7:: - - [19/Oct/2025:13:07:51 -0400] "GET /what-your-favourite-colour-tells-about-you-wanna-check-out/ HTTP/2.0" 200 449843 "-" "meta-externalagent/1.1 (+https://developers.facebook.com/docs/sharing/webmasters/crawler)"
2a03:2880:f800:21:: - - [19/Oct/2025:13:07:52 -0400] "GET /tag/bread-halwa-recipe-by-venkatesh-bhat/ HTTP/2.0" 200 449843 "-" "meta-externalagent/1.1 (+https://developers.facebook.com/docs/sharing/webmasters/crawler)"
196.251.73.73 - - [19/Oct/2025:13:07:53 -0400] "POST //xmlrpc.php HTTP/2.0" 200 401 "-" "Mozilla/5.0 (Windows NT 10.0; Win64; x64) AppleWebKit/537.36 (KHTML, like Gecko) Chrome/95.0.4638.69 Safari/537.36"
196.251.73.73 - - [19/Oct/2025:13:07:53 -0400] "POST //xmlrpc.php HTTP/2.0" 200 401 "-" "Mozilla/5.0 (Windows NT 10.0; Win64; x64) AppleWebKit/537.36 (KHTML, like Gecko) Chrome/95.0.4638.69 Safari/537.36"
196.251.73.73 - - [19/Oct/2025:13:07:54 -0400] "POST //xmlrpc.php HTTP/2.0" 200 401 "-" "Mozilla/5.0 (Windows NT 10.0; Win64; x64) AppleWebKit/537.36 (KHTML, like Gecko) Chrome/95.0.4638.69 Safari/537.36"
196.251.73.73 - - [19/Oct/2025:13:07:54 -0400] "POST //xmlrpc.php HTTP/2.0" 200 401 "-" "Mozilla/5.0 (Windows NT 10.0; Win64; x64) AppleWebKit/537.36 (KHTML, like Gecko) Chrome/95.0.4638.69 Safari/537.36"
196.251.73.73 - - [19/Oct/2025:13:07:55 -0400] "POST //xmlrpc.php HTTP/2.0" 200 401 "-" "Mozilla/5.0 (Windows NT 10.0; Win64; x64) AppleWebKit/537.36 (KHTML, like Gecko) Chrome/95.0.4638.69 Safari/537.36"
196.251.73.73 - - [19/Oct/2025:13:07:55 -0400] "POST //xmlrpc.php HTTP/2.0" 200 401 "-" "Mozilla/5.0 (Windows NT 10.0; Win64; x64) AppleWebKit/537.36 (KHTML, like Gecko) Chrome/95.0.4638.69 Safari/537.36"
196.251.73.73 - - [19/Oct/2025:13:07:55 -0400] "POST //xmlrpc.php HTTP/2.0" 200 401 "-" "Mozilla/5.0 (Windows NT 10.0; Win64; x64) AppleWebKit/537.36 (KHTML, like Gecko) Chrome/95.0.4638.69 Safari/537.36"
196.251.73.73 - - [19/Oct/2025:13:07:56 -0400] "POST //xmlrpc.php HTTP/2.0" 200 401 "-" "Mozilla/5.0 (Windows NT 10.0; Win64; x64) AppleWebKit/537.36 (KHTML, like Gecko) Chrome/95.0.4638.69 Safari/537.36"
196.251.73.73 - - [19/Oct/2025:13:07:56 -0400] "POST //xmlrpc.php HTTP/2.0" 200 401 "-" "Mozilla/5.0 (Windows NT 10.0; Win64; x64) AppleWebKit/537.36 (KHTML, like Gecko) Chrome/95.0.4638.69 Safari/537.36"
196.251.73.73 - - [19/Oct/2025:13:07:57 -0400] "POST //xmlrpc.php HTTP/2.0" 200 401 "-" "Mozilla/5.0 (Windows NT 10.0; Win64; x64) AppleWebKit/537.36 (KHTML, like Gecko) Chrome/95.0.4638.69 Safari/537.36"
196.251.73.73 - - [19/Oct/2025:13:07:57 -0400] "POST //xmlrpc.php HTTP/2.0" 200 401 "-" "Mozilla/5.0 (Windows NT 10.0; Win64; x64) AppleWebKit/537.36 (KHTML, like Gecko) Chrome/95.0.4638.69 Safari/537.36"
196.251.73.73 - - [19/Oct/2025:13:07:57 -0400] "POST //xmlrpc.php HTTP/2.0" 200 401 "-" "Mozilla/5.0 (Windows NT 10.0; Win64; x64) AppleWebKit/537.36 (KHTML, like Gecko) Chrome/95.0.4638.69 Safari/537.36"
196.251.73.73 - - [19/Oct/2025:13:07:58 -0400] "POST //xmlrpc.php HTTP/2.0" 200 401 "-" "Mozilla/5.0 (Windows NT 10.0; Win64; x64) AppleWebKit/537.36 (KHTML, like Gecko) Chrome/95.0.4638.69 Safari/537.36"
196.251.73.73 - - [19/Oct/2025:13:07:58 -0400] "POST //xmlrpc.php HTTP/2.0" 200 401 "-" "Mozilla/5.0 (Windows NT 10.0; Win64; x64) AppleWebKit/537.36 (KHTML, like Gecko) Chrome/95.0.4638.69 Safari/537.36"
196.251.73.73 - - [19/Oct/2025:13:07:59 -0400] "POST //xmlrpc.php HTTP/2.0" 200 401 "-" "Mozilla/5.0 (Windows NT 10.0; Win64; x64) AppleWebKit/537.36 (KHTML, like Gecko) Chrome/95.0.4638.69 Safari/537.36"
196.251.73.73 - - [19/Oct/2025:13:07:59 -0400] "POST //xmlrpc.php HTTP/2.0" 200 401 "-" "Mozilla/5.0 (Windows NT 10.0; Win64; x64) AppleWebKit/537.36 (KHTML, like Gecko) Chrome/95.0.4638.69 Safari/537.36"
196.251.73.73 - - [19/Oct/2025:13:07:59 -0400] "POST //xmlrpc.php HTTP/2.0" 200 401 "-" "Mozilla/5.0 (Windows NT 10.0; Win64; x64) AppleWebKit/537.36 (KHTML, like Gecko) Chrome/95.0.4638.69 Safari/537.36"
196.251.73.73 - - [19/Oct/2025:13:08:00 -0400] "POST //xmlrpc.php HTTP/2.0" 200 401 "-" "Mozilla/5.0 (Windows NT 10.0; Win64; x64) AppleWebKit/537.36 (KHTML, like Gecko) Chrome/95.0.4638.69 Safari/537.36"
196.251.73.73 - - [19/Oct/2025:13:08:00 -0400] "POST //xmlrpc.php HTTP/2.0" 200 401 "-" "Mozilla/5.0 (Windows NT 10.0; Win64; x64) AppleWebKit/537.36 (KHTML, like Gecko) Chrome/95.0.4638.69 Safari/537.36"
196.251.73.73 - - [19/Oct/2025:13:08:01 -0400] "POST //xmlrpc.php HTTP/2.0" 200 401 "-" "Mozilla/5.0 (Windows NT 10.0; Win64; x64) AppleWebKit/537.36 (KHTML, like Gecko) Chrome/95.0.4638.69 Safari/537.36"
196.251.73.73 - - [19/Oct/2025:13:08:01 -0400] "POST //xmlrpc.php HTTP/2.0" 200 401 "-" "Mozilla/5.0 (Windows NT 10.0; Win64; x64) AppleWebKit/537.36 (KHTML, like Gecko) Chrome/95.0.4638.69 Safari/537.36"
196.251.73.73 - - [19/Oct/2025:13:08:01 -0400] "POST //xmlrpc.php HTTP/2.0" 200 401 "-" "Mozilla/5.0 (Windows NT 10.0; Win64; x64) AppleWebKit/537.36 (KHTML, like Gecko) Chrome/95.0.4638.69 Safari/537.36"
196.251.73.73 - - [19/Oct/2025:13:08:02 -0400] "POST //xmlrpc.php HTTP/2.0" 200 401 "-" "Mozilla/5.0 (Windows NT 10.0; Win64; x64) AppleWebKit/537.36 (KHTML, like Gecko) Chrome/95.0.4638.69 Safari/537.36"
196.251.73.73 - - [19/Oct/2025:13:08:02 -0400] "POST //xmlrpc.php HTTP/2.0" 200 401 "-" "Mozilla/5.0 (Windows NT 10.0; Win64; x64) AppleWebKit/537.36 (KHTML, like Gecko) Chrome/95.0.4638.69 Safari/537.36"
196.251.73.73 - - [19/Oct/2025:13:08:03 -0400] "POST //xmlrpc.php HTTP/2.0" 200 401 "-" "Mozilla/5.0 (Windows NT 10.0; Win64; x64) AppleWebKit/537.36 (KHTML, like Gecko) Chrome/95.0.4638.69 Safari/537.36"
196.251.73.73 - - [19/Oct/2025:13:08:03 -0400] "POST //xmlrpc.php HTTP/2.0" 200 401 "-" "Mozilla/5.0 (Windows NT 10.0; Win64; x64) AppleWebKit/537.36 (KHTML, like Gecko) Chrome/95.0.4638.69 Safari/537.36"
196.251.73.73 - - [19/Oct/2025:13:08:03 -0400] "POST //xmlrpc.php HTTP/2.0" 200 401 "-" "Mozilla/5.0 (Windows NT 10.0; Win64; x64) AppleWebKit/537.36 (KHTML, like Gecko) Chrome/95.0.4638.69 Safari/537.36"
196.251.73.73 - - [19/Oct/2025:13:08:04 -0400] "POST //xmlrpc.php HTTP/2.0" 200 401 "-" "Mozilla/5.0 (Windows NT 10.0; Win64; x64) AppleWebKit/537.36 (KHTML, like Gecko) Chrome/95.0.4638.69 Safari/537.36"
196.251.73.73 - - [19/Oct/2025:13:08:04 -0400] "POST //xmlrpc.php HTTP/2.0" 200 401 "-" "Mozilla/5.0 (Windows NT 10.0; Win64; x64) AppleWebKit/537.36 (KHTML, like Gecko) Chrome/95.0.4638.69 Safari/537.36"
196.251.73.73 - - [19/Oct/2025:13:08:05 -0400] "POST //xmlrpc.php HTTP/2.0" 200 401 "-" "Mozilla/5.0 (Windows NT 10.0; Win64; x64) AppleWebKit/537.36 (KHTML, like Gecko) Chrome/95.0.4638.69 Safari/537.36"
196.251.73.73 - - [19/Oct/2025:13:08:05 -0400] "POST //xmlrpc.php HTTP/2.0" 200 401 "-" "Mozilla/5.0 (Windows NT 10.0; Win64; x64) AppleWebKit/537.36 (KHTML, like Gecko) Chrome/95.0.4638.69 Safari/537.36"
196.251.73.73 - - [19/Oct/2025:13:08:05 -0400] "POST //xmlrpc.php HTTP/2.0" 200 401 "-" "Mozilla/5.0 (Windows NT 10.0; Win64; x64) AppleWebKit/537.36 (KHTML, like Gecko) Chrome/95.0.4638.69 Safari/537.36"
196.251.73.73 - - [19/Oct/2025:13:08:06 -0400] "POST //xmlrpc.php HTTP/2.0" 200 401 "-" "Mozilla/5.0 (Windows NT 10.0; Win64; x64) AppleWebKit/537.36 (KHTML, like Gecko) Chrome/95.0.4638.69 Safari/537.36"
114.119.131.42 - - [19/Oct/2025:13:08:05 -0400] "GET /tips-to-keep-your-lips-naturally-pink/?noamp=mobile& HTTP/2.0" 200 75002 "https://blushin.com/tips-to-keep-your-lips-naturally-pink/?noamp=mobile&" "Mozilla/5.0 (Linux; Android 7.0;) AppleWebKit/537.36 (KHTML, like Gecko) Mobile Safari/537.36 (compatible; PetalBot;+https://webmaster.petalsearch.com/site/petalbot)"
196.251.73.73 - - [19/Oct/2025:13:08:06 -0400] "POST //xmlrpc.php HTTP/2.0" 200 401 "-" "Mozilla/5.0 (Windows NT 10.0; Win64; x64) AppleWebKit/537.36 (KHTML, like Gecko) Chrome/95.0.4638.69 Safari/537.36"
196.251.73.73 - - [19/Oct/2025:13:08:07 -0400] "POST //xmlrpc.php HTTP/2.0" 200 401 "-" "Mozilla/5.0 (Windows NT 10.0; Win64; x64) AppleWebKit/537.36 (KHTML, like Gecko) Chrome/95.0.4638.69 Safari/537.36"
196.251.73.73 - - [19/Oct/2025:13:08:07 -0400] "POST //xmlrpc.php HTTP/2.0" 200 401 "-" "Mozilla/5.0 (Windows NT 10.0; Win64; x64) AppleWebKit/537.36 (KHTML, like Gecko) Chrome/95.0.4638.69 Safari/537.36"
196.251.73.73 - - [19/Oct/2025:13:08:07 -0400] "POST //xmlrpc.php HTTP/2.0" 200 401 "-" "Mozilla/5.0 (Windows NT 10.0; Win64; x64) AppleWebKit/537.36 (KHTML, like Gecko) Chrome/95.0.4638.69 Safari/537.36"
196.251.73.73 - - [19/Oct/2025:13:08:08 -0400] "POST //xmlrpc.php HTTP/2.0" 200 401 "-" "Mozilla/5.0 (Windows NT 10.0; Win64; x64) AppleWebKit/537.36 (KHTML, like Gecko) Chrome/95.0.4638.69 Safari/537.36"
196.251.73.73 - - [19/Oct/2025:13:08:08 -0400] "POST //xmlrpc.php HTTP/2.0" 200 401 "-" "Mozilla/5.0 (Windows NT 10.0; Win64; x64) AppleWebKit/537.36 (KHTML, like Gecko) Chrome/95.0.4638.69 Safari/537.36"
196.251.73.73 - - [19/Oct/2025:13:08:08 -0400] "POST //xmlrpc.php HTTP/2.0" 200 401 "-" "Mozilla/5.0 (Windows NT 10.0; Win64; x64) AppleWebKit/537.36 (KHTML, like Gecko) Chrome/95.0.4638.69 Safari/537.36"
196.251.73.73 - - [19/Oct/2025:13:08:09 -0400] "POST //xmlrpc.php HTTP/2.0" 200 401 "-" "Mozilla/5.0 (Windows NT 10.0; Win64; x64) AppleWebKit/537.36 (KHTML, like Gecko) Chrome/95.0.4638.69 Safari/537.36"
196.251.73.73 - - [19/Oct/2025:13:08:09 -0400] "POST //xmlrpc.php HTTP/2.0" 200 401 "-" "Mozilla/5.0 (Windows NT 10.0; Win64; x64) AppleWebKit/537.36 (KHTML, like Gecko) Chrome/95.0.4638.69 Safari/537.36"
196.251.73.73 - - [19/Oct/2025:13:08:10 -0400] "POST //xmlrpc.php HTTP/2.0" 200 401 "-" "Mozilla/5.0 (Windows NT 10.0; Win64; x64) AppleWebKit/537.36 (KHTML, like Gecko) Chrome/95.0.4638.69 Safari/537.36"
196.251.73.73 - - [19/Oct/2025:13:08:10 -0400] "POST //xmlrpc.php HTTP/2.0" 200 401 "-" "Mozilla/5.0 (Windows NT 10.0; Win64; x64) AppleWebKit/537.36 (KHTML, like Gecko) Chrome/95.0.4638.69 Safari/537.36"
196.251.73.73 - - [19/Oct/2025:13:08:10 -0400] "POST //xmlrpc.php HTTP/2.0" 200 401 "-" "Mozilla/5.0 (Windows NT 10.0; Win64; x64) AppleWebKit/537.36 (KHTML, like Gecko) Chrome/95.0.4638.69 Safari/537.36"
196.251.73.73 - - [19/Oct/2025:13:08:11 -0400] "POST //xmlrpc.php HTTP/2.0" 200 401 "-" "Mozilla/5.0 (Windows NT 10.0; Win64; x64) AppleWebKit/537.36 (KHTML, like Gecko) Chrome/95.0.4638.69 Safari/537.36"
196.251.73.73 - - [19/Oct/2025:13:08:11 -0400] "POST //xmlrpc.php HTTP/2.0" 200 401 "-" "Mozilla/5.0 (Windows NT 10.0; Win64; x64) AppleWebKit/537.36 (KHTML, like Gecko) Chrome/95.0.4638.69 Safari/537.36"
196.251.73.73 - - [19/Oct/2025:13:08:12 -0400] "POST //xmlrpc.php HTTP/2.0" 200 401 "-" "Mozilla/5.0 (Windows NT 10.0; Win64; x64) AppleWebKit/537.36 (KHTML, like Gecko) Chrome/95.0.4638.69 Safari/537.36"
196.251.73.73 - - [19/Oct/2025:13:08:12 -0400] "POST //xmlrpc.php HTTP/2.0" 200 401 "-" "Mozilla/5.0 (Windows NT 10.0; Win64; x64) AppleWebKit/537.36 (KHTML, like Gecko) Chrome/95.0.4638.69 Safari/537.36"
196.251.73.73 - - [19/Oct/2025:13:08:12 -0400] "POST //xmlrpc.php HTTP/2.0" 200 401 "-" "Mozilla/5.0 (Windows NT 10.0; Win64; x64) AppleWebKit/537.36 (KHTML, like Gecko) Chrome/95.0.4638.69 Safari/537.36"
196.251.73.73 - - [19/Oct/2025:13:08:13 -0400] "POST //xmlrpc.php HTTP/2.0" 200 401 "-" "Mozilla/5.0 (Windows NT 10.0; Win64; x64) AppleWebKit/537.36 (KHTML, like Gecko) Chrome/95.0.4638.69 Safari/537.36"
196.251.73.73 - - [19/Oct/2025:13:08:13 -0400] "POST //xmlrpc.php HTTP/2.0" 200 401 "-" "Mozilla/5.0 (Windows NT 10.0; Win64; x64) AppleWebKit/537.36 (KHTML, like Gecko) Chrome/95.0.4638.69 Safari/537.36"
196.251.73.73 - - [19/Oct/2025:13:08:13 -0400] "POST //xmlrpc.php HTTP/2.0" 200 401 "-" "Mozilla/5.0 (Windows NT 10.0; Win64; x64) AppleWebKit/537.36 (KHTML, like Gecko) Chrome/95.0.4638.69 Safari/537.36"
196.251.73.73 - - [19/Oct/2025:13:08:14 -0400] "POST //xmlrpc.php HTTP/2.0" 200 401 "-" "Mozilla/5.0 (Windows NT 10.0; Win64; x64) AppleWebKit/537.36 (KHTML, like Gecko) Chrome/95.0.4638.69 Safari/537.36"
196.251.73.73 - - [19/Oct/2025:13:08:14 -0400] "POST //xmlrpc.php HTTP/2.0" 200 401 "-" "Mozilla/5.0 (Windows NT 10.0; Win64; x64) AppleWebKit/537.36 (KHTML, like Gecko) Chrome/95.0.4638.69 Safari/537.36"
196.251.73.73 - - [19/Oct/2025:13:08:15 -0400] "POST //xmlrpc.php HTTP/2.0" 200 401 "-" "Mozilla/5.0 (Windows NT 10.0; Win64; x64) AppleWebKit/537.36 (KHTML, like Gecko) Chrome/95.0.4638.69 Safari/537.36"
196.251.73.73 - - [19/Oct/2025:13:08:15 -0400] "POST //xmlrpc.php HTTP/2.0" 200 401 "-" "Mozilla/5.0 (Windows NT 10.0; Win64; x64) AppleWebKit/537.36 (KHTML, like Gecko) Chrome/95.0.4638.69 Safari/537.36"
196.251.73.73 - - [19/Oct/2025:13:08:15 -0400] "POST //xmlrpc.php HTTP/2.0" 200 401 "-" "Mozilla/5.0 (Windows NT 10.0; Win64; x64) AppleWebKit/537.36 (KHTML, like Gecko) Chrome/95.0.4638.69 Safari/537.36"
196.251.73.73 - - [19/Oct/2025:13:08:16 -0400] "POST //xmlrpc.php HTTP/2.0" 200 401 "-" "Mozilla/5.0 (Windows NT 10.0; Win64; x64) AppleWebKit/537.36 (KHTML, like Gecko) Chrome/95.0.4638.69 Safari/537.36"
196.251.73.73 - - [19/Oct/2025:13:08:16 -0400] "POST //xmlrpc.php HTTP/2.0" 200 401 "-" "Mozilla/5.0 (Windows NT 10.0; Win64; x64) AppleWebKit/537.36 (KHTML, like Gecko) Chrome/95.0.4638.69 Safari/537.36"
196.251.73.73 - - [19/Oct/2025:13:08:17 -0400] "POST //xmlrpc.php HTTP/2.0" 200 401 "-" "Mozilla/5.0 (Windows NT 10.0; Win64; x64) AppleWebKit/537.36 (KHTML, like Gecko) Chrome/95.0.4638.69 Safari/537.36"
196.251.73.73 - - [19/Oct/2025:13:08:17 -0400] "POST //xmlrpc.php HTTP/2.0" 200 401 "-" "Mozilla/5.0 (Windows NT 10.0; Win64; x64) AppleWebKit/537.36 (KHTML, like Gecko) Chrome/95.0.4638.69 Safari/537.36"
196.251.73.73 - - [19/Oct/2025:13:08:17 -0400] "POST //xmlrpc.php HTTP/2.0" 200 401 "-" "Mozilla/5.0 (Windows NT 10.0; Win64; x64) AppleWebKit/537.36 (KHTML, like Gecko) Chrome/95.0.4638.69 Safari/537.36"
196.251.73.73 - - [19/Oct/2025:13:08:18 -0400] "POST //xmlrpc.php HTTP/2.0" 200 401 "-" "Mozilla/5.0 (Windows NT 10.0; Win64; x64) AppleWebKit/537.36 (KHTML, like Gecko) Chrome/95.0.4638.69 Safari/537.36"
196.251.73.73 - - [19/Oct/2025:13:08:18 -0400] "POST //xmlrpc.php HTTP/2.0" 200 401 "-" "Mozilla/5.0 (Windows NT 10.0; Win64; x64) AppleWebKit/537.36 (KHTML, like Gecko) Chrome/95.0.4638.69 Safari/537.36"
196.251.73.73 - - [19/Oct/2025:13:08:19 -0400] "POST //xmlrpc.php HTTP/2.0" 200 401 "-" "Mozilla/5.0 (Windows NT 10.0; Win64; x64) AppleWebKit/537.36 (KHTML, like Gecko) Chrome/95.0.4638.69 Safari/537.36"
196.251.73.73 - - [19/Oct/2025:13:08:19 -0400] "POST //xmlrpc.php HTTP/2.0" 200 401 "-" "Mozilla/5.0 (Windows NT 10.0; Win64; x64) AppleWebKit/537.36 (KHTML, like Gecko) Chrome/95.0.4638.69 Safari/537.36"
196.251.73.73 - - [19/Oct/2025:13:08:19 -0400] "POST //xmlrpc.php HTTP/2.0" 200 401 "-" "Mozilla/5.0 (Windows NT 10.0; Win64; x64) AppleWebKit/537.36 (KHTML, like Gecko) Chrome/95.0.4638.69 Safari/537.36"
196.251.73.73 - - [19/Oct/2025:13:08:20 -0400] "POST //xmlrpc.php HTTP/2.0" 200 401 "-" "Mozilla/5.0 (Windows NT 10.0; Win64; x64) AppleWebKit/537.36 (KHTML, like Gecko) Chrome/95.0.4638.69 Safari/537.36"
196.251.73.73 - - [19/Oct/2025:13:08:20 -0400] "POST //xmlrpc.php HTTP/2.0" 200 401 "-" "Mozilla/5.0 (Windows NT 10.0; Win64; x64) AppleWebKit/537.36 (KHTML, like Gecko) Chrome/95.0.4638.69 Safari/537.36"
196.251.73.73 - - [19/Oct/2025:13:08:21 -0400] "POST //xmlrpc.php HTTP/2.0" 200 401 "-" "Mozilla/5.0 (Windows NT 10.0; Win64; x64) AppleWebKit/537.36 (KHTML, like Gecko) Chrome/95.0.4638.69 Safari/537.36"
196.251.73.73 - - [19/Oct/2025:13:08:21 -0400] "POST //xmlrpc.php HTTP/2.0" 200 401 "-" "Mozilla/5.0 (Windows NT 10.0; Win64; x64) AppleWebKit/537.36 (KHTML, like Gecko) Chrome/95.0.4638.69 Safari/537.36"
196.251.73.73 - - [19/Oct/2025:13:08:21 -0400] "POST //xmlrpc.php HTTP/2.0" 200 401 "-" "Mozilla/5.0 (Windows NT 10.0; Win64; x64) AppleWebKit/537.36 (KHTML, like Gecko) Chrome/95.0.4638.69 Safari/537.36"
196.251.73.73 - - [19/Oct/2025:13:08:22 -0400] "POST //xmlrpc.php HTTP/2.0" 200 401 "-" "Mozilla/5.0 (Windows NT 10.0; Win64; x64) AppleWebKit/537.36 (KHTML, like Gecko) Chrome/95.0.4638.69 Safari/537.36"
196.251.73.73 - - [19/Oct/2025:13:08:22 -0400] "POST //xmlrpc.php HTTP/2.0" 200 401 "-" "Mozilla/5.0 (Windows NT 10.0; Win64; x64) AppleWebKit/537.36 (KHTML, like Gecko) Chrome/95.0.4638.69 Safari/537.36"
196.251.73.73 - - [19/Oct/2025:13:08:23 -0400] "POST //xmlrpc.php HTTP/2.0" 200 401 "-" "Mozilla/5.0 (Windows NT 10.0; Win64; x64) AppleWebKit/537.36 (KHTML, like Gecko) Chrome/95.0.4638.69 Safari/537.36"
196.251.73.73 - - [19/Oct/2025:13:08:23 -0400] "POST //xmlrpc.php HTTP/2.0" 200 401 "-" "Mozilla/5.0 (Windows NT 10.0; Win64; x64) AppleWebKit/537.36 (KHTML, like Gecko) Chrome/95.0.4638.69 Safari/537.36"
196.251.73.73 - - [19/Oct/2025:13:08:23 -0400] "POST //xmlrpc.php HTTP/2.0" 200 401 "-" "Mozilla/5.0 (Windows NT 10.0; Win64; x64) AppleWebKit/537.36 (KHTML, like Gecko) Chrome/95.0.4638.69 Safari/537.36"
196.251.73.73 - - [19/Oct/2025:13:08:24 -0400] "POST //xmlrpc.php HTTP/2.0" 200 401 "-" "Mozilla/5.0 (Windows NT 10.0; Win64; x64) AppleWebKit/537.36 (KHTML, like Gecko) Chrome/95.0.4638.69 Safari/537.36"
196.251.73.73 - - [19/Oct/2025:13:08:24 -0400] "POST //xmlrpc.php HTTP/2.0" 200 401 "-" "Mozilla/5.0 (Windows NT 10.0; Win64; x64) AppleWebKit/537.36 (KHTML, like Gecko) Chrome/95.0.4638.69 Safari/537.36"
196.251.73.73 - - [19/Oct/2025:13:08:25 -0400] "POST //xmlrpc.php HTTP/2.0" 200 401 "-" "Mozilla/5.0 (Windows NT 10.0; Win64; x64) AppleWebKit/537.36 (KHTML, like Gecko) Chrome/95.0.4638.69 Safari/537.36"
196.251.73.73 - - [19/Oct/2025:13:08:25 -0400] "POST //xmlrpc.php HTTP/2.0" 200 401 "-" "Mozilla/5.0 (Windows NT 10.0; Win64; x64) AppleWebKit/537.36 (KHTML, like Gecko) Chrome/95.0.4638.69 Safari/537.36"
196.251.73.73 - - [19/Oct/2025:13:08:25 -0400] "POST //xmlrpc.php HTTP/2.0" 200 401 "-" "Mozilla/5.0 (Windows NT 10.0; Win64; x64) AppleWebKit/537.36 (KHTML, like Gecko) Chrome/95.0.4638.69 Safari/537.36"
196.251.73.73 - - [19/Oct/2025:13:08:26 -0400] "POST //xmlrpc.php HTTP/2.0" 200 401 "-" "Mozilla/5.0 (Windows NT 10.0; Win64; x64) AppleWebKit/537.36 (KHTML, like Gecko) Chrome/95.0.4638.69 Safari/537.36"
196.251.73.73 - - [19/Oct/2025:13:08:26 -0400] "POST //xmlrpc.php HTTP/2.0" 200 401 "-" "Mozilla/5.0 (Windows NT 10.0; Win64; x64) AppleWebKit/537.36 (KHTML, like Gecko) Chrome/95.0.4638.69 Safari/537.36"
196.251.73.73 - - [19/Oct/2025:13:08:26 -0400] "POST //xmlrpc.php HTTP/2.0" 200 401 "-" "Mozilla/5.0 (Windows NT 10.0; Win64; x64) AppleWebKit/537.36 (KHTML, like Gecko) Chrome/95.0.4638.69 Safari/537.36"
196.251.73.73 - - [19/Oct/2025:13:08:27 -0400] "POST //xmlrpc.php HTTP/2.0" 200 401 "-" "Mozilla/5.0 (Windows NT 10.0; Win64; x64) AppleWebKit/537.36 (KHTML, like Gecko) Chrome/95.0.4638.69 Safari/537.36"
196.251.73.73 - - [19/Oct/2025:13:08:27 -0400] "POST //xmlrpc.php HTTP/2.0" 200 401 "-" "Mozilla/5.0 (Windows NT 10.0; Win64; x64) AppleWebKit/537.36 (KHTML, like Gecko) Chrome/95.0.4638.69 Safari/537.36"
196.251.73.73 - - [19/Oct/2025:13:08:28 -0400] "POST //xmlrpc.php HTTP/2.0" 200 401 "-" "Mozilla/5.0 (Windows NT 10.0; Win64; x64) AppleWebKit/537.36 (KHTML, like Gecko) Chrome/95.0.4638.69 Safari/537.36"
2a03:2880:f800:b:: - - [19/Oct/2025:13:08:27 -0400] "GET /hairstyles-oval-face-indian-male/ HTTP/2.0" 200 449843 "-" "meta-externalagent/1.1 (+https://developers.facebook.com/docs/sharing/webmasters/crawler)"
196.251.73.73 - - [19/Oct/2025:13:08:28 -0400] "POST //xmlrpc.php HTTP/2.0" 200 401 "-" "Mozilla/5.0 (Windows NT 10.0; Win64; x64) AppleWebKit/537.36 (KHTML, like Gecko) Chrome/95.0.4638.69 Safari/537.36"
2a03:2880:f800:32:: - - [19/Oct/2025:13:08:27 -0400] "GET /tag/mahira-khan-raees/ HTTP/2.0" 200 449843 "-" "meta-externalagent/1.1 (+https://developers.facebook.com/docs/sharing/webmasters/crawler)"
196.251.73.73 - - [19/Oct/2025:13:08:28 -0400] "POST //xmlrpc.php HTTP/2.0" 200 401 "-" "Mozilla/5.0 (Windows NT 10.0; Win64; x64) AppleWebKit/537.36 (KHTML, like Gecko) Chrome/95.0.4638.69 Safari/537.36"
196.251.73.73 - - [19/Oct/2025:13:08:29 -0400] "POST //xmlrpc.php HTTP/2.0" 200 401 "-" "Mozilla/5.0 (Windows NT 10.0; Win64; x64) AppleWebKit/537.36 (KHTML, like Gecko) Chrome/95.0.4638.69 Safari/537.36"
196.251.73.73 - - [19/Oct/2025:13:08:29 -0400] "POST //xmlrpc.php HTTP/2.0" 200 401 "-" "Mozilla/5.0 (Windows NT 10.0; Win64; x64) AppleWebKit/537.36 (KHTML, like Gecko) Chrome/95.0.4638.69 Safari/537.36"
196.251.73.73 - - [19/Oct/2025:13:08:30 -0400] "POST //xmlrpc.php HTTP/2.0" 200 401 "-" "Mozilla/5.0 (Windows NT 10.0; Win64; x64) AppleWebKit/537.36 (KHTML, like Gecko) Chrome/95.0.4638.69 Safari/537.36"
196.251.73.73 - - [19/Oct/2025:13:08:30 -0400] "POST //xmlrpc.php HTTP/2.0" 200 401 "-" "Mozilla/5.0 (Windows NT 10.0; Win64; x64) AppleWebKit/537.36 (KHTML, like Gecko) Chrome/95.0.4638.69 Safari/537.36"
196.251.73.73 - - [19/Oct/2025:13:08:30 -0400] "POST //xmlrpc.php HTTP/2.0" 200 401 "-" "Mozilla/5.0 (Windows NT 10.0; Win64; x64) AppleWebKit/537.36 (KHTML, like Gecko) Chrome/95.0.4638.69 Safari/537.36"
196.251.73.73 - - [19/Oct/2025:13:08:31 -0400] "POST //xmlrpc.php HTTP/2.0" 200 401 "-" "Mozilla/5.0 (Windows NT 10.0; Win64; x64) AppleWebKit/537.36 (KHTML, like Gecko) Chrome/95.0.4638.69 Safari/537.36"
196.251.73.73 - - [19/Oct/2025:13:08:31 -0400] "POST //xmlrpc.php HTTP/2.0" 200 401 "-" "Mozilla/5.0 (Windows NT 10.0; Win64; x64) AppleWebKit/537.36 (KHTML, like Gecko) Chrome/95.0.4638.69 Safari/537.36"
196.251.73.73 - - [19/Oct/2025:13:08:32 -0400] "POST //xmlrpc.php HTTP/2.0" 200 401 "-" "Mozilla/5.0 (Windows NT 10.0; Win64; x64) AppleWebKit/537.36 (KHTML, like Gecko) Chrome/95.0.4638.69 Safari/537.36"
196.251.73.73 - - [19/Oct/2025:13:08:32 -0400] "POST //xmlrpc.php HTTP/2.0" 200 401 "-" "Mozilla/5.0 (Windows NT 10.0; Win64; x64) AppleWebKit/537.36 (KHTML, like Gecko) Chrome/95.0.4638.69 Safari/537.36"
196.251.73.73 - - [19/Oct/2025:13:08:32 -0400] "POST //xmlrpc.php HTTP/2.0" 200 401 "-" "Mozilla/5.0 (Windows NT 10.0; Win64; x64) AppleWebKit/537.36 (KHTML, like Gecko) Chrome/95.0.4638.69 Safari/537.36"
196.251.73.73 - - [19/Oct/2025:13:08:33 -0400] "POST //xmlrpc.php HTTP/2.0" 200 401 "-" "Mozilla/5.0 (Windows NT 10.0; Win64; x64) AppleWebKit/537.36 (KHTML, like Gecko) Chrome/95.0.4638.69 Safari/537.36"
196.251.73.73 - - [19/Oct/2025:13:08:33 -0400] "POST //xmlrpc.php HTTP/2.0" 200 401 "-" "Mozilla/5.0 (Windows NT 10.0; Win64; x64) AppleWebKit/537.36 (KHTML, like Gecko) Chrome/95.0.4638.69 Safari/537.36"
196.251.73.73 - - [19/Oct/2025:13:08:34 -0400] "POST //xmlrpc.php HTTP/2.0" 200 401 "-" "Mozilla/5.0 (Windows NT 10.0; Win64; x64) AppleWebKit/537.36 (KHTML, like Gecko) Chrome/95.0.4638.69 Safari/537.36"
96.0.24.174 - - [19/Oct/2025:13:08:57 -0400] "POST /xmlrpc.php HTTP/2.0" 200 403 "-" "Mozilla/5.0 (Windows NT 10.0; WOW64) AppleWebKit/537.36 (KHTML, like Gecko) Chrome/114.0.0.0 YaBrowser/22.7.0 Yowser/2.5 Safari/537.36"
96.0.24.174 - - [19/Oct/2025:13:08:58 -0400] "POST /xmlrpc.php HTTP/2.0" 200 403 "-" "Mozilla/5.0 (Windows NT 10.0; WOW64) AppleWebKit/537.36 (KHTML, like Gecko) Chrome/114.0.0.0 YaBrowser/22.7.0 Yowser/2.5 Safari/537.36"
96.0.24.174 - - [19/Oct/2025:13:08:58 -0400] "POST /xmlrpc.php HTTP/2.0" 200 403 "-" "Mozilla/5.0 (Windows NT 10.0; WOW64) AppleWebKit/537.36 (KHTML, like Gecko) Chrome/114.0.0.0 YaBrowser/22.7.0 Yowser/2.5 Safari/537.36"
96.0.24.174 - - [19/Oct/2025:13:08:59 -0400] "POST /xmlrpc.php HTTP/2.0" 200 403 "-" "Mozilla/5.0 (Windows NT 10.0; WOW64) AppleWebKit/537.36 (KHTML, like Gecko) Chrome/114.0.0.0 YaBrowser/22.7.0 Yowser/2.5 Safari/537.36"
183.134.59.131 - - [19/Oct/2025:13:09:04 -0400] "GET /favicon.ico HTTP/2.0" 302 - "-" "Dalvik/2.1.0 (Linux; U; Android 9.0; ZTE BA520 Build/MRA58K)"
213.180.203.146 - - [19/Oct/2025:13:09:03 -0400] "GET /robots.txt HTTP/2.0" 200 112 "-" "Mozilla/5.0 (compatible; YandexBot/3.0; +http://yandex.com/bots)"
183.134.59.131 - - [19/Oct/2025:13:09:05 -0400] "GET /wp-content/uploads/2025/09/blushin-small-logo.png HTTP/2.0" 304 - "-" "Dalvik/2.1.0 (Linux; U; Android 9.0; ZTE BA520 Build/MRA58K)"
66.249.74.107 - - [19/Oct/2025:13:09:05 -0400] "GET /5-lovely-ways-to-impress-your-crush.html HTTP/2.0" 200 449843 "-" "Mozilla/5.0 (Linux; Android 6.0.1; Nexus 5X Build/MMB29P) AppleWebKit/537.36 (KHTML, like Gecko) Chrome/140.0.7339.207 Mobile Safari/537.36 (compatible; GoogleOther)"
51.68.247.193 - - [19/Oct/2025:13:09:33 -0400] "GET /tag/apply-lip-colour/feed/ HTTP/2.0" 200 13024 "-" "Mozilla/5.0 (compatible; AhrefsBot/7.0; +http://ahrefs.com/robot/)"
2a03:2880:f800:22:: - - [19/Oct/2025:13:09:40 -0400] "GET /tag/zayn-malik-talking-about-katrina-kaif/ HTTP/2.0" 200 449843 "-" "meta-externalagent/1.1 (+https://developers.facebook.com/docs/sharing/webmasters/crawler)"
114.119.145.239 - - [19/Oct/2025:13:09:41 -0400] "GET /skinny-jeans-are-harmful-for-your-health/?noamp=mobile& HTTP/2.0" 200 73743 "https://blushin.com/skinny-jeans-are-harmful-for-your-health/?noamp=mobile&" "Mozilla/5.0 (Linux; Android 7.0;) AppleWebKit/537.36 (KHTML, like Gecko) Mobile Safari/537.36 (compatible; PetalBot;+https://webmaster.petalsearch.com/site/petalbot)"
45.176.197.175 - - [19/Oct/2025:13:09:44 -0400] "GET /tschatelnyj-issledovanie-funktsionala-onlajnkazino/ HTTP/2.0" 200 340170 "-" "Mozilla/5.0 (Windows NT 6.3; WOW64) AppleWebKit/537.36 (KHTML, like Gecko) Chrome/75.0.3770.100 ADG/11.0.2566 AOLBUILD/11.0.2566 Safari/537.36"
66.249.74.107 - - [19/Oct/2025:13:09:47 -0400] "GET /feeds HTTP/2.0" 200 449843 "-" "Mozilla/5.0 (compatible; Googlebot/2.1; +http://www.google.com/bot.html)"
5.39.1.249 - - [19/Oct/2025:13:10:10 -0400] "GET /tag/should-you-cover-a-burn-or-let-it-breathe/feed/ HTTP/2.0" 200 9712 "-" "Mozilla/5.0 (compatible; AhrefsBot/7.0; +http://ahrefs.com/robot/)"
2a03:2880:f800:b:: - - [19/Oct/2025:13:10:16 -0400] "GET /aloo-tikki-frankie-recipe/ HTTP/2.0" 200 449843 "-" "meta-externalagent/1.1 (+https://developers.facebook.com/docs/sharing/webmasters/crawler)"
2a03:2880:f800:c:: - - [19/Oct/2025:13:10:52 -0400] "GET /health-benefits-and-side-effects-of-walnut/ HTTP/2.0" 200 449843 "-" "meta-externalagent/1.1 (+https://developers.facebook.com/docs/sharing/webmasters/crawler)"
114.119.140.79 - - [19/Oct/2025:13:10:59 -0400] "GET /img_0108-2/ HTTP/2.0" 200 48505 "https://blushin.com/img_0108-3/" "Mozilla/5.0 (Linux; Android 7.0;) AppleWebKit/537.36 (KHTML, like Gecko) Mobile Safari/537.36 (compatible; PetalBot;+https://webmaster.petalsearch.com/site/petalbot)"
92.222.108.127 - - [19/Oct/2025:13:11:25 -0400] "GET /tag/elle-18-lipsticks/feed/ HTTP/2.0" 200 7368 "-" "Mozilla/5.0 (compatible; AhrefsBot/7.0; +http://ahrefs.com/robot/)"
216.244.66.235 - - [19/Oct/2025:13:11:41 -0400] "GET /tag/drinking-castor-oil-to-lose-weight/feed/ HTTP/2.0" 200 449843 "-" "Mozilla/5.0 (compatible; DotBot/1.2; +https://opensiteexplorer.org/dotbot; [email protected])"
216.244.66.235 - - [19/Oct/2025:13:11:49 -0400] "GET /try-beer-for-all-your-hair-and-skin-related-woes/ HTTP/2.0" 200 449843 "-" "Mozilla/5.0 (compatible; DotBot/1.2; +https://opensiteexplorer.org/dotbot; [email protected])"
216.244.66.235 - - [19/Oct/2025:13:11:53 -0400] "GET /tag/after-how-many-days-pregnancy-test-can-be-done-after-missed-period/ HTTP/2.0" 200 449843 "-" "Mozilla/5.0 (compatible; DotBot/1.2; +https://opensiteexplorer.org/dotbot; [email protected])"
2a03:2880:f800:3f:: - - [19/Oct/2025:13:12:03 -0400] "GET /beauty-tips-for-brides/ HTTP/2.0" 200 449843 "-" "meta-externalagent/1.1 (+https://developers.facebook.com/docs/sharing/webmasters/crawler)"
216.244.66.235 - - [19/Oct/2025:13:12:04 -0400] "GET /tag/chilli-chicken-recipe-in-bengali-video/ HTTP/2.0" 200 449843 "-" "Mozilla/5.0 (compatible; DotBot/1.2; +https://opensiteexplorer.org/dotbot; [email protected])"
216.244.66.235 - - [19/Oct/2025:13:12:13 -0400] "GET /tag/dhani-barfi-recipe/ HTTP/2.0" 200 449843 "-" "Mozilla/5.0 (compatible; DotBot/1.2; +https://opensiteexplorer.org/dotbot; [email protected])"
114.119.145.88 - - [19/Oct/2025:13:12:19 -0400] "GET /how-to-get-a-natural-glow-of-body-polishing-at-home/ HTTP/2.0" 200 75706 "https://blushin.com/recipe-how-to-make-handi-paneer/?amp" "Mozilla/5.0 (Linux; Android 7.0;) AppleWebKit/537.36 (KHTML, like Gecko) Mobile Safari/537.36 (compatible; PetalBot;+https://webmaster.petalsearch.com/site/petalbot)"
216.244.66.235 - - [19/Oct/2025:13:12:21 -0400] "GET /tag/essential-oils-for-fair-glowing-skin/ HTTP/2.0" 200 449843 "-" "Mozilla/5.0 (compatible; DotBot/1.2; +https://opensiteexplorer.org/dotbot; [email protected])"
20.171.207.64 - - [19/Oct/2025:13:12:22 -0400] "GET /4-types-of-eyeliner-which-one-should-you-buy/ HTTP/2.0" 200 449843 "-" "Mozilla/5.0 AppleWebKit/537.36 (KHTML, like Gecko; compatible; GPTBot/1.2; +https://openai.com/gptbot)"
216.244.66.235 - - [19/Oct/2025:13:12:30 -0400] "GET /tag/essential-oils-for-love-making/ HTTP/2.0" 200 449843 "-" "Mozilla/5.0 (compatible; DotBot/1.2; +https://opensiteexplorer.org/dotbot; [email protected])"
216.244.66.235 - - [19/Oct/2025:13:12:37 -0400] "GET /tag/funny-movies-to-watch-with-your-girlfriend/ HTTP/2.0" 200 449843 "-" "Mozilla/5.0 (compatible; DotBot/1.2; +https://opensiteexplorer.org/dotbot; [email protected])"
2a03:2880:f800:42:: - - [19/Oct/2025:13:12:40 -0400] "GET /tag/studs-for-small-face-and-nose/ HTTP/2.0" 200 449843 "-" "meta-externalagent/1.1 (+https://developers.facebook.com/docs/sharing/webmasters/crawler)"
2a03:2880:f800:18:: - - [19/Oct/2025:13:12:40 -0400] "GET /author/tanzeem/ HTTP/2.0" 200 449843 "-" "meta-externalagent/1.1 (+https://developers.facebook.com/docs/sharing/webmasters/crawler)"
2a03:2880:f800:3:: - - [19/Oct/2025:13:12:41 -0400] "GET /try-simple-crispy-tofu-stick-recipe-home/ HTTP/2.0" 200 449843 "-" "meta-externalagent/1.1 (+https://developers.facebook.com/docs/sharing/webmasters/crawler)"
216.244.66.235 - - [19/Oct/2025:13:12:44 -0400] "GET /tag/home-treatment-for-hair-fungus-infection/ HTTP/2.0" 200 449843 "-" "Mozilla/5.0 (compatible; DotBot/1.2; +https://opensiteexplorer.org/dotbot; [email protected])"
54.37.118.75 - - [19/Oct/2025:13:12:49 -0400] "GET /tag/selfie-of-bollywood-actress/feed/ HTTP/2.0" 200 73137 "-" "Mozilla/5.0 (compatible; AhrefsBot/7.0; +http://ahrefs.com/robot/)"
216.244.66.235 - - [19/Oct/2025:13:12:53 -0400] "GET /tag/how-to-get-fairer-skin-overnight-naturally/ HTTP/2.0" 200 449843 "-" "Mozilla/5.0 (compatible; DotBot/1.2; +https://opensiteexplorer.org/dotbot; [email protected])"
213.180.203.178 - - [19/Oct/2025:13:12:59 -0400] "GET /8-incredible-health-benefits-sparkling-mineral-water/ HTTP/2.0" 200 310604 "-" "Mozilla/5.0 (compatible; YandexBot/3.0; +http://yandex.com/bots)"
216.244.66.235 - - [19/Oct/2025:13:13:03 -0400] "GET /tag/how-to-make-paneer-biryani/ HTTP/2.0" 200 449843 "-" "Mozilla/5.0 (compatible; DotBot/1.2; +https://opensiteexplorer.org/dotbot; [email protected])"
216.244.66.235 - - [19/Oct/2025:13:13:13 -0400] "GET /tag/indian-film-producer/ HTTP/2.0" 200 449843 "-" "Mozilla/5.0 (compatible; DotBot/1.2; +https://opensiteexplorer.org/dotbot; [email protected])"
2a03:2880:f800:27:: - - [19/Oct/2025:13:13:16 -0400] "GET /tag/henna-body-art-pictures/ HTTP/2.0" 200 449843 "-" "meta-externalagent/1.1 (+https://developers.facebook.com/docs/sharing/webmasters/crawler)"
2a03:2880:f800:9:: - - [19/Oct/2025:13:13:16 -0400] "GET /seviyan-recipe-dessert-recipe/ HTTP/2.0" 200 449843 "-" "meta-externalagent/1.1 (+https://developers.facebook.com/docs/sharing/webmasters/crawler)"
216.244.66.235 - - [19/Oct/2025:13:13:22 -0400] "GET /tag/manjulas-kitchen-coconut-ladoo/ HTTP/2.0" 200 449843 "-" "Mozilla/5.0 (compatible; DotBot/1.2; +https://opensiteexplorer.org/dotbot; [email protected])"
216.244.66.235 - - [19/Oct/2025:13:13:32 -0400] "GET /tag/orgasm-tips/ HTTP/2.0" 200 449843 "-" "Mozilla/5.0 (compatible; DotBot/1.2; +https://opensiteexplorer.org/dotbot; [email protected])"
216.244.66.235 - - [19/Oct/2025:13:13:40 -0400] "GET /tag/paneer-kabab-vahrehvah/ HTTP/2.0" 200 449843 "-" "Mozilla/5.0 (compatible; DotBot/1.2; +https://opensiteexplorer.org/dotbot; [email protected])"
216.244.66.235 - - [19/Oct/2025:13:13:47 -0400] "GET /tag/papaya-leaf-juice-benefits/ HTTP/2.0" 200 449843 "-" "Mozilla/5.0 (compatible; DotBot/1.2; +https://opensiteexplorer.org/dotbot; [email protected])"
114.119.131.42 - - [19/Oct/2025:13:13:48 -0400] "GET /disha-patani-hot-swimsuit-pics/ HTTP/2.0" 200 75166 "https://blushin.com/category/entertainment/celeb-talk/hots/page/5/" "Mozilla/5.0 (Linux; Android 7.0;) AppleWebKit/537.36 (KHTML, like Gecko) Mobile Safari/537.36 (compatible; PetalBot;+https://webmaster.petalsearch.com/site/petalbot)"
216.244.66.235 - - [19/Oct/2025:13:13:54 -0400] "GET /tag/punjabi-kala-chana-masala/ HTTP/2.0" 200 449843 "-" "Mozilla/5.0 (compatible; DotBot/1.2; +https://opensiteexplorer.org/dotbot; [email protected])"
216.244.66.235 - - [19/Oct/2025:13:14:01 -0400] "GET /tag/rainy-season-hacks-for-long-lasting-makeup/ HTTP/2.0" 200 449843 "-" "Mozilla/5.0 (compatible; DotBot/1.2; +https://opensiteexplorer.org/dotbot; [email protected])"
66.249.74.101 - - [19/Oct/2025:13:14:07 -0400] "GET /heres-why-you-should-never-fall-in-love-with-your-best-friend HTTP/2.0" 200 449843 "-" "Mozilla/5.0 (Linux; Android 6.0.1; Nexus 5X Build/MMB29P) AppleWebKit/537.36 (KHTML, like Gecko) Chrome/140.0.7339.207 Mobile Safari/537.36 (compatible; Googlebot/2.1; +http://www.google.com/bot.html)"
216.244.66.235 - - [19/Oct/2025:13:14:13 -0400] "GET /tag/rose-water-eye-drops/ HTTP/2.0" 200 449843 "-" "Mozilla/5.0 (compatible; DotBot/1.2; +https://opensiteexplorer.org/dotbot; [email protected])"
213.180.203.178 - - [19/Oct/2025:13:14:23 -0400] "GET /health-hack-top-8-ways-prevent-cold-flu.html HTTP/2.0" 404 181138 "-" "Mozilla/5.0 (compatible; YandexBot/3.0; +http://yandex.com/bots)"
216.244.66.235 - - [19/Oct/2025:13:14:22 -0400] "GET /tag/rug-styling-tips/ HTTP/2.0" 200 449843 "-" "Mozilla/5.0 (compatible; DotBot/1.2; +https://opensiteexplorer.org/dotbot; [email protected])"
2a03:2880:f800:25:: - - [19/Oct/2025:13:14:27 -0400] "GET /kadai-mutton-recipe/ HTTP/2.0" 200 449843 "-" "meta-externalagent/1.1 (+https://developers.facebook.com/docs/sharing/webmasters/crawler)"
216.244.66.235 - - [19/Oct/2025:13:14:31 -0400] "GET /tag/shahnaz-hussain-beauty-tips-for-pimples/ HTTP/2.0" 200 449843 "-" "Mozilla/5.0 (compatible; DotBot/1.2; +https://opensiteexplorer.org/dotbot; [email protected])"
216.244.66.235 - - [19/Oct/2025:13:14:39 -0400] "GET /tag/things-i-could-do-with-lotion/ HTTP/2.0" 200 449843 "-" "Mozilla/5.0 (compatible; DotBot/1.2; +https://opensiteexplorer.org/dotbot; [email protected])"
51.68.247.222 - - [19/Oct/2025:13:14:41 -0400] "GET /tag/burn-blister-on-finger/feed/ HTTP/2.0" 200 9655 "-" "Mozilla/5.0 (compatible; AhrefsBot/7.0; +http://ahrefs.com/robot/)"
216.244.66.235 - - [19/Oct/2025:13:14:47 -0400] "GET /tag/to-reduce-breast-size/ HTTP/2.0" 200 449843 "-" "Mozilla/5.0 (compatible; DotBot/1.2; +https://opensiteexplorer.org/dotbot; [email protected])"
91.92.240.187 - - [19/Oct/2025:13:14:54 -0400] "POST /wp-login.php?action=register HTTP/2.0" 302 - "-" "-"
91.92.240.187 - - [19/Oct/2025:13:14:55 -0400] "POST /wp-login.php?action=register HTTP/2.0" 302 - "-" "-"
91.92.240.187 - - [19/Oct/2025:13:14:56 -0400] "POST /wp-login.php?action=register HTTP/2.0" 302 - "-" "-"
216.244.66.235 - - [19/Oct/2025:13:14:55 -0400] "GET /tag/toilet-movie-download/ HTTP/2.0" 200 449843 "-" "Mozilla/5.0 (compatible; DotBot/1.2; +https://opensiteexplorer.org/dotbot; [email protected])"
91.92.240.187 - - [19/Oct/2025:13:14:57 -0400] "POST /wp-login.php?action=register HTTP/2.0" 302 - "-" "-"
91.92.240.187 - - [19/Oct/2025:13:14:58 -0400] "POST /wp-login.php?action=register HTTP/2.0" 302 - "-" "-"
91.92.240.187 - - [19/Oct/2025:13:14:59 -0400] "POST /wp-login.php?action=register HTTP/2.0" 302 - "-" "-"
91.92.240.187 - - [19/Oct/2025:13:15:00 -0400] "POST /wp-login.php?action=register HTTP/2.0" 302 - "-" "-"
91.92.240.187 - - [19/Oct/2025:13:15:01 -0400] "POST /wp-login.php?action=register HTTP/2.0" 302 - "-" "-"
91.92.240.187 - - [19/Oct/2025:13:15:03 -0400] "POST /wp-login.php?action=register HTTP/2.0" 302 - "-" "-"
91.92.240.187 - - [19/Oct/2025:13:15:04 -0400] "POST /wp-login.php?action=register HTTP/2.0" 302 - "-" "-"
216.244.66.235 - - [19/Oct/2025:13:15:04 -0400] "GET /tag/unhealthy-habits-that-are-affecting-your-skin/ HTTP/2.0" 200 449843 "-" "Mozilla/5.0 (compatible; DotBot/1.2; +https://opensiteexplorer.org/dotbot; [email protected])"
91.92.240.187 - - [19/Oct/2025:13:15:05 -0400] "POST /wp-login.php?action=register HTTP/2.0" 302 - "-" "-"
91.92.240.187 - - [19/Oct/2025:13:15:06 -0400] "POST /wp-login.php?action=register HTTP/2.0" 302 - "-" "-"
91.92.240.187 - - [19/Oct/2025:13:15:07 -0400] "POST /wp-login.php?action=register HTTP/2.0" 302 - "-" "-"
91.92.240.187 - - [19/Oct/2025:13:15:08 -0400] "POST /wp-login.php?action=register HTTP/2.0" 302 - "-" "-"
91.92.240.187 - - [19/Oct/2025:13:15:09 -0400] "POST /wp-login.php?action=register HTTP/2.0" 302 - "-" "-"
91.92.240.187 - - [19/Oct/2025:13:15:10 -0400] "POST /wp-login.php?action=register HTTP/2.0" 302 - "-" "-"
91.92.240.187 - - [19/Oct/2025:13:15:12 -0400] "POST /wp-login.php?action=register HTTP/2.0" 302 - "-" "-"
216.244.66.235 - - [19/Oct/2025:13:15:12 -0400] "GET /tag/vidya-balans-weight-loss-secret/ HTTP/2.0" 200 449843 "-" "Mozilla/5.0 (compatible; DotBot/1.2; +https://opensiteexplorer.org/dotbot; [email protected])"
91.92.240.187 - - [19/Oct/2025:13:15:13 -0400] "POST /wp-login.php?action=register HTTP/2.0" 302 - "-" "-"
91.92.240.187 - - [19/Oct/2025:13:15:14 -0400] "POST /wp-login.php?action=register HTTP/2.0" 302 - "-" "-"
91.92.240.187 - - [19/Oct/2025:13:15:15 -0400] "POST /wp-login.php?action=register HTTP/2.0" 302 - "-" "-"
91.92.240.187 - - [19/Oct/2025:13:15:16 -0400] "POST /wp-login.php?action=register HTTP/2.0" 302 - "-" "-"
91.92.240.187 - - [19/Oct/2025:13:15:17 -0400] "POST /wp-login.php?action=register HTTP/2.0" 302 - "-" "-"
91.92.240.187 - - [19/Oct/2025:13:15:18 -0400] "POST /wp-login.php?action=register HTTP/2.0" 302 - "-" "-"
91.92.240.187 - - [19/Oct/2025:13:15:19 -0400] "POST /wp-login.php?action=register HTTP/2.0" 302 - "-" "-"
216.244.66.235 - - [19/Oct/2025:13:15:19 -0400] "GET /tag/wedding-mandaps-decorations/ HTTP/2.0" 200 449843 "-" "Mozilla/5.0 (compatible; DotBot/1.2; +https://opensiteexplorer.org/dotbot; [email protected])"
91.92.240.187 - - [19/Oct/2025:13:15:20 -0400] "POST /wp-login.php?action=register HTTP/2.0" 302 - "-" "-"
91.92.240.187 - - [19/Oct/2025:13:15:21 -0400] "POST /wp-login.php?action=register HTTP/2.0" 302 - "-" "-"
91.92.240.187 - - [19/Oct/2025:13:15:22 -0400] "POST /wp-login.php?action=register HTTP/2.0" 302 - "-" "-"
91.92.240.187 - - [19/Oct/2025:13:15:23 -0400] "POST /wp-login.php?action=register HTTP/2.0" 302 - "-" "-"
91.92.240.187 - - [19/Oct/2025:13:15:24 -0400] "POST /wp-login.php?action=register HTTP/2.0" 302 - "-" "-"
91.92.240.187 - - [19/Oct/2025:13:15:25 -0400] "POST /wp-login.php?action=register HTTP/2.0" 302 - "-" "-"
91.92.240.187 - - [19/Oct/2025:13:15:26 -0400] "POST /wp-login.php?action=register HTTP/2.0" 302 - "-" "-"
91.92.240.187 - - [19/Oct/2025:13:15:27 -0400] "POST /wp-login.php?action=register HTTP/2.0" 302 - "-" "-"
91.92.240.187 - - [19/Oct/2025:13:15:28 -0400] "POST /wp-login.php?action=register HTTP/2.0" 302 - "-" "-"
91.92.240.187 - - [19/Oct/2025:13:15:29 -0400] "POST /wp-login.php?action=register HTTP/2.0" 302 - "-" "-"
216.244.66.235 - - [19/Oct/2025:13:15:28 -0400] "GET /tag/what-girls-should-not-do-in-public/ HTTP/2.0" 200 449843 "-" "Mozilla/5.0 (compatible; DotBot/1.2; +https://opensiteexplorer.org/dotbot; [email protected])"
91.92.240.187 - - [19/Oct/2025:13:15:30 -0400] "POST /wp-login.php?action=register HTTP/2.0" 302 - "-" "-"
91.92.240.187 - - [19/Oct/2025:13:15:31 -0400] "POST /wp-login.php?action=register HTTP/2.0" 302 - "-" "-"
91.92.240.187 - - [19/Oct/2025:13:15:32 -0400] "POST /wp-login.php?action=register HTTP/2.0" 302 - "-" "-"
92.222.104.215 - - [19/Oct/2025:13:15:33 -0400] "GET /bet-188-920/ HTTP/2.0" 200 305872 "-" "Mozilla/5.0 (compatible; AhrefsBot/7.0; +http://ahrefs.com/robot/)"
91.92.240.187 - - [19/Oct/2025:13:15:35 -0400] "POST /wp-login.php?action=register HTTP/2.0" 302 - "-" "-"
216.244.66.235 - - [19/Oct/2025:13:15:35 -0400] "GET /tag/aloo-pakora-recipe/ HTTP/2.0" 200 449843 "-" "Mozilla/5.0 (compatible; DotBot/1.2; +https://opensiteexplorer.org/dotbot; [email protected])"
91.92.240.187 - - [19/Oct/2025:13:15:37 -0400] "POST /wp-login.php?action=register HTTP/2.0" 302 - "-" "-"
91.92.240.187 - - [19/Oct/2025:13:15:38 -0400] "POST /wp-login.php?action=register HTTP/2.0" 302 - "-" "-"
91.92.240.187 - - [19/Oct/2025:13:15:39 -0400] "POST /wp-login.php?action=register HTTP/2.0" 302 - "-" "-"
2a03:2880:f800:f:: - - [19/Oct/2025:13:15:39 -0400] "GET /6-tips-to-maintain-a-healthy-relationship-with-your-in-laws/ HTTP/2.0" 200 449843 "-" "meta-externalagent/1.1 (+https://developers.facebook.com/docs/sharing/webmasters/crawler)"
91.92.240.187 - - [19/Oct/2025:13:15:41 -0400] "POST /wp-login.php?action=register HTTP/2.0" 302 - "-" "-"
91.92.240.187 - - [19/Oct/2025:13:15:42 -0400] "POST /wp-login.php?action=register HTTP/2.0" 302 - "-" "-"
91.92.240.187 - - [19/Oct/2025:13:15:43 -0400] "POST /wp-login.php?action=register HTTP/2.0" 302 - "-" "-"
91.92.240.187 - - [19/Oct/2025:13:15:44 -0400] "POST /wp-login.php?action=register HTTP/2.0" 302 - "-" "-"
91.92.240.187 - - [19/Oct/2025:13:15:45 -0400] "POST /wp-login.php?action=register HTTP/2.0" 302 - "-" "-"
91.92.240.187 - - [19/Oct/2025:13:15:46 -0400] "POST /wp-login.php?action=register HTTP/2.0" 302 - "-" "-"
91.92.240.187 - - [19/Oct/2025:13:15:47 -0400] "POST /wp-login.php?action=register HTTP/2.0" 302 - "-" "-"
91.92.240.187 - - [19/Oct/2025:13:15:48 -0400] "POST /wp-login.php?action=register HTTP/2.0" 302 - "-" "-"
91.92.240.187 - - [19/Oct/2025:13:15:49 -0400] "POST /wp-login.php?action=register HTTP/2.0" 302 - "-" "-"
91.92.240.187 - - [19/Oct/2025:13:15:51 -0400] "POST /wp-login.php?action=register HTTP/2.0" 302 - "-" "-"
91.92.240.187 - - [19/Oct/2025:13:15:52 -0400] "POST /wp-login.php?action=register HTTP/2.0" 302 - "-" "-"
216.244.66.235 - - [19/Oct/2025:13:15:51 -0400] "GET /tag/baywatch-trailer-original-baywatch-trailor-download/ HTTP/2.0" 200 449843 "-" "Mozilla/5.0 (compatible; DotBot/1.2; +https://opensiteexplorer.org/dotbot; [email protected])"
91.92.240.187 - - [19/Oct/2025:13:15:53 -0400] "POST /wp-login.php?action=register HTTP/2.0" 302 - "-" "-"
40.77.167.235 - - [19/Oct/2025:13:15:52 -0400] "GET /tag/things-that-reflect-your-personality/ HTTP/2.0" 200 449843 "-" "Mozilla/5.0 AppleWebKit/537.36 (KHTML, like Gecko; compatible; bingbot/2.0; +http://www.bing.com/bingbot.htm) Chrome/116.0.1938.76 Safari/537.36"
91.92.240.187 - - [19/Oct/2025:13:15:54 -0400] "POST /wp-login.php?action=register HTTP/2.0" 302 - "-" "-"
91.92.240.187 - - [19/Oct/2025:13:15:55 -0400] "POST /wp-login.php?action=register HTTP/2.0" 302 - "-" "-"
91.92.240.187 - - [19/Oct/2025:13:15:55 -0400] "POST /wp-login.php?action=register HTTP/2.0" 302 - "-" "-"
91.92.240.187 - - [19/Oct/2025:13:15:57 -0400] "POST /wp-login.php?action=register HTTP/2.0" 302 - "-" "-"
91.92.240.187 - - [19/Oct/2025:13:15:57 -0400] "POST /wp-login.php?action=register HTTP/2.0" 302 - "-" "-"
91.92.240.187 - - [19/Oct/2025:13:15:58 -0400] "POST /wp-login.php?action=register HTTP/2.0" 302 - "-" "-"
91.92.240.187 - - [19/Oct/2025:13:15:59 -0400] "POST /wp-login.php?action=register HTTP/2.0" 302 - "-" "-"
91.92.240.187 - - [19/Oct/2025:13:16:00 -0400] "POST /wp-login.php?action=register HTTP/2.0" 302 - "-" "-"
91.92.240.187 - - [19/Oct/2025:13:16:01 -0400] "POST /wp-login.php?action=register HTTP/2.0" 302 - "-" "-"
91.92.240.187 - - [19/Oct/2025:13:16:03 -0400] "POST /wp-login.php?action=register HTTP/2.0" 302 - "-" "-"
112.134.159.16 - - [19/Oct/2025:13:16:03 -0400] "GET /category/hellspin-kod-bonusowy-bez-depozytu-787/ HTTP/2.0" 200 217127 "-" "Mozilla/5.0 (Macintosh; Intel Mac OS X 10_15_7) AppleWebKit/537.36 (KHTML, like Gecko) Chrome/92.0.4515.159 Safari/537.36"
216.244.66.235 - - [19/Oct/2025:13:16:02 -0400] "GET /tag/beauty-hacks-youtube/ HTTP/2.0" 200 449843 "-" "Mozilla/5.0 (compatible; DotBot/1.2; +https://opensiteexplorer.org/dotbot; [email protected])"
91.92.240.187 - - [19/Oct/2025:13:16:04 -0400] "POST /wp-login.php?action=register HTTP/2.0" 302 - "-" "-"
91.92.240.187 - - [19/Oct/2025:13:16:05 -0400] "POST /wp-login.php?action=register HTTP/2.0" 302 - "-" "-"
91.92.240.187 - - [19/Oct/2025:13:16:06 -0400] "POST /wp-login.php?action=register HTTP/2.0" 302 - "-" "-"
91.92.240.187 - - [19/Oct/2025:13:16:07 -0400] "POST /wp-login.php?action=register HTTP/2.0" 302 - "-" "-"
2a06:98c0:3600::103 - - [19/Oct/2025:13:16:07 -0400] "GET / HTTP/2.0" 200 226125 "-" "Mozilla/5.0 (X11; Linux x86_64) AppleWebKit/537.36 (KHTML, like Gecko) Chrome/118.0.5993.117 Safari/537.36 FastmailUA/1.0"
91.92.240.187 - - [19/Oct/2025:13:16:08 -0400] "POST /wp-login.php?action=register HTTP/2.0" 302 - "-" "-"
2a06:98c0:3600::103 - - [19/Oct/2025:13:16:09 -0400] "GET /wp-content/uploads/2025/09/blushin-small-logo.png HTTP/2.0" 200 20599 "-" "Mozilla/5.0 (X11; Linux x86_64) AppleWebKit/537.36 (KHTML, like Gecko) Chrome/118.0.5993.117 Safari/537.36 FastmailUA/1.0"
91.92.240.187 - - [19/Oct/2025:13:16:09 -0400] "POST /wp-login.php?action=register HTTP/2.0" 302 - "-" "-"
91.92.240.187 - - [19/Oct/2025:13:16:10 -0400] "POST /wp-login.php?action=register HTTP/2.0" 302 - "-" "-"
91.92.240.187 - - [19/Oct/2025:13:16:11 -0400] "POST /wp-login.php?action=register HTTP/2.0" 302 - "-" "-"
91.92.240.187 - - [19/Oct/2025:13:16:12 -0400] "POST /wp-login.php?action=register HTTP/2.0" 302 - "-" "-"
91.92.240.187 - - [19/Oct/2025:13:16:13 -0400] "POST /wp-login.php?action=register HTTP/2.0" 302 - "-" "-"
162.235.192.182 - - [19/Oct/2025:13:16:12 -0400] "GET /casino-nv-343/ HTTP/2.0" 200 449843 "-" "Mozilla/5.0 (iPad; CPU iPad OS 2_2_1 like Mac OS X) AppleWebKit/532.1 (KHTML, like Gecko) FxiOS/15.5k8708.0 Mobile/67G783 Safari/532.1"
