114.130.157.47 - - [19/Oct/2025:11:47:01 -0400] "GET /wp-content/uploads/missionary-animated.gif HTTP/1.1" 200 163597 "https://www.google.com/" "Mozilla/5.0 (Linux; Android 10; M2003J15SC Build/QP1A.190711.020; wv) AppleWebKit/537.36 (KHTML, like Gecko) Version/4.0 Chrome/140.0.7339.207 Mobile Safari/537.36 GoogleApp/16.40.23.ve.arm64"
40.77.167.44 - - [19/Oct/2025:11:52:01 -0400] "GET /designerstoy/ HTTP/1.1" 200 3 "-" "Mozilla/5.0 AppleWebKit/537.36 (KHTML, like Gecko; compatible; bingbot/2.0; +http://www.bing.com/bingbot.htm) Chrome/116.0.1938.76 Safari/537.36"
2003:da:6710:9900:28c3:ee90:d2f6:7bf8 - - [19/Oct/2025:11:52:06 -0400] "GET /wp-content/uploads/speed-bump-animated.gif HTTP/1.1" 304 - "https://www.google.com/" "Mozilla/5.0 (iPhone; CPU iPhone OS 26_0_1 like Mac OS X) AppleWebKit/605.1.15 (KHTML, like Gecko) GSA/388.0.811331708 Mobile/23A355 Safari/604.1"
41.114.158.57 - - [19/Oct/2025:11:52:06 -0400] "GET /wp-content/uploads/doggy-style-animated.gif HTTP/1.1" 304 - "https://www.google.com/" "Mozilla/5.0 (iPhone; CPU iPhone OS 18_3_1 like Mac OS X) AppleWebKit/605.1.15 (KHTML, like Gecko) Version/18.3 Mobile/15E148 Safari/604.1"
2a02:810b:4786:500:5c54:c2c6:f116:719d - - [19/Oct/2025:11:52:09 -0400] "GET /doggy-style/ HTTP/1.1" 200 102754 "https://www.google.com/" "Mozilla/5.0 (Linux; Android 10; K) AppleWebKit/537.36 (KHTML, like Gecko) Chrome/141.0.0.0 Mobile Safari/537.36"
2a02:810b:4786:500:5c54:c2c6:f116:719d - - [19/Oct/2025:11:52:10 -0400] "GET /wp-content/uploads/eiffel-tower-animated.gif HTTP/1.1" 304 - "https://sexpositions.online/doggy-style/" "Mozilla/5.0 (Linux; Android 10; K) AppleWebKit/537.36 (KHTML, like Gecko) Chrome/141.0.0.0 Mobile Safari/537.36"
2a02:810b:4786:500:5c54:c2c6:f116:719d - - [19/Oct/2025:11:52:10 -0400] "GET /wp-content/uploads/upward-dog-animated.gif HTTP/1.1" 304 - "https://sexpositions.online/doggy-style/" "Mozilla/5.0 (Linux; Android 10; K) AppleWebKit/537.36 (KHTML, like Gecko) Chrome/141.0.0.0 Mobile Safari/537.36"
2a02:810b:4786:500:5c54:c2c6:f116:719d - - [19/Oct/2025:11:52:10 -0400] "GET /wp-includes/js/wp-emoji-release.min.js?ver=6.8.3 HTTP/1.1" 304 - "https://sexpositions.online/doggy-style/" "Mozilla/5.0 (Linux; Android 10; K) AppleWebKit/537.36 (KHTML, like Gecko) Chrome/141.0.0.0 Mobile Safari/537.36"
2a09:bac3:3818:26c8::3dd:36 - - [19/Oct/2025:11:52:10 -0400] "GET / HTTP/1.1" 200 125069 "https://www.google.com/" "Mozilla/5.0 (iPhone; CPU iPhone OS 18_7 like Mac OS X) AppleWebKit/605.1.15 (KHTML, like Gecko) Version/26.0.1 Mobile/15E148 Safari/604.1"
2a09:bac3:3818:26c8::3dd:36 - - [19/Oct/2025:11:52:11 -0400] "GET /wp-content/uploads/banner.jpg HTTP/1.1" 304 - "https://sexpositions.online/" "Mozilla/5.0 (iPhone; CPU iPhone OS 18_7 like Mac OS X) AppleWebKit/605.1.15 (KHTML, like Gecko) Version/26.0.1 Mobile/15E148 Safari/604.1"
2a09:bac3:3818:26c8::3dd:36 - - [19/Oct/2025:11:52:14 -0400] "GET /wp-content/uploads/amazon-animated.gif HTTP/1.1" 304 - "https://sexpositions.online/" "Mozilla/5.0 (iPhone; CPU iPhone OS 18_7 like Mac OS X) AppleWebKit/605.1.15 (KHTML, like Gecko) Version/26.0.1 Mobile/15E148 Safari/604.1"
2a02:810b:4786:500:5c54:c2c6:f116:719d - - [19/Oct/2025:11:52:18 -0400] "GET /wp-content/uploads/flatiron-animated.gif HTTP/1.1" 304 - "https://sexpositions.online/doggy-style/" "Mozilla/5.0 (Linux; Android 10; K) AppleWebKit/537.36 (KHTML, like Gecko) Chrome/141.0.0.0 Mobile Safari/537.36"
2a02:810b:4786:500:5c54:c2c6:f116:719d - - [19/Oct/2025:11:52:19 -0400] "GET /wp-content/uploads/downward-dog-animated-1.gif HTTP/1.1" 304 - "https://sexpositions.online/doggy-style/" "Mozilla/5.0 (Linux; Android 10; K) AppleWebKit/537.36 (KHTML, like Gecko) Chrome/141.0.0.0 Mobile Safari/537.36"
66.116.199.115 - - [19/Oct/2025:11:52:21 -0400] "POST /wp-cron.php?doing_wp_cron=1760889141.6270298957824707031250 HTTP/1.1" 200 - "-" "WordPress/6.8.3; https://sexpositions.online"
2401:4900:8fdd:3b32:7888:978d:5a55:2524 - - [19/Oct/2025:11:52:21 -0400] "GET /oral/cunnilingus/ HTTP/1.1" 200 104753 "https://sexpositions.online/" "Mozilla/5.0 (Linux; Android 10; K) AppleWebKit/537.36 (KHTML, like Gecko) Chrome/141.0.0.0 Mobile Safari/537.36"
2401:4900:8fdd:3b32:7888:978d:5a55:2524 - - [19/Oct/2025:11:52:22 -0400] "GET /wp-content/uploads/back-bend-animated.gif HTTP/1.1" 304 - "https://sexpositions.online/oral/cunnilingus/" "Mozilla/5.0 (Linux; Android 10; K) AppleWebKit/537.36 (KHTML, like Gecko) Chrome/141.0.0.0 Mobile Safari/537.36"
2a02:810b:4786:500:5c54:c2c6:f116:719d - - [19/Oct/2025:11:52:27 -0400] "GET /wp-content/uploads/turtle-animated.gif HTTP/1.1" 304 - "https://sexpositions.online/doggy-style/" "Mozilla/5.0 (Linux; Android 10; K) AppleWebKit/537.36 (KHTML, like Gecko) Chrome/141.0.0.0 Mobile Safari/537.36"
2401:4900:8fdd:3b32:7888:978d:5a55:2524 - - [19/Oct/2025:11:52:30 -0400] "GET /wp-content/uploads/the-tumbler-animated.gif HTTP/1.1" 304 - "https://sexpositions.online/oral/cunnilingus/" "Mozilla/5.0 (Linux; Android 10; K) AppleWebKit/537.36 (KHTML, like Gecko) Chrome/141.0.0.0 Mobile Safari/537.36"
2a02:810b:4786:500:5c54:c2c6:f116:719d - - [19/Oct/2025:11:52:32 -0400] "GET /wp-content/uploads/lazy-dog-animated-1.gif HTTP/1.1" 304 - "https://sexpositions.online/doggy-style/" "Mozilla/5.0 (Linux; Android 10; K) AppleWebKit/537.36 (KHTML, like Gecko) Chrome/141.0.0.0 Mobile Safari/537.36"
2a02:810b:4786:500:5c54:c2c6:f116:719d - - [19/Oct/2025:11:52:38 -0400] "GET /wp-content/uploads/frog-animated.gif HTTP/1.1" 304 - "https://sexpositions.online/doggy-style/" "Mozilla/5.0 (Linux; Android 10; K) AppleWebKit/537.36 (KHTML, like Gecko) Chrome/141.0.0.0 Mobile Safari/537.36"
141.0.9.149 - - [19/Oct/2025:11:52:53 -0400] "GET /wp-content/uploads/piledriver-animated.gif HTTP/1.1" 304 - "https://www.google.co.in/" "Mozilla/5.0 (Linux; Android 10; K) AppleWebKit/537.36 (KHTML, like Gecko) Chrome/140.0.0.0 Mobile Safari/537.36 OPR/92.0.0.0"
102.90.116.141 - - [19/Oct/2025:11:52:52 -0400] "GET /helicopter/ HTTP/1.1" 200 99890 "https://sexpositions.online/cowgirl/" "Mozilla/5.0 (Linux; Android 10; K) AppleWebKit/537.36 (KHTML, like Gecko) Chrome/140.0.0.0 Mobile Safari/537.36"
102.90.116.141 - - [19/Oct/2025:11:52:54 -0400] "GET /wp-content/uploads/airplane-animated.gif HTTP/1.1" 304 - "https://sexpositions.online/helicopter/" "Mozilla/5.0 (Linux; Android 10; K) AppleWebKit/537.36 (KHTML, like Gecko) Chrome/140.0.0.0 Mobile Safari/537.36"
102.90.116.141 - - [19/Oct/2025:11:52:54 -0400] "GET /wp-content/uploads/the-x-factor-animated-2.gif HTTP/1.1" 304 - "https://sexpositions.online/helicopter/" "Mozilla/5.0 (Linux; Android 10; K) AppleWebKit/537.36 (KHTML, like Gecko) Chrome/140.0.0.0 Mobile Safari/537.36"
102.90.116.141 - - [19/Oct/2025:11:52:54 -0400] "GET /wp-content/uploads/starfish-animated.gif HTTP/1.1" 304 - "https://sexpositions.online/helicopter/" "Mozilla/5.0 (Linux; Android 10; K) AppleWebKit/537.36 (KHTML, like Gecko) Chrome/140.0.0.0 Mobile Safari/537.36"
102.90.116.141 - - [19/Oct/2025:11:52:54 -0400] "GET /wp-content/uploads/helicopter-animated.gif HTTP/1.1" 200 148467 "https://sexpositions.online/helicopter/" "Mozilla/5.0 (Linux; Android 10; K) AppleWebKit/537.36 (KHTML, like Gecko) Chrome/140.0.0.0 Mobile Safari/537.36"
141.0.9.149 - - [19/Oct/2025:11:53:04 -0400] "GET / HTTP/1.1" 200 125069 "https://www.google.co.in/" "Mozilla/5.0 (Linux; Android 10; K) AppleWebKit/537.36 (KHTML, like Gecko) Chrome/140.0.0.0 Mobile Safari/537.36 OPR/92.0.0.0"
141.0.9.149 - - [19/Oct/2025:11:53:04 -0400] "GET /wp-content/uploads/lotus-animated.gif HTTP/1.1" 304 - "https://sexpositions.online/" "Mozilla/5.0 (Linux; Android 10; K) AppleWebKit/537.36 (KHTML, like Gecko) Chrome/140.0.0.0 Mobile Safari/537.36 OPR/92.0.0.0"
141.0.9.149 - - [19/Oct/2025:11:53:04 -0400] "GET /wp-content/uploads/helicopter-animated.gif HTTP/1.1" 304 - "https://sexpositions.online/" "Mozilla/5.0 (Linux; Android 10; K) AppleWebKit/537.36 (KHTML, like Gecko) Chrome/140.0.0.0 Mobile Safari/537.36 OPR/92.0.0.0"
141.0.9.149 - - [19/Oct/2025:11:53:05 -0400] "GET /wp-content/uploads/spooning-animated.gif HTTP/1.1" 304 - "https://sexpositions.online/" "Mozilla/5.0 (Linux; Android 10; K) AppleWebKit/537.36 (KHTML, like Gecko) Chrome/140.0.0.0 Mobile Safari/537.36 OPR/92.0.0.0"
141.0.9.149 - - [19/Oct/2025:11:53:05 -0400] "GET /wp-content/uploads/butterfly-animated.gif HTTP/1.1" 304 - "https://sexpositions.online/" "Mozilla/5.0 (Linux; Android 10; K) AppleWebKit/537.36 (KHTML, like Gecko) Chrome/140.0.0.0 Mobile Safari/537.36 OPR/92.0.0.0"
141.0.9.149 - - [19/Oct/2025:11:53:05 -0400] "GET /wp-content/uploads/amazon-animated.gif HTTP/1.1" 304 - "https://sexpositions.online/" "Mozilla/5.0 (Linux; Android 10; K) AppleWebKit/537.36 (KHTML, like Gecko) Chrome/140.0.0.0 Mobile Safari/537.36 OPR/92.0.0.0"
2402:1980:8835:a5ab:4994:2782:5d76:e98c - - [19/Oct/2025:11:53:06 -0400] "GET /wp-content/uploads/side-saddle-animated.gif HTTP/1.1" 304 - "https://www.google.com/" "Mozilla/5.0 (iPhone; CPU iPhone OS 18_7 like Mac OS X) AppleWebKit/605.1.15 (KHTML, like Gecko) Version/18.7 Mobile/15E148 Safari/604.1"
141.0.9.149 - - [19/Oct/2025:11:53:07 -0400] "GET /wp-includes/js/wp-emoji-release.min.js?ver=6.8.3 HTTP/1.1" 304 - "https://sexpositions.online/" "Mozilla/5.0 (Linux; Android 10; K) AppleWebKit/537.36 (KHTML, like Gecko) Chrome/140.0.0.0 Mobile Safari/537.36 OPR/92.0.0.0"
2401:4900:8fdd:3b32:7888:978d:5a55:2524 - - [19/Oct/2025:11:53:07 -0400] "GET /wp-content/uploads/the-pin-up-animated.gif HTTP/1.1" 304 - "https://sexpositions.online/oral/cunnilingus/" "Mozilla/5.0 (Linux; Android 10; K) AppleWebKit/537.36 (KHTML, like Gecko) Chrome/141.0.0.0 Mobile Safari/537.36"
196.190.52.200 - - [19/Oct/2025:11:53:09 -0400] "GET / HTTP/1.1" 200 125069 "-" "Mozilla/5.0 (iPhone; CPU iPhone OS 26_1_0 like Mac OS X) AppleWebKit/605.1.15 (KHTML, like Gecko) CriOS/141.0.7390.69 Mobile/15E148 Safari/604.1"
2401:4900:8fdd:3b32:7888:978d:5a55:2524 - - [19/Oct/2025:11:53:12 -0400] "GET /wp-content/uploads/the-buffet-animated.gif HTTP/1.1" 304 - "https://sexpositions.online/oral/cunnilingus/" "Mozilla/5.0 (Linux; Android 10; K) AppleWebKit/537.36 (KHTML, like Gecko) Chrome/141.0.0.0 Mobile Safari/537.36"
2401:4900:8fdd:3b32:7888:978d:5a55:2524 - - [19/Oct/2025:11:53:17 -0400] "GET /wp-content/uploads/kissing-the-pink-animated.gif HTTP/1.1" 304 - "https://sexpositions.online/oral/cunnilingus/" "Mozilla/5.0 (Linux; Android 10; K) AppleWebKit/537.36 (KHTML, like Gecko) Chrome/141.0.0.0 Mobile Safari/537.36"
141.0.9.149 - - [19/Oct/2025:11:53:18 -0400] "GET /amazon/ HTTP/1.1" 200 101009 "https://sexpositions.online/" "Mozilla/5.0 (Linux; Android 10; K) AppleWebKit/537.36 (KHTML, like Gecko) Chrome/140.0.0.0 Mobile Safari/537.36 OPR/92.0.0.0"
141.0.9.149 - - [19/Oct/2025:11:53:19 -0400] "GET /wp-content/uploads/love-pump-animated.gif HTTP/1.1" 304 - "https://sexpositions.online/amazon/" "Mozilla/5.0 (Linux; Android 10; K) AppleWebKit/537.36 (KHTML, like Gecko) Chrome/140.0.0.0 Mobile Safari/537.36 OPR/92.0.0.0"
141.0.9.149 - - [19/Oct/2025:11:53:19 -0400] "GET /wp-content/uploads/reverse-jockey-animated.gif HTTP/1.1" 304 - "https://sexpositions.online/amazon/" "Mozilla/5.0 (Linux; Android 10; K) AppleWebKit/537.36 (KHTML, like Gecko) Chrome/140.0.0.0 Mobile Safari/537.36 OPR/92.0.0.0"
141.0.9.149 - - [19/Oct/2025:11:53:20 -0400] "GET /wp-content/uploads/the-rev-it-up-rub-animated.gif HTTP/1.1" 304 - "https://sexpositions.online/amazon/" "Mozilla/5.0 (Linux; Android 10; K) AppleWebKit/537.36 (KHTML, like Gecko) Chrome/140.0.0.0 Mobile Safari/537.36 OPR/92.0.0.0"
141.0.9.149 - - [19/Oct/2025:11:53:20 -0400] "GET /wp-content/uploads/surprise-party-animated.gif HTTP/1.1" 200 221781 "https://sexpositions.online/amazon/" "Mozilla/5.0 (Linux; Android 10; K) AppleWebKit/537.36 (KHTML, like Gecko) Chrome/140.0.0.0 Mobile Safari/537.36 OPR/92.0.0.0"
2409:408a:2db6:1536:a7d4:13ad:a9c2:59c3 - - [19/Oct/2025:11:53:25 -0400] "GET / HTTP/1.1" 200 125069 "https://www.google.com/" "Mozilla/5.0 (Linux; Android 10; K) AppleWebKit/537.36 (KHTML, like Gecko) Chrome/140.0.0.0 Mobile Safari/537.36"
103.72.178.190 - - [19/Oct/2025:11:53:29 -0400] "GET /wp-content/uploads/the-tipster-animated.gif HTTP/1.1" 304 - "https://www.google.com/" "Mozilla/5.0 (Linux; Android 10; K) AppleWebKit/537.36 (KHTML, like Gecko) Chrome/141.0.0.0 Mobile Safari/537.36"
103.72.178.190 - - [19/Oct/2025:11:53:31 -0400] "GET /wp-content/uploads/sword-swallower-animated.gif HTTP/1.1" 304 - "https://www.google.com/" "Mozilla/5.0 (Linux; Android 10; K) AppleWebKit/537.36 (KHTML, like Gecko) Chrome/141.0.0.0 Mobile Safari/537.36"
141.0.9.149 - - [19/Oct/2025:11:53:34 -0400] "GET /lotus/ HTTP/1.1" 200 101234 "https://sexpositions.online/" "Mozilla/5.0 (Linux; Android 10; K) AppleWebKit/537.36 (KHTML, like Gecko) Chrome/140.0.0.0 Mobile Safari/537.36 OPR/92.0.0.0"
141.0.9.149 - - [19/Oct/2025:11:53:35 -0400] "GET /wp-content/uploads/raunchy-wrestler-animated.gif HTTP/1.1" 304 - "https://sexpositions.online/lotus/" "Mozilla/5.0 (Linux; Android 10; K) AppleWebKit/537.36 (KHTML, like Gecko) Chrome/140.0.0.0 Mobile Safari/537.36 OPR/92.0.0.0"
141.0.9.149 - - [19/Oct/2025:11:53:35 -0400] "GET /wp-content/uploads/sinkhole-animated.gif HTTP/1.1" 304 - "https://sexpositions.online/lotus/" "Mozilla/5.0 (Linux; Android 10; K) AppleWebKit/537.36 (KHTML, like Gecko) Chrome/140.0.0.0 Mobile Safari/537.36 OPR/92.0.0.0"
141.0.9.149 - - [19/Oct/2025:11:53:35 -0400] "GET /wp-content/uploads/the-big-bounce-animated.gif HTTP/1.1" 304 - "https://sexpositions.online/lotus/" "Mozilla/5.0 (Linux; Android 10; K) AppleWebKit/537.36 (KHTML, like Gecko) Chrome/140.0.0.0 Mobile Safari/537.36 OPR/92.0.0.0"
141.0.9.149 - - [19/Oct/2025:11:53:36 -0400] "GET /cowgirl/ HTTP/1.1" 200 101897 "https://sexpositions.online/" "Mozilla/5.0 (Linux; Android 10; K) AppleWebKit/537.36 (KHTML, like Gecko) Chrome/140.0.0.0 Mobile Safari/537.36 OPR/92.0.0.0"
141.0.9.149 - - [19/Oct/2025:11:53:37 -0400] "GET /wp-content/uploads/the-wave-animated.gif HTTP/1.1" 304 - "https://sexpositions.online/cowgirl/" "Mozilla/5.0 (Linux; Android 10; K) AppleWebKit/537.36 (KHTML, like Gecko) Chrome/140.0.0.0 Mobile Safari/537.36 OPR/92.0.0.0"
141.0.9.149 - - [19/Oct/2025:11:53:37 -0400] "GET /wp-content/uploads/the-sitting-cat-animated.gif HTTP/1.1" 304 - "https://sexpositions.online/cowgirl/" "Mozilla/5.0 (Linux; Android 10; K) AppleWebKit/537.36 (KHTML, like Gecko) Chrome/140.0.0.0 Mobile Safari/537.36 OPR/92.0.0.0"
2405:4802:a174:f530:7142:8b52:d929:94ab - - [19/Oct/2025:11:53:45 -0400] "GET / HTTP/1.1" 200 125069 "-" "Mozilla/5.0 (Linux; Android 10; K) AppleWebKit/537.36 (KHTML, like Gecko) Chrome/141.0.0.0 Mobile Safari/537.36"
103.72.178.190 - - [19/Oct/2025:11:53:45 -0400] "GET /wp-content/uploads/sword-swallower-animated.gif HTTP/1.1" 304 - "https://www.google.com/" "Mozilla/5.0 (Linux; Android 10; K) AppleWebKit/537.36 (KHTML, like Gecko) Chrome/141.0.0.0 Mobile Safari/537.36"
2405:4802:a174:f530:7142:8b52:d929:94ab - - [19/Oct/2025:11:53:45 -0400] "GET /wp-content/uploads/banner.jpg HTTP/1.1" 304 - "https://sexpositions.online/" "Mozilla/5.0 (Linux; Android 10; K) AppleWebKit/537.36 (KHTML, like Gecko) Chrome/141.0.0.0 Mobile Safari/537.36"
2405:4802:a174:f530:7142:8b52:d929:94ab - - [19/Oct/2025:11:53:46 -0400] "GET /wp-content/uploads/cropped-favicon-180x180.png HTTP/1.1" 304 - "https://sexpositions.online/" "Mozilla/5.0 (Linux; Android 10; K) AppleWebKit/537.36 (KHTML, like Gecko) Chrome/141.0.0.0 Mobile Safari/537.36"
2405:4802:a174:f530:7142:8b52:d929:94ab - - [19/Oct/2025:11:53:46 -0400] "GET /wp-content/uploads/cropped-favicon-192x192.png HTTP/1.1" 304 - "https://sexpositions.online/" "Mozilla/5.0 (Linux; Android 10; K) AppleWebKit/537.36 (KHTML, like Gecko) Chrome/141.0.0.0 Mobile Safari/537.36"
2401:4900:8fdd:3b32:7888:978d:5a55:2524 - - [19/Oct/2025:11:53:46 -0400] "GET /oral/blowjob/ HTTP/1.1" 200 103860 "https://sexpositions.online/" "Mozilla/5.0 (Linux; Android 10; K) AppleWebKit/537.36 (KHTML, like Gecko) Chrome/141.0.0.0 Mobile Safari/537.36"
2401:4900:8fdd:3b32:7888:978d:5a55:2524 - - [19/Oct/2025:11:53:47 -0400] "GET /wp-content/uploads/out-of-sight-animated.gif HTTP/1.1" 304 - "https://sexpositions.online/oral/blowjob/" "Mozilla/5.0 (Linux; Android 10; K) AppleWebKit/537.36 (KHTML, like Gecko) Chrome/141.0.0.0 Mobile Safari/537.36"
2401:4900:8fdd:3b32:7888:978d:5a55:2524 - - [19/Oct/2025:11:53:47 -0400] "GET /wp-content/uploads/sword-swallower-animated.gif HTTP/1.1" 304 - "https://sexpositions.online/oral/blowjob/" "Mozilla/5.0 (Linux; Android 10; K) AppleWebKit/537.36 (KHTML, like Gecko) Chrome/141.0.0.0 Mobile Safari/537.36"
2409:40d7:100d:cdff:8499:3401:aa27:b271 - - [19/Oct/2025:11:53:48 -0400] "GET /wp-content/uploads/pretzel-animated.gif HTTP/1.1" 304 - "https://www.google.com/" "Mozilla/5.0 (Linux; Android 10; K) AppleWebKit/537.36 (KHTML, like Gecko) Chrome/141.0.0.0 Mobile Safari/537.36"
2401:4900:8fdd:3b32:7888:978d:5a55:2524 - - [19/Oct/2025:11:53:49 -0400] "GET /wp-content/uploads/double-dare-animated.gif HTTP/1.1" 304 - "https://sexpositions.online/oral/blowjob/" "Mozilla/5.0 (Linux; Android 10; K) AppleWebKit/537.36 (KHTML, like Gecko) Chrome/141.0.0.0 Mobile Safari/537.36"
2401:4900:8fdd:3b32:7888:978d:5a55:2524 - - [19/Oct/2025:11:53:52 -0400] "GET /wp-content/uploads/the-tipster-animated.gif HTTP/1.1" 304 - "https://sexpositions.online/oral/blowjob/" "Mozilla/5.0 (Linux; Android 10; K) AppleWebKit/537.36 (KHTML, like Gecko) Chrome/141.0.0.0 Mobile Safari/537.36"
2405:4802:a174:f530:7142:8b52:d929:94ab - - [19/Oct/2025:11:53:53 -0400] "GET /wp-content/uploads/amazon-animated.gif HTTP/1.1" 304 - "https://sexpositions.online/" "Mozilla/5.0 (Linux; Android 10; K) AppleWebKit/537.36 (KHTML, like Gecko) Chrome/141.0.0.0 Mobile Safari/537.36"
2401:4900:8fdd:3b32:7888:978d:5a55:2524 - - [19/Oct/2025:11:53:56 -0400] "GET /sword-swallower/ HTTP/1.1" 200 97914 "https://sexpositions.online/oral/blowjob/" "Mozilla/5.0 (Linux; Android 10; K) AppleWebKit/537.36 (KHTML, like Gecko) Chrome/141.0.0.0 Mobile Safari/537.36"
2401:4900:8fdd:3b32:7888:978d:5a55:2524 - - [19/Oct/2025:11:53:56 -0400] "GET /wp-content/uploads/two-4-one-animated.gif HTTP/1.1" 304 - "https://sexpositions.online/oral/blowjob/" "Mozilla/5.0 (Linux; Android 10; K) AppleWebKit/537.36 (KHTML, like Gecko) Chrome/141.0.0.0 Mobile Safari/537.36"
141.0.9.149 - - [19/Oct/2025:11:53:59 -0400] "GET /missionary/ HTTP/1.1" 200 103202 "https://sexpositions.online/" "Mozilla/5.0 (Linux; Android 10; K) AppleWebKit/537.36 (KHTML, like Gecko) Chrome/140.0.0.0 Mobile Safari/537.36 OPR/92.0.0.0"
141.0.9.149 - - [19/Oct/2025:11:53:59 -0400] "GET /wp-content/uploads/wild-cherry-animated.gif HTTP/1.1" 304 - "https://sexpositions.online/missionary/" "Mozilla/5.0 (Linux; Android 10; K) AppleWebKit/537.36 (KHTML, like Gecko) Chrome/140.0.0.0 Mobile Safari/537.36 OPR/92.0.0.0"
141.0.9.149 - - [19/Oct/2025:11:53:59 -0400] "GET / HTTP/1.1" 200 125058 "-" "Mozilla/5.0 (X11; Linux x86_64) AppleWebKit/537.36 (KHTML, like Gecko) Chrome/140.0.0.0 Safari/537.36 OPR/124.0.0.0"
141.0.9.149 - - [19/Oct/2025:11:54:00 -0400] "GET /missionary/ HTTP/1.1" 200 103191 "-" "Mozilla/5.0 (X11; Linux x86_64) AppleWebKit/537.36 (KHTML, like Gecko) Chrome/140.0.0.0 Safari/537.36 OPR/124.0.0.0"
141.0.9.149 - - [19/Oct/2025:11:54:00 -0400] "GET /wp-content/uploads/front-and-rear-animated.gif HTTP/1.1" 304 - "https://sexpositions.online/missionary/" "Mozilla/5.0 (Linux; Android 10; K) AppleWebKit/537.36 (KHTML, like Gecko) Chrome/140.0.0.0 Mobile Safari/537.36 OPR/92.0.0.0"
2401:4900:8fdd:3b32:7888:978d:5a55:2524 - - [19/Oct/2025:11:54:00 -0400] "GET /wp-content/uploads/the-chin-rest-animated.gif HTTP/1.1" 304 - "https://sexpositions.online/oral/blowjob/" "Mozilla/5.0 (Linux; Android 10; K) AppleWebKit/537.36 (KHTML, like Gecko) Chrome/141.0.0.0 Mobile Safari/537.36"
2401:4900:8fdd:3b32:7888:978d:5a55:2524 - - [19/Oct/2025:11:54:02 -0400] "GET /wp-content/uploads/play-ball-animated.gif HTTP/1.1" 304 - "https://sexpositions.online/oral/blowjob/" "Mozilla/5.0 (Linux; Android 10; K) AppleWebKit/537.36 (KHTML, like Gecko) Chrome/141.0.0.0 Mobile Safari/537.36"
2401:4900:3a6c:4b6b:b1d:c0c3:fcb0:6089 - - [19/Oct/2025:11:54:09 -0400] "GET /wp-content/uploads/the-hammock-animated.gif HTTP/1.1" 304 - "https://www.google.com/" "Mozilla/5.0 (Linux; Android 10; K) AppleWebKit/537.36 (KHTML, like Gecko) Chrome/141.0.0.0 Mobile Safari/537.36"
2405:4802:a174:f530:7142:8b52:d929:94ab - - [19/Oct/2025:11:54:11 -0400] "GET /missionary/ HTTP/1.1" 200 103202 "https://sexpositions.online/" "Mozilla/5.0 (Linux; Android 10; K) AppleWebKit/537.36 (KHTML, like Gecko) Chrome/141.0.0.0 Mobile Safari/537.36"
2405:4802:a174:f530:7142:8b52:d929:94ab - - [19/Oct/2025:11:54:12 -0400] "GET /wp-content/uploads/cat-animated.gif HTTP/1.1" 304 - "https://sexpositions.online/missionary/" "Mozilla/5.0 (Linux; Android 10; K) AppleWebKit/537.36 (KHTML, like Gecko) Chrome/141.0.0.0 Mobile Safari/537.36"
2401:4900:8fdd:3b32:7888:978d:5a55:2524 - - [19/Oct/2025:11:54:12 -0400] "GET /oral/69-ing/ HTTP/1.1" 200 102598 "https://sexpositions.online/" "Mozilla/5.0 (Linux; Android 10; K) AppleWebKit/537.36 (KHTML, like Gecko) Chrome/141.0.0.0 Mobile Safari/537.36"
2401:4900:8fdd:3b32:7888:978d:5a55:2524 - - [19/Oct/2025:11:54:12 -0400] "GET /wp-content/uploads/sweet-seat-animated.gif HTTP/1.1" 304 - "https://sexpositions.online/oral/69-ing/" "Mozilla/5.0 (Linux; Android 10; K) AppleWebKit/537.36 (KHTML, like Gecko) Chrome/141.0.0.0 Mobile Safari/537.36"
2401:4900:8fdd:3b32:7888:978d:5a55:2524 - - [19/Oct/2025:11:54:13 -0400] "GET /wp-content/uploads/chair-tryst-animated.gif HTTP/1.1" 304 - "https://sexpositions.online/oral/69-ing/" "Mozilla/5.0 (Linux; Android 10; K) AppleWebKit/537.36 (KHTML, like Gecko) Chrome/141.0.0.0 Mobile Safari/537.36"
2405:4802:a174:f530:7142:8b52:d929:94ab - - [19/Oct/2025:11:54:13 -0400] "GET /wp-content/uploads/blind-love-animated.gif HTTP/1.1" 304 - "https://sexpositions.online/missionary/" "Mozilla/5.0 (Linux; Android 10; K) AppleWebKit/537.36 (KHTML, like Gecko) Chrome/141.0.0.0 Mobile Safari/537.36"
2401:4900:8fdd:3b32:7888:978d:5a55:2524 - - [19/Oct/2025:11:54:14 -0400] "GET /wp-content/uploads/lazy-69-animated.gif HTTP/1.1" 304 - "https://sexpositions.online/oral/69-ing/" "Mozilla/5.0 (Linux; Android 10; K) AppleWebKit/537.36 (KHTML, like Gecko) Chrome/141.0.0.0 Mobile Safari/537.36"
2405:4802:a174:f530:7142:8b52:d929:94ab - - [19/Oct/2025:11:54:15 -0400] "GET /wp-content/uploads/flying-missionary-animated.gif HTTP/1.1" 304 - "https://sexpositions.online/missionary/" "Mozilla/5.0 (Linux; Android 10; K) AppleWebKit/537.36 (KHTML, like Gecko) Chrome/141.0.0.0 Mobile Safari/537.36"
2405:4802:a174:f530:7142:8b52:d929:94ab - - [19/Oct/2025:11:54:16 -0400] "GET /wp-content/uploads/front-and-rear-animated.gif HTTP/1.1" 304 - "https://sexpositions.online/missionary/" "Mozilla/5.0 (Linux; Android 10; K) AppleWebKit/537.36 (KHTML, like Gecko) Chrome/141.0.0.0 Mobile Safari/537.36"
2401:4900:8fdd:3b32:7888:978d:5a55:2524 - - [19/Oct/2025:11:54:18 -0400] "GET /wp-content/uploads/handy-69-animated.gif HTTP/1.1" 304 - "https://sexpositions.online/oral/69-ing/" "Mozilla/5.0 (Linux; Android 10; K) AppleWebKit/537.36 (KHTML, like Gecko) Chrome/141.0.0.0 Mobile Safari/537.36"
2402:1980:887a:b468::1 - - [19/Oct/2025:11:54:20 -0400] "GET / HTTP/1.1" 200 125069 "https://www.google.com/" "Mozilla/5.0 (Linux; Android 10; K) AppleWebKit/537.36 (KHTML, like Gecko) Chrome/141.0.0.0 Mobile Safari/537.36"
2401:4900:8fdd:3b32:7888:978d:5a55:2524 - - [19/Oct/2025:11:54:21 -0400] "GET /wp-content/uploads/reverse-69-back-animated.gif HTTP/1.1" 304 - "https://sexpositions.online/oral/69-ing/" "Mozilla/5.0 (Linux; Android 10; K) AppleWebKit/537.36 (KHTML, like Gecko) Chrome/141.0.0.0 Mobile Safari/537.36"
2405:4802:a174:f530:7142:8b52:d929:94ab - - [19/Oct/2025:11:54:23 -0400] "GET /wp-content/uploads/the-deep-animated.gif HTTP/1.1" 304 - "https://sexpositions.online/missionary/" "Mozilla/5.0 (Linux; Android 10; K) AppleWebKit/537.36 (KHTML, like Gecko) Chrome/141.0.0.0 Mobile Safari/537.36"
141.0.9.149 - - [19/Oct/2025:11:54:25 -0400] "GET /front-and-rear/ HTTP/1.1" 200 98076 "https://sexpositions.online/missionary/" "Mozilla/5.0 (Linux; Android 10; K) AppleWebKit/537.36 (KHTML, like Gecko) Chrome/140.0.0.0 Mobile Safari/537.36 OPR/92.0.0.0"
2401:4900:8fdd:3b32:7888:978d:5a55:2524 - - [19/Oct/2025:11:54:36 -0400] "GET /man-on-top/ HTTP/1.1" 200 103059 "https://sexpositions.online/" "Mozilla/5.0 (Linux; Android 10; K) AppleWebKit/537.36 (KHTML, like Gecko) Chrome/141.0.0.0 Mobile Safari/537.36"
2402:1980:887a:b468::1 - - [19/Oct/2025:11:54:37 -0400] "GET /lotus/ HTTP/1.1" 200 101234 "https://sexpositions.online/" "Mozilla/5.0 (Linux; Android 10; K) AppleWebKit/537.36 (KHTML, like Gecko) Chrome/141.0.0.0 Mobile Safari/537.36"
2401:4900:8fdd:3b32:7888:978d:5a55:2524 - - [19/Oct/2025:11:54:37 -0400] "GET /wp-content/uploads/the-snow-angel-animated.gif HTTP/1.1" 304 - "https://sexpositions.online/man-on-top/" "Mozilla/5.0 (Linux; Android 10; K) AppleWebKit/537.36 (KHTML, like Gecko) Chrome/141.0.0.0 Mobile Safari/537.36"
182.62.191.128 - - [19/Oct/2025:11:54:39 -0400] "GET /wp-content/uploads/cowgirl-animated.gif HTTP/1.1" 304 - "https://www.google.com/" "Mozilla/5.0 (Linux; Android 10; K) AppleWebKit/537.36 (KHTML, like Gecko) Chrome/141.0.0.0 Mobile Safari/537.36"
110.93.88.245 - - [19/Oct/2025:11:54:40 -0400] "GET / HTTP/1.1" 200 125069 "https://www.google.com/" "Mozilla/5.0 (iPhone; CPU iPhone OS 17_5_1 like Mac OS X) AppleWebKit/605.1.15 (KHTML, like Gecko) GSA/390.0.817388646 Mobile/15E148 Safari/604.1"
141.0.9.149 - - [19/Oct/2025:11:54:40 -0400] "GET /cowboy/ HTTP/1.1" 200 98022 "https://sexpositions.online/missionary/" "Mozilla/5.0 (Linux; Android 10; K) AppleWebKit/537.36 (KHTML, like Gecko) Chrome/140.0.0.0 Mobile Safari/537.36 OPR/92.0.0.0"
2401:4900:8fdd:3b32:7888:978d:5a55:2524 - - [19/Oct/2025:11:54:41 -0400] "GET /wp-content/uploads/the-spork-animated.gif HTTP/1.1" 304 - "https://sexpositions.online/man-on-top/" "Mozilla/5.0 (Linux; Android 10; K) AppleWebKit/537.36 (KHTML, like Gecko) Chrome/141.0.0.0 Mobile Safari/537.36"
110.93.88.245 - - [19/Oct/2025:11:54:41 -0400] "GET /wp-includes/js/wp-emoji-release.min.js?ver=6.8.3 HTTP/1.1" 304 - "https://sexpositions.online/" "Mozilla/5.0 (iPhone; CPU iPhone OS 17_5_1 like Mac OS X) AppleWebKit/605.1.15 (KHTML, like Gecko) GSA/390.0.817388646 Mobile/15E148 Safari/604.1"
2401:4900:8fdd:3b32:7888:978d:5a55:2524 - - [19/Oct/2025:11:54:42 -0400] "GET /wp-content/uploads/over-the-edge-animated.gif HTTP/1.1" 304 - "https://sexpositions.online/man-on-top/" "Mozilla/5.0 (Linux; Android 10; K) AppleWebKit/537.36 (KHTML, like Gecko) Chrome/141.0.0.0 Mobile Safari/537.36"
197.186.8.134 - - [19/Oct/2025:11:54:44 -0400] "GET /wp-content/uploads/speed-bump-animated.gif HTTP/1.1" 200 176551 "https://www.google.com/" "Mozilla/5.0 (Linux; Android 10; K) AppleWebKit/537.36 (KHTML, like Gecko) Chrome/140.0.0.0 Mobile Safari/537.36"
197.186.8.134 - - [19/Oct/2025:11:54:45 -0400] "GET / HTTP/1.1" 200 125069 "https://www.google.com/" "Mozilla/5.0 (Linux; Android 10; K) AppleWebKit/537.36 (KHTML, like Gecko) Chrome/140.0.0.0 Mobile Safari/537.36"
2401:4900:8fdd:3b32:7888:978d:5a55:2524 - - [19/Oct/2025:11:54:47 -0400] "GET /wp-content/uploads/the-cuddler-animated.gif HTTP/1.1" 304 - "https://sexpositions.online/man-on-top/" "Mozilla/5.0 (Linux; Android 10; K) AppleWebKit/537.36 (KHTML, like Gecko) Chrome/141.0.0.0 Mobile Safari/537.36"
2402:1980:887a:b468::1 - - [19/Oct/2025:11:54:47 -0400] "GET /wp-content/uploads/butterfly-animated.gif HTTP/1.1" 304 - "https://sexpositions.online/" "Mozilla/5.0 (Linux; Android 10; K) AppleWebKit/537.36 (KHTML, like Gecko) Chrome/141.0.0.0 Mobile Safari/537.36"
197.186.8.134 - - [19/Oct/2025:11:54:47 -0400] "GET /wp-includes/js/wp-emoji-release.min.js?ver=6.8.3 HTTP/1.1" 304 - "https://sexpositions.online/" "Mozilla/5.0 (Linux; Android 10; K) AppleWebKit/537.36 (KHTML, like Gecko) Chrome/140.0.0.0 Mobile Safari/537.36"
2c0f:ecf0:57e:a500:8a41:b17b:142:fb0f - - [19/Oct/2025:11:54:48 -0400] "GET /wp-content/uploads/buckin-bronco-animated.gif HTTP/1.1" 200 244206 "https://www.google.com/" "Mozilla/5.0 (Linux; Android 10; K) AppleWebKit/537.36 (KHTML, like Gecko) Chrome/141.0.0.0 Mobile Safari/537.36"
197.186.8.134 - - [19/Oct/2025:11:54:48 -0400] "GET /wp-content/uploads/cropped-favicon-192x192.png HTTP/1.1" 200 12099 "https://sexpositions.online/" "Mozilla/5.0 (Linux; Android 10; K) AppleWebKit/537.36 (KHTML, like Gecko) Chrome/140.0.0.0 Mobile Safari/537.36"
197.186.8.134 - - [19/Oct/2025:11:54:48 -0400] "GET /wp-content/uploads/cropped-favicon-180x180.png HTTP/1.1" 200 19086 "https://sexpositions.online/" "Mozilla/5.0 (Linux; Android 10; K) AppleWebKit/537.36 (KHTML, like Gecko) Chrome/140.0.0.0 Mobile Safari/537.36"
208.66.176.1 - - [19/Oct/2025:11:54:48 -0400] "GET /woman-on-top/ HTTP/1.1" 200 105204 "-" "Mozilla/5.0 (iPhone; CPU iPhone OS 18_6_2 like Mac OS X) AppleWebKit/605.1.15 (KHTML, like Gecko) CriOS/141.0.7390.96 Mobile/15E148 Safari/604.1"
208.66.176.1 - - [19/Oct/2025:11:54:49 -0400] "GET /wp-content/themes/astra/assets/css/minified/main.min.css?ver=4.11.12 HTTP/1.1" 304 - "https://sexpositions.online/woman-on-top/" "Mozilla/5.0 (iPhone; CPU iPhone OS 18_6_2 like Mac OS X) AppleWebKit/605.1.15 (KHTML, like Gecko) CriOS/141.0.7390.96 Mobile/15E148 Safari/604.1"
208.66.176.1 - - [19/Oct/2025:11:54:50 -0400] "GET /wp-includes/css/dist/block-library/style.min.css?ver=6.8.3 HTTP/1.1" 304 - "https://sexpositions.online/woman-on-top/" "Mozilla/5.0 (iPhone; CPU iPhone OS 18_6_2 like Mac OS X) AppleWebKit/605.1.15 (KHTML, like Gecko) CriOS/141.0.7390.96 Mobile/15E148 Safari/604.1"
208.66.176.1 - - [19/Oct/2025:11:54:50 -0400] "GET /wp-content/themes/astra/assets/js/minified/frontend.min.js?ver=4.11.12 HTTP/1.1" 304 - "https://sexpositions.online/woman-on-top/" "Mozilla/5.0 (iPhone; CPU iPhone OS 18_6_2 like Mac OS X) AppleWebKit/605.1.15 (KHTML, like Gecko) CriOS/141.0.7390.96 Mobile/15E148 Safari/604.1"
208.66.176.1 - - [19/Oct/2025:11:54:50 -0400] "GET /wp-content/uploads/amazon-animated.gif HTTP/1.1" 200 206559 "https://sexpositions.online/woman-on-top/" "Mozilla/5.0 (iPhone; CPU iPhone OS 18_6_2 like Mac OS X) AppleWebKit/605.1.15 (KHTML, like Gecko) CriOS/141.0.7390.96 Mobile/15E148 Safari/604.1"
110.93.88.245 - - [19/Oct/2025:11:54:50 -0400] "GET /wp-content/uploads/lotus-animated.gif HTTP/1.1" 304 - "https://sexpositions.online/" "Mozilla/5.0 (iPhone; CPU iPhone OS 17_5_1 like Mac OS X) AppleWebKit/605.1.15 (KHTML, like Gecko) GSA/390.0.817388646 Mobile/15E148 Safari/604.1"
208.66.176.1 - - [19/Oct/2025:11:54:50 -0400] "GET /wp-content/uploads/cowgirl-animated.gif HTTP/1.1" 304 - "https://sexpositions.online/woman-on-top/" "Mozilla/5.0 (iPhone; CPU iPhone OS 18_6_2 like Mac OS X) AppleWebKit/605.1.15 (KHTML, like Gecko) CriOS/141.0.7390.96 Mobile/15E148 Safari/604.1"
197.186.8.134 - - [19/Oct/2025:11:54:50 -0400] "GET /wp-content/uploads/amazon-animated.gif HTTP/1.1" 304 - "https://sexpositions.online/" "Mozilla/5.0 (Linux; Android 10; K) AppleWebKit/537.36 (KHTML, like Gecko) Chrome/140.0.0.0 Mobile Safari/537.36"
208.66.176.1 - - [19/Oct/2025:11:54:51 -0400] "GET /wp-content/uploads/full-nelson-animated.gif HTTP/1.1" 200 179232 "https://sexpositions.online/woman-on-top/" "Mozilla/5.0 (iPhone; CPU iPhone OS 18_6_2 like Mac OS X) AppleWebKit/605.1.15 (KHTML, like Gecko) CriOS/141.0.7390.96 Mobile/15E148 Safari/604.1"
197.186.8.134 - - [19/Oct/2025:11:54:51 -0400] "GET /wp-content/uploads/lotus-animated.gif HTTP/1.1" 304 - "https://sexpositions.online/" "Mozilla/5.0 (Linux; Android 10; K) AppleWebKit/537.36 (KHTML, like Gecko) Chrome/140.0.0.0 Mobile Safari/537.36"
182.62.191.128 - - [19/Oct/2025:11:54:52 -0400] "GET / HTTP/1.1" 200 125069 "https://www.google.com/" "Mozilla/5.0 (Linux; Android 10; K) AppleWebKit/537.36 (KHTML, like Gecko) Chrome/141.0.0.0 Mobile Safari/537.36"
208.66.176.1 - - [19/Oct/2025:11:54:55 -0400] "GET /wp-content/uploads/the-crab-animated.gif HTTP/1.1" 200 197212 "https://sexpositions.online/woman-on-top/" "Mozilla/5.0 (iPhone; CPU iPhone OS 18_6_2 like Mac OS X) AppleWebKit/605.1.15 (KHTML, like Gecko) CriOS/141.0.7390.96 Mobile/15E148 Safari/604.1"
141.0.9.149 - - [19/Oct/2025:11:54:56 -0400] "GET / HTTP/1.1" 200 125069 "https://sexpositions.online/lotus/" "Mozilla/5.0 (Linux; Android 10; K) AppleWebKit/537.36 (KHTML, like Gecko) Chrome/140.0.0.0 Mobile Safari/537.36 OPR/92.0.0.0"
101.2.191.125 - - [19/Oct/2025:11:54:57 -0400] "GET /wp-content/uploads/table-top-animated-1.gif HTTP/1.1" 304 - "https://www.google.com/" "Mozilla/5.0 (Linux; Android 14; SM-A047F Build/UP1A.231005.007; wv) AppleWebKit/537.36 (KHTML, like Gecko) Version/4.0 Chrome/141.0.7390.43 Mobile Safari/537.36 GoogleApp/16.38.63.ve.arm64"
141.0.9.149 - - [19/Oct/2025:11:54:58 -0400] "GET /doggy-style/ HTTP/1.1" 200 102754 "https://sexpositions.online/" "Mozilla/5.0 (Linux; Android 10; K) AppleWebKit/537.36 (KHTML, like Gecko) Chrome/140.0.0.0 Mobile Safari/537.36 OPR/92.0.0.0"
208.66.176.1 - - [19/Oct/2025:11:54:58 -0400] "GET /wp-content/uploads/reverse-cowgirl-animated.gif HTTP/1.1" 200 225649 "https://sexpositions.online/woman-on-top/" "Mozilla/5.0 (iPhone; CPU iPhone OS 18_6_2 like Mac OS X) AppleWebKit/605.1.15 (KHTML, like Gecko) CriOS/141.0.7390.96 Mobile/15E148 Safari/604.1"
208.66.176.1 - - [19/Oct/2025:11:54:58 -0400] "GET /wp-content/uploads/squat-animated.gif HTTP/1.1" 304 - "https://sexpositions.online/woman-on-top/" "Mozilla/5.0 (iPhone; CPU iPhone OS 18_6_2 like Mac OS X) AppleWebKit/605.1.15 (KHTML, like Gecko) CriOS/141.0.7390.96 Mobile/15E148 Safari/604.1"
2402:1980:887a:b468::1 - - [19/Oct/2025:11:54:59 -0400] "GET /man-on-top/ HTTP/1.1" 200 103059 "https://sexpositions.online/" "Mozilla/5.0 (Linux; Android 10; K) AppleWebKit/537.36 (KHTML, like Gecko) Chrome/141.0.0.0 Mobile Safari/537.36"
141.0.9.149 - - [19/Oct/2025:11:54:59 -0400] "GET /doggy-style/ HTTP/1.1" 200 102743 "-" "Mozilla/5.0 (X11; Linux x86_64) AppleWebKit/537.36 (KHTML, like Gecko) Chrome/140.0.0.0 Safari/537.36 OPR/124.0.0.0"
141.0.9.149 - - [19/Oct/2025:11:55:00 -0400] "GET /wp-content/uploads/turtle-animated.gif HTTP/1.1" 304 - "https://sexpositions.online/doggy-style/" "Mozilla/5.0 (Linux; Android 10; K) AppleWebKit/537.36 (KHTML, like Gecko) Chrome/140.0.0.0 Mobile Safari/537.36 OPR/92.0.0.0"
141.0.9.149 - - [19/Oct/2025:11:55:00 -0400] "GET /wp-content/uploads/downward-dog-animated-1.gif HTTP/1.1" 304 - "https://sexpositions.online/doggy-style/" "Mozilla/5.0 (Linux; Android 10; K) AppleWebKit/537.36 (KHTML, like Gecko) Chrome/140.0.0.0 Mobile Safari/537.36 OPR/92.0.0.0"
208.66.176.1 - - [19/Oct/2025:11:55:01 -0400] "GET /wp-content/uploads/seesaw-animated.gif HTTP/1.1" 200 208597 "https://sexpositions.online/woman-on-top/" "Mozilla/5.0 (iPhone; CPU iPhone OS 18_6_2 like Mac OS X) AppleWebKit/605.1.15 (KHTML, like Gecko) CriOS/141.0.7390.96 Mobile/15E148 Safari/604.1"
2405:4802:a174:f530:7142:8b52:d929:94ab - - [19/Oct/2025:11:55:01 -0400] "GET /blind-love/ HTTP/1.1" 200 98093 "https://sexpositions.online/missionary/" "Mozilla/5.0 (Linux; Android 10; K) AppleWebKit/537.36 (KHTML, like Gecko) Chrome/141.0.0.0 Mobile Safari/537.36"
2401:4900:8fdd:3b32:7888:978d:5a55:2524 - - [19/Oct/2025:11:55:03 -0400] "GET /woman-on-top/ HTTP/1.1" 200 105204 "https://sexpositions.online/" "Mozilla/5.0 (Linux; Android 10; K) AppleWebKit/537.36 (KHTML, like Gecko) Chrome/141.0.0.0 Mobile Safari/537.36"
208.66.176.1 - - [19/Oct/2025:11:55:02 -0400] "GET /wp-content/uploads/airplane-animated.gif HTTP/1.1" 200 252773 "https://sexpositions.online/woman-on-top/" "Mozilla/5.0 (iPhone; CPU iPhone OS 18_6_2 like Mac OS X) AppleWebKit/605.1.15 (KHTML, like Gecko) CriOS/141.0.7390.96 Mobile/15E148 Safari/604.1"
208.66.176.1 - - [19/Oct/2025:11:55:03 -0400] "GET /wp-content/uploads/reverse-missionary-animated.gif HTTP/1.1" 200 187534 "https://sexpositions.online/woman-on-top/" "Mozilla/5.0 (iPhone; CPU iPhone OS 18_6_2 like Mac OS X) AppleWebKit/605.1.15 (KHTML, like Gecko) CriOS/141.0.7390.96 Mobile/15E148 Safari/604.1"
208.66.176.1 - - [19/Oct/2025:11:55:04 -0400] "GET /wp-content/uploads/the-acrobat-animated-1.gif HTTP/1.1" 200 218915 "https://sexpositions.online/woman-on-top/" "Mozilla/5.0 (iPhone; CPU iPhone OS 18_6_2 like Mac OS X) AppleWebKit/605.1.15 (KHTML, like Gecko) CriOS/141.0.7390.96 Mobile/15E148 Safari/604.1"
2401:4900:8fdd:3b32:7888:978d:5a55:2524 - - [19/Oct/2025:11:55:05 -0400] "GET /wp-content/uploads/the-crab-animated.gif HTTP/1.1" 304 - "https://sexpositions.online/woman-on-top/" "Mozilla/5.0 (Linux; Android 10; K) AppleWebKit/537.36 (KHTML, like Gecko) Chrome/141.0.0.0 Mobile Safari/537.36"
36.255.81.173 - - [19/Oct/2025:11:55:06 -0400] "GET / HTTP/1.1" 200 125069 "https://www.google.com/" "Mozilla/5.0 (Linux; Android 10; K) AppleWebKit/537.36 (KHTML, like Gecko) Chrome/141.0.0.0 Mobile Safari/537.36"
85.208.96.200 - - [19/Oct/2025:11:55:07 -0400] "GET /page/6/?action=repository_opensearch&count=20&index_id=2308&order=17&pn=1 HTTP/1.1" 200 116237 "-" "Mozilla/5.0 (compatible; SemrushBot/7~bl; +http://www.semrush.com/bot.html)"
110.93.88.245 - - [19/Oct/2025:11:55:08 -0400] "GET /wp-content/uploads/piledriver-animated.gif HTTP/1.1" 304 - "https://sexpositions.online/" "Mozilla/5.0 (iPhone; CPU iPhone OS 17_5_1 like Mac OS X) AppleWebKit/605.1.15 (KHTML, like Gecko) GSA/390.0.817388646 Mobile/15E148 Safari/604.1"
208.66.176.1 - - [19/Oct/2025:11:55:08 -0400] "GET /wp-content/uploads/boys-on-the-side-animated.gif HTTP/1.1" 200 255395 "https://sexpositions.online/woman-on-top/" "Mozilla/5.0 (iPhone; CPU iPhone OS 18_6_2 like Mac OS X) AppleWebKit/605.1.15 (KHTML, like Gecko) CriOS/141.0.7390.96 Mobile/15E148 Safari/604.1"
2401:4900:8fdd:3b32:7888:978d:5a55:2524 - - [19/Oct/2025:11:55:09 -0400] "GET /wp-content/uploads/squat-animated.gif HTTP/1.1" 304 - "https://sexpositions.online/woman-on-top/" "Mozilla/5.0 (Linux; Android 10; K) AppleWebKit/537.36 (KHTML, like Gecko) Chrome/141.0.0.0 Mobile Safari/537.36"
2600:4040:ae91:9900:6592:113:aff0:688d - - [19/Oct/2025:11:55:10 -0400] "GET /wp-content/uploads/hula-girl-animated.gif HTTP/1.1" 304 - "https://www.google.com/" "Mozilla/5.0 (Windows NT 10.0; Win64; x64) AppleWebKit/537.36 (KHTML, like Gecko) Chrome/141.0.0.0 Safari/537.36"
2401:4900:c8f2:3cdf:a805:3cff:fe1f:74ab - - [19/Oct/2025:11:55:11 -0400] "GET /doggy-style/ HTTP/1.1" 200 102754 "https://www.google.co.in/" "Mozilla/5.0 (Linux; Android 10; K) AppleWebKit/537.36 (KHTML, like Gecko) Chrome/140.0.0.0 Mobile Safari/537.36 OPR/92.0.0.0"
2405:4802:a174:f530:7142:8b52:d929:94ab - - [19/Oct/2025:11:55:12 -0400] "GET /wp-content/uploads/wild-cherry-animated.gif HTTP/1.1" 304 - "https://sexpositions.online/missionary/" "Mozilla/5.0 (Linux; Android 10; K) AppleWebKit/537.36 (KHTML, like Gecko) Chrome/141.0.0.0 Mobile Safari/537.36"
2401:4900:8fdd:3b32:7888:978d:5a55:2524 - - [19/Oct/2025:11:55:12 -0400] "GET /wp-content/uploads/seesaw-animated.gif HTTP/1.1" 304 - "https://sexpositions.online/woman-on-top/" "Mozilla/5.0 (Linux; Android 10; K) AppleWebKit/537.36 (KHTML, like Gecko) Chrome/141.0.0.0 Mobile Safari/537.36"
2401:4900:8fdd:3b32:7888:978d:5a55:2524 - - [19/Oct/2025:11:55:14 -0400] "GET /wp-content/uploads/reverse-missionary-animated.gif HTTP/1.1" 304 - "https://sexpositions.online/woman-on-top/" "Mozilla/5.0 (Linux; Android 10; K) AppleWebKit/537.36 (KHTML, like Gecko) Chrome/141.0.0.0 Mobile Safari/537.36"
110.93.88.245 - - [19/Oct/2025:11:55:15 -0400] "GET /wp-content/uploads/butterfly-animated.gif HTTP/1.1" 304 - "https://sexpositions.online/" "Mozilla/5.0 (iPhone; CPU iPhone OS 17_5_1 like Mac OS X) AppleWebKit/605.1.15 (KHTML, like Gecko) GSA/390.0.817388646 Mobile/15E148 Safari/604.1"
182.62.191.128 - - [19/Oct/2025:11:55:16 -0400] "GET /amazon/ HTTP/1.1" 200 101009 "https://sexpositions.online/" "Mozilla/5.0 (Linux; Android 10; K) AppleWebKit/537.36 (KHTML, like Gecko) Chrome/141.0.0.0 Mobile Safari/537.36"
182.62.191.128 - - [19/Oct/2025:11:55:17 -0400] "GET /wp-content/uploads/love-pump-animated.gif HTTP/1.1" 304 - "https://sexpositions.online/amazon/" "Mozilla/5.0 (Linux; Android 10; K) AppleWebKit/537.36 (KHTML, like Gecko) Chrome/141.0.0.0 Mobile Safari/537.36"
182.62.191.128 - - [19/Oct/2025:11:55:17 -0400] "GET /wp-content/uploads/reverse-jockey-animated.gif HTTP/1.1" 304 - "https://sexpositions.online/amazon/" "Mozilla/5.0 (Linux; Android 10; K) AppleWebKit/537.36 (KHTML, like Gecko) Chrome/141.0.0.0 Mobile Safari/537.36"
2401:4900:8fdd:3b32:7888:978d:5a55:2524 - - [19/Oct/2025:11:55:17 -0400] "GET /wp-content/uploads/boys-on-the-side-animated.gif HTTP/1.1" 304 - "https://sexpositions.online/woman-on-top/" "Mozilla/5.0 (Linux; Android 10; K) AppleWebKit/537.36 (KHTML, like Gecko) Chrome/141.0.0.0 Mobile Safari/537.36"
2405:4802:a174:f530:7142:8b52:d929:94ab - - [19/Oct/2025:11:55:17 -0400] "GET /wp-content/uploads/anvil-animated.gif HTTP/1.1" 304 - "https://sexpositions.online/missionary/" "Mozilla/5.0 (Linux; Android 10; K) AppleWebKit/537.36 (KHTML, like Gecko) Chrome/141.0.0.0 Mobile Safari/537.36"
2001:fb1:138:71e2:2cf0:617b:6b4:4769 - - [19/Oct/2025:11:55:17 -0400] "GET /wp-content/uploads/speed-bump-animated.gif HTTP/1.1" 304 - "https://www.google.com/" "Mozilla/5.0 (Linux; Android 10; VOG-L29 Build/HUAWEIVOG-L29; wv) AppleWebKit/537.36 (KHTML, like Gecko) Version/4.0 Chrome/141.0.7390.97 Mobile Safari/537.36 GoogleApp/16.40.23.ve.arm64"
40.77.167.67 - - [19/Oct/2025:11:55:19 -0400] "GET /coloboma17471.html HTTP/1.1" 200 95107 "-" "Mozilla/5.0 AppleWebKit/537.36 (KHTML, like Gecko; compatible; bingbot/2.0; +http://www.bing.com/bingbot.htm) Chrome/116.0.1938.76 Safari/537.36"
110.93.88.245 - - [19/Oct/2025:11:55:20 -0400] "GET /wp-content/uploads/speed-bump-animated.gif HTTP/1.1" 304 - "https://sexpositions.online/" "Mozilla/5.0 (iPhone; CPU iPhone OS 17_5_1 like Mac OS X) AppleWebKit/605.1.15 (KHTML, like Gecko) GSA/390.0.817388646 Mobile/15E148 Safari/604.1"
2409:40c4:21dd:c072:8000:: - - [19/Oct/2025:11:55:20 -0400] "GET /wp-content/uploads/the-love-seat-animated-1.gif HTTP/1.1" 304 - "https://www.google.com/" "Mozilla/5.0 (Linux; Android 16; motorola edge 60 pro Build/W1VV36H.7-21-5; wv) AppleWebKit/537.36 (KHTML, like Gecko) Version/4.0 Chrome/141.0.7390.97 Mobile Safari/537.36 GoogleApp/16.40.23.ve.arm64"
182.62.191.128 - - [19/Oct/2025:11:55:20 -0400] "GET /wp-content/uploads/surprise-party-animated.gif HTTP/1.1" 304 - "https://sexpositions.online/amazon/" "Mozilla/5.0 (Linux; Android 10; K) AppleWebKit/537.36 (KHTML, like Gecko) Chrome/141.0.0.0 Mobile Safari/537.36"
182.62.191.128 - - [19/Oct/2025:11:55:21 -0400] "GET /wp-content/uploads/the-rev-it-up-rub-animated.gif HTTP/1.1" 304 - "https://sexpositions.online/amazon/" "Mozilla/5.0 (Linux; Android 10; K) AppleWebKit/537.36 (KHTML, like Gecko) Chrome/141.0.0.0 Mobile Safari/537.36"
2401:4900:8fdd:3b32:7888:978d:5a55:2524 - - [19/Oct/2025:11:55:25 -0400] "GET /advanced/ HTTP/1.1" 200 101754 "https://sexpositions.online/" "Mozilla/5.0 (Linux; Android 10; K) AppleWebKit/537.36 (KHTML, like Gecko) Chrome/141.0.0.0 Mobile Safari/537.36"
2401:4900:8fdd:3b32:7888:978d:5a55:2524 - - [19/Oct/2025:11:55:25 -0400] "GET /wp-content/uploads/the-crazy-cat-animated.gif HTTP/1.1" 304 - "https://sexpositions.online/advanced/" "Mozilla/5.0 (Linux; Android 10; K) AppleWebKit/537.36 (KHTML, like Gecko) Chrome/141.0.0.0 Mobile Safari/537.36"
2401:4900:8fdd:3b32:7888:978d:5a55:2524 - - [19/Oct/2025:11:55:27 -0400] "GET /wp-content/uploads/row-row-row-animated.gif HTTP/1.1" 200 233121 "https://sexpositions.online/advanced/" "Mozilla/5.0 (Linux; Android 10; K) AppleWebKit/537.36 (KHTML, like Gecko) Chrome/141.0.0.0 Mobile Safari/537.36"
2401:4900:8fdd:3b32:7888:978d:5a55:2524 - - [19/Oct/2025:11:55:29 -0400] "GET /wp-content/uploads/leaning-tower-animated.gif HTTP/1.1" 304 - "https://sexpositions.online/advanced/" "Mozilla/5.0 (Linux; Android 10; K) AppleWebKit/537.36 (KHTML, like Gecko) Chrome/141.0.0.0 Mobile Safari/537.36"
2401:4900:8fdd:3b32:7888:978d:5a55:2524 - - [19/Oct/2025:11:55:31 -0400] "GET /wp-content/uploads/spider-monkey-animated.gif HTTP/1.1" 304 - "https://sexpositions.online/advanced/" "Mozilla/5.0 (Linux; Android 10; K) AppleWebKit/537.36 (KHTML, like Gecko) Chrome/141.0.0.0 Mobile Safari/537.36"
208.66.176.1 - - [19/Oct/2025:11:55:31 -0400] "GET /category/position/page/3/ HTTP/1.1" 200 116421 "https://sexpositions.online/category/position/page/2/" "Mozilla/5.0 (iPhone; CPU iPhone OS 18_6_2 like Mac OS X) AppleWebKit/605.1.15 (KHTML, like Gecko) CriOS/141.0.7390.96 Mobile/15E148 Safari/604.1"
208.66.176.1 - - [19/Oct/2025:11:55:32 -0400] "GET /wp-content/uploads/the-spotter-animated.gif HTTP/1.1" 200 255706 "https://sexpositions.online/category/position/page/3/" "Mozilla/5.0 (iPhone; CPU iPhone OS 18_6_2 like Mac OS X) AppleWebKit/605.1.15 (KHTML, like Gecko) CriOS/141.0.7390.96 Mobile/15E148 Safari/604.1"
208.66.176.1 - - [19/Oct/2025:11:55:32 -0400] "GET /wp-content/uploads/the-stallion-animated.gif HTTP/1.1" 200 185421 "https://sexpositions.online/category/position/page/3/" "Mozilla/5.0 (iPhone; CPU iPhone OS 18_6_2 like Mac OS X) AppleWebKit/605.1.15 (KHTML, like Gecko) CriOS/141.0.7390.96 Mobile/15E148 Safari/604.1"
208.66.176.1 - - [19/Oct/2025:11:55:32 -0400] "GET /wp-content/uploads/on-the-edge-animated-1.gif HTTP/1.1" 200 228779 "https://sexpositions.online/category/position/page/3/" "Mozilla/5.0 (iPhone; CPU iPhone OS 18_6_2 like Mac OS X) AppleWebKit/605.1.15 (KHTML, like Gecko) CriOS/141.0.7390.96 Mobile/15E148 Safari/604.1"
208.66.176.1 - - [19/Oct/2025:11:55:33 -0400] "GET /wp-content/uploads/elephant-animated.gif HTTP/1.1" 200 162204 "https://sexpositions.online/category/position/page/3/" "Mozilla/5.0 (iPhone; CPU iPhone OS 18_6_2 like Mac OS X) AppleWebKit/605.1.15 (KHTML, like Gecko) CriOS/141.0.7390.96 Mobile/15E148 Safari/604.1"
141.0.9.149 - - [19/Oct/2025:11:55:33 -0400] "GET /wp-content/uploads/lazy-dog-animated-1.gif HTTP/1.1" 304 - "https://sexpositions.online/doggy-style/" "Mozilla/5.0 (Linux; Android 10; K) AppleWebKit/537.36 (KHTML, like Gecko) Chrome/140.0.0.0 Mobile Safari/537.36 OPR/92.0.0.0"
208.66.176.1 - - [19/Oct/2025:11:55:33 -0400] "GET /wp-content/uploads/the-tipping-point-animated.gif HTTP/1.1" 200 191627 "https://sexpositions.online/category/position/page/3/" "Mozilla/5.0 (iPhone; CPU iPhone OS 18_6_2 like Mac OS X) AppleWebKit/605.1.15 (KHTML, like Gecko) CriOS/141.0.7390.96 Mobile/15E148 Safari/604.1"
208.66.176.1 - - [19/Oct/2025:11:55:34 -0400] "GET /wp-content/uploads/the-tender-embrace-animated.gif HTTP/1.1" 200 210401 "https://sexpositions.online/category/position/page/3/" "Mozilla/5.0 (iPhone; CPU iPhone OS 18_6_2 like Mac OS X) AppleWebKit/605.1.15 (KHTML, like Gecko) CriOS/141.0.7390.96 Mobile/15E148 Safari/604.1"
208.66.176.1 - - [19/Oct/2025:11:55:34 -0400] "GET /wp-content/uploads/the-swing-animated.gif HTTP/1.1" 200 213456 "https://sexpositions.online/category/position/page/3/" "Mozilla/5.0 (iPhone; CPU iPhone OS 18_6_2 like Mac OS X) AppleWebKit/605.1.15 (KHTML, like Gecko) CriOS/141.0.7390.96 Mobile/15E148 Safari/604.1"
208.66.176.1 - - [19/Oct/2025:11:55:34 -0400] "GET /wp-content/uploads/the-surprise-animated.gif HTTP/1.1" 200 203260 "https://sexpositions.online/category/position/page/3/" "Mozilla/5.0 (iPhone; CPU iPhone OS 18_6_2 like Mac OS X) AppleWebKit/605.1.15 (KHTML, like Gecko) CriOS/141.0.7390.96 Mobile/15E148 Safari/604.1"
208.66.176.1 - - [19/Oct/2025:11:55:34 -0400] "GET /wp-content/uploads/the-straddle-animated.gif HTTP/1.1" 200 208474 "https://sexpositions.online/category/position/page/3/" "Mozilla/5.0 (iPhone; CPU iPhone OS 18_6_2 like Mac OS X) AppleWebKit/605.1.15 (KHTML, like Gecko) CriOS/141.0.7390.96 Mobile/15E148 Safari/604.1"
208.66.176.1 - - [19/Oct/2025:11:55:35 -0400] "GET /wp-content/uploads/the-wave-animated.gif HTTP/1.1" 200 200955 "https://sexpositions.online/category/position/page/3/" "Mozilla/5.0 (iPhone; CPU iPhone OS 18_6_2 like Mac OS X) AppleWebKit/605.1.15 (KHTML, like Gecko) CriOS/141.0.7390.96 Mobile/15E148 Safari/604.1"
182.62.191.128 - - [19/Oct/2025:11:55:41 -0400] "GET /the-rev-it-up-rub/ HTTP/1.1" 200 98126 "https://sexpositions.online/amazon/" "Mozilla/5.0 (Linux; Android 10; K) AppleWebKit/537.36 (KHTML, like Gecko) Chrome/141.0.0.0 Mobile Safari/537.36"
182.62.191.128 - - [19/Oct/2025:11:55:44 -0400] "GET /buckin-bronco/ HTTP/1.1" 200 98066 "https://sexpositions.online/amazon/" "Mozilla/5.0 (Linux; Android 10; K) AppleWebKit/537.36 (KHTML, like Gecko) Chrome/141.0.0.0 Mobile Safari/537.36"
2401:4900:8fdd:3b32:7888:978d:5a55:2524 - - [19/Oct/2025:11:55:44 -0400] "GET / HTTP/1.1" 200 125069 "https://sexpositions.online/advanced/" "Mozilla/5.0 (Linux; Android 10; K) AppleWebKit/537.36 (KHTML, like Gecko) Chrome/141.0.0.0 Mobile Safari/537.36"
182.62.191.128 - - [19/Oct/2025:11:55:44 -0400] "GET /wp-content/uploads/buckin-bronco-animated.gif HTTP/1.1" 304 - "https://sexpositions.online/buckin-bronco/" "Mozilla/5.0 (Linux; Android 10; K) AppleWebKit/537.36 (KHTML, like Gecko) Chrome/141.0.0.0 Mobile Safari/537.36"
141.0.9.149 - - [19/Oct/2025:11:55:48 -0400] "GET /spooning/ HTTP/1.1" 200 100748 "https://sexpositions.online/" "Mozilla/5.0 (Linux; Android 10; K) AppleWebKit/537.36 (KHTML, like Gecko) Chrome/140.0.0.0 Mobile Safari/537.36 OPR/92.0.0.0"
2401:4900:c8f2:3cdf:a805:3cff:fe1f:74ab - - [19/Oct/2025:11:55:49 -0400] "GET /cowgirl/ HTTP/1.1" 200 101897 "https://sexpositions.online/doggy-style/" "Mozilla/5.0 (Linux; Android 10; K) AppleWebKit/537.36 (KHTML, like Gecko) Chrome/140.0.0.0 Mobile Safari/537.36 OPR/92.0.0.0"
