2605:a601:aac5:9900:d41:854a:cc8b:76f3 - - [19/Oct/2025:09:10:36 -0400] "GET /wp-content/uploads/sidewinder-animated-1.gif HTTP/1.1" 304 - "https://sexpositions.online/easy/" "Mozilla/5.0 (Linux; Android 10; K) AppleWebKit/537.36 (KHTML, like Gecko) Chrome/141.0.0.0 Safari/537.36"
2605:a601:aac5:9900:d41:854a:cc8b:76f3 - - [19/Oct/2025:09:10:36 -0400] "GET /wp-content/uploads/lock-and-load-animated-1.gif HTTP/1.1" 304 - "https://sexpositions.online/easy/" "Mozilla/5.0 (Linux; Android 10; K) AppleWebKit/537.36 (KHTML, like Gecko) Chrome/141.0.0.0 Safari/537.36"
2605:a601:aac5:9900:d41:854a:cc8b:76f3 - - [19/Oct/2025:09:10:43 -0400] "GET /wp-content/uploads/belly-flop-animated.gif HTTP/1.1" 304 - "https://sexpositions.online/easy/" "Mozilla/5.0 (Linux; Android 10; K) AppleWebKit/537.36 (KHTML, like Gecko) Chrome/141.0.0.0 Safari/537.36"
116.179.33.82 - - [19/Oct/2025:09:10:45 -0400] "GET /wp-includes/js/wp-emoji-release.min.js?ver=6.8.3 HTTP/1.1" 304 - "https://sexpositions.online/easy/" "Mozilla/5.0 (Windows NT 10.0; Win64; x64) AppleWebKit/537.36 (KHTML, like Gecko) Chrome/99.0.4844.51 Safari/537.36"
108.73.178.103 - - [19/Oct/2025:09:10:46 -0400] "GET /highway-to-heaven/ HTTP/1.1" 200 98090 "https://www.google.com/" "Mozilla/5.0 (iPhone; CPU iPhone OS 18_6_2 like Mac OS X) AppleWebKit/605.1.15 (KHTML, like Gecko) CriOS/141.0.7390.96 Mobile/15E148 Safari/604.1"
2605:a601:aac5:9900:d41:854a:cc8b:76f3 - - [19/Oct/2025:09:10:46 -0400] "GET /lock-and-load/ HTTP/1.1" 200 98015 "https://sexpositions.online/easy/" "Mozilla/5.0 (Linux; Android 10; K) AppleWebKit/537.36 (KHTML, like Gecko) Chrome/141.0.0.0 Safari/537.36"
108.73.178.103 - - [19/Oct/2025:09:10:47 -0400] "GET /wp-content/uploads/highway-to-heaven-animated.gif HTTP/1.1" 304 - "https://sexpositions.online/highway-to-heaven/" "Mozilla/5.0 (iPhone; CPU iPhone OS 18_6_2 like Mac OS X) AppleWebKit/605.1.15 (KHTML, like Gecko) CriOS/141.0.7390.96 Mobile/15E148 Safari/604.1"
2401:4900:3f05:4bc1:64ab:14ff:fe44:a386 - - [19/Oct/2025:09:10:51 -0400] "GET /wp-content/uploads/the-headlock-animated.gif HTTP/1.1" 304 - "https://www.google.com/" "Mozilla/5.0 (Linux; Android 13; RMX3360 Build/TP1A.220905.001; wv) AppleWebKit/537.36 (KHTML, like Gecko) Version/4.0 Chrome/140.0.7339.207 Mobile Safari/537.36 GoogleApp/16.40.23.ve.arm64"
2605:a601:aac5:9900:d41:854a:cc8b:76f3 - - [19/Oct/2025:09:10:55 -0400] "GET /anal/ HTTP/1.1" 200 107927 "https://sexpositions.online/easy/" "Mozilla/5.0 (Linux; Android 10; K) AppleWebKit/537.36 (KHTML, like Gecko) Chrome/141.0.0.0 Safari/537.36"
108.73.178.103 - - [19/Oct/2025:09:10:58 -0400] "GET /category/position/ HTTP/1.1" 200 115694 "https://sexpositions.online/highway-to-heaven/" "Mozilla/5.0 (iPhone; CPU iPhone OS 18_6_2 like Mac OS X) AppleWebKit/605.1.15 (KHTML, like Gecko) CriOS/141.0.7390.96 Mobile/15E148 Safari/604.1"
2605:a601:aac5:9900:d41:854a:cc8b:76f3 - - [19/Oct/2025:09:10:59 -0400] "GET /wp-content/uploads/eiffel-tower-animated.gif HTTP/1.1" 304 - "https://sexpositions.online/anal/" "Mozilla/5.0 (Linux; Android 10; K) AppleWebKit/537.36 (KHTML, like Gecko) Chrome/141.0.0.0 Safari/537.36"
2605:a601:aac5:9900:d41:854a:cc8b:76f3 - - [19/Oct/2025:09:11:00 -0400] "GET /wp-content/uploads/cowboy-animated.gif HTTP/1.1" 304 - "https://sexpositions.online/anal/" "Mozilla/5.0 (Linux; Android 10; K) AppleWebKit/537.36 (KHTML, like Gecko) Chrome/141.0.0.0 Safari/537.36"
2605:a601:aac5:9900:d41:854a:cc8b:76f3 - - [19/Oct/2025:09:11:02 -0400] "GET /wp-content/uploads/sideways-animated.gif HTTP/1.1" 304 - "https://sexpositions.online/anal/" "Mozilla/5.0 (Linux; Android 10; K) AppleWebKit/537.36 (KHTML, like Gecko) Chrome/141.0.0.0 Safari/537.36"
108.73.178.103 - - [19/Oct/2025:09:11:04 -0400] "GET /wp-content/uploads/reverse-cowgirl-animated.gif HTTP/1.1" 304 - "https://sexpositions.online/category/position/" "Mozilla/5.0 (iPhone; CPU iPhone OS 18_6_2 like Mac OS X) AppleWebKit/605.1.15 (KHTML, like Gecko) CriOS/141.0.7390.96 Mobile/15E148 Safari/604.1"
2001:fd8:2274:5afd:9041:7fff:fe70:ef56 - - [19/Oct/2025:09:11:05 -0400] "GET /captain/ HTTP/1.1" 200 98350 "https://www.google.com/" "Mozilla/5.0 (Linux; Android 10; K) AppleWebKit/537.36 (KHTML, like Gecko) Chrome/141.0.0.0 Mobile Safari/537.36"
2605:a601:aac5:9900:d41:854a:cc8b:76f3 - - [19/Oct/2025:09:11:08 -0400] "GET /wp-content/uploads/flatiron-animated.gif HTTP/1.1" 304 - "https://sexpositions.online/anal/" "Mozilla/5.0 (Linux; Android 10; K) AppleWebKit/537.36 (KHTML, like Gecko) Chrome/141.0.0.0 Safari/537.36"
2605:a601:aac5:9900:d41:854a:cc8b:76f3 - - [19/Oct/2025:09:11:09 -0400] "GET /wp-content/uploads/anvil-animated.gif HTTP/1.1" 304 - "https://sexpositions.online/anal/" "Mozilla/5.0 (Linux; Android 10; K) AppleWebKit/537.36 (KHTML, like Gecko) Chrome/141.0.0.0 Safari/537.36"
108.73.178.103 - - [19/Oct/2025:09:11:11 -0400] "GET /wp-content/uploads/full-nelson-animated.gif HTTP/1.1" 304 - "https://sexpositions.online/category/position/" "Mozilla/5.0 (iPhone; CPU iPhone OS 18_6_2 like Mac OS X) AppleWebKit/605.1.15 (KHTML, like Gecko) CriOS/141.0.7390.96 Mobile/15E148 Safari/604.1"
2001:fd8:2274:5afd:9041:7fff:fe70:ef56 - - [19/Oct/2025:09:11:12 -0400] "GET /stand-and-carry/ HTTP/1.1" 200 98071 "https://sexpositions.online/captain/" "Mozilla/5.0 (Linux; Android 10; K) AppleWebKit/537.36 (KHTML, like Gecko) Chrome/141.0.0.0 Mobile Safari/537.36"
2a02:3037:266:852d:c9d2:f772:7be2:95cb - - [19/Oct/2025:09:11:12 -0400] "GET /wp-content/uploads/the-tipster-animated.gif HTTP/1.1" 304 - "https://www.google.com/" "Mozilla/5.0 (iPhone; CPU iPhone OS 18_6_2 like Mac OS X) AppleWebKit/605.1.15 (KHTML, like Gecko) Version/18.6 Mobile/15E148 Safari/604.1"
2600:100a:b063:3114:2513:6fb7:b264:d3a1 - - [19/Oct/2025:09:11:12 -0400] "GET /oral/blowjob/ HTTP/1.1" 200 103860 "https://sexpositions.online/" "Mozilla/5.0 (iPhone; CPU iPhone OS 18_7 like Mac OS X) AppleWebKit/605.1.15 (KHTML, like Gecko) Version/26.0.1 Mobile/15E148 Safari/604.1"
2001:fd8:2274:5afd:9041:7fff:fe70:ef56 - - [19/Oct/2025:09:11:13 -0400] "GET /wp-content/uploads/stand-and-carry-animated.gif HTTP/1.1" 304 - "https://sexpositions.online/stand-and-carry/" "Mozilla/5.0 (Linux; Android 10; K) AppleWebKit/537.36 (KHTML, like Gecko) Chrome/141.0.0.0 Mobile Safari/537.36"
2600:100a:b063:3114:2513:6fb7:b264:d3a1 - - [19/Oct/2025:09:11:14 -0400] "GET /wp-content/uploads/out-of-sight-animated.gif HTTP/1.1" 304 - "https://sexpositions.online/oral/blowjob/" "Mozilla/5.0 (iPhone; CPU iPhone OS 18_7 like Mac OS X) AppleWebKit/605.1.15 (KHTML, like Gecko) Version/26.0.1 Mobile/15E148 Safari/604.1"
2605:a601:aac5:9900:d41:854a:cc8b:76f3 - - [19/Oct/2025:09:11:15 -0400] "GET /wp-content/uploads/legs-up-animated.gif HTTP/1.1" 304 - "https://sexpositions.online/anal/" "Mozilla/5.0 (Linux; Android 10; K) AppleWebKit/537.36 (KHTML, like Gecko) Chrome/141.0.0.0 Safari/537.36"
2001:fd8:2274:5afd:9041:7fff:fe70:ef56 - - [19/Oct/2025:09:11:16 -0400] "GET /crouching-tiger/ HTTP/1.1" 200 98093 "https://sexpositions.online/stand-and-carry/" "Mozilla/5.0 (Linux; Android 10; K) AppleWebKit/537.36 (KHTML, like Gecko) Chrome/141.0.0.0 Mobile Safari/537.36"
2605:a601:aac5:9900:d41:854a:cc8b:76f3 - - [19/Oct/2025:09:11:16 -0400] "GET /wp-content/uploads/turtle-animated.gif HTTP/1.1" 304 - "https://sexpositions.online/anal/" "Mozilla/5.0 (Linux; Android 10; K) AppleWebKit/537.36 (KHTML, like Gecko) Chrome/141.0.0.0 Safari/537.36"
2600:100a:b063:3114:2513:6fb7:b264:d3a1 - - [19/Oct/2025:09:11:17 -0400] "GET /wp-content/uploads/double-dare-animated.gif HTTP/1.1" 304 - "https://sexpositions.online/oral/blowjob/" "Mozilla/5.0 (iPhone; CPU iPhone OS 18_7 like Mac OS X) AppleWebKit/605.1.15 (KHTML, like Gecko) Version/26.0.1 Mobile/15E148 Safari/604.1"
165.16.186.142 - - [19/Oct/2025:09:11:18 -0400] "GET /wp-content/uploads/upside-down-animated.gif HTTP/1.1" 200 166318 "https://sexpositions.online/standing/" "Mozilla/5.0 (iPhone; CPU iPhone OS 18_6_2 like Mac OS X) AppleWebKit/605.1.15 (KHTML, like Gecko) GSA/390.0.817388646 Mobile/15E148 Safari/604.1"
2600:100a:b063:3114:2513:6fb7:b264:d3a1 - - [19/Oct/2025:09:11:20 -0400] "GET /wp-content/uploads/up-against-the-wall-animated.gif HTTP/1.1" 304 - "https://sexpositions.online/oral/blowjob/" "Mozilla/5.0 (iPhone; CPU iPhone OS 18_7 like Mac OS X) AppleWebKit/605.1.15 (KHTML, like Gecko) Version/26.0.1 Mobile/15E148 Safari/604.1"
165.16.186.142 - - [19/Oct/2025:09:11:21 -0400] "GET /wp-content/uploads/spiderman-animated.gif HTTP/1.1" 304 - "https://sexpositions.online/standing/" "Mozilla/5.0 (iPhone; CPU iPhone OS 18_6_2 like Mac OS X) AppleWebKit/605.1.15 (KHTML, like Gecko) GSA/390.0.817388646 Mobile/15E148 Safari/604.1"
216.244.66.234 - - [19/Oct/2025:09:11:22 -0400] "GET /162/ HTTP/1.1" 200 95107 "-" "Mozilla/5.0 (compatible; DotBot/1.2; +https://opensiteexplorer.org/dotbot; [email protected])"
2401:4900:4993:96ea:8c6e:8158:87b8:6718 - - [19/Oct/2025:09:11:23 -0400] "GET /wp-content/uploads/cowgirl-animated.gif HTTP/1.1" 304 - "https://www.google.com/" "Mozilla/5.0 (Linux; Android 13; SM-S911B Build/TP1A.220624.014; wv) AppleWebKit/537.36 (KHTML, like Gecko) Version/4.0 Chrome/141.0.7390.43 Mobile Safari/537.36 GoogleApp/16.40.23.ve.arm64"
2a02:3037:266:852d:c9d2:f772:7be2:95cb - - [19/Oct/2025:09:11:24 -0400] "GET /wp-content/uploads/sweet-seat-animated.gif HTTP/1.1" 304 - "https://www.google.com/" "Mozilla/5.0 (iPhone; CPU iPhone OS 18_6_2 like Mac OS X) AppleWebKit/605.1.15 (KHTML, like Gecko) Version/18.6 Mobile/15E148 Safari/604.1"
2605:a601:aac5:9900:d41:854a:cc8b:76f3 - - [19/Oct/2025:09:11:27 -0400] "GET /wp-content/uploads/deep-impact-animated.gif HTTP/1.1" 304 - "https://sexpositions.online/anal/" "Mozilla/5.0 (Linux; Android 10; K) AppleWebKit/537.36 (KHTML, like Gecko) Chrome/141.0.0.0 Safari/537.36"
107.151.200.207 - - [19/Oct/2025:09:11:30 -0400] "GET /the-deep/ HTTP/1.1" 200 98130 "https://www.google.com/" "Mozilla/5.0 (Linux; Android 10; K) AppleWebKit/537.36 (KHTML, like Gecko) Chrome/133.0.0.0 Mobile Safari/537.36"
2600:100a:b063:3114:2513:6fb7:b264:d3a1 - - [19/Oct/2025:09:11:30 -0400] "GET /wp-content/uploads/two-4-one-animated.gif HTTP/1.1" 304 - "https://sexpositions.online/oral/blowjob/" "Mozilla/5.0 (iPhone; CPU iPhone OS 18_7 like Mac OS X) AppleWebKit/605.1.15 (KHTML, like Gecko) Version/26.0.1 Mobile/15E148 Safari/604.1"
2605:a601:aac5:9900:d41:854a:cc8b:76f3 - - [19/Oct/2025:09:11:31 -0400] "GET /wp-content/uploads/launch-pad-animated-2.gif HTTP/1.1" 304 - "https://sexpositions.online/anal/" "Mozilla/5.0 (Linux; Android 10; K) AppleWebKit/537.36 (KHTML, like Gecko) Chrome/141.0.0.0 Safari/537.36"
64.224.128.202 - - [19/Oct/2025:09:11:31 -0400] "POST /xmlrpc.php HTTP/1.1" 200 403 "-" "Mozilla/5.0 (Windows NT 10.0; x86) AppleWebKit/537.36 (KHTML, like Gecko) Edge/86.0.0.0 Safari/537.36"
2600:100a:b063:3114:2513:6fb7:b264:d3a1 - - [19/Oct/2025:09:11:32 -0400] "GET /wp-content/uploads/the-chin-rest-animated.gif HTTP/1.1" 304 - "https://sexpositions.online/oral/blowjob/" "Mozilla/5.0 (iPhone; CPU iPhone OS 18_7 like Mac OS X) AppleWebKit/605.1.15 (KHTML, like Gecko) Version/26.0.1 Mobile/15E148 Safari/604.1"
108.73.178.103 - - [19/Oct/2025:09:11:34 -0400] "GET /category/position/page/2/ HTTP/1.1" 200 116246 "https://sexpositions.online/category/position/" "Mozilla/5.0 (iPhone; CPU iPhone OS 18_6_2 like Mac OS X) AppleWebKit/605.1.15 (KHTML, like Gecko) CriOS/141.0.7390.96 Mobile/15E148 Safari/604.1"
107.151.200.207 - - [19/Oct/2025:09:11:35 -0400] "GET /captain/ HTTP/1.1" 200 98350 "https://sexpositions.online/the-deep/" "Mozilla/5.0 (Linux; Android 10; K) AppleWebKit/537.36 (KHTML, like Gecko) Chrome/133.0.0.0 Mobile Safari/537.36"
108.73.178.103 - - [19/Oct/2025:09:11:36 -0400] "GET /wp-content/uploads/the-plie-animated.gif HTTP/1.1" 304 - "https://sexpositions.online/category/position/page/2/" "Mozilla/5.0 (iPhone; CPU iPhone OS 18_6_2 like Mac OS X) AppleWebKit/605.1.15 (KHTML, like Gecko) CriOS/141.0.7390.96 Mobile/15E148 Safari/604.1"
108.73.178.103 - - [19/Oct/2025:09:11:40 -0400] "GET /wp-content/uploads/buckin-bronco-animated.gif HTTP/1.1" 304 - "https://sexpositions.online/category/position/page/2/" "Mozilla/5.0 (iPhone; CPU iPhone OS 18_6_2 like Mac OS X) AppleWebKit/605.1.15 (KHTML, like Gecko) CriOS/141.0.7390.96 Mobile/15E148 Safari/604.1"
108.73.178.103 - - [19/Oct/2025:09:11:44 -0400] "GET /wp-content/uploads/the-rev-it-up-rub-animated.gif HTTP/1.1" 304 - "https://sexpositions.online/category/position/page/2/" "Mozilla/5.0 (iPhone; CPU iPhone OS 18_6_2 like Mac OS X) AppleWebKit/605.1.15 (KHTML, like Gecko) CriOS/141.0.7390.96 Mobile/15E148 Safari/604.1"
2605:a601:aac5:9900:d41:854a:cc8b:76f3 - - [19/Oct/2025:09:11:47 -0400] "GET /wp-content/uploads/the-corkscrew-animated.gif HTTP/1.1" 304 - "https://sexpositions.online/anal/" "Mozilla/5.0 (Linux; Android 10; K) AppleWebKit/537.36 (KHTML, like Gecko) Chrome/141.0.0.0 Safari/537.36"
2605:a601:aac5:9900:d41:854a:cc8b:76f3 - - [19/Oct/2025:09:11:47 -0400] "GET /turtle/ HTTP/1.1" 200 98003 "https://sexpositions.online/anal/" "Mozilla/5.0 (Linux; Android 10; K) AppleWebKit/537.36 (KHTML, like Gecko) Chrome/141.0.0.0 Safari/537.36"
108.73.178.103 - - [19/Oct/2025:09:11:47 -0400] "GET /wp-content/uploads/the-sitting-cat-animated.gif HTTP/1.1" 304 - "https://sexpositions.online/category/position/page/2/" "Mozilla/5.0 (iPhone; CPU iPhone OS 18_6_2 like Mac OS X) AppleWebKit/605.1.15 (KHTML, like Gecko) CriOS/141.0.7390.96 Mobile/15E148 Safari/604.1"
165.16.186.142 - - [19/Oct/2025:09:11:49 -0400] "GET /wp-content/uploads/the-big-bounce-animated.gif HTTP/1.1" 304 - "https://www.google.com/" "Mozilla/5.0 (iPhone; CPU iPhone OS 18_6_2 like Mac OS X) AppleWebKit/605.1.15 (KHTML, like Gecko) GSA/390.0.817388646 Mobile/22G100 Safari/604.1"
108.73.178.103 - - [19/Oct/2025:09:11:51 -0400] "GET /wp-content/uploads/the-speed-racer-animated.gif HTTP/1.1" 304 - "https://sexpositions.online/category/position/page/2/" "Mozilla/5.0 (iPhone; CPU iPhone OS 18_6_2 like Mac OS X) AppleWebKit/605.1.15 (KHTML, like Gecko) CriOS/141.0.7390.96 Mobile/15E148 Safari/604.1"
165.16.186.142 - - [19/Oct/2025:09:11:55 -0400] "GET /the-big-bounce/ HTTP/1.1" 200 98207 "https://www.google.com/" "Mozilla/5.0 (iPhone; CPU iPhone OS 18_6_2 like Mac OS X) AppleWebKit/605.1.15 (KHTML, like Gecko) GSA/390.0.817388646 Mobile/15E148 Safari/604.1"
2605:a601:aac5:9900:d41:854a:cc8b:76f3 - - [19/Oct/2025:09:11:56 -0400] "GET /wp-content/uploads/roller-coaster-animated-1.gif HTTP/1.1" 304 - "https://sexpositions.online/anal/" "Mozilla/5.0 (Linux; Android 10; K) AppleWebKit/537.36 (KHTML, like Gecko) Chrome/141.0.0.0 Safari/537.36"
108.73.178.103 - - [19/Oct/2025:09:12:03 -0400] "GET /category/position/page/3/ HTTP/1.1" 200 116421 "https://sexpositions.online/category/position/page/2/" "Mozilla/5.0 (iPhone; CPU iPhone OS 18_6_2 like Mac OS X) AppleWebKit/605.1.15 (KHTML, like Gecko) CriOS/141.0.7390.96 Mobile/15E148 Safari/604.1"
108.73.178.103 - - [19/Oct/2025:09:12:04 -0400] "GET /wp-content/uploads/the-spotter-animated.gif HTTP/1.1" 304 - "https://sexpositions.online/category/position/page/3/" "Mozilla/5.0 (iPhone; CPU iPhone OS 18_6_2 like Mac OS X) AppleWebKit/605.1.15 (KHTML, like Gecko) CriOS/141.0.7390.96 Mobile/15E148 Safari/604.1"
108.73.178.103 - - [19/Oct/2025:09:12:04 -0400] "GET /wp-content/uploads/the-stallion-animated.gif HTTP/1.1" 304 - "https://sexpositions.online/category/position/page/3/" "Mozilla/5.0 (iPhone; CPU iPhone OS 18_6_2 like Mac OS X) AppleWebKit/605.1.15 (KHTML, like Gecko) CriOS/141.0.7390.96 Mobile/15E148 Safari/604.1"
108.73.178.103 - - [19/Oct/2025:09:12:04 -0400] "GET /wp-content/uploads/the-straddle-animated.gif HTTP/1.1" 304 - "https://sexpositions.online/category/position/page/3/" "Mozilla/5.0 (iPhone; CPU iPhone OS 18_6_2 like Mac OS X) AppleWebKit/605.1.15 (KHTML, like Gecko) CriOS/141.0.7390.96 Mobile/15E148 Safari/604.1"
108.73.178.103 - - [19/Oct/2025:09:12:09 -0400] "GET /wp-content/uploads/the-surprise-animated.gif HTTP/1.1" 200 203260 "https://sexpositions.online/category/position/page/3/" "Mozilla/5.0 (iPhone; CPU iPhone OS 18_6_2 like Mac OS X) AppleWebKit/605.1.15 (KHTML, like Gecko) CriOS/141.0.7390.96 Mobile/15E148 Safari/604.1"
2600:100a:b063:3114:2513:6fb7:b264:d3a1 - - [19/Oct/2025:09:12:10 -0400] "GET /oral/ HTTP/1.1" 200 105341 "https://sexpositions.online/oral/blowjob/" "Mozilla/5.0 (iPhone; CPU iPhone OS 18_7 like Mac OS X) AppleWebKit/605.1.15 (KHTML, like Gecko) Version/26.0.1 Mobile/15E148 Safari/604.1"
165.16.186.142 - - [19/Oct/2025:09:12:12 -0400] "GET /wp-content/uploads/spider-animated-1.gif HTTP/1.1" 200 231955 "https://www.google.com/" "Mozilla/5.0 (iPhone; CPU iPhone OS 18_6_2 like Mac OS X) AppleWebKit/605.1.15 (KHTML, like Gecko) GSA/390.0.817388646 Mobile/22G100 Safari/604.1"
141.0.8.103 - - [19/Oct/2025:09:12:14 -0400] "GET /woman-on-top/ HTTP/1.1" 200 105204 "-" "Mozilla/5.0 (Linux; U; Android 14; RMX3572 Build/UKQ1.230924.001; wv) AppleWebKit/537.36 (KHTML, like Gecko) Version/4.0 Chrome/140.0.7339.207 Mobile Safari/537.36 OPR/95.0.2254.79260"
141.0.8.103 - - [19/Oct/2025:09:12:14 -0400] "GET /wp-content/uploads/seesaw-animated.gif HTTP/1.1" 304 - "https://sexpositions.online/woman-on-top/" "Mozilla/5.0 (Linux; U; Android 14; RMX3572 Build/UKQ1.230924.001; wv) AppleWebKit/537.36 (KHTML, like Gecko) Version/4.0 Chrome/140.0.7339.207 Mobile Safari/537.36 OPR/95.0.2254.79260"
141.0.8.103 - - [19/Oct/2025:09:12:14 -0400] "GET /wp-content/uploads/full-nelson-animated.gif HTTP/1.1" 304 - "https://sexpositions.online/woman-on-top/" "Mozilla/5.0 (Linux; U; Android 14; RMX3572 Build/UKQ1.230924.001; wv) AppleWebKit/537.36 (KHTML, like Gecko) Version/4.0 Chrome/140.0.7339.207 Mobile Safari/537.36 OPR/95.0.2254.79260"
141.0.8.103 - - [19/Oct/2025:09:12:15 -0400] "GET /wp-content/uploads/squat-animated.gif HTTP/1.1" 304 - "https://sexpositions.online/woman-on-top/" "Mozilla/5.0 (Linux; U; Android 14; RMX3572 Build/UKQ1.230924.001; wv) AppleWebKit/537.36 (KHTML, like Gecko) Version/4.0 Chrome/140.0.7339.207 Mobile Safari/537.36 OPR/95.0.2254.79260"
141.0.8.103 - - [19/Oct/2025:09:12:16 -0400] "GET /wp-content/uploads/cropped-favicon-32x32.png HTTP/1.1" 304 - "https://sexpositions.online/woman-on-top/" "Mozilla/5.0 (Linux; U; Android 14; RMX3572 Build/UKQ1.230924.001; wv) AppleWebKit/537.36 (KHTML, like Gecko) Version/4.0 Chrome/140.0.7339.207 Mobile Safari/537.36 OPR/95.0.2254.79260"
108.73.178.103 - - [19/Oct/2025:09:12:17 -0400] "GET /wp-content/uploads/the-tender-embrace-animated.gif HTTP/1.1" 200 210401 "https://sexpositions.online/category/position/page/3/" "Mozilla/5.0 (iPhone; CPU iPhone OS 18_6_2 like Mac OS X) AppleWebKit/605.1.15 (KHTML, like Gecko) CriOS/141.0.7390.96 Mobile/15E148 Safari/604.1"
108.73.178.103 - - [19/Oct/2025:09:12:18 -0400] "GET /wp-content/uploads/the-tipping-point-animated.gif HTTP/1.1" 200 191627 "https://sexpositions.online/category/position/page/3/" "Mozilla/5.0 (iPhone; CPU iPhone OS 18_6_2 like Mac OS X) AppleWebKit/605.1.15 (KHTML, like Gecko) CriOS/141.0.7390.96 Mobile/15E148 Safari/604.1"
108.73.178.103 - - [19/Oct/2025:09:12:21 -0400] "GET /wp-content/uploads/on-the-edge-animated-1.gif HTTP/1.1" 200 228779 "https://sexpositions.online/category/position/page/3/" "Mozilla/5.0 (iPhone; CPU iPhone OS 18_6_2 like Mac OS X) AppleWebKit/605.1.15 (KHTML, like Gecko) CriOS/141.0.7390.96 Mobile/15E148 Safari/604.1"
82.145.222.187 - - [19/Oct/2025:09:12:22 -0400] "GET /wp-content/uploads/piledriver-animated.gif HTTP/1.1" 304 - "https://www.google.com/" "Mozilla/5.0 (Linux; U; Android 9; itel W6004 Build/PPR1.180610.011; wv) AppleWebKit/537.36 (KHTML, like Gecko) Version/4.0 Chrome/79.0.3945.116 Mobile Safari/537.36 OPR/85.0.2254.74399"
108.73.178.103 - - [19/Oct/2025:09:12:23 -0400] "GET /wp-content/uploads/the-wave-animated.gif HTTP/1.1" 304 - "https://sexpositions.online/category/position/page/3/" "Mozilla/5.0 (iPhone; CPU iPhone OS 18_6_2 like Mac OS X) AppleWebKit/605.1.15 (KHTML, like Gecko) CriOS/141.0.7390.96 Mobile/15E148 Safari/604.1"
141.0.8.103 - - [19/Oct/2025:09:12:25 -0400] "GET /wp-content/uploads/the-acrobat-animated-1.gif HTTP/1.1" 304 - "https://sexpositions.online/woman-on-top/" "Mozilla/5.0 (Linux; U; Android 14; RMX3572 Build/UKQ1.230924.001; wv) AppleWebKit/537.36 (KHTML, like Gecko) Version/4.0 Chrome/140.0.7339.207 Mobile Safari/537.36 OPR/95.0.2254.79260"
141.0.8.103 - - [19/Oct/2025:09:12:25 -0400] "GET /wp-content/uploads/boys-on-the-side-animated.gif HTTP/1.1" 304 - "https://sexpositions.online/woman-on-top/" "Mozilla/5.0 (Linux; U; Android 14; RMX3572 Build/UKQ1.230924.001; wv) AppleWebKit/537.36 (KHTML, like Gecko) Version/4.0 Chrome/140.0.7339.207 Mobile Safari/537.36 OPR/95.0.2254.79260"
165.16.186.142 - - [19/Oct/2025:09:12:28 -0400] "GET /sitting/ HTTP/1.1" 200 106982 "https://www.google.com/" "Mozilla/5.0 (iPhone; CPU iPhone OS 18_6_2 like Mac OS X) AppleWebKit/605.1.15 (KHTML, like Gecko) GSA/390.0.817388646 Mobile/15E148 Safari/604.1"
2605:a601:aac5:9900:d41:854a:cc8b:76f3 - - [19/Oct/2025:09:12:30 -0400] "GET /from-behind/ HTTP/1.1" 200 102696 "https://sexpositions.online/anal/" "Mozilla/5.0 (Linux; Android 10; K) AppleWebKit/537.36 (KHTML, like Gecko) Chrome/141.0.0.0 Safari/537.36"
2605:a601:aac5:9900:d41:854a:cc8b:76f3 - - [19/Oct/2025:09:12:32 -0400] "GET / HTTP/1.1" 200 125058 "https://sexpositions.online/anal/" "Mozilla/5.0 (Linux; Android 10; K) AppleWebKit/537.36 (KHTML, like Gecko) Chrome/141.0.0.0 Safari/537.36"
108.73.178.103 - - [19/Oct/2025:09:12:32 -0400] "GET /category/position/page/4/ HTTP/1.1" 200 116406 "https://sexpositions.online/category/position/page/3/" "Mozilla/5.0 (iPhone; CPU iPhone OS 18_6_2 like Mac OS X) AppleWebKit/605.1.15 (KHTML, like Gecko) CriOS/141.0.7390.96 Mobile/15E148 Safari/604.1"
108.73.178.103 - - [19/Oct/2025:09:12:33 -0400] "GET /wp-content/uploads/the-wow-wow-animated.gif HTTP/1.1" 304 - "https://sexpositions.online/category/position/page/4/" "Mozilla/5.0 (iPhone; CPU iPhone OS 18_6_2 like Mac OS X) AppleWebKit/605.1.15 (KHTML, like Gecko) CriOS/141.0.7390.96 Mobile/15E148 Safari/604.1"
108.73.178.103 - - [19/Oct/2025:09:12:34 -0400] "GET /wp-content/uploads/the-y-animated.gif HTTP/1.1" 304 - "https://sexpositions.online/category/position/page/4/" "Mozilla/5.0 (iPhone; CPU iPhone OS 18_6_2 like Mac OS X) AppleWebKit/605.1.15 (KHTML, like Gecko) CriOS/141.0.7390.96 Mobile/15E148 Safari/604.1"
108.73.178.103 - - [19/Oct/2025:09:12:36 -0400] "GET /wp-content/uploads/three-finger-thrill-animated.gif HTTP/1.1" 304 - "https://sexpositions.online/category/position/page/4/" "Mozilla/5.0 (iPhone; CPU iPhone OS 18_6_2 like Mac OS X) AppleWebKit/605.1.15 (KHTML, like Gecko) CriOS/141.0.7390.96 Mobile/15E148 Safari/604.1"
64.224.128.202 - - [19/Oct/2025:09:12:36 -0400] "POST /xmlrpc.php HTTP/1.1" 200 403 "-" "Mozilla/5.0 (Windows NT 6.2; arm64) AppleWebKit/537.36 (KHTML, like Gecko) Opera/65.0.0.0 Safari/537.36"
102.66.147.243 - - [19/Oct/2025:09:12:37 -0400] "GET /wp-content/uploads/on-a-deadline-animated.gif HTTP/1.1" 304 - "https://www.google.com/" "Mozilla/5.0 (Linux; Android 14; SM-A245F Build/UP1A.231005.007; wv) AppleWebKit/537.36 (KHTML, like Gecko) Version/4.0 Chrome/139.0.7258.143 Mobile Safari/537.36 GoogleApp/16.33.65.ve.arm64"
2605:a601:aac5:9900:d41:854a:cc8b:76f3 - - [19/Oct/2025:09:12:40 -0400] "GET /man-on-top/ HTTP/1.1" 200 103048 "https://sexpositions.online/" "Mozilla/5.0 (Linux; Android 10; K) AppleWebKit/537.36 (KHTML, like Gecko) Chrome/141.0.0.0 Safari/537.36"
108.73.178.103 - - [19/Oct/2025:09:12:42 -0400] "GET /wp-content/uploads/tighten-the-screws-animated.gif HTTP/1.1" 200 234650 "https://sexpositions.online/category/position/page/4/" "Mozilla/5.0 (iPhone; CPU iPhone OS 18_6_2 like Mac OS X) AppleWebKit/605.1.15 (KHTML, like Gecko) CriOS/141.0.7390.96 Mobile/15E148 Safari/604.1"
2605:a601:aac5:9900:d41:854a:cc8b:76f3 - - [19/Oct/2025:09:12:44 -0400] "GET /wp-content/uploads/the-snow-angel-animated.gif HTTP/1.1" 304 - "https://sexpositions.online/man-on-top/" "Mozilla/5.0 (Linux; Android 10; K) AppleWebKit/537.36 (KHTML, like Gecko) Chrome/141.0.0.0 Safari/537.36"
2605:a601:aac5:9900:d41:854a:cc8b:76f3 - - [19/Oct/2025:09:12:45 -0400] "GET /wp-content/uploads/the-spork-animated.gif HTTP/1.1" 304 - "https://sexpositions.online/man-on-top/" "Mozilla/5.0 (Linux; Android 10; K) AppleWebKit/537.36 (KHTML, like Gecko) Chrome/141.0.0.0 Safari/537.36"
108.73.178.103 - - [19/Oct/2025:09:12:51 -0400] "GET /wp-content/uploads/tilt-a-girl-animated.gif HTTP/1.1" 200 175644 "https://sexpositions.online/category/position/page/4/" "Mozilla/5.0 (iPhone; CPU iPhone OS 18_6_2 like Mac OS X) AppleWebKit/605.1.15 (KHTML, like Gecko) CriOS/141.0.7390.96 Mobile/15E148 Safari/604.1"
165.16.186.142 - - [19/Oct/2025:09:12:52 -0400] "GET /wp-content/uploads/face-to-face-animated.gif HTTP/1.1" 304 - "https://sexpositions.online/sitting/" "Mozilla/5.0 (iPhone; CPU iPhone OS 18_6_2 like Mac OS X) AppleWebKit/605.1.15 (KHTML, like Gecko) GSA/390.0.817388646 Mobile/15E148 Safari/604.1"
2605:a601:aac5:9900:d41:854a:cc8b:76f3 - - [19/Oct/2025:09:12:52 -0400] "GET /wp-content/uploads/over-the-edge-animated.gif HTTP/1.1" 304 - "https://sexpositions.online/man-on-top/" "Mozilla/5.0 (Linux; Android 10; K) AppleWebKit/537.36 (KHTML, like Gecko) Chrome/141.0.0.0 Safari/537.36"
2605:a601:aac5:9900:d41:854a:cc8b:76f3 - - [19/Oct/2025:09:12:54 -0400] "GET /wp-content/uploads/hot-and-spicy-animated.gif HTTP/1.1" 304 - "https://sexpositions.online/man-on-top/" "Mozilla/5.0 (Linux; Android 10; K) AppleWebKit/537.36 (KHTML, like Gecko) Chrome/141.0.0.0 Safari/537.36"
2605:a601:aac5:9900:d41:854a:cc8b:76f3 - - [19/Oct/2025:09:12:56 -0400] "GET /wp-content/uploads/the-cuddler-animated.gif HTTP/1.1" 304 - "https://sexpositions.online/man-on-top/" "Mozilla/5.0 (Linux; Android 10; K) AppleWebKit/537.36 (KHTML, like Gecko) Chrome/141.0.0.0 Safari/537.36"
141.0.8.103 - - [19/Oct/2025:09:12:58 -0400] "GET /man-on-top/ HTTP/1.1" 200 103059 "-" "Mozilla/5.0 (Linux; U; Android 14; RMX3572 Build/UKQ1.230924.001; wv) AppleWebKit/537.36 (KHTML, like Gecko) Version/4.0 Chrome/140.0.7339.207 Mobile Safari/537.36 OPR/95.0.2254.79260"
141.0.8.103 - - [19/Oct/2025:09:12:58 -0400] "GET /wp-content/uploads/butter-churner-animated.gif HTTP/1.1" 304 - "https://sexpositions.online/man-on-top/" "Mozilla/5.0 (Linux; U; Android 14; RMX3572 Build/UKQ1.230924.001; wv) AppleWebKit/537.36 (KHTML, like Gecko) Version/4.0 Chrome/140.0.7339.207 Mobile Safari/537.36 OPR/95.0.2254.79260"
141.0.8.103 - - [19/Oct/2025:09:12:58 -0400] "GET /wp-content/uploads/the-spork-animated.gif HTTP/1.1" 304 - "https://sexpositions.online/man-on-top/" "Mozilla/5.0 (Linux; U; Android 14; RMX3572 Build/UKQ1.230924.001; wv) AppleWebKit/537.36 (KHTML, like Gecko) Version/4.0 Chrome/140.0.7339.207 Mobile Safari/537.36 OPR/95.0.2254.79260"
108.73.178.103 - - [19/Oct/2025:09:12:58 -0400] "GET /wp-content/uploads/touch-and-go-animated.gif HTTP/1.1" 200 189206 "https://sexpositions.online/category/position/page/4/" "Mozilla/5.0 (iPhone; CPU iPhone OS 18_6_2 like Mac OS X) AppleWebKit/605.1.15 (KHTML, like Gecko) CriOS/141.0.7390.96 Mobile/15E148 Safari/604.1"
141.0.8.103 - - [19/Oct/2025:09:13:00 -0400] "GET /wp-content/uploads/hot-and-spicy-animated.gif HTTP/1.1" 304 - "https://sexpositions.online/man-on-top/" "Mozilla/5.0 (Linux; U; Android 14; RMX3572 Build/UKQ1.230924.001; wv) AppleWebKit/537.36 (KHTML, like Gecko) Version/4.0 Chrome/140.0.7339.207 Mobile Safari/537.36 OPR/95.0.2254.79260"
108.73.178.103 - - [19/Oct/2025:09:13:00 -0400] "GET /wp-content/uploads/trick-or-treat-animated.gif HTTP/1.1" 200 215143 "https://sexpositions.online/category/position/page/4/" "Mozilla/5.0 (iPhone; CPU iPhone OS 18_6_2 like Mac OS X) AppleWebKit/605.1.15 (KHTML, like Gecko) CriOS/141.0.7390.96 Mobile/15E148 Safari/604.1"
141.0.8.103 - - [19/Oct/2025:09:13:02 -0400] "GET /wp-content/uploads/the-cuddler-animated.gif HTTP/1.1" 304 - "https://sexpositions.online/man-on-top/" "Mozilla/5.0 (Linux; U; Android 14; RMX3572 Build/UKQ1.230924.001; wv) AppleWebKit/537.36 (KHTML, like Gecko) Version/4.0 Chrome/140.0.7339.207 Mobile Safari/537.36 OPR/95.0.2254.79260"
141.0.8.103 - - [19/Oct/2025:09:13:02 -0400] "GET /wp-content/uploads/over-the-edge-animated.gif HTTP/1.1" 304 - "https://sexpositions.online/man-on-top/" "Mozilla/5.0 (Linux; U; Android 14; RMX3572 Build/UKQ1.230924.001; wv) AppleWebKit/537.36 (KHTML, like Gecko) Version/4.0 Chrome/140.0.7339.207 Mobile Safari/537.36 OPR/95.0.2254.79260"
141.0.8.103 - - [19/Oct/2025:09:13:02 -0400] "GET /wp-content/uploads/the-wow-wow-animated.gif HTTP/1.1" 304 - "https://sexpositions.online/man-on-top/" "Mozilla/5.0 (Linux; U; Android 14; RMX3572 Build/UKQ1.230924.001; wv) AppleWebKit/537.36 (KHTML, like Gecko) Version/4.0 Chrome/140.0.7339.207 Mobile Safari/537.36 OPR/95.0.2254.79260"
141.0.8.103 - - [19/Oct/2025:09:13:03 -0400] "GET /wp-content/uploads/spread-eagle-animated-1.gif HTTP/1.1" 304 - "https://sexpositions.online/man-on-top/" "Mozilla/5.0 (Linux; U; Android 14; RMX3572 Build/UKQ1.230924.001; wv) AppleWebKit/537.36 (KHTML, like Gecko) Version/4.0 Chrome/140.0.7339.207 Mobile Safari/537.36 OPR/95.0.2254.79260"
108.73.178.103 - - [19/Oct/2025:09:13:04 -0400] "GET /wp-content/uploads/the-acrobat-animated-1.gif HTTP/1.1" 304 - "https://sexpositions.online/category/position/page/4/" "Mozilla/5.0 (iPhone; CPU iPhone OS 18_6_2 like Mac OS X) AppleWebKit/605.1.15 (KHTML, like Gecko) CriOS/141.0.7390.96 Mobile/15E148 Safari/604.1"
165.16.186.142 - - [19/Oct/2025:09:13:04 -0400] "GET /wp-content/uploads/side-saddle-animated.gif HTTP/1.1" 304 - "https://sexpositions.online/sitting/" "Mozilla/5.0 (iPhone; CPU iPhone OS 18_6_2 like Mac OS X) AppleWebKit/605.1.15 (KHTML, like Gecko) GSA/390.0.817388646 Mobile/15E148 Safari/604.1"
141.0.8.103 - - [19/Oct/2025:09:13:05 -0400] "GET /wp-content/uploads/the-snow-angel-animated.gif HTTP/1.1" 200 246836 "https://sexpositions.online/man-on-top/" "Mozilla/5.0 (Linux; U; Android 14; RMX3572 Build/UKQ1.230924.001; wv) AppleWebKit/537.36 (KHTML, like Gecko) Version/4.0 Chrome/140.0.7339.207 Mobile Safari/537.36 OPR/95.0.2254.79260"
141.0.8.103 - - [19/Oct/2025:09:13:05 -0400] "GET /man-on-top/ HTTP/1.1" 200 103059 "-" "Mozilla/5.0 (Linux; U; Android 14; RMX3572 Build/UKQ1.230924.001; wv) AppleWebKit/537.36 (KHTML, like Gecko) Version/4.0 Chrome/140.0.7339.207 Mobile Safari/537.36 OPR/95.0.2254.79260"
141.0.8.103 - - [19/Oct/2025:09:13:06 -0400] "GET /wp-content/uploads/butter-churner-animated.gif HTTP/1.1" 304 - "https://sexpositions.online/man-on-top/" "Mozilla/5.0 (Linux; U; Android 14; RMX3572 Build/UKQ1.230924.001; wv) AppleWebKit/537.36 (KHTML, like Gecko) Version/4.0 Chrome/140.0.7339.207 Mobile Safari/537.36 OPR/95.0.2254.79260"
141.0.8.103 - - [19/Oct/2025:09:13:07 -0400] "GET /wp-content/uploads/hot-and-spicy-animated.gif HTTP/1.1" 200 216843 "https://sexpositions.online/man-on-top/" "Mozilla/5.0 (Linux; U; Android 14; RMX3572 Build/UKQ1.230924.001; wv) AppleWebKit/537.36 (KHTML, like Gecko) Version/4.0 Chrome/140.0.7339.207 Mobile Safari/537.36 OPR/95.0.2254.79260"
141.0.8.103 - - [19/Oct/2025:09:13:07 -0400] "GET /wp-content/uploads/the-cuddler-animated.gif HTTP/1.1" 200 235857 "https://sexpositions.online/man-on-top/" "Mozilla/5.0 (Linux; U; Android 14; RMX3572 Build/UKQ1.230924.001; wv) AppleWebKit/537.36 (KHTML, like Gecko) Version/4.0 Chrome/140.0.7339.207 Mobile Safari/537.36 OPR/95.0.2254.79260"
141.0.8.103 - - [19/Oct/2025:09:13:09 -0400] "GET /wp-content/uploads/the-spork-animated.gif HTTP/1.1" 304 - "https://sexpositions.online/man-on-top/" "Mozilla/5.0 (Linux; U; Android 14; RMX3572 Build/UKQ1.230924.001; wv) AppleWebKit/537.36 (KHTML, like Gecko) Version/4.0 Chrome/140.0.7339.207 Mobile Safari/537.36 OPR/95.0.2254.79260"
141.0.8.103 - - [19/Oct/2025:09:13:10 -0400] "GET /spread-eagle/ HTTP/1.1" 200 98093 "https://sexpositions.online/man-on-top/" "Mozilla/5.0 (Linux; Android 14; RMX3572 Build/UKQ1.230924.001; wv) AppleWebKit/537.36 (KHTML, like Gecko) Version/4.0 Chrome/140.0.7339.207 Mobile Safari/537.36"
2605:a601:aac5:9900:d41:854a:cc8b:76f3 - - [19/Oct/2025:09:13:10 -0400] "GET /hot-and-spicy/ HTTP/1.1" 200 98115 "https://sexpositions.online/man-on-top/" "Mozilla/5.0 (Linux; Android 10; K) AppleWebKit/537.36 (KHTML, like Gecko) Chrome/141.0.0.0 Safari/537.36"
85.208.96.198 - - [19/Oct/2025:09:13:11 -0400] "GET /page/19/?action=repository_opensearch&count=20&index_id=2229&order=17&pn=1 HTTP/1.1" 200 116065 "-" "Mozilla/5.0 (compatible; SemrushBot/7~bl; +http://www.semrush.com/bot.html)"
108.73.178.103 - - [19/Oct/2025:09:13:11 -0400] "GET /category/position/page/5/ HTTP/1.1" 200 116266 "https://sexpositions.online/category/position/page/4/" "Mozilla/5.0 (iPhone; CPU iPhone OS 18_6_2 like Mac OS X) AppleWebKit/605.1.15 (KHTML, like Gecko) CriOS/141.0.7390.96 Mobile/15E148 Safari/604.1"
108.73.178.103 - - [19/Oct/2025:09:13:13 -0400] "GET /wp-content/uploads/the-x-factor-animated-2.gif HTTP/1.1" 304 - "https://sexpositions.online/category/position/page/5/" "Mozilla/5.0 (iPhone; CPU iPhone OS 18_6_2 like Mac OS X) AppleWebKit/605.1.15 (KHTML, like Gecko) CriOS/141.0.7390.96 Mobile/15E148 Safari/604.1"
108.73.178.103 - - [19/Oct/2025:09:13:13 -0400] "GET /wp-content/uploads/octopus-animated.gif HTTP/1.1" 304 - "https://sexpositions.online/category/position/page/5/" "Mozilla/5.0 (iPhone; CPU iPhone OS 18_6_2 like Mac OS X) AppleWebKit/605.1.15 (KHTML, like Gecko) CriOS/141.0.7390.96 Mobile/15E148 Safari/604.1"
108.73.178.103 - - [19/Oct/2025:09:13:16 -0400] "GET /wp-content/uploads/upward-dog-animated.gif HTTP/1.1" 304 - "https://sexpositions.online/category/position/page/5/" "Mozilla/5.0 (iPhone; CPU iPhone OS 18_6_2 like Mac OS X) AppleWebKit/605.1.15 (KHTML, like Gecko) CriOS/141.0.7390.96 Mobile/15E148 Safari/604.1"
108.73.178.103 - - [19/Oct/2025:09:13:20 -0400] "GET /wp-content/uploads/waterslide-animated.gif HTTP/1.1" 200 270540 "https://sexpositions.online/category/position/page/5/" "Mozilla/5.0 (iPhone; CPU iPhone OS 18_6_2 like Mac OS X) AppleWebKit/605.1.15 (KHTML, like Gecko) CriOS/141.0.7390.96 Mobile/15E148 Safari/604.1"
108.73.178.103 - - [19/Oct/2025:09:13:25 -0400] "GET /wp-content/uploads/whos-your-daddy-animated.gif HTTP/1.1" 304 - "https://sexpositions.online/category/position/page/5/" "Mozilla/5.0 (iPhone; CPU iPhone OS 18_6_2 like Mac OS X) AppleWebKit/605.1.15 (KHTML, like Gecko) CriOS/141.0.7390.96 Mobile/15E148 Safari/604.1"
165.16.186.142 - - [19/Oct/2025:09:13:28 -0400] "GET /spider/ HTTP/1.1" 200 97997 "https://sexpositions.online/sitting/" "Mozilla/5.0 (iPhone; CPU iPhone OS 18_6_2 like Mac OS X) AppleWebKit/605.1.15 (KHTML, like Gecko) GSA/390.0.817388646 Mobile/15E148 Safari/604.1"
108.73.178.103 - - [19/Oct/2025:09:13:29 -0400] "GET /wp-content/uploads/wild-cherry-animated.gif HTTP/1.1" 200 229059 "https://sexpositions.online/category/position/page/5/" "Mozilla/5.0 (iPhone; CPU iPhone OS 18_6_2 like Mac OS X) AppleWebKit/605.1.15 (KHTML, like Gecko) CriOS/141.0.7390.96 Mobile/15E148 Safari/604.1"
2605:a601:aac5:9900:d41:854a:cc8b:76f3 - - [19/Oct/2025:09:13:33 -0400] "GET /over-the-edge/ HTTP/1.1" 200 98011 "https://sexpositions.online/man-on-top/" "Mozilla/5.0 (Linux; Android 10; K) AppleWebKit/537.36 (KHTML, like Gecko) Chrome/141.0.0.0 Safari/537.36"
2605:a601:aac5:9900:d41:854a:cc8b:76f3 - - [19/Oct/2025:09:13:35 -0400] "GET /oral/ HTTP/1.1" 200 105330 "https://sexpositions.online/man-on-top/" "Mozilla/5.0 (Linux; Android 10; K) AppleWebKit/537.36 (KHTML, like Gecko) Chrome/141.0.0.0 Safari/537.36"
64.224.128.202 - - [19/Oct/2025:09:13:37 -0400] "POST /xmlrpc.php HTTP/1.1" 200 403 "-" "Mozilla/5.0 (Windows NT 6.3; x86) AppleWebKit/537.36 (KHTML, like Gecko) Opera/68.0.0.0 Safari/537.36"
108.73.178.103 - - [19/Oct/2025:09:13:38 -0400] "GET /wp-content/uploads/windmill-animated.gif HTTP/1.1" 200 217396 "https://sexpositions.online/category/position/page/5/" "Mozilla/5.0 (iPhone; CPU iPhone OS 18_6_2 like Mac OS X) AppleWebKit/605.1.15 (KHTML, like Gecko) CriOS/141.0.7390.96 Mobile/15E148 Safari/604.1"
2605:a601:aac5:9900:d41:854a:cc8b:76f3 - - [19/Oct/2025:09:13:39 -0400] "GET /woman-on-top/ HTTP/1.1" 200 105193 "https://sexpositions.online/man-on-top/" "Mozilla/5.0 (Linux; Android 10; K) AppleWebKit/537.36 (KHTML, like Gecko) Chrome/141.0.0.0 Safari/537.36"
85.208.96.198 - - [19/Oct/2025:09:13:43 -0400] "GET /page/27/?action=repository_opensearch&count=20&index_id=340&order=17&pn=1 HTTP/1.1" 200 102554 "-" "Mozilla/5.0 (compatible; SemrushBot/7~bl; +http://www.semrush.com/bot.html)"
108.73.178.103 - - [19/Oct/2025:09:13:44 -0400] "GET /wp-content/uploads/yawning-animated.gif HTTP/1.1" 200 225012 "https://sexpositions.online/category/position/page/5/" "Mozilla/5.0 (iPhone; CPU iPhone OS 18_6_2 like Mac OS X) AppleWebKit/605.1.15 (KHTML, like Gecko) CriOS/141.0.7390.96 Mobile/15E148 Safari/604.1"
108.73.178.103 - - [19/Oct/2025:09:13:50 -0400] "GET /category/position/page/6/ HTTP/1.1" 200 116403 "https://sexpositions.online/category/position/page/5/" "Mozilla/5.0 (iPhone; CPU iPhone OS 18_6_2 like Mac OS X) AppleWebKit/605.1.15 (KHTML, like Gecko) CriOS/141.0.7390.96 Mobile/15E148 Safari/604.1"
165.16.186.142 - - [19/Oct/2025:09:13:50 -0400] "GET /wp-content/uploads/trampoline-animated-1.gif HTTP/1.1" 200 302040 "https://sexpositions.online/sitting/" "Mozilla/5.0 (iPhone; CPU iPhone OS 18_6_2 like Mac OS X) AppleWebKit/605.1.15 (KHTML, like Gecko) GSA/390.0.817388646 Mobile/15E148 Safari/604.1"
73.159.228.4 - - [19/Oct/2025:09:13:51 -0400] "GET /wp-content/uploads/reverse-cowgirl-animated.gif HTTP/1.1" 304 - "https://www.google.com/" "Mozilla/5.0 (X11; CrOS x86_64 14541.0.0) AppleWebKit/537.36 (KHTML, like Gecko) Chrome/126.0.0.0 Safari/537.36"
104.157.210.24 - - [19/Oct/2025:09:13:51 -0400] "GET /raise-the-mast/ HTTP/1.1" 200 98368 "https://www.google.com/" "Mozilla/5.0 (Windows NT 10.0; Win64; x64; rv:144.0) Gecko/20100101 Firefox/144.0"
108.73.178.103 - - [19/Oct/2025:09:13:52 -0400] "GET /wp-content/uploads/starting-blocks-animated.gif HTTP/1.1" 200 194769 "https://sexpositions.online/category/position/page/6/" "Mozilla/5.0 (iPhone; CPU iPhone OS 18_6_2 like Mac OS X) AppleWebKit/605.1.15 (KHTML, like Gecko) CriOS/141.0.7390.96 Mobile/15E148 Safari/604.1"
108.73.178.103 - - [19/Oct/2025:09:13:52 -0400] "GET /wp-content/uploads/stretch-it-out-animated.gif HTTP/1.1" 200 203492 "https://sexpositions.online/category/position/page/6/" "Mozilla/5.0 (iPhone; CPU iPhone OS 18_6_2 like Mac OS X) AppleWebKit/605.1.15 (KHTML, like Gecko) CriOS/141.0.7390.96 Mobile/15E148 Safari/604.1"
2605:a601:aac5:9900:d41:854a:cc8b:76f3 - - [19/Oct/2025:09:13:52 -0400] "GET /wp-content/uploads/seesaw-animated.gif HTTP/1.1" 304 - "https://sexpositions.online/woman-on-top/" "Mozilla/5.0 (Linux; Android 10; K) AppleWebKit/537.36 (KHTML, like Gecko) Chrome/141.0.0.0 Safari/537.36"
104.157.210.24 - - [19/Oct/2025:09:13:52 -0400] "GET /wp-content/uploads/raise-the-mast-animated.gif HTTP/1.1" 200 230111 "https://sexpositions.online/raise-the-mast/" "Mozilla/5.0 (Windows NT 10.0; Win64; x64; rv:144.0) Gecko/20100101 Firefox/144.0"
2605:a601:aac5:9900:d41:854a:cc8b:76f3 - - [19/Oct/2025:09:13:53 -0400] "GET /wp-content/uploads/airplane-animated.gif HTTP/1.1" 304 - "https://sexpositions.online/woman-on-top/" "Mozilla/5.0 (Linux; Android 10; K) AppleWebKit/537.36 (KHTML, like Gecko) Chrome/141.0.0.0 Safari/537.36"
104.157.210.24 - - [19/Oct/2025:09:13:53 -0400] "GET /wp-content/uploads/cropped-favicon-32x32.png HTTP/1.1" 304 - "https://sexpositions.online/raise-the-mast/" "Mozilla/5.0 (Windows NT 10.0; Win64; x64; rv:144.0) Gecko/20100101 Firefox/144.0"
76.75.107.72 - - [19/Oct/2025:09:13:54 -0400] "GET / HTTP/1.1" 200 125069 "https://www.google.com/" "Mozilla/5.0 (iPhone; CPU iPhone OS 18_7 like Mac OS X) AppleWebKit/605.1.15 (KHTML, like Gecko) Version/26.0.1 Mobile/15E148 Safari/604.1"
2605:a601:aac5:9900:d41:854a:cc8b:76f3 - - [19/Oct/2025:09:13:54 -0400] "GET /reverse-cowgirl/ HTTP/1.1" 200 98052 "https://sexpositions.online/woman-on-top/" "Mozilla/5.0 (Linux; Android 10; K) AppleWebKit/537.36 (KHTML, like Gecko) Chrome/141.0.0.0 Safari/537.36"
2605:a601:aac5:9900:d41:854a:cc8b:76f3 - - [19/Oct/2025:09:13:54 -0400] "GET /wp-content/uploads/reverse-missionary-animated.gif HTTP/1.1" 304 - "https://sexpositions.online/woman-on-top/" "Mozilla/5.0 (Linux; Android 10; K) AppleWebKit/537.36 (KHTML, like Gecko) Chrome/141.0.0.0 Safari/537.36"
165.16.186.142 - - [19/Oct/2025:09:13:54 -0400] "GET /wp-content/uploads/sitting-bull-animated-1.gif HTTP/1.1" 200 237712 "https://sexpositions.online/sitting/" "Mozilla/5.0 (iPhone; CPU iPhone OS 18_6_2 like Mac OS X) AppleWebKit/605.1.15 (KHTML, like Gecko) GSA/390.0.817388646 Mobile/15E148 Safari/604.1"
76.75.107.72 - - [19/Oct/2025:09:13:55 -0400] "GET /wp-content/uploads/banner.jpg HTTP/1.1" 304 - "https://sexpositions.online/" "Mozilla/5.0 (iPhone; CPU iPhone OS 18_7 like Mac OS X) AppleWebKit/605.1.15 (KHTML, like Gecko) Version/26.0.1 Mobile/15E148 Safari/604.1"
108.73.178.103 - - [19/Oct/2025:09:13:57 -0400] "GET /wp-content/uploads/sun-salutation-animated.gif HTTP/1.1" 304 - "https://sexpositions.online/category/position/page/6/" "Mozilla/5.0 (iPhone; CPU iPhone OS 18_6_2 like Mac OS X) AppleWebKit/605.1.15 (KHTML, like Gecko) CriOS/141.0.7390.96 Mobile/15E148 Safari/604.1"
165.16.186.142 - - [19/Oct/2025:09:13:56 -0400] "GET /wp-content/uploads/man-trap-animated.gif HTTP/1.1" 200 259933 "https://sexpositions.online/sitting/" "Mozilla/5.0 (iPhone; CPU iPhone OS 18_6_2 like Mac OS X) AppleWebKit/605.1.15 (KHTML, like Gecko) GSA/390.0.817388646 Mobile/15E148 Safari/604.1"
165.16.186.142 - - [19/Oct/2025:09:14:00 -0400] "GET /wp-content/uploads/necking-animated.gif HTTP/1.1" 200 213443 "https://sexpositions.online/sitting/" "Mozilla/5.0 (iPhone; CPU iPhone OS 18_6_2 like Mac OS X) AppleWebKit/605.1.15 (KHTML, like Gecko) GSA/390.0.817388646 Mobile/15E148 Safari/604.1"
76.75.107.72 - - [19/Oct/2025:09:14:03 -0400] "GET /wp-content/uploads/amazon-animated.gif HTTP/1.1" 304 - "https://sexpositions.online/" "Mozilla/5.0 (iPhone; CPU iPhone OS 18_7 like Mac OS X) AppleWebKit/605.1.15 (KHTML, like Gecko) Version/26.0.1 Mobile/15E148 Safari/604.1"
76.75.107.72 - - [19/Oct/2025:09:14:06 -0400] "GET /wp-content/uploads/lotus-animated.gif HTTP/1.1" 304 - "https://sexpositions.online/" "Mozilla/5.0 (iPhone; CPU iPhone OS 18_7 like Mac OS X) AppleWebKit/605.1.15 (KHTML, like Gecko) Version/26.0.1 Mobile/15E148 Safari/604.1"
2605:a601:aac5:9900:d41:854a:cc8b:76f3 - - [19/Oct/2025:09:14:09 -0400] "GET /wp-content/uploads/boys-on-the-side-animated.gif HTTP/1.1" 304 - "https://sexpositions.online/woman-on-top/" "Mozilla/5.0 (Linux; Android 10; K) AppleWebKit/537.36 (KHTML, like Gecko) Chrome/141.0.0.0 Safari/537.36"
185.191.171.7 - - [19/Oct/2025:09:14:09 -0400] "GET /page/5/?action=repository_opensearch&count=20&index_id=164&order=17&pn=1 HTTP/1.1" 200 116345 "-" "Mozilla/5.0 (compatible; SemrushBot/7~bl; +http://www.semrush.com/bot.html)"
2600:1017:b484:519:70b9:4ff:fe68:ced8 - - [19/Oct/2025:09:14:18 -0400] "GET /wp-content/themes/astra/assets/css/minified/main.min.css?ver=4.11.12 HTTP/1.1" 304 - "-" "Mozilla/5.0 (Linux; Android 10; K) AppleWebKit/537.36 (KHTML, like Gecko) Chrome/141.0.0.0 Mobile Safari/537.36"
2600:1017:b484:519:70b9:4ff:fe68:ced8 - - [19/Oct/2025:09:14:18 -0400] "GET /wp-includes/css/dist/block-library/style.min.css?ver=6.8.3 HTTP/1.1" 304 - "-" "Mozilla/5.0 (Linux; Android 10; K) AppleWebKit/537.36 (KHTML, like Gecko) Chrome/141.0.0.0 Mobile Safari/537.36"
2600:1017:b484:519:70b9:4ff:fe68:ced8 - - [19/Oct/2025:09:14:18 -0400] "GET / HTTP/1.1" 200 125069 "-" "Mozilla/5.0 (Linux; Android 10; K) AppleWebKit/537.36 (KHTML, like Gecko) Chrome/141.0.0.0 Mobile Safari/537.36"
2600:1017:b484:519:70b9:4ff:fe68:ced8 - - [19/Oct/2025:09:14:19 -0400] "GET /wp-content/uploads/banner.jpg HTTP/1.1" 200 69174 "https://sexpositions.online/" "Mozilla/5.0 (Linux; Android 10; K) AppleWebKit/537.36 (KHTML, like Gecko) Chrome/141.0.0.0 Mobile Safari/537.36"
2600:1017:b484:519:70b9:4ff:fe68:ced8 - - [19/Oct/2025:09:14:19 -0400] "GET /wp-content/uploads/cowgirl-animated.gif HTTP/1.1" 304 - "https://sexpositions.online/" "Mozilla/5.0 (Linux; Android 10; K) AppleWebKit/537.36 (KHTML, like Gecko) Chrome/141.0.0.0 Mobile Safari/537.36"
2600:1017:b484:519:70b9:4ff:fe68:ced8 - - [19/Oct/2025:09:14:19 -0400] "GET /wp-content/uploads/missionary-animated.gif HTTP/1.1" 304 - "https://sexpositions.online/" "Mozilla/5.0 (Linux; Android 10; K) AppleWebKit/537.36 (KHTML, like Gecko) Chrome/141.0.0.0 Mobile Safari/537.36"
2600:1017:b484:519:70b9:4ff:fe68:ced8 - - [19/Oct/2025:09:14:20 -0400] "GET /wp-content/themes/astra/assets/js/minified/frontend.min.js?ver=4.11.12 HTTP/1.1" 304 - "https://sexpositions.online/" "Mozilla/5.0 (Linux; Android 10; K) AppleWebKit/537.36 (KHTML, like Gecko) Chrome/141.0.0.0 Mobile Safari/537.36"
2600:1017:b484:519:70b9:4ff:fe68:ced8 - - [19/Oct/2025:09:14:20 -0400] "GET /wp-includes/js/wp-emoji-release.min.js?ver=6.8.3 HTTP/1.1" 304 - "https://sexpositions.online/" "Mozilla/5.0 (Linux; Android 10; K) AppleWebKit/537.36 (KHTML, like Gecko) Chrome/141.0.0.0 Mobile Safari/537.36"
102.100.71.164 - - [19/Oct/2025:09:14:21 -0400] "GET /wp-content/uploads/captain-animated.gif HTTP/1.1" 304 - "https://www.google.com/" "Mozilla/5.0 (Linux; Android 15; 23021RAAEG Build/AQ3A.240829.003; wv) AppleWebKit/537.36 (KHTML, like Gecko) Version/4.0 Chrome/141.0.7390.43 Mobile Safari/537.36 GoogleApp/16.40.23.ve.arm64"
2600:1017:b484:519:70b9:4ff:fe68:ced8 - - [19/Oct/2025:09:14:21 -0400] "GET /wp-content/uploads/cropped-favicon-180x180.png HTTP/1.1" 304 - "https://sexpositions.online/" "Mozilla/5.0 (Linux; Android 10; K) AppleWebKit/537.36 (KHTML, like Gecko) Chrome/141.0.0.0 Mobile Safari/537.36"
2600:1017:b484:519:70b9:4ff:fe68:ced8 - - [19/Oct/2025:09:14:24 -0400] "GET /wp-content/uploads/amazon-animated.gif HTTP/1.1" 304 - "https://sexpositions.online/" "Mozilla/5.0 (Linux; Android 10; K) AppleWebKit/537.36 (KHTML, like Gecko) Chrome/141.0.0.0 Mobile Safari/537.36"
165.16.186.142 - - [19/Oct/2025:09:14:24 -0400] "GET /wp-content/uploads/the-firm-animated.gif HTTP/1.1" 200 237263 "https://sexpositions.online/sitting/" "Mozilla/5.0 (iPhone; CPU iPhone OS 18_6_2 like Mac OS X) AppleWebKit/605.1.15 (KHTML, like Gecko) GSA/390.0.817388646 Mobile/15E148 Safari/604.1"
76.75.107.72 - - [19/Oct/2025:09:14:25 -0400] "GET /wp-content/uploads/doggy-style-animated.gif HTTP/1.1" 304 - "https://sexpositions.online/" "Mozilla/5.0 (iPhone; CPU iPhone OS 18_7 like Mac OS X) AppleWebKit/605.1.15 (KHTML, like Gecko) Version/26.0.1 Mobile/15E148 Safari/604.1"
2605:a601:aac5:9900:d41:854a:cc8b:76f3 - - [19/Oct/2025:09:14:25 -0400] "GET /reverse-missionary/ HTTP/1.1" 200 98194 "https://sexpositions.online/woman-on-top/" "Mozilla/5.0 (Linux; Android 10; K) AppleWebKit/537.36 (KHTML, like Gecko) Chrome/141.0.0.0 Safari/537.36"
2600:1017:b484:519:70b9:4ff:fe68:ced8 - - [19/Oct/2025:09:14:27 -0400] "GET /wp-content/uploads/lotus-animated.gif HTTP/1.1" 304 - "https://sexpositions.online/" "Mozilla/5.0 (Linux; Android 10; K) AppleWebKit/537.36 (KHTML, like Gecko) Chrome/141.0.0.0 Mobile Safari/537.36"
2605:a601:aac5:9900:d41:854a:cc8b:76f3 - - [19/Oct/2025:09:14:27 -0400] "GET /cowgirl/ HTTP/1.1" 200 101886 "https://sexpositions.online/woman-on-top/" "Mozilla/5.0 (Linux; Android 10; K) AppleWebKit/537.36 (KHTML, like Gecko) Chrome/141.0.0.0 Safari/537.36"
165.16.186.142 - - [19/Oct/2025:09:14:28 -0400] "GET /wp-content/uploads/raunchy-wrestler-animated.gif HTTP/1.1" 304 - "https://sexpositions.online/sitting/" "Mozilla/5.0 (iPhone; CPU iPhone OS 18_6_2 like Mac OS X) AppleWebKit/605.1.15 (KHTML, like Gecko) GSA/390.0.817388646 Mobile/15E148 Safari/604.1"
2605:a601:aac5:9900:d41:854a:cc8b:76f3 - - [19/Oct/2025:09:14:31 -0400] "GET /from-behind/ HTTP/1.1" 200 102696 "https://sexpositions.online/woman-on-top/" "Mozilla/5.0 (Linux; Android 10; K) AppleWebKit/537.36 (KHTML, like Gecko) Chrome/141.0.0.0 Safari/537.36"
165.16.186.142 - - [19/Oct/2025:09:14:32 -0400] "GET /wp-content/uploads/the-anchor-animated.gif HTTP/1.1" 304 - "https://sexpositions.online/sitting/" "Mozilla/5.0 (iPhone; CPU iPhone OS 18_6_2 like Mac OS X) AppleWebKit/605.1.15 (KHTML, like Gecko) GSA/390.0.817388646 Mobile/15E148 Safari/604.1"
2605:a601:aac5:9900:d41:854a:cc8b:76f3 - - [19/Oct/2025:09:14:32 -0400] "GET /wp-content/uploads/ceo-animated.gif HTTP/1.1" 304 - "https://sexpositions.online/from-behind/" "Mozilla/5.0 (Linux; Android 10; K) AppleWebKit/537.36 (KHTML, like Gecko) Chrome/141.0.0.0 Safari/537.36"
2600:1017:b484:519:70b9:4ff:fe68:ced8 - - [19/Oct/2025:09:14:33 -0400] "GET /wp-content/uploads/doggy-style-animated.gif HTTP/1.1" 304 - "https://sexpositions.online/" "Mozilla/5.0 (Linux; Android 10; K) AppleWebKit/537.36 (KHTML, like Gecko) Chrome/141.0.0.0 Mobile Safari/537.36"
2605:a601:aac5:9900:d41:854a:cc8b:76f3 - - [19/Oct/2025:09:14:33 -0400] "GET /wp-content/uploads/sleeping-beauty-animated.gif HTTP/1.1" 200 218192 "https://sexpositions.online/from-behind/" "Mozilla/5.0 (Linux; Android 10; K) AppleWebKit/537.36 (KHTML, like Gecko) Chrome/141.0.0.0 Safari/537.36"
2605:a601:aac5:9900:d41:854a:cc8b:76f3 - - [19/Oct/2025:09:14:35 -0400] "GET /wp-content/uploads/body-booster-animated.gif HTTP/1.1" 304 - "https://sexpositions.online/from-behind/" "Mozilla/5.0 (Linux; Android 10; K) AppleWebKit/537.36 (KHTML, like Gecko) Chrome/141.0.0.0 Safari/537.36"
2605:a601:aac5:9900:d41:854a:cc8b:76f3 - - [19/Oct/2025:09:14:36 -0400] "GET /wp-content/uploads/ladies-choice-animated.gif HTTP/1.1" 304 - "https://sexpositions.online/from-behind/" "Mozilla/5.0 (Linux; Android 10; K) AppleWebKit/537.36 (KHTML, like Gecko) Chrome/141.0.0.0 Safari/537.36"
