41.232.236.15 - - [19/Oct/2025:10:19:11 -0400] "GET /wp-content/uploads/trick-or-treat-animated.gif HTTP/1.1" 304 - "https://sexpositions.online/category/position/page/4/" "Mozilla/5.0 (iPhone; CPU iPhone OS 18_6_2 like Mac OS X) AppleWebKit/605.1.15 (KHTML, like Gecko) Version/18.6 Mobile/15E148 Safari/604.1"
144.48.108.199 - - [19/Oct/2025:10:19:11 -0400] "GET /wp-content/uploads/the-wow-wow-animated.gif HTTP/1.1" 304 - "https://sexpositions.online/piledriver/" "Mozilla/5.0 (Linux; Android 10; K) AppleWebKit/537.36 (KHTML, like Gecko) Chrome/135.0.0.0 Mobile Safari/537.36"
41.232.236.15 - - [19/Oct/2025:10:19:12 -0400] "GET /wp-content/uploads/the-acrobat-animated-1.gif HTTP/1.1" 304 - "https://sexpositions.online/category/position/page/4/" "Mozilla/5.0 (iPhone; CPU iPhone OS 18_6_2 like Mac OS X) AppleWebKit/605.1.15 (KHTML, like Gecko) Version/18.6 Mobile/15E148 Safari/604.1"
162.81.108.177 - - [19/Oct/2025:10:19:14 -0400] "GET /wp-content/uploads/the-rocker-animated.gif HTTP/1.1" 304 - "https://naughtygrin.com/" "Mozilla/5.0 (iPhone; CPU iPhone OS 18_6_2 like Mac OS X) AppleWebKit/605.1.15 (KHTML, like Gecko) Version/18.6 Mobile/15E148 Safari/604.1"
144.48.108.199 - - [19/Oct/2025:10:19:16 -0400] "GET /missionary/ HTTP/1.1" 200 103202 "https://sexpositions.online/piledriver/" "Mozilla/5.0 (Linux; Android 10; K) AppleWebKit/537.36 (KHTML, like Gecko) Chrome/135.0.0.0 Mobile Safari/537.36"
144.48.108.199 - - [19/Oct/2025:10:19:16 -0400] "GET /wp-content/uploads/cat-animated.gif HTTP/1.1" 304 - "https://sexpositions.online/missionary/" "Mozilla/5.0 (Linux; Android 10; K) AppleWebKit/537.36 (KHTML, like Gecko) Chrome/135.0.0.0 Mobile Safari/537.36"
193.187.128.67 - - [19/Oct/2025:10:19:17 -0400] "GET / HTTP/1.1" 200 125069 "https://www.google.com/" "Mozilla/5.0 (Linux; Android 10; K) AppleWebKit/537.36 (KHTML, like Gecko) SamsungBrowser/28.0 Chrome/130.0.0.0 Mobile Safari/537.36"
85.208.96.196 - - [19/Oct/2025:10:19:18 -0400] "GET /robots.txt HTTP/1.1" 200 123 "-" "Mozilla/5.0 (compatible; SemrushBot/7~bl; +http://www.semrush.com/bot.html)"
162.81.108.177 - - [19/Oct/2025:10:19:19 -0400] "GET /wp-content/uploads/the-chin-rest-animated.gif HTTP/1.1" 304 - "https://naughtygrin.com/" "Mozilla/5.0 (iPhone; CPU iPhone OS 18_6_2 like Mac OS X) AppleWebKit/605.1.15 (KHTML, like Gecko) Version/18.6 Mobile/15E148 Safari/604.1"
162.81.108.177 - - [19/Oct/2025:10:19:19 -0400] "GET /wp-content/uploads/musical-chair-animated.gif HTTP/1.1" 304 - "https://naughtygrin.com/" "Mozilla/5.0 (iPhone; CPU iPhone OS 18_6_2 like Mac OS X) AppleWebKit/605.1.15 (KHTML, like Gecko) Version/18.6 Mobile/15E148 Safari/604.1"
85.208.96.204 - - [19/Oct/2025:10:19:19 -0400] "GET /page/27/?action=repository_opensearch&count=20&index_id=213&order=17&pn=1 HTTP/1.1" 200 102554 "-" "Mozilla/5.0 (compatible; SemrushBot/7~bl; +http://www.semrush.com/bot.html)"
41.232.236.15 - - [19/Oct/2025:10:19:19 -0400] "GET /spread-eagle/ HTTP/1.1" 200 98093 "https://sexpositions.online/category/position/page/4/" "Mozilla/5.0 (iPhone; CPU iPhone OS 18_6_2 like Mac OS X) AppleWebKit/605.1.15 (KHTML, like Gecko) Version/18.6 Mobile/15E148 Safari/604.1"
193.187.128.67 - - [19/Oct/2025:10:19:20 -0400] "GET /wp-content/uploads/cropped-favicon-180x180.png HTTP/1.1" 304 - "https://sexpositions.online/" "Mozilla/5.0 (Linux; Android 10; K) AppleWebKit/537.36 (KHTML, like Gecko) SamsungBrowser/28.0 Chrome/130.0.0.0 Mobile Safari/537.36"
193.187.128.67 - - [19/Oct/2025:10:19:21 -0400] "GET /wp-content/uploads/lotus-animated.gif HTTP/1.1" 304 - "https://sexpositions.online/" "Mozilla/5.0 (Linux; Android 10; K) AppleWebKit/537.36 (KHTML, like Gecko) SamsungBrowser/28.0 Chrome/130.0.0.0 Mobile Safari/537.36"
144.48.108.199 - - [19/Oct/2025:10:19:21 -0400] "GET /wp-content/uploads/blind-love-animated.gif HTTP/1.1" 304 - "https://sexpositions.online/missionary/" "Mozilla/5.0 (Linux; Android 10; K) AppleWebKit/537.36 (KHTML, like Gecko) Chrome/135.0.0.0 Mobile Safari/537.36"
193.187.128.67 - - [19/Oct/2025:10:19:21 -0400] "GET /wp-content/uploads/doggy-style-animated.gif HTTP/1.1" 304 - "https://sexpositions.online/" "Mozilla/5.0 (Linux; Android 10; K) AppleWebKit/537.36 (KHTML, like Gecko) SamsungBrowser/28.0 Chrome/130.0.0.0 Mobile Safari/537.36"
144.48.108.199 - - [19/Oct/2025:10:19:21 -0400] "GET /wp-content/uploads/flying-missionary-animated.gif HTTP/1.1" 304 - "https://sexpositions.online/missionary/" "Mozilla/5.0 (Linux; Android 10; K) AppleWebKit/537.36 (KHTML, like Gecko) Chrome/135.0.0.0 Mobile Safari/537.36"
144.48.108.199 - - [19/Oct/2025:10:19:22 -0400] "GET /wp-content/uploads/front-and-rear-animated.gif HTTP/1.1" 304 - "https://sexpositions.online/missionary/" "Mozilla/5.0 (Linux; Android 10; K) AppleWebKit/537.36 (KHTML, like Gecko) Chrome/135.0.0.0 Mobile Safari/537.36"
41.232.236.15 - - [19/Oct/2025:10:19:23 -0400] "GET /buckin-bronco/ HTTP/1.1" 200 98066 "https://sexpositions.online/spread-eagle/" "Mozilla/5.0 (iPhone; CPU iPhone OS 18_6_2 like Mac OS X) AppleWebKit/605.1.15 (KHTML, like Gecko) Version/18.6 Mobile/15E148 Safari/604.1"
41.232.236.15 - - [19/Oct/2025:10:19:24 -0400] "GET /wp-content/uploads/buckin-bronco-animated.gif HTTP/1.1" 304 - "https://sexpositions.online/buckin-bronco/" "Mozilla/5.0 (iPhone; CPU iPhone OS 18_6_2 like Mac OS X) AppleWebKit/605.1.15 (KHTML, like Gecko) Version/18.6 Mobile/15E148 Safari/604.1"
193.187.128.67 - - [19/Oct/2025:10:19:25 -0400] "GET /wp-content/uploads/spooning-animated.gif HTTP/1.1" 304 - "https://sexpositions.online/" "Mozilla/5.0 (Linux; Android 10; K) AppleWebKit/537.36 (KHTML, like Gecko) SamsungBrowser/28.0 Chrome/130.0.0.0 Mobile Safari/537.36"
144.48.108.199 - - [19/Oct/2025:10:19:27 -0400] "GET /wp-content/uploads/the-deep-animated.gif HTTP/1.1" 304 - "https://sexpositions.online/missionary/" "Mozilla/5.0 (Linux; Android 10; K) AppleWebKit/537.36 (KHTML, like Gecko) Chrome/135.0.0.0 Mobile Safari/537.36"
193.187.128.67 - - [19/Oct/2025:10:19:27 -0400] "GET /wp-content/uploads/helicopter-animated.gif HTTP/1.1" 304 - "https://sexpositions.online/" "Mozilla/5.0 (Linux; Android 10; K) AppleWebKit/537.36 (KHTML, like Gecko) SamsungBrowser/28.0 Chrome/130.0.0.0 Mobile Safari/537.36"
144.48.108.199 - - [19/Oct/2025:10:19:28 -0400] "GET /wp-content/uploads/wild-cherry-animated.gif HTTP/1.1" 304 - "https://sexpositions.online/missionary/" "Mozilla/5.0 (Linux; Android 10; K) AppleWebKit/537.36 (KHTML, like Gecko) Chrome/135.0.0.0 Mobile Safari/537.36"
193.187.128.67 - - [19/Oct/2025:10:19:28 -0400] "GET /wp-content/uploads/butterfly-animated.gif HTTP/1.1" 304 - "https://sexpositions.online/" "Mozilla/5.0 (Linux; Android 10; K) AppleWebKit/537.36 (KHTML, like Gecko) SamsungBrowser/28.0 Chrome/130.0.0.0 Mobile Safari/537.36"
144.48.108.199 - - [19/Oct/2025:10:19:29 -0400] "GET /wp-content/uploads/anvil-animated.gif HTTP/1.1" 200 205408 "https://sexpositions.online/missionary/" "Mozilla/5.0 (Linux; Android 10; K) AppleWebKit/537.36 (KHTML, like Gecko) Chrome/135.0.0.0 Mobile Safari/537.36"
41.232.236.15 - - [19/Oct/2025:10:19:32 -0400] "GET / HTTP/1.1" 200 125069 "https://sexpositions.online/buckin-bronco/" "Mozilla/5.0 (iPhone; CPU iPhone OS 18_6_2 like Mac OS X) AppleWebKit/605.1.15 (KHTML, like Gecko) Version/18.6 Mobile/15E148 Safari/604.1"
144.48.108.199 - - [19/Oct/2025:10:19:32 -0400] "GET /wild-cherry/ HTTP/1.1" 200 98078 "https://sexpositions.online/missionary/" "Mozilla/5.0 (Linux; Android 10; K) AppleWebKit/537.36 (KHTML, like Gecko) Chrome/135.0.0.0 Mobile Safari/537.36"
125.237.217.186 - - [19/Oct/2025:10:19:42 -0400] "GET /the-magic-slide/ HTTP/1.1" 200 98044 "https://sexpositions.online/category/position/page/9/" "Mozilla/5.0 (Linux; Android 10; K) AppleWebKit/537.36 (KHTML, like Gecko) Chrome/141.0.0.0 Mobile Safari/537.36"
45.153.119.158 - - [19/Oct/2025:10:19:42 -0400] "GET /wp-content/uploads/back-bend-animated.gif HTTP/1.1" 200 289683 "https://www.google.com/" "Mozilla/5.0 (Linux; Android 10; K) AppleWebKit/537.36 (KHTML, like Gecko) Chrome/140.0.0.0 Mobile Safari/537.36"
125.237.217.186 - - [19/Oct/2025:10:19:43 -0400] "GET /category/position/page/10/ HTTP/1.1" 200 116262 "https://sexpositions.online/category/position/page/9/" "Mozilla/5.0 (Linux; Android 10; K) AppleWebKit/537.36 (KHTML, like Gecko) Chrome/141.0.0.0 Mobile Safari/537.36"
125.237.217.186 - - [19/Oct/2025:10:19:44 -0400] "GET /wp-content/uploads/the-mixer-animated.gif HTTP/1.1" 200 235081 "https://sexpositions.online/category/position/page/10/" "Mozilla/5.0 (Linux; Android 10; K) AppleWebKit/537.36 (KHTML, like Gecko) Chrome/141.0.0.0 Mobile Safari/537.36"
125.237.217.186 - - [19/Oct/2025:10:19:44 -0400] "GET /wp-content/uploads/man-trap-animated.gif HTTP/1.1" 200 259933 "https://sexpositions.online/category/position/page/10/" "Mozilla/5.0 (Linux; Android 10; K) AppleWebKit/537.36 (KHTML, like Gecko) Chrome/141.0.0.0 Mobile Safari/537.36"
125.237.217.186 - - [19/Oct/2025:10:19:44 -0400] "GET /wp-content/uploads/the-panorama-animated.gif HTTP/1.1" 200 221569 "https://sexpositions.online/category/position/page/10/" "Mozilla/5.0 (Linux; Android 10; K) AppleWebKit/537.36 (KHTML, like Gecko) Chrome/141.0.0.0 Mobile Safari/537.36"
41.232.236.15 - - [19/Oct/2025:10:19:45 -0400] "GET /advanced/ HTTP/1.1" 200 101754 "https://sexpositions.online/" "Mozilla/5.0 (iPhone; CPU iPhone OS 18_6_2 like Mac OS X) AppleWebKit/605.1.15 (KHTML, like Gecko) Version/18.6 Mobile/15E148 Safari/604.1"
82.77.28.131 - - [19/Oct/2025:10:19:50 -0400] "GET /wp-content/uploads/cowgirl-animated.gif HTTP/1.1" 304 - "https://www.google.com/" "Mozilla/5.0 (iPhone; CPU iPhone OS 18_7 like Mac OS X) AppleWebKit/605.1.15 (KHTML, like Gecko) Version/18.7 Mobile/15E148 Safari/604.1"
125.237.217.186 - - [19/Oct/2025:10:19:50 -0400] "GET /the-mixer/ HTTP/1.1" 200 98163 "https://sexpositions.online/category/position/page/10/" "Mozilla/5.0 (Linux; Android 10; K) AppleWebKit/537.36 (KHTML, like Gecko) Chrome/141.0.0.0 Mobile Safari/537.36"
125.237.217.186 - - [19/Oct/2025:10:19:50 -0400] "GET /wp-content/uploads/manual-control-animated.gif HTTP/1.1" 200 176226 "https://sexpositions.online/category/position/page/10/" "Mozilla/5.0 (Linux; Android 10; K) AppleWebKit/537.36 (KHTML, like Gecko) Chrome/141.0.0.0 Mobile Safari/537.36"
40.77.167.79 - - [19/Oct/2025:10:19:51 -0400] "GET /wp-json/wp/v2/pages/1068 HTTP/1.1" 200 14043 "-" "Mozilla/5.0 AppleWebKit/537.36 (KHTML, like Gecko; compatible; bingbot/2.0; +http://www.bing.com/bingbot.htm) Chrome/116.0.1938.76 Safari/537.36"
193.187.128.67 - - [19/Oct/2025:10:19:57 -0400] "GET /favicon.ico HTTP/1.1" 200 3 "https://sexpositions.online/wp-content/uploads/doggy-style-animated.gif" "Mozilla/5.0 (Linux; Android 10; K) AppleWebKit/537.36 (KHTML, like Gecko) SamsungBrowser/28.0 Chrome/130.0.0.0 Mobile Safari/537.36"
66.249.64.224 - - [19/Oct/2025:10:19:58 -0400] "GET /wp-content/uploads/the-hammock-animated.gif HTTP/1.1" 304 - "-" "Googlebot-Image/1.0"
125.237.217.186 - - [19/Oct/2025:10:19:59 -0400] "GET /wp-content/uploads/spiderman-animated.gif HTTP/1.1" 304 - "https://sexpositions.online/category/position/page/10/" "Mozilla/5.0 (Linux; Android 10; K) AppleWebKit/537.36 (KHTML, like Gecko) Chrome/141.0.0.0 Mobile Safari/537.36"
169.197.141.154 - - [19/Oct/2025:10:19:59 -0400] "GET /wp-content/uploads/flamingo-animated.gif HTTP/1.1" 200 259092 "https://www.google.com/" "Mozilla/5.0 (iPhone; CPU iPhone OS 18_5 like Mac OS X) AppleWebKit/605.1.15 (KHTML, like Gecko) Version/18.5 Mobile/15E148 Safari/604.1"
125.237.217.186 - - [19/Oct/2025:10:20:02 -0400] "GET /wp-content/uploads/lap-dance-animated.gif HTTP/1.1" 304 - "https://sexpositions.online/category/position/page/10/" "Mozilla/5.0 (Linux; Android 10; K) AppleWebKit/537.36 (KHTML, like Gecko) Chrome/141.0.0.0 Mobile Safari/537.36"
125.237.217.186 - - [19/Oct/2025:10:20:02 -0400] "GET /man-trap/ HTTP/1.1" 200 97996 "https://sexpositions.online/category/position/page/10/" "Mozilla/5.0 (Linux; Android 10; K) AppleWebKit/537.36 (KHTML, like Gecko) Chrome/141.0.0.0 Mobile Safari/537.36"
42.110.243.30 - - [19/Oct/2025:10:20:04 -0400] "GET /wp-content/uploads/sideways-animated.gif HTTP/1.1" 304 - "https://www.google.com/" "Mozilla/5.0 (Linux; Android 15; RMX3944 Build/AP3A.240617.008; wv) AppleWebKit/537.36 (KHTML, like Gecko) Version/4.0 Chrome/140.0.7339.207 Mobile Safari/537.36 GoogleApp/16.40.23.ve.arm64"
125.237.217.186 - - [19/Oct/2025:10:20:05 -0400] "GET /wp-content/uploads/electric-slide-animated-1.gif HTTP/1.1" 200 175059 "https://sexpositions.online/category/position/page/10/" "Mozilla/5.0 (Linux; Android 10; K) AppleWebKit/537.36 (KHTML, like Gecko) Chrome/141.0.0.0 Mobile Safari/537.36"
125.237.217.186 - - [19/Oct/2025:10:20:05 -0400] "GET /manual-control/ HTTP/1.1" 200 98305 "https://sexpositions.online/category/position/page/10/" "Mozilla/5.0 (Linux; Android 10; K) AppleWebKit/537.36 (KHTML, like Gecko) Chrome/141.0.0.0 Mobile Safari/537.36"
125.237.217.186 - - [19/Oct/2025:10:20:06 -0400] "GET /wp-content/uploads/necking-animated.gif HTTP/1.1" 200 213443 "https://sexpositions.online/category/position/page/10/" "Mozilla/5.0 (Linux; Android 10; K) AppleWebKit/537.36 (KHTML, like Gecko) Chrome/141.0.0.0 Mobile Safari/537.36"
125.237.217.186 - - [19/Oct/2025:10:20:07 -0400] "GET /spiderman/ HTTP/1.1" 200 98084 "https://sexpositions.online/category/position/page/10/" "Mozilla/5.0 (Linux; Android 10; K) AppleWebKit/537.36 (KHTML, like Gecko) Chrome/141.0.0.0 Mobile Safari/537.36"
125.237.217.186 - - [19/Oct/2025:10:20:12 -0400] "GET /lap-dance/ HTTP/1.1" 200 98028 "https://sexpositions.online/category/position/page/10/" "Mozilla/5.0 (Linux; Android 10; K) AppleWebKit/537.36 (KHTML, like Gecko) Chrome/141.0.0.0 Mobile Safari/537.36"
125.237.217.186 - - [19/Oct/2025:10:20:12 -0400] "GET /wp-content/uploads/nutcracker-animated.gif HTTP/1.1" 200 215329 "https://sexpositions.online/category/position/page/10/" "Mozilla/5.0 (Linux; Android 10; K) AppleWebKit/537.36 (KHTML, like Gecko) Chrome/141.0.0.0 Mobile Safari/537.36"
125.237.217.186 - - [19/Oct/2025:10:20:13 -0400] "GET /wp-content/uploads/on-a-deadline-animated.gif HTTP/1.1" 200 253417 "https://sexpositions.online/category/position/page/10/" "Mozilla/5.0 (Linux; Android 10; K) AppleWebKit/537.36 (KHTML, like Gecko) Chrome/141.0.0.0 Mobile Safari/537.36"
125.237.217.186 - - [19/Oct/2025:10:20:17 -0400] "GET /electric-slide/ HTTP/1.1" 200 98115 "https://sexpositions.online/category/position/page/10/" "Mozilla/5.0 (Linux; Android 10; K) AppleWebKit/537.36 (KHTML, like Gecko) Chrome/141.0.0.0 Mobile Safari/537.36"
125.237.217.186 - - [19/Oct/2025:10:20:25 -0400] "GET /necking/ HTTP/1.1" 200 98069 "https://sexpositions.online/category/position/page/10/" "Mozilla/5.0 (Linux; Android 10; K) AppleWebKit/537.36 (KHTML, like Gecko) Chrome/141.0.0.0 Mobile Safari/537.36"
125.237.217.186 - - [19/Oct/2025:10:20:28 -0400] "GET /nutcracker/ HTTP/1.1" 200 98138 "https://sexpositions.online/category/position/page/10/" "Mozilla/5.0 (Linux; Android 10; K) AppleWebKit/537.36 (KHTML, like Gecko) Chrome/141.0.0.0 Mobile Safari/537.36"
27.4.218.205 - - [19/Oct/2025:10:20:29 -0400] "GET /helicopter/ HTTP/1.1" 200 99890 "https://sexpositions.online/" "Mozilla/5.0 (iPhone; CPU iPhone OS 26_0_1 like Mac OS X) AppleWebKit/605.1.15 (KHTML, like Gecko) CriOS/141.0.7390.96 Mobile/15E148 Safari/604.1"
125.237.217.186 - - [19/Oct/2025:10:20:32 -0400] "GET /on-a-deadline/ HTTP/1.1" 200 98214 "https://sexpositions.online/category/position/page/10/" "Mozilla/5.0 (Linux; Android 10; K) AppleWebKit/537.36 (KHTML, like Gecko) Chrome/141.0.0.0 Mobile Safari/537.36"
125.237.217.186 - - [19/Oct/2025:10:20:35 -0400] "GET /category/position/page/11/ HTTP/1.1" 200 116310 "https://sexpositions.online/category/position/page/10/" "Mozilla/5.0 (Linux; Android 10; K) AppleWebKit/537.36 (KHTML, like Gecko) Chrome/141.0.0.0 Mobile Safari/537.36"
125.237.217.186 - - [19/Oct/2025:10:20:36 -0400] "GET /wp-content/uploads/on-the-spot-animated.gif HTTP/1.1" 200 162735 "https://sexpositions.online/category/position/page/11/" "Mozilla/5.0 (Linux; Android 10; K) AppleWebKit/537.36 (KHTML, like Gecko) Chrome/141.0.0.0 Mobile Safari/537.36"
125.237.217.186 - - [19/Oct/2025:10:20:36 -0400] "GET /wp-content/uploads/on-the-level-animated.gif HTTP/1.1" 200 233325 "https://sexpositions.online/category/position/page/11/" "Mozilla/5.0 (Linux; Android 10; K) AppleWebKit/537.36 (KHTML, like Gecko) Chrome/141.0.0.0 Mobile Safari/537.36"
125.237.217.186 - - [19/Oct/2025:10:20:36 -0400] "GET /wp-content/uploads/on-a-tilt-animated.gif HTTP/1.1" 200 201871 "https://sexpositions.online/category/position/page/11/" "Mozilla/5.0 (Linux; Android 10; K) AppleWebKit/537.36 (KHTML, like Gecko) Chrome/141.0.0.0 Mobile Safari/537.36"
125.237.217.186 - - [19/Oct/2025:10:20:37 -0400] "GET /wp-content/uploads/ottoman-emperor-animated.gif HTTP/1.1" 200 210132 "https://sexpositions.online/category/position/page/11/" "Mozilla/5.0 (Linux; Android 10; K) AppleWebKit/537.36 (KHTML, like Gecko) Chrome/141.0.0.0 Mobile Safari/537.36"
125.237.217.186 - - [19/Oct/2025:10:20:38 -0400] "GET /on-a-tilt/ HTTP/1.1" 200 98002 "https://sexpositions.online/category/position/page/11/" "Mozilla/5.0 (Linux; Android 10; K) AppleWebKit/537.36 (KHTML, like Gecko) Chrome/141.0.0.0 Mobile Safari/537.36"
2409:40e5:13:e98c:8000:: - - [19/Oct/2025:10:20:40 -0400] "GET / HTTP/1.1" 200 125069 "https://www.google.com/" "Mozilla/5.0 (Linux; Android 10; K) AppleWebKit/537.36 (KHTML, like Gecko) Chrome/141.0.0.0 Mobile Safari/537.36"
125.237.217.186 - - [19/Oct/2025:10:20:42 -0400] "GET /on-the-level/ HTTP/1.1" 200 98103 "https://sexpositions.online/category/position/page/11/" "Mozilla/5.0 (Linux; Android 10; K) AppleWebKit/537.36 (KHTML, like Gecko) Chrome/141.0.0.0 Mobile Safari/537.36"
125.237.217.186 - - [19/Oct/2025:10:20:42 -0400] "GET /wp-content/uploads/over-the-edge-animated.gif HTTP/1.1" 200 268252 "https://sexpositions.online/category/position/page/11/" "Mozilla/5.0 (Linux; Android 10; K) AppleWebKit/537.36 (KHTML, like Gecko) Chrome/141.0.0.0 Mobile Safari/537.36"
125.237.217.186 - - [19/Oct/2025:10:20:44 -0400] "GET /wp-content/uploads/overtime-animated.gif HTTP/1.1" 200 230307 "https://sexpositions.online/category/position/page/11/" "Mozilla/5.0 (Linux; Android 10; K) AppleWebKit/537.36 (KHTML, like Gecko) Chrome/141.0.0.0 Mobile Safari/537.36"
2607:fb91:4c1d:f758:2c43:c7b:e36e:a12b - - [19/Oct/2025:10:20:49 -0400] "GET /wp-content/uploads/reverse-69-animated.gif HTTP/1.1" 304 - "https://www.google.com/" "Mozilla/5.0 (Linux; Android 10; K) AppleWebKit/537.36 (KHTML, like Gecko) SamsungBrowser/28.0 Chrome/130.0.0.0 Mobile Safari/537.36"
125.237.217.186 - - [19/Oct/2025:10:20:53 -0400] "GET /wp-content/uploads/passion-press-animated.gif HTTP/1.1" 200 204463 "https://sexpositions.online/category/position/page/11/" "Mozilla/5.0 (Linux; Android 10; K) AppleWebKit/537.36 (KHTML, like Gecko) Chrome/141.0.0.0 Mobile Safari/537.36"
85.208.96.195 - - [19/Oct/2025:10:20:54 -0400] "GET /?action=repository_opensearch&count=20&index_id=2234&order=17&pn=1 HTTP/1.1" 200 115405 "-" "Mozilla/5.0 (compatible; SemrushBot/7~bl; +http://www.semrush.com/bot.html)"
125.237.217.186 - - [19/Oct/2025:10:20:54 -0400] "GET /ottoman-emperor/ HTTP/1.1" 200 98059 "https://sexpositions.online/category/position/page/11/" "Mozilla/5.0 (Linux; Android 10; K) AppleWebKit/537.36 (KHTML, like Gecko) Chrome/141.0.0.0 Mobile Safari/537.36"
125.237.217.186 - - [19/Oct/2025:10:20:56 -0400] "GET /over-the-edge/ HTTP/1.1" 200 98022 "https://sexpositions.online/category/position/page/11/" "Mozilla/5.0 (Linux; Android 10; K) AppleWebKit/537.36 (KHTML, like Gecko) Chrome/141.0.0.0 Mobile Safari/537.36"
125.237.217.186 - - [19/Oct/2025:10:20:56 -0400] "GET /wp-content/uploads/ceo-animated.gif HTTP/1.1" 200 211522 "https://sexpositions.online/category/position/page/11/" "Mozilla/5.0 (Linux; Android 10; K) AppleWebKit/537.36 (KHTML, like Gecko) Chrome/141.0.0.0 Mobile Safari/537.36"
125.237.217.186 - - [19/Oct/2025:10:21:02 -0400] "GET /overtime/ HTTP/1.1" 200 97982 "https://sexpositions.online/category/position/page/11/" "Mozilla/5.0 (Linux; Android 10; K) AppleWebKit/537.36 (KHTML, like Gecko) Chrome/141.0.0.0 Mobile Safari/537.36"
125.237.217.186 - - [19/Oct/2025:10:21:02 -0400] "GET /wp-content/uploads/picnic-table-animated.gif HTTP/1.1" 200 254530 "https://sexpositions.online/category/position/page/11/" "Mozilla/5.0 (Linux; Android 10; K) AppleWebKit/537.36 (KHTML, like Gecko) Chrome/141.0.0.0 Mobile Safari/537.36"
2607:fb91:4c1d:f758:2c43:c7b:e36e:a12b - - [19/Oct/2025:10:21:03 -0400] "GET /wp-content/uploads/sweet-seat-animated.gif HTTP/1.1" 304 - "https://www.google.com/" "Mozilla/5.0 (Linux; Android 10; K) AppleWebKit/537.36 (KHTML, like Gecko) SamsungBrowser/28.0 Chrome/130.0.0.0 Mobile Safari/537.36"
125.237.217.186 - - [19/Oct/2025:10:21:05 -0400] "GET /passion-press/ HTTP/1.1" 200 98127 "https://sexpositions.online/category/position/page/11/" "Mozilla/5.0 (Linux; Android 10; K) AppleWebKit/537.36 (KHTML, like Gecko) Chrome/141.0.0.0 Mobile Safari/537.36"
125.237.217.186 - - [19/Oct/2025:10:21:05 -0400] "GET /wp-content/uploads/power-ball-animated.gif HTTP/1.1" 200 255572 "https://sexpositions.online/category/position/page/11/" "Mozilla/5.0 (Linux; Android 10; K) AppleWebKit/537.36 (KHTML, like Gecko) Chrome/141.0.0.0 Mobile Safari/537.36"
152.232.24.87 - - [19/Oct/2025:10:21:05 -0400] "GET / HTTP/1.1" 200 125069 "https://www.google.com/" "Mozilla/5.0 (Linux; Android 10; K) AppleWebKit/537.36 (KHTML, like Gecko) Chrome/141.0.0.0 Mobile Safari/537.36"
125.237.217.186 - - [19/Oct/2025:10:21:09 -0400] "GET /picnic-table/ HTTP/1.1" 200 98134 "https://sexpositions.online/category/position/page/11/" "Mozilla/5.0 (Linux; Android 10; K) AppleWebKit/537.36 (KHTML, like Gecko) Chrome/141.0.0.0 Mobile Safari/537.36"
2409:40e0:20:aa4b:3457:fbff:fe19:12fc - - [19/Oct/2025:10:21:10 -0400] "GET /wp-content/uploads/reverse-cowgirl-animated.gif HTTP/1.1" 304 - "https://www.google.com/" "Mozilla/5.0 (Linux; Android 10; K) AppleWebKit/537.36 (KHTML, like Gecko) Chrome/140.0.0.0 Mobile Safari/537.36"
125.237.217.186 - - [19/Oct/2025:10:21:12 -0400] "GET /category/position/page/12/ HTTP/1.1" 200 116443 "https://sexpositions.online/category/position/page/11/" "Mozilla/5.0 (Linux; Android 10; K) AppleWebKit/537.36 (KHTML, like Gecko) Chrome/141.0.0.0 Mobile Safari/537.36"
125.237.217.186 - - [19/Oct/2025:10:21:13 -0400] "GET /wp-content/uploads/the-snow-angel-animated.gif HTTP/1.1" 304 - "https://sexpositions.online/category/position/page/12/" "Mozilla/5.0 (Linux; Android 10; K) AppleWebKit/537.36 (KHTML, like Gecko) Chrome/141.0.0.0 Mobile Safari/537.36"
125.237.217.186 - - [19/Oct/2025:10:21:13 -0400] "GET /wp-content/uploads/power-pumper-animated.gif HTTP/1.1" 200 205715 "https://sexpositions.online/category/position/page/12/" "Mozilla/5.0 (Linux; Android 10; K) AppleWebKit/537.36 (KHTML, like Gecko) Chrome/141.0.0.0 Mobile Safari/537.36"
125.237.217.186 - - [19/Oct/2025:10:21:13 -0400] "GET /wp-content/uploads/prime-time-animated.gif HTTP/1.1" 200 227754 "https://sexpositions.online/category/position/page/12/" "Mozilla/5.0 (Linux; Android 10; K) AppleWebKit/537.36 (KHTML, like Gecko) Chrome/141.0.0.0 Mobile Safari/537.36"
2409:40e5:13:e98c:8000:: - - [19/Oct/2025:10:21:13 -0400] "GET /cowgirl/ HTTP/1.1" 200 101897 "https://sexpositions.online/" "Mozilla/5.0 (Linux; Android 10; K) AppleWebKit/537.36 (KHTML, like Gecko) Chrome/141.0.0.0 Mobile Safari/537.36"
125.237.217.186 - - [19/Oct/2025:10:21:14 -0400] "GET /wp-content/uploads/sitting-bull-animated-1.gif HTTP/1.1" 200 237712 "https://sexpositions.online/category/position/page/12/" "Mozilla/5.0 (Linux; Android 10; K) AppleWebKit/537.36 (KHTML, like Gecko) Chrome/141.0.0.0 Mobile Safari/537.36"
125.237.217.186 - - [19/Oct/2025:10:21:15 -0400] "GET /power-pumper/ HTTP/1.1" 200 98169 "https://sexpositions.online/category/position/page/12/" "Mozilla/5.0 (Linux; Android 10; K) AppleWebKit/537.36 (KHTML, like Gecko) Chrome/141.0.0.0 Mobile Safari/537.36"
125.237.217.186 - - [19/Oct/2025:10:21:16 -0400] "GET /wp-content/uploads/raise-the-mast-animated.gif HTTP/1.1" 200 230111 "https://sexpositions.online/category/position/page/12/" "Mozilla/5.0 (Linux; Android 10; K) AppleWebKit/537.36 (KHTML, like Gecko) Chrome/141.0.0.0 Mobile Safari/537.36"
66.249.64.225 - - [19/Oct/2025:10:21:17 -0400] "GET /reverse-cowgirl/ HTTP/1.1" 200 98063 "-" "Mozilla/5.0 (Linux; Android 6.0.1; Nexus 5X Build/MMB29P) AppleWebKit/537.36 (KHTML, like Gecko) Chrome/140.0.7339.207 Mobile Safari/537.36 (compatible; Googlebot/2.1; +http://www.google.com/bot.html)"
125.237.217.186 - - [19/Oct/2025:10:21:18 -0400] "GET /the-snow-angel/ HTTP/1.1" 200 98092 "https://sexpositions.online/category/position/page/12/" "Mozilla/5.0 (Linux; Android 10; K) AppleWebKit/537.36 (KHTML, like Gecko) Chrome/141.0.0.0 Mobile Safari/537.36"
125.237.217.186 - - [19/Oct/2025:10:21:19 -0400] "GET /wp-content/uploads/rapunzel-animated.gif HTTP/1.1" 200 234745 "https://sexpositions.online/category/position/page/12/" "Mozilla/5.0 (Linux; Android 10; K) AppleWebKit/537.36 (KHTML, like Gecko) Chrome/141.0.0.0 Mobile Safari/537.36"
75.111.62.124 - - [19/Oct/2025:10:21:19 -0400] "GET /wp-content/uploads/cowgirl-animated.gif HTTP/1.1" 304 - "https://www.google.com/" "Mozilla/5.0 (iPhone; CPU iPhone OS 16_7_12 like Mac OS X) AppleWebKit/605.1.15 (KHTML, like Gecko) Version/16.6.1 Mobile/15E148 Safari/604.1"
125.237.217.186 - - [19/Oct/2025:10:21:21 -0400] "GET /sitting-bull/ HTTP/1.1" 200 98062 "https://sexpositions.online/category/position/page/12/" "Mozilla/5.0 (Linux; Android 10; K) AppleWebKit/537.36 (KHTML, like Gecko) Chrome/141.0.0.0 Mobile Safari/537.36"
125.237.217.186 - - [19/Oct/2025:10:21:21 -0400] "GET /wp-content/uploads/raunchy-wrestler-animated.gif HTTP/1.1" 200 193917 "https://sexpositions.online/category/position/page/12/" "Mozilla/5.0 (Linux; Android 10; K) AppleWebKit/537.36 (KHTML, like Gecko) Chrome/141.0.0.0 Mobile Safari/537.36"
125.237.217.186 - - [19/Oct/2025:10:21:22 -0400] "GET /wp-content/uploads/turtle-animated.gif HTTP/1.1" 304 - "https://sexpositions.online/category/position/page/12/" "Mozilla/5.0 (Linux; Android 10; K) AppleWebKit/537.36 (KHTML, like Gecko) Chrome/141.0.0.0 Mobile Safari/537.36"
125.237.217.186 - - [19/Oct/2025:10:21:25 -0400] "GET /raise-the-mast/ HTTP/1.1" 200 98379 "https://sexpositions.online/category/position/page/12/" "Mozilla/5.0 (Linux; Android 10; K) AppleWebKit/537.36 (KHTML, like Gecko) Chrome/141.0.0.0 Mobile Safari/537.36"
152.232.24.87 - - [19/Oct/2025:10:21:25 -0400] "GET /piledriver/ HTTP/1.1" 200 99780 "https://sexpositions.online/" "Mozilla/5.0 (Linux; Android 10; K) AppleWebKit/537.36 (KHTML, like Gecko) Chrome/141.0.0.0 Mobile Safari/537.36"
125.237.217.186 - - [19/Oct/2025:10:21:28 -0400] "GET /rapunzel/ HTTP/1.1" 200 98168 "https://sexpositions.online/category/position/page/12/" "Mozilla/5.0 (Linux; Android 10; K) AppleWebKit/537.36 (KHTML, like Gecko) Chrome/141.0.0.0 Mobile Safari/537.36"
125.237.217.186 - - [19/Oct/2025:10:21:28 -0400] "GET /wp-content/uploads/reverse-jockey-animated.gif HTTP/1.1" 200 178457 "https://sexpositions.online/category/position/page/12/" "Mozilla/5.0 (Linux; Android 10; K) AppleWebKit/537.36 (KHTML, like Gecko) Chrome/141.0.0.0 Mobile Safari/537.36"
152.232.24.87 - - [19/Oct/2025:10:21:29 -0400] "GET /spooning/ HTTP/1.1" 200 100748 "https://sexpositions.online/" "Mozilla/5.0 (Linux; Android 10; K) AppleWebKit/537.36 (KHTML, like Gecko) Chrome/141.0.0.0 Mobile Safari/537.36"
52.167.144.150 - - [19/Oct/2025:10:21:32 -0400] "GET /hitherward1971770.html HTTP/1.1" 200 95107 "-" "Mozilla/5.0 AppleWebKit/537.36 (KHTML, like Gecko; compatible; bingbot/2.0; +http://www.bing.com/bingbot.htm) Chrome/116.0.1938.76 Safari/537.36"
2409:40e5:13:e98c:8000:: - - [19/Oct/2025:10:21:33 -0400] "GET /butterfly/ HTTP/1.1" 200 100241 "https://sexpositions.online/" "Mozilla/5.0 (Linux; Android 10; K) AppleWebKit/537.36 (KHTML, like Gecko) Chrome/141.0.0.0 Mobile Safari/537.36"
125.237.217.186 - - [19/Oct/2025:10:21:33 -0400] "GET /wp-content/uploads/reverse-missionary-animated.gif HTTP/1.1" 304 - "https://sexpositions.online/category/position/page/12/" "Mozilla/5.0 (Linux; Android 10; K) AppleWebKit/537.36 (KHTML, like Gecko) Chrome/141.0.0.0 Mobile Safari/537.36"
125.237.217.186 - - [19/Oct/2025:10:21:40 -0400] "GET /turtle/ HTTP/1.1" 200 98014 "https://sexpositions.online/category/position/page/12/" "Mozilla/5.0 (Linux; Android 10; K) AppleWebKit/537.36 (KHTML, like Gecko) Chrome/141.0.0.0 Mobile Safari/537.36"
162.81.108.177 - - [19/Oct/2025:10:21:41 -0400] "GET /wp-content/uploads/the-buffet-animated.gif HTTP/1.1" 304 - "https://naughtygrin.com/" "Mozilla/5.0 (iPhone; CPU iPhone OS 18_6_2 like Mac OS X) AppleWebKit/605.1.15 (KHTML, like Gecko) Version/18.6 Mobile/15E148 Safari/604.1"
152.232.24.87 - - [19/Oct/2025:10:21:42 -0400] "GET /wp-content/uploads/crossed-spoons-animated.gif HTTP/1.1" 200 203751 "https://sexpositions.online/spooning/" "Mozilla/5.0 (Linux; Android 10; K) AppleWebKit/537.36 (KHTML, like Gecko) Chrome/141.0.0.0 Mobile Safari/537.36"
152.232.24.87 - - [19/Oct/2025:10:21:42 -0400] "GET /wp-content/uploads/the-carnal-chaise-animated.gif HTTP/1.1" 200 221197 "https://sexpositions.online/spooning/" "Mozilla/5.0 (Linux; Android 10; K) AppleWebKit/537.36 (KHTML, like Gecko) Chrome/141.0.0.0 Mobile Safari/537.36"
152.232.24.87 - - [19/Oct/2025:10:21:42 -0400] "GET /wp-content/uploads/bent-spoon-animated-1.gif HTTP/1.1" 200 268562 "https://sexpositions.online/spooning/" "Mozilla/5.0 (Linux; Android 10; K) AppleWebKit/537.36 (KHTML, like Gecko) Chrome/141.0.0.0 Mobile Safari/537.36"
152.232.24.87 - - [19/Oct/2025:10:21:42 -0400] "GET /wp-content/uploads/sideways-animated.gif HTTP/1.1" 200 213395 "https://sexpositions.online/spooning/" "Mozilla/5.0 (Linux; Android 10; K) AppleWebKit/537.36 (KHTML, like Gecko) Chrome/141.0.0.0 Mobile Safari/537.36"
2001:44c8:48e9:bad7:48c7:b223:3806:1baf - - [19/Oct/2025:10:21:44 -0400] "GET /wp-content/uploads/musical-chair-animated.gif HTTP/1.1" 304 - "https://www.google.com/" "Mozilla/5.0 (iPhone; CPU iPhone OS 18_3_1 like Mac OS X) AppleWebKit/605.1.15 (KHTML, like Gecko) Version/18.3 Mobile/15E148 Safari/604.1"
125.237.217.186 - - [19/Oct/2025:10:21:47 -0400] "GET /reverse-jockey/ HTTP/1.1" 200 98042 "https://sexpositions.online/category/position/page/12/" "Mozilla/5.0 (Linux; Android 10; K) AppleWebKit/537.36 (KHTML, like Gecko) Chrome/141.0.0.0 Mobile Safari/537.36"
125.237.217.186 - - [19/Oct/2025:10:21:55 -0400] "GET /reverse-missionary/ HTTP/1.1" 200 98205 "https://sexpositions.online/category/position/page/12/" "Mozilla/5.0 (Linux; Android 10; K) AppleWebKit/537.36 (KHTML, like Gecko) Chrome/141.0.0.0 Mobile Safari/537.36"
152.232.24.87 - - [19/Oct/2025:10:21:55 -0400] "GET /spooning/ HTTP/1.1" 200 100748 "https://sexpositions.online/" "Mozilla/5.0 (Linux; Android 10; K) AppleWebKit/537.36 (KHTML, like Gecko) Chrome/141.0.0.0 Mobile Safari/537.36"
125.237.217.186 - - [19/Oct/2025:10:21:56 -0400] "GET /category/position/page/13/ HTTP/1.1" 200 116375 "https://sexpositions.online/category/position/page/12/" "Mozilla/5.0 (Linux; Android 10; K) AppleWebKit/537.36 (KHTML, like Gecko) Chrome/141.0.0.0 Mobile Safari/537.36"
125.237.217.186 - - [19/Oct/2025:10:21:57 -0400] "GET /wp-content/uploads/reverse-the-ride-animated.gif HTTP/1.1" 200 221072 "https://sexpositions.online/category/position/page/13/" "Mozilla/5.0 (Linux; Android 10; K) AppleWebKit/537.36 (KHTML, like Gecko) Chrome/141.0.0.0 Mobile Safari/537.36"
125.237.217.186 - - [19/Oct/2025:10:21:57 -0400] "GET /wp-content/uploads/legs-up-animated.gif HTTP/1.1" 304 - "https://sexpositions.online/category/position/page/13/" "Mozilla/5.0 (Linux; Android 10; K) AppleWebKit/537.36 (KHTML, like Gecko) Chrome/141.0.0.0 Mobile Safari/537.36"
125.237.217.186 - - [19/Oct/2025:10:21:57 -0400] "GET /wp-content/uploads/scissor-animated.gif HTTP/1.1" 200 228987 "https://sexpositions.online/category/position/page/13/" "Mozilla/5.0 (Linux; Android 10; K) AppleWebKit/537.36 (KHTML, like Gecko) Chrome/141.0.0.0 Mobile Safari/537.36"
125.237.217.186 - - [19/Oct/2025:10:21:58 -0400] "GET /wp-content/uploads/rolling-wheelbarrow-animated.gif HTTP/1.1" 200 220023 "https://sexpositions.online/category/position/page/13/" "Mozilla/5.0 (Linux; Android 10; K) AppleWebKit/537.36 (KHTML, like Gecko) Chrome/141.0.0.0 Mobile Safari/537.36"
125.237.217.186 - - [19/Oct/2025:10:21:59 -0400] "GET /reverse-the-ride/ HTTP/1.1" 200 98178 "https://sexpositions.online/category/position/page/13/" "Mozilla/5.0 (Linux; Android 10; K) AppleWebKit/537.36 (KHTML, like Gecko) Chrome/141.0.0.0 Mobile Safari/537.36"
125.237.217.186 - - [19/Oct/2025:10:22:00 -0400] "GET /wp-content/uploads/row-row-row-animated.gif HTTP/1.1" 200 233121 "https://sexpositions.online/category/position/page/13/" "Mozilla/5.0 (Linux; Android 10; K) AppleWebKit/537.36 (KHTML, like Gecko) Chrome/141.0.0.0 Mobile Safari/537.36"
125.237.217.186 - - [19/Oct/2025:10:22:02 -0400] "GET /legs-up/ HTTP/1.1" 200 98090 "https://sexpositions.online/category/position/page/13/" "Mozilla/5.0 (Linux; Android 10; K) AppleWebKit/537.36 (KHTML, like Gecko) Chrome/141.0.0.0 Mobile Safari/537.36"
125.237.217.186 - - [19/Oct/2025:10:22:04 -0400] "GET /scissor/ HTTP/1.1" 200 98132 "https://sexpositions.online/category/position/page/13/" "Mozilla/5.0 (Linux; Android 10; K) AppleWebKit/537.36 (KHTML, like Gecko) Chrome/141.0.0.0 Mobile Safari/537.36"
125.237.217.186 - - [19/Oct/2025:10:22:04 -0400] "GET /wp-content/uploads/rub-down-animated.gif HTTP/1.1" 200 211145 "https://sexpositions.online/category/position/page/13/" "Mozilla/5.0 (Linux; Android 10; K) AppleWebKit/537.36 (KHTML, like Gecko) Chrome/141.0.0.0 Mobile Safari/537.36"
125.237.217.186 - - [19/Oct/2025:10:22:06 -0400] "GET /wp-content/uploads/screw-it-tight-animated.gif HTTP/1.1" 200 254058 "https://sexpositions.online/category/position/page/13/" "Mozilla/5.0 (Linux; Android 10; K) AppleWebKit/537.36 (KHTML, like Gecko) Chrome/141.0.0.0 Mobile Safari/537.36"
125.237.217.186 - - [19/Oct/2025:10:22:06 -0400] "GET /wp-content/uploads/seated-wheelbarrow-animated.gif HTTP/1.1" 304 - "https://sexpositions.online/category/position/page/13/" "Mozilla/5.0 (Linux; Android 10; K) AppleWebKit/537.36 (KHTML, like Gecko) Chrome/141.0.0.0 Mobile Safari/537.36"
41.114.18.102 - - [19/Oct/2025:10:22:14 -0400] "GET /wp-content/uploads/sword-swallower-animated.gif HTTP/1.1" 304 - "https://www.google.com/" "Mozilla/5.0 (Linux; Android 16; SM-S916B Build/BP2A.250605.031.A3; wv) AppleWebKit/537.36 (KHTML, like Gecko) Version/4.0 Chrome/140.0.7339.209 Mobile Safari/537.36 GoogleApp/16.41.36.ve.arm64"
216.247.62.203 - - [19/Oct/2025:10:22:17 -0400] "GET /wp-content/uploads/jackhammer-animated.gif HTTP/1.1" 304 - "https://www.google.com/" "Mozilla/5.0 (iPhone; CPU iPhone OS 18_6_2 like Mac OS X) AppleWebKit/605.1.15 (KHTML, like Gecko) CriOS/138.0.7204.119 Mobile/15E148 Safari/604.1"
2409:40c2:205b:b8f1:8000:: - - [19/Oct/2025:10:22:24 -0400] "GET /wp-content/uploads/reverse-cowgirl-animated.gif HTTP/1.1" 304 - "https://www.google.com/" "Mozilla/5.0 (Linux; Android 10; K) AppleWebKit/537.36 (KHTML, like Gecko) Chrome/141.0.0.0 Mobile Safari/537.36"
185.191.171.16 - - [19/Oct/2025:10:22:27 -0400] "GET /page/12/?action=repository_opensearch&count=20&index_id=37&order=17&pn=1 HTTP/1.1" 200 116254 "-" "Mozilla/5.0 (compatible; SemrushBot/7~bl; +http://www.semrush.com/bot.html)"
2409:40d5:103b:c0fc:8000:: - - [19/Oct/2025:10:22:28 -0400] "GET / HTTP/1.1" 200 125069 "https://www.google.com/" "Mozilla/5.0 (Linux; Android 10; K) AppleWebKit/537.36 (KHTML, like Gecko) Chrome/140.0.0.0 Mobile Safari/537.36"
125.237.217.186 - - [19/Oct/2025:10:22:32 -0400] "GET /row-row-row/ HTTP/1.1" 200 98205 "https://sexpositions.online/category/position/page/13/" "Mozilla/5.0 (Linux; Android 10; K) AppleWebKit/537.36 (KHTML, like Gecko) Chrome/141.0.0.0 Mobile Safari/537.36"
183.82.233.72 - - [19/Oct/2025:10:22:33 -0400] "GET /wp-content/uploads/lotus-animated.gif HTTP/1.1" 304 - "https://www.google.com/" "Mozilla/5.0 (Linux; Android 10; K) AppleWebKit/537.36 (KHTML, like Gecko) Chrome/141.0.0.0 Mobile Safari/537.36"
125.237.217.186 - - [19/Oct/2025:10:22:36 -0400] "GET /wp-content/uploads/seesaw-animated.gif HTTP/1.1" 200 208597 "https://sexpositions.online/category/position/page/13/" "Mozilla/5.0 (Linux; Android 10; K) AppleWebKit/537.36 (KHTML, like Gecko) Chrome/141.0.0.0 Mobile Safari/537.36"
165.16.186.37 - - [19/Oct/2025:10:22:36 -0400] "GET / HTTP/1.1" 200 125069 "https://www.google.com/" "Mozilla/5.0 (Linux; Android 10; K) AppleWebKit/537.36 (KHTML, like Gecko) Chrome/141.0.0.0 Mobile Safari/537.36"
125.237.217.186 - - [19/Oct/2025:10:22:37 -0400] "GET /wp-content/uploads/sexy-samba-animated.gif HTTP/1.1" 200 233350 "https://sexpositions.online/category/position/page/13/" "Mozilla/5.0 (Linux; Android 10; K) AppleWebKit/537.36 (KHTML, like Gecko) Chrome/141.0.0.0 Mobile Safari/537.36"
165.16.186.37 - - [19/Oct/2025:10:22:37 -0400] "GET /wp-content/uploads/banner.jpg HTTP/1.1" 304 - "https://sexpositions.online/" "Mozilla/5.0 (Linux; Android 10; K) AppleWebKit/537.36 (KHTML, like Gecko) Chrome/141.0.0.0 Mobile Safari/537.36"
114.119.130.110 - - [19/Oct/2025:10:22:40 -0400] "GET /page/14/ HTTP/1.1" 200 125193 "https://sexpositions.online/page/14" "Mozilla/5.0 (Linux; Android 7.0;) AppleWebKit/537.36 (KHTML, like Gecko) Mobile Safari/537.36 (compatible; PetalBot;+https://webmaster.petalsearch.com/site/petalbot)"
125.237.217.186 - - [19/Oct/2025:10:22:40 -0400] "GET /screw-it-tight/ HTTP/1.1" 200 98029 "https://sexpositions.online/category/position/page/13/" "Mozilla/5.0 (Linux; Android 10; K) AppleWebKit/537.36 (KHTML, like Gecko) Chrome/141.0.0.0 Mobile Safari/537.36"
2409:40e5:13:e98c:8000:: - - [19/Oct/2025:10:22:44 -0400] "GET /sitting/ HTTP/1.1" 200 106982 "https://www.google.com/" "Mozilla/5.0 (Linux; Android 10; K) AppleWebKit/537.36 (KHTML, like Gecko) Chrome/141.0.0.0 Mobile Safari/537.36"
125.237.217.186 - - [19/Oct/2025:10:22:44 -0400] "GET /seated-wheelbarrow/ HTTP/1.1" 200 98168 "https://sexpositions.online/category/position/page/13/" "Mozilla/5.0 (Linux; Android 10; K) AppleWebKit/537.36 (KHTML, like Gecko) Chrome/141.0.0.0 Mobile Safari/537.36"
2409:40e5:13:e98c:8000:: - - [19/Oct/2025:10:22:45 -0400] "GET /wp-content/uploads/spider-animated-1.gif HTTP/1.1" 304 - "https://sexpositions.online/sitting/" "Mozilla/5.0 (Linux; Android 10; K) AppleWebKit/537.36 (KHTML, like Gecko) Chrome/141.0.0.0 Mobile Safari/537.36"
2409:40e5:13:e98c:8000:: - - [19/Oct/2025:10:22:45 -0400] "GET /wp-content/uploads/face-to-face-animated.gif HTTP/1.1" 304 - "https://sexpositions.online/sitting/" "Mozilla/5.0 (Linux; Android 10; K) AppleWebKit/537.36 (KHTML, like Gecko) Chrome/141.0.0.0 Mobile Safari/537.36"
2409:40d5:103b:c0fc:8000:: - - [19/Oct/2025:10:22:58 -0400] "GET /helicopter/ HTTP/1.1" 200 99890 "https://sexpositions.online/" "Mozilla/5.0 (Linux; Android 10; K) AppleWebKit/537.36 (KHTML, like Gecko) Chrome/140.0.0.0 Mobile Safari/537.36"
2409:40e5:13:e98c:8000:: - - [19/Oct/2025:10:23:01 -0400] "GET /wp-content/uploads/heaven-knows-animated.gif HTTP/1.1" 304 - "https://sexpositions.online/sitting/" "Mozilla/5.0 (Linux; Android 10; K) AppleWebKit/537.36 (KHTML, like Gecko) Chrome/141.0.0.0 Mobile Safari/537.36"
165.16.186.37 - - [19/Oct/2025:10:23:06 -0400] "GET /wp-content/uploads/spooning-animated.gif HTTP/1.1" 304 - "https://sexpositions.online/" "Mozilla/5.0 (Linux; Android 10; K) AppleWebKit/537.36 (KHTML, like Gecko) Chrome/141.0.0.0 Mobile Safari/537.36"
165.16.186.37 - - [19/Oct/2025:10:23:08 -0400] "GET /wp-content/uploads/piledriver-animated.gif HTTP/1.1" 304 - "https://sexpositions.online/" "Mozilla/5.0 (Linux; Android 10; K) AppleWebKit/537.36 (KHTML, like Gecko) Chrome/141.0.0.0 Mobile Safari/537.36"
2409:40d5:103b:c0fc:8000:: - - [19/Oct/2025:10:23:09 -0400] "GET /oral/cunnilingus/ HTTP/1.1" 200 104753 "https://sexpositions.online/" "Mozilla/5.0 (Linux; Android 10; K) AppleWebKit/537.36 (KHTML, like Gecko) Chrome/140.0.0.0 Mobile Safari/537.36"
2409:40d5:103b:c0fc:8000:: - - [19/Oct/2025:10:23:11 -0400] "GET /wp-content/uploads/hula-girl-animated.gif HTTP/1.1" 304 - "https://sexpositions.online/oral/cunnilingus/" "Mozilla/5.0 (Linux; Android 10; K) AppleWebKit/537.36 (KHTML, like Gecko) Chrome/140.0.0.0 Mobile Safari/537.36"
2a02:a31d:a2ca:e280:8938:70af:27ba:352f - - [19/Oct/2025:10:23:15 -0400] "GET /doggy-style/ HTTP/1.1" 200 102754 "https://www.google.com/" "Mozilla/5.0 (Linux; Android 10; K) AppleWebKit/537.36 (KHTML, like Gecko) Chrome/141.0.0.0 Mobile Safari/537.36"
2a02:a31d:a2ca:e280:8938:70af:27ba:352f - - [19/Oct/2025:10:23:16 -0400] "GET /wp-content/uploads/eiffel-tower-animated.gif HTTP/1.1" 304 - "https://sexpositions.online/doggy-style/" "Mozilla/5.0 (Linux; Android 10; K) AppleWebKit/537.36 (KHTML, like Gecko) Chrome/141.0.0.0 Mobile Safari/537.36"
45.128.122.189 - - [19/Oct/2025:10:23:16 -0400] "GET /wp-content/uploads/missionary-animated.gif HTTP/1.1" 304 - "https://www.google.com/" "Mozilla/5.0 (Linux; Android 10; K) AppleWebKit/537.36 (KHTML, like Gecko) Chrome/130.0.0.0 Mobile Safari/537.36"
2a02:a31d:a2ca:e280:8938:70af:27ba:352f - - [19/Oct/2025:10:23:16 -0400] "GET /wp-content/uploads/upward-dog-animated.gif HTTP/1.1" 304 - "https://sexpositions.online/doggy-style/" "Mozilla/5.0 (Linux; Android 10; K) AppleWebKit/537.36 (KHTML, like Gecko) Chrome/141.0.0.0 Mobile Safari/537.36"
2409:40d5:103b:c0fc:8000:: - - [19/Oct/2025:10:23:18 -0400] "GET /wp-content/uploads/the-flat-back-animated.gif HTTP/1.1" 304 - "https://sexpositions.online/oral/cunnilingus/" "Mozilla/5.0 (Linux; Android 10; K) AppleWebKit/537.36 (KHTML, like Gecko) Chrome/140.0.0.0 Mobile Safari/537.36"
2a02:a31d:a2ca:e280:8938:70af:27ba:352f - - [19/Oct/2025:10:23:18 -0400] "GET /wp-content/uploads/flatiron-animated.gif HTTP/1.1" 304 - "https://sexpositions.online/doggy-style/" "Mozilla/5.0 (Linux; Android 10; K) AppleWebKit/537.36 (KHTML, like Gecko) Chrome/141.0.0.0 Mobile Safari/537.36"
165.16.186.37 - - [19/Oct/2025:10:23:19 -0400] "GET /wp-content/uploads/helicopter-animated.gif HTTP/1.1" 304 - "https://sexpositions.online/" "Mozilla/5.0 (Linux; Android 10; K) AppleWebKit/537.36 (KHTML, like Gecko) Chrome/141.0.0.0 Mobile Safari/537.36"
2a02:a31d:a2ca:e280:8938:70af:27ba:352f - - [19/Oct/2025:10:23:19 -0400] "GET /wp-content/uploads/downward-dog-animated-1.gif HTTP/1.1" 304 - "https://sexpositions.online/doggy-style/" "Mozilla/5.0 (Linux; Android 10; K) AppleWebKit/537.36 (KHTML, like Gecko) Chrome/141.0.0.0 Mobile Safari/537.36"
2a02:a31d:a2ca:e280:8938:70af:27ba:352f - - [19/Oct/2025:10:23:19 -0400] "GET /wp-content/uploads/turtle-animated.gif HTTP/1.1" 304 - "https://sexpositions.online/doggy-style/" "Mozilla/5.0 (Linux; Android 10; K) AppleWebKit/537.36 (KHTML, like Gecko) Chrome/141.0.0.0 Mobile Safari/537.36"
2409:40d5:103b:c0fc:8000:: - - [19/Oct/2025:10:23:20 -0400] "GET /wp-content/uploads/the-buffet-animated.gif HTTP/1.1" 304 - "https://sexpositions.online/oral/cunnilingus/" "Mozilla/5.0 (Linux; Android 10; K) AppleWebKit/537.36 (KHTML, like Gecko) Chrome/140.0.0.0 Mobile Safari/537.36"
2a02:a31d:a2ca:e280:8938:70af:27ba:352f - - [19/Oct/2025:10:23:21 -0400] "GET /wp-content/uploads/lazy-dog-animated-1.gif HTTP/1.1" 304 - "https://sexpositions.online/doggy-style/" "Mozilla/5.0 (Linux; Android 10; K) AppleWebKit/537.36 (KHTML, like Gecko) Chrome/141.0.0.0 Mobile Safari/537.36"
2409:40d5:103b:c0fc:8000:: - - [19/Oct/2025:10:23:22 -0400] "GET /wp-content/uploads/kissing-the-pink-animated.gif HTTP/1.1" 304 - "https://sexpositions.online/oral/cunnilingus/" "Mozilla/5.0 (Linux; Android 10; K) AppleWebKit/537.36 (KHTML, like Gecko) Chrome/140.0.0.0 Mobile Safari/537.36"
2409:40d5:103b:c0fc:8000:: - - [19/Oct/2025:10:23:23 -0400] "GET /wp-content/uploads/head-rush-animated.gif HTTP/1.1" 304 - "https://sexpositions.online/oral/cunnilingus/" "Mozilla/5.0 (Linux; Android 10; K) AppleWebKit/537.36 (KHTML, like Gecko) Chrome/140.0.0.0 Mobile Safari/537.36"
2a02:a31d:a2ca:e280:8938:70af:27ba:352f - - [19/Oct/2025:10:23:23 -0400] "GET /wp-content/uploads/frog-animated.gif HTTP/1.1" 304 - "https://sexpositions.online/doggy-style/" "Mozilla/5.0 (Linux; Android 10; K) AppleWebKit/537.36 (KHTML, like Gecko) Chrome/141.0.0.0 Mobile Safari/537.36"
40.77.167.28 - - [19/Oct/2025:10:23:24 -0400] "GET /kdiub/w720121.html HTTP/1.1" 200 3 "-" "Mozilla/5.0 AppleWebKit/537.36 (KHTML, like Gecko; compatible; bingbot/2.0; +http://www.bing.com/bingbot.htm) Chrome/116.0.1938.76 Safari/537.36"
2409:40d5:103b:c0fc:8000:: - - [19/Oct/2025:10:23:25 -0400] "GET /kissing-the-pink/ HTTP/1.1" 200 97973 "https://sexpositions.online/oral/cunnilingus/" "Mozilla/5.0 (Linux; Android 10; K) AppleWebKit/537.36 (KHTML, like Gecko) Chrome/140.0.0.0 Mobile Safari/537.36"
165.16.186.37 - - [19/Oct/2025:10:23:26 -0400] "GET /wp-content/uploads/butterfly-animated.gif HTTP/1.1" 304 - "https://sexpositions.online/" "Mozilla/5.0 (Linux; Android 10; K) AppleWebKit/537.36 (KHTML, like Gecko) Chrome/141.0.0.0 Mobile Safari/537.36"
2a02:a31d:a2ca:e280:8938:70af:27ba:352f - - [19/Oct/2025:10:23:32 -0400] "GET /from-behind/ HTTP/1.1" 200 102707 "https://sexpositions.online/doggy-style/" "Mozilla/5.0 (Linux; Android 10; K) AppleWebKit/537.36 (KHTML, like Gecko) Chrome/141.0.0.0 Mobile Safari/537.36"
2a02:a31d:a2ca:e280:8938:70af:27ba:352f - - [19/Oct/2025:10:23:33 -0400] "GET /wp-content/uploads/ceo-animated.gif HTTP/1.1" 304 - "https://sexpositions.online/from-behind/" "Mozilla/5.0 (Linux; Android 10; K) AppleWebKit/537.36 (KHTML, like Gecko) Chrome/141.0.0.0 Mobile Safari/537.36"
2607:fb90:3c80:2a20:a1e4:a686:977a:4264 - - [19/Oct/2025:10:23:35 -0400] "GET /wp-content/uploads/table-top-animated-1.gif HTTP/1.1" 304 - "https://www.google.com/" "Mozilla/5.0 (iPhone; CPU iPhone OS 18_6 like Mac OS X) AppleWebKit/605.1.15 (KHTML, like Gecko) Version/26.0 Mobile/15E148 Safari/604.1"
114.119.143.75 - - [19/Oct/2025:10:23:35 -0400] "GET /gooooooal HTTP/1.1" 200 3 "https://sexpositions.online/freestyle/" "Mozilla/5.0 (Linux; Android 7.0;) AppleWebKit/537.36 (KHTML, like Gecko) Mobile Safari/537.36 (compatible; PetalBot;+https://webmaster.petalsearch.com/site/petalbot)"
2a02:a31d:a2ca:e280:8938:70af:27ba:352f - - [19/Oct/2025:10:23:40 -0400] "GET /wp-content/uploads/ladies-choice-animated.gif HTTP/1.1" 304 - "https://sexpositions.online/from-behind/" "Mozilla/5.0 (Linux; Android 10; K) AppleWebKit/537.36 (KHTML, like Gecko) Chrome/141.0.0.0 Mobile Safari/537.36"
2a02:a31d:a2ca:e280:8938:70af:27ba:352f - - [19/Oct/2025:10:23:40 -0400] "GET /wp-content/uploads/chair-lift-animated.gif HTTP/1.1" 304 - "https://sexpositions.online/from-behind/" "Mozilla/5.0 (Linux; Android 10; K) AppleWebKit/537.36 (KHTML, like Gecko) Chrome/141.0.0.0 Mobile Safari/537.36"
2a02:a31d:a2ca:e280:8938:70af:27ba:352f - - [19/Oct/2025:10:23:41 -0400] "GET /wp-content/uploads/desk-set-animated.gif HTTP/1.1" 304 - "https://sexpositions.online/from-behind/" "Mozilla/5.0 (Linux; Android 10; K) AppleWebKit/537.36 (KHTML, like Gecko) Chrome/141.0.0.0 Mobile Safari/537.36"
2a02:a31d:a2ca:e280:8938:70af:27ba:352f - - [19/Oct/2025:10:23:43 -0400] "GET /wp-content/uploads/from-ball-to-wall-animated.gif HTTP/1.1" 304 - "https://sexpositions.online/from-behind/" "Mozilla/5.0 (Linux; Android 10; K) AppleWebKit/537.36 (KHTML, like Gecko) Chrome/141.0.0.0 Mobile Safari/537.36"
185.84.70.77 - - [19/Oct/2025:10:23:43 -0400] "GET / HTTP/1.1" 200 125069 "https://www.google.com/url?q=https://sexpositions.online/&sa=U&ved=2ahUKEwi7zM37urCQAxVA9gIHHQ96DdsQFnoECCQQAQ&usg=AOvVaw3IXflssUeO1G4rD75VRrnt" "Mozilla/5.0 (iPhone; CPU iPhone OS 18_5_0 like Mac OS X) AppleWebKit/605.1.15 (KHTML, like Gecko) GSA/380.0.788317806 Mobile/15E148 Safari/604.1"
185.84.70.77 - - [19/Oct/2025:10:23:43 -0400] "GET /wp-content/themes/astra/assets/css/minified/main.min.css?ver=4.11.12 HTTP/1.1" 304 - "https://sexpositions.online/" "Mozilla/5.0 (iPhone; CPU iPhone OS 18_5_0 like Mac OS X) AppleWebKit/605.1.15 (KHTML, like Gecko) GSA/380.0.788317806 Mobile/15E148 Safari/604.1"
185.84.70.77 - - [19/Oct/2025:10:23:44 -0400] "GET /wp-content/uploads/banner.jpg HTTP/1.1" 200 69174 "https://sexpositions.online/" "Mozilla/5.0 (iPhone; CPU iPhone OS 18_5_0 like Mac OS X) AppleWebKit/605.1.15 (KHTML, like Gecko) GSA/380.0.788317806 Mobile/15E148 Safari/604.1"
185.84.70.77 - - [19/Oct/2025:10:23:44 -0400] "GET /wp-includes/css/dist/block-library/style.min.css?ver=6.8.3 HTTP/1.1" 304 - "https://sexpositions.online/" "Mozilla/5.0 (iPhone; CPU iPhone OS 18_5_0 like Mac OS X) AppleWebKit/605.1.15 (KHTML, like Gecko) GSA/380.0.788317806 Mobile/15E148 Safari/604.1"
185.84.70.77 - - [19/Oct/2025:10:23:44 -0400] "GET /wp-content/themes/astra/assets/js/minified/frontend.min.js?ver=4.11.12 HTTP/1.1" 304 - "https://sexpositions.online/" "Mozilla/5.0 (iPhone; CPU iPhone OS 18_5_0 like Mac OS X) AppleWebKit/605.1.15 (KHTML, like Gecko) GSA/380.0.788317806 Mobile/15E148 Safari/604.1"
82.132.223.235 - - [19/Oct/2025:10:23:44 -0400] "GET /wp-content/uploads/inside-out-animated.gif HTTP/1.1" 200 210099 "https://www.google.com/" "Mozilla/5.0 (iPhone; CPU iPhone OS 18_1_1 like Mac OS X) AppleWebKit/605.1.15 (KHTML, like Gecko) GSA/390.0.817388646 Mobile/22B91 Safari/604.1"
185.84.70.77 - - [19/Oct/2025:10:23:44 -0400] "GET /wp-content/uploads/missionary-animated.gif HTTP/1.1" 200 163597 "https://sexpositions.online/" "Mozilla/5.0 (iPhone; CPU iPhone OS 18_5_0 like Mac OS X) AppleWebKit/605.1.15 (KHTML, like Gecko) GSA/380.0.788317806 Mobile/15E148 Safari/604.1"
