2a00:1880:a1c6:5caf:d93a:4ba3:522e:bc25 - - [19/Oct/2025:08:33:18 -0400] "GET /wp-content/uploads/spiderman-animated.gif HTTP/1.1" 304 - "https://sexpositions.online/standing/" "Mozilla/5.0 (Linux; Android 10; K) AppleWebKit/537.36 (KHTML, like Gecko) Chrome/141.0.0.0 Mobile Safari/537.36"
201.71.14.54 - - [19/Oct/2025:08:33:20 -0400] "GET /wp-content/uploads/belly-flop-animated.gif HTTP/1.1" 304 - "https://sexpositions.online/easy/" "Mozilla/5.0 (Linux; Android 10; K) AppleWebKit/537.36 (KHTML, like Gecko) Chrome/141.0.0.0 Mobile Safari/537.36"
2001:4dd7:8d58:0:9ec4:e1e:2a5b:cdb2 - - [19/Oct/2025:08:33:20 -0400] "GET /wp-content/uploads/the-anchor-animated.gif HTTP/1.1" 200 252494 "https://sexpositions.online/sitting/" "Mozilla/5.0 (X11; Ubuntu; Linux x86_64; rv:144.0) Gecko/20100101 Firefox/144.0"
2c0f:2a80:2777:1308:47a4:9d6f:eba1:dd4a - - [19/Oct/2025:08:33:20 -0400] "GET /wp-content/uploads/chair-tryst-animated.gif HTTP/1.1" 200 210647 "https://www.google.com/" "Mozilla/5.0 (Linux; Android 10; K) AppleWebKit/537.36 (KHTML, like Gecko) Chrome/141.0.0.0 Mobile Safari/537.36"
207.46.13.17 - - [19/Oct/2025:08:33:22 -0400] "GET /article/35144282/ HTTP/1.1" 200 3 "-" "Mozilla/5.0 AppleWebKit/537.36 (KHTML, like Gecko; compatible; bingbot/2.0; +http://www.bing.com/bingbot.htm) Chrome/116.0.1938.76 Safari/537.36"
37.111.193.67 - - [19/Oct/2025:08:33:27 -0400] "GET /woman-on-top/ HTTP/1.1" 200 105193 "https://sexpositions.online/oral/blowjob/" "Mozilla/5.0 (Windows NT 10.0; Win64; x64) AppleWebKit/537.36 (KHTML, like Gecko) Chrome/141.0.0.0 Safari/537.36"
37.111.193.67 - - [19/Oct/2025:08:33:28 -0400] "GET /wp-content/uploads/full-nelson-animated.gif HTTP/1.1" 304 - "https://sexpositions.online/woman-on-top/" "Mozilla/5.0 (Windows NT 10.0; Win64; x64) AppleWebKit/537.36 (KHTML, like Gecko) Chrome/141.0.0.0 Safari/537.36"
37.111.193.67 - - [19/Oct/2025:08:33:30 -0400] "GET /wp-content/uploads/the-crab-animated.gif HTTP/1.1" 304 - "https://sexpositions.online/woman-on-top/" "Mozilla/5.0 (Windows NT 10.0; Win64; x64) AppleWebKit/537.36 (KHTML, like Gecko) Chrome/141.0.0.0 Safari/537.36"
37.111.193.67 - - [19/Oct/2025:08:33:31 -0400] "GET /wp-content/uploads/reverse-cowgirl-animated.gif HTTP/1.1" 304 - "https://sexpositions.online/woman-on-top/" "Mozilla/5.0 (Windows NT 10.0; Win64; x64) AppleWebKit/537.36 (KHTML, like Gecko) Chrome/141.0.0.0 Safari/537.36"
37.111.193.67 - - [19/Oct/2025:08:33:32 -0400] "GET /wp-content/uploads/squat-animated.gif HTTP/1.1" 304 - "https://sexpositions.online/woman-on-top/" "Mozilla/5.0 (Windows NT 10.0; Win64; x64) AppleWebKit/537.36 (KHTML, like Gecko) Chrome/141.0.0.0 Safari/537.36"
2405:4802:7197:3f60:a847:1f35:4c77:a59d - - [19/Oct/2025:08:33:34 -0400] "GET /wp-content/uploads/scissor-animated.gif HTTP/1.1" 304 - "https://www.google.com/" "Mozilla/5.0 (Linux; Android 10; K) AppleWebKit/537.36 (KHTML, like Gecko) Chrome/141.0.0.0 Mobile Safari/537.36"
37.111.193.67 - - [19/Oct/2025:08:33:34 -0400] "GET /wp-content/uploads/seesaw-animated.gif HTTP/1.1" 304 - "https://sexpositions.online/woman-on-top/" "Mozilla/5.0 (Windows NT 10.0; Win64; x64) AppleWebKit/537.36 (KHTML, like Gecko) Chrome/141.0.0.0 Safari/537.36"
37.111.193.67 - - [19/Oct/2025:08:33:36 -0400] "GET /wp-content/uploads/airplane-animated.gif HTTP/1.1" 304 - "https://sexpositions.online/woman-on-top/" "Mozilla/5.0 (Windows NT 10.0; Win64; x64) AppleWebKit/537.36 (KHTML, like Gecko) Chrome/141.0.0.0 Safari/537.36"
37.111.193.67 - - [19/Oct/2025:08:33:37 -0400] "GET /wp-content/uploads/reverse-missionary-animated.gif HTTP/1.1" 304 - "https://sexpositions.online/woman-on-top/" "Mozilla/5.0 (Windows NT 10.0; Win64; x64) AppleWebKit/537.36 (KHTML, like Gecko) Chrome/141.0.0.0 Safari/537.36"
37.111.193.67 - - [19/Oct/2025:08:33:38 -0400] "GET /wp-content/uploads/the-acrobat-animated-1.gif HTTP/1.1" 304 - "https://sexpositions.online/woman-on-top/" "Mozilla/5.0 (Windows NT 10.0; Win64; x64) AppleWebKit/537.36 (KHTML, like Gecko) Chrome/141.0.0.0 Safari/537.36"
37.111.193.67 - - [19/Oct/2025:08:33:39 -0400] "GET /wp-content/uploads/boys-on-the-side-animated.gif HTTP/1.1" 304 - "https://sexpositions.online/woman-on-top/" "Mozilla/5.0 (Windows NT 10.0; Win64; x64) AppleWebKit/537.36 (KHTML, like Gecko) Chrome/141.0.0.0 Safari/537.36"
2001:4dd7:8d58:0:9ec4:e1e:2a5b:cdb2 - - [19/Oct/2025:08:33:42 -0400] "GET / HTTP/1.1" 200 125058 "https://sexpositions.online/sitting/" "Mozilla/5.0 (X11; Ubuntu; Linux x86_64; rv:144.0) Gecko/20100101 Firefox/144.0"
2001:4dd7:8d58:0:9ec4:e1e:2a5b:cdb2 - - [19/Oct/2025:08:33:43 -0400] "GET /wp-content/uploads/banner.jpg HTTP/1.1" 304 - "https://sexpositions.online/" "Mozilla/5.0 (X11; Ubuntu; Linux x86_64; rv:144.0) Gecko/20100101 Firefox/144.0"
2001:4dd7:8d58:0:9ec4:e1e:2a5b:cdb2 - - [19/Oct/2025:08:33:43 -0400] "GET /wp-content/uploads/cowgirl-animated.gif HTTP/1.1" 304 - "https://sexpositions.online/" "Mozilla/5.0 (X11; Ubuntu; Linux x86_64; rv:144.0) Gecko/20100101 Firefox/144.0"
2001:4dd7:8d58:0:9ec4:e1e:2a5b:cdb2 - - [19/Oct/2025:08:33:43 -0400] "GET /wp-content/uploads/missionary-animated.gif HTTP/1.1" 304 - "https://sexpositions.online/" "Mozilla/5.0 (X11; Ubuntu; Linux x86_64; rv:144.0) Gecko/20100101 Firefox/144.0"
2001:4dd7:8d58:0:9ec4:e1e:2a5b:cdb2 - - [19/Oct/2025:08:33:47 -0400] "GET /wp-content/uploads/amazon-animated.gif HTTP/1.1" 200 206559 "https://sexpositions.online/" "Mozilla/5.0 (X11; Ubuntu; Linux x86_64; rv:144.0) Gecko/20100101 Firefox/144.0"
178.135.8.237 - - [19/Oct/2025:08:33:48 -0400] "GET /wp-content/uploads/the-pin-up-animated.gif HTTP/1.1" 304 - "https://sexpositions.online/oral/" "Mozilla/5.0 (iPhone; CPU iPhone OS 18_6_2 like Mac OS X) AppleWebKit/605.1.15 (KHTML, like Gecko) Version/18.6 Mobile/15E148 Safari/604.1"
82.163.77.111 - - [19/Oct/2025:08:33:48 -0400] "GET /wp-content/uploads/reverse-69-animated.gif HTTP/1.1" 200 155445 "https://www.google.com/" "Mozilla/5.0 (Linux; Android 15; SM-A165F Build/AP3A.240905.015.A2; wv) AppleWebKit/537.36 (KHTML, like Gecko) Version/4.0 Chrome/140.0.7339.207 Mobile Safari/537.36 GoogleApp/16.41.36.ve.arm64"
178.135.8.237 - - [19/Oct/2025:08:33:50 -0400] "GET /wp-content/uploads/worlds-strongest-animated.gif HTTP/1.1" 304 - "https://sexpositions.online/oral/" "Mozilla/5.0 (iPhone; CPU iPhone OS 18_6_2 like Mac OS X) AppleWebKit/605.1.15 (KHTML, like Gecko) Version/18.6 Mobile/15E148 Safari/604.1"
2001:4dd7:8d58:0:9ec4:e1e:2a5b:cdb2 - - [19/Oct/2025:08:33:52 -0400] "GET /wp-content/uploads/doggy-style-animated.gif HTTP/1.1" 304 - "https://sexpositions.online/" "Mozilla/5.0 (X11; Ubuntu; Linux x86_64; rv:144.0) Gecko/20100101 Firefox/144.0"
178.135.8.237 - - [19/Oct/2025:08:33:54 -0400] "GET /wp-content/uploads/the-rocker-animated.gif HTTP/1.1" 304 - "https://sexpositions.online/oral/" "Mozilla/5.0 (iPhone; CPU iPhone OS 18_6_2 like Mac OS X) AppleWebKit/605.1.15 (KHTML, like Gecko) Version/18.6 Mobile/15E148 Safari/604.1"
178.135.8.237 - - [19/Oct/2025:08:33:55 -0400] "GET /wp-content/uploads/evolved-dog-animated.gif HTTP/1.1" 304 - "https://sexpositions.online/oral/" "Mozilla/5.0 (iPhone; CPU iPhone OS 18_6_2 like Mac OS X) AppleWebKit/605.1.15 (KHTML, like Gecko) Version/18.6 Mobile/15E148 Safari/604.1"
2001:4dd7:8d58:0:9ec4:e1e:2a5b:cdb2 - - [19/Oct/2025:08:33:57 -0400] "GET /wp-content/uploads/spooning-animated.gif HTTP/1.1" 304 - "https://sexpositions.online/" "Mozilla/5.0 (X11; Ubuntu; Linux x86_64; rv:144.0) Gecko/20100101 Firefox/144.0"
80.191.142.196 - - [19/Oct/2025:08:33:59 -0400] "GET /wp-content/uploads/sitting-bull-animated-1.gif HTTP/1.1" 304 - "https://www.google.com/" "Mozilla/5.0 (Linux; Android 10; K) AppleWebKit/537.36 (KHTML, like Gecko) Chrome/141.0.0.0 Mobile Safari/537.36"
2001:4dd7:8d58:0:9ec4:e1e:2a5b:cdb2 - - [19/Oct/2025:08:33:59 -0400] "GET /wp-content/uploads/piledriver-animated.gif HTTP/1.1" 304 - "https://sexpositions.online/" "Mozilla/5.0 (X11; Ubuntu; Linux x86_64; rv:144.0) Gecko/20100101 Firefox/144.0"
2001:4dd7:8d58:0:9ec4:e1e:2a5b:cdb2 - - [19/Oct/2025:08:34:07 -0400] "GET /wp-content/uploads/helicopter-animated.gif HTTP/1.1" 304 - "https://sexpositions.online/" "Mozilla/5.0 (X11; Ubuntu; Linux x86_64; rv:144.0) Gecko/20100101 Firefox/144.0"
178.135.8.237 - - [19/Oct/2025:08:34:10 -0400] "GET /from-behind/ HTTP/1.1" 200 102707 "https://sexpositions.online/chair/" "Mozilla/5.0 (iPhone; CPU iPhone OS 18_6_2 like Mac OS X) AppleWebKit/605.1.15 (KHTML, like Gecko) Version/18.6 Mobile/15E148 Safari/604.1"
2001:4dd7:8d58:0:9ec4:e1e:2a5b:cdb2 - - [19/Oct/2025:08:34:10 -0400] "GET /wp-content/uploads/butterfly-animated.gif HTTP/1.1" 304 - "https://sexpositions.online/" "Mozilla/5.0 (X11; Ubuntu; Linux x86_64; rv:144.0) Gecko/20100101 Firefox/144.0"
178.135.8.237 - - [19/Oct/2025:08:34:12 -0400] "GET /wp-content/uploads/ceo-animated.gif HTTP/1.1" 304 - "https://sexpositions.online/from-behind/" "Mozilla/5.0 (iPhone; CPU iPhone OS 18_6_2 like Mac OS X) AppleWebKit/605.1.15 (KHTML, like Gecko) Version/18.6 Mobile/15E148 Safari/604.1"
178.135.8.237 - - [19/Oct/2025:08:34:12 -0400] "GET /wp-content/uploads/sleeping-beauty-animated.gif HTTP/1.1" 304 - "https://sexpositions.online/from-behind/" "Mozilla/5.0 (iPhone; CPU iPhone OS 18_6_2 like Mac OS X) AppleWebKit/605.1.15 (KHTML, like Gecko) Version/18.6 Mobile/15E148 Safari/604.1"
2001:4dd7:8d58:0:9ec4:e1e:2a5b:cdb2 - - [19/Oct/2025:08:34:13 -0400] "GET /wp-content/uploads/speed-bump-animated.gif HTTP/1.1" 304 - "https://sexpositions.online/" "Mozilla/5.0 (X11; Ubuntu; Linux x86_64; rv:144.0) Gecko/20100101 Firefox/144.0"
178.135.8.237 - - [19/Oct/2025:08:34:15 -0400] "GET /wp-content/uploads/ladies-choice-animated.gif HTTP/1.1" 304 - "https://sexpositions.online/from-behind/" "Mozilla/5.0 (iPhone; CPU iPhone OS 18_6_2 like Mac OS X) AppleWebKit/605.1.15 (KHTML, like Gecko) Version/18.6 Mobile/15E148 Safari/604.1"
2401:4900:30ee:c1f3:0:48:cd43:3901 - - [19/Oct/2025:08:34:29 -0400] "GET /wp-content/uploads/spread-eagle-animated-1.gif HTTP/1.1" 304 - "-" "com.google.android.apps.searchlite/1099377 (Linux; U; Android 11; en_IN; RMX3231; Build/RP1A.201005.001; Cronet/141.0.7340.3)"
80.191.142.196 - - [19/Oct/2025:08:34:31 -0400] "GET /wp-content/uploads/the-firm-animated.gif HTTP/1.1" 304 - "https://www.google.com/" "Mozilla/5.0 (Linux; Android 10; K) AppleWebKit/537.36 (KHTML, like Gecko) Chrome/141.0.0.0 Mobile Safari/537.36"
112.209.74.146 - - [19/Oct/2025:08:34:33 -0400] "GET /wp-content/uploads/cowgirl-animated.gif HTTP/1.1" 304 - "https://www.google.com/" "Mozilla/5.0 (Linux; Android 10; K) AppleWebKit/537.36 (KHTML, like Gecko) Chrome/141.0.0.0 Mobile Safari/537.36"
185.170.185.1 - - [19/Oct/2025:08:34:35 -0400] "GET /wp-content/uploads/play-ball-animated.gif HTTP/1.1" 304 - "https://www.google.com/" "Mozilla/5.0 (Linux; Android 10; K) AppleWebKit/537.36 (KHTML, like Gecko) Chrome/141.0.0.0 Mobile Safari/537.36"
2001:4dd7:8d58:0:9ec4:e1e:2a5b:cdb2 - - [19/Oct/2025:08:34:51 -0400] "GET /from-behind/ HTTP/1.1" 200 102696 "https://sexpositions.online/" "Mozilla/5.0 (X11; Ubuntu; Linux x86_64; rv:144.0) Gecko/20100101 Firefox/144.0"
2001:4dd7:8d58:0:9ec4:e1e:2a5b:cdb2 - - [19/Oct/2025:08:34:52 -0400] "GET /wp-content/uploads/ceo-animated.gif HTTP/1.1" 200 211522 "https://sexpositions.online/from-behind/" "Mozilla/5.0 (X11; Ubuntu; Linux x86_64; rv:144.0) Gecko/20100101 Firefox/144.0"
1.38.115.29 - - [19/Oct/2025:08:34:53 -0400] "GET / HTTP/1.1" 200 125069 "https://www.google.com/" "Mozilla/5.0 (Linux; Android 10; K) AppleWebKit/537.36 (KHTML, like Gecko) Chrome/141.0.0.0 Mobile Safari/537.36"
2001:4dd7:8d58:0:9ec4:e1e:2a5b:cdb2 - - [19/Oct/2025:08:34:54 -0400] "GET /wp-content/uploads/sleeping-beauty-animated.gif HTTP/1.1" 200 218192 "https://sexpositions.online/from-behind/" "Mozilla/5.0 (X11; Ubuntu; Linux x86_64; rv:144.0) Gecko/20100101 Firefox/144.0"
80.191.142.196 - - [19/Oct/2025:08:34:56 -0400] "GET /wp-content/uploads/sitting-pretty-animated.gif HTTP/1.1" 304 - "https://www.google.com/" "Mozilla/5.0 (Linux; Android 10; K) AppleWebKit/537.36 (KHTML, like Gecko) Chrome/141.0.0.0 Mobile Safari/537.36"
2001:4dd7:8d58:0:9ec4:e1e:2a5b:cdb2 - - [19/Oct/2025:08:34:55 -0400] "GET /wp-content/uploads/body-booster-animated.gif HTTP/1.1" 200 218542 "https://sexpositions.online/from-behind/" "Mozilla/5.0 (X11; Ubuntu; Linux x86_64; rv:144.0) Gecko/20100101 Firefox/144.0"
2001:4452:55e:cb00:6c9c:2ab0:e658:b1ae - - [19/Oct/2025:08:34:56 -0400] "GET /wp-content/uploads/cowgirl-animated.gif HTTP/1.1" 304 - "https://www.google.com/" "Mozilla/5.0 (iPhone; CPU iPhone OS 18_7 like Mac OS X) AppleWebKit/605.1.15 (KHTML, like Gecko) Version/26.0.1 Mobile/15E148 Safari/604.1"
2001:4dd7:8d58:0:9ec4:e1e:2a5b:cdb2 - - [19/Oct/2025:08:35:01 -0400] "GET /wp-content/uploads/ladies-choice-animated.gif HTTP/1.1" 200 216653 "https://sexpositions.online/from-behind/" "Mozilla/5.0 (X11; Ubuntu; Linux x86_64; rv:144.0) Gecko/20100101 Firefox/144.0"
178.135.8.237 - - [19/Oct/2025:08:35:02 -0400] "GET /wp-content/uploads/desk-set-animated.gif HTTP/1.1" 304 - "https://sexpositions.online/from-behind/" "Mozilla/5.0 (iPhone; CPU iPhone OS 18_6_2 like Mac OS X) AppleWebKit/605.1.15 (KHTML, like Gecko) Version/18.6 Mobile/15E148 Safari/604.1"
178.135.8.237 - - [19/Oct/2025:08:35:03 -0400] "GET /wp-content/uploads/from-ball-to-wall-animated.gif HTTP/1.1" 304 - "https://sexpositions.online/from-behind/" "Mozilla/5.0 (iPhone; CPU iPhone OS 18_6_2 like Mac OS X) AppleWebKit/605.1.15 (KHTML, like Gecko) Version/18.6 Mobile/15E148 Safari/604.1"
2001:4dd7:8d58:0:9ec4:e1e:2a5b:cdb2 - - [19/Oct/2025:08:35:05 -0400] "GET /wp-content/uploads/chair-lift-animated.gif HTTP/1.1" 200 200335 "https://sexpositions.online/from-behind/" "Mozilla/5.0 (X11; Ubuntu; Linux x86_64; rv:144.0) Gecko/20100101 Firefox/144.0"
2001:4dd7:8d58:0:9ec4:e1e:2a5b:cdb2 - - [19/Oct/2025:08:35:08 -0400] "GET /wp-content/uploads/desk-set-animated.gif HTTP/1.1" 200 270954 "https://sexpositions.online/from-behind/" "Mozilla/5.0 (X11; Ubuntu; Linux x86_64; rv:144.0) Gecko/20100101 Firefox/144.0"
2001:4dd7:8d58:0:9ec4:e1e:2a5b:cdb2 - - [19/Oct/2025:08:35:09 -0400] "GET /wp-content/uploads/from-ball-to-wall-animated.gif HTTP/1.1" 200 213795 "https://sexpositions.online/from-behind/" "Mozilla/5.0 (X11; Ubuntu; Linux x86_64; rv:144.0) Gecko/20100101 Firefox/144.0"
37.111.193.67 - - [19/Oct/2025:08:35:11 -0400] "GET /advanced/ HTTP/1.1" 200 101743 "https://sexpositions.online/woman-on-top/" "Mozilla/5.0 (Windows NT 10.0; Win64; x64) AppleWebKit/537.36 (KHTML, like Gecko) Chrome/141.0.0.0 Safari/537.36"
2001:1670:1a:5f66:fe1:6f5d:e1c2:c95f - - [19/Oct/2025:08:35:12 -0400] "GET / HTTP/1.1" 200 125069 "https://www.google.com/" "Mozilla/5.0 (Linux; Android 10; K) AppleWebKit/537.36 (KHTML, like Gecko) Chrome/141.0.0.0 Mobile Safari/537.36"
37.111.193.67 - - [19/Oct/2025:08:35:12 -0400] "GET /wp-content/uploads/the-crazy-cat-animated.gif HTTP/1.1" 304 - "https://sexpositions.online/advanced/" "Mozilla/5.0 (Windows NT 10.0; Win64; x64) AppleWebKit/537.36 (KHTML, like Gecko) Chrome/141.0.0.0 Safari/537.36"
37.111.193.67 - - [19/Oct/2025:08:35:12 -0400] "GET /wp-content/uploads/sun-salutation-animated.gif HTTP/1.1" 304 - "https://sexpositions.online/advanced/" "Mozilla/5.0 (Windows NT 10.0; Win64; x64) AppleWebKit/537.36 (KHTML, like Gecko) Chrome/141.0.0.0 Safari/537.36"
2001:1670:1a:5f66:fe1:6f5d:e1c2:c95f - - [19/Oct/2025:08:35:12 -0400] "GET /wp-content/themes/astra/assets/css/minified/main.min.css?ver=4.11.12 HTTP/1.1" 304 - "https://sexpositions.online/" "Mozilla/5.0 (Linux; Android 10; K) AppleWebKit/537.36 (KHTML, like Gecko) Chrome/141.0.0.0 Mobile Safari/537.36"
2001:1670:1a:5f66:fe1:6f5d:e1c2:c95f - - [19/Oct/2025:08:35:13 -0400] "GET /wp-includes/css/dist/block-library/style.min.css?ver=6.8.3 HTTP/1.1" 304 - "https://sexpositions.online/" "Mozilla/5.0 (Linux; Android 10; K) AppleWebKit/537.36 (KHTML, like Gecko) Chrome/141.0.0.0 Mobile Safari/537.36"
2001:1670:1a:5f66:fe1:6f5d:e1c2:c95f - - [19/Oct/2025:08:35:13 -0400] "GET /wp-content/uploads/missionary-animated.gif HTTP/1.1" 304 - "https://sexpositions.online/" "Mozilla/5.0 (Linux; Android 10; K) AppleWebKit/537.36 (KHTML, like Gecko) Chrome/141.0.0.0 Mobile Safari/537.36"
2001:1670:1a:5f66:fe1:6f5d:e1c2:c95f - - [19/Oct/2025:08:35:13 -0400] "GET /wp-content/uploads/cowgirl-animated.gif HTTP/1.1" 304 - "https://sexpositions.online/" "Mozilla/5.0 (Linux; Android 10; K) AppleWebKit/537.36 (KHTML, like Gecko) Chrome/141.0.0.0 Mobile Safari/537.36"
2001:1670:1a:5f66:fe1:6f5d:e1c2:c95f - - [19/Oct/2025:08:35:13 -0400] "GET /wp-content/uploads/banner.jpg HTTP/1.1" 304 - "https://sexpositions.online/" "Mozilla/5.0 (Linux; Android 10; K) AppleWebKit/537.36 (KHTML, like Gecko) Chrome/141.0.0.0 Mobile Safari/537.36"
2001:1670:1a:5f66:fe1:6f5d:e1c2:c95f - - [19/Oct/2025:08:35:13 -0400] "GET /wp-content/themes/astra/assets/js/minified/frontend.min.js?ver=4.11.12 HTTP/1.1" 304 - "https://sexpositions.online/" "Mozilla/5.0 (Linux; Android 10; K) AppleWebKit/537.36 (KHTML, like Gecko) Chrome/141.0.0.0 Mobile Safari/537.36"
2001:1670:1a:5f66:fe1:6f5d:e1c2:c95f - - [19/Oct/2025:08:35:14 -0400] "GET /wp-includes/js/wp-emoji-release.min.js?ver=6.8.3 HTTP/1.1" 304 - "https://sexpositions.online/" "Mozilla/5.0 (Linux; Android 10; K) AppleWebKit/537.36 (KHTML, like Gecko) Chrome/141.0.0.0 Mobile Safari/537.36"
37.111.193.67 - - [19/Oct/2025:08:35:14 -0400] "GET /wp-content/uploads/row-row-row-animated.gif HTTP/1.1" 304 - "https://sexpositions.online/advanced/" "Mozilla/5.0 (Windows NT 10.0; Win64; x64) AppleWebKit/537.36 (KHTML, like Gecko) Chrome/141.0.0.0 Safari/537.36"
2001:1670:1a:5f66:fe1:6f5d:e1c2:c95f - - [19/Oct/2025:08:35:14 -0400] "GET /wp-content/uploads/cropped-favicon-192x192.png HTTP/1.1" 304 - "https://sexpositions.online/" "Mozilla/5.0 (Linux; Android 10; K) AppleWebKit/537.36 (KHTML, like Gecko) Chrome/141.0.0.0 Mobile Safari/537.36"
2001:1670:1a:5f66:fe1:6f5d:e1c2:c95f - - [19/Oct/2025:08:35:14 -0400] "GET /wp-content/uploads/cropped-favicon-180x180.png HTTP/1.1" 304 - "https://sexpositions.online/" "Mozilla/5.0 (Linux; Android 10; K) AppleWebKit/537.36 (KHTML, like Gecko) Chrome/141.0.0.0 Mobile Safari/537.36"
37.111.193.67 - - [19/Oct/2025:08:35:16 -0400] "GET /wp-content/uploads/leaning-tower-animated.gif HTTP/1.1" 304 - "https://sexpositions.online/advanced/" "Mozilla/5.0 (Windows NT 10.0; Win64; x64) AppleWebKit/537.36 (KHTML, like Gecko) Chrome/141.0.0.0 Safari/537.36"
2001:4dd7:8d58:0:9ec4:e1e:2a5b:cdb2 - - [19/Oct/2025:08:35:16 -0400] "GET /doggy-style/ HTTP/1.1" 200 102743 "https://sexpositions.online/from-behind/" "Mozilla/5.0 (X11; Ubuntu; Linux x86_64; rv:144.0) Gecko/20100101 Firefox/144.0"
37.111.193.67 - - [19/Oct/2025:08:35:17 -0400] "GET /wp-content/uploads/spider-monkey-animated.gif HTTP/1.1" 304 - "https://sexpositions.online/advanced/" "Mozilla/5.0 (Windows NT 10.0; Win64; x64) AppleWebKit/537.36 (KHTML, like Gecko) Chrome/141.0.0.0 Safari/537.36"
2001:4dd7:8d58:0:9ec4:e1e:2a5b:cdb2 - - [19/Oct/2025:08:35:17 -0400] "GET /wp-content/uploads/eiffel-tower-animated.gif HTTP/1.1" 304 - "https://sexpositions.online/doggy-style/" "Mozilla/5.0 (X11; Ubuntu; Linux x86_64; rv:144.0) Gecko/20100101 Firefox/144.0"
185.191.171.14 - - [19/Oct/2025:08:35:17 -0400] "GET /page/23/?action=repository_opensearch&count=20&index_id=189&order=17&pn=1 HTTP/1.1" 200 116275 "-" "Mozilla/5.0 (compatible; SemrushBot/7~bl; +http://www.semrush.com/bot.html)"
2001:4dd7:8d58:0:9ec4:e1e:2a5b:cdb2 - - [19/Oct/2025:08:35:18 -0400] "GET /wp-content/uploads/upward-dog-animated.gif HTTP/1.1" 200 219384 "https://sexpositions.online/doggy-style/" "Mozilla/5.0 (X11; Ubuntu; Linux x86_64; rv:144.0) Gecko/20100101 Firefox/144.0"
2001:4dd7:8d58:0:9ec4:e1e:2a5b:cdb2 - - [19/Oct/2025:08:35:19 -0400] "GET /wp-content/uploads/flatiron-animated.gif HTTP/1.1" 304 - "https://sexpositions.online/doggy-style/" "Mozilla/5.0 (X11; Ubuntu; Linux x86_64; rv:144.0) Gecko/20100101 Firefox/144.0"
2001:1670:1a:5f66:fe1:6f5d:e1c2:c95f - - [19/Oct/2025:08:35:19 -0400] "GET /wp-content/uploads/amazon-animated.gif HTTP/1.1" 304 - "https://sexpositions.online/" "Mozilla/5.0 (Linux; Android 10; K) AppleWebKit/537.36 (KHTML, like Gecko) Chrome/141.0.0.0 Mobile Safari/537.36"
2001:4dd7:8d58:0:9ec4:e1e:2a5b:cdb2 - - [19/Oct/2025:08:35:20 -0400] "GET /wp-content/uploads/downward-dog-animated-1.gif HTTP/1.1" 200 214312 "https://sexpositions.online/doggy-style/" "Mozilla/5.0 (X11; Ubuntu; Linux x86_64; rv:144.0) Gecko/20100101 Firefox/144.0"
37.111.193.67 - - [19/Oct/2025:08:35:20 -0400] "GET /wp-content/uploads/tetherball-animated.gif HTTP/1.1" 304 - "https://sexpositions.online/advanced/" "Mozilla/5.0 (Windows NT 10.0; Win64; x64) AppleWebKit/537.36 (KHTML, like Gecko) Chrome/141.0.0.0 Safari/537.36"
2001:4dd7:8d58:0:9ec4:e1e:2a5b:cdb2 - - [19/Oct/2025:08:35:20 -0400] "GET /wp-content/uploads/turtle-animated.gif HTTP/1.1" 304 - "https://sexpositions.online/doggy-style/" "Mozilla/5.0 (X11; Ubuntu; Linux x86_64; rv:144.0) Gecko/20100101 Firefox/144.0"
2001:4dd7:8d58:0:9ec4:e1e:2a5b:cdb2 - - [19/Oct/2025:08:35:23 -0400] "GET /wp-content/uploads/lazy-dog-animated-1.gif HTTP/1.1" 200 199682 "https://sexpositions.online/doggy-style/" "Mozilla/5.0 (X11; Ubuntu; Linux x86_64; rv:144.0) Gecko/20100101 Firefox/144.0"
2001:1670:1a:5f66:fe1:6f5d:e1c2:c95f - - [19/Oct/2025:08:35:25 -0400] "GET /anal/ HTTP/1.1" 200 107938 "https://sexpositions.online/" "Mozilla/5.0 (Linux; Android 10; K) AppleWebKit/537.36 (KHTML, like Gecko) Chrome/141.0.0.0 Mobile Safari/537.36"
2001:4dd7:8d58:0:9ec4:e1e:2a5b:cdb2 - - [19/Oct/2025:08:35:26 -0400] "GET /wp-content/uploads/frog-animated.gif HTTP/1.1" 304 - "https://sexpositions.online/doggy-style/" "Mozilla/5.0 (X11; Ubuntu; Linux x86_64; rv:144.0) Gecko/20100101 Firefox/144.0"
2001:1670:1a:5f66:fe1:6f5d:e1c2:c95f - - [19/Oct/2025:08:35:26 -0400] "GET /wp-content/uploads/piledriver-animated.gif HTTP/1.1" 304 - "https://sexpositions.online/anal/" "Mozilla/5.0 (Linux; Android 10; K) AppleWebKit/537.36 (KHTML, like Gecko) Chrome/141.0.0.0 Mobile Safari/537.36"
2001:1670:1a:5f66:fe1:6f5d:e1c2:c95f - - [19/Oct/2025:08:35:26 -0400] "GET /wp-content/uploads/butterfly-animated.gif HTTP/1.1" 304 - "https://sexpositions.online/anal/" "Mozilla/5.0 (Linux; Android 10; K) AppleWebKit/537.36 (KHTML, like Gecko) Chrome/141.0.0.0 Mobile Safari/537.36"
2001:1670:1a:5f66:fe1:6f5d:e1c2:c95f - - [19/Oct/2025:08:35:26 -0400] "GET /wp-content/uploads/speed-bump-animated.gif HTTP/1.1" 304 - "https://sexpositions.online/anal/" "Mozilla/5.0 (Linux; Android 10; K) AppleWebKit/537.36 (KHTML, like Gecko) Chrome/141.0.0.0 Mobile Safari/537.36"
2001:1670:1a:5f66:fe1:6f5d:e1c2:c95f - - [19/Oct/2025:08:35:28 -0400] "GET /wp-content/uploads/eiffel-tower-animated.gif HTTP/1.1" 304 - "https://sexpositions.online/anal/" "Mozilla/5.0 (Linux; Android 10; K) AppleWebKit/537.36 (KHTML, like Gecko) Chrome/141.0.0.0 Mobile Safari/537.36"
98.115.96.37 - - [19/Oct/2025:08:35:28 -0400] "GET /wp-content/uploads/squat-animated.gif HTTP/1.1" 304 - "https://www.google.com/" "Mozilla/5.0 (Linux; Android 15; SM-S156V Build/AP3A.240905.015.A2; wv) AppleWebKit/537.36 (KHTML, like Gecko) Version/4.0 Chrome/140.0.7339.207 Mobile Safari/537.36 GoogleApp/16.41.36.ve.arm64"
2001:1670:1a:5f66:fe1:6f5d:e1c2:c95f - - [19/Oct/2025:08:35:29 -0400] "GET /wp-content/uploads/cowboy-animated.gif HTTP/1.1" 304 - "https://sexpositions.online/anal/" "Mozilla/5.0 (Linux; Android 10; K) AppleWebKit/537.36 (KHTML, like Gecko) Chrome/141.0.0.0 Mobile Safari/537.36"
2001:1670:1a:5f66:fe1:6f5d:e1c2:c95f - - [19/Oct/2025:08:35:31 -0400] "GET /wp-content/uploads/sideways-animated.gif HTTP/1.1" 304 - "https://sexpositions.online/anal/" "Mozilla/5.0 (Linux; Android 10; K) AppleWebKit/537.36 (KHTML, like Gecko) Chrome/141.0.0.0 Mobile Safari/537.36"
85.208.96.195 - - [19/Oct/2025:08:35:31 -0400] "GET /page/4/?action=repository_opensearch&count=20&index_id=2268&order=17&pn=1 HTTP/1.1" 200 116405 "-" "Mozilla/5.0 (compatible; SemrushBot/7~bl; +http://www.semrush.com/bot.html)"
37.111.193.67 - - [19/Oct/2025:08:35:33 -0400] "GET /easy/ HTTP/1.1" 200 101576 "https://sexpositions.online/advanced/" "Mozilla/5.0 (Windows NT 10.0; Win64; x64) AppleWebKit/537.36 (KHTML, like Gecko) Chrome/141.0.0.0 Safari/537.36"
37.111.193.67 - - [19/Oct/2025:08:35:34 -0400] "GET /wp-content/uploads/easy-rider-animated.gif HTTP/1.1" 304 - "https://sexpositions.online/easy/" "Mozilla/5.0 (Windows NT 10.0; Win64; x64) AppleWebKit/537.36 (KHTML, like Gecko) Chrome/141.0.0.0 Safari/537.36"
37.111.193.67 - - [19/Oct/2025:08:35:34 -0400] "GET /wp-content/uploads/crouching-tiger-animated-1.gif HTTP/1.1" 304 - "https://sexpositions.online/easy/" "Mozilla/5.0 (Windows NT 10.0; Win64; x64) AppleWebKit/537.36 (KHTML, like Gecko) Chrome/141.0.0.0 Safari/537.36"
2001:1670:1a:5f66:fe1:6f5d:e1c2:c95f - - [19/Oct/2025:08:35:34 -0400] "GET /foreplay/ HTTP/1.1" 200 103221 "https://sexpositions.online/anal/" "Mozilla/5.0 (Linux; Android 10; K) AppleWebKit/537.36 (KHTML, like Gecko) Chrome/141.0.0.0 Mobile Safari/537.36"
2603:6010:cef0:1f10:1df7:a516:c443:34c1 - - [19/Oct/2025:08:35:34 -0400] "GET /wp-content/uploads/captain-animated.gif HTTP/1.1" 304 - "https://www.google.com/" "Mozilla/5.0 (iPhone; CPU iPhone OS 18_7 like Mac OS X) AppleWebKit/605.1.15 (KHTML, like Gecko) Version/26.0.1 Mobile/15E148 Safari/604.1"
37.111.193.67 - - [19/Oct/2025:08:35:35 -0400] "GET /wp-content/uploads/table-top-animated-1.gif HTTP/1.1" 304 - "https://sexpositions.online/easy/" "Mozilla/5.0 (Windows NT 10.0; Win64; x64) AppleWebKit/537.36 (KHTML, like Gecko) Chrome/141.0.0.0 Safari/537.36"
2001:1670:1a:5f66:fe1:6f5d:e1c2:c95f - - [19/Oct/2025:08:35:35 -0400] "GET /sitting/ HTTP/1.1" 200 106982 "https://sexpositions.online/anal/" "Mozilla/5.0 (Linux; Android 10; K) AppleWebKit/537.36 (KHTML, like Gecko) Chrome/141.0.0.0 Mobile Safari/537.36"
2001:1670:1a:5f66:fe1:6f5d:e1c2:c95f - - [19/Oct/2025:08:35:36 -0400] "GET /oral/ HTTP/1.1" 200 105341 "https://sexpositions.online/anal/" "Mozilla/5.0 (Linux; Android 10; K) AppleWebKit/537.36 (KHTML, like Gecko) Chrome/141.0.0.0 Mobile Safari/537.36"
37.111.193.67 - - [19/Oct/2025:08:35:37 -0400] "GET /wp-content/uploads/sidewinder-animated-1.gif HTTP/1.1" 304 - "https://sexpositions.online/easy/" "Mozilla/5.0 (Windows NT 10.0; Win64; x64) AppleWebKit/537.36 (KHTML, like Gecko) Chrome/141.0.0.0 Safari/537.36"
2001:1670:1a:5f66:fe1:6f5d:e1c2:c95f - - [19/Oct/2025:08:35:37 -0400] "GET /wp-content/uploads/play-ball-animated.gif HTTP/1.1" 304 - "https://sexpositions.online/oral/" "Mozilla/5.0 (Linux; Android 10; K) AppleWebKit/537.36 (KHTML, like Gecko) Chrome/141.0.0.0 Mobile Safari/537.36"
2001:1670:1a:5f66:fe1:6f5d:e1c2:c95f - - [19/Oct/2025:08:35:37 -0400] "GET /wp-content/uploads/jackhammer-animated.gif HTTP/1.1" 304 - "https://sexpositions.online/oral/" "Mozilla/5.0 (Linux; Android 10; K) AppleWebKit/537.36 (KHTML, like Gecko) Chrome/141.0.0.0 Mobile Safari/537.36"
2001:1670:1a:5f66:fe1:6f5d:e1c2:c95f - - [19/Oct/2025:08:35:37 -0400] "GET /wp-content/uploads/dirty-doggy-animated.gif HTTP/1.1" 304 - "https://sexpositions.online/oral/" "Mozilla/5.0 (Linux; Android 10; K) AppleWebKit/537.36 (KHTML, like Gecko) Chrome/141.0.0.0 Mobile Safari/537.36"
2800:150:152:33e:e141:b644:945b:e21f - - [19/Oct/2025:08:35:37 -0400] "GET /wp-content/uploads/squat-animated.gif HTTP/1.1" 200 223127 "https://www.google.com/" "Mozilla/5.0 (Linux; Android 10; K) AppleWebKit/537.36 (KHTML, like Gecko) Chrome/141.0.0.0 Mobile Safari/537.36 EdgA/141.0.0.0"
37.111.193.67 - - [19/Oct/2025:08:35:37 -0400] "GET /wp-content/uploads/lock-and-load-animated-1.gif HTTP/1.1" 304 - "https://sexpositions.online/easy/" "Mozilla/5.0 (Windows NT 10.0; Win64; x64) AppleWebKit/537.36 (KHTML, like Gecko) Chrome/141.0.0.0 Safari/537.36"
2001:1670:1a:5f66:fe1:6f5d:e1c2:c95f - - [19/Oct/2025:08:35:38 -0400] "GET /wp-content/uploads/reverse-69-animated.gif HTTP/1.1" 304 - "https://sexpositions.online/oral/" "Mozilla/5.0 (Linux; Android 10; K) AppleWebKit/537.36 (KHTML, like Gecko) Chrome/141.0.0.0 Mobile Safari/537.36"
37.111.193.67 - - [19/Oct/2025:08:35:40 -0400] "GET /wp-content/uploads/belly-flop-animated.gif HTTP/1.1" 304 - "https://sexpositions.online/easy/" "Mozilla/5.0 (Windows NT 10.0; Win64; x64) AppleWebKit/537.36 (KHTML, like Gecko) Chrome/141.0.0.0 Safari/537.36"
2001:4dd7:8d58:0:9ec4:e1e:2a5b:cdb2 - - [19/Oct/2025:08:35:40 -0400] "GET /from-behind/ HTTP/1.1" 200 102696 "https://sexpositions.online/doggy-style/" "Mozilla/5.0 (X11; Ubuntu; Linux x86_64; rv:144.0) Gecko/20100101 Firefox/144.0"
2001:1670:1a:5f66:fe1:6f5d:e1c2:c95f - - [19/Oct/2025:08:35:40 -0400] "GET /wp-content/uploads/the-tipster-animated.gif HTTP/1.1" 304 - "https://sexpositions.online/oral/" "Mozilla/5.0 (Linux; Android 10; K) AppleWebKit/537.36 (KHTML, like Gecko) Chrome/141.0.0.0 Mobile Safari/537.36"
2001:1670:1a:5f66:fe1:6f5d:e1c2:c95f - - [19/Oct/2025:08:35:43 -0400] "GET /wp-content/uploads/drivers-seat-animated.gif HTTP/1.1" 304 - "https://sexpositions.online/oral/" "Mozilla/5.0 (Linux; Android 10; K) AppleWebKit/537.36 (KHTML, like Gecko) Chrome/141.0.0.0 Mobile Safari/537.36"
2001:4dd7:8d58:0:9ec4:e1e:2a5b:cdb2 - - [19/Oct/2025:08:35:43 -0400] "GET /oral/blowjob/ HTTP/1.1" 200 103849 "https://sexpositions.online/from-behind/" "Mozilla/5.0 (X11; Ubuntu; Linux x86_64; rv:144.0) Gecko/20100101 Firefox/144.0"
2001:4dd7:8d58:0:9ec4:e1e:2a5b:cdb2 - - [19/Oct/2025:08:35:44 -0400] "GET /wp-content/uploads/sword-swallower-animated.gif HTTP/1.1" 304 - "https://sexpositions.online/oral/blowjob/" "Mozilla/5.0 (X11; Ubuntu; Linux x86_64; rv:144.0) Gecko/20100101 Firefox/144.0"
2001:4dd7:8d58:0:9ec4:e1e:2a5b:cdb2 - - [19/Oct/2025:08:35:44 -0400] "GET /wp-content/uploads/jackhammer-animated.gif HTTP/1.1" 304 - "https://sexpositions.online/oral/blowjob/" "Mozilla/5.0 (X11; Ubuntu; Linux x86_64; rv:144.0) Gecko/20100101 Firefox/144.0"
2001:4dd7:8d58:0:9ec4:e1e:2a5b:cdb2 - - [19/Oct/2025:08:35:44 -0400] "GET /wp-content/uploads/out-of-sight-animated.gif HTTP/1.1" 200 234977 "https://sexpositions.online/oral/blowjob/" "Mozilla/5.0 (X11; Ubuntu; Linux x86_64; rv:144.0) Gecko/20100101 Firefox/144.0"
2001:4dd7:8d58:0:9ec4:e1e:2a5b:cdb2 - - [19/Oct/2025:08:35:47 -0400] "GET /wp-content/uploads/double-dare-animated.gif HTTP/1.1" 200 187539 "https://sexpositions.online/oral/blowjob/" "Mozilla/5.0 (X11; Ubuntu; Linux x86_64; rv:144.0) Gecko/20100101 Firefox/144.0"
2001:1670:1a:5f66:fe1:6f5d:e1c2:c95f - - [19/Oct/2025:08:35:47 -0400] "GET /wp-content/uploads/the-pin-up-animated.gif HTTP/1.1" 304 - "https://sexpositions.online/oral/" "Mozilla/5.0 (Linux; Android 10; K) AppleWebKit/537.36 (KHTML, like Gecko) Chrome/141.0.0.0 Mobile Safari/537.36"
2001:4dd7:8d58:0:9ec4:e1e:2a5b:cdb2 - - [19/Oct/2025:08:35:48 -0400] "GET /wp-content/uploads/up-against-the-wall-animated.gif HTTP/1.1" 200 172610 "https://sexpositions.online/oral/blowjob/" "Mozilla/5.0 (X11; Ubuntu; Linux x86_64; rv:144.0) Gecko/20100101 Firefox/144.0"
2001:4dd7:8d58:0:9ec4:e1e:2a5b:cdb2 - - [19/Oct/2025:08:35:49 -0400] "GET /wp-content/uploads/the-tipster-animated.gif HTTP/1.1" 304 - "https://sexpositions.online/oral/blowjob/" "Mozilla/5.0 (X11; Ubuntu; Linux x86_64; rv:144.0) Gecko/20100101 Firefox/144.0"
2001:4dd7:8d58:0:9ec4:e1e:2a5b:cdb2 - - [19/Oct/2025:08:35:51 -0400] "GET /wp-content/uploads/two-4-one-animated.gif HTTP/1.1" 200 170355 "https://sexpositions.online/oral/blowjob/" "Mozilla/5.0 (X11; Ubuntu; Linux x86_64; rv:144.0) Gecko/20100101 Firefox/144.0"
2001:1670:1a:5f66:fe1:6f5d:e1c2:c95f - - [19/Oct/2025:08:35:51 -0400] "GET /wp-content/uploads/worlds-strongest-animated.gif HTTP/1.1" 304 - "https://sexpositions.online/oral/" "Mozilla/5.0 (Linux; Android 10; K) AppleWebKit/537.36 (KHTML, like Gecko) Chrome/141.0.0.0 Mobile Safari/537.36"
2001:4dd7:8d58:0:9ec4:e1e:2a5b:cdb2 - - [19/Oct/2025:08:35:52 -0400] "GET /wp-content/uploads/the-chin-rest-animated.gif HTTP/1.1" 200 182016 "https://sexpositions.online/oral/blowjob/" "Mozilla/5.0 (X11; Ubuntu; Linux x86_64; rv:144.0) Gecko/20100101 Firefox/144.0"
2001:4dd7:8d58:0:9ec4:e1e:2a5b:cdb2 - - [19/Oct/2025:08:35:54 -0400] "GET /wp-content/uploads/play-ball-animated.gif HTTP/1.1" 304 - "https://sexpositions.online/oral/blowjob/" "Mozilla/5.0 (X11; Ubuntu; Linux x86_64; rv:144.0) Gecko/20100101 Firefox/144.0"
2001:1670:1a:5f66:fe1:6f5d:e1c2:c95f - - [19/Oct/2025:08:35:55 -0400] "GET /wp-content/uploads/the-rocker-animated.gif HTTP/1.1" 304 - "https://sexpositions.online/oral/" "Mozilla/5.0 (Linux; Android 10; K) AppleWebKit/537.36 (KHTML, like Gecko) Chrome/141.0.0.0 Mobile Safari/537.36"
2001:1670:1a:5f66:fe1:6f5d:e1c2:c95f - - [19/Oct/2025:08:35:56 -0400] "GET /wp-content/uploads/sword-swallower-animated.gif HTTP/1.1" 304 - "https://sexpositions.online/oral/" "Mozilla/5.0 (Linux; Android 10; K) AppleWebKit/537.36 (KHTML, like Gecko) Chrome/141.0.0.0 Mobile Safari/537.36"
2001:1670:1a:5f66:fe1:6f5d:e1c2:c95f - - [19/Oct/2025:08:35:57 -0400] "GET /wp-content/uploads/evolved-dog-animated.gif HTTP/1.1" 304 - "https://sexpositions.online/oral/" "Mozilla/5.0 (Linux; Android 10; K) AppleWebKit/537.36 (KHTML, like Gecko) Chrome/141.0.0.0 Mobile Safari/537.36"
102.23.96.21 - - [19/Oct/2025:08:35:57 -0400] "GET / HTTP/1.1" 200 125069 "https://www.google.com/" "Mozilla/5.0 (Linux; U; Android 11; Infinix X6511G Build/RP1A.200720.011; wv) AppleWebKit/537.36 (KHTML, like Gecko) Version/4.0 Chrome/141.0.7390.97 Mobile Safari/537.36 OPR/71.0.2254.67211"
80.191.142.196 - - [19/Oct/2025:08:36:03 -0400] "GET /wp-content/uploads/on-the-edge-animated-1.gif HTTP/1.1" 200 228779 "https://www.google.com/" "Mozilla/5.0 (Linux; Android 10; K) AppleWebKit/537.36 (KHTML, like Gecko) Chrome/141.0.0.0 Mobile Safari/537.36"
109.79.163.200 - - [19/Oct/2025:08:36:04 -0400] "GET /wp-content/uploads/sinkhole-animated.gif HTTP/1.1" 304 - "https://www.google.com/" "Mozilla/5.0 (iPhone; CPU iPhone OS 18_6_2 like Mac OS X) AppleWebKit/605.1.15 (KHTML, like Gecko) Version/18.6 Mobile/15E148 Safari/604.1"
2001:4dd7:8d58:0:9ec4:e1e:2a5b:cdb2 - - [19/Oct/2025:08:36:08 -0400] "GET / HTTP/1.1" 200 125058 "https://sexpositions.online/oral/blowjob/" "Mozilla/5.0 (X11; Ubuntu; Linux x86_64; rv:144.0) Gecko/20100101 Firefox/144.0"
85.208.96.211 - - [19/Oct/2025:08:36:10 -0400] "GET /page/26/?action=repository_opensearch&count=20&index_id=107&order=17&pn=1 HTTP/1.1" 200 115894 "-" "Mozilla/5.0 (compatible; SemrushBot/7~bl; +http://www.semrush.com/bot.html)"
185.191.171.13 - - [19/Oct/2025:08:36:16 -0400] "GET /page/22/?action=repository_opensearch&count=20&index_id=2234&order=17&pn=1 HTTP/1.1" 200 116308 "-" "Mozilla/5.0 (compatible; SemrushBot/7~bl; +http://www.semrush.com/bot.html)"
2001:4dd7:8d58:0:9ec4:e1e:2a5b:cdb2 - - [19/Oct/2025:08:36:20 -0400] "GET /foreplay/ HTTP/1.1" 200 103210 "https://sexpositions.online/" "Mozilla/5.0 (X11; Ubuntu; Linux x86_64; rv:144.0) Gecko/20100101 Firefox/144.0"
205.198.68.127 - - [19/Oct/2025:08:36:20 -0400] "GET /wp-content/uploads/body-booster-animated.gif HTTP/1.1" 304 - "https://sexpositions.online/from-behind/" "Mozilla/5.0 (Windows NT 10.0; Win64; x64) AppleWebKit/537.36 (KHTML, like Gecko) Chrome/141.0.0.0 Safari/537.36"
2001:4dd7:8d58:0:9ec4:e1e:2a5b:cdb2 - - [19/Oct/2025:08:36:21 -0400] "GET /wp-content/uploads/ladies-first-animated.gif HTTP/1.1" 304 - "https://sexpositions.online/foreplay/" "Mozilla/5.0 (X11; Ubuntu; Linux x86_64; rv:144.0) Gecko/20100101 Firefox/144.0"
2001:4dd7:8d58:0:9ec4:e1e:2a5b:cdb2 - - [19/Oct/2025:08:36:21 -0400] "GET /wp-content/uploads/hold-the-pickle-animated.gif HTTP/1.1" 304 - "https://sexpositions.online/foreplay/" "Mozilla/5.0 (X11; Ubuntu; Linux x86_64; rv:144.0) Gecko/20100101 Firefox/144.0"
205.198.68.127 - - [19/Oct/2025:08:36:20 -0400] "GET /wp-content/uploads/sleeping-beauty-animated.gif HTTP/1.1" 200 218192 "https://sexpositions.online/from-behind/" "Mozilla/5.0 (Windows NT 10.0; Win64; x64) AppleWebKit/537.36 (KHTML, like Gecko) Chrome/141.0.0.0 Safari/537.36"
2001:4dd7:8d58:0:9ec4:e1e:2a5b:cdb2 - - [19/Oct/2025:08:36:21 -0400] "GET /wp-content/uploads/lady-in-waiting-animated.gif HTTP/1.1" 200 197086 "https://sexpositions.online/foreplay/" "Mozilla/5.0 (X11; Ubuntu; Linux x86_64; rv:144.0) Gecko/20100101 Firefox/144.0"
102.23.96.19 - - [19/Oct/2025:08:36:21 -0400] "GET /wp-content/uploads/cropped-favicon-32x32.png HTTP/1.1" 304 - "https://sexpositions.online/" "Mozilla/5.0 (Linux; U; Android 11; Infinix X6511G Build/RP1A.200720.011; wv) AppleWebKit/537.36 (KHTML, like Gecko) Version/4.0 Chrome/141.0.7390.97 Mobile Safari/537.36 OPR/71.0.2254.67211"
205.198.68.127 - - [19/Oct/2025:08:36:25 -0400] "GET /ceo/ HTTP/1.1" 200 98208 "https://sexpositions.online/from-behind/" "Mozilla/5.0 (Windows NT 10.0; Win64; x64) AppleWebKit/537.36 (KHTML, like Gecko) Chrome/141.0.0.0 Safari/537.36"
2001:4dd7:8d58:0:9ec4:e1e:2a5b:cdb2 - - [19/Oct/2025:08:36:26 -0400] "GET /wp-content/uploads/all-hands-on-deck-animated.gif HTTP/1.1" 304 - "https://sexpositions.online/foreplay/" "Mozilla/5.0 (X11; Ubuntu; Linux x86_64; rv:144.0) Gecko/20100101 Firefox/144.0"
37.111.193.67 - - [19/Oct/2025:08:36:27 -0400] "GET /belly-flop/ HTTP/1.1" 200 98001 "https://sexpositions.online/easy/" "Mozilla/5.0 (Windows NT 10.0; Win64; x64) AppleWebKit/537.36 (KHTML, like Gecko) Chrome/141.0.0.0 Safari/537.36"
2001:4dd7:8d58:0:9ec4:e1e:2a5b:cdb2 - - [19/Oct/2025:08:36:29 -0400] "GET /wp-content/uploads/happy-hands-animated.gif HTTP/1.1" 200 235832 "https://sexpositions.online/foreplay/" "Mozilla/5.0 (X11; Ubuntu; Linux x86_64; rv:144.0) Gecko/20100101 Firefox/144.0"
52.167.144.150 - - [19/Oct/2025:08:36:31 -0400] "GET /?s=08kktv+com%E6%9C%80%E6%96%B0%E6%9B%B4%E6%96%B0 HTTP/1.1" 200 96528 "-" "Mozilla/5.0 AppleWebKit/537.36 (KHTML, like Gecko; compatible; bingbot/2.0; +http://www.bing.com/bingbot.htm) Chrome/116.0.1938.76 Safari/537.36"
2001:4dd7:8d58:0:9ec4:e1e:2a5b:cdb2 - - [19/Oct/2025:08:36:31 -0400] "GET /wp-content/uploads/the-vibe-animated.gif HTTP/1.1" 304 - "https://sexpositions.online/foreplay/" "Mozilla/5.0 (X11; Ubuntu; Linux x86_64; rv:144.0) Gecko/20100101 Firefox/144.0"
2001:4dd7:8d58:0:9ec4:e1e:2a5b:cdb2 - - [19/Oct/2025:08:36:33 -0400] "GET /wp-content/uploads/good-vibrations-animated.gif HTTP/1.1" 304 - "https://sexpositions.online/foreplay/" "Mozilla/5.0 (X11; Ubuntu; Linux x86_64; rv:144.0) Gecko/20100101 Firefox/144.0"
2001:4dd7:8d58:0:9ec4:e1e:2a5b:cdb2 - - [19/Oct/2025:08:36:34 -0400] "GET /wp-content/uploads/footsie-animated.gif HTTP/1.1" 304 - "https://sexpositions.online/foreplay/" "Mozilla/5.0 (X11; Ubuntu; Linux x86_64; rv:144.0) Gecko/20100101 Firefox/144.0"
37.111.193.67 - - [19/Oct/2025:08:36:35 -0400] "GET /foreplay/ HTTP/1.1" 200 103210 "https://sexpositions.online/belly-flop/" "Mozilla/5.0 (Windows NT 10.0; Win64; x64) AppleWebKit/537.36 (KHTML, like Gecko) Chrome/141.0.0.0 Safari/537.36"
37.111.193.67 - - [19/Oct/2025:08:36:35 -0400] "GET /wp-content/uploads/lady-in-waiting-animated.gif HTTP/1.1" 304 - "https://sexpositions.online/foreplay/" "Mozilla/5.0 (Windows NT 10.0; Win64; x64) AppleWebKit/537.36 (KHTML, like Gecko) Chrome/141.0.0.0 Safari/537.36"
37.111.193.67 - - [19/Oct/2025:08:36:35 -0400] "GET /wp-content/uploads/hold-the-pickle-animated.gif HTTP/1.1" 304 - "https://sexpositions.online/foreplay/" "Mozilla/5.0 (Windows NT 10.0; Win64; x64) AppleWebKit/537.36 (KHTML, like Gecko) Chrome/141.0.0.0 Safari/537.36"
37.111.193.67 - - [19/Oct/2025:08:36:35 -0400] "GET /wp-content/uploads/ladies-first-animated.gif HTTP/1.1" 200 227169 "https://sexpositions.online/foreplay/" "Mozilla/5.0 (Windows NT 10.0; Win64; x64) AppleWebKit/537.36 (KHTML, like Gecko) Chrome/141.0.0.0 Safari/537.36"
2001:4dd7:8d58:0:9ec4:e1e:2a5b:cdb2 - - [19/Oct/2025:08:36:36 -0400] "GET /wp-content/uploads/love-bug-animated.gif HTTP/1.1" 304 - "https://sexpositions.online/foreplay/" "Mozilla/5.0 (X11; Ubuntu; Linux x86_64; rv:144.0) Gecko/20100101 Firefox/144.0"
37.111.193.67 - - [19/Oct/2025:08:36:38 -0400] "GET /wp-content/uploads/all-hands-on-deck-animated.gif HTTP/1.1" 200 236622 "https://sexpositions.online/foreplay/" "Mozilla/5.0 (Windows NT 10.0; Win64; x64) AppleWebKit/537.36 (KHTML, like Gecko) Chrome/141.0.0.0 Safari/537.36"
37.111.193.67 - - [19/Oct/2025:08:36:42 -0400] "GET /wp-content/uploads/happy-hands-animated.gif HTTP/1.1" 304 - "https://sexpositions.online/foreplay/" "Mozilla/5.0 (Windows NT 10.0; Win64; x64) AppleWebKit/537.36 (KHTML, like Gecko) Chrome/141.0.0.0 Safari/537.36"
205.198.68.127 - - [19/Oct/2025:08:36:42 -0400] "GET /wp-content/uploads/ladies-choice-animated.gif HTTP/1.1" 304 - "https://sexpositions.online/from-behind/" "Mozilla/5.0 (Windows NT 10.0; Win64; x64) AppleWebKit/537.36 (KHTML, like Gecko) Chrome/141.0.0.0 Safari/537.36"
37.111.193.67 - - [19/Oct/2025:08:36:42 -0400] "GET /wp-content/uploads/the-vibe-animated.gif HTTP/1.1" 304 - "https://sexpositions.online/foreplay/" "Mozilla/5.0 (Windows NT 10.0; Win64; x64) AppleWebKit/537.36 (KHTML, like Gecko) Chrome/141.0.0.0 Safari/537.36"
2001:4dd7:8d58:0:9ec4:e1e:2a5b:cdb2 - - [19/Oct/2025:08:36:45 -0400] "GET / HTTP/1.1" 200 125058 "https://sexpositions.online/foreplay/" "Mozilla/5.0 (X11; Ubuntu; Linux x86_64; rv:144.0) Gecko/20100101 Firefox/144.0"
205.198.68.127 - - [19/Oct/2025:08:36:46 -0400] "GET /sleeping-beauty/ HTTP/1.1" 200 98067 "https://sexpositions.online/from-behind/" "Mozilla/5.0 (Windows NT 10.0; Win64; x64) AppleWebKit/537.36 (KHTML, like Gecko) Chrome/141.0.0.0 Safari/537.36"
37.111.193.67 - - [19/Oct/2025:08:36:47 -0400] "GET /wp-content/uploads/good-vibrations-animated.gif HTTP/1.1" 304 - "https://sexpositions.online/foreplay/" "Mozilla/5.0 (Windows NT 10.0; Win64; x64) AppleWebKit/537.36 (KHTML, like Gecko) Chrome/141.0.0.0 Safari/537.36"
37.111.193.67 - - [19/Oct/2025:08:36:48 -0400] "GET /wp-content/uploads/footsie-animated.gif HTTP/1.1" 304 - "https://sexpositions.online/foreplay/" "Mozilla/5.0 (Windows NT 10.0; Win64; x64) AppleWebKit/537.36 (KHTML, like Gecko) Chrome/141.0.0.0 Safari/537.36"
2001:4dd7:8d58:0:9ec4:e1e:2a5b:cdb2 - - [19/Oct/2025:08:36:49 -0400] "GET /anal/ HTTP/1.1" 200 107927 "https://sexpositions.online/" "Mozilla/5.0 (X11; Ubuntu; Linux x86_64; rv:144.0) Gecko/20100101 Firefox/144.0"
117.243.130.70 - - [19/Oct/2025:08:36:52 -0400] "GET /wp-content/uploads/cowgirl-animated.gif HTTP/1.1" 304 - "https://www.google.com/" "Mozilla/5.0 (iPhone; CPU iPhone OS 18_5 like Mac OS X) AppleWebKit/605.1.15 (KHTML, like Gecko) Version/18.5 Mobile/15E148 Safari/604.1"
2001:4dd7:8d58:0:9ec4:e1e:2a5b:cdb2 - - [19/Oct/2025:08:36:52 -0400] "GET /wp-content/uploads/cowboy-animated.gif HTTP/1.1" 304 - "https://sexpositions.online/anal/" "Mozilla/5.0 (X11; Ubuntu; Linux x86_64; rv:144.0) Gecko/20100101 Firefox/144.0"
2001:4dd7:8d58:0:9ec4:e1e:2a5b:cdb2 - - [19/Oct/2025:08:36:53 -0400] "GET /wp-content/uploads/sideways-animated.gif HTTP/1.1" 304 - "https://sexpositions.online/anal/" "Mozilla/5.0 (X11; Ubuntu; Linux x86_64; rv:144.0) Gecko/20100101 Firefox/144.0"
2001:4dd7:8d58:0:9ec4:e1e:2a5b:cdb2 - - [19/Oct/2025:08:36:54 -0400] "GET /wp-content/uploads/the-crab-animated.gif HTTP/1.1" 304 - "https://sexpositions.online/anal/" "Mozilla/5.0 (X11; Ubuntu; Linux x86_64; rv:144.0) Gecko/20100101 Firefox/144.0"
2001:4dd7:8d58:0:9ec4:e1e:2a5b:cdb2 - - [19/Oct/2025:08:36:55 -0400] "GET /wp-content/uploads/anvil-animated.gif HTTP/1.1" 304 - "https://sexpositions.online/anal/" "Mozilla/5.0 (X11; Ubuntu; Linux x86_64; rv:144.0) Gecko/20100101 Firefox/144.0"
2001:4dd7:8d58:0:9ec4:e1e:2a5b:cdb2 - - [19/Oct/2025:08:36:56 -0400] "GET /wp-content/uploads/prone-bone-animated.gif HTTP/1.1" 304 - "https://sexpositions.online/anal/" "Mozilla/5.0 (X11; Ubuntu; Linux x86_64; rv:144.0) Gecko/20100101 Firefox/144.0"
2001:4dd7:8d58:0:9ec4:e1e:2a5b:cdb2 - - [19/Oct/2025:08:36:56 -0400] "GET /wp-content/uploads/legs-up-animated.gif HTTP/1.1" 304 - "https://sexpositions.online/anal/" "Mozilla/5.0 (X11; Ubuntu; Linux x86_64; rv:144.0) Gecko/20100101 Firefox/144.0"
80.191.142.196 - - [19/Oct/2025:08:36:58 -0400] "GET /wp-content/uploads/pretzel-animated.gif HTTP/1.1" 304 - "https://www.google.com/" "Mozilla/5.0 (Linux; Android 10; K) AppleWebKit/537.36 (KHTML, like Gecko) Chrome/141.0.0.0 Mobile Safari/537.36"
37.238.192.20 - - [19/Oct/2025:08:36:58 -0400] "GET /wp-content/uploads/highway-to-heaven-animated.gif HTTP/1.1" 304 - "https://www.google.com/" "Mozilla/5.0 (Linux; Android 14; 2409BRN2CA Build/UP1A.231005.007; wv) AppleWebKit/537.36 (KHTML, like Gecko) Version/4.0 Chrome/141.0.7390.97 Mobile Safari/537.36 GoogleApp/16.41.36.ve.arm64"
37.111.193.67 - - [19/Oct/2025:08:37:03 -0400] "GET / HTTP/1.1" 200 125058 "https://sexpositions.online/foreplay/" "Mozilla/5.0 (Windows NT 10.0; Win64; x64) AppleWebKit/537.36 (KHTML, like Gecko) Chrome/141.0.0.0 Safari/537.36"
2001:4dd7:8d58:0:9ec4:e1e:2a5b:cdb2 - - [19/Oct/2025:08:37:05 -0400] "GET /wp-content/uploads/deep-impact-animated.gif HTTP/1.1" 304 - "https://sexpositions.online/anal/" "Mozilla/5.0 (X11; Ubuntu; Linux x86_64; rv:144.0) Gecko/20100101 Firefox/144.0"
2001:4dd7:8d58:0:9ec4:e1e:2a5b:cdb2 - - [19/Oct/2025:08:37:05 -0400] "GET /wp-content/uploads/launch-pad-animated-2.gif HTTP/1.1" 304 - "https://sexpositions.online/anal/" "Mozilla/5.0 (X11; Ubuntu; Linux x86_64; rv:144.0) Gecko/20100101 Firefox/144.0"
102.23.96.21 - - [19/Oct/2025:08:37:05 -0400] "GET /oral/69-ing/ HTTP/1.1" 200 102598 "https://sexpositions.online/" "Mozilla/5.0 (Linux; Android 11; Infinix X6511G Build/RP1A.200720.011; wv) AppleWebKit/537.36 (KHTML, like Gecko) Version/4.0 Chrome/141.0.7390.97 Mobile Safari/537.36"
2001:4dd7:8d58:0:9ec4:e1e:2a5b:cdb2 - - [19/Oct/2025:08:37:06 -0400] "GET /wp-content/uploads/the-corkscrew-animated.gif HTTP/1.1" 304 - "https://sexpositions.online/anal/" "Mozilla/5.0 (X11; Ubuntu; Linux x86_64; rv:144.0) Gecko/20100101 Firefox/144.0"
102.23.96.8 - - [19/Oct/2025:08:37:08 -0400] "GET /wp-content/uploads/handy-69-animated.gif HTTP/1.1" 304 - "https://sexpositions.online/oral/69-ing/" "Mozilla/5.0 (Linux; U; Android 11; Infinix X6511G Build/RP1A.200720.011; wv) AppleWebKit/537.36 (KHTML, like Gecko) Version/4.0 Chrome/141.0.7390.97 Mobile Safari/537.36 OPR/71.0.2254.67211"
102.23.96.21 - - [19/Oct/2025:08:37:07 -0400] "GET /wp-content/uploads/lazy-69-animated.gif HTTP/1.1" 200 217546 "https://sexpositions.online/oral/69-ing/" "Mozilla/5.0 (Linux; U; Android 11; Infinix X6511G Build/RP1A.200720.011; wv) AppleWebKit/537.36 (KHTML, like Gecko) Version/4.0 Chrome/141.0.7390.97 Mobile Safari/537.36 OPR/71.0.2254.67211"
102.23.96.21 - - [19/Oct/2025:08:37:10 -0400] "GET /wp-content/uploads/reverse-69-back-animated.gif HTTP/1.1" 304 - "https://sexpositions.online/oral/69-ing/" "Mozilla/5.0 (Linux; U; Android 11; Infinix X6511G Build/RP1A.200720.011; wv) AppleWebKit/537.36 (KHTML, like Gecko) Version/4.0 Chrome/141.0.7390.97 Mobile Safari/537.36 OPR/71.0.2254.67211"
2001:4dd7:8d58:0:9ec4:e1e:2a5b:cdb2 - - [19/Oct/2025:08:37:11 -0400] "GET /wp-content/uploads/roller-coaster-animated-1.gif HTTP/1.1" 304 - "https://sexpositions.online/anal/" "Mozilla/5.0 (X11; Ubuntu; Linux x86_64; rv:144.0) Gecko/20100101 Firefox/144.0"
97.104.248.8 - - [19/Oct/2025:08:37:11 -0400] "GET /wp-content/uploads/heaven-knows-animated.gif HTTP/1.1" 304 - "https://www.google.com/" "Mozilla/5.0 (iPhone; CPU iPhone OS 18_7 like Mac OS X) AppleWebKit/605.1.15 (KHTML, like Gecko) Version/26.0.1 Mobile/15E148 Safari/604.1"
102.23.96.21 - - [19/Oct/2025:08:37:11 -0400] "GET /wp-content/uploads/worlds-strongest-animated.gif HTTP/1.1" 304 - "https://sexpositions.online/oral/69-ing/" "Mozilla/5.0 (Linux; U; Android 11; Infinix X6511G Build/RP1A.200720.011; wv) AppleWebKit/537.36 (KHTML, like Gecko) Version/4.0 Chrome/141.0.7390.97 Mobile Safari/537.36 OPR/71.0.2254.67211"
102.23.96.21 - - [19/Oct/2025:08:37:19 -0400] "GET /reverse-69/ HTTP/1.1" 200 97862 "https://sexpositions.online/oral/69-ing/" "Mozilla/5.0 (Linux; Android 11; Infinix X6511G Build/RP1A.200720.011; wv) AppleWebKit/537.36 (KHTML, like Gecko) Version/4.0 Chrome/141.0.7390.97 Mobile Safari/537.36"
183.171.68.64 - - [19/Oct/2025:08:37:20 -0400] "GET / HTTP/1.1" 200 125069 "https://www.google.com/" "Mozilla/5.0 (iPhone; CPU iPhone OS 18_2 like Mac OS X) AppleWebKit/605.1.15 (KHTML, like Gecko) Version/18.2 Mobile/15E148 Safari/604.1"
2001:4dd7:8d58:0:9ec4:e1e:2a5b:cdb2 - - [19/Oct/2025:08:37:23 -0400] "GET /oral/cunnilingus/ HTTP/1.1" 200 104742 "https://sexpositions.online/anal/" "Mozilla/5.0 (X11; Ubuntu; Linux x86_64; rv:144.0) Gecko/20100101 Firefox/144.0"
2001:4dd7:8d58:0:9ec4:e1e:2a5b:cdb2 - - [19/Oct/2025:08:37:24 -0400] "GET /wp-content/uploads/the-rocker-animated.gif HTTP/1.1" 304 - "https://sexpositions.online/oral/cunnilingus/" "Mozilla/5.0 (X11; Ubuntu; Linux x86_64; rv:144.0) Gecko/20100101 Firefox/144.0"
2001:4dd7:8d58:0:9ec4:e1e:2a5b:cdb2 - - [19/Oct/2025:08:37:24 -0400] "GET /wp-content/uploads/hula-girl-animated.gif HTTP/1.1" 200 178224 "https://sexpositions.online/oral/cunnilingus/" "Mozilla/5.0 (X11; Ubuntu; Linux x86_64; rv:144.0) Gecko/20100101 Firefox/144.0"
2001:4dd7:8d58:0:9ec4:e1e:2a5b:cdb2 - - [19/Oct/2025:08:37:24 -0400] "GET /wp-content/uploads/back-bend-animated.gif HTTP/1.1" 200 289683 "https://sexpositions.online/oral/cunnilingus/" "Mozilla/5.0 (X11; Ubuntu; Linux x86_64; rv:144.0) Gecko/20100101 Firefox/144.0"
2001:4dd7:8d58:0:9ec4:e1e:2a5b:cdb2 - - [19/Oct/2025:08:37:27 -0400] "GET /wp-content/uploads/the-tumbler-animated.gif HTTP/1.1" 304 - "https://sexpositions.online/oral/cunnilingus/" "Mozilla/5.0 (X11; Ubuntu; Linux x86_64; rv:144.0) Gecko/20100101 Firefox/144.0"
2001:4dd7:8d58:0:9ec4:e1e:2a5b:cdb2 - - [19/Oct/2025:08:37:28 -0400] "GET /wp-content/uploads/the-headlock-animated.gif HTTP/1.1" 200 202338 "https://sexpositions.online/oral/cunnilingus/" "Mozilla/5.0 (X11; Ubuntu; Linux x86_64; rv:144.0) Gecko/20100101 Firefox/144.0"
