2604:3d09:374:4700:93e0:12a0:6b0e:b27f - - [19/Oct/2025:10:03:10 -0400] "GET /wp-content/uploads/turtle-animated.gif HTTP/1.1" 304 - "https://sexpositions.online/doggy-style/" "Mozilla/5.0 (Linux; Android 10; K) AppleWebKit/537.36 (KHTML, like Gecko) Chrome/141.0.0.0 Mobile Safari/537.36"
154.130.250.27 - - [19/Oct/2025:10:03:10 -0400] "GET /wp-content/uploads/straddle-up-animated.gif HTTP/1.1" 200 207911 "https://sexpositions.online/category/position/page/26/" "Mozilla/5.0 (iPhone; CPU iPhone OS 26_0_1 like Mac OS X) AppleWebKit/605.1.15 (KHTML, like Gecko) CriOS/141.0.7390.96 Mobile/15E148 Safari/604.1"
2604:3d09:374:4700:93e0:12a0:6b0e:b27f - - [19/Oct/2025:10:03:11 -0400] "GET /wp-content/uploads/lazy-dog-animated-1.gif HTTP/1.1" 200 199682 "https://sexpositions.online/doggy-style/" "Mozilla/5.0 (Linux; Android 10; K) AppleWebKit/537.36 (KHTML, like Gecko) Chrome/141.0.0.0 Mobile Safari/537.36"
154.130.250.27 - - [19/Oct/2025:10:03:12 -0400] "GET /wp-content/uploads/sweet-seat-animated.gif HTTP/1.1" 304 - "https://sexpositions.online/category/position/page/26/" "Mozilla/5.0 (iPhone; CPU iPhone OS 26_0_1 like Mac OS X) AppleWebKit/605.1.15 (KHTML, like Gecko) CriOS/141.0.7390.96 Mobile/15E148 Safari/604.1"
2400:adc1:1b8:a600:8ccd:a633:d8af:b77a - - [19/Oct/2025:10:03:18 -0400] "GET /wp-content/uploads/cat-animated.gif HTTP/1.1" 304 - "https://www.google.com/" "Mozilla/5.0 (Linux; Android 14; SM-A528B Build/UP1A.231005.007; wv) AppleWebKit/537.36 (KHTML, like Gecko) Version/4.0 Chrome/140.0.7339.207 Mobile Safari/537.36 GoogleApp/16.41.36.ve.arm64"
94.233.240.223 - - [19/Oct/2025:10:03:19 -0400] "GET /wp-content/uploads/the-ball-bob-animated.gif HTTP/1.1" 200 287017 "-" "Dalvik/2.1.0 (Linux; U; Android 15; Infinix X6850 Build/AP3A.240905.015.A2)"
2604:3d09:374:4700:93e0:12a0:6b0e:b27f - - [19/Oct/2025:10:03:20 -0400] "GET /cowgirl/ HTTP/1.1" 200 101897 "https://sexpositions.online/doggy-style/" "Mozilla/5.0 (Linux; Android 10; K) AppleWebKit/537.36 (KHTML, like Gecko) Chrome/141.0.0.0 Mobile Safari/537.36"
2604:3d09:374:4700:93e0:12a0:6b0e:b27f - - [19/Oct/2025:10:03:21 -0400] "GET /wp-content/uploads/cowgirl-animated.gif HTTP/1.1" 304 - "https://sexpositions.online/cowgirl/" "Mozilla/5.0 (Linux; Android 10; K) AppleWebKit/537.36 (KHTML, like Gecko) Chrome/141.0.0.0 Mobile Safari/537.36"
2604:3d09:374:4700:93e0:12a0:6b0e:b27f - - [19/Oct/2025:10:03:22 -0400] "GET /wp-content/uploads/face-to-face-animated.gif HTTP/1.1" 304 - "https://sexpositions.online/cowgirl/" "Mozilla/5.0 (Linux; Android 10; K) AppleWebKit/537.36 (KHTML, like Gecko) Chrome/141.0.0.0 Mobile Safari/537.36"
2604:3d09:374:4700:93e0:12a0:6b0e:b27f - - [19/Oct/2025:10:03:24 -0400] "GET /wp-content/uploads/the-sitting-cat-animated.gif HTTP/1.1" 304 - "https://sexpositions.online/cowgirl/" "Mozilla/5.0 (Linux; Android 10; K) AppleWebKit/537.36 (KHTML, like Gecko) Chrome/141.0.0.0 Mobile Safari/537.36"
2604:3d09:374:4700:93e0:12a0:6b0e:b27f - - [19/Oct/2025:10:03:25 -0400] "GET /wp-content/uploads/the-wave-animated.gif HTTP/1.1" 304 - "https://sexpositions.online/cowgirl/" "Mozilla/5.0 (Linux; Android 10; K) AppleWebKit/537.36 (KHTML, like Gecko) Chrome/141.0.0.0 Mobile Safari/537.36"
2604:3d09:374:4700:93e0:12a0:6b0e:b27f - - [19/Oct/2025:10:03:26 -0400] "GET /wp-content/uploads/belly-dancer-animated.gif HTTP/1.1" 304 - "https://sexpositions.online/cowgirl/" "Mozilla/5.0 (Linux; Android 10; K) AppleWebKit/537.36 (KHTML, like Gecko) Chrome/141.0.0.0 Mobile Safari/537.36"
2a04:4e41:2b48:2b3b::a348:2b3b - - [19/Oct/2025:10:03:29 -0400] "GET /wp-content/uploads/the-headlock-animated.gif HTTP/1.1" 304 - "https://www.google.com/" "Mozilla/5.0 (iPhone; CPU iPhone OS 18_6_2 like Mac OS X) AppleWebKit/605.1.15 (KHTML, like Gecko) Version/18.6 Mobile/15E148 Safari/604.1"
2604:3d09:374:4700:93e0:12a0:6b0e:b27f - - [19/Oct/2025:10:03:32 -0400] "GET /helicopter/ HTTP/1.1" 200 99890 "https://sexpositions.online/cowgirl/" "Mozilla/5.0 (Linux; Android 10; K) AppleWebKit/537.36 (KHTML, like Gecko) Chrome/141.0.0.0 Mobile Safari/537.36"
2604:3d09:374:4700:93e0:12a0:6b0e:b27f - - [19/Oct/2025:10:03:34 -0400] "GET /wp-content/uploads/helicopter-animated.gif HTTP/1.1" 304 - "https://sexpositions.online/helicopter/" "Mozilla/5.0 (Linux; Android 10; K) AppleWebKit/537.36 (KHTML, like Gecko) Chrome/141.0.0.0 Mobile Safari/537.36"
2604:3d09:374:4700:93e0:12a0:6b0e:b27f - - [19/Oct/2025:10:03:34 -0400] "GET /wp-content/uploads/airplane-animated.gif HTTP/1.1" 200 252773 "https://sexpositions.online/helicopter/" "Mozilla/5.0 (Linux; Android 10; K) AppleWebKit/537.36 (KHTML, like Gecko) Chrome/141.0.0.0 Mobile Safari/537.36"
2604:3d09:374:4700:93e0:12a0:6b0e:b27f - - [19/Oct/2025:10:03:34 -0400] "GET /wp-content/uploads/starfish-animated.gif HTTP/1.1" 200 216617 "https://sexpositions.online/helicopter/" "Mozilla/5.0 (Linux; Android 10; K) AppleWebKit/537.36 (KHTML, like Gecko) Chrome/141.0.0.0 Mobile Safari/537.36"
2604:3d09:374:4700:93e0:12a0:6b0e:b27f - - [19/Oct/2025:10:03:35 -0400] "GET /wp-content/uploads/the-x-factor-animated-2.gif HTTP/1.1" 304 - "https://sexpositions.online/helicopter/" "Mozilla/5.0 (Linux; Android 10; K) AppleWebKit/537.36 (KHTML, like Gecko) Chrome/141.0.0.0 Mobile Safari/537.36"
52.167.144.145 - - [19/Oct/2025:10:03:36 -0400] "GET /?s=%E3%83%98%E3%82%A4%E3%83%9D%E3%83%BC HTTP/1.1" 200 96478 "-" "Mozilla/5.0 AppleWebKit/537.36 (KHTML, like Gecko; compatible; bingbot/2.0; +http://www.bing.com/bingbot.htm) Chrome/116.0.1938.76 Safari/537.36"
2604:3d09:374:4700:93e0:12a0:6b0e:b27f - - [19/Oct/2025:10:03:40 -0400] "GET /cowgirl/ HTTP/1.1" 200 101897 "https://sexpositions.online/helicopter/" "Mozilla/5.0 (Linux; Android 10; K) AppleWebKit/537.36 (KHTML, like Gecko) Chrome/141.0.0.0 Mobile Safari/537.36"
85.249.20.11 - - [19/Oct/2025:10:04:16 -0400] "GET /wp-content/uploads/a-little-on-the-side-animated.gif HTTP/1.1" 304 - "https://yandex.ru/" "Mozilla/5.0 (iPhone; CPU iPhone OS 16_7_11 like Mac OS X) AppleWebKit/605.1.15 (KHTML, like Gecko) Version/16.0 YaBrowser/25.10.1.709.10 SA/3 Mobile/15E148 Safari/604.1"
85.249.20.11 - - [19/Oct/2025:10:04:16 -0400] "GET /wp-content/uploads/the-bridge-animated.gif HTTP/1.1" 304 - "https://yandex.ru/" "Mozilla/5.0 (iPhone; CPU iPhone OS 16_7_11 like Mac OS X) AppleWebKit/605.1.15 (KHTML, like Gecko) Version/16.0 YaBrowser/25.10.1.709.10 SA/3 Mobile/15E148 Safari/604.1"
52.167.144.145 - - [19/Oct/2025:10:04:28 -0400] "GET /?s=Digimon+Story+Time+Stranger%5Cgamedata HTTP/1.1" 200 96576 "-" "Mozilla/5.0 AppleWebKit/537.36 (KHTML, like Gecko; compatible; bingbot/2.0; +http://www.bing.com/bingbot.htm) Chrome/116.0.1938.76 Safari/537.36"
185.191.171.13 - - [19/Oct/2025:10:04:37 -0400] "GET /page/7/?action=repository_opensearch&count=20&index_id=63&order=17&pn=1 HTTP/1.1" 200 116084 "-" "Mozilla/5.0 (compatible; SemrushBot/7~bl; +http://www.semrush.com/bot.html)"
2604:3d09:374:4700:93e0:12a0:6b0e:b27f - - [19/Oct/2025:10:04:42 -0400] "GET /doggy-style/ HTTP/1.1" 200 102754 "https://sexpositions.online/cowgirl/" "Mozilla/5.0 (Linux; Android 10; K) AppleWebKit/537.36 (KHTML, like Gecko) Chrome/141.0.0.0 Mobile Safari/537.36"
2604:3d09:374:4700:93e0:12a0:6b0e:b27f - - [19/Oct/2025:10:04:46 -0400] "GET /reverse-cowgirl/ HTTP/1.1" 200 98063 "https://sexpositions.online/doggy-style/" "Mozilla/5.0 (Linux; Android 10; K) AppleWebKit/537.36 (KHTML, like Gecko) Chrome/141.0.0.0 Mobile Safari/537.36"
2604:3d09:374:4700:93e0:12a0:6b0e:b27f - - [19/Oct/2025:10:04:48 -0400] "GET /frog/ HTTP/1.1" 200 98182 "https://sexpositions.online/reverse-cowgirl/" "Mozilla/5.0 (Linux; Android 10; K) AppleWebKit/537.36 (KHTML, like Gecko) Chrome/141.0.0.0 Mobile Safari/537.36"
52.167.144.145 - - [19/Oct/2025:10:04:51 -0400] "GET /?s=%E3%83%97%E3%83%AC%E3%83%9F%E3%82%A2%E3%83%97%E3%83%AD+%E9%9F%B3%E3%81%8C%E5%87%BA%E3%81%AA%E3%81%84 HTTP/1.1" 200 96630 "-" "Mozilla/5.0 AppleWebKit/537.36 (KHTML, like Gecko; compatible; bingbot/2.0; +http://www.bing.com/bingbot.htm) Chrome/116.0.1938.76 Safari/537.36"
2604:3d09:374:4700:93e0:12a0:6b0e:b27f - - [19/Oct/2025:10:04:51 -0400] "GET /full-nelson/ HTTP/1.1" 200 98082 "https://sexpositions.online/frog/" "Mozilla/5.0 (Linux; Android 10; K) AppleWebKit/537.36 (KHTML, like Gecko) Chrome/141.0.0.0 Mobile Safari/537.36"
185.191.171.13 - - [19/Oct/2025:10:05:01 -0400] "GET /page/26/?action=repository_opensearch&count=20&index_id=1979&order=17&pn=1 HTTP/1.1" 200 115899 "-" "Mozilla/5.0 (compatible; SemrushBot/7~bl; +http://www.semrush.com/bot.html)"
66.249.64.224 - - [19/Oct/2025:10:05:17 -0400] "GET /spiderman/ HTTP/1.1" 200 98084 "-" "Mozilla/5.0 (Linux; Android 6.0.1; Nexus 5X Build/MMB29P) AppleWebKit/537.36 (KHTML, like Gecko) Chrome/140.0.7339.207 Mobile Safari/537.36 (compatible; Googlebot/2.1; +http://www.google.com/bot.html)"
66.249.64.225 - - [19/Oct/2025:10:05:18 -0400] "GET /robots.txt HTTP/1.1" 200 123 "-" "Mozilla/5.0 (compatible; Googlebot/2.1; +http://www.google.com/bot.html)"
85.140.1.195 - - [19/Oct/2025:10:05:20 -0400] "GET /wp-content/uploads/a-little-on-the-side-animated.gif HTTP/1.1" 304 - "https://yandex.ru/" "Mozilla/5.0 (iPhone; CPU iPhone OS 18_5 like Mac OS X) AppleWebKit/605.1.15 (KHTML, like Gecko) Version/18.5 Mobile/15E148 Safari/604.1"
85.140.1.195 - - [19/Oct/2025:10:05:34 -0400] "GET /wp-content/uploads/the-spotter-animated.gif HTTP/1.1" 304 - "https://yandex.ru/" "Mozilla/5.0 (iPhone; CPU iPhone OS 18_5 like Mac OS X) AppleWebKit/605.1.15 (KHTML, like Gecko) Version/18.5 Mobile/15E148 Safari/604.1"
40.77.167.155 - - [19/Oct/2025:10:05:39 -0400] "GET /list913764.html HTTP/1.1" 200 95107 "-" "Mozilla/5.0 AppleWebKit/537.36 (KHTML, like Gecko; compatible; bingbot/2.0; +http://www.bing.com/bingbot.htm) Chrome/116.0.1938.76 Safari/537.36"
52.167.144.145 - - [19/Oct/2025:10:05:53 -0400] "GET /?s=%E6%AD%A6%E6%B1%89%E5%B8%82%E5%86%A0%E5%86%9B%E8%B5%9B HTTP/1.1" 200 96520 "-" "Mozilla/5.0 AppleWebKit/537.36 (KHTML, like Gecko; compatible; bingbot/2.0; +http://www.bing.com/bingbot.htm) Chrome/116.0.1938.76 Safari/537.36"
107.115.180.120 - - [19/Oct/2025:10:06:06 -0400] "GET /wp-content/uploads/launch-pad-animated-2.gif HTTP/1.1" 304 - "https://www.hotzxgirl.com/" "Mozilla/5.0 (iPhone; CPU iPhone OS 18_6_2 like Mac OS X) AppleWebKit/605.1.15 (KHTML, like Gecko) Version/18.6 Mobile/15E148 Safari/604.1"
185.117.149.193 - - [19/Oct/2025:10:06:09 -0400] "GET /wp-content/uploads/a-little-on-the-side-animated.gif HTTP/1.1" 200 226162 "https://yandex.ru/" "Mozilla/5.0 (iPhone; CPU iPhone OS 18_6 like Mac OS X) AppleWebKit/605.1.15 (KHTML, like Gecko) Mobile/15E148 YaBrowser/25.10.1.710.10 YaApp_iOS/2510.1 YaApp_iOS_Search/2510.1 TA/2.1 webVert webOmni Safari/604.1 SA/3"
40.77.167.155 - - [19/Oct/2025:10:06:13 -0400] "GET /crouching-tiger/ HTTP/1.1" 200 98082 "-" "Mozilla/5.0 AppleWebKit/537.36 (KHTML, like Gecko; compatible; bingbot/2.0; +http://www.bing.com/bingbot.htm) Chrome/116.0.1938.76 Safari/537.36"
2409:40e0:1000:e251:182a:51ff:fede:7942 - - [19/Oct/2025:10:06:19 -0400] "GET /wp-content/uploads/the-flat-back-animated.gif HTTP/1.1" 304 - "https://www.google.com/" "Mozilla/5.0 (Linux; Android 15; RMX3987 Build/AP3A.240617.008; wv) AppleWebKit/537.36 (KHTML, like Gecko) Version/4.0 Chrome/140.0.7339.209 Mobile Safari/537.36 GoogleApp/16.41.36.ve.arm64"
2409:40e0:1000:e251:182a:51ff:fede:7942 - - [19/Oct/2025:10:06:29 -0400] "GET /wp-content/uploads/the-headlock-animated.gif HTTP/1.1" 304 - "https://www.google.com/" "Mozilla/5.0 (Linux; Android 15; RMX3987 Build/AP3A.240617.008; wv) AppleWebKit/537.36 (KHTML, like Gecko) Version/4.0 Chrome/140.0.7339.209 Mobile Safari/537.36 GoogleApp/16.41.36.ve.arm64"
105.235.131.186 - - [19/Oct/2025:10:06:29 -0400] "GET /wp-content/uploads/pretzel-animated.gif HTTP/1.1" 200 227672 "https://www.google.com/" "Mozilla/5.0 (Linux; Android 10; K) AppleWebKit/537.36 (KHTML, like Gecko) Chrome/137.0.0.0 Mobile Safari/537.36"
2401:4900:7e47:d9fe:f00d:70e8:72e8:7ce6 - - [19/Oct/2025:10:06:32 -0400] "GET /wp-content/uploads/table-top-animated-1.gif HTTP/1.1" 304 - "https://www.google.com/" "Mozilla/5.0 (iPhone; CPU iPhone OS 26_1_0 like Mac OS X) AppleWebKit/605.1.15 (KHTML, like Gecko) CriOS/141.0.7390.69 Mobile/15E148 Safari/604.1"
185.191.171.16 - - [19/Oct/2025:10:06:35 -0400] "GET /page/18/?action=repository_opensearch&count=20&index_id=354&order=17&pn=1 HTTP/1.1" 200 116240 "-" "Mozilla/5.0 (compatible; SemrushBot/7~bl; +http://www.semrush.com/bot.html)"
2401:4900:7e47:d9fe:f00d:70e8:72e8:7ce6 - - [19/Oct/2025:10:06:35 -0400] "GET /wp-content/uploads/table-top-animated-1.gif HTTP/1.1" 200 233801 "https://www.google.com/" "Mozilla/5.0 (iPhone; CPU iPhone OS 26_1_0 like Mac OS X) AppleWebKit/605.1.15 (KHTML, like Gecko) CriOS/141.0.7390.69 Mobile/15E148 Safari/604.1"
46.61.242.169 - - [19/Oct/2025:10:06:39 -0400] "GET /wp-content/uploads/on-the-edge-animated-1.gif HTTP/1.1" 304 - "https://yandex.ru/" "Mozilla/5.0 (iPhone; CPU iPhone OS 18_6_2 like Mac OS X) AppleWebKit/605.1.15 (KHTML, like Gecko) Version/18.6 Mobile/15E148 Safari/604.1"
105.190.162.66 - - [19/Oct/2025:10:06:39 -0400] "GET /buckin-bronco/ HTTP/1.1" 200 98066 "https://www.google.com/" "Mozilla/5.0 (Linux; Android 10; K) AppleWebKit/537.36 (KHTML, like Gecko) Chrome/134.0.0.0 Mobile Safari/537.36"
105.190.162.66 - - [19/Oct/2025:10:06:40 -0400] "GET /wp-content/uploads/buckin-bronco-animated.gif HTTP/1.1" 304 - "https://sexpositions.online/buckin-bronco/" "Mozilla/5.0 (Linux; Android 10; K) AppleWebKit/537.36 (KHTML, like Gecko) Chrome/134.0.0.0 Mobile Safari/537.36"
103.25.248.89 - - [19/Oct/2025:10:06:44 -0400] "GET /wp-content/uploads/doggy-style-animated.gif HTTP/1.1" 304 - "https://www.google.com/" "Mozilla/5.0 (Linux; Android 13; V2058 Build/TP1A.220624.014; wv) AppleWebKit/537.36 (KHTML, like Gecko) Version/4.0 Chrome/140.0.7339.208 Mobile Safari/537.36 GoogleApp/16.38.63.ve.arm64"
192.0.116.146 - - [19/Oct/2025:10:06:45 -0400] "GET /wp-content/uploads/handy-69-animated.gif HTTP/1.1" 200 188964 "-" "Photon/1.0"
197.63.180.223 - - [19/Oct/2025:10:06:49 -0400] "GET /oral/69-ing/ HTTP/1.1" 200 102598 "https://www.google.com/" "Mozilla/5.0 (Linux; Android 10; K) AppleWebKit/537.36 (KHTML, like Gecko) Chrome/141.0.0.0 Mobile Safari/537.36"
197.63.180.223 - - [19/Oct/2025:10:06:50 -0400] "GET /wp-content/uploads/sweet-seat-animated.gif HTTP/1.1" 304 - "https://sexpositions.online/oral/69-ing/" "Mozilla/5.0 (Linux; Android 10; K) AppleWebKit/537.36 (KHTML, like Gecko) Chrome/141.0.0.0 Mobile Safari/537.36"
197.63.180.223 - - [19/Oct/2025:10:06:52 -0400] "GET /wp-content/uploads/lazy-69-animated.gif HTTP/1.1" 304 - "https://sexpositions.online/oral/69-ing/" "Mozilla/5.0 (Linux; Android 10; K) AppleWebKit/537.36 (KHTML, like Gecko) Chrome/141.0.0.0 Mobile Safari/537.36"
154.121.40.129 - - [19/Oct/2025:10:06:53 -0400] "GET /wp-content/uploads/inside-out-animated.gif HTTP/1.1" 200 210099 "https://www.google.com/" "Mozilla/5.0 (Linux; Android 15; CPH2591 Build/AP3A.240617.008; wv) AppleWebKit/537.36 (KHTML, like Gecko) Version/4.0 Chrome/140.0.7339.207 Mobile Safari/537.36 GoogleApp/16.29.54.ve.arm64"
119.30.39.146 - - [19/Oct/2025:10:06:57 -0400] "GET /wp-content/uploads/reverse-69-animated.gif HTTP/1.1" 304 - "https://www.google.com/" "Mozilla/5.0 (Linux; Android 10; K) AppleWebKit/537.36 (KHTML, like Gecko) Chrome/141.0.0.0 Mobile Safari/537.36"
197.63.180.223 - - [19/Oct/2025:10:06:58 -0400] "GET /wp-content/uploads/handy-69-animated.gif HTTP/1.1" 304 - "https://sexpositions.online/oral/69-ing/" "Mozilla/5.0 (Linux; Android 10; K) AppleWebKit/537.36 (KHTML, like Gecko) Chrome/141.0.0.0 Mobile Safari/537.36"
197.63.180.223 - - [19/Oct/2025:10:06:59 -0400] "GET /sweet-seat/ HTTP/1.1" 200 98006 "https://sexpositions.online/oral/69-ing/" "Mozilla/5.0 (Linux; Android 10; K) AppleWebKit/537.36 (KHTML, like Gecko) Chrome/141.0.0.0 Mobile Safari/537.36"
41.232.236.15 - - [19/Oct/2025:10:07:00 -0400] "GET / HTTP/1.1" 200 125069 "https://www.google.com/" "Mozilla/5.0 (iPhone; CPU iPhone OS 18_6_2 like Mac OS X) AppleWebKit/605.1.15 (KHTML, like Gecko) Version/18.6 Mobile/15E148 Safari/604.1"
2a06:98c0:3600::103 - - [19/Oct/2025:10:07:01 -0400] "GET /wp-content/uploads/butterfly-animated.gif HTTP/1.1" 304 - "-" "Mozilla/5.0 (Windows NT 10.0; Win64; x64; rv:109.0) Gecko/20100101 Firefox/115.0"
2.189.5.142 - - [19/Oct/2025:10:07:03 -0400] "GET / HTTP/1.1" 200 125058 "-" "Mozilla/5.0 (Linux x86_64; rv:115.0) Gecko/20100101 Firefox/115.0"
2.189.5.218 - - [19/Oct/2025:10:07:03 -0400] "GET / HTTP/1.1" 200 125058 "-" "Mozilla/5.0 (X11; Fedora; Linux x86_64; rv:109.0) Gecko/20100101 Firefox/118.0"
125.237.217.186 - - [19/Oct/2025:10:07:12 -0400] "GET /wp-content/uploads/the-crankshaft-animated.gif HTTP/1.1" 200 222631 "https://www.google.com/" "Mozilla/5.0 (Linux; Android 16; SM-S938B Build/BP2A.250605.031.A3; wv) AppleWebKit/537.36 (KHTML, like Gecko) Version/4.0 Chrome/140.0.7339.209 Mobile Safari/537.36 GoogleApp/16.40.23.ve.arm64"
197.63.180.223 - - [19/Oct/2025:10:07:15 -0400] "GET /chair-tryst/ HTTP/1.1" 200 97929 "https://sexpositions.online/oral/69-ing/" "Mozilla/5.0 (Linux; Android 10; K) AppleWebKit/537.36 (KHTML, like Gecko) Chrome/141.0.0.0 Mobile Safari/537.36"
41.232.236.15 - - [19/Oct/2025:10:07:16 -0400] "GET / HTTP/1.1" 200 125069 "https://sexpositions.online/" "Mozilla/5.0 (iPhone; CPU iPhone OS 18_6_2 like Mac OS X) AppleWebKit/605.1.15 (KHTML, like Gecko) Version/18.6 Mobile/15E148 Safari/604.1"
212.47.234.240 - - [19/Oct/2025:10:07:42 -0400] "GET /wp-content/uploads/reverse-the-ride-animated.gif HTTP/1.1" 200 221072 "https://www.google.com/" "Mozilla/5.0 (Linux; Android 10; K) AppleWebKit/537.36 (KHTML, like Gecko) Chrome/141.0.0.0 Mobile Safari/537.36"
40.77.167.155 - - [19/Oct/2025:10:07:48 -0400] "GET /category/position/page/11/ HTTP/1.1" 200 116299 "-" "Mozilla/5.0 AppleWebKit/537.36 (KHTML, like Gecko; compatible; bingbot/2.0; +http://www.bing.com/bingbot.htm) Chrome/116.0.1938.76 Safari/537.36"
125.237.217.186 - - [19/Oct/2025:10:07:51 -0400] "GET /the-crankshaft/ HTTP/1.1" 200 98003 "https://www.google.com/" "Mozilla/5.0 (Linux; Android 10; K) AppleWebKit/537.36 (KHTML, like Gecko) Chrome/141.0.0.0 Mobile Safari/537.36"
125.237.217.186 - - [19/Oct/2025:10:07:52 -0400] "GET /wp-content/themes/astra/assets/css/minified/main.min.css?ver=4.11.12 HTTP/1.1" 304 - "https://sexpositions.online/the-crankshaft/" "Mozilla/5.0 (Linux; Android 10; K) AppleWebKit/537.36 (KHTML, like Gecko) Chrome/141.0.0.0 Mobile Safari/537.36"
41.232.236.15 - - [19/Oct/2025:10:07:52 -0400] "GET /speed-bump/ HTTP/1.1" 200 100392 "https://sexpositions.online/" "Mozilla/5.0 (iPhone; CPU iPhone OS 18_6_2 like Mac OS X) AppleWebKit/605.1.15 (KHTML, like Gecko) Version/18.6 Mobile/15E148 Safari/604.1"
125.237.217.186 - - [19/Oct/2025:10:07:52 -0400] "GET /wp-includes/css/dist/block-library/style.min.css?ver=6.8.3 HTTP/1.1" 304 - "https://sexpositions.online/the-crankshaft/" "Mozilla/5.0 (Linux; Android 10; K) AppleWebKit/537.36 (KHTML, like Gecko) Chrome/141.0.0.0 Mobile Safari/537.36"
125.237.217.186 - - [19/Oct/2025:10:07:52 -0400] "GET /wp-content/themes/astra/assets/js/minified/frontend.min.js?ver=4.11.12 HTTP/1.1" 304 - "https://sexpositions.online/the-crankshaft/" "Mozilla/5.0 (Linux; Android 10; K) AppleWebKit/537.36 (KHTML, like Gecko) Chrome/141.0.0.0 Mobile Safari/537.36"
41.232.236.15 - - [19/Oct/2025:10:07:53 -0400] "GET /wp-content/uploads/prone-bone-animated.gif HTTP/1.1" 304 - "https://sexpositions.online/speed-bump/" "Mozilla/5.0 (iPhone; CPU iPhone OS 18_6_2 like Mac OS X) AppleWebKit/605.1.15 (KHTML, like Gecko) Version/18.6 Mobile/15E148 Safari/604.1"
125.237.217.186 - - [19/Oct/2025:10:07:53 -0400] "GET /wp-content/uploads/cropped-favicon-192x192.png HTTP/1.1" 304 - "https://sexpositions.online/the-crankshaft/" "Mozilla/5.0 (Linux; Android 10; K) AppleWebKit/537.36 (KHTML, like Gecko) Chrome/141.0.0.0 Mobile Safari/537.36"
125.237.217.186 - - [19/Oct/2025:10:07:53 -0400] "GET /wp-content/uploads/cropped-favicon-180x180.png HTTP/1.1" 304 - "https://sexpositions.online/the-crankshaft/" "Mozilla/5.0 (Linux; Android 10; K) AppleWebKit/537.36 (KHTML, like Gecko) Chrome/141.0.0.0 Mobile Safari/537.36"
2003:e3:df39:bd62:6d9f:b44e:4fda:648f - - [19/Oct/2025:10:07:53 -0400] "GET /wp-content/uploads/reverse-cowgirl-animated.gif HTTP/1.1" 304 - "https://www.google.com/" "Mozilla/5.0 (iPhone; CPU iPhone OS 18_6_2 like Mac OS X) AppleWebKit/605.1.15 (KHTML, like Gecko) Version/18.6 Mobile/15E148 Safari/604.1"
185.152.119.85 - - [19/Oct/2025:10:07:53 -0400] "GET /wp-content/uploads/reverse-cowgirl-animated.gif HTTP/1.1" 200 225649 "https://www.google.com/" "Mozilla/5.0 (Linux; Android 16; SM-S918B Build/BP2A.250605.031.A3; wv) AppleWebKit/537.36 (KHTML, like Gecko) Version/4.0 Chrome/140.0.7339.209 Mobile Safari/537.36 GoogleApp/16.41.36.ve.arm64"
185.152.119.85 - - [19/Oct/2025:10:07:54 -0400] "GET /reverse-cowgirl/ HTTP/1.1" 200 98063 "https://www.google.com/" "Mozilla/5.0 (Linux; Android 10; K) AppleWebKit/537.36 (KHTML, like Gecko) Chrome/141.0.0.0 Mobile Safari/537.36"
41.232.236.15 - - [19/Oct/2025:10:07:54 -0400] "GET /wp-content/uploads/lazy-dog-animated-1.gif HTTP/1.1" 304 - "https://sexpositions.online/speed-bump/" "Mozilla/5.0 (iPhone; CPU iPhone OS 18_6_2 like Mac OS X) AppleWebKit/605.1.15 (KHTML, like Gecko) Version/18.6 Mobile/15E148 Safari/604.1"
185.152.119.85 - - [19/Oct/2025:10:07:55 -0400] "GET /wp-content/themes/astra/assets/css/minified/main.min.css?ver=4.11.12 HTTP/1.1" 200 45731 "https://sexpositions.online/reverse-cowgirl/" "Mozilla/5.0 (Linux; Android 10; K) AppleWebKit/537.36 (KHTML, like Gecko) Chrome/141.0.0.0 Mobile Safari/537.36"
185.152.119.85 - - [19/Oct/2025:10:07:55 -0400] "GET /wp-includes/css/dist/block-library/style.min.css?ver=6.8.3 HTTP/1.1" 200 116345 "https://sexpositions.online/reverse-cowgirl/" "Mozilla/5.0 (Linux; Android 10; K) AppleWebKit/537.36 (KHTML, like Gecko) Chrome/141.0.0.0 Mobile Safari/537.36"
185.152.119.85 - - [19/Oct/2025:10:07:55 -0400] "GET /wp-content/themes/astra/assets/js/minified/frontend.min.js?ver=4.11.12 HTTP/1.1" 200 25979 "https://sexpositions.online/reverse-cowgirl/" "Mozilla/5.0 (Linux; Android 10; K) AppleWebKit/537.36 (KHTML, like Gecko) Chrome/141.0.0.0 Mobile Safari/537.36"
41.232.236.15 - - [19/Oct/2025:10:07:55 -0400] "GET /wp-content/uploads/inside-out-animated.gif HTTP/1.1" 304 - "https://sexpositions.online/speed-bump/" "Mozilla/5.0 (iPhone; CPU iPhone OS 18_6_2 like Mac OS X) AppleWebKit/605.1.15 (KHTML, like Gecko) Version/18.6 Mobile/15E148 Safari/604.1"
185.152.119.85 - - [19/Oct/2025:10:07:56 -0400] "GET /wp-content/uploads/cropped-favicon-192x192.png HTTP/1.1" 200 12099 "https://sexpositions.online/reverse-cowgirl/" "Mozilla/5.0 (Linux; Android 10; K) AppleWebKit/537.36 (KHTML, like Gecko) Chrome/141.0.0.0 Mobile Safari/537.36"
185.152.119.85 - - [19/Oct/2025:10:07:56 -0400] "GET /wp-content/uploads/cropped-favicon-180x180.png HTTP/1.1" 200 19086 "https://sexpositions.online/reverse-cowgirl/" "Mozilla/5.0 (Linux; Android 10; K) AppleWebKit/537.36 (KHTML, like Gecko) Chrome/141.0.0.0 Mobile Safari/537.36"
125.237.217.186 - - [19/Oct/2025:10:07:58 -0400] "GET /category/position/ HTTP/1.1" 200 115694 "https://sexpositions.online/the-crankshaft/" "Mozilla/5.0 (Linux; Android 10; K) AppleWebKit/537.36 (KHTML, like Gecko) Chrome/141.0.0.0 Mobile Safari/537.36"
125.237.217.186 - - [19/Oct/2025:10:07:59 -0400] "GET /wp-content/uploads/cowgirl-animated.gif HTTP/1.1" 304 - "https://sexpositions.online/category/position/" "Mozilla/5.0 (Linux; Android 10; K) AppleWebKit/537.36 (KHTML, like Gecko) Chrome/141.0.0.0 Mobile Safari/537.36"
125.237.217.186 - - [19/Oct/2025:10:07:59 -0400] "GET /wp-content/uploads/doggy-style-animated.gif HTTP/1.1" 304 - "https://sexpositions.online/category/position/" "Mozilla/5.0 (Linux; Android 10; K) AppleWebKit/537.36 (KHTML, like Gecko) Chrome/141.0.0.0 Mobile Safari/537.36"
125.237.217.186 - - [19/Oct/2025:10:07:59 -0400] "GET /wp-content/uploads/helicopter-animated.gif HTTP/1.1" 304 - "https://sexpositions.online/category/position/" "Mozilla/5.0 (Linux; Android 10; K) AppleWebKit/537.36 (KHTML, like Gecko) Chrome/141.0.0.0 Mobile Safari/537.36"
125.237.217.186 - - [19/Oct/2025:10:08:00 -0400] "GET /wp-content/uploads/reverse-cowgirl-animated.gif HTTP/1.1" 200 225649 "https://sexpositions.online/category/position/" "Mozilla/5.0 (Linux; Android 10; K) AppleWebKit/537.36 (KHTML, like Gecko) Chrome/141.0.0.0 Mobile Safari/537.36"
105.235.131.186 - - [19/Oct/2025:10:08:00 -0400] "GET /wp-content/uploads/captain-animated.gif HTTP/1.1" 200 219766 "https://www.google.com/" "Mozilla/5.0 (Linux; Android 10; K) AppleWebKit/537.36 (KHTML, like Gecko) Chrome/137.0.0.0 Mobile Safari/537.36"
185.152.119.85 - - [19/Oct/2025:10:08:00 -0400] "GET /doggy-style/ HTTP/1.1" 200 102754 "https://sexpositions.online/reverse-cowgirl/" "Mozilla/5.0 (Linux; Android 10; K) AppleWebKit/537.36 (KHTML, like Gecko) Chrome/141.0.0.0 Mobile Safari/537.36"
185.152.119.85 - - [19/Oct/2025:10:08:01 -0400] "GET /wp-content/uploads/eiffel-tower-animated.gif HTTP/1.1" 200 173748 "https://sexpositions.online/doggy-style/" "Mozilla/5.0 (Linux; Android 10; K) AppleWebKit/537.36 (KHTML, like Gecko) Chrome/141.0.0.0 Mobile Safari/537.36"
185.152.119.85 - - [19/Oct/2025:10:08:01 -0400] "GET /wp-content/uploads/doggy-style-animated.gif HTTP/1.1" 200 222218 "https://sexpositions.online/doggy-style/" "Mozilla/5.0 (Linux; Android 10; K) AppleWebKit/537.36 (KHTML, like Gecko) Chrome/141.0.0.0 Mobile Safari/537.36"
185.152.119.85 - - [19/Oct/2025:10:08:01 -0400] "GET /wp-content/uploads/upward-dog-animated.gif HTTP/1.1" 200 219384 "https://sexpositions.online/doggy-style/" "Mozilla/5.0 (Linux; Android 10; K) AppleWebKit/537.36 (KHTML, like Gecko) Chrome/141.0.0.0 Mobile Safari/537.36"
178.157.159.148 - - [19/Oct/2025:10:08:03 -0400] "GET /wp-content/uploads/rapunzel-animated.gif HTTP/1.1" 304 - "https://ya.ru/" "Mozilla/5.0 (Linux; Android 10; K) AppleWebKit/537.36 (KHTML, like Gecko) SamsungBrowser/27.0 Chrome/125.0.0.0 Mobile Safari/537.36"
185.152.119.85 - - [19/Oct/2025:10:08:05 -0400] "GET /wp-content/uploads/flatiron-animated.gif HTTP/1.1" 200 166317 "https://sexpositions.online/doggy-style/" "Mozilla/5.0 (Linux; Android 10; K) AppleWebKit/537.36 (KHTML, like Gecko) Chrome/141.0.0.0 Mobile Safari/537.36"
185.152.119.85 - - [19/Oct/2025:10:08:06 -0400] "GET /wp-content/uploads/downward-dog-animated-1.gif HTTP/1.1" 200 214312 "https://sexpositions.online/doggy-style/" "Mozilla/5.0 (Linux; Android 10; K) AppleWebKit/537.36 (KHTML, like Gecko) Chrome/141.0.0.0 Mobile Safari/537.36"
46.61.242.169 - - [19/Oct/2025:10:08:07 -0400] "GET /wp-content/uploads/upward-dog-animated.gif HTTP/1.1" 304 - "https://yandex.ru/" "Mozilla/5.0 (iPhone; CPU iPhone OS 18_6_2 like Mac OS X) AppleWebKit/605.1.15 (KHTML, like Gecko) Version/18.6 Mobile/15E148 Safari/604.1"
125.237.217.186 - - [19/Oct/2025:10:08:08 -0400] "GET /helicopter/ HTTP/1.1" 200 99890 "https://sexpositions.online/category/position/" "Mozilla/5.0 (Linux; Android 10; K) AppleWebKit/537.36 (KHTML, like Gecko) Chrome/141.0.0.0 Mobile Safari/537.36"
185.152.119.85 - - [19/Oct/2025:10:08:10 -0400] "GET /wp-content/uploads/turtle-animated.gif HTTP/1.1" 200 177462 "https://sexpositions.online/doggy-style/" "Mozilla/5.0 (Linux; Android 10; K) AppleWebKit/537.36 (KHTML, like Gecko) Chrome/141.0.0.0 Mobile Safari/537.36"
41.232.236.15 - - [19/Oct/2025:10:08:13 -0400] "GET /inside-out/ HTTP/1.1" 200 98182 "https://sexpositions.online/speed-bump/" "Mozilla/5.0 (iPhone; CPU iPhone OS 18_6_2 like Mac OS X) AppleWebKit/605.1.15 (KHTML, like Gecko) Version/18.6 Mobile/15E148 Safari/604.1"
185.152.119.85 - - [19/Oct/2025:10:08:15 -0400] "GET /wp-content/uploads/lazy-dog-animated-1.gif HTTP/1.1" 200 199682 "https://sexpositions.online/doggy-style/" "Mozilla/5.0 (Linux; Android 10; K) AppleWebKit/537.36 (KHTML, like Gecko) Chrome/141.0.0.0 Mobile Safari/537.36"
125.237.217.186 - - [19/Oct/2025:10:08:17 -0400] "GET /wp-content/uploads/frog-animated.gif HTTP/1.1" 304 - "https://sexpositions.online/category/position/" "Mozilla/5.0 (Linux; Android 10; K) AppleWebKit/537.36 (KHTML, like Gecko) Chrome/141.0.0.0 Mobile Safari/537.36"
125.237.217.186 - - [19/Oct/2025:10:08:18 -0400] "GET /cowgirl/ HTTP/1.1" 200 101897 "https://sexpositions.online/category/position/" "Mozilla/5.0 (Linux; Android 10; K) AppleWebKit/537.36 (KHTML, like Gecko) Chrome/141.0.0.0 Mobile Safari/537.36"
125.237.217.186 - - [19/Oct/2025:10:08:18 -0400] "GET /wp-content/uploads/full-nelson-animated.gif HTTP/1.1" 200 179232 "https://sexpositions.online/category/position/" "Mozilla/5.0 (Linux; Android 10; K) AppleWebKit/537.36 (KHTML, like Gecko) Chrome/141.0.0.0 Mobile Safari/537.36"
41.232.236.15 - - [19/Oct/2025:10:08:19 -0400] "GET /category/position/ HTTP/1.1" 200 115694 "https://sexpositions.online/inside-out/" "Mozilla/5.0 (iPhone; CPU iPhone OS 18_6_2 like Mac OS X) AppleWebKit/605.1.15 (KHTML, like Gecko) Version/18.6 Mobile/15E148 Safari/604.1"
125.237.217.186 - - [19/Oct/2025:10:08:22 -0400] "GET /doggy-style/ HTTP/1.1" 200 102754 "https://sexpositions.online/category/position/" "Mozilla/5.0 (Linux; Android 10; K) AppleWebKit/537.36 (KHTML, like Gecko) Chrome/141.0.0.0 Mobile Safari/537.36"
41.232.236.15 - - [19/Oct/2025:10:08:23 -0400] "GET /wp-content/uploads/reverse-cowgirl-animated.gif HTTP/1.1" 304 - "https://sexpositions.online/category/position/" "Mozilla/5.0 (iPhone; CPU iPhone OS 18_6_2 like Mac OS X) AppleWebKit/605.1.15 (KHTML, like Gecko) Version/18.6 Mobile/15E148 Safari/604.1"
41.232.236.15 - - [19/Oct/2025:10:08:24 -0400] "GET /wp-content/uploads/frog-animated.gif HTTP/1.1" 304 - "https://sexpositions.online/category/position/" "Mozilla/5.0 (iPhone; CPU iPhone OS 18_6_2 like Mac OS X) AppleWebKit/605.1.15 (KHTML, like Gecko) Version/18.6 Mobile/15E148 Safari/604.1"
126.209.16.236 - - [19/Oct/2025:10:08:24 -0400] "GET /wp-content/uploads/jackhammer-animated.gif HTTP/1.1" 304 - "https://www.google.com/" "Mozilla/5.0 (Linux; Android 8.1.0; CPH1803 Build/OPM1.171019.026; wv) AppleWebKit/537.36 (KHTML, like Gecko) Version/4.0 Chrome/62.0.3202.84 Mobile Safari/537.36 GSA/8.4.9.21.arm64"
41.232.236.15 - - [19/Oct/2025:10:08:26 -0400] "GET /wp-content/uploads/full-nelson-animated.gif HTTP/1.1" 304 - "https://sexpositions.online/category/position/" "Mozilla/5.0 (iPhone; CPU iPhone OS 18_6_2 like Mac OS X) AppleWebKit/605.1.15 (KHTML, like Gecko) Version/18.6 Mobile/15E148 Safari/604.1"
185.152.119.85 - - [19/Oct/2025:10:08:26 -0400] "GET /wp-content/uploads/frog-animated.gif HTTP/1.1" 200 203649 "https://sexpositions.online/doggy-style/" "Mozilla/5.0 (Linux; Android 10; K) AppleWebKit/537.36 (KHTML, like Gecko) Chrome/141.0.0.0 Mobile Safari/537.36"
125.237.217.186 - - [19/Oct/2025:10:08:29 -0400] "GET /wp-content/uploads/cowboy-animated.gif HTTP/1.1" 304 - "https://sexpositions.online/category/position/" "Mozilla/5.0 (Linux; Android 10; K) AppleWebKit/537.36 (KHTML, like Gecko) Chrome/141.0.0.0 Mobile Safari/537.36"
41.232.236.15 - - [19/Oct/2025:10:08:29 -0400] "GET /wp-content/uploads/cowboy-animated.gif HTTP/1.1" 304 - "https://sexpositions.online/category/position/" "Mozilla/5.0 (iPhone; CPU iPhone OS 18_6_2 like Mac OS X) AppleWebKit/605.1.15 (KHTML, like Gecko) Version/18.6 Mobile/15E148 Safari/604.1"
125.237.217.186 - - [19/Oct/2025:10:08:29 -0400] "GET /reverse-cowgirl/ HTTP/1.1" 200 98063 "https://sexpositions.online/category/position/" "Mozilla/5.0 (Linux; Android 10; K) AppleWebKit/537.36 (KHTML, like Gecko) Chrome/141.0.0.0 Mobile Safari/537.36"
105.235.131.186 - - [19/Oct/2025:10:08:32 -0400] "GET /sitting/ HTTP/1.1" 200 106982 "https://www.google.com/" "Mozilla/5.0 (Linux; Android 10; K) AppleWebKit/537.36 (KHTML, like Gecko) Chrome/137.0.0.0 Mobile Safari/537.36"
105.235.131.186 - - [19/Oct/2025:10:08:33 -0400] "GET /wp-content/themes/astra/assets/css/minified/main.min.css?ver=4.11.12 HTTP/1.1" 304 - "https://sexpositions.online/sitting/" "Mozilla/5.0 (Linux; Android 10; K) AppleWebKit/537.36 (KHTML, like Gecko) Chrome/137.0.0.0 Mobile Safari/537.36"
105.235.131.186 - - [19/Oct/2025:10:08:33 -0400] "GET /wp-includes/css/dist/block-library/style.min.css?ver=6.8.3 HTTP/1.1" 200 116345 "https://sexpositions.online/sitting/" "Mozilla/5.0 (Linux; Android 10; K) AppleWebKit/537.36 (KHTML, like Gecko) Chrome/137.0.0.0 Mobile Safari/537.36"
105.235.131.186 - - [19/Oct/2025:10:08:33 -0400] "GET /wp-content/themes/astra/assets/js/minified/frontend.min.js?ver=4.11.12 HTTP/1.1" 304 - "https://sexpositions.online/sitting/" "Mozilla/5.0 (Linux; Android 10; K) AppleWebKit/537.36 (KHTML, like Gecko) Chrome/137.0.0.0 Mobile Safari/537.36"
125.237.217.186 - - [19/Oct/2025:10:08:33 -0400] "GET /frog/ HTTP/1.1" 200 98182 "https://sexpositions.online/category/position/" "Mozilla/5.0 (Linux; Android 10; K) AppleWebKit/537.36 (KHTML, like Gecko) Chrome/141.0.0.0 Mobile Safari/537.36"
105.235.131.186 - - [19/Oct/2025:10:08:33 -0400] "GET /wp-content/uploads/scissor-animated.gif HTTP/1.1" 200 228987 "https://sexpositions.online/sitting/" "Mozilla/5.0 (Linux; Android 10; K) AppleWebKit/537.36 (KHTML, like Gecko) Chrome/137.0.0.0 Mobile Safari/537.36"
125.237.217.186 - - [19/Oct/2025:10:08:33 -0400] "GET /wp-content/uploads/missionary-animated.gif HTTP/1.1" 304 - "https://sexpositions.online/category/position/" "Mozilla/5.0 (Linux; Android 10; K) AppleWebKit/537.36 (KHTML, like Gecko) Chrome/141.0.0.0 Mobile Safari/537.36"
105.235.131.186 - - [19/Oct/2025:10:08:33 -0400] "GET /wp-content/uploads/lotus-animated.gif HTTP/1.1" 200 208654 "https://sexpositions.online/sitting/" "Mozilla/5.0 (Linux; Android 10; K) AppleWebKit/537.36 (KHTML, like Gecko) Chrome/137.0.0.0 Mobile Safari/537.36"
105.235.131.186 - - [19/Oct/2025:10:08:33 -0400] "GET /wp-content/uploads/spider-animated-1.gif HTTP/1.1" 200 231955 "https://sexpositions.online/sitting/" "Mozilla/5.0 (Linux; Android 10; K) AppleWebKit/537.36 (KHTML, like Gecko) Chrome/137.0.0.0 Mobile Safari/537.36"
105.235.131.186 - - [19/Oct/2025:10:08:34 -0400] "GET /wp-includes/js/wp-emoji-release.min.js?ver=6.8.3 HTTP/1.1" 304 - "https://sexpositions.online/sitting/" "Mozilla/5.0 (Linux; Android 10; K) AppleWebKit/537.36 (KHTML, like Gecko) Chrome/137.0.0.0 Mobile Safari/537.36"
185.152.119.85 - - [19/Oct/2025:10:08:35 -0400] "GET /cowgirl/ HTTP/1.1" 200 101897 "https://sexpositions.online/doggy-style/" "Mozilla/5.0 (Linux; Android 10; K) AppleWebKit/537.36 (KHTML, like Gecko) Chrome/141.0.0.0 Mobile Safari/537.36"
105.235.131.186 - - [19/Oct/2025:10:08:36 -0400] "GET /wp-content/uploads/cropped-favicon-180x180.png HTTP/1.1" 304 - "https://sexpositions.online/sitting/" "Mozilla/5.0 (Linux; Android 10; K) AppleWebKit/537.36 (KHTML, like Gecko) Chrome/137.0.0.0 Mobile Safari/537.36"
105.235.131.186 - - [19/Oct/2025:10:08:36 -0400] "GET /wp-content/uploads/cropped-favicon-192x192.png HTTP/1.1" 304 - "https://sexpositions.online/sitting/" "Mozilla/5.0 (Linux; Android 10; K) AppleWebKit/537.36 (KHTML, like Gecko) Chrome/137.0.0.0 Mobile Safari/537.36"
185.152.119.85 - - [19/Oct/2025:10:08:36 -0400] "GET /wp-content/uploads/cowgirl-animated.gif HTTP/1.1" 200 205110 "https://sexpositions.online/cowgirl/" "Mozilla/5.0 (Linux; Android 10; K) AppleWebKit/537.36 (KHTML, like Gecko) Chrome/141.0.0.0 Mobile Safari/537.36"
185.152.119.85 - - [19/Oct/2025:10:08:36 -0400] "GET /wp-content/uploads/face-to-face-animated.gif HTTP/1.1" 200 194868 "https://sexpositions.online/cowgirl/" "Mozilla/5.0 (Linux; Android 10; K) AppleWebKit/537.36 (KHTML, like Gecko) Chrome/141.0.0.0 Mobile Safari/537.36"
185.152.119.85 - - [19/Oct/2025:10:08:36 -0400] "GET /wp-content/uploads/the-sitting-cat-animated.gif HTTP/1.1" 200 227200 "https://sexpositions.online/cowgirl/" "Mozilla/5.0 (Linux; Android 10; K) AppleWebKit/537.36 (KHTML, like Gecko) Chrome/141.0.0.0 Mobile Safari/537.36"
41.232.236.15 - - [19/Oct/2025:10:08:44 -0400] "GET /wp-content/uploads/butter-churner-animated.gif HTTP/1.1" 304 - "https://sexpositions.online/category/position/" "Mozilla/5.0 (iPhone; CPU iPhone OS 18_6_2 like Mac OS X) AppleWebKit/605.1.15 (KHTML, like Gecko) Version/18.6 Mobile/15E148 Safari/604.1"
46.56.251.182 - - [19/Oct/2025:10:08:50 -0400] "GET /wp-content/uploads/bent-spoon-animated-1.gif HTTP/1.1" 304 - "https://yandex.by/" "Mozilla/5.0 (Linux; arm_64; Android 15; SM-S911B) AppleWebKit/537.36 (KHTML, like Gecko) Chrome/124.0.6367.511 YaSearchBrowser/24.65.1 BroPP/1.0 YaSearchApp/24.65.1 webOmni SA/3 Mobile Safari/537.36"
41.232.236.15 - - [19/Oct/2025:10:08:51 -0400] "GET /category/position/page/27/ HTTP/1.1" 200 102827 "https://sexpositions.online/category/position/" "Mozilla/5.0 (iPhone; CPU iPhone OS 18_6_2 like Mac OS X) AppleWebKit/605.1.15 (KHTML, like Gecko) Version/18.6 Mobile/15E148 Safari/604.1"
185.152.119.85 - - [19/Oct/2025:10:08:52 -0400] "GET /wp-content/uploads/the-wave-animated.gif HTTP/1.1" 200 200955 "https://sexpositions.online/cowgirl/" "Mozilla/5.0 (Linux; Android 10; K) AppleWebKit/537.36 (KHTML, like Gecko) Chrome/141.0.0.0 Mobile Safari/537.36"
125.237.217.186 - - [19/Oct/2025:10:08:53 -0400] "GET /wp-content/uploads/piledriver-animated.gif HTTP/1.1" 304 - "https://sexpositions.online/category/position/" "Mozilla/5.0 (Linux; Android 10; K) AppleWebKit/537.36 (KHTML, like Gecko) Chrome/141.0.0.0 Mobile Safari/537.36"
40.77.167.155 - - [19/Oct/2025:10:08:53 -0400] "GET /?s=%E5%8B%87%E6%B0%A3%E7%88%86%E7%99%BC HTTP/1.1" 200 96478 "-" "Mozilla/5.0 AppleWebKit/537.36 (KHTML, like Gecko; compatible; bingbot/2.0; +http://www.bing.com/bingbot.htm) Chrome/116.0.1938.76 Safari/537.36"
125.237.217.186 - - [19/Oct/2025:10:08:53 -0400] "GET /full-nelson/ HTTP/1.1" 200 98082 "https://sexpositions.online/category/position/" "Mozilla/5.0 (Linux; Android 10; K) AppleWebKit/537.36 (KHTML, like Gecko) Chrome/141.0.0.0 Mobile Safari/537.36"
185.152.119.85 - - [19/Oct/2025:10:08:53 -0400] "GET /wp-content/uploads/belly-dancer-animated.gif HTTP/1.1" 200 224619 "https://sexpositions.online/cowgirl/" "Mozilla/5.0 (Linux; Android 10; K) AppleWebKit/537.36 (KHTML, like Gecko) Chrome/141.0.0.0 Mobile Safari/537.36"
2a00:1880:a085:96a1:5d81:a601:1ee0:a693 - - [19/Oct/2025:10:08:54 -0400] "GET /wp-content/uploads/rolling-wheelbarrow-animated.gif HTTP/1.1" 200 220023 "https://yandex.com.tr/gorsel/touch/search?text=Wheelbarrel+sex&img_url=https%3A%2F%2Ftrungtamthuoc.com%2Fimages%2Fitem%2Ftu_the_quan_he_4.jpg&pos=2&rpt=simage" "Mozilla/5.0 (Linux; Android 10; K) AppleWebKit/537.36 (KHTML, like Gecko) Chrome/141.0.0.0 Mobile Safari/537.36"
2001:861:3008:8cb0:6ff:ce3:b452:f9ab - - [19/Oct/2025:10:08:55 -0400] "GET /wp-content/uploads/eiffel-tower-animated.gif HTTP/1.1" 304 - "https://www.google.com/" "Mozilla/5.0 (Linux; Android 10; K) AppleWebKit/537.36 (KHTML, like Gecko) Chrome/141.0.0.0 Mobile Safari/537.36"
46.56.251.182 - - [19/Oct/2025:10:08:57 -0400] "GET /wp-content/uploads/curls-animated.gif HTTP/1.1" 304 - "https://yandex.by/" "Mozilla/5.0 (Linux; arm_64; Android 15; SM-S911B) AppleWebKit/537.36 (KHTML, like Gecko) Chrome/124.0.6367.511 YaSearchBrowser/24.65.1 BroPP/1.0 YaSearchApp/24.65.1 webOmni SA/3 Mobile Safari/537.36"
41.232.236.15 - - [19/Oct/2025:10:08:58 -0400] "GET /category/position/page/26/ HTTP/1.1" 200 116118 "https://sexpositions.online/category/position/page/27/" "Mozilla/5.0 (iPhone; CPU iPhone OS 18_6_2 like Mac OS X) AppleWebKit/605.1.15 (KHTML, like Gecko) Version/18.6 Mobile/15E148 Safari/604.1"
41.232.236.15 - - [19/Oct/2025:10:08:58 -0400] "GET /wp-content/uploads/play-ball-animated.gif HTTP/1.1" 304 - "https://sexpositions.online/category/position/page/26/" "Mozilla/5.0 (iPhone; CPU iPhone OS 18_6_2 like Mac OS X) AppleWebKit/605.1.15 (KHTML, like Gecko) Version/18.6 Mobile/15E148 Safari/604.1"
41.232.236.15 - - [19/Oct/2025:10:08:58 -0400] "GET /wp-content/uploads/out-of-sight-animated.gif HTTP/1.1" 304 - "https://sexpositions.online/category/position/page/26/" "Mozilla/5.0 (iPhone; CPU iPhone OS 18_6_2 like Mac OS X) AppleWebKit/605.1.15 (KHTML, like Gecko) Version/18.6 Mobile/15E148 Safari/604.1"
125.237.217.186 - - [19/Oct/2025:10:08:59 -0400] "GET /wp-content/uploads/butter-churner-animated.gif HTTP/1.1" 200 283833 "https://sexpositions.online/category/position/" "Mozilla/5.0 (Linux; Android 10; K) AppleWebKit/537.36 (KHTML, like Gecko) Chrome/141.0.0.0 Mobile Safari/537.36"
125.237.217.186 - - [19/Oct/2025:10:08:59 -0400] "GET /cowboy/ HTTP/1.1" 200 98022 "https://sexpositions.online/category/position/" "Mozilla/5.0 (Linux; Android 10; K) AppleWebKit/537.36 (KHTML, like Gecko) Chrome/141.0.0.0 Mobile Safari/537.36"
41.232.236.15 - - [19/Oct/2025:10:09:01 -0400] "GET /wp-content/uploads/straddle-up-animated.gif HTTP/1.1" 304 - "https://sexpositions.online/category/position/page/26/" "Mozilla/5.0 (iPhone; CPU iPhone OS 18_6_2 like Mac OS X) AppleWebKit/605.1.15 (KHTML, like Gecko) Version/18.6 Mobile/15E148 Safari/604.1"
41.232.236.15 - - [19/Oct/2025:10:09:03 -0400] "GET /wp-content/uploads/sword-swallower-animated.gif HTTP/1.1" 304 - "https://sexpositions.online/category/position/page/26/" "Mozilla/5.0 (iPhone; CPU iPhone OS 18_6_2 like Mac OS X) AppleWebKit/605.1.15 (KHTML, like Gecko) Version/18.6 Mobile/15E148 Safari/604.1"
41.232.236.15 - - [19/Oct/2025:10:09:04 -0400] "GET /wp-content/uploads/the-ball-bob-animated.gif HTTP/1.1" 304 - "https://sexpositions.online/category/position/page/26/" "Mozilla/5.0 (iPhone; CPU iPhone OS 18_6_2 like Mac OS X) AppleWebKit/605.1.15 (KHTML, like Gecko) Version/18.6 Mobile/15E148 Safari/604.1"
41.232.236.15 - - [19/Oct/2025:10:09:05 -0400] "GET /wp-content/uploads/the-chin-rest-animated.gif HTTP/1.1" 304 - "https://sexpositions.online/category/position/page/26/" "Mozilla/5.0 (iPhone; CPU iPhone OS 18_6_2 like Mac OS X) AppleWebKit/605.1.15 (KHTML, like Gecko) Version/18.6 Mobile/15E148 Safari/604.1"
41.232.236.15 - - [19/Oct/2025:10:09:09 -0400] "GET /category/position/page/25/ HTTP/1.1" 200 116250 "https://sexpositions.online/category/position/page/26/" "Mozilla/5.0 (iPhone; CPU iPhone OS 18_6_2 like Mac OS X) AppleWebKit/605.1.15 (KHTML, like Gecko) Version/18.6 Mobile/15E148 Safari/604.1"
2405:6e00:2653:8dd5:a02a:6f99:f7b7:446b - - [19/Oct/2025:10:09:12 -0400] "GET /wp-content/uploads/ladies-choice-animated.gif HTTP/1.1" 304 - "https://www.google.com/" "Mozilla/5.0 (iPhone; CPU iPhone OS 18_7 like Mac OS X) AppleWebKit/605.1.15 (KHTML, like Gecko) Version/26.0.1 Mobile/15E148 Safari/604.1"
125.237.217.186 - - [19/Oct/2025:10:09:15 -0400] "GET /butter-churner/ HTTP/1.1" 200 98229 "https://sexpositions.online/category/position/" "Mozilla/5.0 (Linux; Android 10; K) AppleWebKit/537.36 (KHTML, like Gecko) Chrome/141.0.0.0 Mobile Safari/537.36"
125.237.217.186 - - [19/Oct/2025:10:09:17 -0400] "GET /category/position/page/2/ HTTP/1.1" 200 116246 "https://sexpositions.online/category/position/" "Mozilla/5.0 (Linux; Android 10; K) AppleWebKit/537.36 (KHTML, like Gecko) Chrome/141.0.0.0 Mobile Safari/537.36"
125.237.217.186 - - [19/Oct/2025:10:09:18 -0400] "GET /wp-content/uploads/jackhammer-animated.gif HTTP/1.1" 304 - "https://sexpositions.online/category/position/page/2/" "Mozilla/5.0 (Linux; Android 10; K) AppleWebKit/537.36 (KHTML, like Gecko) Chrome/141.0.0.0 Mobile Safari/537.36"
125.237.217.186 - - [19/Oct/2025:10:09:18 -0400] "GET /wp-content/uploads/superman-animated.gif HTTP/1.1" 200 154119 "https://sexpositions.online/category/position/page/2/" "Mozilla/5.0 (Linux; Android 10; K) AppleWebKit/537.36 (KHTML, like Gecko) Chrome/141.0.0.0 Mobile Safari/537.36"
125.237.217.186 - - [19/Oct/2025:10:09:18 -0400] "GET /wp-content/uploads/the-plie-animated.gif HTTP/1.1" 200 217672 "https://sexpositions.online/category/position/page/2/" "Mozilla/5.0 (Linux; Android 10; K) AppleWebKit/537.36 (KHTML, like Gecko) Chrome/141.0.0.0 Mobile Safari/537.36"
125.237.217.186 - - [19/Oct/2025:10:09:19 -0400] "GET /wp-content/uploads/prone-bone-animated.gif HTTP/1.1" 304 - "https://sexpositions.online/category/position/page/2/" "Mozilla/5.0 (Linux; Android 10; K) AppleWebKit/537.36 (KHTML, like Gecko) Chrome/141.0.0.0 Mobile Safari/537.36"
41.232.236.15 - - [19/Oct/2025:10:09:22 -0400] "GET /wp-content/uploads/musical-chair-animated.gif HTTP/1.1" 200 212166 "https://sexpositions.online/category/position/page/25/" "Mozilla/5.0 (iPhone; CPU iPhone OS 18_6_2 like Mac OS X) AppleWebKit/605.1.15 (KHTML, like Gecko) Version/18.6 Mobile/15E148 Safari/604.1"
125.237.217.186 - - [19/Oct/2025:10:09:24 -0400] "GET /superman/ HTTP/1.1" 200 98110 "https://sexpositions.online/category/position/page/2/" "Mozilla/5.0 (Linux; Android 10; K) AppleWebKit/537.36 (KHTML, like Gecko) Chrome/141.0.0.0 Mobile Safari/537.36"
58.141.32.133 - - [19/Oct/2025:10:09:26 -0400] "GET /wp-content/uploads/captain-animated.gif HTTP/1.1" 200 219766 "https://www.google.com/" "Mozilla/5.0 (Linux; Android 10; K) AppleWebKit/537.36 (KHTML, like Gecko) Chrome/141.0.0.0 Mobile Safari/537.36"
125.237.217.186 - - [19/Oct/2025:10:09:27 -0400] "GET /wp-content/uploads/buckin-bronco-animated.gif HTTP/1.1" 200 244206 "https://sexpositions.online/category/position/page/2/" "Mozilla/5.0 (Linux; Android 10; K) AppleWebKit/537.36 (KHTML, like Gecko) Chrome/141.0.0.0 Mobile Safari/537.36"
41.232.236.15 - - [19/Oct/2025:10:09:28 -0400] "GET /category/position/page/24/ HTTP/1.1" 200 116206 "https://sexpositions.online/category/position/page/25/" "Mozilla/5.0 (iPhone; CPU iPhone OS 18_6_2 like Mac OS X) AppleWebKit/605.1.15 (KHTML, like Gecko) Version/18.6 Mobile/15E148 Safari/604.1"
41.232.236.15 - - [19/Oct/2025:10:09:29 -0400] "GET /wp-content/uploads/dining-at-they-animated.gif HTTP/1.1" 304 - "https://sexpositions.online/category/position/page/24/" "Mozilla/5.0 (iPhone; CPU iPhone OS 18_6_2 like Mac OS X) AppleWebKit/605.1.15 (KHTML, like Gecko) Version/18.6 Mobile/15E148 Safari/604.1"
87.104.250.167 - - [19/Oct/2025:10:09:30 -0400] "GET / HTTP/1.1" 200 125069 "https://www.google.com/" "Mozilla/5.0 (Android 15; Mobile; rv:144.0) Gecko/144.0 Firefox/144.0"
87.104.250.167 - - [19/Oct/2025:10:09:31 -0400] "GET /wp-includes/css/dist/block-library/style.min.css?ver=6.8.3 HTTP/1.1" 304 - "https://sexpositions.online/" "Mozilla/5.0 (Android 15; Mobile; rv:144.0) Gecko/144.0 Firefox/144.0"
87.104.250.167 - - [19/Oct/2025:10:09:31 -0400] "GET /wp-content/uploads/cowgirl-animated.gif HTTP/1.1" 304 - "https://sexpositions.online/" "Mozilla/5.0 (Android 15; Mobile; rv:144.0) Gecko/144.0 Firefox/144.0"
87.104.250.167 - - [19/Oct/2025:10:09:31 -0400] "GET /wp-content/themes/astra/assets/js/minified/frontend.min.js?ver=4.11.12 HTTP/1.1" 304 - "https://sexpositions.online/" "Mozilla/5.0 (Android 15; Mobile; rv:144.0) Gecko/144.0 Firefox/144.0"
87.104.250.167 - - [19/Oct/2025:10:09:32 -0400] "GET /wp-content/themes/astra/assets/css/minified/main.min.css?ver=4.11.12 HTTP/1.1" 304 - "https://sexpositions.online/" "Mozilla/5.0 (Android 15; Mobile; rv:144.0) Gecko/144.0 Firefox/144.0"
41.232.236.15 - - [19/Oct/2025:10:09:32 -0400] "GET /wp-content/uploads/double-dare-animated.gif HTTP/1.1" 304 - "https://sexpositions.online/category/position/page/24/" "Mozilla/5.0 (iPhone; CPU iPhone OS 18_6_2 like Mac OS X) AppleWebKit/605.1.15 (KHTML, like Gecko) Version/18.6 Mobile/15E148 Safari/604.1"
103.124.251.38 - - [19/Oct/2025:10:09:32 -0400] "GET /wp-content/uploads/the-rocker-animated.gif HTTP/1.1" 304 - "https://www.google.com/" "Mozilla/5.0 (Linux; Android 10; K) AppleWebKit/537.36 (KHTML, like Gecko) Chrome/141.0.0.0 Mobile Safari/537.36"
52.167.144.145 - - [19/Oct/2025:10:09:35 -0400] "GET /?s=c%C3%A1c+ch%E1%BB%A7ng+skaven+trong+warhammer HTTP/1.1" 200 96579 "-" "Mozilla/5.0 AppleWebKit/537.36 (KHTML, like Gecko; compatible; bingbot/2.0; +http://www.bing.com/bingbot.htm) Chrome/116.0.1938.76 Safari/537.36"
125.237.217.186 - - [19/Oct/2025:10:09:39 -0400] "GET /wp-content/uploads/crouching-tiger-animated-1.gif HTTP/1.1" 200 217815 "https://sexpositions.online/category/position/page/2/" "Mozilla/5.0 (Linux; Android 10; K) AppleWebKit/537.36 (KHTML, like Gecko) Chrome/141.0.0.0 Mobile Safari/537.36"
125.237.217.186 - - [19/Oct/2025:10:09:40 -0400] "GET /wp-content/uploads/the-rev-it-up-rub-animated.gif HTTP/1.1" 200 239247 "https://sexpositions.online/category/position/page/2/" "Mozilla/5.0 (Linux; Android 10; K) AppleWebKit/537.36 (KHTML, like Gecko) Chrome/141.0.0.0 Mobile Safari/537.36"
2409:40e2:2006:e75b:10fa:70ff:feb1:4851 - - [19/Oct/2025:10:09:44 -0400] "GET /wp-content/uploads/wall-animated.gif HTTP/1.1" 304 - "https://www.google.com/" "Mozilla/5.0 (Linux; Android 10; K) AppleWebKit/537.36 (KHTML, like Gecko) Chrome/141.0.0.0 Mobile Safari/537.36"
58.141.32.133 - - [19/Oct/2025:10:09:45 -0400] "GET /wp-content/uploads/table-top-animated-1.gif HTTP/1.1" 200 233801 "https://www.google.com/" "Mozilla/5.0 (Linux; Android 10; K) AppleWebKit/537.36 (KHTML, like Gecko) Chrome/141.0.0.0 Mobile Safari/537.36"
125.237.217.186 - - [19/Oct/2025:10:09:46 -0400] "GET /prone-bone/ HTTP/1.1" 200 98050 "https://sexpositions.online/category/position/page/2/" "Mozilla/5.0 (Linux; Android 10; K) AppleWebKit/537.36 (KHTML, like Gecko) Chrome/141.0.0.0 Mobile Safari/537.36"
2a0a:ef40:cf5:af01:d59f:cae9:ccc0:79b5 - - [19/Oct/2025:10:09:47 -0400] "GET /wp-content/uploads/belly-dancer-animated.gif HTTP/1.1" 304 - "https://www.google.com/" "Mozilla/5.0 (Windows NT 10.0; Win64; x64) AppleWebKit/537.36 (KHTML, like Gecko) Chrome/141.0.0.0 Safari/537.36"
154.36.81.104 - - [19/Oct/2025:10:09:49 -0400] "HEAD / HTTP/1.1" 200 - "https://sexpositions.online" "Mozilla/5.0 (Windows NT 10.0; Win64; x64) AppleWebKit/537.36 (KHTML, like Gecko) Chrome/100.0.4896.127 Safari/537.36"
