172.59.155.102 - - [19/Oct/2025:09:29:05 -0400] "GET /wp-content/uploads/reverse-missionary-animated.gif HTTP/1.1" 304 - "https://sexpositions.online/woman-on-top/" "Mozilla/5.0 (iPhone; CPU iPhone OS 18_7 like Mac OS X) AppleWebKit/605.1.15 (KHTML, like Gecko) Version/26.0.1 Mobile/15E148 Safari/604.1"
117.233.203.206 - - [19/Oct/2025:09:29:05 -0400] "GET /wp-content/uploads/hula-girl-animated.gif HTTP/1.1" 304 - "https://www.google.com/" "Mozilla/5.0 (Windows NT 10.0; Win64; x64) AppleWebKit/537.36 (KHTML, like Gecko) Chrome/141.0.0.0 Safari/537.36"
172.59.155.102 - - [19/Oct/2025:09:29:06 -0400] "GET /wp-content/uploads/the-acrobat-animated-1.gif HTTP/1.1" 304 - "https://sexpositions.online/woman-on-top/" "Mozilla/5.0 (iPhone; CPU iPhone OS 18_7 like Mac OS X) AppleWebKit/605.1.15 (KHTML, like Gecko) Version/26.0.1 Mobile/15E148 Safari/604.1"
172.59.155.102 - - [19/Oct/2025:09:29:07 -0400] "GET /wp-content/uploads/boys-on-the-side-animated.gif HTTP/1.1" 304 - "https://sexpositions.online/woman-on-top/" "Mozilla/5.0 (iPhone; CPU iPhone OS 18_7 like Mac OS X) AppleWebKit/605.1.15 (KHTML, like Gecko) Version/26.0.1 Mobile/15E148 Safari/604.1"
52.167.144.188 - - [19/Oct/2025:09:29:12 -0400] "GET /lifestyle/148020/ HTTP/1.1" 200 3 "-" "Mozilla/5.0 AppleWebKit/537.36 (KHTML, like Gecko; compatible; bingbot/2.0; +http://www.bing.com/bingbot.htm) Chrome/116.0.1938.76 Safari/537.36"
205.198.68.127 - - [19/Oct/2025:09:29:15 -0400] "GET /wp-content/uploads/lock-and-load-animated-1.gif HTTP/1.1" 304 - "https://sexpositions.online/easy/" "Mozilla/5.0 (Windows NT 10.0; Win64; x64) AppleWebKit/537.36 (KHTML, like Gecko) Chrome/141.0.0.0 Safari/537.36"
205.198.68.127 - - [19/Oct/2025:09:29:18 -0400] "GET /table-top/ HTTP/1.1" 200 98155 "https://sexpositions.online/easy/" "Mozilla/5.0 (Windows NT 10.0; Win64; x64) AppleWebKit/537.36 (KHTML, like Gecko) Chrome/141.0.0.0 Safari/537.36"
117.233.203.206 - - [19/Oct/2025:09:29:19 -0400] "GET /wp-content/uploads/the-pin-up-animated.gif HTTP/1.1" 304 - "https://www.google.com/" "Mozilla/5.0 (Windows NT 10.0; Win64; x64) AppleWebKit/537.36 (KHTML, like Gecko) Chrome/141.0.0.0 Safari/537.36"
64.224.128.202 - - [19/Oct/2025:09:29:19 -0400] "POST /xmlrpc.php HTTP/1.1" 200 403 "-" "Mozilla/5.0 (Windows NT 6.3; x64) AppleWebKit/537.36 (KHTML, like Gecko) Safari/11.0.0.0 Safari/537.36"
205.198.68.127 - - [19/Oct/2025:09:29:24 -0400] "GET /wp-content/uploads/belly-flop-animated.gif HTTP/1.1" 304 - "https://sexpositions.online/easy/" "Mozilla/5.0 (Windows NT 10.0; Win64; x64) AppleWebKit/537.36 (KHTML, like Gecko) Chrome/141.0.0.0 Safari/537.36"
117.233.203.206 - - [19/Oct/2025:09:29:26 -0400] "GET /wp-content/uploads/the-tumbler-animated.gif HTTP/1.1" 304 - "https://www.google.com/" "Mozilla/5.0 (Windows NT 10.0; Win64; x64) AppleWebKit/537.36 (KHTML, like Gecko) Chrome/141.0.0.0 Safari/537.36"
117.233.203.206 - - [19/Oct/2025:09:29:32 -0400] "GET /wp-content/uploads/head-rush-animated.gif HTTP/1.1" 304 - "https://www.google.com/" "Mozilla/5.0 (Windows NT 10.0; Win64; x64) AppleWebKit/537.36 (KHTML, like Gecko) Chrome/141.0.0.0 Safari/537.36"
205.198.68.127 - - [19/Oct/2025:09:29:34 -0400] "GET /belly-flop/ HTTP/1.1" 200 98001 "https://sexpositions.online/easy/" "Mozilla/5.0 (Windows NT 10.0; Win64; x64) AppleWebKit/537.36 (KHTML, like Gecko) Chrome/141.0.0.0 Safari/537.36"
117.233.203.206 - - [19/Oct/2025:09:29:52 -0400] "GET /wp-content/uploads/the-rocker-animated.gif HTTP/1.1" 304 - "https://www.google.com/" "Mozilla/5.0 (Windows NT 10.0; Win64; x64) AppleWebKit/537.36 (KHTML, like Gecko) Chrome/141.0.0.0 Safari/537.36"
205.198.68.127 - - [19/Oct/2025:09:29:55 -0400] "GET /oral/blowjob/ HTTP/1.1" 200 103849 "https://sexpositions.online/easy/" "Mozilla/5.0 (Windows NT 10.0; Win64; x64) AppleWebKit/537.36 (KHTML, like Gecko) Chrome/141.0.0.0 Safari/537.36"
205.198.68.127 - - [19/Oct/2025:09:29:56 -0400] "GET /wp-content/uploads/out-of-sight-animated.gif HTTP/1.1" 304 - "https://sexpositions.online/oral/blowjob/" "Mozilla/5.0 (Windows NT 10.0; Win64; x64) AppleWebKit/537.36 (KHTML, like Gecko) Chrome/141.0.0.0 Safari/537.36"
205.198.68.127 - - [19/Oct/2025:09:29:56 -0400] "GET /wp-content/uploads/jackhammer-animated.gif HTTP/1.1" 304 - "https://sexpositions.online/oral/blowjob/" "Mozilla/5.0 (Windows NT 10.0; Win64; x64) AppleWebKit/537.36 (KHTML, like Gecko) Chrome/141.0.0.0 Safari/537.36"
205.198.68.127 - - [19/Oct/2025:09:29:56 -0400] "GET /wp-content/uploads/sword-swallower-animated.gif HTTP/1.1" 304 - "https://sexpositions.online/oral/blowjob/" "Mozilla/5.0 (Windows NT 10.0; Win64; x64) AppleWebKit/537.36 (KHTML, like Gecko) Chrome/141.0.0.0 Safari/537.36"
66.249.64.224 - - [19/Oct/2025:09:29:57 -0400] "GET /wp-content/uploads/the-spork-animated.gif HTTP/1.1" 304 - "-" "Googlebot-Image/1.0"
154.121.77.104 - - [19/Oct/2025:09:30:00 -0400] "GET /wp-content/uploads/the-tumbler-animated.gif HTTP/1.1" 200 236830 "https://www.google.com/" "Mozilla/5.0 (Linux; Android 10; M2004J19C Build/QP1A.190711.020; wv) AppleWebKit/537.36 (KHTML, like Gecko) Version/4.0 Chrome/140.0.7339.207 Mobile Safari/537.36 GoogleApp/16.41.36.ve.arm64"
205.198.68.127 - - [19/Oct/2025:09:30:02 -0400] "GET /wp-content/uploads/double-dare-animated.gif HTTP/1.1" 304 - "https://sexpositions.online/oral/blowjob/" "Mozilla/5.0 (Windows NT 10.0; Win64; x64) AppleWebKit/537.36 (KHTML, like Gecko) Chrome/141.0.0.0 Safari/537.36"
205.198.68.127 - - [19/Oct/2025:09:30:04 -0400] "GET /wp-content/uploads/up-against-the-wall-animated.gif HTTP/1.1" 304 - "https://sexpositions.online/oral/blowjob/" "Mozilla/5.0 (Windows NT 10.0; Win64; x64) AppleWebKit/537.36 (KHTML, like Gecko) Chrome/141.0.0.0 Safari/537.36"
52.167.144.233 - - [19/Oct/2025:09:30:05 -0400] "GET /?s=d%E1%BA%A5u+c%E1%BB%99ng+tr%E1%BB%AB HTTP/1.1" 200 96502 "-" "Mozilla/5.0 AppleWebKit/537.36 (KHTML, like Gecko; compatible; bingbot/2.0; +http://www.bing.com/bingbot.htm) Chrome/116.0.1938.76 Safari/537.36"
205.198.68.127 - - [19/Oct/2025:09:30:08 -0400] "GET /wp-content/uploads/the-tipster-animated.gif HTTP/1.1" 304 - "https://sexpositions.online/oral/blowjob/" "Mozilla/5.0 (Windows NT 10.0; Win64; x64) AppleWebKit/537.36 (KHTML, like Gecko) Chrome/141.0.0.0 Safari/537.36"
205.198.68.127 - - [19/Oct/2025:09:30:11 -0400] "GET /wp-content/uploads/two-4-one-animated.gif HTTP/1.1" 304 - "https://sexpositions.online/oral/blowjob/" "Mozilla/5.0 (Windows NT 10.0; Win64; x64) AppleWebKit/537.36 (KHTML, like Gecko) Chrome/141.0.0.0 Safari/537.36"
2001:f40:970:581f:9102:48c9:2d0a:d388 - - [19/Oct/2025:09:30:11 -0400] "GET /cowgirl/ HTTP/1.1" 200 101897 "https://sexpositions.online/doggy-style/" "Mozilla/5.0 (iPhone; CPU iPhone OS 18_6_2 like Mac OS X) AppleWebKit/605.1.15 (KHTML, like Gecko) CriOS/141.0.7390.96 Mobile/15E148 Safari/604.1"
205.198.68.127 - - [19/Oct/2025:09:30:13 -0400] "GET /wp-content/uploads/the-chin-rest-animated.gif HTTP/1.1" 200 182016 "https://sexpositions.online/oral/blowjob/" "Mozilla/5.0 (Windows NT 10.0; Win64; x64) AppleWebKit/537.36 (KHTML, like Gecko) Chrome/141.0.0.0 Safari/537.36"
205.198.68.127 - - [19/Oct/2025:09:30:17 -0400] "GET /wp-content/uploads/play-ball-animated.gif HTTP/1.1" 304 - "https://sexpositions.online/oral/blowjob/" "Mozilla/5.0 (Windows NT 10.0; Win64; x64) AppleWebKit/537.36 (KHTML, like Gecko) Chrome/141.0.0.0 Safari/537.36"
64.224.128.202 - - [19/Oct/2025:09:30:20 -0400] "POST /xmlrpc.php HTTP/1.1" 200 403 "-" "Mozilla/5.0 (Windows NT 10.0; x64) AppleWebKit/537.36 (KHTML, like Gecko) Chrome/115.0.0.0 Safari/537.36"
52.167.144.218 - - [19/Oct/2025:09:30:22 -0400] "GET /podxm/q389135.html HTTP/1.1" 200 95107 "-" "Mozilla/5.0 AppleWebKit/537.36 (KHTML, like Gecko; compatible; bingbot/2.0; +http://www.bing.com/bingbot.htm) Chrome/116.0.1938.76 Safari/537.36"
2a04:4540:740b:6000:945:bc37:6e7e:6ba8 - - [19/Oct/2025:09:30:26 -0400] "GET /wp-content/uploads/octopus-animated.gif HTTP/1.1" 200 239066 "https://www.google.com/" "Mozilla/5.0 (Linux; Android 13; M2103K19G Build/TP1A.220624.014; wv) AppleWebKit/537.36 (KHTML, like Gecko) Version/4.0 Chrome/140.0.7339.208 Mobile Safari/537.36 GoogleApp/16.40.18.ve.arm64"
205.198.68.127 - - [19/Oct/2025:09:30:30 -0400] "GET /oral/cunnilingus/ HTTP/1.1" 200 104742 "https://sexpositions.online/oral/blowjob/" "Mozilla/5.0 (Windows NT 10.0; Win64; x64) AppleWebKit/537.36 (KHTML, like Gecko) Chrome/141.0.0.0 Safari/537.36"
205.198.68.127 - - [19/Oct/2025:09:30:31 -0400] "GET /wp-content/uploads/the-rocker-animated.gif HTTP/1.1" 304 - "https://sexpositions.online/oral/cunnilingus/" "Mozilla/5.0 (Windows NT 10.0; Win64; x64) AppleWebKit/537.36 (KHTML, like Gecko) Chrome/141.0.0.0 Safari/537.36"
205.198.68.127 - - [19/Oct/2025:09:30:31 -0400] "GET /wp-content/uploads/back-bend-animated.gif HTTP/1.1" 304 - "https://sexpositions.online/oral/cunnilingus/" "Mozilla/5.0 (Windows NT 10.0; Win64; x64) AppleWebKit/537.36 (KHTML, like Gecko) Chrome/141.0.0.0 Safari/537.36"
205.198.68.127 - - [19/Oct/2025:09:30:31 -0400] "GET /wp-content/uploads/hula-girl-animated.gif HTTP/1.1" 200 178224 "https://sexpositions.online/oral/cunnilingus/" "Mozilla/5.0 (Windows NT 10.0; Win64; x64) AppleWebKit/537.36 (KHTML, like Gecko) Chrome/141.0.0.0 Safari/537.36"
205.198.68.127 - - [19/Oct/2025:09:30:33 -0400] "GET /wp-content/uploads/the-tumbler-animated.gif HTTP/1.1" 304 - "https://sexpositions.online/oral/cunnilingus/" "Mozilla/5.0 (Windows NT 10.0; Win64; x64) AppleWebKit/537.36 (KHTML, like Gecko) Chrome/141.0.0.0 Safari/537.36"
205.198.68.127 - - [19/Oct/2025:09:30:34 -0400] "GET /wp-content/uploads/the-headlock-animated.gif HTTP/1.1" 304 - "https://sexpositions.online/oral/cunnilingus/" "Mozilla/5.0 (Windows NT 10.0; Win64; x64) AppleWebKit/537.36 (KHTML, like Gecko) Chrome/141.0.0.0 Safari/537.36"
205.198.68.127 - - [19/Oct/2025:09:30:35 -0400] "GET /wp-content/uploads/the-pin-up-animated.gif HTTP/1.1" 304 - "https://sexpositions.online/oral/cunnilingus/" "Mozilla/5.0 (Windows NT 10.0; Win64; x64) AppleWebKit/537.36 (KHTML, like Gecko) Chrome/141.0.0.0 Safari/537.36"
205.198.68.127 - - [19/Oct/2025:09:30:36 -0400] "GET /wp-content/uploads/dirty-doggy-animated.gif HTTP/1.1" 304 - "https://sexpositions.online/oral/cunnilingus/" "Mozilla/5.0 (Windows NT 10.0; Win64; x64) AppleWebKit/537.36 (KHTML, like Gecko) Chrome/141.0.0.0 Safari/537.36"
2001:4450:8360:9600:b54:2b73:b684:9730 - - [19/Oct/2025:09:30:36 -0400] "GET /wp-content/uploads/the-rocker-animated.gif HTTP/1.1" 304 - "https://www.google.com/" "Mozilla/5.0 (Linux; Android 10; K) AppleWebKit/537.36 (KHTML, like Gecko) Chrome/141.0.0.0 Mobile Safari/537.36"
205.198.68.127 - - [19/Oct/2025:09:30:37 -0400] "GET /wp-content/uploads/the-buffet-animated.gif HTTP/1.1" 304 - "https://sexpositions.online/oral/cunnilingus/" "Mozilla/5.0 (Windows NT 10.0; Win64; x64) AppleWebKit/537.36 (KHTML, like Gecko) Chrome/141.0.0.0 Safari/537.36"
205.198.68.127 - - [19/Oct/2025:09:30:38 -0400] "GET /wp-content/uploads/kissing-the-pink-animated.gif HTTP/1.1" 304 - "https://sexpositions.online/oral/cunnilingus/" "Mozilla/5.0 (Windows NT 10.0; Win64; x64) AppleWebKit/537.36 (KHTML, like Gecko) Chrome/141.0.0.0 Safari/537.36"
205.198.68.127 - - [19/Oct/2025:09:30:38 -0400] "GET /wp-content/uploads/head-rush-animated.gif HTTP/1.1" 304 - "https://sexpositions.online/oral/cunnilingus/" "Mozilla/5.0 (Windows NT 10.0; Win64; x64) AppleWebKit/537.36 (KHTML, like Gecko) Chrome/141.0.0.0 Safari/537.36"
205.198.68.127 - - [19/Oct/2025:09:30:43 -0400] "GET /oral/69-ing/ HTTP/1.1" 200 102587 "https://sexpositions.online/oral/cunnilingus/" "Mozilla/5.0 (Windows NT 10.0; Win64; x64) AppleWebKit/537.36 (KHTML, like Gecko) Chrome/141.0.0.0 Safari/537.36"
205.198.68.127 - - [19/Oct/2025:09:30:44 -0400] "GET /wp-content/uploads/sweet-seat-animated.gif HTTP/1.1" 304 - "https://sexpositions.online/oral/69-ing/" "Mozilla/5.0 (Windows NT 10.0; Win64; x64) AppleWebKit/537.36 (KHTML, like Gecko) Chrome/141.0.0.0 Safari/537.36"
205.198.68.127 - - [19/Oct/2025:09:30:44 -0400] "GET /wp-content/uploads/reverse-69-animated.gif HTTP/1.1" 304 - "https://sexpositions.online/oral/69-ing/" "Mozilla/5.0 (Windows NT 10.0; Win64; x64) AppleWebKit/537.36 (KHTML, like Gecko) Chrome/141.0.0.0 Safari/537.36"
205.198.68.127 - - [19/Oct/2025:09:30:44 -0400] "GET /wp-content/uploads/chair-tryst-animated.gif HTTP/1.1" 304 - "https://sexpositions.online/oral/69-ing/" "Mozilla/5.0 (Windows NT 10.0; Win64; x64) AppleWebKit/537.36 (KHTML, like Gecko) Chrome/141.0.0.0 Safari/537.36"
205.198.68.127 - - [19/Oct/2025:09:30:47 -0400] "GET /wp-content/uploads/lazy-69-animated.gif HTTP/1.1" 304 - "https://sexpositions.online/oral/69-ing/" "Mozilla/5.0 (Windows NT 10.0; Win64; x64) AppleWebKit/537.36 (KHTML, like Gecko) Chrome/141.0.0.0 Safari/537.36"
205.198.68.127 - - [19/Oct/2025:09:30:48 -0400] "GET /wp-content/uploads/handy-69-animated.gif HTTP/1.1" 304 - "https://sexpositions.online/oral/69-ing/" "Mozilla/5.0 (Windows NT 10.0; Win64; x64) AppleWebKit/537.36 (KHTML, like Gecko) Chrome/141.0.0.0 Safari/537.36"
2603:7000:6e3b:92ee:ec8d:cb8d:c24c:dfb - - [19/Oct/2025:09:30:49 -0400] "GET /sideways/ HTTP/1.1" 200 98119 "https://www.google.com/" "Mozilla/5.0 (iPhone; CPU iPhone OS 26_0_1 like Mac OS X) AppleWebKit/605.1.15 (KHTML, like Gecko) CriOS/141.0.7390.96 Mobile/15E148 Safari/604.1"
205.198.68.127 - - [19/Oct/2025:09:30:52 -0400] "GET /wp-content/uploads/reverse-69-back-animated.gif HTTP/1.1" 304 - "https://sexpositions.online/oral/69-ing/" "Mozilla/5.0 (Windows NT 10.0; Win64; x64) AppleWebKit/537.36 (KHTML, like Gecko) Chrome/141.0.0.0 Safari/537.36"
205.198.68.127 - - [19/Oct/2025:09:30:52 -0400] "GET /wp-content/uploads/worlds-strongest-animated.gif HTTP/1.1" 304 - "https://sexpositions.online/oral/69-ing/" "Mozilla/5.0 (Windows NT 10.0; Win64; x64) AppleWebKit/537.36 (KHTML, like Gecko) Chrome/141.0.0.0 Safari/537.36"
205.198.68.127 - - [19/Oct/2025:09:31:01 -0400] "GET /anal/ HTTP/1.1" 200 107927 "https://sexpositions.online/oral/69-ing/" "Mozilla/5.0 (Windows NT 10.0; Win64; x64) AppleWebKit/537.36 (KHTML, like Gecko) Chrome/141.0.0.0 Safari/537.36"
205.198.68.127 - - [19/Oct/2025:09:31:05 -0400] "GET /wp-content/uploads/eiffel-tower-animated.gif HTTP/1.1" 304 - "https://sexpositions.online/anal/" "Mozilla/5.0 (Windows NT 10.0; Win64; x64) AppleWebKit/537.36 (KHTML, like Gecko) Chrome/141.0.0.0 Safari/537.36"
205.198.68.127 - - [19/Oct/2025:09:31:08 -0400] "GET /wp-content/uploads/sideways-animated.gif HTTP/1.1" 304 - "https://sexpositions.online/anal/" "Mozilla/5.0 (Windows NT 10.0; Win64; x64) AppleWebKit/537.36 (KHTML, like Gecko) Chrome/141.0.0.0 Safari/537.36"
2a02:3030:a93:97b5:a894:cd87:cba1:5412 - - [19/Oct/2025:09:31:10 -0400] "GET /wp-content/uploads/cowgirl-animated.gif HTTP/1.1" 304 - "https://www.google.com/" "Mozilla/5.0 (iPhone; CPU iPhone OS 18_5 like Mac OS X) AppleWebKit/605.1.15 (KHTML, like Gecko) GSA/390.0.817388646 Mobile/22F76 Safari/604.1"
118.106.47.143 - - [19/Oct/2025:09:31:14 -0400] "GET /wp-content/uploads/captain-animated.gif HTTP/1.1" 200 219766 "https://www.google.com/" "Mozilla/5.0 (iPhone; CPU iPhone OS 18_6_2 like Mac OS X) AppleWebKit/605.1.15 (KHTML, like Gecko) CriOS/141.0.7390.96 Mobile/15E148 Safari/604.1"
66.249.64.224 - - [19/Oct/2025:09:31:15 -0400] "GET /the-rocker/ HTTP/1.1" 200 98035 "-" "Mozilla/5.0 (Linux; Android 6.0.1; Nexus 5X Build/MMB29P) AppleWebKit/537.36 (KHTML, like Gecko) Chrome/140.0.7339.207 Mobile Safari/537.36 (compatible; Googlebot/2.1; +http://www.google.com/bot.html)"
205.198.68.127 - - [19/Oct/2025:09:31:18 -0400] "GET /wp-content/uploads/legs-up-animated.gif HTTP/1.1" 304 - "https://sexpositions.online/anal/" "Mozilla/5.0 (Windows NT 10.0; Win64; x64) AppleWebKit/537.36 (KHTML, like Gecko) Chrome/141.0.0.0 Safari/537.36"
205.198.68.127 - - [19/Oct/2025:09:31:18 -0400] "GET /wp-content/uploads/turtle-animated.gif HTTP/1.1" 200 177462 "https://sexpositions.online/anal/" "Mozilla/5.0 (Windows NT 10.0; Win64; x64) AppleWebKit/537.36 (KHTML, like Gecko) Chrome/141.0.0.0 Safari/537.36"
205.198.68.127 - - [19/Oct/2025:09:31:19 -0400] "GET /wp-content/uploads/deep-impact-animated.gif HTTP/1.1" 304 - "https://sexpositions.online/anal/" "Mozilla/5.0 (Windows NT 10.0; Win64; x64) AppleWebKit/537.36 (KHTML, like Gecko) Chrome/141.0.0.0 Safari/537.36"
64.224.128.202 - - [19/Oct/2025:09:31:19 -0400] "POST /xmlrpc.php HTTP/1.1" 200 403 "-" "Mozilla/5.0 (Windows NT 10.0; x86) AppleWebKit/537.36 (KHTML, like Gecko) Chrome/89.0.0.0 Safari/537.36"
2a02:3030:a93:97b5:a894:cd87:cba1:5412 - - [19/Oct/2025:09:31:20 -0400] "GET /cowgirl/ HTTP/1.1" 200 101897 "https://www.google.com/" "Mozilla/5.0 (iPhone; CPU iPhone OS 18_5_0 like Mac OS X) AppleWebKit/605.1.15 (KHTML, like Gecko) GSA/390.0.817388646 Mobile/15E148 Safari/604.1"
205.198.68.127 - - [19/Oct/2025:09:31:20 -0400] "GET /wp-content/uploads/launch-pad-animated-2.gif HTTP/1.1" 304 - "https://sexpositions.online/anal/" "Mozilla/5.0 (Windows NT 10.0; Win64; x64) AppleWebKit/537.36 (KHTML, like Gecko) Chrome/141.0.0.0 Safari/537.36"
2a02:3030:a93:97b5:a894:cd87:cba1:5412 - - [19/Oct/2025:09:31:20 -0400] "GET /wp-content/themes/astra/assets/css/minified/main.min.css?ver=4.11.12 HTTP/1.1" 304 - "https://sexpositions.online/cowgirl/" "Mozilla/5.0 (iPhone; CPU iPhone OS 18_5_0 like Mac OS X) AppleWebKit/605.1.15 (KHTML, like Gecko) GSA/390.0.817388646 Mobile/15E148 Safari/604.1"
2a02:3030:a93:97b5:a894:cd87:cba1:5412 - - [19/Oct/2025:09:31:21 -0400] "GET /wp-includes/css/dist/block-library/style.min.css?ver=6.8.3 HTTP/1.1" 304 - "https://sexpositions.online/cowgirl/" "Mozilla/5.0 (iPhone; CPU iPhone OS 18_5_0 like Mac OS X) AppleWebKit/605.1.15 (KHTML, like Gecko) GSA/390.0.817388646 Mobile/15E148 Safari/604.1"
2a02:3030:a93:97b5:a894:cd87:cba1:5412 - - [19/Oct/2025:09:31:21 -0400] "GET /wp-content/themes/astra/assets/js/minified/frontend.min.js?ver=4.11.12 HTTP/1.1" 304 - "https://sexpositions.online/cowgirl/" "Mozilla/5.0 (iPhone; CPU iPhone OS 18_5_0 like Mac OS X) AppleWebKit/605.1.15 (KHTML, like Gecko) GSA/390.0.817388646 Mobile/15E148 Safari/604.1"
205.198.68.127 - - [19/Oct/2025:09:31:21 -0400] "GET /wp-content/uploads/the-corkscrew-animated.gif HTTP/1.1" 304 - "https://sexpositions.online/anal/" "Mozilla/5.0 (Windows NT 10.0; Win64; x64) AppleWebKit/537.36 (KHTML, like Gecko) Chrome/141.0.0.0 Safari/537.36"
2a02:3030:a93:97b5:a894:cd87:cba1:5412 - - [19/Oct/2025:09:31:21 -0400] "GET /wp-content/uploads/reverse-cowgirl-animated.gif HTTP/1.1" 304 - "https://sexpositions.online/cowgirl/" "Mozilla/5.0 (iPhone; CPU iPhone OS 18_5_0 like Mac OS X) AppleWebKit/605.1.15 (KHTML, like Gecko) GSA/390.0.817388646 Mobile/15E148 Safari/604.1"
205.198.68.127 - - [19/Oct/2025:09:31:22 -0400] "GET /wp-content/uploads/roller-coaster-animated-1.gif HTTP/1.1" 304 - "https://sexpositions.online/anal/" "Mozilla/5.0 (Windows NT 10.0; Win64; x64) AppleWebKit/537.36 (KHTML, like Gecko) Chrome/141.0.0.0 Safari/537.36"
2a02:3030:a93:97b5:a894:cd87:cba1:5412 - - [19/Oct/2025:09:31:22 -0400] "GET /wp-content/uploads/face-to-face-animated.gif HTTP/1.1" 304 - "https://sexpositions.online/cowgirl/" "Mozilla/5.0 (iPhone; CPU iPhone OS 18_5_0 like Mac OS X) AppleWebKit/605.1.15 (KHTML, like Gecko) GSA/390.0.817388646 Mobile/15E148 Safari/604.1"
205.198.68.127 - - [19/Oct/2025:09:31:27 -0400] "GET /foreplay/ HTTP/1.1" 200 103210 "https://sexpositions.online/anal/" "Mozilla/5.0 (Windows NT 10.0; Win64; x64) AppleWebKit/537.36 (KHTML, like Gecko) Chrome/141.0.0.0 Safari/537.36"
205.198.68.127 - - [19/Oct/2025:09:31:29 -0400] "GET /wp-content/uploads/ladies-first-animated.gif HTTP/1.1" 304 - "https://sexpositions.online/foreplay/" "Mozilla/5.0 (Windows NT 10.0; Win64; x64) AppleWebKit/537.36 (KHTML, like Gecko) Chrome/141.0.0.0 Safari/537.36"
205.198.68.127 - - [19/Oct/2025:09:31:29 -0400] "GET /wp-content/uploads/hold-the-pickle-animated.gif HTTP/1.1" 304 - "https://sexpositions.online/foreplay/" "Mozilla/5.0 (Windows NT 10.0; Win64; x64) AppleWebKit/537.36 (KHTML, like Gecko) Chrome/141.0.0.0 Safari/537.36"
205.198.68.127 - - [19/Oct/2025:09:31:29 -0400] "GET /wp-content/uploads/lady-in-waiting-animated.gif HTTP/1.1" 304 - "https://sexpositions.online/foreplay/" "Mozilla/5.0 (Windows NT 10.0; Win64; x64) AppleWebKit/537.36 (KHTML, like Gecko) Chrome/141.0.0.0 Safari/537.36"
205.198.68.127 - - [19/Oct/2025:09:31:35 -0400] "GET /hold-the-pickle/ HTTP/1.1" 200 97841 "https://sexpositions.online/foreplay/" "Mozilla/5.0 (Windows NT 10.0; Win64; x64) AppleWebKit/537.36 (KHTML, like Gecko) Chrome/141.0.0.0 Safari/537.36"
205.198.68.127 - - [19/Oct/2025:09:31:44 -0400] "GET /wp-content/uploads/all-hands-on-deck-animated.gif HTTP/1.1" 304 - "https://sexpositions.online/foreplay/" "Mozilla/5.0 (Windows NT 10.0; Win64; x64) AppleWebKit/537.36 (KHTML, like Gecko) Chrome/141.0.0.0 Safari/537.36"
2800:3c0:2040:36f:8e5e:318:8eb5:c6e9 - - [19/Oct/2025:09:31:45 -0400] "GET /wp-content/uploads/hula-girl-animated.gif HTTP/1.1" 304 - "https://www.google.com/" "Mozilla/5.0 (Linux; Android 10; K) AppleWebKit/537.36 (KHTML, like Gecko) Chrome/141.0.0.0 Mobile Safari/537.36"
205.198.68.127 - - [19/Oct/2025:09:31:46 -0400] "GET /wp-content/uploads/happy-hands-animated.gif HTTP/1.1" 304 - "https://sexpositions.online/foreplay/" "Mozilla/5.0 (Windows NT 10.0; Win64; x64) AppleWebKit/537.36 (KHTML, like Gecko) Chrome/141.0.0.0 Safari/537.36"
205.198.68.127 - - [19/Oct/2025:09:31:48 -0400] "GET /wp-content/uploads/the-vibe-animated.gif HTTP/1.1" 304 - "https://sexpositions.online/foreplay/" "Mozilla/5.0 (Windows NT 10.0; Win64; x64) AppleWebKit/537.36 (KHTML, like Gecko) Chrome/141.0.0.0 Safari/537.36"
4.227.36.108 - - [19/Oct/2025:09:31:50 -0400] "GET /robots.txt HTTP/1.1" 200 3 "-" "Mozilla/5.0 (Macintosh; Intel Mac OS X 10_15_7) AppleWebKit/537.36 (KHTML, like Gecko) Chrome/131.0.0.0 Safari/537.36; compatible; OAI-SearchBot/1.0; +https://openai.com/searchbot"
205.198.68.127 - - [19/Oct/2025:09:31:51 -0400] "GET /wp-content/uploads/good-vibrations-animated.gif HTTP/1.1" 200 209308 "https://sexpositions.online/foreplay/" "Mozilla/5.0 (Windows NT 10.0; Win64; x64) AppleWebKit/537.36 (KHTML, like Gecko) Chrome/141.0.0.0 Safari/537.36"
205.198.68.127 - - [19/Oct/2025:09:31:52 -0400] "GET /wp-content/uploads/footsie-animated.gif HTTP/1.1" 200 202355 "https://sexpositions.online/foreplay/" "Mozilla/5.0 (Windows NT 10.0; Win64; x64) AppleWebKit/537.36 (KHTML, like Gecko) Chrome/141.0.0.0 Safari/537.36"
150.129.42.76 - - [19/Oct/2025:09:31:53 -0400] "GET /oral/69-ing/ HTTP/1.1" 200 102598 "https://www.google.com/" "Mozilla/5.0 (Linux; Android 10; K) AppleWebKit/537.36 (KHTML, like Gecko) Chrome/141.0.0.0 Mobile Safari/537.36"
150.129.42.76 - - [19/Oct/2025:09:31:53 -0400] "GET /wp-content/themes/astra/assets/css/minified/main.min.css?ver=4.11.12 HTTP/1.1" 304 - "https://sexpositions.online/oral/69-ing/" "Mozilla/5.0 (Linux; Android 10; K) AppleWebKit/537.36 (KHTML, like Gecko) Chrome/141.0.0.0 Mobile Safari/537.36"
150.129.42.76 - - [19/Oct/2025:09:31:53 -0400] "GET /wp-includes/css/dist/block-library/style.min.css?ver=6.8.3 HTTP/1.1" 304 - "https://sexpositions.online/oral/69-ing/" "Mozilla/5.0 (Linux; Android 10; K) AppleWebKit/537.36 (KHTML, like Gecko) Chrome/141.0.0.0 Mobile Safari/537.36"
150.129.42.76 - - [19/Oct/2025:09:31:53 -0400] "GET /wp-content/uploads/reverse-69-animated.gif HTTP/1.1" 304 - "https://sexpositions.online/oral/69-ing/" "Mozilla/5.0 (Linux; Android 10; K) AppleWebKit/537.36 (KHTML, like Gecko) Chrome/141.0.0.0 Mobile Safari/537.36"
205.198.68.127 - - [19/Oct/2025:09:31:53 -0400] "GET /wp-content/uploads/love-bug-animated.gif HTTP/1.1" 304 - "https://sexpositions.online/foreplay/" "Mozilla/5.0 (Windows NT 10.0; Win64; x64) AppleWebKit/537.36 (KHTML, like Gecko) Chrome/141.0.0.0 Safari/537.36"
150.129.42.76 - - [19/Oct/2025:09:31:54 -0400] "GET /wp-content/themes/astra/assets/js/minified/frontend.min.js?ver=4.11.12 HTTP/1.1" 304 - "https://sexpositions.online/oral/69-ing/" "Mozilla/5.0 (Linux; Android 10; K) AppleWebKit/537.36 (KHTML, like Gecko) Chrome/141.0.0.0 Mobile Safari/537.36"
150.129.42.76 - - [19/Oct/2025:09:31:55 -0400] "GET /wp-content/uploads/cropped-favicon-180x180.png HTTP/1.1" 304 - "https://sexpositions.online/oral/69-ing/" "Mozilla/5.0 (Linux; Android 10; K) AppleWebKit/537.36 (KHTML, like Gecko) Chrome/141.0.0.0 Mobile Safari/537.36"
150.129.42.76 - - [19/Oct/2025:09:31:55 -0400] "GET /wp-content/uploads/cropped-favicon-192x192.png HTTP/1.1" 304 - "https://sexpositions.online/oral/69-ing/" "Mozilla/5.0 (Linux; Android 10; K) AppleWebKit/537.36 (KHTML, like Gecko) Chrome/141.0.0.0 Mobile Safari/537.36"
20.171.207.122 - - [19/Oct/2025:09:31:55 -0400] "GET / HTTP/1.1" 200 125058 "-" "Mozilla/5.0 AppleWebKit/537.36 (KHTML, like Gecko; compatible; GPTBot/1.2; +https://openai.com/gptbot)"
150.129.42.76 - - [19/Oct/2025:09:31:55 -0400] "GET /wp-content/uploads/chair-tryst-animated.gif HTTP/1.1" 200 210647 "https://sexpositions.online/oral/69-ing/" "Mozilla/5.0 (Linux; Android 10; K) AppleWebKit/537.36 (KHTML, like Gecko) Chrome/141.0.0.0 Mobile Safari/537.36"
20.171.207.46 - - [19/Oct/2025:09:31:55 -0400] "GET / HTTP/1.1" 200 3 "-" "Mozilla/5.0 AppleWebKit/537.36 (KHTML, like Gecko; compatible; GPTBot/1.2; +https://openai.com/gptbot)"
2a02:3030:a93:97b5:a894:cd87:cba1:5412 - - [19/Oct/2025:09:31:56 -0400] "GET /wp-content/uploads/the-sitting-cat-animated.gif HTTP/1.1" 304 - "https://sexpositions.online/cowgirl/" "Mozilla/5.0 (iPhone; CPU iPhone OS 18_5_0 like Mac OS X) AppleWebKit/605.1.15 (KHTML, like Gecko) GSA/390.0.817388646 Mobile/15E148 Safari/604.1"
20.171.207.46 - - [19/Oct/2025:09:31:58 -0400] "GET / HTTP/1.1" 200 3 "-" "Mozilla/5.0 AppleWebKit/537.36 (KHTML, like Gecko; compatible; GPTBot/1.2; +https://openai.com/gptbot)"
150.129.42.76 - - [19/Oct/2025:09:31:58 -0400] "GET /oral/69-ing/ HTTP/1.1" 200 102598 "https://www.google.com/" "Mozilla/5.0 (Linux; Android 10; K) AppleWebKit/537.36 (KHTML, like Gecko) Chrome/141.0.0.0 Mobile Safari/537.36"
150.129.42.76 - - [19/Oct/2025:09:32:00 -0400] "GET /wp-content/uploads/lazy-69-animated.gif HTTP/1.1" 304 - "https://sexpositions.online/oral/69-ing/" "Mozilla/5.0 (Linux; Android 10; K) AppleWebKit/537.36 (KHTML, like Gecko) Chrome/141.0.0.0 Mobile Safari/537.36"
150.129.42.76 - - [19/Oct/2025:09:32:04 -0400] "GET /wp-content/uploads/handy-69-animated.gif HTTP/1.1" 304 - "https://sexpositions.online/oral/69-ing/" "Mozilla/5.0 (Linux; Android 10; K) AppleWebKit/537.36 (KHTML, like Gecko) Chrome/141.0.0.0 Mobile Safari/537.36"
150.129.42.76 - - [19/Oct/2025:09:32:05 -0400] "GET /wp-content/uploads/reverse-69-back-animated.gif HTTP/1.1" 304 - "https://sexpositions.online/oral/69-ing/" "Mozilla/5.0 (Linux; Android 10; K) AppleWebKit/537.36 (KHTML, like Gecko) Chrome/141.0.0.0 Mobile Safari/537.36"
149.88.18.242 - - [19/Oct/2025:09:32:06 -0400] "GET /wp-content/uploads/the-wave-animated.gif HTTP/1.1" 304 - "https://www.google.com/" "Mozilla/5.0 (iPhone; CPU iPhone OS 18_2_1 like Mac OS X) AppleWebKit/605.1.15 (KHTML, like Gecko) Version/18.2 Mobile/15E148 Safari/604.1"
149.88.18.242 - - [19/Oct/2025:09:32:10 -0400] "GET /the-wave/ HTTP/1.1" 200 98104 "https://www.google.com/" "Mozilla/5.0 (iPhone; CPU iPhone OS 18_2_1 like Mac OS X) AppleWebKit/605.1.15 (KHTML, like Gecko) Version/18.2 Mobile/15E148 Safari/604.1"
149.88.18.242 - - [19/Oct/2025:09:32:13 -0400] "GET /wp-includes/js/wp-emoji-release.min.js?ver=6.8.3 HTTP/1.1" 304 - "https://sexpositions.online/the-wave/" "Mozilla/5.0 (iPhone; CPU iPhone OS 18_2_1 like Mac OS X) AppleWebKit/605.1.15 (KHTML, like Gecko) Version/18.2 Mobile/15E148 Safari/604.1"
64.224.128.202 - - [19/Oct/2025:09:32:19 -0400] "POST /xmlrpc.php HTTP/1.1" 200 403 "-" "Mozilla/5.0 (Linux; Android 10; arm64) AppleWebKit/537.36 (KHTML, like Gecko) Chrome/81.0.0.0 Safari/537.36"
149.88.18.242 - - [19/Oct/2025:09:32:20 -0400] "GET / HTTP/1.1" 200 125069 "https://sexpositions.online/the-wave/" "Mozilla/5.0 (iPhone; CPU iPhone OS 18_2_1 like Mac OS X) AppleWebKit/605.1.15 (KHTML, like Gecko) Version/18.2 Mobile/15E148 Safari/604.1"
150.129.42.76 - - [19/Oct/2025:09:32:23 -0400] "GET /anal/ HTTP/1.1" 200 107938 "https://sexpositions.online/oral/69-ing/" "Mozilla/5.0 (Linux; Android 10; K) AppleWebKit/537.36 (KHTML, like Gecko) Chrome/141.0.0.0 Mobile Safari/537.36"
2a02:3030:a93:97b5:a894:cd87:cba1:5412 - - [19/Oct/2025:09:32:23 -0400] "GET /reverse-cowgirl/ HTTP/1.1" 200 98063 "https://sexpositions.online/cowgirl/" "Mozilla/5.0 (iPhone; CPU iPhone OS 18_5_0 like Mac OS X) AppleWebKit/605.1.15 (KHTML, like Gecko) GSA/390.0.817388646 Mobile/15E148 Safari/604.1"
149.88.18.242 - - [19/Oct/2025:09:32:26 -0400] "GET /wp-content/uploads/amazon-animated.gif HTTP/1.1" 304 - "https://sexpositions.online/" "Mozilla/5.0 (iPhone; CPU iPhone OS 18_2_1 like Mac OS X) AppleWebKit/605.1.15 (KHTML, like Gecko) Version/18.2 Mobile/15E148 Safari/604.1"
150.129.42.76 - - [19/Oct/2025:09:32:26 -0400] "GET /wp-content/uploads/cowboy-animated.gif HTTP/1.1" 304 - "https://sexpositions.online/anal/" "Mozilla/5.0 (Linux; Android 10; K) AppleWebKit/537.36 (KHTML, like Gecko) Chrome/141.0.0.0 Mobile Safari/537.36"
150.129.42.76 - - [19/Oct/2025:09:32:28 -0400] "GET /wp-content/uploads/sideways-animated.gif HTTP/1.1" 304 - "https://sexpositions.online/anal/" "Mozilla/5.0 (Linux; Android 10; K) AppleWebKit/537.36 (KHTML, like Gecko) Chrome/141.0.0.0 Mobile Safari/537.36"
149.88.18.242 - - [19/Oct/2025:09:32:28 -0400] "GET /wp-content/uploads/lotus-animated.gif HTTP/1.1" 304 - "https://sexpositions.online/" "Mozilla/5.0 (iPhone; CPU iPhone OS 18_2_1 like Mac OS X) AppleWebKit/605.1.15 (KHTML, like Gecko) Version/18.2 Mobile/15E148 Safari/604.1"
150.129.42.76 - - [19/Oct/2025:09:32:29 -0400] "GET /wp-content/uploads/frog-animated.gif HTTP/1.1" 304 - "https://sexpositions.online/anal/" "Mozilla/5.0 (Linux; Android 10; K) AppleWebKit/537.36 (KHTML, like Gecko) Chrome/141.0.0.0 Mobile Safari/537.36"
2620:121:5042:50:5d04:: - - [19/Oct/2025:09:32:30 -0400] "GET /wp-content/uploads/hula-girl-animated.gif HTTP/1.1" 304 - "-" "Snap URL Preview Service; bot; snapchat; https://developers.snap.com/robots"
150.129.42.76 - - [19/Oct/2025:09:32:30 -0400] "GET /wp-content/uploads/the-crab-animated.gif HTTP/1.1" 304 - "https://sexpositions.online/anal/" "Mozilla/5.0 (Linux; Android 10; K) AppleWebKit/537.36 (KHTML, like Gecko) Chrome/141.0.0.0 Mobile Safari/537.36"
3.94.78.206 - - [19/Oct/2025:09:32:31 -0400] "GET /wp-content/uploads/hula-girl-animated.gif HTTP/1.1" 304 - "-" "Snap URL Preview Service; bot; snapchat; https://developers.snap.com/robots"
149.88.18.242 - - [19/Oct/2025:09:32:32 -0400] "GET /wp-content/uploads/doggy-style-animated.gif HTTP/1.1" 304 - "https://sexpositions.online/" "Mozilla/5.0 (iPhone; CPU iPhone OS 18_2_1 like Mac OS X) AppleWebKit/605.1.15 (KHTML, like Gecko) Version/18.2 Mobile/15E148 Safari/604.1"
150.129.42.76 - - [19/Oct/2025:09:32:32 -0400] "GET /wp-content/uploads/flatiron-animated.gif HTTP/1.1" 304 - "https://sexpositions.online/anal/" "Mozilla/5.0 (Linux; Android 10; K) AppleWebKit/537.36 (KHTML, like Gecko) Chrome/141.0.0.0 Mobile Safari/537.36"
150.129.42.76 - - [19/Oct/2025:09:32:33 -0400] "GET /wp-content/uploads/anvil-animated.gif HTTP/1.1" 304 - "https://sexpositions.online/anal/" "Mozilla/5.0 (Linux; Android 10; K) AppleWebKit/537.36 (KHTML, like Gecko) Chrome/141.0.0.0 Mobile Safari/537.36"
149.88.18.242 - - [19/Oct/2025:09:32:34 -0400] "GET /wp-content/uploads/spooning-animated.gif HTTP/1.1" 304 - "https://sexpositions.online/" "Mozilla/5.0 (iPhone; CPU iPhone OS 18_2_1 like Mac OS X) AppleWebKit/605.1.15 (KHTML, like Gecko) Version/18.2 Mobile/15E148 Safari/604.1"
150.129.42.76 - - [19/Oct/2025:09:32:34 -0400] "GET /wp-content/uploads/prone-bone-animated.gif HTTP/1.1" 304 - "https://sexpositions.online/anal/" "Mozilla/5.0 (Linux; Android 10; K) AppleWebKit/537.36 (KHTML, like Gecko) Chrome/141.0.0.0 Mobile Safari/537.36"
135.129.105.52 - - [19/Oct/2025:09:32:35 -0400] "GET /wp-content/uploads/the-rocker-animated.gif HTTP/1.1" 304 - "https://www.google.com/" "Mozilla/5.0 (Linux; Android 15; SM-F731U Build/AP3A.240905.015.A2; wv) AppleWebKit/537.36 (KHTML, like Gecko) Version/4.0 Chrome/141.0.7390.43 Mobile Safari/537.36 GoogleApp/16.41.36.ve.arm64"
150.129.42.76 - - [19/Oct/2025:09:32:35 -0400] "GET /wp-content/uploads/legs-up-animated.gif HTTP/1.1" 304 - "https://sexpositions.online/anal/" "Mozilla/5.0 (Linux; Android 10; K) AppleWebKit/537.36 (KHTML, like Gecko) Chrome/141.0.0.0 Mobile Safari/537.36"
149.88.18.242 - - [19/Oct/2025:09:32:35 -0400] "GET /wp-content/uploads/piledriver-animated.gif HTTP/1.1" 304 - "https://sexpositions.online/" "Mozilla/5.0 (iPhone; CPU iPhone OS 18_2_1 like Mac OS X) AppleWebKit/605.1.15 (KHTML, like Gecko) Version/18.2 Mobile/15E148 Safari/604.1"
149.88.18.242 - - [19/Oct/2025:09:32:38 -0400] "GET /wp-content/uploads/helicopter-animated.gif HTTP/1.1" 304 - "https://sexpositions.online/" "Mozilla/5.0 (iPhone; CPU iPhone OS 18_2_1 like Mac OS X) AppleWebKit/605.1.15 (KHTML, like Gecko) Version/18.2 Mobile/15E148 Safari/604.1"
2a02:3030:a93:97b5:a894:cd87:cba1:5412 - - [19/Oct/2025:09:32:39 -0400] "GET /wp-content/uploads/the-wave-animated.gif HTTP/1.1" 304 - "https://sexpositions.online/cowgirl/" "Mozilla/5.0 (iPhone; CPU iPhone OS 18_5_0 like Mac OS X) AppleWebKit/605.1.15 (KHTML, like Gecko) GSA/390.0.817388646 Mobile/15E148 Safari/604.1"
122.150.157.3 - - [19/Oct/2025:09:32:43 -0400] "GET /wp-content/uploads/ottoman-emperor-animated.gif HTTP/1.1" 304 - "https://www.google.com/" "Mozilla/5.0 (iPhone; CPU iPhone OS 18_5 like Mac OS X) AppleWebKit/605.1.15 (KHTML, like Gecko) Version/18.5 Mobile/15E148 Safari/604.1"
114.130.120.8 - - [19/Oct/2025:09:27:43 -0400] "GET /wp-content/uploads/elephant-animated.gif HTTP/1.1" 200 162204 "https://www.google.com/" "Mozilla/5.0 (iPhone; CPU iPhone OS 26_0_1 like Mac OS X) AppleWebKit/605.1.15 (KHTML, like Gecko) CriOS/141.0.7390.96 Mobile/15E148 Safari/604.1"
149.88.18.242 - - [19/Oct/2025:09:32:43 -0400] "GET /wp-content/uploads/butterfly-animated.gif HTTP/1.1" 304 - "https://sexpositions.online/" "Mozilla/5.0 (iPhone; CPU iPhone OS 18_2_1 like Mac OS X) AppleWebKit/605.1.15 (KHTML, like Gecko) Version/18.2 Mobile/15E148 Safari/604.1"
2a02:3030:a93:97b5:a894:cd87:cba1:5412 - - [19/Oct/2025:09:32:44 -0400] "GET /wp-content/uploads/belly-dancer-animated.gif HTTP/1.1" 304 - "https://sexpositions.online/cowgirl/" "Mozilla/5.0 (iPhone; CPU iPhone OS 18_5_0 like Mac OS X) AppleWebKit/605.1.15 (KHTML, like Gecko) GSA/390.0.817388646 Mobile/15E148 Safari/604.1"
150.129.42.76 - - [19/Oct/2025:09:32:45 -0400] "GET /wp-content/uploads/turtle-animated.gif HTTP/1.1" 304 - "https://sexpositions.online/anal/" "Mozilla/5.0 (Linux; Android 10; K) AppleWebKit/537.36 (KHTML, like Gecko) Chrome/141.0.0.0 Mobile Safari/537.36"
149.88.18.242 - - [19/Oct/2025:09:32:46 -0400] "GET /wp-content/uploads/speed-bump-animated.gif HTTP/1.1" 304 - "https://sexpositions.online/" "Mozilla/5.0 (iPhone; CPU iPhone OS 18_2_1 like Mac OS X) AppleWebKit/605.1.15 (KHTML, like Gecko) Version/18.2 Mobile/15E148 Safari/604.1"
150.129.42.76 - - [19/Oct/2025:09:32:47 -0400] "GET /wp-content/uploads/deep-impact-animated.gif HTTP/1.1" 200 215770 "https://sexpositions.online/anal/" "Mozilla/5.0 (Linux; Android 10; K) AppleWebKit/537.36 (KHTML, like Gecko) Chrome/141.0.0.0 Mobile Safari/537.36"
150.129.42.76 - - [19/Oct/2025:09:32:48 -0400] "GET /wp-content/uploads/launch-pad-animated-2.gif HTTP/1.1" 304 - "https://sexpositions.online/anal/" "Mozilla/5.0 (Linux; Android 10; K) AppleWebKit/537.36 (KHTML, like Gecko) Chrome/141.0.0.0 Mobile Safari/537.36"
150.129.42.76 - - [19/Oct/2025:09:32:52 -0400] "GET /wp-content/uploads/roller-coaster-animated-1.gif HTTP/1.1" 304 - "https://sexpositions.online/anal/" "Mozilla/5.0 (Linux; Android 10; K) AppleWebKit/537.36 (KHTML, like Gecko) Chrome/141.0.0.0 Mobile Safari/537.36"
128.127.185.85 - - [19/Oct/2025:09:32:59 -0400] "GET /wp-content/uploads/the-acrobat-animated-1.gif HTTP/1.1" 304 - "https://myactivity.google.com/" "Mozilla/5.0 (Macintosh; Intel Mac OS X 10_15_7) AppleWebKit/605.1.15 (KHTML, like Gecko) Version/18.6 Safari/605.1.15"
128.127.185.85 - - [19/Oct/2025:09:32:59 -0400] "GET /wp-content/uploads/banner.jpg HTTP/1.1" 304 - "https://myactivity.google.com/" "Mozilla/5.0 (Macintosh; Intel Mac OS X 10_15_7) AppleWebKit/605.1.15 (KHTML, like Gecko) Version/18.6 Safari/605.1.15"
128.127.185.85 - - [19/Oct/2025:09:32:59 -0400] "GET /wp-content/uploads/sidewinder-animated-1.gif HTTP/1.1" 304 - "https://myactivity.google.com/" "Mozilla/5.0 (Macintosh; Intel Mac OS X 10_15_7) AppleWebKit/605.1.15 (KHTML, like Gecko) Version/18.6 Safari/605.1.15"
128.127.185.85 - - [19/Oct/2025:09:32:59 -0400] "GET /wp-content/uploads/the-cuddler-animated.gif HTTP/1.1" 304 - "https://myactivity.google.com/" "Mozilla/5.0 (Macintosh; Intel Mac OS X 10_15_7) AppleWebKit/605.1.15 (KHTML, like Gecko) Version/18.6 Safari/605.1.15"
128.127.185.85 - - [19/Oct/2025:09:32:59 -0400] "GET /wp-content/uploads/cropped-favicon-180x180.png HTTP/1.1" 304 - "https://myactivity.google.com/" "Mozilla/5.0 (Macintosh; Intel Mac OS X 10_15_7) AppleWebKit/605.1.15 (KHTML, like Gecko) Version/18.6 Safari/605.1.15"
128.127.185.85 - - [19/Oct/2025:09:32:59 -0400] "GET /wp-content/uploads/happy-hands-animated.gif HTTP/1.1" 304 - "https://myactivity.google.com/" "Mozilla/5.0 (Macintosh; Intel Mac OS X 10_15_7) AppleWebKit/605.1.15 (KHTML, like Gecko) Version/18.6 Safari/605.1.15"
128.127.185.85 - - [19/Oct/2025:09:32:59 -0400] "GET /wp-content/uploads/spiderman-animated.gif HTTP/1.1" 304 - "https://myactivity.google.com/" "Mozilla/5.0 (Macintosh; Intel Mac OS X 10_15_7) AppleWebKit/605.1.15 (KHTML, like Gecko) Version/18.6 Safari/605.1.15"
128.127.185.85 - - [19/Oct/2025:09:32:59 -0400] "GET /wp-content/uploads/the-firm-animated.gif HTTP/1.1" 304 - "https://myactivity.google.com/" "Mozilla/5.0 (Macintosh; Intel Mac OS X 10_15_7) AppleWebKit/605.1.15 (KHTML, like Gecko) Version/18.6 Safari/605.1.15"
128.127.185.85 - - [19/Oct/2025:09:32:59 -0400] "GET /wp-content/uploads/jackhammer-animated.gif HTTP/1.1" 304 - "https://myactivity.google.com/" "Mozilla/5.0 (Macintosh; Intel Mac OS X 10_15_7) AppleWebKit/605.1.15 (KHTML, like Gecko) Version/18.6 Safari/605.1.15"
150.129.42.76 - - [19/Oct/2025:09:32:59 -0400] "GET /roller-coaster/ HTTP/1.1" 200 98195 "https://sexpositions.online/anal/" "Mozilla/5.0 (Linux; Android 10; K) AppleWebKit/537.36 (KHTML, like Gecko) Chrome/141.0.0.0 Mobile Safari/537.36"
149.88.18.242 - - [19/Oct/2025:09:33:03 -0400] "GET /chair/ HTTP/1.1" 200 103051 "https://sexpositions.online/" "Mozilla/5.0 (iPhone; CPU iPhone OS 18_2_1 like Mac OS X) AppleWebKit/605.1.15 (KHTML, like Gecko) Version/18.2 Mobile/15E148 Safari/604.1"
149.88.18.242 - - [19/Oct/2025:09:33:05 -0400] "GET /wp-content/uploads/whos-your-daddy-animated.gif HTTP/1.1" 304 - "https://sexpositions.online/chair/" "Mozilla/5.0 (iPhone; CPU iPhone OS 18_2_1 like Mac OS X) AppleWebKit/605.1.15 (KHTML, like Gecko) Version/18.2 Mobile/15E148 Safari/604.1"
149.88.18.242 - - [19/Oct/2025:09:33:05 -0400] "GET /wp-content/uploads/the-straddle-animated.gif HTTP/1.1" 304 - "https://sexpositions.online/chair/" "Mozilla/5.0 (iPhone; CPU iPhone OS 18_2_1 like Mac OS X) AppleWebKit/605.1.15 (KHTML, like Gecko) Version/18.2 Mobile/15E148 Safari/604.1"
149.88.18.242 - - [19/Oct/2025:09:33:06 -0400] "GET /wp-content/uploads/the-love-seat-animated-1.gif HTTP/1.1" 304 - "https://sexpositions.online/chair/" "Mozilla/5.0 (iPhone; CPU iPhone OS 18_2_1 like Mac OS X) AppleWebKit/605.1.15 (KHTML, like Gecko) Version/18.2 Mobile/15E148 Safari/604.1"
150.129.42.76 - - [19/Oct/2025:09:33:06 -0400] "GET /chair/ HTTP/1.1" 200 103051 "https://sexpositions.online/anal/" "Mozilla/5.0 (Linux; Android 10; K) AppleWebKit/537.36 (KHTML, like Gecko) Chrome/141.0.0.0 Mobile Safari/537.36"
150.129.42.76 - - [19/Oct/2025:09:33:07 -0400] "GET /disclaimer/ HTTP/1.1" 200 96919 "https://sexpositions.online/anal/" "Mozilla/5.0 (Linux; Android 10; K) AppleWebKit/537.36 (KHTML, like Gecko) Chrome/141.0.0.0 Mobile Safari/537.36"
150.129.42.76 - - [19/Oct/2025:09:33:08 -0400] "GET /from-behind/ HTTP/1.1" 200 102707 "https://sexpositions.online/anal/" "Mozilla/5.0 (Linux; Android 10; K) AppleWebKit/537.36 (KHTML, like Gecko) Chrome/141.0.0.0 Mobile Safari/537.36"
149.88.18.242 - - [19/Oct/2025:09:33:09 -0400] "GET /wp-content/uploads/lap-dance-animated.gif HTTP/1.1" 304 - "https://sexpositions.online/chair/" "Mozilla/5.0 (iPhone; CPU iPhone OS 18_2_1 like Mac OS X) AppleWebKit/605.1.15 (KHTML, like Gecko) Version/18.2 Mobile/15E148 Safari/604.1"
150.129.42.76 - - [19/Oct/2025:09:33:13 -0400] "GET /oral/69-ing/ HTTP/1.1" 200 102598 "https://sexpositions.online/anal/" "Mozilla/5.0 (Linux; Android 10; K) AppleWebKit/537.36 (KHTML, like Gecko) Chrome/141.0.0.0 Mobile Safari/537.36"
149.88.18.242 - - [19/Oct/2025:09:33:14 -0400] "GET /wp-content/uploads/the-hammock-animated.gif HTTP/1.1" 304 - "https://sexpositions.online/chair/" "Mozilla/5.0 (iPhone; CPU iPhone OS 18_2_1 like Mac OS X) AppleWebKit/605.1.15 (KHTML, like Gecko) Version/18.2 Mobile/15E148 Safari/604.1"
150.129.42.76 - - [19/Oct/2025:09:33:14 -0400] "GET /oral/cunnilingus/ HTTP/1.1" 200 104753 "https://sexpositions.online/anal/" "Mozilla/5.0 (Linux; Android 10; K) AppleWebKit/537.36 (KHTML, like Gecko) Chrome/141.0.0.0 Mobile Safari/537.36"
150.129.42.76 - - [19/Oct/2025:09:33:15 -0400] "GET /wp-content/uploads/the-rocker-animated.gif HTTP/1.1" 304 - "https://sexpositions.online/oral/cunnilingus/" "Mozilla/5.0 (Linux; Android 10; K) AppleWebKit/537.36 (KHTML, like Gecko) Chrome/141.0.0.0 Mobile Safari/537.36"
150.129.42.76 - - [19/Oct/2025:09:33:15 -0400] "GET /wp-content/uploads/hula-girl-animated.gif HTTP/1.1" 304 - "https://sexpositions.online/oral/cunnilingus/" "Mozilla/5.0 (Linux; Android 10; K) AppleWebKit/537.36 (KHTML, like Gecko) Chrome/141.0.0.0 Mobile Safari/537.36"
150.129.42.76 - - [19/Oct/2025:09:33:15 -0400] "GET /wp-content/uploads/back-bend-animated.gif HTTP/1.1" 304 - "https://sexpositions.online/oral/cunnilingus/" "Mozilla/5.0 (Linux; Android 10; K) AppleWebKit/537.36 (KHTML, like Gecko) Chrome/141.0.0.0 Mobile Safari/537.36"
150.129.42.76 - - [19/Oct/2025:09:33:16 -0400] "GET /wp-content/uploads/the-tumbler-animated.gif HTTP/1.1" 304 - "https://sexpositions.online/oral/cunnilingus/" "Mozilla/5.0 (Linux; Android 10; K) AppleWebKit/537.36 (KHTML, like Gecko) Chrome/141.0.0.0 Mobile Safari/537.36"
149.88.18.242 - - [19/Oct/2025:09:33:16 -0400] "GET /wp-content/uploads/hot-seat-animated-1.gif HTTP/1.1" 304 - "https://sexpositions.online/chair/" "Mozilla/5.0 (iPhone; CPU iPhone OS 18_2_1 like Mac OS X) AppleWebKit/605.1.15 (KHTML, like Gecko) Version/18.2 Mobile/15E148 Safari/604.1"
150.129.42.76 - - [19/Oct/2025:09:33:17 -0400] "GET /wp-content/uploads/the-headlock-animated.gif HTTP/1.1" 304 - "https://sexpositions.online/oral/cunnilingus/" "Mozilla/5.0 (Linux; Android 10; K) AppleWebKit/537.36 (KHTML, like Gecko) Chrome/141.0.0.0 Mobile Safari/537.36"
149.88.18.242 - - [19/Oct/2025:09:33:17 -0400] "GET /wp-content/uploads/courting-chairs-animated.gif HTTP/1.1" 304 - "https://sexpositions.online/chair/" "Mozilla/5.0 (iPhone; CPU iPhone OS 18_2_1 like Mac OS X) AppleWebKit/605.1.15 (KHTML, like Gecko) Version/18.2 Mobile/15E148 Safari/604.1"
150.129.42.76 - - [19/Oct/2025:09:33:20 -0400] "GET /wp-content/uploads/the-pin-up-animated.gif HTTP/1.1" 304 - "https://sexpositions.online/oral/cunnilingus/" "Mozilla/5.0 (Linux; Android 10; K) AppleWebKit/537.36 (KHTML, like Gecko) Chrome/141.0.0.0 Mobile Safari/537.36"
150.129.42.76 - - [19/Oct/2025:09:33:20 -0400] "GET /wp-content/uploads/dirty-doggy-animated.gif HTTP/1.1" 304 - "https://sexpositions.online/oral/cunnilingus/" "Mozilla/5.0 (Linux; Android 10; K) AppleWebKit/537.36 (KHTML, like Gecko) Chrome/141.0.0.0 Mobile Safari/537.36"
176.154.3.44 - - [19/Oct/2025:09:33:21 -0400] "GET /wp-content/uploads/the-rocker-animated.gif HTTP/1.1" 304 - "https://www.google.com/" "Mozilla/5.0 (Linux; Android 10; K) AppleWebKit/537.36 (KHTML, like Gecko) Chrome/141.0.0.0 Mobile Safari/537.36"
128.71.134.220 - - [19/Oct/2025:09:33:21 -0400] "GET /wp-content/uploads/helicopter-animated.gif HTTP/1.1" 304 - "https://yandex.ru/" "Mozilla/5.0 (iPhone; CPU iPhone OS 18_6 like Mac OS X) AppleWebKit/605.1.15 (KHTML, like Gecko) Mobile/15E148 YaBrowser/25.10.1.710.10 YaApp_iOS/2510.1 YaApp_iOS_Search/2510.1 TA/2.1 webVert webOmni Safari/604.1 SA/3"
149.88.18.242 - - [19/Oct/2025:09:33:21 -0400] "GET /wp-content/uploads/the-throne-animated-1.gif HTTP/1.1" 304 - "https://sexpositions.online/chair/" "Mozilla/5.0 (iPhone; CPU iPhone OS 18_2_1 like Mac OS X) AppleWebKit/605.1.15 (KHTML, like Gecko) Version/18.2 Mobile/15E148 Safari/604.1"
149.88.18.242 - - [19/Oct/2025:09:33:22 -0400] "GET /wp-content/uploads/avalanche-animated.gif HTTP/1.1" 304 - "https://sexpositions.online/chair/" "Mozilla/5.0 (iPhone; CPU iPhone OS 18_2_1 like Mac OS X) AppleWebKit/605.1.15 (KHTML, like Gecko) Version/18.2 Mobile/15E148 Safari/604.1"
150.129.42.76 - - [19/Oct/2025:09:33:22 -0400] "GET /wp-content/uploads/the-flat-back-animated.gif HTTP/1.1" 304 - "https://sexpositions.online/oral/cunnilingus/" "Mozilla/5.0 (Linux; Android 10; K) AppleWebKit/537.36 (KHTML, like Gecko) Chrome/141.0.0.0 Mobile Safari/537.36"
64.224.128.202 - - [19/Oct/2025:09:33:23 -0400] "POST /xmlrpc.php HTTP/1.1" 200 403 "-" "Mozilla/5.0 (Windows NT 10.0; x64) AppleWebKit/537.36 (KHTML, like Gecko) Firefox/79.0.0.0 Safari/537.36"
150.129.42.76 - - [19/Oct/2025:09:33:28 -0400] "GET /wp-content/uploads/the-buffet-animated.gif HTTP/1.1" 304 - "https://sexpositions.online/oral/cunnilingus/" "Mozilla/5.0 (Linux; Android 10; K) AppleWebKit/537.36 (KHTML, like Gecko) Chrome/141.0.0.0 Mobile Safari/537.36"
150.129.42.76 - - [19/Oct/2025:09:33:29 -0400] "GET /wp-content/uploads/kissing-the-pink-animated.gif HTTP/1.1" 304 - "https://sexpositions.online/oral/cunnilingus/" "Mozilla/5.0 (Linux; Android 10; K) AppleWebKit/537.36 (KHTML, like Gecko) Chrome/141.0.0.0 Mobile Safari/537.36"
217.79.107.216 - - [19/Oct/2025:09:33:30 -0400] "GET /wp-content/uploads/buckin-bronco-animated.gif HTTP/1.1" 304 - "https://yandex.uz/" "Mozilla/5.0 (Linux; arm_64; Android 14; SM-A155F) AppleWebKit/537.36 (KHTML, like Gecko) Chrome/138.0.7204.405 YaSearchBrowser/25.89.1 BroPP/1.0 YaSearchApp/25.89.1 webOmni SA/3 Mobile Safari/537.36"
150.129.42.76 - - [19/Oct/2025:09:33:31 -0400] "GET /wp-content/uploads/head-rush-animated.gif HTTP/1.1" 304 - "https://sexpositions.online/oral/cunnilingus/" "Mozilla/5.0 (Linux; Android 10; K) AppleWebKit/537.36 (KHTML, like Gecko) Chrome/141.0.0.0 Mobile Safari/537.36"
150.129.42.76 - - [19/Oct/2025:09:33:33 -0400] "GET /the-buffet/ HTTP/1.1" 200 97904 "https://sexpositions.online/oral/cunnilingus/" "Mozilla/5.0 (Linux; Android 10; K) AppleWebKit/537.36 (KHTML, like Gecko) Chrome/141.0.0.0 Mobile Safari/537.36"
216.244.66.234 - - [19/Oct/2025:09:33:34 -0400] "GET /anything-goes/?action=PageView HTTP/1.1" 200 98009 "-" "Mozilla/5.0 (compatible; DotBot/1.2; +https://opensiteexplorer.org/dotbot; [email protected])"
103.171.138.68 - - [19/Oct/2025:09:33:35 -0400] "GET / HTTP/1.1" 200 125069 "https://www.google.com/" "Mozilla/5.0 (Linux; Android 10; K) AppleWebKit/537.36 (KHTML, like Gecko) Chrome/141.0.0.0 Mobile Safari/537.36"
103.171.138.68 - - [19/Oct/2025:09:33:36 -0400] "GET /wp-content/uploads/banner.jpg HTTP/1.1" 304 - "https://sexpositions.online/" "Mozilla/5.0 (Linux; Android 10; K) AppleWebKit/537.36 (KHTML, like Gecko) Chrome/141.0.0.0 Mobile Safari/537.36"
103.171.138.68 - - [19/Oct/2025:09:33:36 -0400] "GET /wp-content/uploads/missionary-animated.gif HTTP/1.1" 304 - "https://sexpositions.online/" "Mozilla/5.0 (Linux; Android 10; K) AppleWebKit/537.36 (KHTML, like Gecko) Chrome/141.0.0.0 Mobile Safari/537.36"
150.129.42.76 - - [19/Oct/2025:09:33:41 -0400] "GET /reverse-69/ HTTP/1.1" 200 97862 "https://sexpositions.online/oral/69-ing/" "Mozilla/5.0 (Linux; Android 10; K) AppleWebKit/537.36 (KHTML, like Gecko) Chrome/141.0.0.0 Mobile Safari/537.36"
150.129.42.76 - - [19/Oct/2025:09:33:52 -0400] "GET /worlds-strongest/ HTTP/1.1" 200 98135 "https://sexpositions.online/oral/69-ing/" "Mozilla/5.0 (Linux; Android 10; K) AppleWebKit/537.36 (KHTML, like Gecko) Chrome/141.0.0.0 Mobile Safari/537.36"
51.195.183.188 - - [19/Oct/2025:09:33:55 -0400] "GET /anvil/ HTTP/1.1" 200 98055 "-" "Mozilla/5.0 (compatible; AhrefsBot/7.0; +http://ahrefs.com/robot/)"
150.129.42.76 - - [19/Oct/2025:09:33:58 -0400] "GET /reverse-69-back/ HTTP/1.1" 200 97924 "https://sexpositions.online/oral/69-ing/" "Mozilla/5.0 (Linux; Android 10; K) AppleWebKit/537.36 (KHTML, like Gecko) Chrome/141.0.0.0 Mobile Safari/537.36"
2409:40f2:42:314:6552:8c5f:ab17:ddc8 - - [19/Oct/2025:09:34:01 -0400] "GET /wp-content/uploads/boys-on-the-side-animated.gif HTTP/1.1" 304 - "https://www.google.com/" "Mozilla/5.0 (Windows NT 10.0; Win64; x64) AppleWebKit/537.36 (KHTML, like Gecko) Chrome/140.0.0.0 Safari/537.36"
103.171.138.68 - - [19/Oct/2025:09:34:07 -0400] "GET /lotus/ HTTP/1.1" 200 101234 "https://sexpositions.online/" "Mozilla/5.0 (Linux; Android 10; K) AppleWebKit/537.36 (KHTML, like Gecko) Chrome/141.0.0.0 Mobile Safari/537.36"
150.129.42.76 - - [19/Oct/2025:09:34:08 -0400] "GET /woman-on-top/ HTTP/1.1" 200 105204 "https://sexpositions.online/anal/" "Mozilla/5.0 (Linux; Android 10; K) AppleWebKit/537.36 (KHTML, like Gecko) Chrome/141.0.0.0 Mobile Safari/537.36"
150.129.42.76 - - [19/Oct/2025:09:34:09 -0400] "GET /wp-content/uploads/full-nelson-animated.gif HTTP/1.1" 304 - "https://sexpositions.online/woman-on-top/" "Mozilla/5.0 (Linux; Android 10; K) AppleWebKit/537.36 (KHTML, like Gecko) Chrome/141.0.0.0 Mobile Safari/537.36"
