2001:4dd7:8d58:0:9ec4:e1e:2a5b:cdb2 - - [19/Oct/2025:08:37:30 -0400] "GET /wp-content/uploads/the-pin-up-animated.gif HTTP/1.1" 304 - "https://sexpositions.online/oral/cunnilingus/" "Mozilla/5.0 (X11; Ubuntu; Linux x86_64; rv:144.0) Gecko/20100101 Firefox/144.0"
107.151.216.53 - - [19/Oct/2025:08:37:31 -0400] "GET /wp-content/uploads/wheelbarrow-animated.gif HTTP/1.1" 304 - "https://yandex.by/" "Mozilla/5.0 (iPhone; CPU iPhone OS 17_6_1 like Mac OS X) AppleWebKit/605.1.15 (KHTML, like Gecko) Version/17.6 Mobile/15E148 Safari/604.1"
2001:4dd7:8d58:0:9ec4:e1e:2a5b:cdb2 - - [19/Oct/2025:08:37:32 -0400] "GET /wp-content/uploads/dirty-doggy-animated.gif HTTP/1.1" 304 - "https://sexpositions.online/oral/cunnilingus/" "Mozilla/5.0 (X11; Ubuntu; Linux x86_64; rv:144.0) Gecko/20100101 Firefox/144.0"
2001:4dd7:8d58:0:9ec4:e1e:2a5b:cdb2 - - [19/Oct/2025:08:37:33 -0400] "GET /wp-content/uploads/the-flat-back-animated.gif HTTP/1.1" 304 - "https://sexpositions.online/oral/cunnilingus/" "Mozilla/5.0 (X11; Ubuntu; Linux x86_64; rv:144.0) Gecko/20100101 Firefox/144.0"
2a02:aa11:282:b80:1592:482b:f099:b3d9 - - [19/Oct/2025:08:37:34 -0400] "GET /wp-content/uploads/piledriver-animated.gif HTTP/1.1" 304 - "https://www.google.com/" "Mozilla/5.0 (iPhone; CPU iPhone OS 26_0_1 like Mac OS X) AppleWebKit/605.1.15 (KHTML, like Gecko) GSA/390.0.817388646 Mobile/23A355 Safari/604.1"
102.91.102.173 - - [19/Oct/2025:08:37:35 -0400] "GET /wp-content/uploads/chair-tryst-animated.gif HTTP/1.1" 304 - "https://sexpositions.online/oral/69-ing/" "Dalvik/2.1.0 (Linux; U; Android 11; Infinix X6511G Build/RP1A.200720.011)"
107.151.216.53 - - [19/Oct/2025:08:37:38 -0400] "GET /wp-content/uploads/aquarius-animated.gif HTTP/1.1" 304 - "https://yandex.by/" "Mozilla/5.0 (iPhone; CPU iPhone OS 17_6_1 like Mac OS X) AppleWebKit/605.1.15 (KHTML, like Gecko) Version/17.6 Mobile/15E148 Safari/604.1"
102.91.102.173 - - [19/Oct/2025:08:37:45 -0400] "GET /wp-content/uploads/lazy-69-animated.gif HTTP/1.1" 304 - "https://sexpositions.online/oral/69-ing/" "Dalvik/2.1.0 (Linux; U; Android 11; Infinix X6511G Build/RP1A.200720.011)"
2001:4dd7:8d58:0:9ec4:e1e:2a5b:cdb2 - - [19/Oct/2025:08:37:51 -0400] "GET /wp-content/uploads/the-buffet-animated.gif HTTP/1.1" 200 262794 "https://sexpositions.online/oral/cunnilingus/" "Mozilla/5.0 (X11; Ubuntu; Linux x86_64; rv:144.0) Gecko/20100101 Firefox/144.0"
2a06:98c0:3600::103 - - [19/Oct/2025:08:37:52 -0400] "GET /wp-content/uploads/spooning-animated.gif HTTP/1.1" 304 - "-" "Mozilla/5.0 (Windows NT 10.0; Win64; x64; rv:109.0) Gecko/20100101 Firefox/115.0"
2001:4dd7:8d58:0:9ec4:e1e:2a5b:cdb2 - - [19/Oct/2025:08:37:54 -0400] "GET /wp-content/uploads/kissing-the-pink-animated.gif HTTP/1.1" 200 421658 "https://sexpositions.online/oral/cunnilingus/" "Mozilla/5.0 (X11; Ubuntu; Linux x86_64; rv:144.0) Gecko/20100101 Firefox/144.0"
2001:4dd7:8d58:0:9ec4:e1e:2a5b:cdb2 - - [19/Oct/2025:08:37:55 -0400] "GET /wp-content/uploads/head-rush-animated.gif HTTP/1.1" 200 151973 "https://sexpositions.online/oral/cunnilingus/" "Mozilla/5.0 (X11; Ubuntu; Linux x86_64; rv:144.0) Gecko/20100101 Firefox/144.0"
102.91.102.173 - - [19/Oct/2025:08:37:56 -0400] "GET /wp-content/uploads/handy-69-animated.gif HTTP/1.1" 304 - "https://sexpositions.online/oral/69-ing/" "Dalvik/2.1.0 (Linux; U; Android 11; Infinix X6511G Build/RP1A.200720.011)"
102.91.102.173 - - [19/Oct/2025:08:38:05 -0400] "GET /wp-content/uploads/reverse-69-back-animated.gif HTTP/1.1" 304 - "https://sexpositions.online/oral/69-ing/" "Dalvik/2.1.0 (Linux; U; Android 11; Infinix X6511G Build/RP1A.200720.011)"
103.215.249.103 - - [19/Oct/2025:08:38:06 -0400] "GET /wp-content/uploads/surprise-party-animated.gif HTTP/1.1" 200 221781 "-" "Dalvik/2.1.0 (Linux; U; Android 15; 2406ERN9CI Build/AQ3A.240912.001)"
2001:4dd7:8d58:0:9ec4:e1e:2a5b:cdb2 - - [19/Oct/2025:08:38:07 -0400] "GET /advanced/ HTTP/1.1" 200 101743 "https://sexpositions.online/oral/cunnilingus/" "Mozilla/5.0 (X11; Ubuntu; Linux x86_64; rv:144.0) Gecko/20100101 Firefox/144.0"
2001:4dd7:8d58:0:9ec4:e1e:2a5b:cdb2 - - [19/Oct/2025:08:38:08 -0400] "GET /wp-content/uploads/the-crazy-cat-animated.gif HTTP/1.1" 200 187658 "https://sexpositions.online/advanced/" "Mozilla/5.0 (X11; Ubuntu; Linux x86_64; rv:144.0) Gecko/20100101 Firefox/144.0"
2001:4dd7:8d58:0:9ec4:e1e:2a5b:cdb2 - - [19/Oct/2025:08:38:08 -0400] "GET /wp-content/uploads/sun-salutation-animated.gif HTTP/1.1" 200 207120 "https://sexpositions.online/advanced/" "Mozilla/5.0 (X11; Ubuntu; Linux x86_64; rv:144.0) Gecko/20100101 Firefox/144.0"
2001:4dd7:8d58:0:9ec4:e1e:2a5b:cdb2 - - [19/Oct/2025:08:38:09 -0400] "GET /wp-content/uploads/row-row-row-animated.gif HTTP/1.1" 200 233121 "https://sexpositions.online/advanced/" "Mozilla/5.0 (X11; Ubuntu; Linux x86_64; rv:144.0) Gecko/20100101 Firefox/144.0"
2001:4dd7:8d58:0:9ec4:e1e:2a5b:cdb2 - - [19/Oct/2025:08:38:09 -0400] "GET /wp-content/uploads/leaning-tower-animated.gif HTTP/1.1" 200 176297 "https://sexpositions.online/advanced/" "Mozilla/5.0 (X11; Ubuntu; Linux x86_64; rv:144.0) Gecko/20100101 Firefox/144.0"
2a02:c7c:d6d3:9800:341f:c9b4:5e3c:be1 - - [19/Oct/2025:08:38:10 -0400] "GET /wp-content/uploads/face-to-face-animated.gif HTTP/1.1" 304 - "https://www.google.com/" "Mozilla/5.0 (iPhone; CPU iPhone OS 26_0_1 like Mac OS X) AppleWebKit/605.1.15 (KHTML, like Gecko) GSA/390.0.817388646 Mobile/23A355 Safari/604.1"
2a06:5900:813b:2a00:8ce0:686:d53a:59c7 - - [19/Oct/2025:08:38:10 -0400] "GET / HTTP/1.1" 200 125069 "-" "Mozilla/5.0 (iPhone; CPU iPhone OS 18_7 like Mac OS X) AppleWebKit/605.1.15 (KHTML, like Gecko) Version/26.0.1 Mobile/15E148 Safari/604.1"
102.91.102.173 - - [19/Oct/2025:08:38:13 -0400] "GET /wp-content/uploads/worlds-strongest-animated.gif HTTP/1.1" 304 - "https://sexpositions.online/oral/69-ing/" "Dalvik/2.1.0 (Linux; U; Android 11; Infinix X6511G Build/RP1A.200720.011)"
2001:4dd7:8d58:0:9ec4:e1e:2a5b:cdb2 - - [19/Oct/2025:08:38:14 -0400] "GET /wp-content/uploads/spider-monkey-animated.gif HTTP/1.1" 200 211415 "https://sexpositions.online/advanced/" "Mozilla/5.0 (X11; Ubuntu; Linux x86_64; rv:144.0) Gecko/20100101 Firefox/144.0"
2001:4dd7:8d58:0:9ec4:e1e:2a5b:cdb2 - - [19/Oct/2025:08:38:15 -0400] "GET /wp-content/uploads/tetherball-animated.gif HTTP/1.1" 200 263103 "https://sexpositions.online/advanced/" "Mozilla/5.0 (X11; Ubuntu; Linux x86_64; rv:144.0) Gecko/20100101 Firefox/144.0"
105.8.6.67 - - [19/Oct/2025:08:38:22 -0400] "GET /wp-content/uploads/highway-to-heaven-animated.gif HTTP/1.1" 200 208133 "https://www.google.com/" "Mozilla/5.0 (Linux; Android 14; SM-A256E Build/UP1A.231005.007; wv) AppleWebKit/537.36 (KHTML, like Gecko) Version/4.0 Chrome/140.0.7339.207 Mobile Safari/537.36 GoogleApp/16.40.23.ve.arm64"
66.116.199.115 - - [19/Oct/2025:08:38:24 -0400] "POST /wp-cron.php?doing_wp_cron=1760877504.1421670913696289062500 HTTP/1.1" 200 - "-" "WordPress/6.8.3; https://sexpositions.online"
102.23.96.21 - - [19/Oct/2025:08:38:23 -0400] "GET /oral/ HTTP/1.1" 200 105341 "https://sexpositions.online/oral/69-ing/" "Mozilla/5.0 (Linux; Android 11; Infinix X6511G Build/RP1A.200720.011; wv) AppleWebKit/537.36 (KHTML, like Gecko) Version/4.0 Chrome/141.0.7390.97 Mobile Safari/537.36"
82.145.215.206 - - [19/Oct/2025:08:38:24 -0400] "GET / HTTP/1.1" 200 125069 "-" "Mozilla/5.0 (iPhone; CPU iPhone OS 11_0 like Mac OS X) AppleWebKit/604.1.38 (KHTML, like Gecko) Version/11.0 Mobile/15A372 Safari/604.1"
82.145.215.206 - - [19/Oct/2025:08:38:25 -0400] "GET /wp-content/uploads/cropped-favicon-32x32.png HTTP/1.1" 304 - "-" "Go-http-client/1.1"
82.145.215.206 - - [19/Oct/2025:08:38:25 -0400] "GET /apple-touch-icon.png HTTP/1.1" 200 95107 "-" "Go-http-client/1.1"
102.23.96.21 - - [19/Oct/2025:08:38:25 -0400] "GET /wp-content/uploads/play-ball-animated.gif HTTP/1.1" 304 - "https://sexpositions.online/oral/" "Mozilla/5.0 (Linux; U; Android 11; Infinix X6511G Build/RP1A.200720.011; wv) AppleWebKit/537.36 (KHTML, like Gecko) Version/4.0 Chrome/141.0.7390.97 Mobile Safari/537.36 OPR/71.0.2254.67211"
102.23.96.19 - - [19/Oct/2025:08:38:26 -0400] "GET /wp-content/uploads/dirty-doggy-animated.gif HTTP/1.1" 304 - "https://sexpositions.online/oral/" "Mozilla/5.0 (Linux; U; Android 11; Infinix X6511G Build/RP1A.200720.011; wv) AppleWebKit/537.36 (KHTML, like Gecko) Version/4.0 Chrome/141.0.7390.97 Mobile Safari/537.36 OPR/71.0.2254.67211"
102.23.96.21 - - [19/Oct/2025:08:38:26 -0400] "GET /wp-content/uploads/the-tipster-animated.gif HTTP/1.1" 304 - "https://sexpositions.online/oral/" "Mozilla/5.0 (Linux; U; Android 11; Infinix X6511G Build/RP1A.200720.011; wv) AppleWebKit/537.36 (KHTML, like Gecko) Version/4.0 Chrome/141.0.7390.97 Mobile Safari/537.36 OPR/71.0.2254.67211"
102.23.96.21 - - [19/Oct/2025:08:38:30 -0400] "GET /wp-content/uploads/drivers-seat-animated.gif HTTP/1.1" 304 - "https://sexpositions.online/oral/" "Mozilla/5.0 (Linux; U; Android 11; Infinix X6511G Build/RP1A.200720.011; wv) AppleWebKit/537.36 (KHTML, like Gecko) Version/4.0 Chrome/141.0.7390.97 Mobile Safari/537.36 OPR/71.0.2254.67211"
102.23.96.21 - - [19/Oct/2025:08:38:31 -0400] "GET /wp-content/uploads/the-pin-up-animated.gif HTTP/1.1" 304 - "https://sexpositions.online/oral/" "Mozilla/5.0 (Linux; U; Android 11; Infinix X6511G Build/RP1A.200720.011; wv) AppleWebKit/537.36 (KHTML, like Gecko) Version/4.0 Chrome/141.0.7390.97 Mobile Safari/537.36 OPR/71.0.2254.67211"
2600:1009:b0c5:3219:1588:7a7a:e31b:eeaf - - [19/Oct/2025:08:38:33 -0400] "GET /wp-content/uploads/scissor-animated.gif HTTP/1.1" 304 - "https://www.google.com/" "Mozilla/5.0 (iPhone; CPU iPhone OS 18_6_2 like Mac OS X) AppleWebKit/605.1.15 (KHTML, like Gecko) Version/18.6 Mobile/15E148 Safari/604.1"
37.238.192.20 - - [19/Oct/2025:08:38:33 -0400] "GET /wp-content/uploads/pretzel-animated.gif HTTP/1.1" 304 - "https://www.google.com/" "Mozilla/5.0 (Linux; Android 14; 2409BRN2CA Build/UP1A.231005.007; wv) AppleWebKit/537.36 (KHTML, like Gecko) Version/4.0 Chrome/141.0.7390.97 Mobile Safari/537.36 GoogleApp/16.41.36.ve.arm64"
2600:1009:b0c5:3219:1588:7a7a:e31b:eeaf - - [19/Oct/2025:08:38:37 -0400] "GET /scissor/ HTTP/1.1" 200 98132 "https://www.google.com/" "Mozilla/5.0 (iPhone; CPU iPhone OS 18_6_2 like Mac OS X) AppleWebKit/605.1.15 (KHTML, like Gecko) Version/18.6 Mobile/15E148 Safari/604.1"
2409:40f2:316:4e1:8000:: - - [19/Oct/2025:08:38:37 -0400] "GET / HTTP/1.1" 200 125069 "https://www.google.com/" "Mozilla/5.0 (Linux; Android 10; K) AppleWebKit/537.36 (KHTML, like Gecko) Chrome/141.0.0.0 Mobile Safari/537.36"
2600:1009:b0c5:3219:1588:7a7a:e31b:eeaf - - [19/Oct/2025:08:38:39 -0400] "GET /wp-content/uploads/cropped-favicon-32x32.png HTTP/1.1" 304 - "https://sexpositions.online/scissor/" "Mozilla/5.0 (iPhone; CPU iPhone OS 18_6_2 like Mac OS X) AppleWebKit/605.1.15 (KHTML, like Gecko) Version/18.6 Mobile/15E148 Safari/604.1"
64.238.203.77 - - [19/Oct/2025:08:38:42 -0400] "GET /wp-content/uploads/rapunzel-animated.gif HTTP/1.1" 200 234745 "https://ya.ru/" "Mozilla/5.0 (iPhone; CPU iPhone OS 16_7_11 like Mac OS X) AppleWebKit/605.1.15 (KHTML, like Gecko) Version/16.6.1 Mobile/15E148 Safari/604.1"
2600:1009:b0c5:3219:1588:7a7a:e31b:eeaf - - [19/Oct/2025:08:38:43 -0400] "GET /stand-and-carry/ HTTP/1.1" 200 98071 "https://sexpositions.online/scissor/" "Mozilla/5.0 (iPhone; CPU iPhone OS 18_6_2 like Mac OS X) AppleWebKit/605.1.15 (KHTML, like Gecko) Version/18.6 Mobile/15E148 Safari/604.1"
2600:1009:b0c5:3219:1588:7a7a:e31b:eeaf - - [19/Oct/2025:08:38:44 -0400] "GET /wp-content/uploads/stand-and-carry-animated.gif HTTP/1.1" 304 - "https://sexpositions.online/stand-and-carry/" "Mozilla/5.0 (iPhone; CPU iPhone OS 18_6_2 like Mac OS X) AppleWebKit/605.1.15 (KHTML, like Gecko) Version/18.6 Mobile/15E148 Safari/604.1"
2a01:b340:61:c73d:4c66:d7a:9016:6455 - - [19/Oct/2025:08:38:48 -0400] "GET /piledriver/ HTTP/1.1" 200 99780 "-" "Mozilla/5.0 (Linux; Android 10; K) AppleWebKit/537.36 (KHTML, like Gecko) SamsungBrowser/28.0 Chrome/130.0.0.0 Mobile Safari/537.36"
2a01:b340:61:c73d:4c66:d7a:9016:6455 - - [19/Oct/2025:08:38:49 -0400] "GET /wp-content/themes/astra/assets/css/minified/main.min.css?ver=4.11.12 HTTP/1.1" 304 - "https://sexpositions.online/piledriver/" "Mozilla/5.0 (Linux; Android 10; K) AppleWebKit/537.36 (KHTML, like Gecko) SamsungBrowser/28.0 Chrome/130.0.0.0 Mobile Safari/537.36"
2a01:b340:61:c73d:4c66:d7a:9016:6455 - - [19/Oct/2025:08:38:49 -0400] "GET /wp-includes/css/dist/block-library/style.min.css?ver=6.8.3 HTTP/1.1" 304 - "https://sexpositions.online/piledriver/" "Mozilla/5.0 (Linux; Android 10; K) AppleWebKit/537.36 (KHTML, like Gecko) SamsungBrowser/28.0 Chrome/130.0.0.0 Mobile Safari/537.36"
2a01:b340:61:c73d:4c66:d7a:9016:6455 - - [19/Oct/2025:08:38:49 -0400] "GET /wp-content/uploads/piledriver-animated.gif HTTP/1.1" 304 - "https://sexpositions.online/piledriver/" "Mozilla/5.0 (Linux; Android 10; K) AppleWebKit/537.36 (KHTML, like Gecko) SamsungBrowser/28.0 Chrome/130.0.0.0 Mobile Safari/537.36"
2a01:b340:61:c73d:4c66:d7a:9016:6455 - - [19/Oct/2025:08:38:49 -0400] "GET /wp-content/uploads/spider-monkey-animated.gif HTTP/1.1" 304 - "https://sexpositions.online/piledriver/" "Mozilla/5.0 (Linux; Android 10; K) AppleWebKit/537.36 (KHTML, like Gecko) SamsungBrowser/28.0 Chrome/130.0.0.0 Mobile Safari/537.36"
2a01:b340:61:c73d:4c66:d7a:9016:6455 - - [19/Oct/2025:08:38:49 -0400] "GET /wp-content/themes/astra/assets/js/minified/frontend.min.js?ver=4.11.12 HTTP/1.1" 304 - "https://sexpositions.online/piledriver/" "Mozilla/5.0 (Linux; Android 10; K) AppleWebKit/537.36 (KHTML, like Gecko) SamsungBrowser/28.0 Chrome/130.0.0.0 Mobile Safari/537.36"
2a01:b340:61:c73d:4c66:d7a:9016:6455 - - [19/Oct/2025:08:38:50 -0400] "GET /wp-content/uploads/the-wow-wow-animated.gif HTTP/1.1" 304 - "https://sexpositions.online/piledriver/" "Mozilla/5.0 (Linux; Android 10; K) AppleWebKit/537.36 (KHTML, like Gecko) SamsungBrowser/28.0 Chrome/130.0.0.0 Mobile Safari/537.36"
2a01:b340:61:c73d:4c66:d7a:9016:6455 - - [19/Oct/2025:08:38:50 -0400] "GET /wp-includes/js/wp-emoji-release.min.js?ver=6.8.3 HTTP/1.1" 304 - "https://sexpositions.online/piledriver/" "Mozilla/5.0 (Linux; Android 10; K) AppleWebKit/537.36 (KHTML, like Gecko) SamsungBrowser/28.0 Chrome/130.0.0.0 Mobile Safari/537.36"
2a01:b340:61:c73d:4c66:d7a:9016:6455 - - [19/Oct/2025:08:38:50 -0400] "GET /wp-content/uploads/cropped-favicon-192x192.png HTTP/1.1" 304 - "https://sexpositions.online/piledriver/" "Mozilla/5.0 (Linux; Android 10; K) AppleWebKit/537.36 (KHTML, like Gecko) SamsungBrowser/28.0 Chrome/130.0.0.0 Mobile Safari/537.36"
2a01:b340:61:c73d:4c66:d7a:9016:6455 - - [19/Oct/2025:08:38:50 -0400] "GET /wp-content/uploads/cropped-favicon-180x180.png HTTP/1.1" 304 - "https://sexpositions.online/piledriver/" "Mozilla/5.0 (Linux; Android 10; K) AppleWebKit/537.36 (KHTML, like Gecko) SamsungBrowser/28.0 Chrome/130.0.0.0 Mobile Safari/537.36"
2600:1009:b0c5:3219:1588:7a7a:e31b:eeaf - - [19/Oct/2025:08:38:51 -0400] "GET /crouching-tiger/ HTTP/1.1" 200 98093 "https://sexpositions.online/stand-and-carry/" "Mozilla/5.0 (iPhone; CPU iPhone OS 18_6_2 like Mac OS X) AppleWebKit/605.1.15 (KHTML, like Gecko) Version/18.6 Mobile/15E148 Safari/604.1"
2600:1009:b0c5:3219:1588:7a7a:e31b:eeaf - - [19/Oct/2025:08:38:52 -0400] "GET /wp-content/uploads/crouching-tiger-animated-1.gif HTTP/1.1" 304 - "https://sexpositions.online/crouching-tiger/" "Mozilla/5.0 (iPhone; CPU iPhone OS 18_6_2 like Mac OS X) AppleWebKit/605.1.15 (KHTML, like Gecko) Version/18.6 Mobile/15E148 Safari/604.1"
64.238.203.77 - - [19/Oct/2025:08:38:53 -0400] "GET /wp-content/uploads/buckin-bronco-animated.gif HTTP/1.1" 200 244206 "https://ya.ru/" "Mozilla/5.0 (iPhone; CPU iPhone OS 16_7_11 like Mac OS X) AppleWebKit/605.1.15 (KHTML, like Gecko) Version/16.6.1 Mobile/15E148 Safari/604.1"
80.191.142.196 - - [19/Oct/2025:08:38:55 -0400] "GET /wp-content/uploads/highway-to-heaven-animated.gif HTTP/1.1" 304 - "https://www.google.com/" "Mozilla/5.0 (Linux; Android 10; K) AppleWebKit/537.36 (KHTML, like Gecko) Chrome/141.0.0.0 Mobile Safari/537.36"
2600:1009:b0c5:3219:1588:7a7a:e31b:eeaf - - [19/Oct/2025:08:38:58 -0400] "GET /buckin-bronco/ HTTP/1.1" 200 98066 "https://sexpositions.online/crouching-tiger/" "Mozilla/5.0 (iPhone; CPU iPhone OS 18_6_2 like Mac OS X) AppleWebKit/605.1.15 (KHTML, like Gecko) Version/18.6 Mobile/15E148 Safari/604.1"
2600:1009:b0c5:3219:1588:7a7a:e31b:eeaf - - [19/Oct/2025:08:38:59 -0400] "GET /wp-content/uploads/buckin-bronco-animated.gif HTTP/1.1" 304 - "https://sexpositions.online/buckin-bronco/" "Mozilla/5.0 (iPhone; CPU iPhone OS 18_6_2 like Mac OS X) AppleWebKit/605.1.15 (KHTML, like Gecko) Version/18.6 Mobile/15E148 Safari/604.1"
102.23.96.21 - - [19/Oct/2025:08:39:03 -0400] "GET /wp-content/uploads/the-rocker-animated.gif HTTP/1.1" 304 - "https://sexpositions.online/oral/" "Mozilla/5.0 (Linux; U; Android 11; Infinix X6511G Build/RP1A.200720.011; wv) AppleWebKit/537.36 (KHTML, like Gecko) Version/4.0 Chrome/141.0.7390.97 Mobile Safari/537.36 OPR/71.0.2254.67211"
102.23.96.19 - - [19/Oct/2025:08:39:05 -0400] "GET /wp-content/uploads/sword-swallower-animated.gif HTTP/1.1" 304 - "https://sexpositions.online/oral/" "Mozilla/5.0 (Linux; U; Android 11; Infinix X6511G Build/RP1A.200720.011; wv) AppleWebKit/537.36 (KHTML, like Gecko) Version/4.0 Chrome/141.0.7390.97 Mobile Safari/537.36 OPR/71.0.2254.67211"
2600:1009:b0c5:3219:1588:7a7a:e31b:eeaf - - [19/Oct/2025:08:39:05 -0400] "GET /prone-bone/ HTTP/1.1" 200 98050 "https://sexpositions.online/buckin-bronco/" "Mozilla/5.0 (iPhone; CPU iPhone OS 18_6_2 like Mac OS X) AppleWebKit/605.1.15 (KHTML, like Gecko) Version/18.6 Mobile/15E148 Safari/604.1"
102.23.96.15 - - [19/Oct/2025:08:39:06 -0400] "GET /wp-content/uploads/evolved-dog-animated.gif HTTP/1.1" 304 - "https://sexpositions.online/oral/" "Mozilla/5.0 (Linux; U; Android 11; Infinix X6511G Build/RP1A.200720.011; wv) AppleWebKit/537.36 (KHTML, like Gecko) Version/4.0 Chrome/141.0.7390.97 Mobile Safari/537.36 OPR/71.0.2254.67211"
2600:1009:b0c5:3219:1588:7a7a:e31b:eeaf - - [19/Oct/2025:08:39:06 -0400] "GET /wp-content/uploads/prone-bone-animated.gif HTTP/1.1" 304 - "https://sexpositions.online/prone-bone/" "Mozilla/5.0 (iPhone; CPU iPhone OS 18_6_2 like Mac OS X) AppleWebKit/605.1.15 (KHTML, like Gecko) Version/18.6 Mobile/15E148 Safari/604.1"
80.191.142.196 - - [19/Oct/2025:08:39:06 -0400] "GET /wp-content/uploads/the-big-bounce-animated.gif HTTP/1.1" 304 - "https://www.google.com/" "Mozilla/5.0 (Linux; Android 10; K) AppleWebKit/537.36 (KHTML, like Gecko) Chrome/141.0.0.0 Mobile Safari/537.36"
64.238.203.77 - - [19/Oct/2025:08:39:10 -0400] "GET /wp-content/uploads/sinkhole-animated.gif HTTP/1.1" 200 209491 "https://ya.ru/" "Mozilla/5.0 (iPhone; CPU iPhone OS 16_7_11 like Mac OS X) AppleWebKit/605.1.15 (KHTML, like Gecko) Version/16.6.1 Mobile/15E148 Safari/604.1"
109.198.225.71 - - [19/Oct/2025:08:39:11 -0400] "GET /wp-content/uploads/tantalizing-tee-off-animated.gif HTTP/1.1" 200 189251 "https://yandex.ru/" "Mozilla/5.0 (iPhone; CPU iPhone OS 18_6_2 like Mac OS X) AppleWebKit/605.1.15 (KHTML, like Gecko) Version/18.0 YaBrowser/25.10.1.709.10 SA/3 Mobile/15E148 Safari/604.1"
196.131.45.93 - - [19/Oct/2025:08:39:11 -0400] "GET /wp-content/uploads/lock-and-load-animated-1.gif HTTP/1.1" 304 - "https://www.google.com/" "Mozilla/5.0 (iPhone; CPU iPhone OS 17_7_1 like Mac OS X) AppleWebKit/605.1.15 (KHTML, like Gecko) Version/17.8 Mobile/15E148 Safari/604.1"
80.191.142.196 - - [19/Oct/2025:08:39:12 -0400] "GET /wp-content/uploads/captain-animated.gif HTTP/1.1" 304 - "https://www.google.com/" "Mozilla/5.0 (Linux; Android 10; K) AppleWebKit/537.36 (KHTML, like Gecko) Chrome/141.0.0.0 Mobile Safari/537.36"
2600:1009:b0c5:3219:1588:7a7a:e31b:eeaf - - [19/Oct/2025:08:39:14 -0400] "GET /the-plie/ HTTP/1.1" 200 98053 "https://sexpositions.online/prone-bone/" "Mozilla/5.0 (iPhone; CPU iPhone OS 18_6_2 like Mac OS X) AppleWebKit/605.1.15 (KHTML, like Gecko) Version/18.6 Mobile/15E148 Safari/604.1"
109.79.163.200 - - [19/Oct/2025:08:39:15 -0400] "GET /wp-content/uploads/spread-eagle-animated-1.gif HTTP/1.1" 304 - "https://www.google.com/" "Mozilla/5.0 (iPhone; CPU iPhone OS 18_6_2 like Mac OS X) AppleWebKit/605.1.15 (KHTML, like Gecko) Version/18.6 Mobile/15E148 Safari/604.1"
64.238.203.77 - - [19/Oct/2025:08:39:15 -0400] "GET /wp-content/uploads/a-little-on-the-side-animated.gif HTTP/1.1" 304 - "https://ya.ru/" "Mozilla/5.0 (iPhone; CPU iPhone OS 16_7_11 like Mac OS X) AppleWebKit/605.1.15 (KHTML, like Gecko) Version/16.6.1 Mobile/15E148 Safari/604.1"
2600:1009:b0c5:3219:1588:7a7a:e31b:eeaf - - [19/Oct/2025:08:39:15 -0400] "GET /wp-content/uploads/the-plie-animated.gif HTTP/1.1" 304 - "https://sexpositions.online/the-plie/" "Mozilla/5.0 (iPhone; CPU iPhone OS 18_6_2 like Mac OS X) AppleWebKit/605.1.15 (KHTML, like Gecko) Version/18.6 Mobile/15E148 Safari/604.1"
102.23.96.21 - - [19/Oct/2025:08:39:17 -0400] "GET /the-tipster/ HTTP/1.1" 200 98079 "https://sexpositions.online/oral/" "Mozilla/5.0 (Linux; Android 11; Infinix X6511G Build/RP1A.200720.011; wv) AppleWebKit/537.36 (KHTML, like Gecko) Version/4.0 Chrome/141.0.7390.97 Mobile Safari/537.36"
164.40.11.167 - - [19/Oct/2025:08:39:17 -0400] "GET /wp-content/uploads/buckin-bronco-animated.gif HTTP/1.1" 304 - "https://yandex.kz/" "Mozilla/5.0 (Linux; arm_64; Android 15; SM-S918B) AppleWebKit/537.36 (KHTML, like Gecko) Chrome/138.0.7204.405 YaSearchBrowser/25.89.1 BroPP/1.0 YaSearchApp/25.89.1 webOmni SA/3 Mobile Safari/537.36"
64.238.203.77 - - [19/Oct/2025:08:39:17 -0400] "GET /wp-content/uploads/raise-the-mast-animated.gif HTTP/1.1" 200 230111 "https://ya.ru/" "Mozilla/5.0 (iPhone; CPU iPhone OS 16_7_11 like Mac OS X) AppleWebKit/605.1.15 (KHTML, like Gecko) Version/16.6.1 Mobile/15E148 Safari/604.1"
2600:1009:b0c5:3219:1588:7a7a:e31b:eeaf - - [19/Oct/2025:08:39:23 -0400] "GET /jackhammer/ HTTP/1.1" 200 98026 "https://sexpositions.online/the-plie/" "Mozilla/5.0 (iPhone; CPU iPhone OS 18_6_2 like Mac OS X) AppleWebKit/605.1.15 (KHTML, like Gecko) Version/18.6 Mobile/15E148 Safari/604.1"
64.238.203.77 - - [19/Oct/2025:08:39:23 -0400] "GET /wp-content/uploads/belly-flop-animated.gif HTTP/1.1" 200 177740 "https://ya.ru/" "Mozilla/5.0 (iPhone; CPU iPhone OS 16_7_11 like Mac OS X) AppleWebKit/605.1.15 (KHTML, like Gecko) Version/16.6.1 Mobile/15E148 Safari/604.1"
2804:29e4:300:4800:138b:9471:f9cd:d3ab - - [19/Oct/2025:08:39:25 -0400] "GET /wp-content/uploads/the-crab-animated.gif HTTP/1.1" 304 - "https://www.google.com/" "Mozilla/5.0 (Linux; Android 14; SM-A165M Build/UP1A.231005.007; wv) AppleWebKit/537.36 (KHTML, like Gecko) Version/4.0 Chrome/140.0.7339.209 Mobile Safari/537.36 GoogleApp/16.40.23.ve.arm64"
64.238.203.77 - - [19/Oct/2025:08:39:27 -0400] "GET /wp-content/uploads/buttock-delight-animated.gif HTTP/1.1" 200 192276 "https://ya.ru/" "Mozilla/5.0 (iPhone; CPU iPhone OS 16_7_11 like Mac OS X) AppleWebKit/605.1.15 (KHTML, like Gecko) Version/16.6.1 Mobile/15E148 Safari/604.1"
37.77.51.131 - - [19/Oct/2025:08:39:27 -0400] "GET /wp-content/uploads/amazon-animated.gif HTTP/1.1" 200 206559 "https://www.google.com/" "Mozilla/5.0 (Linux; Android 15; TECNO CM7 Build/AP3A.240905.015.A2; wv) AppleWebKit/537.36 (KHTML, like Gecko) Version/4.0 Chrome/140.0.7339.207 Mobile Safari/537.36 GoogleApp/16.41.36.ve.arm64"
2600:1009:b0c5:3219:1588:7a7a:e31b:eeaf - - [19/Oct/2025:08:39:31 -0400] "GET /superman/ HTTP/1.1" 200 98110 "https://sexpositions.online/jackhammer/" "Mozilla/5.0 (iPhone; CPU iPhone OS 18_6_2 like Mac OS X) AppleWebKit/605.1.15 (KHTML, like Gecko) Version/18.6 Mobile/15E148 Safari/604.1"
2600:1009:b0c5:3219:1588:7a7a:e31b:eeaf - - [19/Oct/2025:08:39:32 -0400] "GET /wp-content/uploads/superman-animated.gif HTTP/1.1" 304 - "https://sexpositions.online/superman/" "Mozilla/5.0 (iPhone; CPU iPhone OS 18_6_2 like Mac OS X) AppleWebKit/605.1.15 (KHTML, like Gecko) Version/18.6 Mobile/15E148 Safari/604.1"
80.191.142.196 - - [19/Oct/2025:08:39:32 -0400] "GET /wp-content/uploads/heaven-knows-animated.gif HTTP/1.1" 304 - "https://www.google.com/" "Mozilla/5.0 (Linux; Android 10; K) AppleWebKit/537.36 (KHTML, like Gecko) Chrome/141.0.0.0 Mobile Safari/537.36"
196.131.45.93 - - [19/Oct/2025:08:39:33 -0400] "GET /wp-content/uploads/up-against-the-wall-animated.gif HTTP/1.1" 304 - "https://www.google.com/" "Mozilla/5.0 (iPhone; CPU iPhone OS 17_7_1 like Mac OS X) AppleWebKit/605.1.15 (KHTML, like Gecko) Version/17.8 Mobile/15E148 Safari/604.1"
2600:1009:b0c5:3219:1588:7a7a:e31b:eeaf - - [19/Oct/2025:08:39:36 -0400] "GET /butter-churner/ HTTP/1.1" 200 98229 "https://sexpositions.online/superman/" "Mozilla/5.0 (iPhone; CPU iPhone OS 18_6_2 like Mac OS X) AppleWebKit/605.1.15 (KHTML, like Gecko) Version/18.6 Mobile/15E148 Safari/604.1"
185.191.171.15 - - [19/Oct/2025:08:39:37 -0400] "GET /page/11/?action=repository_opensearch&count=20&index_id=213&order=17&pn=1 HTTP/1.1" 200 116289 "-" "Mozilla/5.0 (compatible; SemrushBot/7~bl; +http://www.semrush.com/bot.html)"
2600:1009:b0c5:3219:1588:7a7a:e31b:eeaf - - [19/Oct/2025:08:39:37 -0400] "GET /wp-content/uploads/butter-churner-animated.gif HTTP/1.1" 304 - "https://sexpositions.online/butter-churner/" "Mozilla/5.0 (iPhone; CPU iPhone OS 18_6_2 like Mac OS X) AppleWebKit/605.1.15 (KHTML, like Gecko) Version/18.6 Mobile/15E148 Safari/604.1"
78.56.240.55 - - [19/Oct/2025:08:39:38 -0400] "GET /wp-content/uploads/body-booster-animated.gif HTTP/1.1" 200 218542 "https://www.google.com/" "Mozilla/5.0 (iPhone; CPU iPhone OS 16_7_12 like Mac OS X) AppleWebKit/605.1.15 (KHTML, like Gecko) Version/16.6.1 Mobile/15E148 Safari/604.1"
2a02:8388:2934:f680:f5:f76e:72ed:de41 - - [19/Oct/2025:08:39:40 -0400] "GET /wp-content/uploads/cropped-favicon-32x32.png HTTP/1.1" 304 - "-" "Firefox%20Klar/60738 CFNetwork/3860.100.1 Darwin/25.0.0"
102.23.96.21 - - [19/Oct/2025:08:39:41 -0400] "GET /evolved-dog/ HTTP/1.1" 200 97900 "https://sexpositions.online/oral/" "Mozilla/5.0 (Linux; Android 11; Infinix X6511G Build/RP1A.200720.011; wv) AppleWebKit/537.36 (KHTML, like Gecko) Version/4.0 Chrome/141.0.7390.97 Mobile Safari/537.36"
2600:1009:b0c5:3219:1588:7a7a:e31b:eeaf - - [19/Oct/2025:08:39:43 -0400] "GET /piledriver/ HTTP/1.1" 200 99780 "https://sexpositions.online/butter-churner/" "Mozilla/5.0 (iPhone; CPU iPhone OS 18_6_2 like Mac OS X) AppleWebKit/605.1.15 (KHTML, like Gecko) Version/18.6 Mobile/15E148 Safari/604.1"
105.112.118.78 - - [19/Oct/2025:08:39:48 -0400] "GET / HTTP/1.1" 200 125069 "https://www.google.com/" "Mozilla/5.0 (iPhone; CPU iPhone OS 18_5 like Mac OS X) AppleWebKit/605.1.15 (KHTML, like Gecko) Version/18.5 Mobile/15E148 Safari/604.1"
102.91.102.173 - - [19/Oct/2025:08:39:53 -0400] "GET /wp-content/uploads/the-tipster-animated.gif HTTP/1.1" 304 - "https://sexpositions.online/oral/" "Dalvik/2.1.0 (Linux; U; Android 11; Infinix X6511G Build/RP1A.200720.011)"
2600:1009:b0c5:3219:1588:7a7a:e31b:eeaf - - [19/Oct/2025:08:39:55 -0400] "GET /missionary/ HTTP/1.1" 200 103202 "https://sexpositions.online/piledriver/" "Mozilla/5.0 (iPhone; CPU iPhone OS 18_6_2 like Mac OS X) AppleWebKit/605.1.15 (KHTML, like Gecko) Version/18.6 Mobile/15E148 Safari/604.1"
196.131.45.93 - - [19/Oct/2025:08:39:56 -0400] "GET /wp-content/uploads/the-headlock-animated.gif HTTP/1.1" 304 - "https://www.google.com/" "Mozilla/5.0 (iPhone; CPU iPhone OS 17_7_1 like Mac OS X) AppleWebKit/605.1.15 (KHTML, like Gecko) Version/17.8 Mobile/15E148 Safari/604.1"
141.0.12.11 - - [19/Oct/2025:08:40:02 -0400] "GET /trampoline/ HTTP/1.1" 200 98076 "https://sexpositions.online/evolved-dog/" "Mozilla/5.0 (Linux; Android 11; Infinix X6511G Build/RP1A.200720.011; wv) AppleWebKit/537.36 (KHTML, like Gecko) Version/4.0 Chrome/141.0.7390.97 Mobile Safari/537.36"
2804:29e4:300:4800:138b:9471:f9cd:d3ab - - [19/Oct/2025:08:40:02 -0400] "GET /wp-content/uploads/prone-bone-animated.gif HTTP/1.1" 200 226845 "https://www.google.com/" "Mozilla/5.0 (Linux; Android 14; SM-A165M Build/UP1A.231005.007; wv) AppleWebKit/537.36 (KHTML, like Gecko) Version/4.0 Chrome/140.0.7339.209 Mobile Safari/537.36 GoogleApp/16.40.23.ve.arm64"
196.131.45.93 - - [19/Oct/2025:08:40:03 -0400] "GET /wp-content/uploads/two-timing-animated.gif HTTP/1.1" 304 - "https://www.google.com/" "Mozilla/5.0 (iPhone; CPU iPhone OS 17_7_1 like Mac OS X) AppleWebKit/605.1.15 (KHTML, like Gecko) Version/17.8 Mobile/15E148 Safari/604.1"
102.91.102.173 - - [19/Oct/2025:08:40:08 -0400] "GET /wp-content/uploads/trampoline-animated-1.gif HTTP/1.1" 304 - "https://sexpositions.online/trampoline/" "Dalvik/2.1.0 (Linux; U; Android 11; Infinix X6511G Build/RP1A.200720.011)"
2607:fea8:bda1:6100:1118:ec1e:8f77:d608 - - [19/Oct/2025:08:40:09 -0400] "GET /wp-content/uploads/kissing-the-pink-animated.gif HTTP/1.1" 304 - "https://www.google.com/" "Mozilla/5.0 (iPhone; CPU iPhone OS 17_2_1 like Mac OS X) AppleWebKit/605.1.15 (KHTML, like Gecko) GSA/390.0.817388646 Mobile/21C66 Safari/604.1"
2804:29e4:300:4800:138b:9471:f9cd:d3ab - - [19/Oct/2025:08:40:11 -0400] "GET /wp-content/uploads/eiffel-tower-animated.gif HTTP/1.1" 200 173748 "https://www.google.com/" "Mozilla/5.0 (Linux; Android 14; SM-A165M Build/UP1A.231005.007; wv) AppleWebKit/537.36 (KHTML, like Gecko) Version/4.0 Chrome/140.0.7339.209 Mobile Safari/537.36 GoogleApp/16.40.23.ve.arm64"
141.0.12.11 - - [19/Oct/2025:08:40:16 -0400] "GET /curls/ HTTP/1.1" 200 98072 "https://sexpositions.online/trampoline/" "Mozilla/5.0 (Linux; Android 11; Infinix X6511G Build/RP1A.200720.011; wv) AppleWebKit/537.36 (KHTML, like Gecko) Version/4.0 Chrome/141.0.7390.97 Mobile Safari/537.36"
2600:1009:b0c5:3219:1588:7a7a:e31b:eeaf - - [19/Oct/2025:08:40:19 -0400] "GET /cowboy/ HTTP/1.1" 200 98022 "https://sexpositions.online/missionary/" "Mozilla/5.0 (iPhone; CPU iPhone OS 18_6_2 like Mac OS X) AppleWebKit/605.1.15 (KHTML, like Gecko) Version/18.6 Mobile/15E148 Safari/604.1"
2405:201:d019:800a:c92e:4f4f:4fb5:eda8 - - [19/Oct/2025:08:40:20 -0400] "GET /wp-content/uploads/captain-animated.gif HTTP/1.1" 304 - "https://www.google.com/" "Mozilla/5.0 (Linux; Android 15; 2311DRN14I Build/AP3A.240905.015.A2; wv) AppleWebKit/537.36 (KHTML, like Gecko) Version/4.0 Chrome/140.0.7339.208 Mobile Safari/537.36 GoogleApp/16.41.36.ve.arm64"
2600:1009:b0c5:3219:1588:7a7a:e31b:eeaf - - [19/Oct/2025:08:40:21 -0400] "GET /wp-content/uploads/cowboy-animated.gif HTTP/1.1" 304 - "https://sexpositions.online/cowboy/" "Mozilla/5.0 (iPhone; CPU iPhone OS 18_6_2 like Mac OS X) AppleWebKit/605.1.15 (KHTML, like Gecko) Version/18.6 Mobile/15E148 Safari/604.1"
102.91.102.173 - - [19/Oct/2025:08:40:23 -0400] "GET /wp-content/uploads/curls-animated.gif HTTP/1.1" 304 - "https://sexpositions.online/curls/" "Dalvik/2.1.0 (Linux; U; Android 11; Infinix X6511G Build/RP1A.200720.011)"
37.77.51.131 - - [19/Oct/2025:08:40:24 -0400] "GET /wp-content/uploads/stand-and-carry-animated.gif HTTP/1.1" 200 155522 "https://www.google.com/" "Mozilla/5.0 (Linux; Android 15; TECNO CM7 Build/AP3A.240905.015.A2; wv) AppleWebKit/537.36 (KHTML, like Gecko) Version/4.0 Chrome/140.0.7339.207 Mobile Safari/537.36 GoogleApp/16.41.36.ve.arm64"
2600:1009:b0c5:3219:1588:7a7a:e31b:eeaf - - [19/Oct/2025:08:40:26 -0400] "GET /full-nelson/ HTTP/1.1" 200 98082 "https://sexpositions.online/cowboy/" "Mozilla/5.0 (iPhone; CPU iPhone OS 18_6_2 like Mac OS X) AppleWebKit/605.1.15 (KHTML, like Gecko) Version/18.6 Mobile/15E148 Safari/604.1"
2600:1009:b0c5:3219:1588:7a7a:e31b:eeaf - - [19/Oct/2025:08:40:27 -0400] "GET /wp-content/uploads/full-nelson-animated.gif HTTP/1.1" 304 - "https://sexpositions.online/full-nelson/" "Mozilla/5.0 (iPhone; CPU iPhone OS 18_6_2 like Mac OS X) AppleWebKit/605.1.15 (KHTML, like Gecko) Version/18.6 Mobile/15E148 Safari/604.1"
141.0.12.11 - - [19/Oct/2025:08:40:29 -0400] "GET /man-trap/ HTTP/1.1" 200 97996 "https://sexpositions.online/curls/" "Mozilla/5.0 (Linux; Android 11; Infinix X6511G Build/RP1A.200720.011; wv) AppleWebKit/537.36 (KHTML, like Gecko) Version/4.0 Chrome/141.0.7390.97 Mobile Safari/537.36"
141.0.12.11 - - [19/Oct/2025:08:40:30 -0400] "GET /wp-content/uploads/man-trap-animated.gif HTTP/1.1" 304 - "https://sexpositions.online/man-trap/" "Mozilla/5.0 (Linux; U; Android 11; Infinix X6511G Build/RP1A.200720.011; wv) AppleWebKit/537.36 (KHTML, like Gecko) Version/4.0 Chrome/141.0.7390.97 Mobile Safari/537.36 OPR/71.0.2254.67211"
2600:1009:b0c5:3219:1588:7a7a:e31b:eeaf - - [19/Oct/2025:08:40:31 -0400] "GET /frog/ HTTP/1.1" 200 98182 "https://sexpositions.online/full-nelson/" "Mozilla/5.0 (iPhone; CPU iPhone OS 18_6_2 like Mac OS X) AppleWebKit/605.1.15 (KHTML, like Gecko) Version/18.6 Mobile/15E148 Safari/604.1"
37.77.49.110 - - [19/Oct/2025:08:40:32 -0400] "GET /wp-content/uploads/wall-animated.gif HTTP/1.1" 304 - "https://www.google.com/" "Mozilla/5.0 (Linux; Android 15; TECNO CM7 Build/AP3A.240905.015.A2; wv) AppleWebKit/537.36 (KHTML, like Gecko) Version/4.0 Chrome/140.0.7339.207 Mobile Safari/537.36 GoogleApp/16.41.36.ve.arm64"
2600:1009:b0c5:3219:1588:7a7a:e31b:eeaf - - [19/Oct/2025:08:40:33 -0400] "GET /wp-content/uploads/frog-animated.gif HTTP/1.1" 304 - "https://sexpositions.online/frog/" "Mozilla/5.0 (iPhone; CPU iPhone OS 18_6_2 like Mac OS X) AppleWebKit/605.1.15 (KHTML, like Gecko) Version/18.6 Mobile/15E148 Safari/604.1"
37.77.49.110 - - [19/Oct/2025:08:40:41 -0400] "GET /wp-content/uploads/up-against-the-wall-animated.gif HTTP/1.1" 304 - "https://www.google.com/" "Mozilla/5.0 (Linux; Android 15; TECNO CM7 Build/AP3A.240905.015.A2; wv) AppleWebKit/537.36 (KHTML, like Gecko) Version/4.0 Chrome/140.0.7339.207 Mobile Safari/537.36 GoogleApp/16.41.36.ve.arm64"
2a03:2880:16ff:71:: - - [19/Oct/2025:08:40:41 -0400] "GET /wp-content/uploads/the-bridge-animated.gif HTTP/1.1" 304 - "-" "facebookexternalhit/1.1 (+http://www.facebook.com/externalhit_uatext.php)"
141.0.12.11 - - [19/Oct/2025:08:40:42 -0400] "GET /stand-and-carry/ HTTP/1.1" 200 98071 "https://sexpositions.online/man-trap/" "Mozilla/5.0 (Linux; Android 11; Infinix X6511G Build/RP1A.200720.011; wv) AppleWebKit/537.36 (KHTML, like Gecko) Version/4.0 Chrome/141.0.7390.97 Mobile Safari/537.36"
109.107.251.25 - - [19/Oct/2025:08:40:43 -0400] "GET /doggy-style/ HTTP/1.1" 200 102743 "https://www.google.com/" "Mozilla/5.0 (Windows NT 10.0; Win64; x64) AppleWebKit/537.36 (KHTML, like Gecko) Chrome/141.0.0.0 Safari/537.36"
109.107.251.25 - - [19/Oct/2025:08:40:44 -0400] "GET /wp-content/themes/astra/assets/css/minified/main.min.css?ver=4.11.12 HTTP/1.1" 304 - "https://sexpositions.online/doggy-style/" "Mozilla/5.0 (Windows NT 10.0; Win64; x64) AppleWebKit/537.36 (KHTML, like Gecko) Chrome/141.0.0.0 Safari/537.36"
109.107.251.25 - - [19/Oct/2025:08:40:44 -0400] "GET /wp-content/themes/astra/assets/js/minified/frontend.min.js?ver=4.11.12 HTTP/1.1" 304 - "https://sexpositions.online/doggy-style/" "Mozilla/5.0 (Windows NT 10.0; Win64; x64) AppleWebKit/537.36 (KHTML, like Gecko) Chrome/141.0.0.0 Safari/537.36"
109.107.251.25 - - [19/Oct/2025:08:40:44 -0400] "GET /wp-includes/css/dist/block-library/style.min.css?ver=6.8.3 HTTP/1.1" 304 - "https://sexpositions.online/doggy-style/" "Mozilla/5.0 (Windows NT 10.0; Win64; x64) AppleWebKit/537.36 (KHTML, like Gecko) Chrome/141.0.0.0 Safari/537.36"
109.107.251.25 - - [19/Oct/2025:08:40:44 -0400] "GET /wp-content/uploads/doggy-style-animated.gif HTTP/1.1" 304 - "https://sexpositions.online/doggy-style/" "Mozilla/5.0 (Windows NT 10.0; Win64; x64) AppleWebKit/537.36 (KHTML, like Gecko) Chrome/141.0.0.0 Safari/537.36"
109.107.251.25 - - [19/Oct/2025:08:40:44 -0400] "GET /wp-content/uploads/eiffel-tower-animated.gif HTTP/1.1" 200 173748 "https://sexpositions.online/doggy-style/" "Mozilla/5.0 (Windows NT 10.0; Win64; x64) AppleWebKit/537.36 (KHTML, like Gecko) Chrome/141.0.0.0 Safari/537.36"
109.107.251.25 - - [19/Oct/2025:08:40:44 -0400] "GET /wp-content/uploads/upward-dog-animated.gif HTTP/1.1" 304 - "https://sexpositions.online/doggy-style/" "Mozilla/5.0 (Windows NT 10.0; Win64; x64) AppleWebKit/537.36 (KHTML, like Gecko) Chrome/141.0.0.0 Safari/537.36"
109.107.251.25 - - [19/Oct/2025:08:40:44 -0400] "GET /wp-includes/js/wp-emoji-release.min.js?ver=6.8.3 HTTP/1.1" 304 - "https://sexpositions.online/doggy-style/" "Mozilla/5.0 (Windows NT 10.0; Win64; x64) AppleWebKit/537.36 (KHTML, like Gecko) Chrome/141.0.0.0 Safari/537.36"
2600:1009:b0c5:3219:1588:7a7a:e31b:eeaf - - [19/Oct/2025:08:40:44 -0400] "GET /scissor/ HTTP/1.1" 200 98132 "https://www.google.com/" "Mozilla/5.0 (iPhone; CPU iPhone OS 18_6_2 like Mac OS X) AppleWebKit/605.1.15 (KHTML, like Gecko) Version/18.6 Mobile/15E148 Safari/604.1"
109.107.251.25 - - [19/Oct/2025:08:40:45 -0400] "GET /wp-content/uploads/cropped-favicon-32x32.png HTTP/1.1" 304 - "https://sexpositions.online/doggy-style/" "Mozilla/5.0 (Windows NT 10.0; Win64; x64) AppleWebKit/537.36 (KHTML, like Gecko) Chrome/141.0.0.0 Safari/537.36"
109.107.251.25 - - [19/Oct/2025:08:40:46 -0400] "GET /wp-content/uploads/flatiron-animated.gif HTTP/1.1" 304 - "https://sexpositions.online/doggy-style/" "Mozilla/5.0 (Windows NT 10.0; Win64; x64) AppleWebKit/537.36 (KHTML, like Gecko) Chrome/141.0.0.0 Safari/537.36"
102.91.102.173 - - [19/Oct/2025:08:40:47 -0400] "GET /wp-content/uploads/stand-and-carry-animated.gif HTTP/1.1" 304 - "https://sexpositions.online/stand-and-carry/" "Dalvik/2.1.0 (Linux; U; Android 11; Infinix X6511G Build/RP1A.200720.011)"
80.191.142.196 - - [19/Oct/2025:08:40:48 -0400] "GET /wp-content/uploads/the-hip-lift-animated.gif HTTP/1.1" 304 - "https://www.google.com/" "Mozilla/5.0 (Linux; Android 10; K) AppleWebKit/537.36 (KHTML, like Gecko) Chrome/141.0.0.0 Mobile Safari/537.36"
109.107.251.25 - - [19/Oct/2025:08:40:52 -0400] "GET /wp-content/uploads/downward-dog-animated-1.gif HTTP/1.1" 200 214312 "https://sexpositions.online/doggy-style/" "Mozilla/5.0 (Windows NT 10.0; Win64; x64) AppleWebKit/537.36 (KHTML, like Gecko) Chrome/141.0.0.0 Safari/537.36"
109.107.251.25 - - [19/Oct/2025:08:40:53 -0400] "GET /wp-content/uploads/turtle-animated.gif HTTP/1.1" 200 177462 "https://sexpositions.online/doggy-style/" "Mozilla/5.0 (Windows NT 10.0; Win64; x64) AppleWebKit/537.36 (KHTML, like Gecko) Chrome/141.0.0.0 Safari/537.36"
141.0.12.11 - - [19/Oct/2025:08:40:55 -0400] "GET /crouching-tiger/ HTTP/1.1" 200 98093 "https://sexpositions.online/stand-and-carry/" "Mozilla/5.0 (Linux; Android 11; Infinix X6511G Build/RP1A.200720.011; wv) AppleWebKit/537.36 (KHTML, like Gecko) Version/4.0 Chrome/141.0.7390.97 Mobile Safari/537.36"
80.191.142.196 - - [19/Oct/2025:08:41:00 -0400] "GET /wp-content/uploads/ladies-first-animated.gif HTTP/1.1" 304 - "https://www.google.com/" "Mozilla/5.0 (Linux; Android 10; K) AppleWebKit/537.36 (KHTML, like Gecko) Chrome/141.0.0.0 Mobile Safari/537.36"
109.107.251.25 - - [19/Oct/2025:08:41:01 -0400] "GET /wp-content/uploads/lazy-dog-animated-1.gif HTTP/1.1" 200 199682 "https://sexpositions.online/doggy-style/" "Mozilla/5.0 (Windows NT 10.0; Win64; x64) AppleWebKit/537.36 (KHTML, like Gecko) Chrome/141.0.0.0 Safari/537.36"
109.107.251.25 - - [19/Oct/2025:08:41:01 -0400] "GET /wp-content/uploads/frog-animated.gif HTTP/1.1" 304 - "https://sexpositions.online/doggy-style/" "Mozilla/5.0 (Windows NT 10.0; Win64; x64) AppleWebKit/537.36 (KHTML, like Gecko) Chrome/141.0.0.0 Safari/537.36"
102.91.102.173 - - [19/Oct/2025:08:41:02 -0400] "GET /wp-content/uploads/crouching-tiger-animated-1.gif HTTP/1.1" 304 - "https://sexpositions.online/crouching-tiger/" "Dalvik/2.1.0 (Linux; U; Android 11; Infinix X6511G Build/RP1A.200720.011)"
37.77.49.110 - - [19/Oct/2025:08:41:03 -0400] "GET /wp-content/uploads/the-headlock-animated.gif HTTP/1.1" 200 202338 "https://www.google.com/" "Mozilla/5.0 (Linux; Android 15; TECNO CM7 Build/AP3A.240905.015.A2; wv) AppleWebKit/537.36 (KHTML, like Gecko) Version/4.0 Chrome/140.0.7339.207 Mobile Safari/537.36 GoogleApp/16.41.36.ve.arm64"
157.55.39.203 - - [19/Oct/2025:08:41:06 -0400] "GET /?s=present+perfect+vs+present+perfect+continuous+speaking+cards HTTP/1.1" 200 96694 "-" "Mozilla/5.0 AppleWebKit/537.36 (KHTML, like Gecko; compatible; bingbot/2.0; +http://www.bing.com/bingbot.htm) Chrome/116.0.1938.76 Safari/537.36"
141.0.12.11 - - [19/Oct/2025:08:41:10 -0400] "GET /buckin-bronco/ HTTP/1.1" 200 98066 "https://sexpositions.online/crouching-tiger/" "Mozilla/5.0 (Linux; Android 11; Infinix X6511G Build/RP1A.200720.011; wv) AppleWebKit/537.36 (KHTML, like Gecko) Version/4.0 Chrome/141.0.7390.97 Mobile Safari/537.36"
37.77.49.110 - - [19/Oct/2025:08:41:14 -0400] "GET /wp-content/uploads/the-chin-rest-animated.gif HTTP/1.1" 200 182016 "https://www.google.com/" "Mozilla/5.0 (Linux; Android 15; TECNO CM7 Build/AP3A.240905.015.A2; wv) AppleWebKit/537.36 (KHTML, like Gecko) Version/4.0 Chrome/140.0.7339.207 Mobile Safari/537.36 GoogleApp/16.41.36.ve.arm64"
80.191.142.196 - - [19/Oct/2025:08:41:17 -0400] "GET /wp-content/uploads/the-vibe-animated.gif HTTP/1.1" 304 - "https://www.google.com/" "Mozilla/5.0 (Linux; Android 10; K) AppleWebKit/537.36 (KHTML, like Gecko) Chrome/141.0.0.0 Mobile Safari/537.36"
2a06:98c0:3600::103 - - [19/Oct/2025:08:41:18 -0400] "GET /wp-content/uploads/spooning-animated.gif HTTP/1.1" 200 179729 "-" "Mozilla/5.0 (Windows NT 10.0; Win64; x64; rv:109.0) Gecko/20100101 Firefox/115.0"
37.77.49.110 - - [19/Oct/2025:08:41:22 -0400] "GET /wp-content/uploads/reverse-69-animated.gif HTTP/1.1" 200 155445 "https://www.google.com/" "Mozilla/5.0 (Linux; Android 15; TECNO CM7 Build/AP3A.240905.015.A2; wv) AppleWebKit/537.36 (KHTML, like Gecko) Version/4.0 Chrome/140.0.7339.207 Mobile Safari/537.36 GoogleApp/16.41.36.ve.arm64"
141.0.12.11 - - [19/Oct/2025:08:41:34 -0400] "GET /yawning/ HTTP/1.1" 200 97992 "https://sexpositions.online/buckin-bronco/" "Mozilla/5.0 (Linux; Android 11; Infinix X6511G Build/RP1A.200720.011; wv) AppleWebKit/537.36 (KHTML, like Gecko) Version/4.0 Chrome/141.0.7390.97 Mobile Safari/537.36"
66.249.93.228 - - [19/Oct/2025:08:41:34 -0400] "GET /wp-content/uploads/hula-girl-animated.gif HTTP/1.1" 304 - "-" "Mozilla/5.0 (Windows NT 5.1; rv:11.0) Gecko Firefox/11.0 (via ggpht.com GoogleImageProxy)"
2a02:6680:110c:6610:f9ab:310c:bd22:fdc4 - - [19/Oct/2025:08:41:34 -0400] "GET /wp-content/uploads/up-against-the-wall-animated.gif HTTP/1.1" 200 172610 "https://www.google.com/" "Mozilla/5.0 (Linux; Android 10; K) AppleWebKit/537.36 (KHTML, like Gecko) Chrome/141.0.0.0 Mobile Safari/537.36"
141.0.12.11 - - [19/Oct/2025:08:41:35 -0400] "GET /prone-bone/ HTTP/1.1" 200 98050 "https://sexpositions.online/buckin-bronco/" "Mozilla/5.0 (Linux; U; Android 11; Infinix X6511G Build/RP1A.200720.011; wv) AppleWebKit/537.36 (KHTML, like Gecko) Version/4.0 Chrome/141.0.7390.97 Mobile Safari/537.36 OPR/71.0.2254.67211"
141.0.12.11 - - [19/Oct/2025:08:41:36 -0400] "GET /prone-bone/ HTTP/1.1" 200 98050 "https://sexpositions.online/buckin-bronco/" "Mozilla/5.0 (Linux; Android 11; Infinix X6511G Build/RP1A.200720.011; wv) AppleWebKit/537.36 (KHTML, like Gecko) Version/4.0 Chrome/141.0.7390.97 Mobile Safari/537.36"
80.191.142.196 - - [19/Oct/2025:08:41:37 -0400] "GET /wp-content/uploads/good-vibrations-animated.gif HTTP/1.1" 304 - "https://www.google.com/" "Mozilla/5.0 (Linux; Android 10; K) AppleWebKit/537.36 (KHTML, like Gecko) Chrome/141.0.0.0 Mobile Safari/537.36"
141.0.12.11 - - [19/Oct/2025:08:41:48 -0400] "GET /the-plie/ HTTP/1.1" 200 98053 "https://sexpositions.online/prone-bone/" "Mozilla/5.0 (Linux; Android 11; Infinix X6511G Build/RP1A.200720.011; wv) AppleWebKit/537.36 (KHTML, like Gecko) Version/4.0 Chrome/141.0.7390.97 Mobile Safari/537.36"
66.249.93.227 - - [19/Oct/2025:08:41:49 -0400] "GET /wp-content/uploads/head-rush-animated.gif HTTP/1.1" 304 - "-" "Mozilla/5.0 (Windows NT 5.1; rv:11.0) Gecko Firefox/11.0 (via ggpht.com GoogleImageProxy)"
37.77.49.110 - - [19/Oct/2025:08:41:55 -0400] "GET /wp-content/uploads/drivers-seat-animated.gif HTTP/1.1" 200 209398 "https://www.google.com/" "Mozilla/5.0 (Linux; Android 15; TECNO CM7 Build/AP3A.240905.015.A2; wv) AppleWebKit/537.36 (KHTML, like Gecko) Version/4.0 Chrome/140.0.7339.207 Mobile Safari/537.36 GoogleApp/16.41.36.ve.arm64"
102.91.102.173 - - [19/Oct/2025:08:41:58 -0400] "GET /wp-content/uploads/the-plie-animated.gif HTTP/1.1" 304 - "https://sexpositions.online/the-plie/" "Dalvik/2.1.0 (Linux; U; Android 11; Infinix X6511G Build/RP1A.200720.011)"
66.249.93.228 - - [19/Oct/2025:08:42:02 -0400] "GET /wp-content/uploads/the-surprise-animated.gif HTTP/1.1" 304 - "-" "Mozilla/5.0 (Windows NT 5.1; rv:11.0) Gecko Firefox/11.0 (via ggpht.com GoogleImageProxy)"
141.0.12.11 - - [19/Oct/2025:08:42:06 -0400] "GET /jackhammer/ HTTP/1.1" 200 98026 "https://sexpositions.online/the-plie/" "Mozilla/5.0 (Linux; Android 11; Infinix X6511G Build/RP1A.200720.011; wv) AppleWebKit/537.36 (KHTML, like Gecko) Version/4.0 Chrome/141.0.7390.97 Mobile Safari/537.36"
52.167.144.150 - - [19/Oct/2025:08:42:13 -0400] "GET /?s=%DA%AF%D9%88%D8%B4%DB%8C+%D9%87%D8%A7%DB%8C+%D8%AC%D8%AF%DB%8C%D8%AF+%D8%B3%D8%A7%D9%85%D8%B3%D9%88%D9%86%DA%AF HTTP/1.1" 200 96661 "-" "Mozilla/5.0 AppleWebKit/537.36 (KHTML, like Gecko; compatible; bingbot/2.0; +http://www.bing.com/bingbot.htm) Chrome/116.0.1938.76 Safari/537.36"
175.176.29.107 - - [19/Oct/2025:08:42:43 -0400] "GET /wp-content/uploads/piledriver-animated.gif HTTP/1.1" 304 - "https://www.google.com/" "Mozilla/5.0 (iPhone; CPU iPhone OS 15_6 like Mac OS X) AppleWebKit/605.1.15 (KHTML, like Gecko) Version/15.6 Mobile/15E148 Safari/604.1"
37.77.49.110 - - [19/Oct/2025:08:43:13 -0400] "GET /wp-content/uploads/the-tipster-animated.gif HTTP/1.1" 200 197613 "https://www.google.com/" "Mozilla/5.0 (Linux; Android 15; TECNO CM7 Build/AP3A.240905.015.A2; wv) AppleWebKit/537.36 (KHTML, like Gecko) Version/4.0 Chrome/140.0.7339.207 Mobile Safari/537.36 GoogleApp/16.41.36.ve.arm64"
66.249.64.226 - - [19/Oct/2025:08:43:14 -0400] "GET /musical-chair/ HTTP/1.1" 200 97899 "-" "Mozilla/5.0 (Linux; Android 6.0.1; Nexus 5X Build/MMB29P) AppleWebKit/537.36 (KHTML, like Gecko) Chrome/140.0.7339.207 Mobile Safari/537.36 (compatible; Googlebot/2.1; +http://www.google.com/bot.html)"
52.167.144.191 - - [19/Oct/2025:08:43:28 -0400] "GET /?s=september+13+ott+release+movies HTTP/1.1" 200 96549 "-" "Mozilla/5.0 AppleWebKit/537.36 (KHTML, like Gecko; compatible; bingbot/2.0; +http://www.bing.com/bingbot.htm) Chrome/116.0.1938.76 Safari/537.36"
2401:4900:3843:75f6:278:26d0:5dc9:9bc5 - - [19/Oct/2025:08:43:59 -0400] "GET /wp-content/uploads/hot-seat-animated-1.gif?hl=en-US HTTP/1.1" 200 242150 "-" "Mozilla/5.0 (Linux; Android 10; K) AppleWebKit/537.36 (KHTML, like Gecko) Chrome/141.0.0.0 Mobile Safari/537.36"
2401:4900:3843:75f6:278:26d0:5dc9:9bc5 - - [19/Oct/2025:08:44:01 -0400] "GET /favicon.ico HTTP/1.1" 200 3 "https://sexpositions.online/wp-content/uploads/hot-seat-animated-1.gif?hl=en-US" "Mozilla/5.0 (Linux; Android 10; K) AppleWebKit/537.36 (KHTML, like Gecko) Chrome/141.0.0.0 Mobile Safari/537.36"
2a04:4e41:4a0a:15f3::b170:f5f3 - - [19/Oct/2025:08:44:18 -0400] "GET /wp-content/uploads/sideways-animated.gif HTTP/1.1" 304 - "https://www.google.com/" "Mozilla/5.0 (iPhone; CPU iPhone OS 18_7 like Mac OS X) AppleWebKit/605.1.15 (KHTML, like Gecko) Version/26.0.1 Mobile/15E148 Safari/604.1"
173.32.35.148 - - [19/Oct/2025:08:44:18 -0400] "GET /wp-content/uploads/helicopter-animated.gif HTTP/1.1" 200 148467 "https://www.google.com/" "Mozilla/5.0 (Windows NT 10.0; Win64; x64) AppleWebKit/537.36 (KHTML, like Gecko) Chrome/141.0.0.0 Safari/537.36"
173.32.35.148 - - [19/Oct/2025:08:44:28 -0400] "GET /wp-content/uploads/airplane-animated.gif HTTP/1.1" 304 - "https://www.google.com/" "Mozilla/5.0 (Windows NT 10.0; Win64; x64) AppleWebKit/537.36 (KHTML, like Gecko) Chrome/141.0.0.0 Safari/537.36"
27.4.218.205 - - [19/Oct/2025:08:44:37 -0400] "GET /helicopter/ HTTP/1.1" 200 99890 "https://sexpositions.online/" "Mozilla/5.0 (iPhone; CPU iPhone OS 26_0_1 like Mac OS X) AppleWebKit/605.1.15 (KHTML, like Gecko) CriOS/141.0.7390.96 Mobile/15E148 Safari/604.1"
173.32.35.148 - - [19/Oct/2025:08:44:42 -0400] "GET /wp-content/uploads/the-hip-lift-animated.gif HTTP/1.1" 304 - "https://www.google.com/" "Mozilla/5.0 (Windows NT 10.0; Win64; x64) AppleWebKit/537.36 (KHTML, like Gecko) Chrome/141.0.0.0 Safari/537.36"
2402:3a80:45b1:9343:db04:2242:756f:4f8f - - [19/Oct/2025:08:44:47 -0400] "GET /wp-content/uploads/surprise-party-animated.gif HTTP/1.1" 304 - "https://www.google.com/" "Mozilla/5.0 (Linux; Android 10; K) AppleWebKit/537.36 (KHTML, like Gecko) Chrome/136.0.0.0 Mobile Safari/537.36"
2402:3a80:45b1:9343:db04:2242:756f:4f8f - - [19/Oct/2025:08:44:48 -0400] "GET /amazon/ HTTP/1.1" 200 101009 "https://www.google.com/" "Mozilla/5.0 (Linux; Android 10; K) AppleWebKit/537.36 (KHTML, like Gecko) Chrome/136.0.0.0 Mobile Safari/537.36"
2402:3a80:45b1:9343:db04:2242:756f:4f8f - - [19/Oct/2025:08:44:49 -0400] "GET /wp-content/uploads/love-pump-animated.gif HTTP/1.1" 304 - "https://sexpositions.online/amazon/" "Mozilla/5.0 (Linux; Android 10; K) AppleWebKit/537.36 (KHTML, like Gecko) Chrome/136.0.0.0 Mobile Safari/537.36"
2402:3a80:45b1:9343:db04:2242:756f:4f8f - - [19/Oct/2025:08:44:50 -0400] "GET /wp-content/uploads/reverse-jockey-animated.gif HTTP/1.1" 304 - "https://sexpositions.online/amazon/" "Mozilla/5.0 (Linux; Android 10; K) AppleWebKit/537.36 (KHTML, like Gecko) Chrome/136.0.0.0 Mobile Safari/537.36"
2600:387:f:6713::a - - [19/Oct/2025:08:44:53 -0400] "GET /wp-content/uploads/jackhammer-animated.gif HTTP/1.1" 304 - "https://games.espn.com/" "Mozilla/5.0 (iPhone; CPU iPhone OS 18_6 like Mac OS X) AppleWebKit/605.1.15 (KHTML, like Gecko) Mobile/15E148"
173.32.35.148 - - [19/Oct/2025:08:44:55 -0400] "GET /wp-content/uploads/the-big-bounce-animated.gif HTTP/1.1" 304 - "https://www.google.com/" "Mozilla/5.0 (Windows NT 10.0; Win64; x64) AppleWebKit/537.36 (KHTML, like Gecko) Chrome/141.0.0.0 Safari/537.36"
