49.207.150.135 - - [19/Oct/2025:09:04:27 -0400] "GET /wp-content/uploads/elevated-jackhammer-animated.gif HTTP/1.1" 200 262463 "https://sexpositions.online/category/position/page/16/" "Mozilla/5.0 (Linux; Android 10; K) AppleWebKit/537.36 (KHTML, like Gecko) Chrome/141.0.0.0 Mobile Safari/537.36"
49.207.150.135 - - [19/Oct/2025:09:04:27 -0400] "GET /stand-and-deliver/ HTTP/1.1" 200 98235 "https://sexpositions.online/category/position/page/16/" "Mozilla/5.0 (Linux; Android 10; K) AppleWebKit/537.36 (KHTML, like Gecko) Chrome/141.0.0.0 Mobile Safari/537.36"
49.207.150.135 - - [19/Oct/2025:09:04:28 -0400] "GET /wp-content/uploads/fetch-animated.gif HTTP/1.1" 200 245065 "https://sexpositions.online/category/position/page/16/" "Mozilla/5.0 (Linux; Android 10; K) AppleWebKit/537.36 (KHTML, like Gecko) Chrome/141.0.0.0 Mobile Safari/537.36"
49.207.150.135 - - [19/Oct/2025:09:04:27 -0400] "GET /dutch-pretzel/ HTTP/1.1" 200 98213 "https://sexpositions.online/category/position/page/16/" "Mozilla/5.0 (Linux; Android 10; K) AppleWebKit/537.36 (KHTML, like Gecko) Chrome/141.0.0.0 Mobile Safari/537.36"
162.81.108.177 - - [19/Oct/2025:09:04:28 -0400] "GET /wp-content/uploads/sun-salutation-animated.gif HTTP/1.1" 304 - "https://naughtygrin.com/" "Mozilla/5.0 (iPhone; CPU iPhone OS 18_6_2 like Mac OS X) AppleWebKit/605.1.15 (KHTML, like Gecko) Version/18.6 Mobile/15E148 Safari/604.1"
49.207.150.135 - - [19/Oct/2025:09:04:28 -0400] "GET /wp-content/uploads/aquarius-animated.gif HTTP/1.1" 200 210436 "https://sexpositions.online/category/position/page/16/" "Mozilla/5.0 (Linux; Android 10; K) AppleWebKit/537.36 (KHTML, like Gecko) Chrome/141.0.0.0 Mobile Safari/537.36"
80.83.237.70 - - [19/Oct/2025:09:04:28 -0400] "GET /wp-content/uploads/lazy-dog-animated-1.gif HTTP/1.1" 304 - "https://yandex.ru/images/touch/search?text=%D1%84%D0%BE%D1%82%D0%BE+%D0%BF%D0%BE%D1%80%D0%BD%D0%BE+%D0%BF%D0%BE%D0%B7%D1%8B+%D0%9A%D0%B0%D0%BC%D0%B0%D1%81%D1%83%D1%82%D1%80%D1%8B&img_url=https%3A%2F%2Fi0.wp.com%2Fstatic.tumblr.com%2Fdcegeri%2FWJ7mu4f68%2F52.jpg%3Fssl%3D1&pos=357&rpt=simage" "Mozilla/5.0 (Linux; arm_64; Android 13; RMX3834) AppleWebKit/537.36 (KHTML, like Gecko) Chrome/138.0.7204.59 YaBrowser/25.8.9.59.00 SA/3 Mobile Safari/537.36"
217.224.3.194 - - [19/Oct/2025:09:04:28 -0400] "GET /wp-content/uploads/anvil-animated.gif HTTP/1.1" 304 - "https://sexpositions.online/anal/" "Mozilla/5.0 (Linux; Android 10; K) AppleWebKit/537.36 (KHTML, like Gecko) Chrome/141.0.0.0 Mobile Safari/537.36 EdgA/141.0.0.0"
49.207.150.135 - - [19/Oct/2025:09:04:29 -0400] "GET /wp-content/uploads/fill-her-up-animated.gif HTTP/1.1" 200 227466 "https://sexpositions.online/category/position/page/16/" "Mozilla/5.0 (Linux; Android 10; K) AppleWebKit/537.36 (KHTML, like Gecko) Chrome/141.0.0.0 Mobile Safari/537.36"
49.207.150.135 - - [19/Oct/2025:09:04:29 -0400] "GET /wp-content/uploads/flamingo-animated.gif HTTP/1.1" 200 259092 "https://sexpositions.online/category/position/page/16/" "Mozilla/5.0 (Linux; Android 10; K) AppleWebKit/537.36 (KHTML, like Gecko) Chrome/141.0.0.0 Mobile Safari/537.36"
49.207.150.135 - - [19/Oct/2025:09:04:30 -0400] "GET /aquarius/ HTTP/1.1" 200 98095 "https://sexpositions.online/category/position/page/16/" "Mozilla/5.0 (Linux; Android 10; K) AppleWebKit/537.36 (KHTML, like Gecko) Chrome/141.0.0.0 Mobile Safari/537.36"
217.224.3.194 - - [19/Oct/2025:09:04:30 -0400] "GET /wp-content/uploads/prone-bone-animated.gif HTTP/1.1" 304 - "https://sexpositions.online/anal/" "Mozilla/5.0 (Linux; Android 10; K) AppleWebKit/537.36 (KHTML, like Gecko) Chrome/141.0.0.0 Mobile Safari/537.36 EdgA/141.0.0.0"
49.207.150.135 - - [19/Oct/2025:09:04:30 -0400] "GET /fill-her-up/ HTTP/1.1" 200 98040 "https://sexpositions.online/category/position/page/16/" "Mozilla/5.0 (Linux; Android 10; K) AppleWebKit/537.36 (KHTML, like Gecko) Chrome/141.0.0.0 Mobile Safari/537.36"
49.207.150.135 - - [19/Oct/2025:09:04:31 -0400] "GET /wp-content/uploads/foot-in-mouth-animated.gif HTTP/1.1" 200 227290 "https://sexpositions.online/category/position/page/16/" "Mozilla/5.0 (Linux; Android 10; K) AppleWebKit/537.36 (KHTML, like Gecko) Chrome/141.0.0.0 Mobile Safari/537.36"
49.207.150.135 - - [19/Oct/2025:09:04:31 -0400] "GET /flamingo/ HTTP/1.1" 200 98203 "https://sexpositions.online/category/position/page/16/" "Mozilla/5.0 (Linux; Android 10; K) AppleWebKit/537.36 (KHTML, like Gecko) Chrome/141.0.0.0 Mobile Safari/537.36"
49.207.150.135 - - [19/Oct/2025:09:04:32 -0400] "GET /flying-missionary/ HTTP/1.1" 200 98373 "https://sexpositions.online/category/position/page/16/" "Mozilla/5.0 (Linux; Android 10; K) AppleWebKit/537.36 (KHTML, like Gecko) Chrome/141.0.0.0 Mobile Safari/537.36"
217.224.3.194 - - [19/Oct/2025:09:04:32 -0400] "GET /the-crab/ HTTP/1.1" 200 97976 "https://sexpositions.online/anal/" "Mozilla/5.0 (Linux; Android 10; K) AppleWebKit/537.36 (KHTML, like Gecko) Chrome/141.0.0.0 Mobile Safari/537.36 EdgA/141.0.0.0"
2405:201:f024:f858:683f:d61c:53d9:4196 - - [19/Oct/2025:09:04:32 -0400] "GET /wp-content/uploads/reverse-missionary-animated.gif HTTP/1.1" 304 - "https://www.google.com/" "Mozilla/5.0 (Linux; Android 10; K) AppleWebKit/537.36 (KHTML, like Gecko) Chrome/141.0.0.0 Mobile Safari/537.36"
54.39.0.65 - - [19/Oct/2025:09:04:32 -0400] "GET /robots.txt HTTP/1.1" 200 123 "-" "Mozilla/5.0 (compatible; AhrefsBot/7.0; +http://ahrefs.com/robot/)"
217.224.3.194 - - [19/Oct/2025:09:04:32 -0400] "GET /wp-content/uploads/legs-up-animated.gif HTTP/1.1" 304 - "https://sexpositions.online/anal/" "Mozilla/5.0 (Linux; Android 10; K) AppleWebKit/537.36 (KHTML, like Gecko) Chrome/141.0.0.0 Mobile Safari/537.36 EdgA/141.0.0.0"
51.195.244.38 - - [19/Oct/2025:09:04:33 -0400] "GET /sitting/ HTTP/1.1" 200 106971 "-" "Mozilla/5.0 (compatible; AhrefsBot/7.0; +http://ahrefs.com/robot/)"
49.207.150.135 - - [19/Oct/2025:09:04:33 -0400] "GET /category/position/page/17/ HTTP/1.1" 200 116193 "https://sexpositions.online/category/position/page/16/" "Mozilla/5.0 (Linux; Android 10; K) AppleWebKit/537.36 (KHTML, like Gecko) Chrome/141.0.0.0 Mobile Safari/537.36"
49.207.150.135 - - [19/Oct/2025:09:04:33 -0400] "GET /wp-content/uploads/freestyle-animated.gif HTTP/1.1" 200 251199 "https://sexpositions.online/category/position/page/17/" "Mozilla/5.0 (Linux; Android 10; K) AppleWebKit/537.36 (KHTML, like Gecko) Chrome/141.0.0.0 Mobile Safari/537.36"
49.207.150.135 - - [19/Oct/2025:09:04:33 -0400] "GET /wp-content/uploads/from-ball-to-wall-animated.gif HTTP/1.1" 200 213795 "https://sexpositions.online/category/position/page/17/" "Mozilla/5.0 (Linux; Android 10; K) AppleWebKit/537.36 (KHTML, like Gecko) Chrome/141.0.0.0 Mobile Safari/537.36"
217.224.3.194 - - [19/Oct/2025:09:04:34 -0400] "GET /wp-content/uploads/turtle-animated.gif HTTP/1.1" 304 - "https://sexpositions.online/anal/" "Mozilla/5.0 (Linux; Android 10; K) AppleWebKit/537.36 (KHTML, like Gecko) Chrome/141.0.0.0 Mobile Safari/537.36 EdgA/141.0.0.0"
49.207.150.135 - - [19/Oct/2025:09:04:34 -0400] "GET /wp-content/uploads/starfish-animated.gif HTTP/1.1" 200 216617 "https://sexpositions.online/category/position/page/17/" "Mozilla/5.0 (Linux; Android 10; K) AppleWebKit/537.36 (KHTML, like Gecko) Chrome/141.0.0.0 Mobile Safari/537.36"
49.207.150.135 - - [19/Oct/2025:09:04:34 -0400] "GET /freestyle/ HTTP/1.1" 200 98129 "https://sexpositions.online/category/position/page/17/" "Mozilla/5.0 (Linux; Android 10; K) AppleWebKit/537.36 (KHTML, like Gecko) Chrome/141.0.0.0 Mobile Safari/537.36"
49.207.150.135 - - [19/Oct/2025:09:04:34 -0400] "GET /wp-content/uploads/sideways-animated.gif HTTP/1.1" 200 213395 "https://sexpositions.online/category/position/page/17/" "Mozilla/5.0 (Linux; Android 10; K) AppleWebKit/537.36 (KHTML, like Gecko) Chrome/141.0.0.0 Mobile Safari/537.36"
49.207.150.135 - - [19/Oct/2025:09:04:34 -0400] "GET /wp-content/uploads/squat-animated.gif HTTP/1.1" 200 223127 "https://sexpositions.online/category/position/page/17/" "Mozilla/5.0 (Linux; Android 10; K) AppleWebKit/537.36 (KHTML, like Gecko) Chrome/141.0.0.0 Mobile Safari/537.36"
49.207.150.135 - - [19/Oct/2025:09:04:35 -0400] "GET /wp-content/uploads/gooooooal-animated.gif HTTP/1.1" 200 260673 "https://sexpositions.online/category/position/page/17/" "Mozilla/5.0 (Linux; Android 10; K) AppleWebKit/537.36 (KHTML, like Gecko) Chrome/141.0.0.0 Mobile Safari/537.36"
49.207.150.135 - - [19/Oct/2025:09:04:35 -0400] "GET /wp-content/uploads/g-force-animated-1.gif HTTP/1.1" 200 214094 "https://sexpositions.online/category/position/page/17/" "Mozilla/5.0 (Linux; Android 10; K) AppleWebKit/537.36 (KHTML, like Gecko) Chrome/141.0.0.0 Mobile Safari/537.36"
49.207.150.135 - - [19/Oct/2025:09:04:35 -0400] "GET /sideways/ HTTP/1.1" 200 98119 "https://sexpositions.online/category/position/page/17/" "Mozilla/5.0 (Linux; Android 10; K) AppleWebKit/537.36 (KHTML, like Gecko) Chrome/141.0.0.0 Mobile Safari/537.36"
2a03:2880:24ff:7:: - - [19/Oct/2025:09:04:36 -0400] "GET /wp-content/uploads/stand-and-carry-animated.gif HTTP/1.1" 304 - "-" "facebookexternalhit/1.1 (+http://www.facebook.com/externalhit_uatext.php)"
49.207.150.135 - - [19/Oct/2025:09:04:36 -0400] "GET /squat/ HTTP/1.1" 200 98047 "https://sexpositions.online/category/position/page/17/" "Mozilla/5.0 (Linux; Android 10; K) AppleWebKit/537.36 (KHTML, like Gecko) Chrome/141.0.0.0 Mobile Safari/537.36"
49.207.150.135 - - [19/Oct/2025:09:04:36 -0400] "GET /wp-content/uploads/handrail-animated.gif HTTP/1.1" 200 220272 "https://sexpositions.online/category/position/page/17/" "Mozilla/5.0 (Linux; Android 10; K) AppleWebKit/537.36 (KHTML, like Gecko) Chrome/141.0.0.0 Mobile Safari/537.36"
49.207.150.135 - - [19/Oct/2025:09:04:37 -0400] "GET /wp-content/uploads/eiffel-tower-animated.gif HTTP/1.1" 200 173748 "https://sexpositions.online/category/position/page/17/" "Mozilla/5.0 (Linux; Android 10; K) AppleWebKit/537.36 (KHTML, like Gecko) Chrome/141.0.0.0 Mobile Safari/537.36"
49.207.150.135 - - [19/Oct/2025:09:04:36 -0400] "GET /gooooooal/ HTTP/1.1" 200 98033 "https://sexpositions.online/category/position/page/17/" "Mozilla/5.0 (Linux; Android 10; K) AppleWebKit/537.36 (KHTML, like Gecko) Chrome/141.0.0.0 Mobile Safari/537.36"
2401:4900:915a:6ace:3ad2:c2b8:f0f9:98a - - [19/Oct/2025:09:04:37 -0400] "GET /easy/ HTTP/1.1" 200 101587 "https://sexpositions.online/" "Mozilla/5.0 (Linux; Android 10; K) AppleWebKit/537.36 (KHTML, like Gecko) Chrome/140.0.0.0 Mobile Safari/537.36"
49.207.150.135 - - [19/Oct/2025:09:04:37 -0400] "GET /handrail/ HTTP/1.1" 200 97942 "https://sexpositions.online/category/position/page/17/" "Mozilla/5.0 (Linux; Android 10; K) AppleWebKit/537.36 (KHTML, like Gecko) Chrome/141.0.0.0 Mobile Safari/537.36"
49.207.150.135 - - [19/Oct/2025:09:04:38 -0400] "GET /eiffel-tower/ HTTP/1.1" 200 98168 "https://sexpositions.online/category/position/page/17/" "Mozilla/5.0 (Linux; Android 10; K) AppleWebKit/537.36 (KHTML, like Gecko) Chrome/141.0.0.0 Mobile Safari/537.36"
49.207.150.135 - - [19/Oct/2025:09:04:39 -0400] "GET /category/position/page/18/ HTTP/1.1" 200 116384 "https://sexpositions.online/category/position/page/17/" "Mozilla/5.0 (Linux; Android 10; K) AppleWebKit/537.36 (KHTML, like Gecko) Chrome/141.0.0.0 Mobile Safari/537.36"
49.207.150.135 - - [19/Oct/2025:09:04:39 -0400] "GET /wp-content/uploads/hideaway-animated.gif HTTP/1.1" 200 202157 "https://sexpositions.online/category/position/page/18/" "Mozilla/5.0 (Linux; Android 10; K) AppleWebKit/537.36 (KHTML, like Gecko) Chrome/141.0.0.0 Mobile Safari/537.36"
49.207.150.135 - - [19/Oct/2025:09:04:39 -0400] "GET /wp-content/uploads/heaven-knows-animated.gif HTTP/1.1" 200 208637 "https://sexpositions.online/category/position/page/18/" "Mozilla/5.0 (Linux; Android 10; K) AppleWebKit/537.36 (KHTML, like Gecko) Chrome/141.0.0.0 Mobile Safari/537.36"
49.207.150.135 - - [19/Oct/2025:09:04:39 -0400] "GET /wp-content/uploads/he-is-man-animated.gif HTTP/1.1" 200 288772 "https://sexpositions.online/category/position/page/18/" "Mozilla/5.0 (Linux; Android 10; K) AppleWebKit/537.36 (KHTML, like Gecko) Chrome/141.0.0.0 Mobile Safari/537.36"
49.207.150.135 - - [19/Oct/2025:09:04:39 -0400] "GET /heaven-knows/ HTTP/1.1" 200 98069 "https://sexpositions.online/category/position/page/18/" "Mozilla/5.0 (Linux; Android 10; K) AppleWebKit/537.36 (KHTML, like Gecko) Chrome/141.0.0.0 Mobile Safari/537.36"
49.207.150.135 - - [19/Oct/2025:09:04:40 -0400] "GET /wp-content/uploads/higher-plane-animated.gif HTTP/1.1" 200 229554 "https://sexpositions.online/category/position/page/18/" "Mozilla/5.0 (Linux; Android 10; K) AppleWebKit/537.36 (KHTML, like Gecko) Chrome/141.0.0.0 Mobile Safari/537.36"
162.81.108.177 - - [19/Oct/2025:09:04:41 -0400] "GET /wp-content/uploads/trampoline-animated-1.gif HTTP/1.1" 304 - "https://naughtygrin.com/" "Mozilla/5.0 (iPhone; CPU iPhone OS 18_6_2 like Mac OS X) AppleWebKit/605.1.15 (KHTML, like Gecko) Version/18.6 Mobile/15E148 Safari/604.1"
49.207.150.135 - - [19/Oct/2025:09:04:41 -0400] "GET /wp-content/uploads/high-in-the-saddle-animated.gif HTTP/1.1" 200 195440 "https://sexpositions.online/category/position/page/18/" "Mozilla/5.0 (Linux; Android 10; K) AppleWebKit/537.36 (KHTML, like Gecko) Chrome/141.0.0.0 Mobile Safari/537.36"
49.207.150.135 - - [19/Oct/2025:09:04:41 -0400] "GET /wp-content/uploads/highway-to-heaven-animated.gif HTTP/1.1" 200 208133 "https://sexpositions.online/category/position/page/18/" "Mozilla/5.0 (Linux; Android 10; K) AppleWebKit/537.36 (KHTML, like Gecko) Chrome/141.0.0.0 Mobile Safari/537.36"
49.207.150.135 - - [19/Oct/2025:09:04:42 -0400] "GET /higher-plane/ HTTP/1.1" 200 98027 "https://sexpositions.online/category/position/page/18/" "Mozilla/5.0 (Linux; Android 10; K) AppleWebKit/537.36 (KHTML, like Gecko) Chrome/141.0.0.0 Mobile Safari/537.36"
49.207.150.135 - - [19/Oct/2025:09:04:42 -0400] "GET /wp-content/uploads/hot-and-spicy-animated.gif HTTP/1.1" 200 216843 "https://sexpositions.online/category/position/page/18/" "Mozilla/5.0 (Linux; Android 10; K) AppleWebKit/537.36 (KHTML, like Gecko) Chrome/141.0.0.0 Mobile Safari/537.36"
217.224.3.194 - - [19/Oct/2025:09:04:42 -0400] "GET /wp-content/uploads/deep-impact-animated.gif HTTP/1.1" 304 - "https://sexpositions.online/anal/" "Mozilla/5.0 (Linux; Android 10; K) AppleWebKit/537.36 (KHTML, like Gecko) Chrome/141.0.0.0 Mobile Safari/537.36 EdgA/141.0.0.0"
49.207.150.135 - - [19/Oct/2025:09:04:42 -0400] "GET /high-in-the-saddle/ HTTP/1.1" 200 98420 "https://sexpositions.online/category/position/page/18/" "Mozilla/5.0 (Linux; Android 10; K) AppleWebKit/537.36 (KHTML, like Gecko) Chrome/141.0.0.0 Mobile Safari/537.36"
49.207.150.135 - - [19/Oct/2025:09:04:43 -0400] "GET /wp-content/uploads/the-spork-animated.gif HTTP/1.1" 200 177153 "https://sexpositions.online/category/position/page/18/" "Mozilla/5.0 (Linux; Android 10; K) AppleWebKit/537.36 (KHTML, like Gecko) Chrome/141.0.0.0 Mobile Safari/537.36"
49.207.150.135 - - [19/Oct/2025:09:04:44 -0400] "GET /wp-content/uploads/lock-and-load-animated-1.gif HTTP/1.1" 200 218342 "https://sexpositions.online/category/position/page/18/" "Mozilla/5.0 (Linux; Android 10; K) AppleWebKit/537.36 (KHTML, like Gecko) Chrome/141.0.0.0 Mobile Safari/537.36"
49.207.150.135 - - [19/Oct/2025:09:04:44 -0400] "GET /wp-content/uploads/pretzel-animated.gif HTTP/1.1" 200 227672 "https://sexpositions.online/category/position/page/18/" "Mozilla/5.0 (Linux; Android 10; K) AppleWebKit/537.36 (KHTML, like Gecko) Chrome/141.0.0.0 Mobile Safari/537.36"
217.224.3.194 - - [19/Oct/2025:09:04:46 -0400] "GET /wp-content/uploads/launch-pad-animated-2.gif HTTP/1.1" 304 - "https://sexpositions.online/anal/" "Mozilla/5.0 (Linux; Android 10; K) AppleWebKit/537.36 (KHTML, like Gecko) Chrome/141.0.0.0 Mobile Safari/537.36 EdgA/141.0.0.0"
49.207.150.135 - - [19/Oct/2025:09:04:46 -0400] "GET /category/position/page/19/ HTTP/1.1" 200 116301 "https://sexpositions.online/category/position/page/18/" "Mozilla/5.0 (Linux; Android 10; K) AppleWebKit/537.36 (KHTML, like Gecko) Chrome/141.0.0.0 Mobile Safari/537.36"
49.207.150.135 - - [19/Oct/2025:09:04:47 -0400] "GET /wp-content/uploads/inside-out-animated.gif HTTP/1.1" 200 210099 "https://sexpositions.online/category/position/page/19/" "Mozilla/5.0 (Linux; Android 10; K) AppleWebKit/537.36 (KHTML, like Gecko) Chrome/141.0.0.0 Mobile Safari/537.36"
49.207.150.135 - - [19/Oct/2025:09:04:47 -0400] "GET /wp-content/uploads/ladies-choice-animated.gif HTTP/1.1" 200 216653 "https://sexpositions.online/category/position/page/19/" "Mozilla/5.0 (Linux; Android 10; K) AppleWebKit/537.36 (KHTML, like Gecko) Chrome/141.0.0.0 Mobile Safari/537.36"
49.207.150.135 - - [19/Oct/2025:09:04:47 -0400] "GET /wp-content/uploads/mermaid-animated.gif HTTP/1.1" 200 200213 "https://sexpositions.online/category/position/page/19/" "Mozilla/5.0 (Linux; Android 10; K) AppleWebKit/537.36 (KHTML, like Gecko) Chrome/141.0.0.0 Mobile Safari/537.36"
49.207.150.135 - - [19/Oct/2025:09:04:47 -0400] "GET /inside-out/ HTTP/1.1" 200 98182 "https://sexpositions.online/category/position/page/19/" "Mozilla/5.0 (Linux; Android 10; K) AppleWebKit/537.36 (KHTML, like Gecko) Chrome/141.0.0.0 Mobile Safari/537.36"
49.207.150.135 - - [19/Oct/2025:09:04:47 -0400] "GET /wp-content/uploads/leaning-tower-animated.gif HTTP/1.1" 200 176297 "https://sexpositions.online/category/position/page/19/" "Mozilla/5.0 (Linux; Android 10; K) AppleWebKit/537.36 (KHTML, like Gecko) Chrome/141.0.0.0 Mobile Safari/537.36"
49.207.150.135 - - [19/Oct/2025:09:04:48 -0400] "GET /wp-content/uploads/lean-to-animated.gif HTTP/1.1" 200 244202 "https://sexpositions.online/category/position/page/19/" "Mozilla/5.0 (Linux; Android 10; K) AppleWebKit/537.36 (KHTML, like Gecko) Chrome/141.0.0.0 Mobile Safari/537.36"
49.207.150.135 - - [19/Oct/2025:09:04:48 -0400] "GET /ladies-choice/ HTTP/1.1" 200 98213 "https://sexpositions.online/category/position/page/19/" "Mozilla/5.0 (Linux; Android 10; K) AppleWebKit/537.36 (KHTML, like Gecko) Chrome/141.0.0.0 Mobile Safari/537.36"
217.224.3.194 - - [19/Oct/2025:09:04:48 -0400] "GET /wp-content/uploads/the-corkscrew-animated.gif HTTP/1.1" 304 - "https://sexpositions.online/anal/" "Mozilla/5.0 (Linux; Android 10; K) AppleWebKit/537.36 (KHTML, like Gecko) Chrome/141.0.0.0 Mobile Safari/537.36 EdgA/141.0.0.0"
49.207.150.135 - - [19/Oct/2025:09:04:49 -0400] "GET /wp-content/uploads/love-pump-animated.gif HTTP/1.1" 200 231610 "https://sexpositions.online/category/position/page/19/" "Mozilla/5.0 (Linux; Android 10; K) AppleWebKit/537.36 (KHTML, like Gecko) Chrome/141.0.0.0 Mobile Safari/537.36"
49.207.150.135 - - [19/Oct/2025:09:04:48 -0400] "GET /mermaid/ HTTP/1.1" 200 98019 "https://sexpositions.online/category/position/page/19/" "Mozilla/5.0 (Linux; Android 10; K) AppleWebKit/537.36 (KHTML, like Gecko) Chrome/141.0.0.0 Mobile Safari/537.36"
49.207.150.135 - - [19/Oct/2025:09:04:49 -0400] "GET /wp-content/uploads/bent-spoon-animated-1.gif HTTP/1.1" 200 268562 "https://sexpositions.online/category/position/page/19/" "Mozilla/5.0 (Linux; Android 10; K) AppleWebKit/537.36 (KHTML, like Gecko) Chrome/141.0.0.0 Mobile Safari/537.36"
64.224.128.202 - - [19/Oct/2025:09:04:49 -0400] "GET /wp-json/wp/v2/users HTTP/1.1" 200 726 "-" "Mozilla/4.0 (compatible; Win32; WinHttp.WinHttpRequest.5)"
2401:4900:915a:6ace:3ad2:c2b8:f0f9:98a - - [19/Oct/2025:09:04:49 -0400] "GET /wp-content/uploads/crouching-tiger-animated-1.gif HTTP/1.1" 304 - "https://sexpositions.online/easy/" "Mozilla/5.0 (Linux; Android 10; K) AppleWebKit/537.36 (KHTML, like Gecko) Chrome/140.0.0.0 Mobile Safari/537.36"
49.207.150.135 - - [19/Oct/2025:09:04:49 -0400] "GET /lean-to/ HTTP/1.1" 200 98136 "https://sexpositions.online/category/position/page/19/" "Mozilla/5.0 (Linux; Android 10; K) AppleWebKit/537.36 (KHTML, like Gecko) Chrome/141.0.0.0 Mobile Safari/537.36"
2401:4900:915a:6ace:3ad2:c2b8:f0f9:98a - - [19/Oct/2025:09:04:49 -0400] "GET /wp-content/uploads/easy-rider-animated.gif HTTP/1.1" 304 - "https://sexpositions.online/easy/" "Mozilla/5.0 (Linux; Android 10; K) AppleWebKit/537.36 (KHTML, like Gecko) Chrome/140.0.0.0 Mobile Safari/537.36"
49.207.150.135 - - [19/Oct/2025:09:04:49 -0400] "GET /wp-content/uploads/lusty-launch-animated.gif HTTP/1.1" 200 251195 "https://sexpositions.online/category/position/page/19/" "Mozilla/5.0 (Linux; Android 10; K) AppleWebKit/537.36 (KHTML, like Gecko) Chrome/141.0.0.0 Mobile Safari/537.36"
2401:4900:915a:6ace:3ad2:c2b8:f0f9:98a - - [19/Oct/2025:09:04:50 -0400] "GET /wp-content/uploads/sidewinder-animated-1.gif HTTP/1.1" 304 - "https://sexpositions.online/easy/" "Mozilla/5.0 (Linux; Android 10; K) AppleWebKit/537.36 (KHTML, like Gecko) Chrome/140.0.0.0 Mobile Safari/537.36"
49.207.150.135 - - [19/Oct/2025:09:04:50 -0400] "GET /wp-content/uploads/man-overboard-animated.gif HTTP/1.1" 200 228544 "https://sexpositions.online/category/position/page/19/" "Mozilla/5.0 (Linux; Android 10; K) AppleWebKit/537.36 (KHTML, like Gecko) Chrome/141.0.0.0 Mobile Safari/537.36"
49.207.150.135 - - [19/Oct/2025:09:04:50 -0400] "GET /love-pump/ HTTP/1.1" 200 98026 "https://sexpositions.online/category/position/page/19/" "Mozilla/5.0 (Linux; Android 10; K) AppleWebKit/537.36 (KHTML, like Gecko) Chrome/141.0.0.0 Mobile Safari/537.36"
49.207.150.135 - - [19/Oct/2025:09:04:50 -0400] "GET /wp-content/uploads/trampoline-animated-1.gif HTTP/1.1" 200 302040 "https://sexpositions.online/category/position/page/19/" "Mozilla/5.0 (Linux; Android 10; K) AppleWebKit/537.36 (KHTML, like Gecko) Chrome/141.0.0.0 Mobile Safari/537.36"
217.224.3.194 - - [19/Oct/2025:09:04:51 -0400] "GET /wp-content/uploads/roller-coaster-animated-1.gif HTTP/1.1" 304 - "https://sexpositions.online/anal/" "Mozilla/5.0 (Linux; Android 10; K) AppleWebKit/537.36 (KHTML, like Gecko) Chrome/141.0.0.0 Mobile Safari/537.36 EdgA/141.0.0.0"
49.207.150.135 - - [19/Oct/2025:09:04:52 -0400] "GET /category/position/page/20/ HTTP/1.1" 200 116398 "https://sexpositions.online/category/position/page/19/" "Mozilla/5.0 (Linux; Android 10; K) AppleWebKit/537.36 (KHTML, like Gecko) Chrome/141.0.0.0 Mobile Safari/537.36"
49.207.150.135 - - [19/Oct/2025:09:04:52 -0400] "GET /wp-content/uploads/the-tumbler-animated.gif HTTP/1.1" 200 236830 "https://sexpositions.online/category/position/page/20/" "Mozilla/5.0 (Linux; Android 10; K) AppleWebKit/537.36 (KHTML, like Gecko) Chrome/141.0.0.0 Mobile Safari/537.36"
49.207.150.135 - - [19/Oct/2025:09:04:52 -0400] "GET /wp-content/uploads/the-vibe-animated.gif HTTP/1.1" 200 222808 "https://sexpositions.online/category/position/page/20/" "Mozilla/5.0 (Linux; Android 10; K) AppleWebKit/537.36 (KHTML, like Gecko) Chrome/141.0.0.0 Mobile Safari/537.36"
49.207.150.135 - - [19/Oct/2025:09:04:52 -0400] "GET /wp-content/uploads/the-tipster-animated.gif HTTP/1.1" 200 197613 "https://sexpositions.online/category/position/page/20/" "Mozilla/5.0 (Linux; Android 10; K) AppleWebKit/537.36 (KHTML, like Gecko) Chrome/141.0.0.0 Mobile Safari/537.36"
49.207.150.135 - - [19/Oct/2025:09:04:53 -0400] "GET /wp-content/uploads/two-4-one-animated.gif HTTP/1.1" 200 170355 "https://sexpositions.online/category/position/page/20/" "Mozilla/5.0 (Linux; Android 10; K) AppleWebKit/537.36 (KHTML, like Gecko) Chrome/141.0.0.0 Mobile Safari/537.36"
49.207.150.135 - - [19/Oct/2025:09:04:53 -0400] "GET /the-tipster/ HTTP/1.1" 200 98079 "https://sexpositions.online/category/position/page/20/" "Mozilla/5.0 (Linux; Android 10; K) AppleWebKit/537.36 (KHTML, like Gecko) Chrome/141.0.0.0 Mobile Safari/537.36"
49.207.150.135 - - [19/Oct/2025:09:04:53 -0400] "GET /wp-content/uploads/two-timing-animated.gif HTTP/1.1" 200 202080 "https://sexpositions.online/category/position/page/20/" "Mozilla/5.0 (Linux; Android 10; K) AppleWebKit/537.36 (KHTML, like Gecko) Chrome/141.0.0.0 Mobile Safari/537.36"
49.207.150.135 - - [19/Oct/2025:09:04:54 -0400] "GET /wp-content/uploads/up-against-the-wall-animated.gif HTTP/1.1" 200 172610 "https://sexpositions.online/category/position/page/20/" "Mozilla/5.0 (Linux; Android 10; K) AppleWebKit/537.36 (KHTML, like Gecko) Chrome/141.0.0.0 Mobile Safari/537.36"
49.207.150.135 - - [19/Oct/2025:09:04:54 -0400] "GET /wp-content/uploads/worlds-strongest-animated.gif HTTP/1.1" 200 137048 "https://sexpositions.online/category/position/page/20/" "Mozilla/5.0 (Linux; Android 10; K) AppleWebKit/537.36 (KHTML, like Gecko) Chrome/141.0.0.0 Mobile Safari/537.36"
2401:4900:915a:6ace:3ad2:c2b8:f0f9:98a - - [19/Oct/2025:09:04:55 -0400] "GET /wp-content/uploads/belly-flop-animated.gif HTTP/1.1" 304 - "https://sexpositions.online/easy/" "Mozilla/5.0 (Linux; Android 10; K) AppleWebKit/537.36 (KHTML, like Gecko) Chrome/140.0.0.0 Mobile Safari/537.36"
49.207.150.135 - - [19/Oct/2025:09:04:55 -0400] "GET /wp-content/uploads/airplane-animated.gif HTTP/1.1" 200 252773 "https://sexpositions.online/category/position/page/20/" "Mozilla/5.0 (Linux; Android 10; K) AppleWebKit/537.36 (KHTML, like Gecko) Chrome/141.0.0.0 Mobile Safari/537.36"
49.207.150.135 - - [19/Oct/2025:09:04:56 -0400] "GET /wp-content/uploads/a-little-on-the-side-animated.gif HTTP/1.1" 200 226162 "https://sexpositions.online/category/position/page/20/" "Mozilla/5.0 (Linux; Android 10; K) AppleWebKit/537.36 (KHTML, like Gecko) Chrome/141.0.0.0 Mobile Safari/537.36"
49.207.150.135 - - [19/Oct/2025:09:04:57 -0400] "GET /wp-content/uploads/upside-down-animated.gif HTTP/1.1" 200 166318 "https://sexpositions.online/category/position/page/20/" "Mozilla/5.0 (Linux; Android 10; K) AppleWebKit/537.36 (KHTML, like Gecko) Chrome/141.0.0.0 Mobile Safari/537.36"
49.207.150.135 - - [19/Oct/2025:09:04:57 -0400] "GET /airplane/ HTTP/1.1" 200 98051 "https://sexpositions.online/category/position/page/20/" "Mozilla/5.0 (Linux; Android 10; K) AppleWebKit/537.36 (KHTML, like Gecko) Chrome/141.0.0.0 Mobile Safari/537.36"
49.207.150.135 - - [19/Oct/2025:09:04:58 -0400] "GET /a-little-on-the-side/ HTTP/1.1" 200 98416 "https://sexpositions.online/category/position/page/20/" "Mozilla/5.0 (Linux; Android 10; K) AppleWebKit/537.36 (KHTML, like Gecko) Chrome/141.0.0.0 Mobile Safari/537.36"
49.207.150.135 - - [19/Oct/2025:09:04:59 -0400] "GET /upside-down/ HTTP/1.1" 200 98054 "https://sexpositions.online/category/position/page/20/" "Mozilla/5.0 (Linux; Android 10; K) AppleWebKit/537.36 (KHTML, like Gecko) Chrome/141.0.0.0 Mobile Safari/537.36"
49.207.150.135 - - [19/Oct/2025:09:04:59 -0400] "GET /category/position/page/21/ HTTP/1.1" 200 116409 "https://sexpositions.online/category/position/page/20/" "Mozilla/5.0 (Linux; Android 10; K) AppleWebKit/537.36 (KHTML, like Gecko) Chrome/141.0.0.0 Mobile Safari/537.36"
49.207.150.135 - - [19/Oct/2025:09:05:00 -0400] "GET /wp-content/uploads/anything-goes-animated.gif HTTP/1.1" 200 210874 "https://sexpositions.online/category/position/page/21/" "Mozilla/5.0 (Linux; Android 10; K) AppleWebKit/537.36 (KHTML, like Gecko) Chrome/141.0.0.0 Mobile Safari/537.36"
49.207.150.135 - - [19/Oct/2025:09:05:00 -0400] "GET /wp-content/uploads/avalanche-animated.gif HTTP/1.1" 200 246379 "https://sexpositions.online/category/position/page/21/" "Mozilla/5.0 (Linux; Android 10; K) AppleWebKit/537.36 (KHTML, like Gecko) Chrome/141.0.0.0 Mobile Safari/537.36"
49.207.150.135 - - [19/Oct/2025:09:05:00 -0400] "GET /wp-content/uploads/aphrodites-delight-animated.gif HTTP/1.1" 200 178754 "https://sexpositions.online/category/position/page/21/" "Mozilla/5.0 (Linux; Android 10; K) AppleWebKit/537.36 (KHTML, like Gecko) Chrome/141.0.0.0 Mobile Safari/537.36"
217.224.3.194 - - [19/Oct/2025:09:05:00 -0400] "GET /easy/ HTTP/1.1" 200 101587 "https://sexpositions.online/advanced/" "Mozilla/5.0 (Linux; Android 10; K) AppleWebKit/537.36 (KHTML, like Gecko) Chrome/141.0.0.0 Mobile Safari/537.36 EdgA/141.0.0.0"
49.207.150.135 - - [19/Oct/2025:09:05:00 -0400] "GET /wp-content/uploads/waterfall-animated.gif HTTP/1.1" 200 232881 "https://sexpositions.online/category/position/page/21/" "Mozilla/5.0 (Linux; Android 10; K) AppleWebKit/537.36 (KHTML, like Gecko) Chrome/141.0.0.0 Mobile Safari/537.36"
49.207.150.135 - - [19/Oct/2025:09:05:00 -0400] "GET /anything-goes/ HTTP/1.1" 200 98020 "https://sexpositions.online/category/position/page/21/" "Mozilla/5.0 (Linux; Android 10; K) AppleWebKit/537.36 (KHTML, like Gecko) Chrome/141.0.0.0 Mobile Safari/537.36"
49.207.150.135 - - [19/Oct/2025:09:05:00 -0400] "GET /wp-content/uploads/back-up-animated.gif HTTP/1.1" 200 220103 "https://sexpositions.online/category/position/page/21/" "Mozilla/5.0 (Linux; Android 10; K) AppleWebKit/537.36 (KHTML, like Gecko) Chrome/141.0.0.0 Mobile Safari/537.36"
49.207.150.135 - - [19/Oct/2025:09:05:01 -0400] "GET /wp-content/uploads/beach-bonfire-animated.gif HTTP/1.1" 200 186935 "https://sexpositions.online/category/position/page/21/" "Mozilla/5.0 (Linux; Android 10; K) AppleWebKit/537.36 (KHTML, like Gecko) Chrome/141.0.0.0 Mobile Safari/537.36"
49.207.150.135 - - [19/Oct/2025:09:05:01 -0400] "GET /wp-content/uploads/belly-dancer-animated.gif HTTP/1.1" 200 224619 "https://sexpositions.online/category/position/page/21/" "Mozilla/5.0 (Linux; Android 10; K) AppleWebKit/537.36 (KHTML, like Gecko) Chrome/141.0.0.0 Mobile Safari/537.36"
49.207.150.135 - - [19/Oct/2025:09:05:01 -0400] "GET /waterfall/ HTTP/1.1" 200 97991 "https://sexpositions.online/category/position/page/21/" "Mozilla/5.0 (Linux; Android 10; K) AppleWebKit/537.36 (KHTML, like Gecko) Chrome/141.0.0.0 Mobile Safari/537.36"
49.207.150.135 - - [19/Oct/2025:09:05:02 -0400] "GET /wp-content/uploads/belly-flop-animated.gif HTTP/1.1" 200 177740 "https://sexpositions.online/category/position/page/21/" "Mozilla/5.0 (Linux; Android 10; K) AppleWebKit/537.36 (KHTML, like Gecko) Chrome/141.0.0.0 Mobile Safari/537.36"
49.207.150.135 - - [19/Oct/2025:09:05:02 -0400] "GET /beach-bonfire/ HTTP/1.1" 200 98193 "https://sexpositions.online/category/position/page/21/" "Mozilla/5.0 (Linux; Android 10; K) AppleWebKit/537.36 (KHTML, like Gecko) Chrome/141.0.0.0 Mobile Safari/537.36"
49.207.150.135 - - [19/Oct/2025:09:05:02 -0400] "GET /wp-content/uploads/big-wheelbarrow-animated.gif HTTP/1.1" 200 286289 "https://sexpositions.online/category/position/page/21/" "Mozilla/5.0 (Linux; Android 10; K) AppleWebKit/537.36 (KHTML, like Gecko) Chrome/141.0.0.0 Mobile Safari/537.36"
49.207.150.135 - - [19/Oct/2025:09:05:03 -0400] "GET /big-wheelbarrow/ HTTP/1.1" 200 98107 "https://sexpositions.online/category/position/page/21/" "Mozilla/5.0 (Linux; Android 10; K) AppleWebKit/537.36 (KHTML, like Gecko) Chrome/141.0.0.0 Mobile Safari/537.36"
217.224.3.194 - - [19/Oct/2025:09:05:04 -0400] "GET /chair/ HTTP/1.1" 200 103051 "https://sexpositions.online/advanced/" "Mozilla/5.0 (Linux; Android 10; K) AppleWebKit/537.36 (KHTML, like Gecko) Chrome/141.0.0.0 Mobile Safari/537.36 EdgA/141.0.0.0"
49.207.150.135 - - [19/Oct/2025:09:05:04 -0400] "GET /category/position/page/20/ HTTP/1.1" 200 116398 "https://sexpositions.online/category/position/page/21/" "Mozilla/5.0 (Linux; Android 10; K) AppleWebKit/537.36 (KHTML, like Gecko) Chrome/141.0.0.0 Mobile Safari/537.36"
49.207.150.135 - - [19/Oct/2025:09:05:06 -0400] "GET /the-tipster/ HTTP/1.1" 200 98079 "https://sexpositions.online/category/position/page/20/" "Mozilla/5.0 (Linux; Android 10; K) AppleWebKit/537.36 (KHTML, like Gecko) Chrome/141.0.0.0 Mobile Safari/537.36"
49.207.150.135 - - [19/Oct/2025:09:05:06 -0400] "GET /two-timing/ HTTP/1.1" 200 97939 "https://sexpositions.online/category/position/page/20/" "Mozilla/5.0 (Linux; Android 10; K) AppleWebKit/537.36 (KHTML, like Gecko) Chrome/141.0.0.0 Mobile Safari/537.36"
217.224.3.194 - - [19/Oct/2025:09:05:07 -0400] "GET /wp-content/uploads/the-love-seat-animated-1.gif HTTP/1.1" 304 - "https://sexpositions.online/chair/" "Mozilla/5.0 (Linux; Android 10; K) AppleWebKit/537.36 (KHTML, like Gecko) Chrome/141.0.0.0 Mobile Safari/537.36 EdgA/141.0.0.0"
217.224.3.194 - - [19/Oct/2025:09:05:07 -0400] "GET /wp-content/uploads/whos-your-daddy-animated.gif HTTP/1.1" 304 - "https://sexpositions.online/chair/" "Mozilla/5.0 (Linux; Android 10; K) AppleWebKit/537.36 (KHTML, like Gecko) Chrome/141.0.0.0 Mobile Safari/537.36 EdgA/141.0.0.0"
217.224.3.194 - - [19/Oct/2025:09:05:07 -0400] "GET /wp-content/uploads/the-straddle-animated.gif HTTP/1.1" 304 - "https://sexpositions.online/chair/" "Mozilla/5.0 (Linux; Android 10; K) AppleWebKit/537.36 (KHTML, like Gecko) Chrome/141.0.0.0 Mobile Safari/537.36 EdgA/141.0.0.0"
217.224.3.194 - - [19/Oct/2025:09:05:07 -0400] "GET /wp-content/uploads/the-hammock-animated.gif HTTP/1.1" 304 - "https://sexpositions.online/chair/" "Mozilla/5.0 (Linux; Android 10; K) AppleWebKit/537.36 (KHTML, like Gecko) Chrome/141.0.0.0 Mobile Safari/537.36 EdgA/141.0.0.0"
217.224.3.194 - - [19/Oct/2025:09:05:07 -0400] "GET /wp-content/uploads/lap-dance-animated.gif HTTP/1.1" 304 - "https://sexpositions.online/chair/" "Mozilla/5.0 (Linux; Android 10; K) AppleWebKit/537.36 (KHTML, like Gecko) Chrome/141.0.0.0 Mobile Safari/537.36 EdgA/141.0.0.0"
49.207.150.135 - - [19/Oct/2025:09:05:07 -0400] "GET /category/position/page/21/ HTTP/1.1" 200 116409 "https://sexpositions.online/category/position/page/20/" "Mozilla/5.0 (Linux; Android 10; K) AppleWebKit/537.36 (KHTML, like Gecko) Chrome/141.0.0.0 Mobile Safari/537.36"
49.207.150.135 - - [19/Oct/2025:09:05:08 -0400] "GET /anything-goes/ HTTP/1.1" 200 98020 "https://sexpositions.online/category/position/page/21/" "Mozilla/5.0 (Linux; Android 10; K) AppleWebKit/537.36 (KHTML, like Gecko) Chrome/141.0.0.0 Mobile Safari/537.36"
217.224.3.194 - - [19/Oct/2025:09:05:08 -0400] "GET /wp-content/uploads/hot-seat-animated-1.gif HTTP/1.1" 304 - "https://sexpositions.online/chair/" "Mozilla/5.0 (Linux; Android 10; K) AppleWebKit/537.36 (KHTML, like Gecko) Chrome/141.0.0.0 Mobile Safari/537.36 EdgA/141.0.0.0"
49.207.150.135 - - [19/Oct/2025:09:05:08 -0400] "GET /beach-bonfire/ HTTP/1.1" 200 98193 "https://sexpositions.online/category/position/page/21/" "Mozilla/5.0 (Linux; Android 10; K) AppleWebKit/537.36 (KHTML, like Gecko) Chrome/141.0.0.0 Mobile Safari/537.36"
49.207.150.135 - - [19/Oct/2025:09:05:09 -0400] "GET /category/position/page/22/ HTTP/1.1" 200 116495 "https://sexpositions.online/category/position/page/21/" "Mozilla/5.0 (Linux; Android 10; K) AppleWebKit/537.36 (KHTML, like Gecko) Chrome/141.0.0.0 Mobile Safari/537.36"
49.207.150.135 - - [19/Oct/2025:09:05:09 -0400] "GET /wp-content/uploads/boot-it-up-animated.gif HTTP/1.1" 200 262995 "https://sexpositions.online/category/position/page/22/" "Mozilla/5.0 (Linux; Android 10; K) AppleWebKit/537.36 (KHTML, like Gecko) Chrome/141.0.0.0 Mobile Safari/537.36"
49.207.150.135 - - [19/Oct/2025:09:05:09 -0400] "GET /wp-content/uploads/bottom-jig-animated.gif HTTP/1.1" 200 198063 "https://sexpositions.online/category/position/page/22/" "Mozilla/5.0 (Linux; Android 10; K) AppleWebKit/537.36 (KHTML, like Gecko) Chrome/141.0.0.0 Mobile Safari/537.36"
49.207.150.135 - - [19/Oct/2025:09:05:09 -0400] "GET /wp-content/uploads/body-booster-animated.gif HTTP/1.1" 200 218542 "https://sexpositions.online/category/position/page/22/" "Mozilla/5.0 (Linux; Android 10; K) AppleWebKit/537.36 (KHTML, like Gecko) Chrome/141.0.0.0 Mobile Safari/537.36"
49.207.150.135 - - [19/Oct/2025:09:05:10 -0400] "GET /wp-content/uploads/boys-on-the-side-animated.gif HTTP/1.1" 200 255395 "https://sexpositions.online/category/position/page/22/" "Mozilla/5.0 (Linux; Android 10; K) AppleWebKit/537.36 (KHTML, like Gecko) Chrome/141.0.0.0 Mobile Safari/537.36"
49.207.150.135 - - [19/Oct/2025:09:05:10 -0400] "GET /body-booster/ HTTP/1.1" 200 97989 "https://sexpositions.online/category/position/page/22/" "Mozilla/5.0 (Linux; Android 10; K) AppleWebKit/537.36 (KHTML, like Gecko) Chrome/141.0.0.0 Mobile Safari/537.36"
49.207.150.135 - - [19/Oct/2025:09:05:11 -0400] "GET /wp-content/uploads/butterfly-in-flight-animated.gif HTTP/1.1" 200 186951 "https://sexpositions.online/category/position/page/22/" "Mozilla/5.0 (Linux; Android 10; K) AppleWebKit/537.36 (KHTML, like Gecko) Chrome/141.0.0.0 Mobile Safari/537.36"
49.207.150.135 - - [19/Oct/2025:09:05:10 -0400] "GET /boot-it-up/ HTTP/1.1" 200 98024 "https://sexpositions.online/category/position/page/22/" "Mozilla/5.0 (Linux; Android 10; K) AppleWebKit/537.36 (KHTML, like Gecko) Chrome/141.0.0.0 Mobile Safari/537.36"
49.207.150.135 - - [19/Oct/2025:09:05:11 -0400] "GET /wp-content/uploads/buttock-delight-animated.gif HTTP/1.1" 200 192276 "https://sexpositions.online/category/position/page/22/" "Mozilla/5.0 (Linux; Android 10; K) AppleWebKit/537.36 (KHTML, like Gecko) Chrome/141.0.0.0 Mobile Safari/537.36"
49.207.150.135 - - [19/Oct/2025:09:05:11 -0400] "GET /wp-content/uploads/canine-canoodling-animated.gif HTTP/1.1" 200 231779 "https://sexpositions.online/category/position/page/22/" "Mozilla/5.0 (Linux; Android 10; K) AppleWebKit/537.36 (KHTML, like Gecko) Chrome/141.0.0.0 Mobile Safari/537.36"
49.207.150.135 - - [19/Oct/2025:09:05:11 -0400] "GET /wp-content/uploads/spider-monkey-animated.gif HTTP/1.1" 200 211415 "https://sexpositions.online/category/position/page/22/" "Mozilla/5.0 (Linux; Android 10; K) AppleWebKit/537.36 (KHTML, like Gecko) Chrome/141.0.0.0 Mobile Safari/537.36"
49.207.150.135 - - [19/Oct/2025:09:05:11 -0400] "GET /buttock-delight/ HTTP/1.1" 200 98193 "https://sexpositions.online/category/position/page/22/" "Mozilla/5.0 (Linux; Android 10; K) AppleWebKit/537.36 (KHTML, like Gecko) Chrome/141.0.0.0 Mobile Safari/537.36"
49.207.150.135 - - [19/Oct/2025:09:05:12 -0400] "GET /wp-content/uploads/the-throne-animated-1.gif HTTP/1.1" 200 221280 "https://sexpositions.online/category/position/page/22/" "Mozilla/5.0 (Linux; Android 10; K) AppleWebKit/537.36 (KHTML, like Gecko) Chrome/141.0.0.0 Mobile Safari/537.36"
49.207.150.135 - - [19/Oct/2025:09:05:13 -0400] "GET /the-throne/ HTTP/1.1" 200 98099 "https://sexpositions.online/category/position/page/22/" "Mozilla/5.0 (Linux; Android 10; K) AppleWebKit/537.36 (KHTML, like Gecko) Chrome/141.0.0.0 Mobile Safari/537.36"
49.207.150.135 - - [19/Oct/2025:09:05:14 -0400] "GET /category/position/page/21/ HTTP/1.1" 200 116409 "https://sexpositions.online/category/position/page/22/" "Mozilla/5.0 (Linux; Android 10; K) AppleWebKit/537.36 (KHTML, like Gecko) Chrome/141.0.0.0 Mobile Safari/537.36"
175.176.40.195 - - [19/Oct/2025:09:05:15 -0400] "GET /wp-content/uploads/table-top-animated-1.gif HTTP/1.1" 304 - "https://www.google.com/" "Mozilla/5.0 (Linux; Android 10; K) AppleWebKit/537.36 (KHTML, like Gecko) Chrome/140.0.0.0 Mobile Safari/537.36"
2401:4900:915a:6ace:3ad2:c2b8:f0f9:98a - - [19/Oct/2025:09:05:18 -0400] "GET /belly-flop/ HTTP/1.1" 200 98012 "https://sexpositions.online/easy/" "Mozilla/5.0 (Linux; Android 10; K) AppleWebKit/537.36 (KHTML, like Gecko) Chrome/140.0.0.0 Mobile Safari/537.36"
49.207.150.135 - - [19/Oct/2025:09:05:19 -0400] "GET /category/position/page/23/ HTTP/1.1" 200 116475 "https://sexpositions.online/category/position/page/22/" "Mozilla/5.0 (Linux; Android 10; K) AppleWebKit/537.36 (KHTML, like Gecko) Chrome/141.0.0.0 Mobile Safari/537.36"
49.207.150.135 - - [19/Oct/2025:09:05:19 -0400] "GET /wp-content/uploads/chair-lift-animated.gif HTTP/1.1" 200 200335 "https://sexpositions.online/category/position/page/23/" "Mozilla/5.0 (Linux; Android 10; K) AppleWebKit/537.36 (KHTML, like Gecko) Chrome/141.0.0.0 Mobile Safari/537.36"
49.207.150.135 - - [19/Oct/2025:09:05:19 -0400] "GET /wp-content/uploads/launch-pad-animated-2.gif HTTP/1.1" 200 193915 "https://sexpositions.online/category/position/page/23/" "Mozilla/5.0 (Linux; Android 10; K) AppleWebKit/537.36 (KHTML, like Gecko) Chrome/141.0.0.0 Mobile Safari/537.36"
49.207.150.135 - - [19/Oct/2025:09:05:19 -0400] "GET /wp-content/uploads/circle-of-love-animated.gif HTTP/1.1" 200 255840 "https://sexpositions.online/category/position/page/23/" "Mozilla/5.0 (Linux; Android 10; K) AppleWebKit/537.36 (KHTML, like Gecko) Chrome/141.0.0.0 Mobile Safari/537.36"
49.207.150.135 - - [19/Oct/2025:09:05:19 -0400] "GET /wp-content/uploads/cool-hand-luke-animated.gif HTTP/1.1" 200 222357 "https://sexpositions.online/category/position/page/23/" "Mozilla/5.0 (Linux; Android 10; K) AppleWebKit/537.36 (KHTML, like Gecko) Chrome/141.0.0.0 Mobile Safari/537.36"
49.207.150.135 - - [19/Oct/2025:09:05:19 -0400] "GET /launch-pad/ HTTP/1.1" 200 98586 "https://sexpositions.online/category/position/page/23/" "Mozilla/5.0 (Linux; Android 10; K) AppleWebKit/537.36 (KHTML, like Gecko) Chrome/141.0.0.0 Mobile Safari/537.36"
2401:4900:915a:6ace:3ad2:c2b8:f0f9:98a - - [19/Oct/2025:09:05:19 -0400] "GET /curls/ HTTP/1.1" 200 98072 "https://sexpositions.online/belly-flop/" "Mozilla/5.0 (Linux; Android 10; K) AppleWebKit/537.36 (KHTML, like Gecko) Chrome/140.0.0.0 Mobile Safari/537.36"
49.207.150.135 - - [19/Oct/2025:09:05:20 -0400] "GET /wp-content/uploads/courting-chairs-animated.gif HTTP/1.1" 200 270172 "https://sexpositions.online/category/position/page/23/" "Mozilla/5.0 (Linux; Android 10; K) AppleWebKit/537.36 (KHTML, like Gecko) Chrome/141.0.0.0 Mobile Safari/537.36"
49.207.150.135 - - [19/Oct/2025:09:05:20 -0400] "GET /circle-of-love/ HTTP/1.1" 200 98138 "https://sexpositions.online/category/position/page/23/" "Mozilla/5.0 (Linux; Android 10; K) AppleWebKit/537.36 (KHTML, like Gecko) Chrome/141.0.0.0 Mobile Safari/537.36"
49.207.150.135 - - [19/Oct/2025:09:05:21 -0400] "GET /wp-content/uploads/crossed-spoons-animated.gif HTTP/1.1" 200 203751 "https://sexpositions.online/category/position/page/23/" "Mozilla/5.0 (Linux; Android 10; K) AppleWebKit/537.36 (KHTML, like Gecko) Chrome/141.0.0.0 Mobile Safari/537.36"
49.207.150.135 - - [19/Oct/2025:09:05:21 -0400] "GET /wp-content/uploads/table-top-animated-1.gif HTTP/1.1" 200 233801 "https://sexpositions.online/category/position/page/23/" "Mozilla/5.0 (Linux; Android 10; K) AppleWebKit/537.36 (KHTML, like Gecko) Chrome/141.0.0.0 Mobile Safari/537.36"
2401:4900:915a:6ace:3ad2:c2b8:f0f9:98a - - [19/Oct/2025:09:05:21 -0400] "GET /the-rocker/ HTTP/1.1" 200 98035 "https://sexpositions.online/belly-flop/" "Mozilla/5.0 (Linux; Android 10; K) AppleWebKit/537.36 (KHTML, like Gecko) Chrome/140.0.0.0 Mobile Safari/537.36"
49.207.150.135 - - [19/Oct/2025:09:05:22 -0400] "GET /wp-content/uploads/roller-coaster-animated-1.gif HTTP/1.1" 200 223515 "https://sexpositions.online/category/position/page/23/" "Mozilla/5.0 (Linux; Android 10; K) AppleWebKit/537.36 (KHTML, like Gecko) Chrome/141.0.0.0 Mobile Safari/537.36"
2401:4900:915a:6ace:3ad2:c2b8:f0f9:98a - - [19/Oct/2025:09:05:22 -0400] "GET /wp-content/uploads/the-rocker-animated.gif HTTP/1.1" 304 - "https://sexpositions.online/the-rocker/" "Mozilla/5.0 (Linux; Android 10; K) AppleWebKit/537.36 (KHTML, like Gecko) Chrome/140.0.0.0 Mobile Safari/537.36"
49.207.150.135 - - [19/Oct/2025:09:05:23 -0400] "GET /wp-content/uploads/reverse-69-back-animated.gif HTTP/1.1" 200 197303 "https://sexpositions.online/category/position/page/23/" "Mozilla/5.0 (Linux; Android 10; K) AppleWebKit/537.36 (KHTML, like Gecko) Chrome/141.0.0.0 Mobile Safari/537.36"
217.224.3.194 - - [19/Oct/2025:09:05:24 -0400] "GET /wp-content/uploads/courting-chairs-animated.gif HTTP/1.1" 304 - "https://sexpositions.online/chair/" "Mozilla/5.0 (Linux; Android 10; K) AppleWebKit/537.36 (KHTML, like Gecko) Chrome/141.0.0.0 Mobile Safari/537.36 EdgA/141.0.0.0"
49.207.150.135 - - [19/Oct/2025:09:05:24 -0400] "GET /wp-content/uploads/all-hands-on-deck-animated.gif HTTP/1.1" 200 236622 "https://sexpositions.online/category/position/page/23/" "Mozilla/5.0 (Linux; Android 10; K) AppleWebKit/537.36 (KHTML, like Gecko) Chrome/141.0.0.0 Mobile Safari/537.36"
217.224.3.194 - - [19/Oct/2025:09:05:24 -0400] "GET /the-love-seat/ HTTP/1.1" 200 98038 "https://sexpositions.online/chair/" "Mozilla/5.0 (Linux; Android 10; K) AppleWebKit/537.36 (KHTML, like Gecko) Chrome/141.0.0.0 Mobile Safari/537.36 EdgA/141.0.0.0"
49.207.150.135 - - [19/Oct/2025:09:05:25 -0400] "GET /reverse-69-back/ HTTP/1.1" 200 97924 "https://sexpositions.online/category/position/page/23/" "Mozilla/5.0 (Linux; Android 10; K) AppleWebKit/537.36 (KHTML, like Gecko) Chrome/141.0.0.0 Mobile Safari/537.36"
49.207.150.135 - - [19/Oct/2025:09:05:26 -0400] "GET /all-hands-on-deck/ HTTP/1.1" 200 97915 "https://sexpositions.online/category/position/page/23/" "Mozilla/5.0 (Linux; Android 10; K) AppleWebKit/537.36 (KHTML, like Gecko) Chrome/141.0.0.0 Mobile Safari/537.36"
118.136.75.150 - - [19/Oct/2025:09:05:26 -0400] "GET /wp-content/uploads/turtle-animated.gif HTTP/1.1" 304 - "https://www.google.com/" "Mozilla/5.0 (Linux; Android 11; M2003J15SC Build/RP1A.200720.011; wv) AppleWebKit/537.36 (KHTML, like Gecko) Version/4.0 Chrome/140.0.7339.208 Mobile Safari/537.36 GoogleApp/16.41.36.ve.arm64"
49.207.150.135 - - [19/Oct/2025:09:05:26 -0400] "GET /category/position/page/24/ HTTP/1.1" 200 116206 "https://sexpositions.online/category/position/page/23/" "Mozilla/5.0 (Linux; Android 10; K) AppleWebKit/537.36 (KHTML, like Gecko) Chrome/141.0.0.0 Mobile Safari/537.36"
49.207.150.135 - - [19/Oct/2025:09:05:27 -0400] "GET /wp-content/uploads/chair-tryst-animated.gif HTTP/1.1" 200 210647 "https://sexpositions.online/category/position/page/24/" "Mozilla/5.0 (Linux; Android 10; K) AppleWebKit/537.36 (KHTML, like Gecko) Chrome/141.0.0.0 Mobile Safari/537.36"
49.207.150.135 - - [19/Oct/2025:09:05:27 -0400] "GET /wp-content/uploads/dining-at-they-animated.gif HTTP/1.1" 200 166531 "https://sexpositions.online/category/position/page/24/" "Mozilla/5.0 (Linux; Android 10; K) AppleWebKit/537.36 (KHTML, like Gecko) Chrome/141.0.0.0 Mobile Safari/537.36"
49.207.150.135 - - [19/Oct/2025:09:05:27 -0400] "GET /wp-content/uploads/back-bend-animated.gif HTTP/1.1" 200 289683 "https://sexpositions.online/category/position/page/24/" "Mozilla/5.0 (Linux; Android 10; K) AppleWebKit/537.36 (KHTML, like Gecko) Chrome/141.0.0.0 Mobile Safari/537.36"
49.207.150.135 - - [19/Oct/2025:09:05:27 -0400] "GET /back-bend/ HTTP/1.1" 200 98031 "https://sexpositions.online/category/position/page/24/" "Mozilla/5.0 (Linux; Android 10; K) AppleWebKit/537.36 (KHTML, like Gecko) Chrome/141.0.0.0 Mobile Safari/537.36"
49.207.150.135 - - [19/Oct/2025:09:05:27 -0400] "GET /wp-content/uploads/dirty-doggy-animated.gif HTTP/1.1" 200 211688 "https://sexpositions.online/category/position/page/24/" "Mozilla/5.0 (Linux; Android 10; K) AppleWebKit/537.36 (KHTML, like Gecko) Chrome/141.0.0.0 Mobile Safari/537.36"
49.207.150.135 - - [19/Oct/2025:09:05:27 -0400] "GET /wp-content/uploads/double-dare-animated.gif HTTP/1.1" 200 187539 "https://sexpositions.online/category/position/page/24/" "Mozilla/5.0 (Linux; Android 10; K) AppleWebKit/537.36 (KHTML, like Gecko) Chrome/141.0.0.0 Mobile Safari/537.36"
49.207.150.135 - - [19/Oct/2025:09:05:28 -0400] "GET /wp-content/uploads/drivers-seat-animated.gif HTTP/1.1" 200 209398 "https://sexpositions.online/category/position/page/24/" "Mozilla/5.0 (Linux; Android 10; K) AppleWebKit/537.36 (KHTML, like Gecko) Chrome/141.0.0.0 Mobile Safari/537.36"
217.224.3.194 - - [19/Oct/2025:09:05:28 -0400] "GET /chair/ HTTP/1.1" 200 103051 "https://sexpositions.online/advanced/" "Mozilla/5.0 (Linux; Android 10; K) AppleWebKit/537.36 (KHTML, like Gecko) Chrome/141.0.0.0 Mobile Safari/537.36 EdgA/141.0.0.0"
49.207.150.135 - - [19/Oct/2025:09:05:29 -0400] "GET /wp-content/uploads/evolved-dog-animated.gif HTTP/1.1" 200 190286 "https://sexpositions.online/category/position/page/24/" "Mozilla/5.0 (Linux; Android 10; K) AppleWebKit/537.36 (KHTML, like Gecko) Chrome/141.0.0.0 Mobile Safari/537.36"
217.224.3.194 - - [19/Oct/2025:09:05:29 -0400] "GET /wp-content/uploads/the-throne-animated-1.gif HTTP/1.1" 304 - "https://sexpositions.online/chair/" "Mozilla/5.0 (Linux; Android 10; K) AppleWebKit/537.36 (KHTML, like Gecko) Chrome/141.0.0.0 Mobile Safari/537.36 EdgA/141.0.0.0"
2401:4900:915a:6ace:3ad2:c2b8:f0f9:98a - - [19/Oct/2025:09:05:29 -0400] "GET /trampoline/ HTTP/1.1" 200 98076 "https://sexpositions.online/the-rocker/" "Mozilla/5.0 (Linux; Android 10; K) AppleWebKit/537.36 (KHTML, like Gecko) Chrome/140.0.0.0 Mobile Safari/537.36"
49.207.150.135 - - [19/Oct/2025:09:05:29 -0400] "GET /wp-content/uploads/footsie-animated.gif HTTP/1.1" 200 202355 "https://sexpositions.online/category/position/page/24/" "Mozilla/5.0 (Linux; Android 10; K) AppleWebKit/537.36 (KHTML, like Gecko) Chrome/141.0.0.0 Mobile Safari/537.36"
2401:4900:915a:6ace:3ad2:c2b8:f0f9:98a - - [19/Oct/2025:09:05:30 -0400] "GET /wp-content/uploads/trampoline-animated-1.gif HTTP/1.1" 304 - "https://sexpositions.online/trampoline/" "Mozilla/5.0 (Linux; Android 10; K) AppleWebKit/537.36 (KHTML, like Gecko) Chrome/140.0.0.0 Mobile Safari/537.36"
49.207.150.135 - - [19/Oct/2025:09:05:30 -0400] "GET /wp-content/uploads/good-vibrations-animated.gif HTTP/1.1" 200 209308 "https://sexpositions.online/category/position/page/24/" "Mozilla/5.0 (Linux; Android 10; K) AppleWebKit/537.36 (KHTML, like Gecko) Chrome/141.0.0.0 Mobile Safari/537.36"
49.207.150.135 - - [19/Oct/2025:09:05:30 -0400] "GET /drivers-seat/ HTTP/1.1" 200 97862 "https://sexpositions.online/category/position/page/24/" "Mozilla/5.0 (Linux; Android 10; K) AppleWebKit/537.36 (KHTML, like Gecko) Chrome/141.0.0.0 Mobile Safari/537.36"
49.207.150.135 - - [19/Oct/2025:09:05:31 -0400] "GET /wp-content/uploads/handy-69-animated.gif HTTP/1.1" 200 188964 "https://sexpositions.online/category/position/page/24/" "Mozilla/5.0 (Linux; Android 10; K) AppleWebKit/537.36 (KHTML, like Gecko) Chrome/141.0.0.0 Mobile Safari/537.36"
162.81.108.177 - - [19/Oct/2025:09:05:31 -0400] "GET /wp-content/uploads/the-tipster-animated.gif HTTP/1.1" 304 - "https://naughtygrin.com/" "Mozilla/5.0 (iPhone; CPU iPhone OS 18_6_2 like Mac OS X) AppleWebKit/605.1.15 (KHTML, like Gecko) Version/18.6 Mobile/15E148 Safari/604.1"
2401:4900:915a:6ace:3ad2:c2b8:f0f9:98a - - [19/Oct/2025:09:05:32 -0400] "GET /the-rocker/ HTTP/1.1" 200 98035 "https://sexpositions.online/trampoline/" "Mozilla/5.0 (Linux; Android 10; K) AppleWebKit/537.36 (KHTML, like Gecko) Chrome/140.0.0.0 Mobile Safari/537.36"
