217.224.3.194 - - [19/Oct/2025:09:00:16 -0400] "GET / HTTP/1.1" 200 125069 "https://sexpositions.online/advanced/" "Mozilla/5.0 (Linux; Android 10; K) AppleWebKit/537.36 (KHTML, like Gecko) Chrome/141.0.0.0 Mobile Safari/537.36 EdgA/141.0.0.0"
75.98.207.196 - - [19/Oct/2025:09:00:17 -0400] "GET /butter-churner/ HTTP/1.1" 200 98229 "https://sexpositions.online/man-on-top/" "Mozilla/5.0 (Linux; Android 10; K) AppleWebKit/537.36 (KHTML, like Gecko) Chrome/140.0.0.0 Mobile Safari/537.36"
49.207.150.135 - - [19/Oct/2025:09:00:18 -0400] "GET /wp-includes/css/dist/block-library/style.min.css?ver=6.8.3 HTTP/1.1" 200 116345 "https://sexpositions.online/missionary/" "Mozilla/5.0 (Linux; Android 10; K) AppleWebKit/537.36 (KHTML, like Gecko) Chrome/141.0.0.0 Mobile Safari/537.36"
49.207.150.135 - - [19/Oct/2025:09:00:18 -0400] "GET /wp-content/themes/astra/assets/css/minified/main.min.css?ver=4.11.12 HTTP/1.1" 200 45731 "https://sexpositions.online/missionary/" "Mozilla/5.0 (Linux; Android 10; K) AppleWebKit/537.36 (KHTML, like Gecko) Chrome/141.0.0.0 Mobile Safari/537.36"
49.207.150.135 - - [19/Oct/2025:09:00:18 -0400] "GET /wp-content/uploads/cat-animated.gif HTTP/1.1" 200 207295 "https://sexpositions.online/missionary/" "Mozilla/5.0 (Linux; Android 10; K) AppleWebKit/537.36 (KHTML, like Gecko) Chrome/141.0.0.0 Mobile Safari/537.36"
75.98.207.196 - - [19/Oct/2025:09:00:18 -0400] "GET /wp-content/uploads/the-cuddler-animated.gif HTTP/1.1" 200 235857 "https://sexpositions.online/man-on-top/" "Mozilla/5.0 (Linux; Android 10; K) AppleWebKit/537.36 (KHTML, like Gecko) Chrome/140.0.0.0 Mobile Safari/537.36"
49.207.150.135 - - [19/Oct/2025:09:00:19 -0400] "GET /wp-content/themes/astra/assets/js/minified/frontend.min.js?ver=4.11.12 HTTP/1.1" 200 25979 "https://sexpositions.online/missionary/" "Mozilla/5.0 (Linux; Android 10; K) AppleWebKit/537.36 (KHTML, like Gecko) Chrome/141.0.0.0 Mobile Safari/537.36"
49.207.150.135 - - [19/Oct/2025:09:00:19 -0400] "GET /wp-content/uploads/blind-love-animated.gif HTTP/1.1" 200 226705 "https://sexpositions.online/missionary/" "Mozilla/5.0 (Linux; Android 10; K) AppleWebKit/537.36 (KHTML, like Gecko) Chrome/141.0.0.0 Mobile Safari/537.36"
49.207.150.135 - - [19/Oct/2025:09:00:22 -0400] "GET /wp-content/uploads/flying-missionary-animated.gif HTTP/1.1" 200 226204 "https://sexpositions.online/missionary/" "Mozilla/5.0 (Linux; Android 10; K) AppleWebKit/537.36 (KHTML, like Gecko) Chrome/141.0.0.0 Mobile Safari/537.36"
49.207.150.135 - - [19/Oct/2025:09:00:23 -0400] "GET /wp-content/uploads/front-and-rear-animated.gif HTTP/1.1" 200 183290 "https://sexpositions.online/missionary/" "Mozilla/5.0 (Linux; Android 10; K) AppleWebKit/537.36 (KHTML, like Gecko) Chrome/141.0.0.0 Mobile Safari/537.36"
49.207.150.135 - - [19/Oct/2025:09:00:24 -0400] "GET /wp-includes/js/wp-emoji-release.min.js?ver=6.8.3 HTTP/1.1" 200 19251 "https://sexpositions.online/missionary/" "Mozilla/5.0 (Linux; Android 10; K) AppleWebKit/537.36 (KHTML, like Gecko) Chrome/141.0.0.0 Mobile Safari/537.36"
49.207.150.135 - - [19/Oct/2025:09:00:24 -0400] "GET /wp-content/uploads/the-deep-animated.gif HTTP/1.1" 200 194906 "https://sexpositions.online/missionary/" "Mozilla/5.0 (Linux; Android 10; K) AppleWebKit/537.36 (KHTML, like Gecko) Chrome/141.0.0.0 Mobile Safari/537.36"
49.207.150.135 - - [19/Oct/2025:09:00:24 -0400] "GET /wp-content/uploads/wild-cherry-animated.gif HTTP/1.1" 200 229059 "https://sexpositions.online/missionary/" "Mozilla/5.0 (Linux; Android 10; K) AppleWebKit/537.36 (KHTML, like Gecko) Chrome/141.0.0.0 Mobile Safari/537.36"
49.207.150.135 - - [19/Oct/2025:09:00:24 -0400] "GET /wp-content/uploads/cropped-favicon-192x192.png HTTP/1.1" 200 12099 "https://sexpositions.online/missionary/" "Mozilla/5.0 (Linux; Android 10; K) AppleWebKit/537.36 (KHTML, like Gecko) Chrome/141.0.0.0 Mobile Safari/537.36"
49.207.150.135 - - [19/Oct/2025:09:00:24 -0400] "GET /wp-content/uploads/cropped-favicon-180x180.png HTTP/1.1" 200 19086 "https://sexpositions.online/missionary/" "Mozilla/5.0 (Linux; Android 10; K) AppleWebKit/537.36 (KHTML, like Gecko) Chrome/141.0.0.0 Mobile Safari/537.36"
75.98.207.196 - - [19/Oct/2025:09:00:25 -0400] "GET /wp-content/uploads/the-wow-wow-animated.gif HTTP/1.1" 304 - "https://sexpositions.online/man-on-top/" "Mozilla/5.0 (Linux; Android 10; K) AppleWebKit/537.36 (KHTML, like Gecko) Chrome/140.0.0.0 Mobile Safari/537.36"
49.207.150.135 - - [19/Oct/2025:09:00:26 -0400] "GET /wp-content/uploads/anvil-animated.gif HTTP/1.1" 200 205408 "https://sexpositions.online/missionary/" "Mozilla/5.0 (Linux; Android 10; K) AppleWebKit/537.36 (KHTML, like Gecko) Chrome/141.0.0.0 Mobile Safari/537.36"
49.207.150.135 - - [19/Oct/2025:09:00:35 -0400] "GET /anvil/ HTTP/1.1" 200 98066 "https://sexpositions.online/missionary/" "Mozilla/5.0 (Linux; Android 10; K) AppleWebKit/537.36 (KHTML, like Gecko) Chrome/141.0.0.0 Mobile Safari/537.36"
2a03:2880:18ff:4a:: - - [19/Oct/2025:09:00:39 -0400] "GET /wp-content/uploads/sword-swallower-animated.gif HTTP/1.1" 304 - "-" "facebookexternalhit/1.1 (+http://www.facebook.com/externalhit_uatext.php)"
49.207.150.135 - - [19/Oct/2025:09:00:42 -0400] "GET /cowboy/ HTTP/1.1" 200 98022 "https://sexpositions.online/missionary/" "Mozilla/5.0 (Linux; Android 10; K) AppleWebKit/537.36 (KHTML, like Gecko) Chrome/141.0.0.0 Mobile Safari/537.36"
49.207.150.135 - - [19/Oct/2025:09:00:43 -0400] "GET /wp-content/uploads/cowboy-animated.gif HTTP/1.1" 200 216403 "https://sexpositions.online/cowboy/" "Mozilla/5.0 (Linux; Android 10; K) AppleWebKit/537.36 (KHTML, like Gecko) Chrome/141.0.0.0 Mobile Safari/537.36"
49.207.150.135 - - [19/Oct/2025:09:00:45 -0400] "GET /full-nelson/ HTTP/1.1" 200 98082 "https://sexpositions.online/cowboy/" "Mozilla/5.0 (Linux; Android 10; K) AppleWebKit/537.36 (KHTML, like Gecko) Chrome/141.0.0.0 Mobile Safari/537.36"
49.207.150.135 - - [19/Oct/2025:09:00:47 -0400] "GET /wp-content/uploads/full-nelson-animated.gif HTTP/1.1" 200 179232 "https://sexpositions.online/full-nelson/" "Mozilla/5.0 (Linux; Android 10; K) AppleWebKit/537.36 (KHTML, like Gecko) Chrome/141.0.0.0 Mobile Safari/537.36"
2409:40f4:a5:f03e:8000:: - - [19/Oct/2025:09:00:48 -0400] "GET /wp-content/uploads/cowgirl-animated.gif HTTP/1.1" 304 - "https://www.google.com/" "Mozilla/5.0 (Linux; Android 13; RMX3031 Build/TP1A.220905.001; wv) AppleWebKit/537.36 (KHTML, like Gecko) Version/4.0 Chrome/140.0.7339.207 Mobile Safari/537.36 GoogleApp/16.40.23.ve.arm64"
2001:999:78d:4f9:f8dc:8a36:a75e:ba2c - - [19/Oct/2025:09:00:48 -0400] "GET /wp-content/uploads/face-to-face-animated.gif HTTP/1.1" 200 194868 "https://www.google.com/" "Mozilla/5.0 (iPhone; CPU iPhone OS 18_1_1 like Mac OS X) AppleWebKit/605.1.15 (KHTML, like Gecko) Version/18.1.1 Mobile/15E148 Safari/604.1"
2a03:2880:18ff:4a:: - - [19/Oct/2025:09:00:49 -0400] "GET /wp-content/uploads/the-crab-animated.gif HTTP/1.1" 304 - "-" "facebookexternalhit/1.1 (+http://www.facebook.com/externalhit_uatext.php)"
49.207.150.135 - - [19/Oct/2025:09:00:50 -0400] "GET /frog/ HTTP/1.1" 200 98182 "https://sexpositions.online/full-nelson/" "Mozilla/5.0 (Linux; Android 10; K) AppleWebKit/537.36 (KHTML, like Gecko) Chrome/141.0.0.0 Mobile Safari/537.36"
49.207.150.135 - - [19/Oct/2025:09:00:50 -0400] "GET /wp-content/uploads/frog-animated.gif HTTP/1.1" 200 203649 "https://sexpositions.online/frog/" "Mozilla/5.0 (Linux; Android 10; K) AppleWebKit/537.36 (KHTML, like Gecko) Chrome/141.0.0.0 Mobile Safari/537.36"
49.207.150.135 - - [19/Oct/2025:09:00:53 -0400] "GET /reverse-cowgirl/ HTTP/1.1" 200 98063 "https://sexpositions.online/frog/" "Mozilla/5.0 (Linux; Android 10; K) AppleWebKit/537.36 (KHTML, like Gecko) Chrome/141.0.0.0 Mobile Safari/537.36"
49.207.150.135 - - [19/Oct/2025:09:00:54 -0400] "GET /wp-content/uploads/reverse-cowgirl-animated.gif HTTP/1.1" 200 225649 "https://sexpositions.online/reverse-cowgirl/" "Mozilla/5.0 (Linux; Android 10; K) AppleWebKit/537.36 (KHTML, like Gecko) Chrome/141.0.0.0 Mobile Safari/537.36"
2001:999:78d:4f9:f8dc:8a36:a75e:ba2c - - [19/Oct/2025:09:00:55 -0400] "GET /wp-content/uploads/spider-animated-1.gif HTTP/1.1" 304 - "https://www.google.com/" "Mozilla/5.0 (iPhone; CPU iPhone OS 18_1_1 like Mac OS X) AppleWebKit/605.1.15 (KHTML, like Gecko) Version/18.1.1 Mobile/15E148 Safari/604.1"
129.205.225.18 - - [19/Oct/2025:09:00:57 -0400] "GET /wp-content/uploads/reverse-69-animated.gif HTTP/1.1" 200 155445 "-" "com.google.android.apps.searchlite/96533 (Linux; U; Android 9; en_GB; ZTE Blade L130; Build/PPR1.180610.011; Cronet/131.0.6724.0)"
49.207.150.135 - - [19/Oct/2025:09:00:58 -0400] "GET /category/position/ HTTP/1.1" 200 115694 "https://sexpositions.online/reverse-cowgirl/" "Mozilla/5.0 (Linux; Android 10; K) AppleWebKit/537.36 (KHTML, like Gecko) Chrome/141.0.0.0 Mobile Safari/537.36"
49.207.150.135 - - [19/Oct/2025:09:00:59 -0400] "GET /wp-content/uploads/doggy-style-animated.gif HTTP/1.1" 200 222218 "https://sexpositions.online/category/position/" "Mozilla/5.0 (Linux; Android 10; K) AppleWebKit/537.36 (KHTML, like Gecko) Chrome/141.0.0.0 Mobile Safari/537.36"
49.207.150.135 - - [19/Oct/2025:09:00:59 -0400] "GET /wp-content/uploads/helicopter-animated.gif HTTP/1.1" 200 148467 "https://sexpositions.online/category/position/" "Mozilla/5.0 (Linux; Android 10; K) AppleWebKit/537.36 (KHTML, like Gecko) Chrome/141.0.0.0 Mobile Safari/537.36"
49.207.150.135 - - [19/Oct/2025:09:00:59 -0400] "GET /wp-content/uploads/cowgirl-animated.gif HTTP/1.1" 200 205110 "https://sexpositions.online/category/position/" "Mozilla/5.0 (Linux; Android 10; K) AppleWebKit/537.36 (KHTML, like Gecko) Chrome/141.0.0.0 Mobile Safari/537.36"
49.207.150.135 - - [19/Oct/2025:09:01:00 -0400] "GET /helicopter/ HTTP/1.1" 200 99890 "https://sexpositions.online/category/position/" "Mozilla/5.0 (Linux; Android 10; K) AppleWebKit/537.36 (KHTML, like Gecko) Chrome/141.0.0.0 Mobile Safari/537.36"
175.176.40.195 - - [19/Oct/2025:09:01:02 -0400] "GET /wp-content/uploads/ceo-animated.gif HTTP/1.1" 304 - "https://www.google.com/" "Mozilla/5.0 (Linux; Android 10; K) AppleWebKit/537.36 (KHTML, like Gecko) Chrome/140.0.0.0 Mobile Safari/537.36"
49.207.150.135 - - [19/Oct/2025:09:01:03 -0400] "GET /wp-content/uploads/piledriver-animated.gif HTTP/1.1" 200 146900 "https://sexpositions.online/category/position/" "Mozilla/5.0 (Linux; Android 10; K) AppleWebKit/537.36 (KHTML, like Gecko) Chrome/141.0.0.0 Mobile Safari/537.36"
2001:999:78d:4f9:f8dc:8a36:a75e:ba2c - - [19/Oct/2025:09:01:04 -0400] "GET /wp-content/uploads/speed-bump-animated.gif HTTP/1.1" 200 176551 "https://www.google.com/" "Mozilla/5.0 (iPhone; CPU iPhone OS 18_1_1 like Mac OS X) AppleWebKit/605.1.15 (KHTML, like Gecko) Version/18.1.1 Mobile/15E148 Safari/604.1"
49.207.150.135 - - [19/Oct/2025:09:01:04 -0400] "GET /wp-content/uploads/butter-churner-animated.gif HTTP/1.1" 200 283833 "https://sexpositions.online/category/position/" "Mozilla/5.0 (Linux; Android 10; K) AppleWebKit/537.36 (KHTML, like Gecko) Chrome/141.0.0.0 Mobile Safari/537.36"
49.207.150.135 - - [19/Oct/2025:09:01:05 -0400] "GET /full-nelson/ HTTP/1.1" 200 98082 "https://sexpositions.online/category/position/" "Mozilla/5.0 (Linux; Android 10; K) AppleWebKit/537.36 (KHTML, like Gecko) Chrome/141.0.0.0 Mobile Safari/537.36"
49.207.150.135 - - [19/Oct/2025:09:01:08 -0400] "GET /piledriver/ HTTP/1.1" 200 99780 "https://sexpositions.online/category/position/" "Mozilla/5.0 (Linux; Android 10; K) AppleWebKit/537.36 (KHTML, like Gecko) Chrome/141.0.0.0 Mobile Safari/537.36"
49.207.150.135 - - [19/Oct/2025:09:01:09 -0400] "GET /category/position/page/2/ HTTP/1.1" 200 116246 "https://sexpositions.online/category/position/" "Mozilla/5.0 (Linux; Android 10; K) AppleWebKit/537.36 (KHTML, like Gecko) Chrome/141.0.0.0 Mobile Safari/537.36"
49.207.150.135 - - [19/Oct/2025:09:01:09 -0400] "GET /wp-content/uploads/jackhammer-animated.gif HTTP/1.1" 200 108704 "https://sexpositions.online/category/position/page/2/" "Mozilla/5.0 (Linux; Android 10; K) AppleWebKit/537.36 (KHTML, like Gecko) Chrome/141.0.0.0 Mobile Safari/537.36"
49.207.150.135 - - [19/Oct/2025:09:01:09 -0400] "GET /wp-content/uploads/superman-animated.gif HTTP/1.1" 200 154119 "https://sexpositions.online/category/position/page/2/" "Mozilla/5.0 (Linux; Android 10; K) AppleWebKit/537.36 (KHTML, like Gecko) Chrome/141.0.0.0 Mobile Safari/537.36"
49.207.150.135 - - [19/Oct/2025:09:01:09 -0400] "GET /wp-content/uploads/buckin-bronco-animated.gif HTTP/1.1" 200 244206 "https://sexpositions.online/category/position/page/2/" "Mozilla/5.0 (Linux; Android 10; K) AppleWebKit/537.36 (KHTML, like Gecko) Chrome/141.0.0.0 Mobile Safari/537.36"
49.207.150.135 - - [19/Oct/2025:09:01:09 -0400] "GET /wp-content/uploads/the-plie-animated.gif HTTP/1.1" 200 217672 "https://sexpositions.online/category/position/page/2/" "Mozilla/5.0 (Linux; Android 10; K) AppleWebKit/537.36 (KHTML, like Gecko) Chrome/141.0.0.0 Mobile Safari/537.36"
49.207.150.135 - - [19/Oct/2025:09:01:09 -0400] "GET /wp-content/uploads/prone-bone-animated.gif HTTP/1.1" 200 226845 "https://sexpositions.online/category/position/page/2/" "Mozilla/5.0 (Linux; Android 10; K) AppleWebKit/537.36 (KHTML, like Gecko) Chrome/141.0.0.0 Mobile Safari/537.36"
49.207.150.135 - - [19/Oct/2025:09:01:10 -0400] "GET /wp-content/uploads/crouching-tiger-animated-1.gif HTTP/1.1" 200 217815 "https://sexpositions.online/category/position/page/2/" "Mozilla/5.0 (Linux; Android 10; K) AppleWebKit/537.36 (KHTML, like Gecko) Chrome/141.0.0.0 Mobile Safari/537.36"
49.207.150.135 - - [19/Oct/2025:09:01:10 -0400] "GET /superman/ HTTP/1.1" 200 98110 "https://sexpositions.online/category/position/page/2/" "Mozilla/5.0 (Linux; Android 10; K) AppleWebKit/537.36 (KHTML, like Gecko) Chrome/141.0.0.0 Mobile Safari/537.36"
49.207.150.135 - - [19/Oct/2025:09:01:11 -0400] "GET /wp-content/uploads/the-rev-it-up-rub-animated.gif HTTP/1.1" 200 239247 "https://sexpositions.online/category/position/page/2/" "Mozilla/5.0 (Linux; Android 10; K) AppleWebKit/537.36 (KHTML, like Gecko) Chrome/141.0.0.0 Mobile Safari/537.36"
49.207.150.135 - - [19/Oct/2025:09:01:12 -0400] "GET /the-plie/ HTTP/1.1" 200 98053 "https://sexpositions.online/category/position/page/2/" "Mozilla/5.0 (Linux; Android 10; K) AppleWebKit/537.36 (KHTML, like Gecko) Chrome/141.0.0.0 Mobile Safari/537.36"
49.207.150.135 - - [19/Oct/2025:09:01:12 -0400] "GET /wp-content/uploads/butterfly-animated.gif HTTP/1.1" 200 207316 "https://sexpositions.online/category/position/page/2/" "Mozilla/5.0 (Linux; Android 10; K) AppleWebKit/537.36 (KHTML, like Gecko) Chrome/141.0.0.0 Mobile Safari/537.36"
49.207.150.135 - - [19/Oct/2025:09:01:13 -0400] "GET /prone-bone/ HTTP/1.1" 200 98050 "https://sexpositions.online/category/position/page/2/" "Mozilla/5.0 (Linux; Android 10; K) AppleWebKit/537.36 (KHTML, like Gecko) Chrome/141.0.0.0 Mobile Safari/537.36"
49.207.150.135 - - [19/Oct/2025:09:01:13 -0400] "GET /wp-content/uploads/the-sitting-cat-animated.gif HTTP/1.1" 200 227200 "https://sexpositions.online/category/position/page/2/" "Mozilla/5.0 (Linux; Android 10; K) AppleWebKit/537.36 (KHTML, like Gecko) Chrome/141.0.0.0 Mobile Safari/537.36"
49.207.150.135 - - [19/Oct/2025:09:01:13 -0400] "GET /wp-content/uploads/the-speed-racer-animated.gif HTTP/1.1" 200 174674 "https://sexpositions.online/category/position/page/2/" "Mozilla/5.0 (Linux; Android 10; K) AppleWebKit/537.36 (KHTML, like Gecko) Chrome/141.0.0.0 Mobile Safari/537.36"
82.28.11.215 - - [19/Oct/2025:09:01:14 -0400] "GET /wp-content/uploads/spooning-animated.gif HTTP/1.1" 304 - "https://www.google.com/" "Mozilla/5.0 (iPhone; CPU iPhone OS 18_6_2 like Mac OS X) AppleWebKit/605.1.15 (KHTML, like Gecko) Version/18.6 Mobile/15E148 Safari/604.1"
40.77.167.28 - - [19/Oct/2025:09:01:14 -0400] "GET /globigerine108521.html HTTP/1.1" 200 3 "-" "Mozilla/5.0 AppleWebKit/537.36 (KHTML, like Gecko; compatible; bingbot/2.0; +http://www.bing.com/bingbot.htm) Chrome/116.0.1938.76 Safari/537.36"
175.176.40.195 - - [19/Oct/2025:09:01:16 -0400] "GET /wp-content/uploads/desk-set-animated.gif HTTP/1.1" 304 - "https://www.google.com/" "Mozilla/5.0 (Linux; Android 10; K) AppleWebKit/537.36 (KHTML, like Gecko) Chrome/140.0.0.0 Mobile Safari/537.36"
49.207.150.135 - - [19/Oct/2025:09:01:19 -0400] "GET /category/position/ HTTP/1.1" 200 115694 "https://sexpositions.online/category/position/page/2/" "Mozilla/5.0 (Linux; Android 10; K) AppleWebKit/537.36 (KHTML, like Gecko) Chrome/141.0.0.0 Mobile Safari/537.36"
49.207.150.135 - - [19/Oct/2025:09:01:20 -0400] "GET /category/position/page/3/ HTTP/1.1" 200 116421 "https://sexpositions.online/category/position/page/2/" "Mozilla/5.0 (Linux; Android 10; K) AppleWebKit/537.36 (KHTML, like Gecko) Chrome/141.0.0.0 Mobile Safari/537.36"
49.207.150.135 - - [19/Oct/2025:09:01:20 -0400] "GET /wp-content/uploads/the-spotter-animated.gif HTTP/1.1" 200 255706 "https://sexpositions.online/category/position/page/3/" "Mozilla/5.0 (Linux; Android 10; K) AppleWebKit/537.36 (KHTML, like Gecko) Chrome/141.0.0.0 Mobile Safari/537.36"
49.207.150.135 - - [19/Oct/2025:09:01:20 -0400] "GET /wp-content/uploads/the-swing-animated.gif HTTP/1.1" 200 213456 "https://sexpositions.online/category/position/page/3/" "Mozilla/5.0 (Linux; Android 10; K) AppleWebKit/537.36 (KHTML, like Gecko) Chrome/141.0.0.0 Mobile Safari/537.36"
49.207.150.135 - - [19/Oct/2025:09:01:20 -0400] "GET /wp-content/uploads/the-stallion-animated.gif HTTP/1.1" 200 185421 "https://sexpositions.online/category/position/page/3/" "Mozilla/5.0 (Linux; Android 10; K) AppleWebKit/537.36 (KHTML, like Gecko) Chrome/141.0.0.0 Mobile Safari/537.36"
49.207.150.135 - - [19/Oct/2025:09:01:20 -0400] "GET /wp-content/uploads/the-straddle-animated.gif HTTP/1.1" 200 208474 "https://sexpositions.online/category/position/page/3/" "Mozilla/5.0 (Linux; Android 10; K) AppleWebKit/537.36 (KHTML, like Gecko) Chrome/141.0.0.0 Mobile Safari/537.36"
49.207.150.135 - - [19/Oct/2025:09:01:20 -0400] "GET /wp-content/uploads/the-surprise-animated.gif HTTP/1.1" 200 203260 "https://sexpositions.online/category/position/page/3/" "Mozilla/5.0 (Linux; Android 10; K) AppleWebKit/537.36 (KHTML, like Gecko) Chrome/141.0.0.0 Mobile Safari/537.36"
196.20.217.251 - - [19/Oct/2025:09:01:20 -0400] "GET /wp-content/uploads/captain-animated.gif HTTP/1.1" 200 219766 "https://www.google.com/" "Mozilla/5.0 (Linux; Android 10; K) AppleWebKit/537.36 (KHTML, like Gecko) Chrome/141.0.0.0 Mobile Safari/537.36"
66.249.64.224 - - [19/Oct/2025:09:01:21 -0400] "GET /scissor/ HTTP/1.1" 200 98132 "-" "Mozilla/5.0 (Linux; Android 6.0.1; Nexus 5X Build/MMB29P) AppleWebKit/537.36 (KHTML, like Gecko) Chrome/140.0.7339.207 Mobile Safari/537.36 (compatible; Googlebot/2.1; +http://www.google.com/bot.html)"
2001:e68:5423:7163:8d12:3b7f:f41e:adea - - [19/Oct/2025:09:01:21 -0400] "GET /wp-content/uploads/lazy-dog-animated-1.gif HTTP/1.1" 304 - "https://www.google.com/" "Mozilla/5.0 (Linux; Android 10; K) AppleWebKit/537.36 (KHTML, like Gecko) Chrome/141.0.0.0 Mobile Safari/537.36"
49.207.150.135 - - [19/Oct/2025:09:01:21 -0400] "GET /wp-content/uploads/the-tender-embrace-animated.gif HTTP/1.1" 200 210401 "https://sexpositions.online/category/position/page/3/" "Mozilla/5.0 (Linux; Android 10; K) AppleWebKit/537.36 (KHTML, like Gecko) Chrome/141.0.0.0 Mobile Safari/537.36"
49.207.150.135 - - [19/Oct/2025:09:01:21 -0400] "GET /the-spotter/ HTTP/1.1" 200 98072 "https://sexpositions.online/category/position/page/3/" "Mozilla/5.0 (Linux; Android 10; K) AppleWebKit/537.36 (KHTML, like Gecko) Chrome/141.0.0.0 Mobile Safari/537.36"
49.207.150.135 - - [19/Oct/2025:09:01:22 -0400] "GET /wp-content/uploads/the-tipping-point-animated.gif HTTP/1.1" 200 191627 "https://sexpositions.online/category/position/page/3/" "Mozilla/5.0 (Linux; Android 10; K) AppleWebKit/537.36 (KHTML, like Gecko) Chrome/141.0.0.0 Mobile Safari/537.36"
49.207.150.135 - - [19/Oct/2025:09:01:22 -0400] "GET /the-stallion/ HTTP/1.1" 200 98081 "https://sexpositions.online/category/position/page/3/" "Mozilla/5.0 (Linux; Android 10; K) AppleWebKit/537.36 (KHTML, like Gecko) Chrome/141.0.0.0 Mobile Safari/537.36"
49.207.150.135 - - [19/Oct/2025:09:01:22 -0400] "GET /the-straddle/ HTTP/1.1" 200 97973 "https://sexpositions.online/category/position/page/3/" "Mozilla/5.0 (Linux; Android 10; K) AppleWebKit/537.36 (KHTML, like Gecko) Chrome/141.0.0.0 Mobile Safari/537.36"
49.207.150.135 - - [19/Oct/2025:09:01:23 -0400] "GET /wp-content/uploads/elephant-animated.gif HTTP/1.1" 200 162204 "https://sexpositions.online/category/position/page/3/" "Mozilla/5.0 (Linux; Android 10; K) AppleWebKit/537.36 (KHTML, like Gecko) Chrome/141.0.0.0 Mobile Safari/537.36"
49.207.150.135 - - [19/Oct/2025:09:01:23 -0400] "GET /the-surprise/ HTTP/1.1" 200 98095 "https://sexpositions.online/category/position/page/3/" "Mozilla/5.0 (Linux; Android 10; K) AppleWebKit/537.36 (KHTML, like Gecko) Chrome/141.0.0.0 Mobile Safari/537.36"
49.207.150.135 - - [19/Oct/2025:09:01:24 -0400] "GET /wp-content/uploads/on-the-edge-animated-1.gif HTTP/1.1" 200 228779 "https://sexpositions.online/category/position/page/3/" "Mozilla/5.0 (Linux; Android 10; K) AppleWebKit/537.36 (KHTML, like Gecko) Chrome/141.0.0.0 Mobile Safari/537.36"
49.207.150.135 - - [19/Oct/2025:09:01:24 -0400] "GET /wp-content/uploads/the-wave-animated.gif HTTP/1.1" 200 200955 "https://sexpositions.online/category/position/page/3/" "Mozilla/5.0 (Linux; Android 10; K) AppleWebKit/537.36 (KHTML, like Gecko) Chrome/141.0.0.0 Mobile Safari/537.36"
2401:4900:915a:6ace:3ad2:c2b8:f0f9:98a - - [19/Oct/2025:09:01:25 -0400] "GET /doggy-style/ HTTP/1.1" 200 102754 "https://sexpositions.online/cowgirl/" "Mozilla/5.0 (Linux; Android 10; K) AppleWebKit/537.36 (KHTML, like Gecko) Chrome/140.0.0.0 Mobile Safari/537.36"
2401:4900:915a:6ace:3ad2:c2b8:f0f9:98a - - [19/Oct/2025:09:01:28 -0400] "GET /helicopter/ HTTP/1.1" 200 99890 "https://sexpositions.online/cowgirl/" "Mozilla/5.0 (Linux; Android 10; K) AppleWebKit/537.36 (KHTML, like Gecko) Chrome/140.0.0.0 Mobile Safari/537.36"
2401:4900:915a:6ace:3ad2:c2b8:f0f9:98a - - [19/Oct/2025:09:01:29 -0400] "GET /wp-content/uploads/the-x-factor-animated-2.gif HTTP/1.1" 304 - "https://sexpositions.online/helicopter/" "Mozilla/5.0 (Linux; Android 10; K) AppleWebKit/537.36 (KHTML, like Gecko) Chrome/140.0.0.0 Mobile Safari/537.36"
2401:4900:915a:6ace:3ad2:c2b8:f0f9:98a - - [19/Oct/2025:09:01:29 -0400] "GET /wp-content/uploads/starfish-animated.gif HTTP/1.1" 304 - "https://sexpositions.online/helicopter/" "Mozilla/5.0 (Linux; Android 10; K) AppleWebKit/537.36 (KHTML, like Gecko) Chrome/140.0.0.0 Mobile Safari/537.36"
66.116.199.115 - - [19/Oct/2025:09:01:32 -0400] "POST /wp-cron.php?doing_wp_cron=1760878892.2122499942779541015625 HTTP/1.1" 200 - "-" "WordPress/6.8.3; https://sexpositions.online"
49.207.150.135 - - [19/Oct/2025:09:01:32 -0400] "GET /category/position/page/4/ HTTP/1.1" 200 116406 "https://sexpositions.online/category/position/page/3/" "Mozilla/5.0 (Linux; Android 10; K) AppleWebKit/537.36 (KHTML, like Gecko) Chrome/141.0.0.0 Mobile Safari/537.36"
49.207.150.135 - - [19/Oct/2025:09:01:32 -0400] "GET /wp-content/uploads/the-wow-wow-animated.gif HTTP/1.1" 200 232689 "https://sexpositions.online/category/position/page/4/" "Mozilla/5.0 (Linux; Android 10; K) AppleWebKit/537.36 (KHTML, like Gecko) Chrome/141.0.0.0 Mobile Safari/537.36"
49.207.150.135 - - [19/Oct/2025:09:01:32 -0400] "GET /wp-content/uploads/amazon-animated.gif HTTP/1.1" 200 206559 "https://sexpositions.online/category/position/page/4/" "Mozilla/5.0 (Linux; Android 10; K) AppleWebKit/537.36 (KHTML, like Gecko) Chrome/141.0.0.0 Mobile Safari/537.36"
49.207.150.135 - - [19/Oct/2025:09:01:32 -0400] "GET /wp-content/uploads/the-y-animated.gif HTTP/1.1" 200 149662 "https://sexpositions.online/category/position/page/4/" "Mozilla/5.0 (Linux; Android 10; K) AppleWebKit/537.36 (KHTML, like Gecko) Chrome/141.0.0.0 Mobile Safari/537.36"
49.207.150.135 - - [19/Oct/2025:09:01:32 -0400] "GET /wp-content/uploads/tighten-the-screws-animated.gif HTTP/1.1" 200 234650 "https://sexpositions.online/category/position/page/4/" "Mozilla/5.0 (Linux; Android 10; K) AppleWebKit/537.36 (KHTML, like Gecko) Chrome/141.0.0.0 Mobile Safari/537.36"
49.207.150.135 - - [19/Oct/2025:09:01:32 -0400] "GET /wp-content/uploads/tilt-a-girl-animated.gif HTTP/1.1" 200 175644 "https://sexpositions.online/category/position/page/4/" "Mozilla/5.0 (Linux; Android 10; K) AppleWebKit/537.36 (KHTML, like Gecko) Chrome/141.0.0.0 Mobile Safari/537.36"
49.207.150.135 - - [19/Oct/2025:09:01:32 -0400] "GET /wp-content/uploads/three-finger-thrill-animated.gif HTTP/1.1" 200 271420 "https://sexpositions.online/category/position/page/4/" "Mozilla/5.0 (Linux; Android 10; K) AppleWebKit/537.36 (KHTML, like Gecko) Chrome/141.0.0.0 Mobile Safari/537.36"
208.104.54.148 - - [19/Oct/2025:09:01:32 -0400] "GET /wp-content/uploads/play-ball-animated.gif HTTP/1.1" 304 - "-" "Dalvik/2.1.0 (Linux; U; Android 16; Pixel 7 Build/BP3A.251005.004.B1)"
49.207.150.135 - - [19/Oct/2025:09:01:33 -0400] "GET /the-wow-wow/ HTTP/1.1" 200 98118 "https://sexpositions.online/category/position/page/4/" "Mozilla/5.0 (Linux; Android 10; K) AppleWebKit/537.36 (KHTML, like Gecko) Chrome/141.0.0.0 Mobile Safari/537.36"
49.207.150.135 - - [19/Oct/2025:09:01:33 -0400] "GET /wp-content/uploads/spread-eagle-animated-1.gif HTTP/1.1" 200 245877 "https://sexpositions.online/category/position/page/4/" "Mozilla/5.0 (Linux; Android 10; K) AppleWebKit/537.36 (KHTML, like Gecko) Chrome/141.0.0.0 Mobile Safari/537.36"
191.156.230.5 - - [19/Oct/2025:09:01:34 -0400] "GET /wp-content/uploads/amazon-animated.gif HTTP/1.1" 304 - "https://www.google.com/" "Mozilla/5.0 (Linux; Android 10; K) AppleWebKit/537.36 (KHTML, like Gecko) SamsungBrowser/28.0 Chrome/130.0.0.0 Mobile Safari/537.36"
49.207.150.135 - - [19/Oct/2025:09:01:34 -0400] "GET /wp-content/uploads/touch-and-go-animated.gif HTTP/1.1" 200 189206 "https://sexpositions.online/category/position/page/4/" "Mozilla/5.0 (Linux; Android 10; K) AppleWebKit/537.36 (KHTML, like Gecko) Chrome/141.0.0.0 Mobile Safari/537.36"
49.207.150.135 - - [19/Oct/2025:09:01:34 -0400] "GET /amazon/ HTTP/1.1" 200 101009 "https://sexpositions.online/category/position/page/4/" "Mozilla/5.0 (Linux; Android 10; K) AppleWebKit/537.36 (KHTML, like Gecko) Chrome/141.0.0.0 Mobile Safari/537.36"
49.207.150.135 - - [19/Oct/2025:09:01:34 -0400] "GET /wp-content/uploads/trick-or-treat-animated.gif HTTP/1.1" 200 215143 "https://sexpositions.online/category/position/page/4/" "Mozilla/5.0 (Linux; Android 10; K) AppleWebKit/537.36 (KHTML, like Gecko) Chrome/141.0.0.0 Mobile Safari/537.36"
2001:999:78d:4f9:f8dc:8a36:a75e:ba2c - - [19/Oct/2025:09:01:34 -0400] "GET /wp-content/uploads/highway-to-heaven-animated.gif HTTP/1.1" 200 208133 "https://www.google.com/" "Mozilla/5.0 (iPhone; CPU iPhone OS 18_1_1 like Mac OS X) AppleWebKit/605.1.15 (KHTML, like Gecko) Version/18.1.1 Mobile/15E148 Safari/604.1"
49.207.150.135 - - [19/Oct/2025:09:01:34 -0400] "GET /wp-content/uploads/the-acrobat-animated-1.gif HTTP/1.1" 200 218915 "https://sexpositions.online/category/position/page/4/" "Mozilla/5.0 (Linux; Android 10; K) AppleWebKit/537.36 (KHTML, like Gecko) Chrome/141.0.0.0 Mobile Safari/537.36"
49.207.150.135 - - [19/Oct/2025:09:01:37 -0400] "GET /spread-eagle/ HTTP/1.1" 200 98093 "https://sexpositions.online/category/position/page/4/" "Mozilla/5.0 (Linux; Android 10; K) AppleWebKit/537.36 (KHTML, like Gecko) Chrome/141.0.0.0 Mobile Safari/537.36"
2401:4900:915a:6ace:3ad2:c2b8:f0f9:98a - - [19/Oct/2025:09:01:40 -0400] "GET / HTTP/1.1" 200 125069 "https://sexpositions.online/helicopter/" "Mozilla/5.0 (Linux; Android 10; K) AppleWebKit/537.36 (KHTML, like Gecko) Chrome/140.0.0.0 Mobile Safari/537.36"
49.207.150.135 - - [19/Oct/2025:09:01:41 -0400] "GET /touch-and-go/ HTTP/1.1" 200 98063 "https://sexpositions.online/category/position/page/4/" "Mozilla/5.0 (Linux; Android 10; K) AppleWebKit/537.36 (KHTML, like Gecko) Chrome/141.0.0.0 Mobile Safari/537.36"
87.97.55.112 - - [19/Oct/2025:09:01:55 -0400] "GET /wp-content/uploads/missionary-animated.gif HTTP/1.1" 304 - "https://www.google.com/" "Mozilla/5.0 (Linux; Android 10; K) AppleWebKit/537.36 (KHTML, like Gecko) Chrome/133.0.0.0 Mobile Safari/537.36 ABB/133.0.6943.51"
143.14.42.238 - - [19/Oct/2025:09:02:04 -0400] "GET /wp-content/uploads/the-bridge-animated.gif HTTP/1.1" 304 - "https://yandex.by/" "Mozilla/5.0 (iPhone; CPU iPhone OS 17_1_1 like Mac OS X) AppleWebKit/605.1.15 (KHTML, like Gecko) Version/17.1.1 Mobile/15E148 Safari/604.1"
49.207.150.135 - - [19/Oct/2025:09:02:10 -0400] "GET /category/position/page/5/ HTTP/1.1" 200 116266 "https://sexpositions.online/category/position/page/4/" "Mozilla/5.0 (Linux; Android 10; K) AppleWebKit/537.36 (KHTML, like Gecko) Chrome/141.0.0.0 Mobile Safari/537.36"
49.207.150.135 - - [19/Oct/2025:09:02:11 -0400] "GET /wp-content/uploads/twizzler-animated.gif HTTP/1.1" 200 213147 "https://sexpositions.online/category/position/page/5/" "Mozilla/5.0 (Linux; Android 10; K) AppleWebKit/537.36 (KHTML, like Gecko) Chrome/141.0.0.0 Mobile Safari/537.36"
49.207.150.135 - - [19/Oct/2025:09:02:11 -0400] "GET /wp-content/uploads/octopus-animated.gif HTTP/1.1" 200 239066 "https://sexpositions.online/category/position/page/5/" "Mozilla/5.0 (Linux; Android 10; K) AppleWebKit/537.36 (KHTML, like Gecko) Chrome/141.0.0.0 Mobile Safari/537.36"
49.207.150.135 - - [19/Oct/2025:09:02:11 -0400] "GET /wp-content/uploads/the-x-factor-animated-2.gif HTTP/1.1" 200 210822 "https://sexpositions.online/category/position/page/5/" "Mozilla/5.0 (Linux; Android 10; K) AppleWebKit/537.36 (KHTML, like Gecko) Chrome/141.0.0.0 Mobile Safari/537.36"
49.207.150.135 - - [19/Oct/2025:09:02:11 -0400] "GET /wp-content/uploads/waterslide-animated.gif HTTP/1.1" 200 270540 "https://sexpositions.online/category/position/page/5/" "Mozilla/5.0 (Linux; Android 10; K) AppleWebKit/537.36 (KHTML, like Gecko) Chrome/141.0.0.0 Mobile Safari/537.36"
49.207.150.135 - - [19/Oct/2025:09:02:11 -0400] "GET /wp-content/uploads/upward-dog-animated.gif HTTP/1.1" 200 219384 "https://sexpositions.online/category/position/page/5/" "Mozilla/5.0 (Linux; Android 10; K) AppleWebKit/537.36 (KHTML, like Gecko) Chrome/141.0.0.0 Mobile Safari/537.36"
49.207.150.135 - - [19/Oct/2025:09:02:12 -0400] "GET /wp-content/uploads/wheelbarrow-animated.gif HTTP/1.1" 200 194406 "https://sexpositions.online/category/position/page/5/" "Mozilla/5.0 (Linux; Android 10; K) AppleWebKit/537.36 (KHTML, like Gecko) Chrome/141.0.0.0 Mobile Safari/537.36"
49.207.150.135 - - [19/Oct/2025:09:02:12 -0400] "GET /twizzler/ HTTP/1.1" 200 97962 "https://sexpositions.online/category/position/page/5/" "Mozilla/5.0 (Linux; Android 10; K) AppleWebKit/537.36 (KHTML, like Gecko) Chrome/141.0.0.0 Mobile Safari/537.36"
2001:999:78d:4f9:f8dc:8a36:a75e:ba2c - - [19/Oct/2025:09:02:12 -0400] "GET /wp-content/uploads/love-bug-animated.gif HTTP/1.1" 200 201099 "https://www.google.com/" "Mozilla/5.0 (iPhone; CPU iPhone OS 18_1_1 like Mac OS X) AppleWebKit/605.1.15 (KHTML, like Gecko) Version/18.1.1 Mobile/15E148 Safari/604.1"
49.207.150.135 - - [19/Oct/2025:09:02:12 -0400] "GET /wp-content/uploads/whos-your-daddy-animated.gif HTTP/1.1" 200 224054 "https://sexpositions.online/category/position/page/5/" "Mozilla/5.0 (Linux; Android 10; K) AppleWebKit/537.36 (KHTML, like Gecko) Chrome/141.0.0.0 Mobile Safari/537.36"
89.68.11.84 - - [19/Oct/2025:09:02:14 -0400] "GET /wp-content/uploads/piledriver-animated.gif HTTP/1.1" 304 - "https://www.google.com/" "Mozilla/5.0 (Windows NT 10.0; Win64; x64) AppleWebKit/537.36 (KHTML, like Gecko) Chrome/141.0.0.0 Safari/537.36"
185.191.171.2 - - [19/Oct/2025:09:02:15 -0400] "GET /page/17/?action=repository_opensearch&count=20&index_id=2090&order=17&pn=1 HTTP/1.1" 200 116087 "-" "Mozilla/5.0 (compatible; SemrushBot/7~bl; +http://www.semrush.com/bot.html)"
49.207.150.135 - - [19/Oct/2025:09:02:15 -0400] "GET /octopus/ HTTP/1.1" 200 98052 "https://sexpositions.online/category/position/page/5/" "Mozilla/5.0 (Linux; Android 10; K) AppleWebKit/537.36 (KHTML, like Gecko) Chrome/141.0.0.0 Mobile Safari/537.36"
49.207.150.135 - - [19/Oct/2025:09:02:15 -0400] "GET /wp-content/uploads/windmill-animated.gif HTTP/1.1" 200 217396 "https://sexpositions.online/category/position/page/5/" "Mozilla/5.0 (Linux; Android 10; K) AppleWebKit/537.36 (KHTML, like Gecko) Chrome/141.0.0.0 Mobile Safari/537.36"
49.207.150.135 - - [19/Oct/2025:09:02:16 -0400] "GET /wp-content/uploads/yawning-animated.gif HTTP/1.1" 200 225012 "https://sexpositions.online/category/position/page/5/" "Mozilla/5.0 (Linux; Android 10; K) AppleWebKit/537.36 (KHTML, like Gecko) Chrome/141.0.0.0 Mobile Safari/537.36"
49.207.150.135 - - [19/Oct/2025:09:02:18 -0400] "GET /whos-your-daddy/ HTTP/1.1" 200 98065 "https://sexpositions.online/category/position/page/5/" "Mozilla/5.0 (Linux; Android 10; K) AppleWebKit/537.36 (KHTML, like Gecko) Chrome/141.0.0.0 Mobile Safari/537.36"
41.75.179.148 - - [19/Oct/2025:09:02:22 -0400] "GET /wp-content/uploads/belly-dancer-animated.gif HTTP/1.1" 304 - "https://www.google.com/" "Mozilla/5.0 (Linux; Android 12; Infinix X669 Build/SP1A.210812.016; wv) AppleWebKit/537.36 (KHTML, like Gecko) Version/4.0 Chrome/141.0.7390.43 Mobile Safari/537.36 GoogleApp/16.40.23.ve.arm64"
168.119.55.209 - - [19/Oct/2025:09:02:22 -0400] "GET /wp-content/uploads/the-corkscrew-animated.gif HTTP/1.1" 200 203255 "https://www.google.com/" "Mozilla/5.0 (Linux; Android 10; K) AppleWebKit/537.36 (KHTML, like Gecko) Chrome/141.0.0.0 Mobile Safari/537.36"
49.207.150.135 - - [19/Oct/2025:09:02:27 -0400] "GET /category/position/page/6/ HTTP/1.1" 200 116403 "https://sexpositions.online/category/position/page/5/" "Mozilla/5.0 (Linux; Android 10; K) AppleWebKit/537.36 (KHTML, like Gecko) Chrome/141.0.0.0 Mobile Safari/537.36"
49.207.150.135 - - [19/Oct/2025:09:02:27 -0400] "GET /wp-content/uploads/stand-and-carry-animated.gif HTTP/1.1" 200 155522 "https://sexpositions.online/category/position/page/6/" "Mozilla/5.0 (Linux; Android 10; K) AppleWebKit/537.36 (KHTML, like Gecko) Chrome/141.0.0.0 Mobile Safari/537.36"
49.207.150.135 - - [19/Oct/2025:09:02:27 -0400] "GET /wp-content/uploads/stretch-it-out-animated.gif HTTP/1.1" 200 203492 "https://sexpositions.online/category/position/page/6/" "Mozilla/5.0 (Linux; Android 10; K) AppleWebKit/537.36 (KHTML, like Gecko) Chrome/141.0.0.0 Mobile Safari/537.36"
49.207.150.135 - - [19/Oct/2025:09:02:27 -0400] "GET /wp-content/uploads/starting-blocks-animated.gif HTTP/1.1" 200 194769 "https://sexpositions.online/category/position/page/6/" "Mozilla/5.0 (Linux; Android 10; K) AppleWebKit/537.36 (KHTML, like Gecko) Chrome/141.0.0.0 Mobile Safari/537.36"
49.207.150.135 - - [19/Oct/2025:09:02:28 -0400] "GET /stand-and-carry/ HTTP/1.1" 200 98071 "https://sexpositions.online/category/position/page/6/" "Mozilla/5.0 (Linux; Android 10; K) AppleWebKit/537.36 (KHTML, like Gecko) Chrome/141.0.0.0 Mobile Safari/537.36"
49.207.150.135 - - [19/Oct/2025:09:02:28 -0400] "GET /wp-content/uploads/sun-salutation-animated.gif HTTP/1.1" 200 207120 "https://sexpositions.online/category/position/page/6/" "Mozilla/5.0 (Linux; Android 10; K) AppleWebKit/537.36 (KHTML, like Gecko) Chrome/141.0.0.0 Mobile Safari/537.36"
49.207.150.135 - - [19/Oct/2025:09:02:29 -0400] "GET /wp-content/uploads/surprise-party-animated.gif HTTP/1.1" 200 221781 "https://sexpositions.online/category/position/page/6/" "Mozilla/5.0 (Linux; Android 10; K) AppleWebKit/537.36 (KHTML, like Gecko) Chrome/141.0.0.0 Mobile Safari/537.36"
49.207.150.135 - - [19/Oct/2025:09:02:29 -0400] "GET /wp-content/uploads/takeoff-animated.gif HTTP/1.1" 200 266085 "https://sexpositions.online/category/position/page/6/" "Mozilla/5.0 (Linux; Android 10; K) AppleWebKit/537.36 (KHTML, like Gecko) Chrome/141.0.0.0 Mobile Safari/537.36"
49.207.150.135 - - [19/Oct/2025:09:02:30 -0400] "GET /stretch-it-out/ HTTP/1.1" 200 98089 "https://sexpositions.online/category/position/page/6/" "Mozilla/5.0 (Linux; Android 10; K) AppleWebKit/537.36 (KHTML, like Gecko) Chrome/141.0.0.0 Mobile Safari/537.36"
2001:999:78d:4f9:f8dc:8a36:a75e:ba2c - - [19/Oct/2025:09:02:32 -0400] "GET /wp-content/uploads/tetherball-animated.gif HTTP/1.1" 200 263103 "https://www.google.com/" "Mozilla/5.0 (iPhone; CPU iPhone OS 18_1_1 like Mac OS X) AppleWebKit/605.1.15 (KHTML, like Gecko) Version/18.1.1 Mobile/15E148 Safari/604.1"
49.207.150.135 - - [19/Oct/2025:09:02:34 -0400] "GET /tilt-a-girl/ HTTP/1.1" 200 98087 "https://sexpositions.online/category/position/page/4/" "Mozilla/5.0 (Linux; Android 10; K) AppleWebKit/537.36 (KHTML, like Gecko) Chrome/141.0.0.0 Mobile Safari/537.36"
49.207.150.135 - - [19/Oct/2025:09:02:36 -0400] "GET /spread-eagle/ HTTP/1.1" 200 98093 "https://sexpositions.online/category/position/page/4/" "Mozilla/5.0 (Linux; Android 10; K) AppleWebKit/537.36 (KHTML, like Gecko) Chrome/141.0.0.0 Mobile Safari/537.36"
49.207.150.135 - - [19/Oct/2025:09:02:39 -0400] "GET /category/position/page/3/ HTTP/1.1" 200 116421 "https://sexpositions.online/category/position/page/4/" "Mozilla/5.0 (Linux; Android 10; K) AppleWebKit/537.36 (KHTML, like Gecko) Chrome/141.0.0.0 Mobile Safari/537.36"
76.64.99.22 - - [19/Oct/2025:09:02:41 -0400] "GET /wp-content/uploads/reverse-cowgirl-animated.gif HTTP/1.1" 304 - "https://www.google.com/" "Mozilla/5.0 (Linux; Android 10; K) AppleWebKit/537.36 (KHTML, like Gecko) SamsungBrowser/28.0 Chrome/130.0.0.0 Mobile Safari/537.36"
49.207.150.135 - - [19/Oct/2025:09:02:41 -0400] "GET /twizzler/ HTTP/1.1" 200 97962 "https://sexpositions.online/category/position/page/5/" "Mozilla/5.0 (Linux; Android 10; K) AppleWebKit/537.36 (KHTML, like Gecko) Chrome/141.0.0.0 Mobile Safari/537.36"
2001:999:78d:4f9:f8dc:8a36:a75e:ba2c - - [19/Oct/2025:09:02:41 -0400] "GET /wp-content/uploads/footsie-animated.gif HTTP/1.1" 200 202355 "https://www.google.com/" "Mozilla/5.0 (iPhone; CPU iPhone OS 18_1_1 like Mac OS X) AppleWebKit/605.1.15 (KHTML, like Gecko) Version/18.1.1 Mobile/15E148 Safari/604.1"
49.207.150.135 - - [19/Oct/2025:09:02:41 -0400] "GET /waterslide/ HTTP/1.1" 200 98093 "https://sexpositions.online/category/position/page/5/" "Mozilla/5.0 (Linux; Android 10; K) AppleWebKit/537.36 (KHTML, like Gecko) Chrome/141.0.0.0 Mobile Safari/537.36"
49.207.150.135 - - [19/Oct/2025:09:02:43 -0400] "GET /category/position/page/6/ HTTP/1.1" 200 116403 "https://sexpositions.online/category/position/page/5/" "Mozilla/5.0 (Linux; Android 10; K) AppleWebKit/537.36 (KHTML, like Gecko) Chrome/141.0.0.0 Mobile Safari/537.36"
49.207.150.135 - - [19/Oct/2025:09:02:43 -0400] "GET /stand-and-carry/ HTTP/1.1" 200 98071 "https://sexpositions.online/category/position/page/6/" "Mozilla/5.0 (Linux; Android 10; K) AppleWebKit/537.36 (KHTML, like Gecko) Chrome/141.0.0.0 Mobile Safari/537.36"
49.207.150.135 - - [19/Oct/2025:09:02:44 -0400] "GET /wp-content/uploads/wall-animated.gif HTTP/1.1" 200 174910 "https://sexpositions.online/category/position/page/6/" "Mozilla/5.0 (Linux; Android 10; K) AppleWebKit/537.36 (KHTML, like Gecko) Chrome/141.0.0.0 Mobile Safari/537.36"
52.167.144.160 - - [19/Oct/2025:09:02:44 -0400] "GET /topics_detail.html?info_id=20 HTTP/1.1" 200 95107 "-" "Mozilla/5.0 AppleWebKit/537.36 (KHTML, like Gecko; compatible; bingbot/2.0; +http://www.bing.com/bingbot.htm) Chrome/116.0.1938.76 Safari/537.36"
49.207.150.135 - - [19/Oct/2025:09:02:44 -0400] "GET /surprise-party/ HTTP/1.1" 200 98104 "https://sexpositions.online/category/position/page/6/" "Mozilla/5.0 (Linux; Android 10; K) AppleWebKit/537.36 (KHTML, like Gecko) Chrome/141.0.0.0 Mobile Safari/537.36"
49.207.150.135 - - [19/Oct/2025:09:02:46 -0400] "GET /wp-content/uploads/tango-animated.gif HTTP/1.1" 200 240959 "https://sexpositions.online/category/position/page/6/" "Mozilla/5.0 (Linux; Android 10; K) AppleWebKit/537.36 (KHTML, like Gecko) Chrome/141.0.0.0 Mobile Safari/537.36"
49.207.150.135 - - [19/Oct/2025:09:02:46 -0400] "GET /wp-content/uploads/tantalizing-tee-off-animated.gif HTTP/1.1" 200 189251 "https://sexpositions.online/category/position/page/6/" "Mozilla/5.0 (Linux; Android 10; K) AppleWebKit/537.36 (KHTML, like Gecko) Chrome/141.0.0.0 Mobile Safari/537.36"
49.207.150.135 - - [19/Oct/2025:09:02:47 -0400] "GET /wall/ HTTP/1.1" 200 97959 "https://sexpositions.online/category/position/page/6/" "Mozilla/5.0 (Linux; Android 10; K) AppleWebKit/537.36 (KHTML, like Gecko) Chrome/141.0.0.0 Mobile Safari/537.36"
49.207.150.135 - - [19/Oct/2025:09:02:48 -0400] "GET /wp-content/uploads/tantric-cuddle-animated.gif HTTP/1.1" 200 242800 "https://sexpositions.online/category/position/page/6/" "Mozilla/5.0 (Linux; Android 10; K) AppleWebKit/537.36 (KHTML, like Gecko) Chrome/141.0.0.0 Mobile Safari/537.36"
49.207.150.135 - - [19/Oct/2025:09:02:48 -0400] "GET /tango/ HTTP/1.1" 200 98042 "https://sexpositions.online/category/position/page/6/" "Mozilla/5.0 (Linux; Android 10; K) AppleWebKit/537.36 (KHTML, like Gecko) Chrome/141.0.0.0 Mobile Safari/537.36"
129.205.225.18 - - [19/Oct/2025:09:02:48 -0400] "GET /wp-content/uploads/on-a-deadline-animated.gif HTTP/1.1" 200 253417 "-" "com.google.android.apps.searchlite/96533 (Linux; U; Android 9; en_GB; ZTE Blade L130; Build/PPR1.180610.011; Cronet/131.0.6724.0)"
49.207.150.135 - - [19/Oct/2025:09:02:49 -0400] "GET /tantalizing-tee-off/ HTTP/1.1" 200 98080 "https://sexpositions.online/category/position/page/6/" "Mozilla/5.0 (Linux; Android 10; K) AppleWebKit/537.36 (KHTML, like Gecko) Chrome/141.0.0.0 Mobile Safari/537.36"
49.207.150.135 - - [19/Oct/2025:09:02:50 -0400] "GET /category/position/page/5/ HTTP/1.1" 200 116266 "https://sexpositions.online/category/position/page/6/" "Mozilla/5.0 (Linux; Android 10; K) AppleWebKit/537.36 (KHTML, like Gecko) Chrome/141.0.0.0 Mobile Safari/537.36"
49.207.150.135 - - [19/Oct/2025:09:02:52 -0400] "GET /category/position/page/7/ HTTP/1.1" 200 116378 "https://sexpositions.online/category/position/page/6/" "Mozilla/5.0 (Linux; Android 10; K) AppleWebKit/537.36 (KHTML, like Gecko) Chrome/141.0.0.0 Mobile Safari/537.36"
49.207.150.135 - - [19/Oct/2025:09:02:53 -0400] "GET /wp-content/uploads/the-anchor-animated.gif HTTP/1.1" 200 252494 "https://sexpositions.online/category/position/page/7/" "Mozilla/5.0 (Linux; Android 10; K) AppleWebKit/537.36 (KHTML, like Gecko) Chrome/141.0.0.0 Mobile Safari/537.36"
49.207.150.135 - - [19/Oct/2025:09:02:53 -0400] "GET /wp-content/uploads/flatiron-animated.gif HTTP/1.1" 200 166317 "https://sexpositions.online/category/position/page/7/" "Mozilla/5.0 (Linux; Android 10; K) AppleWebKit/537.36 (KHTML, like Gecko) Chrome/141.0.0.0 Mobile Safari/537.36"
49.207.150.135 - - [19/Oct/2025:09:02:53 -0400] "GET /wp-content/uploads/tetherball-animated.gif HTTP/1.1" 200 263103 "https://sexpositions.online/category/position/page/7/" "Mozilla/5.0 (Linux; Android 10; K) AppleWebKit/537.36 (KHTML, like Gecko) Chrome/141.0.0.0 Mobile Safari/537.36"
2001:999:78d:4f9:f8dc:8a36:a75e:ba2c - - [19/Oct/2025:09:02:53 -0400] "GET /wp-content/uploads/lock-and-load-animated-1.gif HTTP/1.1" 200 218342 "https://www.google.com/" "Mozilla/5.0 (iPhone; CPU iPhone OS 18_1_1 like Mac OS X) AppleWebKit/605.1.15 (KHTML, like Gecko) Version/18.1.1 Mobile/15E148 Safari/604.1"
2409:40e3:407f:dce4:8000:: - - [19/Oct/2025:09:02:53 -0400] "GET /wp-content/uploads/cowgirl-animated.gif HTTP/1.1" 304 - "https://www.google.com/" "Mozilla/5.0 (Linux; Android 16; SM-A346E Build/BP2A.250605.031.A3; wv) AppleWebKit/537.36 (KHTML, like Gecko) Version/4.0 Chrome/140.0.7339.207 Mobile Safari/537.36 GoogleApp/16.40.23.ve.arm64"
49.207.150.135 - - [19/Oct/2025:09:02:53 -0400] "GET /wp-content/uploads/the-crab-animated.gif HTTP/1.1" 200 197212 "https://sexpositions.online/category/position/page/7/" "Mozilla/5.0 (Linux; Android 10; K) AppleWebKit/537.36 (KHTML, like Gecko) Chrome/141.0.0.0 Mobile Safari/537.36"
49.207.150.135 - - [19/Oct/2025:09:02:53 -0400] "GET /flatiron/ HTTP/1.1" 200 98039 "https://sexpositions.online/category/position/page/7/" "Mozilla/5.0 (Linux; Android 10; K) AppleWebKit/537.36 (KHTML, like Gecko) Chrome/141.0.0.0 Mobile Safari/537.36"
49.207.150.135 - - [19/Oct/2025:09:02:54 -0400] "GET /tetherball/ HTTP/1.1" 200 98065 "https://sexpositions.online/category/position/page/7/" "Mozilla/5.0 (Linux; Android 10; K) AppleWebKit/537.36 (KHTML, like Gecko) Chrome/141.0.0.0 Mobile Safari/537.36"
49.207.150.135 - - [19/Oct/2025:09:02:54 -0400] "GET /wp-content/uploads/the-bicyclist-animated.gif HTTP/1.1" 200 211980 "https://sexpositions.online/category/position/page/7/" "Mozilla/5.0 (Linux; Android 10; K) AppleWebKit/537.36 (KHTML, like Gecko) Chrome/141.0.0.0 Mobile Safari/537.36"
49.207.150.135 - - [19/Oct/2025:09:02:55 -0400] "GET /wp-content/uploads/the-big-bounce-animated.gif HTTP/1.1" 200 220222 "https://sexpositions.online/category/position/page/7/" "Mozilla/5.0 (Linux; Android 10; K) AppleWebKit/537.36 (KHTML, like Gecko) Chrome/141.0.0.0 Mobile Safari/537.36"
2401:4900:915a:6ace:3ad2:c2b8:f0f9:98a - - [19/Oct/2025:09:02:55 -0400] "GET /foreplay/ HTTP/1.1" 200 103221 "https://sexpositions.online/" "Mozilla/5.0 (Linux; Android 10; K) AppleWebKit/537.36 (KHTML, like Gecko) Chrome/140.0.0.0 Mobile Safari/537.36"
49.207.150.135 - - [19/Oct/2025:09:02:56 -0400] "GET /wp-content/uploads/the-bodyguard-animated.gif HTTP/1.1" 200 179059 "https://sexpositions.online/category/position/page/7/" "Mozilla/5.0 (Linux; Android 10; K) AppleWebKit/537.36 (KHTML, like Gecko) Chrome/141.0.0.0 Mobile Safari/537.36"
2401:4900:915a:6ace:3ad2:c2b8:f0f9:98a - - [19/Oct/2025:09:02:56 -0400] "GET /wp-content/uploads/hold-the-pickle-animated.gif HTTP/1.1" 304 - "https://sexpositions.online/foreplay/" "Mozilla/5.0 (Linux; Android 10; K) AppleWebKit/537.36 (KHTML, like Gecko) Chrome/140.0.0.0 Mobile Safari/537.36"
2401:4900:915a:6ace:3ad2:c2b8:f0f9:98a - - [19/Oct/2025:09:02:56 -0400] "GET /wp-content/uploads/lady-in-waiting-animated.gif HTTP/1.1" 304 - "https://sexpositions.online/foreplay/" "Mozilla/5.0 (Linux; Android 10; K) AppleWebKit/537.36 (KHTML, like Gecko) Chrome/140.0.0.0 Mobile Safari/537.36"
49.207.150.135 - - [19/Oct/2025:09:02:57 -0400] "GET /wp-content/uploads/the-bump-and-grind-animated.gif HTTP/1.1" 200 218746 "https://sexpositions.online/category/position/page/7/" "Mozilla/5.0 (Linux; Android 10; K) AppleWebKit/537.36 (KHTML, like Gecko) Chrome/141.0.0.0 Mobile Safari/537.36"
49.207.150.135 - - [19/Oct/2025:09:02:58 -0400] "GET /the-big-bounce/ HTTP/1.1" 200 98207 "https://sexpositions.online/category/position/page/7/" "Mozilla/5.0 (Linux; Android 10; K) AppleWebKit/537.36 (KHTML, like Gecko) Chrome/141.0.0.0 Mobile Safari/537.36"
217.224.3.194 - - [19/Oct/2025:09:02:58 -0400] "GET /spooning/ HTTP/1.1" 200 100748 "https://sexpositions.online/" "Mozilla/5.0 (Linux; Android 10; K) AppleWebKit/537.36 (KHTML, like Gecko) Chrome/141.0.0.0 Mobile Safari/537.36 EdgA/141.0.0.0"
2401:4900:915a:6ace:3ad2:c2b8:f0f9:98a - - [19/Oct/2025:09:02:59 -0400] "GET /chair/ HTTP/1.1" 200 103051 "https://sexpositions.online/" "Mozilla/5.0 (Linux; Android 10; K) AppleWebKit/537.36 (KHTML, like Gecko) Chrome/140.0.0.0 Mobile Safari/537.36"
217.224.3.194 - - [19/Oct/2025:09:02:59 -0400] "GET /wp-content/uploads/crossed-spoons-animated.gif HTTP/1.1" 304 - "https://sexpositions.online/spooning/" "Mozilla/5.0 (Linux; Android 10; K) AppleWebKit/537.36 (KHTML, like Gecko) Chrome/141.0.0.0 Mobile Safari/537.36 EdgA/141.0.0.0"
217.224.3.194 - - [19/Oct/2025:09:02:59 -0400] "GET /wp-content/uploads/sideways-animated.gif HTTP/1.1" 304 - "https://sexpositions.online/spooning/" "Mozilla/5.0 (Linux; Android 10; K) AppleWebKit/537.36 (KHTML, like Gecko) Chrome/141.0.0.0 Mobile Safari/537.36 EdgA/141.0.0.0"
2401:4900:915a:6ace:3ad2:c2b8:f0f9:98a - - [19/Oct/2025:09:02:59 -0400] "GET /wp-content/uploads/whos-your-daddy-animated.gif HTTP/1.1" 304 - "https://sexpositions.online/chair/" "Mozilla/5.0 (Linux; Android 10; K) AppleWebKit/537.36 (KHTML, like Gecko) Chrome/140.0.0.0 Mobile Safari/537.36"
2401:4900:915a:6ace:3ad2:c2b8:f0f9:98a - - [19/Oct/2025:09:02:59 -0400] "GET /wp-content/uploads/the-love-seat-animated-1.gif HTTP/1.1" 304 - "https://sexpositions.online/chair/" "Mozilla/5.0 (Linux; Android 10; K) AppleWebKit/537.36 (KHTML, like Gecko) Chrome/140.0.0.0 Mobile Safari/537.36"
2401:4900:915a:6ace:3ad2:c2b8:f0f9:98a - - [19/Oct/2025:09:02:59 -0400] "GET /wp-content/uploads/the-straddle-animated.gif HTTP/1.1" 304 - "https://sexpositions.online/chair/" "Mozilla/5.0 (Linux; Android 10; K) AppleWebKit/537.36 (KHTML, like Gecko) Chrome/140.0.0.0 Mobile Safari/537.36"
2401:4900:915a:6ace:3ad2:c2b8:f0f9:98a - - [19/Oct/2025:09:03:00 -0400] "GET /wp-content/uploads/lap-dance-animated.gif HTTP/1.1" 304 - "https://sexpositions.online/chair/" "Mozilla/5.0 (Linux; Android 10; K) AppleWebKit/537.36 (KHTML, like Gecko) Chrome/140.0.0.0 Mobile Safari/537.36"
2401:4900:915a:6ace:3ad2:c2b8:f0f9:98a - - [19/Oct/2025:09:03:00 -0400] "GET /whos-your-daddy/ HTTP/1.1" 200 98065 "https://sexpositions.online/chair/" "Mozilla/5.0 (Linux; Android 10; K) AppleWebKit/537.36 (KHTML, like Gecko) Chrome/140.0.0.0 Mobile Safari/537.36"
2001:999:78d:4f9:f8dc:8a36:a75e:ba2c - - [19/Oct/2025:09:03:00 -0400] "GET /wp-content/uploads/easy-rider-animated.gif HTTP/1.1" 200 217821 "https://www.google.com/" "Mozilla/5.0 (iPhone; CPU iPhone OS 18_1_1 like Mac OS X) AppleWebKit/605.1.15 (KHTML, like Gecko) Version/18.1.1 Mobile/15E148 Safari/604.1"
2401:4900:915a:6ace:3ad2:c2b8:f0f9:98a - - [19/Oct/2025:09:03:01 -0400] "GET /wp-content/uploads/the-hammock-animated.gif HTTP/1.1" 304 - "https://sexpositions.online/chair/" "Mozilla/5.0 (Linux; Android 10; K) AppleWebKit/537.36 (KHTML, like Gecko) Chrome/140.0.0.0 Mobile Safari/537.36"
