2402:800:7ae1:8deb:91fd:f6e7:b99a:a7cf - - [19/Oct/2025:11:35:06 -0400] "GET / HTTP/1.1" 200 125069 "https://www.google.com/" "Mozilla/5.0 (iPhone; CPU iPhone OS 18_5 like Mac OS X) AppleWebKit/605.1.15 (KHTML, like Gecko) Version/18.5 Mobile/15E148 Safari/604.1"
2402:800:7ae1:8deb:91fd:f6e7:b99a:a7cf - - [19/Oct/2025:11:35:07 -0400] "GET /wp-content/uploads/missionary-animated.gif HTTP/1.1" 304 - "https://sexpositions.online/" "Mozilla/5.0 (iPhone; CPU iPhone OS 18_5 like Mac OS X) AppleWebKit/605.1.15 (KHTML, like Gecko) Version/18.5 Mobile/15E148 Safari/604.1"
2402:800:7ae1:8deb:91fd:f6e7:b99a:a7cf - - [19/Oct/2025:11:35:07 -0400] "GET /wp-content/uploads/banner.jpg HTTP/1.1" 304 - "https://sexpositions.online/" "Mozilla/5.0 (iPhone; CPU iPhone OS 18_5 like Mac OS X) AppleWebKit/605.1.15 (KHTML, like Gecko) Version/18.5 Mobile/15E148 Safari/604.1"
2a09:bac3:550f:25af::3c1:1b - - [19/Oct/2025:11:35:08 -0400] "GET /wp-content/uploads/trick-or-treat-animated.gif HTTP/1.1" 304 - "https://sexpositions.online/category/position/page/4/" "Mozilla/5.0 (iPhone; CPU iPhone OS 18_1_1 like Mac OS X) AppleWebKit/605.1.15 (KHTML, like Gecko) Version/18.1.1 Mobile/15E148 Safari/604.1"
2a09:bac3:550f:25af::3c1:1b - - [19/Oct/2025:11:35:12 -0400] "GET /wp-content/uploads/the-acrobat-animated-1.gif HTTP/1.1" 304 - "https://sexpositions.online/category/position/page/4/" "Mozilla/5.0 (iPhone; CPU iPhone OS 18_1_1 like Mac OS X) AppleWebKit/605.1.15 (KHTML, like Gecko) Version/18.1.1 Mobile/15E148 Safari/604.1"
2409:4080:9ec0:3f12::9108:5008 - - [19/Oct/2025:11:35:18 -0400] "GET /wp-content/uploads/reverse-69-animated.gif HTTP/1.1" 304 - "https://www.google.com/" "Mozilla/5.0 (Linux; Android 11; SM-A127F Build/RP1A.200720.012; wv) AppleWebKit/537.36 (KHTML, like Gecko) Version/4.0 Chrome/140.0.7339.209 Mobile Safari/537.36 GoogleApp/16.38.63.ve.arm64"
2a09:bac3:550f:25af::3c1:1b - - [19/Oct/2025:11:35:22 -0400] "GET /category/position/page/5/ HTTP/1.1" 200 116266 "https://sexpositions.online/category/position/page/4/" "Mozilla/5.0 (iPhone; CPU iPhone OS 18_1_1 like Mac OS X) AppleWebKit/605.1.15 (KHTML, like Gecko) Version/18.1.1 Mobile/15E148 Safari/604.1"
2a09:bac3:550f:25af::3c1:1b - - [19/Oct/2025:11:35:23 -0400] "GET /wp-content/uploads/twizzler-animated.gif HTTP/1.1" 304 - "https://sexpositions.online/category/position/page/5/" "Mozilla/5.0 (iPhone; CPU iPhone OS 18_1_1 like Mac OS X) AppleWebKit/605.1.15 (KHTML, like Gecko) Version/18.1.1 Mobile/15E148 Safari/604.1"
2a09:bac3:550f:25af::3c1:1b - - [19/Oct/2025:11:35:23 -0400] "GET /wp-content/uploads/the-x-factor-animated-2.gif HTTP/1.1" 304 - "https://sexpositions.online/category/position/page/5/" "Mozilla/5.0 (iPhone; CPU iPhone OS 18_1_1 like Mac OS X) AppleWebKit/605.1.15 (KHTML, like Gecko) Version/18.1.1 Mobile/15E148 Safari/604.1"
2a09:bac3:550f:25af::3c1:1b - - [19/Oct/2025:11:35:23 -0400] "GET /wp-content/uploads/octopus-animated.gif HTTP/1.1" 200 239066 "https://sexpositions.online/category/position/page/5/" "Mozilla/5.0 (iPhone; CPU iPhone OS 18_1_1 like Mac OS X) AppleWebKit/605.1.15 (KHTML, like Gecko) Version/18.1.1 Mobile/15E148 Safari/604.1"
143.59.217.29 - - [19/Oct/2025:11:35:27 -0400] "GET /wp-content/uploads/worlds-strongest-animated.gif HTTP/1.1" 304 - "https://sexpositions.online/oral/69-ing/" "Mozilla/5.0 (iPhone; CPU iPhone OS 18_6_2 like Mac OS X) AppleWebKit/605.1.15 (KHTML, like Gecko) Version/18.6 Mobile/15E148 Safari/604.1"
2a09:bac3:550f:25af::3c1:1b - - [19/Oct/2025:11:35:28 -0400] "GET /wp-content/uploads/upward-dog-animated.gif HTTP/1.1" 304 - "https://sexpositions.online/category/position/page/5/" "Mozilla/5.0 (iPhone; CPU iPhone OS 18_1_1 like Mac OS X) AppleWebKit/605.1.15 (KHTML, like Gecko) Version/18.1.1 Mobile/15E148 Safari/604.1"
2a09:bac3:550f:25af::3c1:1b - - [19/Oct/2025:11:35:31 -0400] "GET /wp-content/uploads/waterslide-animated.gif HTTP/1.1" 304 - "https://sexpositions.online/category/position/page/5/" "Mozilla/5.0 (iPhone; CPU iPhone OS 18_1_1 like Mac OS X) AppleWebKit/605.1.15 (KHTML, like Gecko) Version/18.1.1 Mobile/15E148 Safari/604.1"
2600:1006:b347:f6a0:bd76:e0f:a8bd:3977 - - [19/Oct/2025:11:35:34 -0400] "GET /wp-content/uploads/the-tumbler-animated.gif HTTP/1.1" 304 - "https://www.google.com/" "Mozilla/5.0 (Linux; Android 10; K) AppleWebKit/537.36 (KHTML, like Gecko) Chrome/141.0.0.0 Mobile Safari/537.36"
2a09:bac3:550f:25af::3c1:1b - - [19/Oct/2025:11:35:36 -0400] "GET /wp-content/uploads/whos-your-daddy-animated.gif HTTP/1.1" 304 - "https://sexpositions.online/category/position/page/5/" "Mozilla/5.0 (iPhone; CPU iPhone OS 18_1_1 like Mac OS X) AppleWebKit/605.1.15 (KHTML, like Gecko) Version/18.1.1 Mobile/15E148 Safari/604.1"
2a09:bac3:550f:25af::3c1:1b - - [19/Oct/2025:11:35:44 -0400] "GET /wp-content/uploads/windmill-animated.gif HTTP/1.1" 304 - "https://sexpositions.online/category/position/page/5/" "Mozilla/5.0 (iPhone; CPU iPhone OS 18_1_1 like Mac OS X) AppleWebKit/605.1.15 (KHTML, like Gecko) Version/18.1.1 Mobile/15E148 Safari/604.1"
2a09:bac3:550f:25af::3c1:1b - - [19/Oct/2025:11:35:49 -0400] "GET /wp-content/uploads/yawning-animated.gif HTTP/1.1" 304 - "https://sexpositions.online/category/position/page/5/" "Mozilla/5.0 (iPhone; CPU iPhone OS 18_1_1 like Mac OS X) AppleWebKit/605.1.15 (KHTML, like Gecko) Version/18.1.1 Mobile/15E148 Safari/604.1"
2a09:bac3:550f:25af::3c1:1b - - [19/Oct/2025:11:35:59 -0400] "GET /category/position/page/6/ HTTP/1.1" 200 116403 "https://sexpositions.online/category/position/page/5/" "Mozilla/5.0 (iPhone; CPU iPhone OS 18_1_1 like Mac OS X) AppleWebKit/605.1.15 (KHTML, like Gecko) Version/18.1.1 Mobile/15E148 Safari/604.1"
2a09:bac3:550f:25af::3c1:1b - - [19/Oct/2025:11:36:00 -0400] "GET /wp-content/uploads/starting-blocks-animated.gif HTTP/1.1" 304 - "https://sexpositions.online/category/position/page/6/" "Mozilla/5.0 (iPhone; CPU iPhone OS 18_1_1 like Mac OS X) AppleWebKit/605.1.15 (KHTML, like Gecko) Version/18.1.1 Mobile/15E148 Safari/604.1"
2a09:bac3:550f:25af::3c1:1b - - [19/Oct/2025:11:36:00 -0400] "GET /wp-content/uploads/stretch-it-out-animated.gif HTTP/1.1" 304 - "https://sexpositions.online/category/position/page/6/" "Mozilla/5.0 (iPhone; CPU iPhone OS 18_1_1 like Mac OS X) AppleWebKit/605.1.15 (KHTML, like Gecko) Version/18.1.1 Mobile/15E148 Safari/604.1"
2a09:bac3:550f:25af::3c1:1b - - [19/Oct/2025:11:36:03 -0400] "GET /wp-content/uploads/sun-salutation-animated.gif HTTP/1.1" 304 - "https://sexpositions.online/category/position/page/6/" "Mozilla/5.0 (iPhone; CPU iPhone OS 18_1_1 like Mac OS X) AppleWebKit/605.1.15 (KHTML, like Gecko) Version/18.1.1 Mobile/15E148 Safari/604.1"
2a09:bac3:550f:25af::3c1:1b - - [19/Oct/2025:11:36:05 -0400] "GET /wp-content/uploads/surprise-party-animated.gif HTTP/1.1" 304 - "https://sexpositions.online/category/position/page/6/" "Mozilla/5.0 (iPhone; CPU iPhone OS 18_1_1 like Mac OS X) AppleWebKit/605.1.15 (KHTML, like Gecko) Version/18.1.1 Mobile/15E148 Safari/604.1"
2a09:bac3:550f:25af::3c1:1b - - [19/Oct/2025:11:36:07 -0400] "GET /wp-content/uploads/takeoff-animated.gif HTTP/1.1" 200 266085 "https://sexpositions.online/category/position/page/6/" "Mozilla/5.0 (iPhone; CPU iPhone OS 18_1_1 like Mac OS X) AppleWebKit/605.1.15 (KHTML, like Gecko) Version/18.1.1 Mobile/15E148 Safari/604.1"
2a09:bac3:550f:25af::3c1:1b - - [19/Oct/2025:11:36:08 -0400] "GET /wp-content/uploads/wall-animated.gif HTTP/1.1" 304 - "https://sexpositions.online/category/position/page/6/" "Mozilla/5.0 (iPhone; CPU iPhone OS 18_1_1 like Mac OS X) AppleWebKit/605.1.15 (KHTML, like Gecko) Version/18.1.1 Mobile/15E148 Safari/604.1"
20.71.12.143 - - [19/Oct/2025:11:36:09 -0400] "GET /wp-content/uploads/reverse-jockey-animated.gif HTTP/1.1" 304 - "-" "DuckDuckBot/1.1; (+http://duckduckgo.com/duckduckbot.html)"
2a09:bac3:550f:25af::3c1:1b - - [19/Oct/2025:11:36:11 -0400] "GET /wp-content/uploads/tango-animated.gif HTTP/1.1" 304 - "https://sexpositions.online/category/position/page/6/" "Mozilla/5.0 (iPhone; CPU iPhone OS 18_1_1 like Mac OS X) AppleWebKit/605.1.15 (KHTML, like Gecko) Version/18.1.1 Mobile/15E148 Safari/604.1"
2a09:bac3:550f:25af::3c1:1b - - [19/Oct/2025:11:36:16 -0400] "GET /wp-content/uploads/tantalizing-tee-off-animated.gif HTTP/1.1" 304 - "https://sexpositions.online/category/position/page/6/" "Mozilla/5.0 (iPhone; CPU iPhone OS 18_1_1 like Mac OS X) AppleWebKit/605.1.15 (KHTML, like Gecko) Version/18.1.1 Mobile/15E148 Safari/604.1"
2400:1a00:bde0:aa9f:f8bc:1cd4:2b6e:bbe2 - - [19/Oct/2025:11:36:18 -0400] "GET /wp-content/uploads/cat-animated.gif HTTP/1.1" 200 207295 "https://www.google.com/" "Mozilla/5.0 (Linux; Android 10; K) AppleWebKit/537.36 (KHTML, like Gecko) Chrome/141.0.0.0 Mobile Safari/537.36"
2a09:bac3:550f:25af::3c1:1b - - [19/Oct/2025:11:36:18 -0400] "GET /wp-content/uploads/tantric-cuddle-animated.gif HTTP/1.1" 304 - "https://sexpositions.online/category/position/page/6/" "Mozilla/5.0 (iPhone; CPU iPhone OS 18_1_1 like Mac OS X) AppleWebKit/605.1.15 (KHTML, like Gecko) Version/18.1.1 Mobile/15E148 Safari/604.1"
2400:1a00:bde0:aa9f:f8bc:1cd4:2b6e:bbe2 - - [19/Oct/2025:11:36:18 -0400] "GET /cat/ HTTP/1.1" 200 98143 "https://www.google.com/" "Mozilla/5.0 (Linux; Android 10; K) AppleWebKit/537.36 (KHTML, like Gecko) Chrome/141.0.0.0 Mobile Safari/537.36"
2400:1a00:bde0:aa9f:f8bc:1cd4:2b6e:bbe2 - - [19/Oct/2025:11:36:23 -0400] "GET /the-rocker/ HTTP/1.1" 200 98035 "https://sexpositions.online/cat/" "Mozilla/5.0 (Linux; Android 10; K) AppleWebKit/537.36 (KHTML, like Gecko) Chrome/141.0.0.0 Mobile Safari/537.36"
2a09:bac3:550f:25af::3c1:1b - - [19/Oct/2025:11:36:26 -0400] "GET /category/position/page/7/ HTTP/1.1" 200 116378 "https://sexpositions.online/category/position/page/6/" "Mozilla/5.0 (iPhone; CPU iPhone OS 18_1_1 like Mac OS X) AppleWebKit/605.1.15 (KHTML, like Gecko) Version/18.1.1 Mobile/15E148 Safari/604.1"
2a09:bac3:550f:25af::3c1:1b - - [19/Oct/2025:11:36:26 -0400] "GET /wp-content/uploads/tetherball-animated.gif HTTP/1.1" 304 - "https://sexpositions.online/category/position/page/7/" "Mozilla/5.0 (iPhone; CPU iPhone OS 18_1_1 like Mac OS X) AppleWebKit/605.1.15 (KHTML, like Gecko) Version/18.1.1 Mobile/15E148 Safari/604.1"
2a09:bac3:550f:25af::3c1:1b - - [19/Oct/2025:11:36:26 -0400] "GET /wp-content/uploads/flatiron-animated.gif HTTP/1.1" 304 - "https://sexpositions.online/category/position/page/7/" "Mozilla/5.0 (iPhone; CPU iPhone OS 18_1_1 like Mac OS X) AppleWebKit/605.1.15 (KHTML, like Gecko) Version/18.1.1 Mobile/15E148 Safari/604.1"
143.59.217.29 - - [19/Oct/2025:11:36:36 -0400] "GET /reverse-69-back/ HTTP/1.1" 200 97924 "https://sexpositions.online/oral/69-ing/" "Mozilla/5.0 (iPhone; CPU iPhone OS 18_6_2 like Mac OS X) AppleWebKit/605.1.15 (KHTML, like Gecko) Version/18.6 Mobile/15E148 Safari/604.1"
2a09:bac3:550f:25af::3c1:1b - - [19/Oct/2025:11:36:37 -0400] "GET /wp-content/uploads/the-bicyclist-animated.gif HTTP/1.1" 200 211980 "https://sexpositions.online/category/position/page/7/" "Mozilla/5.0 (iPhone; CPU iPhone OS 18_1_1 like Mac OS X) AppleWebKit/605.1.15 (KHTML, like Gecko) Version/18.1.1 Mobile/15E148 Safari/604.1"
2402:800:7ae1:8deb:91fd:f6e7:b99a:a7cf - - [19/Oct/2025:11:36:37 -0400] "GET / HTTP/1.1" 200 125069 "https://sexpositions.online/" "Mozilla/5.0 (iPhone; CPU iPhone OS 18_5 like Mac OS X) AppleWebKit/605.1.15 (KHTML, like Gecko) Version/18.5 Mobile/15E148 Safari/604.1"
2a09:bac3:550f:25af::3c1:1b - - [19/Oct/2025:11:36:45 -0400] "GET /wp-content/uploads/the-bodyguard-animated.gif HTTP/1.1" 304 - "https://sexpositions.online/category/position/page/7/" "Mozilla/5.0 (iPhone; CPU iPhone OS 18_1_1 like Mac OS X) AppleWebKit/605.1.15 (KHTML, like Gecko) Version/18.1.1 Mobile/15E148 Safari/604.1"
2400:1a00:bde0:aa9f:f8bc:1cd4:2b6e:bbe2 - - [19/Oct/2025:11:36:47 -0400] "GET /wp-content/uploads/the-wave-animated.gif HTTP/1.1" 304 - "https://www.google.com/" "Mozilla/5.0 (Linux; Android 10; K) AppleWebKit/537.36 (KHTML, like Gecko) Chrome/141.0.0.0 Mobile Safari/537.36"
2400:1a00:bde0:aa9f:f8bc:1cd4:2b6e:bbe2 - - [19/Oct/2025:11:36:47 -0400] "GET /the-wave/ HTTP/1.1" 200 98104 "https://www.google.com/" "Mozilla/5.0 (Linux; Android 10; K) AppleWebKit/537.36 (KHTML, like Gecko) Chrome/141.0.0.0 Mobile Safari/537.36"
2a09:bac3:550f:25af::3c1:1b - - [19/Oct/2025:11:36:49 -0400] "GET /wp-content/uploads/the-bump-and-grind-animated.gif HTTP/1.1" 304 - "https://sexpositions.online/category/position/page/7/" "Mozilla/5.0 (iPhone; CPU iPhone OS 18_1_1 like Mac OS X) AppleWebKit/605.1.15 (KHTML, like Gecko) Version/18.1.1 Mobile/15E148 Safari/604.1"
2400:1a00:bde0:aa9f:f8bc:1cd4:2b6e:bbe2 - - [19/Oct/2025:11:36:52 -0400] "GET /buckin-bronco/ HTTP/1.1" 200 98066 "https://sexpositions.online/the-wave/" "Mozilla/5.0 (Linux; Android 10; K) AppleWebKit/537.36 (KHTML, like Gecko) Chrome/141.0.0.0 Mobile Safari/537.36"
2a09:bac3:550f:25af::3c1:1b - - [19/Oct/2025:11:36:54 -0400] "GET /wp-content/uploads/the-carnal-chaise-animated.gif HTTP/1.1" 304 - "https://sexpositions.online/category/position/page/7/" "Mozilla/5.0 (iPhone; CPU iPhone OS 18_1_1 like Mac OS X) AppleWebKit/605.1.15 (KHTML, like Gecko) Version/18.1.1 Mobile/15E148 Safari/604.1"
152.56.181.21 - - [19/Oct/2025:11:37:04 -0400] "GET /wp-content/uploads/captain-animated.gif HTTP/1.1" 304 - "https://www.google.com/" "Mozilla/5.0 (iPhone; CPU iPhone OS 18_7 like Mac OS X) AppleWebKit/605.1.15 (KHTML, like Gecko) GSA/360.1.737798518 Mobile/22H20 Safari/604.1"
2402:8100:2b03:4f0a:441b:d0b1:d2f4:9d7e - - [19/Oct/2025:11:37:11 -0400] "GET /wp-content/uploads/spooning-animated.gif HTTP/1.1" 304 - "https://sexpositions.online/" "Mozilla/5.0 (iPhone; CPU iPhone OS 18_6_2 like Mac OS X) AppleWebKit/605.1.15 (KHTML, like Gecko) Version/18.6 Mobile/15E148 Safari/604.1"
2400:1a00:bde0:aa9f:f8bc:1cd4:2b6e:bbe2 - - [19/Oct/2025:11:37:12 -0400] "GET /wp-content/uploads/stand-and-carry-animated.gif HTTP/1.1" 200 155522 "https://www.google.com/" "Mozilla/5.0 (Linux; Android 10; K) AppleWebKit/537.36 (KHTML, like Gecko) Chrome/141.0.0.0 Mobile Safari/537.36"
2400:1a00:bde0:aa9f:f8bc:1cd4:2b6e:bbe2 - - [19/Oct/2025:11:37:13 -0400] "GET /stand-and-carry/ HTTP/1.1" 200 98071 "https://www.google.com/" "Mozilla/5.0 (Linux; Android 10; K) AppleWebKit/537.36 (KHTML, like Gecko) Chrome/141.0.0.0 Mobile Safari/537.36"
2a06:98c0:3600::103 - - [19/Oct/2025:11:37:16 -0400] "GET /wp-content/uploads/helicopter-animated.gif HTTP/1.1" 304 - "-" "Mozilla/5.0 (Windows NT 10.0; Win64; x64; rv:109.0) Gecko/20100101 Firefox/115.0"
2400:1a00:bde0:aa9f:f8bc:1cd4:2b6e:bbe2 - - [19/Oct/2025:11:37:17 -0400] "GET /crouching-tiger/ HTTP/1.1" 200 98093 "https://sexpositions.online/stand-and-carry/" "Mozilla/5.0 (Linux; Android 10; K) AppleWebKit/537.36 (KHTML, like Gecko) Chrome/141.0.0.0 Mobile Safari/537.36"
74.14.208.5 - - [19/Oct/2025:11:37:27 -0400] "GET /wp-content/uploads/the-rocker-animated.gif HTTP/1.1" 304 - "https://www.google.com/" "Mozilla/5.0 (iPhone; CPU iPhone OS 18_5_0 like Mac OS X) AppleWebKit/605.1.15 (KHTML, like Gecko) CriOS/141.0.7390.96 Mobile/15E148 Safari/604.1"
74.14.208.5 - - [19/Oct/2025:11:37:30 -0400] "GET /oral/cunnilingus/ HTTP/1.1" 200 104753 "https://www.google.com/" "Mozilla/5.0 (iPhone; CPU iPhone OS 18_5_0 like Mac OS X) AppleWebKit/605.1.15 (KHTML, like Gecko) CriOS/141.0.7390.96 Mobile/15E148 Safari/604.1"
74.14.208.5 - - [19/Oct/2025:11:37:32 -0400] "GET /wp-content/uploads/hula-girl-animated.gif HTTP/1.1" 304 - "https://sexpositions.online/oral/cunnilingus/" "Mozilla/5.0 (iPhone; CPU iPhone OS 18_5_0 like Mac OS X) AppleWebKit/605.1.15 (KHTML, like Gecko) CriOS/141.0.7390.96 Mobile/15E148 Safari/604.1"
74.14.208.5 - - [19/Oct/2025:11:37:32 -0400] "GET /wp-content/uploads/back-bend-animated.gif HTTP/1.1" 304 - "https://sexpositions.online/oral/cunnilingus/" "Mozilla/5.0 (iPhone; CPU iPhone OS 18_5_0 like Mac OS X) AppleWebKit/605.1.15 (KHTML, like Gecko) CriOS/141.0.7390.96 Mobile/15E148 Safari/604.1"
74.14.208.5 - - [19/Oct/2025:11:37:35 -0400] "GET /wp-content/uploads/the-tumbler-animated.gif HTTP/1.1" 304 - "https://sexpositions.online/oral/cunnilingus/" "Mozilla/5.0 (iPhone; CPU iPhone OS 18_5_0 like Mac OS X) AppleWebKit/605.1.15 (KHTML, like Gecko) CriOS/141.0.7390.96 Mobile/15E148 Safari/604.1"
74.14.208.5 - - [19/Oct/2025:11:37:39 -0400] "GET /wp-content/uploads/the-headlock-animated.gif HTTP/1.1" 304 - "https://sexpositions.online/oral/cunnilingus/" "Mozilla/5.0 (iPhone; CPU iPhone OS 18_5_0 like Mac OS X) AppleWebKit/605.1.15 (KHTML, like Gecko) CriOS/141.0.7390.96 Mobile/15E148 Safari/604.1"
74.14.208.5 - - [19/Oct/2025:11:37:40 -0400] "GET /wp-content/uploads/the-pin-up-animated.gif HTTP/1.1" 304 - "https://sexpositions.online/oral/cunnilingus/" "Mozilla/5.0 (iPhone; CPU iPhone OS 18_5_0 like Mac OS X) AppleWebKit/605.1.15 (KHTML, like Gecko) CriOS/141.0.7390.96 Mobile/15E148 Safari/604.1"
74.14.208.5 - - [19/Oct/2025:11:37:41 -0400] "GET /wp-content/uploads/dirty-doggy-animated.gif HTTP/1.1" 304 - "https://sexpositions.online/oral/cunnilingus/" "Mozilla/5.0 (iPhone; CPU iPhone OS 18_5_0 like Mac OS X) AppleWebKit/605.1.15 (KHTML, like Gecko) CriOS/141.0.7390.96 Mobile/15E148 Safari/604.1"
74.14.208.5 - - [19/Oct/2025:11:37:43 -0400] "GET /wp-content/uploads/the-flat-back-animated.gif HTTP/1.1" 304 - "https://sexpositions.online/oral/cunnilingus/" "Mozilla/5.0 (iPhone; CPU iPhone OS 18_5_0 like Mac OS X) AppleWebKit/605.1.15 (KHTML, like Gecko) CriOS/141.0.7390.96 Mobile/15E148 Safari/604.1"
74.14.208.5 - - [19/Oct/2025:11:37:45 -0400] "GET /wp-content/uploads/the-buffet-animated.gif HTTP/1.1" 304 - "https://sexpositions.online/oral/cunnilingus/" "Mozilla/5.0 (iPhone; CPU iPhone OS 18_5_0 like Mac OS X) AppleWebKit/605.1.15 (KHTML, like Gecko) CriOS/141.0.7390.96 Mobile/15E148 Safari/604.1"
2a04:4e41:33fc:84d5::ecfc:84d5 - - [19/Oct/2025:11:37:47 -0400] "GET /wp-content/uploads/cowgirl-animated.gif HTTP/1.1" 304 - "https://www.google.com/" "Mozilla/5.0 (iPhone; CPU iPhone OS 18_6_2 like Mac OS X) AppleWebKit/605.1.15 (KHTML, like Gecko) Version/18.6 Mobile/15E148 Safari/604.1"
74.14.208.5 - - [19/Oct/2025:11:37:47 -0400] "GET /wp-content/uploads/kissing-the-pink-animated.gif HTTP/1.1" 304 - "https://sexpositions.online/oral/cunnilingus/" "Mozilla/5.0 (iPhone; CPU iPhone OS 18_5_0 like Mac OS X) AppleWebKit/605.1.15 (KHTML, like Gecko) CriOS/141.0.7390.96 Mobile/15E148 Safari/604.1"
74.14.208.5 - - [19/Oct/2025:11:37:49 -0400] "GET /wp-content/uploads/head-rush-animated.gif HTTP/1.1" 304 - "https://sexpositions.online/oral/cunnilingus/" "Mozilla/5.0 (iPhone; CPU iPhone OS 18_5_0 like Mac OS X) AppleWebKit/605.1.15 (KHTML, like Gecko) CriOS/141.0.7390.96 Mobile/15E148 Safari/604.1"
2402:800:7ae1:8deb:91fd:f6e7:b99a:a7cf - - [19/Oct/2025:11:37:58 -0400] "GET /from-behind/ HTTP/1.1" 200 102707 "https://sexpositions.online/" "Mozilla/5.0 (iPhone; CPU iPhone OS 18_5 like Mac OS X) AppleWebKit/605.1.15 (KHTML, like Gecko) Version/18.5 Mobile/15E148 Safari/604.1"
74.14.208.5 - - [19/Oct/2025:11:37:59 -0400] "GET / HTTP/1.1" 200 125069 "https://sexpositions.online/oral/cunnilingus/" "Mozilla/5.0 (iPhone; CPU iPhone OS 18_5_0 like Mac OS X) AppleWebKit/605.1.15 (KHTML, like Gecko) CriOS/141.0.7390.96 Mobile/15E148 Safari/604.1"
2402:800:7ae1:8deb:91fd:f6e7:b99a:a7cf - - [19/Oct/2025:11:38:00 -0400] "GET /wp-content/uploads/sleeping-beauty-animated.gif HTTP/1.1" 304 - "https://sexpositions.online/from-behind/" "Mozilla/5.0 (iPhone; CPU iPhone OS 18_5 like Mac OS X) AppleWebKit/605.1.15 (KHTML, like Gecko) Version/18.5 Mobile/15E148 Safari/604.1"
74.14.208.5 - - [19/Oct/2025:11:38:01 -0400] "GET /wp-content/uploads/banner.jpg HTTP/1.1" 304 - "https://sexpositions.online/" "Mozilla/5.0 (iPhone; CPU iPhone OS 18_5_0 like Mac OS X) AppleWebKit/605.1.15 (KHTML, like Gecko) CriOS/141.0.7390.96 Mobile/15E148 Safari/604.1"
2402:800:7ae1:8deb:91fd:f6e7:b99a:a7cf - - [19/Oct/2025:11:38:03 -0400] "GET /wp-content/uploads/body-booster-animated.gif HTTP/1.1" 304 - "https://sexpositions.online/from-behind/" "Mozilla/5.0 (iPhone; CPU iPhone OS 18_5 like Mac OS X) AppleWebKit/605.1.15 (KHTML, like Gecko) Version/18.5 Mobile/15E148 Safari/604.1"
74.14.208.5 - - [19/Oct/2025:11:38:05 -0400] "GET /wp-content/uploads/amazon-animated.gif HTTP/1.1" 304 - "https://sexpositions.online/" "Mozilla/5.0 (iPhone; CPU iPhone OS 18_5_0 like Mac OS X) AppleWebKit/605.1.15 (KHTML, like Gecko) CriOS/141.0.7390.96 Mobile/15E148 Safari/604.1"
74.14.208.5 - - [19/Oct/2025:11:38:09 -0400] "GET /wp-content/uploads/lotus-animated.gif HTTP/1.1" 304 - "https://sexpositions.online/" "Mozilla/5.0 (iPhone; CPU iPhone OS 18_5_0 like Mac OS X) AppleWebKit/605.1.15 (KHTML, like Gecko) CriOS/141.0.7390.96 Mobile/15E148 Safari/604.1"
2a09:bac3:550b:2723::3e6:34 - - [19/Oct/2025:11:38:10 -0400] "GET /table-top/ HTTP/1.1" 200 98166 "-" "Mozilla/5.0 (iPhone; CPU iPhone OS 18_1_1 like Mac OS X) AppleWebKit/605.1.15 (KHTML, like Gecko) Version/18.1.1 Mobile/15E148 Safari/604.1"
2402:800:7ae1:8deb:91fd:f6e7:b99a:a7cf - - [19/Oct/2025:11:38:10 -0400] "GET /spooning/ HTTP/1.1" 200 100748 "https://sexpositions.online/from-behind/" "Mozilla/5.0 (iPhone; CPU iPhone OS 18_5 like Mac OS X) AppleWebKit/605.1.15 (KHTML, like Gecko) Version/18.5 Mobile/15E148 Safari/604.1"
2402:800:7ae1:8deb:91fd:f6e7:b99a:a7cf - - [19/Oct/2025:11:38:11 -0400] "GET /wp-content/uploads/crossed-spoons-animated.gif HTTP/1.1" 200 203751 "https://sexpositions.online/spooning/" "Mozilla/5.0 (iPhone; CPU iPhone OS 18_5 like Mac OS X) AppleWebKit/605.1.15 (KHTML, like Gecko) Version/18.5 Mobile/15E148 Safari/604.1"
2402:800:7ae1:8deb:91fd:f6e7:b99a:a7cf - - [19/Oct/2025:11:38:11 -0400] "GET /wp-content/uploads/sideways-animated.gif HTTP/1.1" 304 - "https://sexpositions.online/spooning/" "Mozilla/5.0 (iPhone; CPU iPhone OS 18_5 like Mac OS X) AppleWebKit/605.1.15 (KHTML, like Gecko) Version/18.5 Mobile/15E148 Safari/604.1"
74.14.208.5 - - [19/Oct/2025:11:38:12 -0400] "GET /wp-content/uploads/doggy-style-animated.gif HTTP/1.1" 304 - "https://sexpositions.online/" "Mozilla/5.0 (iPhone; CPU iPhone OS 18_5_0 like Mac OS X) AppleWebKit/605.1.15 (KHTML, like Gecko) CriOS/141.0.7390.96 Mobile/15E148 Safari/604.1"
2402:800:7ae1:8deb:91fd:f6e7:b99a:a7cf - - [19/Oct/2025:11:38:13 -0400] "GET /wp-content/uploads/bent-spoon-animated-1.gif HTTP/1.1" 304 - "https://sexpositions.online/spooning/" "Mozilla/5.0 (iPhone; CPU iPhone OS 18_5 like Mac OS X) AppleWebKit/605.1.15 (KHTML, like Gecko) Version/18.5 Mobile/15E148 Safari/604.1"
66.116.199.115 - - [19/Oct/2025:11:38:14 -0400] "POST /wp-cron.php?doing_wp_cron=1760888294.1237668991088867187500 HTTP/1.1" 200 - "-" "WordPress/6.8.3; https://sexpositions.online"
2402:8100:2b03:4f0a:441b:d0b1:d2f4:9d7e - - [19/Oct/2025:11:38:13 -0400] "GET / HTTP/1.1" 200 125069 "-" "Mozilla/5.0 (iPhone; CPU iPhone OS 18_6_2 like Mac OS X) AppleWebKit/605.1.15 (KHTML, like Gecko) Version/18.6 Mobile/15E148 Safari/604.1"
2402:8100:2b03:4f0a:441b:d0b1:d2f4:9d7e - - [19/Oct/2025:11:38:16 -0400] "GET / HTTP/1.1" 200 125069 "-" "Mozilla/5.0 (iPhone; CPU iPhone OS 18_6_2 like Mac OS X) AppleWebKit/605.1.15 (KHTML, like Gecko) Version/18.6 Mobile/15E148 Safari/604.1"
74.14.208.5 - - [19/Oct/2025:11:38:16 -0400] "GET /wp-content/uploads/piledriver-animated.gif HTTP/1.1" 304 - "https://sexpositions.online/" "Mozilla/5.0 (iPhone; CPU iPhone OS 18_5_0 like Mac OS X) AppleWebKit/605.1.15 (KHTML, like Gecko) CriOS/141.0.7390.96 Mobile/15E148 Safari/604.1"
74.14.208.5 - - [19/Oct/2025:11:38:22 -0400] "GET /wp-content/uploads/butterfly-animated.gif HTTP/1.1" 304 - "https://sexpositions.online/" "Mozilla/5.0 (iPhone; CPU iPhone OS 18_5_0 like Mac OS X) AppleWebKit/605.1.15 (KHTML, like Gecko) CriOS/141.0.7390.96 Mobile/15E148 Safari/604.1"
74.14.208.5 - - [19/Oct/2025:11:38:24 -0400] "GET /wp-content/uploads/speed-bump-animated.gif HTTP/1.1" 304 - "https://sexpositions.online/" "Mozilla/5.0 (iPhone; CPU iPhone OS 18_5_0 like Mac OS X) AppleWebKit/605.1.15 (KHTML, like Gecko) CriOS/141.0.7390.96 Mobile/15E148 Safari/604.1"
2409:40e3:31d2:186a:8000:: - - [19/Oct/2025:11:38:27 -0400] "GET / HTTP/1.1" 200 125069 "https://www.google.com/" "Mozilla/5.0 (Linux; Android 10; K) AppleWebKit/537.36 (KHTML, like Gecko) Chrome/141.0.0.0 Mobile Safari/537.36"
185.191.171.19 - - [19/Oct/2025:11:38:39 -0400] "GET /page/25/?action=repository_opensearch&count=20&index_id=365&order=17&pn=1 HTTP/1.1" 200 116151 "-" "Mozilla/5.0 (compatible; SemrushBot/7~bl; +http://www.semrush.com/bot.html)"
78.3.222.77 - - [19/Oct/2025:11:38:42 -0400] "GET /wp-content/uploads/highway-to-heaven-animated.gif HTTP/1.1" 304 - "https://www.google.com/" "Mozilla/5.0 (Linux; Android 14; SM-F946B Build/UP1A.231005.007; wv) AppleWebKit/537.36 (KHTML, like Gecko) Version/4.0 Chrome/141.0.7390.97 Mobile Safari/537.36 GoogleApp/16.41.36.ve.arm64"
151.57.18.184 - - [19/Oct/2025:11:38:43 -0400] "GET /wp-content/uploads/the-tumbler-animated.gif HTTP/1.1" 304 - "https://www.google.com/" "Mozilla/5.0 (Linux; Android 10; M2003J15SC Build/QP1A.190711.020; wv) AppleWebKit/537.36 (KHTML, like Gecko) Version/4.0 Chrome/140.0.7339.207 Mobile Safari/537.36 GSA/12.22.8.23.arm64"
2402:800:7ae1:8deb:91fd:f6e7:b99a:a7cf - - [19/Oct/2025:11:38:44 -0400] "GET /ceo/ HTTP/1.1" 200 98219 "https://sexpositions.online/from-behind/" "Mozilla/5.0 (iPhone; CPU iPhone OS 18_5 like Mac OS X) AppleWebKit/605.1.15 (KHTML, like Gecko) Version/18.5 Mobile/15E148 Safari/604.1"
74.14.208.5 - - [19/Oct/2025:11:38:46 -0400] "GET /oral/cunnilingus/ HTTP/1.1" 200 104753 "https://www.google.com/" "Mozilla/5.0 (iPhone; CPU iPhone OS 18_5_0 like Mac OS X) AppleWebKit/605.1.15 (KHTML, like Gecko) CriOS/141.0.7390.96 Mobile/15E148 Safari/604.1"
2402:800:7ae1:8deb:91fd:f6e7:b99a:a7cf - - [19/Oct/2025:11:38:57 -0400] "GET /wp-content/uploads/ladies-choice-animated.gif HTTP/1.1" 304 - "https://sexpositions.online/from-behind/" "Mozilla/5.0 (iPhone; CPU iPhone OS 18_5 like Mac OS X) AppleWebKit/605.1.15 (KHTML, like Gecko) Version/18.5 Mobile/15E148 Safari/604.1"
74.14.208.5 - - [19/Oct/2025:11:38:58 -0400] "GET /oral/ HTTP/1.1" 200 105341 "https://sexpositions.online/oral/cunnilingus/" "Mozilla/5.0 (iPhone; CPU iPhone OS 18_5_0 like Mac OS X) AppleWebKit/605.1.15 (KHTML, like Gecko) CriOS/141.0.7390.96 Mobile/15E148 Safari/604.1"
2402:800:7ae1:8deb:91fd:f6e7:b99a:a7cf - - [19/Oct/2025:11:38:59 -0400] "GET /sleeping-beauty/ HTTP/1.1" 200 98078 "https://sexpositions.online/from-behind/" "Mozilla/5.0 (iPhone; CPU iPhone OS 18_5 like Mac OS X) AppleWebKit/605.1.15 (KHTML, like Gecko) Version/18.5 Mobile/15E148 Safari/604.1"
74.14.208.5 - - [19/Oct/2025:11:39:00 -0400] "GET /wp-content/uploads/play-ball-animated.gif HTTP/1.1" 304 - "https://sexpositions.online/oral/" "Mozilla/5.0 (iPhone; CPU iPhone OS 18_5_0 like Mac OS X) AppleWebKit/605.1.15 (KHTML, like Gecko) CriOS/141.0.7390.96 Mobile/15E148 Safari/604.1"
74.14.208.5 - - [19/Oct/2025:11:39:00 -0400] "GET /wp-content/uploads/jackhammer-animated.gif HTTP/1.1" 304 - "https://sexpositions.online/oral/" "Mozilla/5.0 (iPhone; CPU iPhone OS 18_5_0 like Mac OS X) AppleWebKit/605.1.15 (KHTML, like Gecko) CriOS/141.0.7390.96 Mobile/15E148 Safari/604.1"
118.179.59.1 - - [19/Oct/2025:11:34:05 -0400] "GET /wp-content/uploads/captain-animated.gif HTTP/1.1" 200 219766 "https://www.google.com/" "Mozilla/5.0 (iPhone; CPU iPhone OS 18_6_1 like Mac OS X) AppleWebKit/605.1.15 (KHTML, like Gecko) CriOS/141.0.7390.96 Mobile/15E148 Safari/604.1"
74.14.208.5 - - [19/Oct/2025:11:39:06 -0400] "GET /wp-content/uploads/reverse-69-animated.gif HTTP/1.1" 304 - "https://sexpositions.online/oral/" "Mozilla/5.0 (iPhone; CPU iPhone OS 18_5_0 like Mac OS X) AppleWebKit/605.1.15 (KHTML, like Gecko) CriOS/141.0.7390.96 Mobile/15E148 Safari/604.1"
74.14.208.5 - - [19/Oct/2025:11:39:06 -0400] "GET /wp-content/uploads/the-tipster-animated.gif HTTP/1.1" 304 - "https://sexpositions.online/oral/" "Mozilla/5.0 (iPhone; CPU iPhone OS 18_5_0 like Mac OS X) AppleWebKit/605.1.15 (KHTML, like Gecko) CriOS/141.0.7390.96 Mobile/15E148 Safari/604.1"
74.14.208.5 - - [19/Oct/2025:11:39:10 -0400] "GET /wp-content/uploads/drivers-seat-animated.gif HTTP/1.1" 304 - "https://sexpositions.online/oral/" "Mozilla/5.0 (iPhone; CPU iPhone OS 18_5_0 like Mac OS X) AppleWebKit/605.1.15 (KHTML, like Gecko) CriOS/141.0.7390.96 Mobile/15E148 Safari/604.1"
2402:800:7ae1:8deb:91fd:f6e7:b99a:a7cf - - [19/Oct/2025:11:39:11 -0400] "GET /wp-content/uploads/desk-set-animated.gif HTTP/1.1" 304 - "https://sexpositions.online/from-behind/" "Mozilla/5.0 (iPhone; CPU iPhone OS 18_5 like Mac OS X) AppleWebKit/605.1.15 (KHTML, like Gecko) Version/18.5 Mobile/15E148 Safari/604.1"
103.96.91.17 - - [19/Oct/2025:11:34:12 -0400] "GET /wp-content/uploads/hula-girl-animated.gif HTTP/1.1" 200 178224 "https://www.google.com/" "Mozilla/5.0 (iPhone; CPU iPhone OS 14_3 like Mac OS X) AppleWebKit/605.1.15 (KHTML, like Gecko) Version/14.0.2 Mobile/15E148 Safari/604.1"
2402:800:7ae1:8deb:91fd:f6e7:b99a:a7cf - - [19/Oct/2025:11:39:12 -0400] "GET /ladies-choice/ HTTP/1.1" 200 98213 "https://sexpositions.online/from-behind/" "Mozilla/5.0 (iPhone; CPU iPhone OS 18_5 like Mac OS X) AppleWebKit/605.1.15 (KHTML, like Gecko) Version/18.5 Mobile/15E148 Safari/604.1"
74.14.208.5 - - [19/Oct/2025:11:39:14 -0400] "GET /wp-content/uploads/worlds-strongest-animated.gif HTTP/1.1" 304 - "https://sexpositions.online/oral/" "Mozilla/5.0 (iPhone; CPU iPhone OS 18_5_0 like Mac OS X) AppleWebKit/605.1.15 (KHTML, like Gecko) CriOS/141.0.7390.96 Mobile/15E148 Safari/604.1"
2402:800:7ae1:8deb:91fd:f6e7:b99a:a7cf - - [19/Oct/2025:11:39:17 -0400] "GET /wp-content/uploads/from-ball-to-wall-animated.gif HTTP/1.1" 304 - "https://sexpositions.online/from-behind/" "Mozilla/5.0 (iPhone; CPU iPhone OS 18_5 like Mac OS X) AppleWebKit/605.1.15 (KHTML, like Gecko) Version/18.5 Mobile/15E148 Safari/604.1"
74.14.208.5 - - [19/Oct/2025:11:39:18 -0400] "GET /wp-content/uploads/sword-swallower-animated.gif HTTP/1.1" 304 - "https://sexpositions.online/oral/" "Mozilla/5.0 (iPhone; CPU iPhone OS 18_5_0 like Mac OS X) AppleWebKit/605.1.15 (KHTML, like Gecko) CriOS/141.0.7390.96 Mobile/15E148 Safari/604.1"
2405:4802:a174:f530:7142:8b52:d929:94ab - - [19/Oct/2025:11:39:34 -0400] "GET /wp-content/uploads/cropped-favicon-32x32.png HTTP/1.1" 304 - "-" "znetwork/8.6.0"
212.237.122.75 - - [19/Oct/2025:11:39:34 -0400] "GET /wp-content/themes/astra/assets/css/minified/main.min.css?ver=4.11.12 HTTP/1.1" 304 - "-" "Mozilla/5.0 (Linux; Android 10; K) AppleWebKit/537.36 (KHTML, like Gecko) Chrome/141.0.0.0 Mobile Safari/537.36"
212.237.122.75 - - [19/Oct/2025:11:39:34 -0400] "GET /wp-includes/css/dist/block-library/style.min.css?ver=6.8.3 HTTP/1.1" 304 - "-" "Mozilla/5.0 (Linux; Android 10; K) AppleWebKit/537.36 (KHTML, like Gecko) Chrome/141.0.0.0 Mobile Safari/537.36"
212.237.122.75 - - [19/Oct/2025:11:39:34 -0400] "GET /anal/ HTTP/1.1" 200 107938 "https://www.google.com/" "Mozilla/5.0 (Linux; Android 10; K) AppleWebKit/537.36 (KHTML, like Gecko) Chrome/141.0.0.0 Mobile Safari/537.36"
212.237.122.75 - - [19/Oct/2025:11:39:35 -0400] "GET /wp-content/uploads/piledriver-animated.gif HTTP/1.1" 304 - "https://sexpositions.online/anal/" "Mozilla/5.0 (Linux; Android 10; K) AppleWebKit/537.36 (KHTML, like Gecko) Chrome/141.0.0.0 Mobile Safari/537.36"
212.237.122.75 - - [19/Oct/2025:11:39:35 -0400] "GET /wp-content/uploads/butterfly-animated.gif HTTP/1.1" 304 - "https://sexpositions.online/anal/" "Mozilla/5.0 (Linux; Android 10; K) AppleWebKit/537.36 (KHTML, like Gecko) Chrome/141.0.0.0 Mobile Safari/537.36"
212.237.122.75 - - [19/Oct/2025:11:39:35 -0400] "GET /wp-content/uploads/speed-bump-animated.gif HTTP/1.1" 304 - "https://sexpositions.online/anal/" "Mozilla/5.0 (Linux; Android 10; K) AppleWebKit/537.36 (KHTML, like Gecko) Chrome/141.0.0.0 Mobile Safari/537.36"
212.237.122.75 - - [19/Oct/2025:11:39:35 -0400] "GET /wp-content/themes/astra/assets/js/minified/frontend.min.js?ver=4.11.12 HTTP/1.1" 304 - "https://sexpositions.online/anal/" "Mozilla/5.0 (Linux; Android 10; K) AppleWebKit/537.36 (KHTML, like Gecko) Chrome/141.0.0.0 Mobile Safari/537.36"
212.237.122.75 - - [19/Oct/2025:11:39:35 -0400] "GET /wp-includes/js/wp-emoji-release.min.js?ver=6.8.3 HTTP/1.1" 304 - "https://sexpositions.online/anal/" "Mozilla/5.0 (Linux; Android 10; K) AppleWebKit/537.36 (KHTML, like Gecko) Chrome/141.0.0.0 Mobile Safari/537.36"
212.237.122.75 - - [19/Oct/2025:11:39:36 -0400] "GET /wp-content/uploads/cropped-favicon-192x192.png HTTP/1.1" 304 - "https://sexpositions.online/anal/" "Mozilla/5.0 (Linux; Android 10; K) AppleWebKit/537.36 (KHTML, like Gecko) Chrome/141.0.0.0 Mobile Safari/537.36"
212.237.122.75 - - [19/Oct/2025:11:39:36 -0400] "GET /wp-content/uploads/cropped-favicon-180x180.png HTTP/1.1" 304 - "https://sexpositions.online/anal/" "Mozilla/5.0 (Linux; Android 10; K) AppleWebKit/537.36 (KHTML, like Gecko) Chrome/141.0.0.0 Mobile Safari/537.36"
212.237.122.75 - - [19/Oct/2025:11:39:37 -0400] "GET /wp-content/uploads/eiffel-tower-animated.gif HTTP/1.1" 304 - "https://sexpositions.online/anal/" "Mozilla/5.0 (Linux; Android 10; K) AppleWebKit/537.36 (KHTML, like Gecko) Chrome/141.0.0.0 Mobile Safari/537.36"
41.105.230.85 - - [19/Oct/2025:11:39:38 -0400] "GET /wp-content/uploads/missionary-animated.gif HTTP/1.1" 200 163597 "https://www.google.com/" "Mozilla/5.0 (Linux; Android 10; K) AppleWebKit/537.36 (KHTML, like Gecko) Chrome/141.0.0.0 Mobile Safari/537.36"
212.237.122.75 - - [19/Oct/2025:11:39:39 -0400] "GET /wp-content/uploads/cowboy-animated.gif HTTP/1.1" 304 - "https://sexpositions.online/anal/" "Mozilla/5.0 (Linux; Android 10; K) AppleWebKit/537.36 (KHTML, like Gecko) Chrome/141.0.0.0 Mobile Safari/537.36"
212.237.122.75 - - [19/Oct/2025:11:39:40 -0400] "GET /wp-content/uploads/sideways-animated.gif HTTP/1.1" 304 - "https://sexpositions.online/anal/" "Mozilla/5.0 (Linux; Android 10; K) AppleWebKit/537.36 (KHTML, like Gecko) Chrome/141.0.0.0 Mobile Safari/537.36"
2400:1a00:bde0:aa9f:f8bc:1cd4:2b6e:bbe2 - - [19/Oct/2025:11:39:41 -0400] "GET /wp-content/uploads/heaven-knows-animated.gif HTTP/1.1" 200 208637 "https://www.google.com/" "Mozilla/5.0 (Linux; Android 10; K) AppleWebKit/537.36 (KHTML, like Gecko) Chrome/141.0.0.0 Mobile Safari/537.36"
2400:1a00:bde0:aa9f:f8bc:1cd4:2b6e:bbe2 - - [19/Oct/2025:11:39:42 -0400] "GET /sitting/ HTTP/1.1" 200 106982 "https://www.google.com/" "Mozilla/5.0 (Linux; Android 10; K) AppleWebKit/537.36 (KHTML, like Gecko) Chrome/141.0.0.0 Mobile Safari/537.36"
212.237.122.75 - - [19/Oct/2025:11:39:42 -0400] "GET /wp-content/uploads/frog-animated.gif HTTP/1.1" 304 - "https://sexpositions.online/anal/" "Mozilla/5.0 (Linux; Android 10; K) AppleWebKit/537.36 (KHTML, like Gecko) Chrome/141.0.0.0 Mobile Safari/537.36"
2400:1a00:bde0:aa9f:f8bc:1cd4:2b6e:bbe2 - - [19/Oct/2025:11:39:42 -0400] "GET /wp-content/uploads/scissor-animated.gif HTTP/1.1" 200 228987 "https://sexpositions.online/sitting/" "Mozilla/5.0 (Linux; Android 10; K) AppleWebKit/537.36 (KHTML, like Gecko) Chrome/141.0.0.0 Mobile Safari/537.36"
2400:1a00:bde0:aa9f:f8bc:1cd4:2b6e:bbe2 - - [19/Oct/2025:11:39:42 -0400] "GET /wp-content/uploads/spider-animated-1.gif HTTP/1.1" 200 231955 "https://sexpositions.online/sitting/" "Mozilla/5.0 (Linux; Android 10; K) AppleWebKit/537.36 (KHTML, like Gecko) Chrome/141.0.0.0 Mobile Safari/537.36"
74.14.208.5 - - [19/Oct/2025:11:39:42 -0400] "GET /wp-content/uploads/evolved-dog-animated.gif HTTP/1.1" 304 - "https://sexpositions.online/oral/" "Mozilla/5.0 (iPhone; CPU iPhone OS 18_5_0 like Mac OS X) AppleWebKit/605.1.15 (KHTML, like Gecko) CriOS/141.0.7390.96 Mobile/15E148 Safari/604.1"
212.237.122.75 - - [19/Oct/2025:11:39:44 -0400] "GET /wp-content/uploads/the-crab-animated.gif HTTP/1.1" 304 - "https://sexpositions.online/anal/" "Mozilla/5.0 (Linux; Android 10; K) AppleWebKit/537.36 (KHTML, like Gecko) Chrome/141.0.0.0 Mobile Safari/537.36"
2400:1a00:bde0:aa9f:f8bc:1cd4:2b6e:bbe2 - - [19/Oct/2025:11:39:45 -0400] "GET /wp-content/uploads/face-to-face-animated.gif HTTP/1.1" 304 - "https://sexpositions.online/sitting/" "Mozilla/5.0 (Linux; Android 10; K) AppleWebKit/537.36 (KHTML, like Gecko) Chrome/141.0.0.0 Mobile Safari/537.36"
2400:1a00:bde0:aa9f:f8bc:1cd4:2b6e:bbe2 - - [19/Oct/2025:11:39:46 -0400] "GET /wp-content/uploads/side-saddle-animated.gif HTTP/1.1" 200 233984 "https://sexpositions.online/sitting/" "Mozilla/5.0 (Linux; Android 10; K) AppleWebKit/537.36 (KHTML, like Gecko) Chrome/141.0.0.0 Mobile Safari/537.36"
176.59.101.80 - - [19/Oct/2025:11:39:48 -0400] "GET /wp-content/uploads/drivers-seat-animated.gif HTTP/1.1" 304 - "https://yandex.ru/images/touch/search?itype=gifan&lr=135354&text=%D0%A1%D0%B5%D0%BA%D1%81%D1%83%D0%B0%D0%BB%D1%8C%D0%BD%D1%8B%D0%B5+%D0%BF%D0%BE%D0%B7%D1%8B&img_url=https%3A%2F%2Fsexpositions.online%2Fwp-content%2Fuploads%2Fdrivers-seat-animated.gif&pos=777&rpt=simage&redircnt=1758271526.1&p=21" "Mozilla/5.0 (Linux; Android 10; K) AppleWebKit/537.36 (KHTML, like Gecko) Chrome/141.0.0.0 Mobile Safari/537.36"
2400:1a00:bde0:aa9f:f8bc:1cd4:2b6e:bbe2 - - [19/Oct/2025:11:39:49 -0400] "GET /wp-content/uploads/pretzel-animated.gif HTTP/1.1" 200 227672 "https://sexpositions.online/sitting/" "Mozilla/5.0 (Linux; Android 10; K) AppleWebKit/537.36 (KHTML, like Gecko) Chrome/141.0.0.0 Mobile Safari/537.36"
212.237.122.75 - - [19/Oct/2025:11:39:49 -0400] "GET /wp-content/uploads/flatiron-animated.gif HTTP/1.1" 304 - "https://sexpositions.online/anal/" "Mozilla/5.0 (Linux; Android 10; K) AppleWebKit/537.36 (KHTML, like Gecko) Chrome/141.0.0.0 Mobile Safari/537.36"
2001:4c4d:260d:5c00:37dc:6eb9:c202:86d2 - - [19/Oct/2025:11:39:52 -0400] "GET /wp-content/uploads/missionary-animated.gif HTTP/1.1" 304 - "https://www.google.com/" "Mozilla/5.0 (Linux; Android 10; K) AppleWebKit/537.36 (KHTML, like Gecko) Chrome/141.0.0.0 Mobile Safari/537.36"
212.237.122.75 - - [19/Oct/2025:11:39:52 -0400] "GET /wp-content/uploads/anvil-animated.gif HTTP/1.1" 304 - "https://sexpositions.online/anal/" "Mozilla/5.0 (Linux; Android 10; K) AppleWebKit/537.36 (KHTML, like Gecko) Chrome/141.0.0.0 Mobile Safari/537.36"
2400:1a00:bde0:aa9f:f8bc:1cd4:2b6e:bbe2 - - [19/Oct/2025:11:39:52 -0400] "GET /wp-content/uploads/trampoline-animated-1.gif HTTP/1.1" 304 - "https://sexpositions.online/sitting/" "Mozilla/5.0 (Linux; Android 10; K) AppleWebKit/537.36 (KHTML, like Gecko) Chrome/141.0.0.0 Mobile Safari/537.36"
212.237.122.75 - - [19/Oct/2025:11:39:53 -0400] "GET /wp-content/uploads/prone-bone-animated.gif HTTP/1.1" 304 - "https://sexpositions.online/anal/" "Mozilla/5.0 (Linux; Android 10; K) AppleWebKit/537.36 (KHTML, like Gecko) Chrome/141.0.0.0 Mobile Safari/537.36"
212.237.122.75 - - [19/Oct/2025:11:39:55 -0400] "GET /wp-content/uploads/legs-up-animated.gif HTTP/1.1" 304 - "https://sexpositions.online/anal/" "Mozilla/5.0 (Linux; Android 10; K) AppleWebKit/537.36 (KHTML, like Gecko) Chrome/141.0.0.0 Mobile Safari/537.36"
2400:1a00:bde0:aa9f:f8bc:1cd4:2b6e:bbe2 - - [19/Oct/2025:11:39:55 -0400] "GET /wp-content/uploads/sitting-bull-animated-1.gif HTTP/1.1" 200 237712 "https://sexpositions.online/sitting/" "Mozilla/5.0 (Linux; Android 10; K) AppleWebKit/537.36 (KHTML, like Gecko) Chrome/141.0.0.0 Mobile Safari/537.36"
2400:1a00:bde0:aa9f:f8bc:1cd4:2b6e:bbe2 - - [19/Oct/2025:11:39:58 -0400] "GET /wp-content/uploads/man-trap-animated.gif HTTP/1.1" 200 259933 "https://sexpositions.online/sitting/" "Mozilla/5.0 (Linux; Android 10; K) AppleWebKit/537.36 (KHTML, like Gecko) Chrome/141.0.0.0 Mobile Safari/537.36"
2400:1a00:bde0:aa9f:f8bc:1cd4:2b6e:bbe2 - - [19/Oct/2025:11:40:01 -0400] "GET /wp-content/uploads/necking-animated.gif HTTP/1.1" 200 213443 "https://sexpositions.online/sitting/" "Mozilla/5.0 (Linux; Android 10; K) AppleWebKit/537.36 (KHTML, like Gecko) Chrome/141.0.0.0 Mobile Safari/537.36"
2400:1a00:bde0:aa9f:f8bc:1cd4:2b6e:bbe2 - - [19/Oct/2025:11:40:01 -0400] "GET /trampoline/ HTTP/1.1" 200 98076 "https://sexpositions.online/sitting/" "Mozilla/5.0 (Linux; Android 10; K) AppleWebKit/537.36 (KHTML, like Gecko) Chrome/141.0.0.0 Mobile Safari/537.36"
2400:1a00:bde0:aa9f:f8bc:1cd4:2b6e:bbe2 - - [19/Oct/2025:11:40:05 -0400] "GET /wp-content/uploads/the-firm-animated.gif HTTP/1.1" 200 237263 "https://sexpositions.online/sitting/" "Mozilla/5.0 (Linux; Android 10; K) AppleWebKit/537.36 (KHTML, like Gecko) Chrome/141.0.0.0 Mobile Safari/537.36"
2400:1a00:bde0:aa9f:f8bc:1cd4:2b6e:bbe2 - - [19/Oct/2025:11:40:07 -0400] "GET /wp-content/uploads/raunchy-wrestler-animated.gif HTTP/1.1" 200 193917 "https://sexpositions.online/sitting/" "Mozilla/5.0 (Linux; Android 10; K) AppleWebKit/537.36 (KHTML, like Gecko) Chrome/141.0.0.0 Mobile Safari/537.36"
43.248.241.163 - - [19/Oct/2025:11:40:09 -0400] "GET /wp-content/uploads/the-bridge-animated.gif HTTP/1.1" 200 227502 "https://lustyweb.live/" "Mozilla/5.0 (Linux; Android 10; K) AppleWebKit/537.36 (KHTML, like Gecko) Chrome/141.0.0.0 Mobile Safari/537.36"
2400:1a00:bde0:aa9f:f8bc:1cd4:2b6e:bbe2 - - [19/Oct/2025:11:40:11 -0400] "GET /wp-content/uploads/highway-to-heaven-animated.gif HTTP/1.1" 304 - "https://sexpositions.online/sitting/" "Mozilla/5.0 (Linux; Android 10; K) AppleWebKit/537.36 (KHTML, like Gecko) Chrome/141.0.0.0 Mobile Safari/537.36"
2400:1a00:bde0:aa9f:f8bc:1cd4:2b6e:bbe2 - - [19/Oct/2025:11:40:13 -0400] "GET /wp-content/uploads/the-anchor-animated.gif HTTP/1.1" 200 252494 "https://sexpositions.online/sitting/" "Mozilla/5.0 (Linux; Android 10; K) AppleWebKit/537.36 (KHTML, like Gecko) Chrome/141.0.0.0 Mobile Safari/537.36"
2402:800:7ae1:8deb:91fd:f6e7:b99a:a7cf - - [19/Oct/2025:11:40:16 -0400] "GET /from-ball-to-wall/ HTTP/1.1" 200 98077 "https://sexpositions.online/from-behind/" "Mozilla/5.0 (iPhone; CPU iPhone OS 18_5 like Mac OS X) AppleWebKit/605.1.15 (KHTML, like Gecko) Version/18.5 Mobile/15E148 Safari/604.1"
2400:1a00:bde0:aa9f:f8bc:1cd4:2b6e:bbe2 - - [19/Oct/2025:11:40:30 -0400] "GET /wp-content/uploads/captain-animated.gif HTTP/1.1" 304 - "https://www.google.com/" "Mozilla/5.0 (Linux; Android 10; K) AppleWebKit/537.36 (KHTML, like Gecko) Chrome/141.0.0.0 Mobile Safari/537.36"
2400:1a00:bde0:aa9f:f8bc:1cd4:2b6e:bbe2 - - [19/Oct/2025:11:40:31 -0400] "GET /captain/ HTTP/1.1" 200 98350 "https://www.google.com/" "Mozilla/5.0 (Linux; Android 10; K) AppleWebKit/537.36 (KHTML, like Gecko) Chrome/141.0.0.0 Mobile Safari/537.36"
2a06:98c0:3600::103 - - [19/Oct/2025:11:40:39 -0400] "GET /wp-content/uploads/cowgirl-animated.gif HTTP/1.1" 304 - "-" "Mozilla/5.0 (Windows NT 10.0; Win64; x64; rv:109.0) Gecko/20100101 Firefox/115.0"
2001:4c4d:260d:5c00:37dc:6eb9:c202:86d2 - - [19/Oct/2025:11:40:39 -0400] "GET /wp-content/uploads/spooning-animated.gif HTTP/1.1" 304 - "https://www.google.com/" "Mozilla/5.0 (Linux; Android 10; K) AppleWebKit/537.36 (KHTML, like Gecko) Chrome/141.0.0.0 Mobile Safari/537.36"
172.99.188.165 - - [19/Oct/2025:11:40:48 -0400] "GET /_fragment?_path=what%3D-1%26_controller%3Dphpinfo&_hash=kXCmuk%2B%2BDBn8fJrAU6vW0krqxD4%3D HTTP/1.1" 200 95107 "-" "Mozilla/5.0 (SS; Linux i686; rv:133.0) Gecko/20100101 Firefox/133.0"
180.150.255.66 - - [19/Oct/2025:11:40:49 -0400] "GET /wp-content/uploads/the-rocker-animated.gif HTTP/1.1" 304 - "https://www.google.com/" "Mozilla/5.0 (Linux; Android 10; K) AppleWebKit/537.36 (KHTML, like Gecko) Chrome/131.0.0.0 Mobile Safari/537.36"
2400:1a00:bde0:aa9f:f8bc:1cd4:2b6e:bbe2 - - [19/Oct/2025:11:40:52 -0400] "GET /wp-content/uploads/the-crawl-animated.gif HTTP/1.1" 200 241339 "https://www.google.com/" "Mozilla/5.0 (Linux; Android 10; K) AppleWebKit/537.36 (KHTML, like Gecko) Chrome/141.0.0.0 Mobile Safari/537.36"
2400:1a00:bde0:aa9f:f8bc:1cd4:2b6e:bbe2 - - [19/Oct/2025:11:40:52 -0400] "GET /the-crawl/ HTTP/1.1" 200 98157 "https://www.google.com/" "Mozilla/5.0 (Linux; Android 10; K) AppleWebKit/537.36 (KHTML, like Gecko) Chrome/141.0.0.0 Mobile Safari/537.36"
2400:1a00:bde0:aa9f:f8bc:1cd4:2b6e:bbe2 - - [19/Oct/2025:11:41:05 -0400] "GET /wp-content/uploads/lock-and-load-animated-1.gif HTTP/1.1" 304 - "https://www.google.com/" "Mozilla/5.0 (Linux; Android 10; K) AppleWebKit/537.36 (KHTML, like Gecko) Chrome/141.0.0.0 Mobile Safari/537.36"
2607:fea8:bf5d:ce00:4d85:b542:b865:5afb - - [19/Oct/2025:11:41:26 -0400] "GET / HTTP/1.1" 200 125069 "https://www.google.com/" "Mozilla/5.0 (iPhone; CPU iPhone OS 18_6_2 like Mac OS X) AppleWebKit/605.1.15 (KHTML, like Gecko) Version/18.6 Mobile/15E148 Safari/604.1"
2607:fea8:bf5d:ce00:4d85:b542:b865:5afb - - [19/Oct/2025:11:41:27 -0400] "GET /wp-content/themes/astra/assets/css/minified/main.min.css?ver=4.11.12 HTTP/1.1" 304 - "https://sexpositions.online/" "Mozilla/5.0 (iPhone; CPU iPhone OS 18_6_2 like Mac OS X) AppleWebKit/605.1.15 (KHTML, like Gecko) Version/18.6 Mobile/15E148 Safari/604.1"
2607:fea8:bf5d:ce00:4d85:b542:b865:5afb - - [19/Oct/2025:11:41:28 -0400] "GET /wp-includes/css/dist/block-library/style.min.css?ver=6.8.3 HTTP/1.1" 304 - "https://sexpositions.online/" "Mozilla/5.0 (iPhone; CPU iPhone OS 18_6_2 like Mac OS X) AppleWebKit/605.1.15 (KHTML, like Gecko) Version/18.6 Mobile/15E148 Safari/604.1"
2607:fea8:bf5d:ce00:4d85:b542:b865:5afb - - [19/Oct/2025:11:41:28 -0400] "GET /wp-content/themes/astra/assets/js/minified/frontend.min.js?ver=4.11.12 HTTP/1.1" 304 - "https://sexpositions.online/" "Mozilla/5.0 (iPhone; CPU iPhone OS 18_6_2 like Mac OS X) AppleWebKit/605.1.15 (KHTML, like Gecko) Version/18.6 Mobile/15E148 Safari/604.1"
2607:fea8:bf5d:ce00:4d85:b542:b865:5afb - - [19/Oct/2025:11:41:28 -0400] "GET /wp-content/uploads/banner.jpg HTTP/1.1" 200 69174 "https://sexpositions.online/" "Mozilla/5.0 (iPhone; CPU iPhone OS 18_6_2 like Mac OS X) AppleWebKit/605.1.15 (KHTML, like Gecko) Version/18.6 Mobile/15E148 Safari/604.1"
2607:fea8:bf5d:ce00:4d85:b542:b865:5afb - - [19/Oct/2025:11:41:28 -0400] "GET /wp-content/uploads/missionary-animated.gif HTTP/1.1" 304 - "https://sexpositions.online/" "Mozilla/5.0 (iPhone; CPU iPhone OS 18_6_2 like Mac OS X) AppleWebKit/605.1.15 (KHTML, like Gecko) Version/18.6 Mobile/15E148 Safari/604.1"
2607:fea8:bf5d:ce00:4d85:b542:b865:5afb - - [19/Oct/2025:11:41:29 -0400] "GET /wp-content/uploads/cowgirl-animated.gif HTTP/1.1" 304 - "https://sexpositions.online/" "Mozilla/5.0 (iPhone; CPU iPhone OS 18_6_2 like Mac OS X) AppleWebKit/605.1.15 (KHTML, like Gecko) Version/18.6 Mobile/15E148 Safari/604.1"
2607:fea8:bf5d:ce00:4d85:b542:b865:5afb - - [19/Oct/2025:11:41:30 -0400] "GET /wp-content/uploads/cropped-favicon-192x192.png HTTP/1.1" 304 - "https://sexpositions.online/" "Mozilla/5.0 (iPhone; CPU iPhone OS 18_6_2 like Mac OS X) AppleWebKit/605.1.15 (KHTML, like Gecko) Version/18.6 Mobile/15E148 Safari/604.1"
2607:fea8:bf5d:ce00:4d85:b542:b865:5afb - - [19/Oct/2025:11:41:30 -0400] "GET /wp-content/uploads/cropped-favicon-32x32.png HTTP/1.1" 304 - "https://sexpositions.online/" "Mozilla/5.0 (iPhone; CPU iPhone OS 18_6_2 like Mac OS X) AppleWebKit/605.1.15 (KHTML, like Gecko) Version/18.6 Mobile/15E148 Safari/604.1"
77.41.190.130 - - [19/Oct/2025:11:41:37 -0400] "GET /wp-content/uploads/buckin-bronco-animated.gif HTTP/1.1" 304 - "https://yandex.ru/" "Mozilla/5.0 (iPhone; CPU iPhone OS 18_5 like Mac OS X) AppleWebKit/605.1.15 (KHTML, like Gecko) Mobile/15E148 YaBrowser/25.7.2.430.10 YaApp_iOS/2507.2 YaApp_iOS_Search/2507.2 TA/2.1 webVert webOmni Safari/604.1 SA/3"
77.41.190.130 - - [19/Oct/2025:11:41:37 -0400] "GET /wp-content/uploads/rapunzel-animated.gif HTTP/1.1" 304 - "https://yandex.ru/" "Mozilla/5.0 (iPhone; CPU iPhone OS 18_5 like Mac OS X) AppleWebKit/605.1.15 (KHTML, like Gecko) Mobile/15E148 YaBrowser/25.7.2.430.10 YaApp_iOS/2507.2 YaApp_iOS_Search/2507.2 TA/2.1 webVert webOmni Safari/604.1 SA/3"
202.86.222.153 - - [19/Oct/2025:11:41:46 -0400] "GET /wp-content/uploads/kissing-the-pink-animated.gif HTTP/1.1" 304 - "https://www.google.com/" "Mozilla/5.0 (Linux; U; Android 11; en; CPH2269 Build/RP1A.200720.011) AppleWebKit/537.36 (KHTML, like Gecko) Version/4.0 Chrome/57.0.2987.108 UCBrowser/12.10.0.1163 UCTurbo/1.10.6.900 Mobile Safari/537.36"
45.188.202.104 - - [19/Oct/2025:11:41:47 -0400] "GET /wp-content/uploads/hula-girl-animated.gif HTTP/1.1" 200 178224 "https://www.google.com/" "Mozilla/5.0 (Linux; Android 8.0.0; ASUS_X00PD Build/OPR1.170623.032; wv) AppleWebKit/537.36 (KHTML, like Gecko) Version/4.0 Chrome/138.0.7204.181 Mobile Safari/537.36 GoogleApp/14.14.16.26.arm64"
2a02:6ea0:1407:9000:17cc:9c27:ee13:5e0c - - [19/Oct/2025:11:41:48 -0400] "GET /wp-content/uploads/amazon-animated.gif HTTP/1.1" 304 - "https://www.google.com/" "Mozilla/5.0 (iPhone; CPU iPhone OS 26_0_1 like Mac OS X) AppleWebKit/605.1.15 (KHTML, like Gecko) CriOS/141.0.7390.41 Mobile/15E148 Safari/604.1"
202.86.222.153 - - [19/Oct/2025:11:41:55 -0400] "GET /wp-content/uploads/kissing-the-pink-animated.gif HTTP/1.1" 200 421658 "-" "okhttp/3.12.12"
2a01:cb0d:8035:1f53:c8d9:a53d:7bca:ef51 - - [19/Oct/2025:11:41:55 -0400] "GET /wp-content/uploads/the-tipster-animated.gif HTTP/1.1" 304 - "https://www.google.com/" "Mozilla/5.0 (iPhone; CPU iPhone OS 18_6_2 like Mac OS X) AppleWebKit/605.1.15 (KHTML, like Gecko) CriOS/141.0.7390.41 Mobile/15E148 Safari/604.1"
202.86.222.153 - - [19/Oct/2025:11:41:56 -0400] "GET /wp-content/uploads/kissing-the-pink-animated.gif HTTP/1.1" 304 - "https://www.google.com/search?q=Kiss+sex+pic&client=ucweb-turbo-b-bookmark&sca_esv=22a2e29bb18def89&tbm=isch&source=lnms&sa=X&ved=0ahUKEwjOw9O2y7CQAxUURmwGHSR6ANQQ_AUIBigB&biw=360&bih=713" "Mozilla/5.0 (Linux; U; Android 11; en; CPH2269 Build/RP1A.200720.011) AppleWebKit/537.36 (KHTML, like Gecko) Version/4.0 Chrome/57.0.2987.108 UCBrowser/12.10.0.1163 UCTurbo/1.10.6.900 Mobile Safari/537.36"
2a09:bac2:3754:26d2::3de:20 - - [19/Oct/2025:11:41:58 -0400] "GET /wp-content/uploads/lazy-dog-animated-1.gif HTTP/1.1" 304 - "https://www.google.com/" "Mozilla/5.0 (iPhone; CPU iPhone OS 18_7 like Mac OS X) AppleWebKit/605.1.15 (KHTML, like Gecko) Version/26.0.1 Mobile/15E148 Safari/604.1"
