185.84.70.77 - - [19/Oct/2025:10:23:44 -0400] "GET /wp-content/uploads/cowgirl-animated.gif HTTP/1.1" 200 205110 "https://sexpositions.online/" "Mozilla/5.0 (iPhone; CPU iPhone OS 18_5_0 like Mac OS X) AppleWebKit/605.1.15 (KHTML, like Gecko) GSA/380.0.788317806 Mobile/15E148 Safari/604.1"
130.193.225.175 - - [19/Oct/2025:10:23:46 -0400] "GET /wp-content/uploads/cowgirl-animated.gif HTTP/1.1" 304 - "https://www.google.com/" "Mozilla/5.0 (iPhone; CPU iPhone OS 18_6_2 like Mac OS X) AppleWebKit/605.1.15 (KHTML, like Gecko) GSA/390.0.817388646 Mobile/22G100 Safari/604.1"
2401:4900:7dd6:9cea:5c73:1337:a5e7:919d - - [19/Oct/2025:10:23:56 -0400] "GET /standing/ HTTP/1.1" 200 104908 "-" "Mozilla/5.0 (Linux; Android 10; K) AppleWebKit/537.36 (KHTML, like Gecko) Chrome/141.0.0.0 Mobile Safari/537.36"
2401:4900:7dd6:9cea:5c73:1337:a5e7:919d - - [19/Oct/2025:10:23:57 -0400] "GET /wp-content/uploads/superman-animated.gif HTTP/1.1" 304 - "https://sexpositions.online/standing/" "Mozilla/5.0 (Linux; Android 10; K) AppleWebKit/537.36 (KHTML, like Gecko) Chrome/141.0.0.0 Mobile Safari/537.36"
2401:4900:7dd6:9cea:5c73:1337:a5e7:919d - - [19/Oct/2025:10:23:57 -0400] "GET /wp-content/uploads/elephant-animated.gif HTTP/1.1" 304 - "https://sexpositions.online/standing/" "Mozilla/5.0 (Linux; Android 10; K) AppleWebKit/537.36 (KHTML, like Gecko) Chrome/141.0.0.0 Mobile Safari/537.36"
82.132.223.235 - - [19/Oct/2025:10:24:02 -0400] "GET /wp-content/uploads/sidewinder-animated-1.gif HTTP/1.1" 304 - "https://www.google.com/" "Mozilla/5.0 (iPhone; CPU iPhone OS 18_1_1 like Mac OS X) AppleWebKit/605.1.15 (KHTML, like Gecko) GSA/390.0.817388646 Mobile/22B91 Safari/604.1"
46.154.168.154 - - [19/Oct/2025:10:24:02 -0400] "GET /wp-content/uploads/hold-the-pickle-animated.gif HTTP/1.1" 304 - "https://www.google.com.tr/" "Mozilla/5.0 (Linux; Android 10; K) AppleWebKit/537.36 (KHTML, like Gecko) Chrome/140.0.0.0 Mobile Safari/537.36 OPR/92.0.0.0"
2401:4900:7dd6:9cea:5c73:1337:a5e7:919d - - [19/Oct/2025:10:24:22 -0400] "GET /wp-content/uploads/the-swing-animated.gif HTTP/1.1" 304 - "https://sexpositions.online/standing/" "Mozilla/5.0 (Linux; Android 10; K) AppleWebKit/537.36 (KHTML, like Gecko) Chrome/141.0.0.0 Mobile Safari/537.36"
176.100.243.133 - - [19/Oct/2025:10:24:22 -0400] "GET / HTTP/1.1" 200 125058 "http://sexpositions.online/" "Mozilla/5.0 (Windows NT 10.0; Win64; x64) AppleWebKit/537.36 (KHTML, like Gecko) Chrome/100.0.4896.127 Safari/537.36"
114.119.143.75 - - [19/Oct/2025:10:24:30 -0400] "GET /digital/av/ HTTP/1.1" 200 3 "https://sexpositions.online/entoplastral1193719.html" "Mozilla/5.0 (Linux; Android 7.0;) AppleWebKit/537.36 (KHTML, like Gecko) Mobile Safari/537.36 (compatible; PetalBot;+https://webmaster.petalsearch.com/site/petalbot)"
2401:4900:7dd6:9cea:5c73:1337:a5e7:919d - - [19/Oct/2025:10:24:33 -0400] "GET /wp-content/uploads/spiderman-animated.gif HTTP/1.1" 304 - "https://sexpositions.online/standing/" "Mozilla/5.0 (Linux; Android 10; K) AppleWebKit/537.36 (KHTML, like Gecko) Chrome/141.0.0.0 Mobile Safari/537.36"
2a03:d000:1499:e5e9:4943:3193:6b72:426d - - [19/Oct/2025:10:24:34 -0400] "GET /wp-content/uploads/buckin-bronco-animated.gif HTTP/1.1" 304 - "https://yandex.ru/" "Mozilla/5.0 (iPhone; CPU iPhone OS 18_6 like Mac OS X) AppleWebKit/605.1.15 (KHTML, like Gecko) Mobile/15E148 YaBrowser/25.4.6.727.10 YaApp_iOS/2504.6 YaApp_iOS_Search/2504.6 TA/2.1 webVert webOmni Safari/604.1 SA/3"
2401:4900:7dd6:9cea:5c73:1337:a5e7:919d - - [19/Oct/2025:10:24:46 -0400] "GET /disclaimer/ HTTP/1.1" 200 96919 "https://sexpositions.online/standing/" "Mozilla/5.0 (Linux; Android 10; K) AppleWebKit/537.36 (KHTML, like Gecko) Chrome/141.0.0.0 Mobile Safari/537.36"
2401:4900:7dd6:9cea:5c73:1337:a5e7:919d - - [19/Oct/2025:10:24:49 -0400] "GET /from-behind/ HTTP/1.1" 200 102707 "https://sexpositions.online/standing/" "Mozilla/5.0 (Linux; Android 10; K) AppleWebKit/537.36 (KHTML, like Gecko) Chrome/141.0.0.0 Mobile Safari/537.36"
103.100.6.43 - - [19/Oct/2025:10:24:56 -0400] "GET /wp-content/themes/astra/assets/css/minified/main.min.css?ver=4.11.12 HTTP/1.1" 304 - "-" "Mozilla/5.0 (Linux; Android 10; K) AppleWebKit/537.36 (KHTML, like Gecko) Chrome/141.0.0.0 Mobile Safari/537.36"
103.100.6.43 - - [19/Oct/2025:10:24:56 -0400] "GET /wp-includes/css/dist/block-library/style.min.css?ver=6.8.3 HTTP/1.1" 304 - "-" "Mozilla/5.0 (Linux; Android 10; K) AppleWebKit/537.36 (KHTML, like Gecko) Chrome/141.0.0.0 Mobile Safari/537.36"
103.100.6.43 - - [19/Oct/2025:10:24:56 -0400] "GET / HTTP/1.1" 200 125069 "https://www.google.com/" "Mozilla/5.0 (Linux; Android 10; K) AppleWebKit/537.36 (KHTML, like Gecko) Chrome/141.0.0.0 Mobile Safari/537.36"
103.100.6.43 - - [19/Oct/2025:10:24:57 -0400] "GET /wp-content/uploads/banner.jpg HTTP/1.1" 304 - "https://sexpositions.online/" "Mozilla/5.0 (Linux; Android 10; K) AppleWebKit/537.36 (KHTML, like Gecko) Chrome/141.0.0.0 Mobile Safari/537.36"
103.100.6.43 - - [19/Oct/2025:10:24:57 -0400] "GET /wp-content/uploads/cowgirl-animated.gif HTTP/1.1" 304 - "https://sexpositions.online/" "Mozilla/5.0 (Linux; Android 10; K) AppleWebKit/537.36 (KHTML, like Gecko) Chrome/141.0.0.0 Mobile Safari/537.36"
103.100.6.43 - - [19/Oct/2025:10:24:57 -0400] "GET /wp-content/uploads/missionary-animated.gif HTTP/1.1" 304 - "https://sexpositions.online/" "Mozilla/5.0 (Linux; Android 10; K) AppleWebKit/537.36 (KHTML, like Gecko) Chrome/141.0.0.0 Mobile Safari/537.36"
103.100.6.43 - - [19/Oct/2025:10:24:57 -0400] "GET /wp-content/themes/astra/assets/js/minified/frontend.min.js?ver=4.11.12 HTTP/1.1" 304 - "https://sexpositions.online/" "Mozilla/5.0 (Linux; Android 10; K) AppleWebKit/537.36 (KHTML, like Gecko) Chrome/141.0.0.0 Mobile Safari/537.36"
103.100.6.43 - - [19/Oct/2025:10:24:57 -0400] "GET /wp-includes/js/wp-emoji-release.min.js?ver=6.8.3 HTTP/1.1" 304 - "https://sexpositions.online/" "Mozilla/5.0 (Linux; Android 10; K) AppleWebKit/537.36 (KHTML, like Gecko) Chrome/141.0.0.0 Mobile Safari/537.36"
103.100.6.43 - - [19/Oct/2025:10:24:57 -0400] "GET /wp-content/uploads/cropped-favicon-180x180.png HTTP/1.1" 304 - "https://sexpositions.online/" "Mozilla/5.0 (Linux; Android 10; K) AppleWebKit/537.36 (KHTML, like Gecko) Chrome/141.0.0.0 Mobile Safari/537.36"
103.100.6.43 - - [19/Oct/2025:10:24:57 -0400] "GET /wp-content/uploads/cropped-favicon-192x192.png HTTP/1.1" 304 - "https://sexpositions.online/" "Mozilla/5.0 (Linux; Android 10; K) AppleWebKit/537.36 (KHTML, like Gecko) Chrome/141.0.0.0 Mobile Safari/537.36"
2001:4454:7c5:3e00:1dbb:47e5:373f:acd9 - - [19/Oct/2025:10:24:57 -0400] "GET /wp-content/uploads/cat-animated.gif HTTP/1.1" 304 - "https://www.google.com/" "Mozilla/5.0 (Linux; Android 5.1.1; SM-T285 Build/LMY47V; wv) AppleWebKit/537.36 (KHTML, like Gecko) Version/4.0 Chrome/95.0.4638.74 Safari/537.36 GSA/11.31.16.21.arm"
2401:4900:7dd6:9cea:5c73:1337:a5e7:919d - - [19/Oct/2025:10:24:57 -0400] "GET /tds-login-register/ HTTP/1.1" 200 97538 "https://sexpositions.online/standing/" "Mozilla/5.0 (Linux; Android 10; K) AppleWebKit/537.36 (KHTML, like Gecko) Chrome/141.0.0.0 Mobile Safari/537.36"
103.100.6.43 - - [19/Oct/2025:10:24:59 -0400] "GET /wp-content/uploads/amazon-animated.gif HTTP/1.1" 304 - "https://sexpositions.online/" "Mozilla/5.0 (Linux; Android 10; K) AppleWebKit/537.36 (KHTML, like Gecko) Chrome/141.0.0.0 Mobile Safari/537.36"
2401:4900:7dd6:9cea:5c73:1337:a5e7:919d - - [19/Oct/2025:10:25:04 -0400] "GET /man-on-top/ HTTP/1.1" 200 103059 "https://sexpositions.online/standing/" "Mozilla/5.0 (Linux; Android 10; K) AppleWebKit/537.36 (KHTML, like Gecko) Chrome/141.0.0.0 Mobile Safari/537.36"
2a00:1880:a349:f351:1a23:e1c4:d0a2:5443 - - [19/Oct/2025:10:25:12 -0400] "GET /wp-content/uploads/upward-dog-animated.gif HTTP/1.1" 304 - "https://yandex.com.tr/gorsel/touch/search?text=de%C4%9Fi%C5%9Fik+seks+pozisyon+short&itype=gifan&img_url=https%3A%2F%2Fstatic30.tgcnt.ru%2Fposts%2F_0%2Fc4%2Fc4a42cb76414129adf01aa35d2cda825.jpg&pos=40&rpt=simage" "Mozilla/5.0 (Linux; Android 10; K) AppleWebKit/537.36 (KHTML, like Gecko) Chrome/141.0.0.0 Mobile Safari/537.36"
2401:4900:7dd6:9cea:5c73:1337:a5e7:919d - - [19/Oct/2025:10:25:14 -0400] "GET /missionary/ HTTP/1.1" 200 103202 "https://sexpositions.online/man-on-top/" "Mozilla/5.0 (Linux; Android 10; K) AppleWebKit/537.36 (KHTML, like Gecko) Chrome/141.0.0.0 Mobile Safari/537.36"
114.119.145.134 - - [19/Oct/2025:10:25:24 -0400] "GET /?s=%E5%85%AD%E7%AB%9C%E3%83%9E%E3%83%AB%E3%83%81 HTTP/1.1" 200 96510 "http://sexpositions.online?s=%E5%85%AD%E7%AB%9C%E3%83%9E%E3%83%AB%E3%83%81" "Mozilla/5.0 (Linux; Android 7.0;) AppleWebKit/537.36 (KHTML, like Gecko) Mobile Safari/537.36 (compatible; PetalBot;+https://webmaster.petalsearch.com/site/petalbot)"
160.154.232.250 - - [19/Oct/2025:10:25:36 -0400] "GET /wp-content/uploads/missionary-animated.gif HTTP/1.1" 200 163597 "https://www.google.com/" "Mozilla/5.0 (iPhone; CPU iPhone OS 18_6_2 like Mac OS X) AppleWebKit/605.1.15 (KHTML, like Gecko) CriOS/140.0.7339.122 Mobile/15E148 Safari/604.1"
2401:4900:7dd6:9cea:5c73:1337:a5e7:919d - - [19/Oct/2025:10:25:40 -0400] "GET /over-the-edge/ HTTP/1.1" 200 98022 "https://sexpositions.online/man-on-top/" "Mozilla/5.0 (Linux; Android 10; K) AppleWebKit/537.36 (KHTML, like Gecko) Chrome/141.0.0.0 Mobile Safari/537.36"
2001:e68:5471:3654:a0a1:fd48:e7e9:66ae - - [19/Oct/2025:10:25:47 -0400] "GET /wp-content/uploads/speed-bump-animated.gif HTTP/1.1" 304 - "https://www.google.com/" "Mozilla/5.0 (Linux; Android 10; K) AppleWebKit/537.36 (KHTML, like Gecko) Chrome/141.0.0.0 Safari/537.36"
2401:4900:7dd6:9cea:5c73:1337:a5e7:919d - - [19/Oct/2025:10:25:50 -0400] "GET /hot-and-spicy/ HTTP/1.1" 200 98126 "https://sexpositions.online/man-on-top/" "Mozilla/5.0 (Linux; Android 10; K) AppleWebKit/537.36 (KHTML, like Gecko) Chrome/141.0.0.0 Mobile Safari/537.36"
2409:40e2:121d:3753:98c2:72ff:feb5:e757 - - [19/Oct/2025:10:25:52 -0400] "GET /wp-content/uploads/ladies-choice-animated.gif HTTP/1.1" 304 - "https://www.google.com/" "Mozilla/5.0 (Linux; Android 10; K) AppleWebKit/537.36 (KHTML, like Gecko) Chrome/131.0.0.0 Mobile Safari/537.36"
2401:4900:7dd6:9cea:5c73:1337:a5e7:919d - - [19/Oct/2025:10:26:01 -0400] "GET /oral/ HTTP/1.1" 200 105341 "https://sexpositions.online/standing/" "Mozilla/5.0 (Linux; Android 10; K) AppleWebKit/537.36 (KHTML, like Gecko) Chrome/141.0.0.0 Mobile Safari/537.36"
2001:e68:5471:3654:a0a1:fd48:e7e9:66ae - - [19/Oct/2025:10:26:04 -0400] "GET /wp-content/uploads/highway-to-heaven-animated.gif HTTP/1.1" 304 - "https://www.google.com/" "Mozilla/5.0 (Linux; Android 10; K) AppleWebKit/537.36 (KHTML, like Gecko) Chrome/141.0.0.0 Safari/537.36"
2001:e68:5471:3654:a0a1:fd48:e7e9:66ae - - [19/Oct/2025:10:26:08 -0400] "GET /highway-to-heaven/ HTTP/1.1" 200 98079 "https://www.google.com/" "Mozilla/5.0 (Linux; Android 10; K) AppleWebKit/537.36 (KHTML, like Gecko) Chrome/141.0.0.0 Safari/537.36"
2001:e68:5471:3654:a0a1:fd48:e7e9:66ae - - [19/Oct/2025:10:26:09 -0400] "GET /wp-includes/js/wp-emoji-release.min.js?ver=6.8.3 HTTP/1.1" 304 - "https://sexpositions.online/highway-to-heaven/" "Mozilla/5.0 (Linux; Android 10; K) AppleWebKit/537.36 (KHTML, like Gecko) Chrome/141.0.0.0 Safari/537.36"
2401:4900:7dd6:9cea:5c73:1337:a5e7:919d - - [19/Oct/2025:10:26:17 -0400] "GET /wp-content/uploads/the-tipster-animated.gif HTTP/1.1" 304 - "https://sexpositions.online/oral/" "Mozilla/5.0 (Linux; Android 10; K) AppleWebKit/537.36 (KHTML, like Gecko) Chrome/141.0.0.0 Mobile Safari/537.36"
2401:4900:7dd6:9cea:5c73:1337:a5e7:919d - - [19/Oct/2025:10:26:25 -0400] "GET /wp-content/uploads/drivers-seat-animated.gif HTTP/1.1" 304 - "https://sexpositions.online/oral/" "Mozilla/5.0 (Linux; Android 10; K) AppleWebKit/537.36 (KHTML, like Gecko) Chrome/141.0.0.0 Mobile Safari/537.36"
141.98.141.254 - - [19/Oct/2025:10:26:26 -0400] "GET /wp-content/uploads/cat-animated.gif HTTP/1.1" 304 - "https://www.google.com/" "Mozilla/5.0 (Windows NT 10.0; Win64; x64) AppleWebKit/537.36 (KHTML, like Gecko) Chrome/141.0.0.0 Safari/537.36"
103.152.102.164 - - [19/Oct/2025:10:26:31 -0400] "GET /wp-content/uploads/missionary-animated.gif HTTP/1.1" 304 - "https://www.google.com/" "Mozilla/5.0 (Linux; Android 10; K) AppleWebKit/537.36 (KHTML, like Gecko) Chrome/141.0.0.0 Mobile Safari/537.36"
185.191.171.12 - - [19/Oct/2025:10:26:31 -0400] "GET /page/18/?action=repository_opensearch&count=20&index_id=340&order=17&pn=1 HTTP/1.1" 200 116240 "-" "Mozilla/5.0 (compatible; SemrushBot/7~bl; +http://www.semrush.com/bot.html)"
103.152.102.164 - - [19/Oct/2025:10:26:31 -0400] "GET / HTTP/1.1" 200 125069 "https://www.google.com/" "Mozilla/5.0 (Linux; Android 10; K) AppleWebKit/537.36 (KHTML, like Gecko) Chrome/141.0.0.0 Mobile Safari/537.36"
103.152.102.164 - - [19/Oct/2025:10:26:32 -0400] "GET /wp-content/themes/astra/assets/css/minified/main.min.css?ver=4.11.12 HTTP/1.1" 304 - "https://sexpositions.online/" "Mozilla/5.0 (Linux; Android 10; K) AppleWebKit/537.36 (KHTML, like Gecko) Chrome/141.0.0.0 Mobile Safari/537.36"
103.152.102.164 - - [19/Oct/2025:10:26:32 -0400] "GET /wp-includes/css/dist/block-library/style.min.css?ver=6.8.3 HTTP/1.1" 304 - "https://sexpositions.online/" "Mozilla/5.0 (Linux; Android 10; K) AppleWebKit/537.36 (KHTML, like Gecko) Chrome/141.0.0.0 Mobile Safari/537.36"
103.152.102.164 - - [19/Oct/2025:10:26:32 -0400] "GET /wp-content/uploads/banner.jpg HTTP/1.1" 304 - "https://sexpositions.online/" "Mozilla/5.0 (Linux; Android 10; K) AppleWebKit/537.36 (KHTML, like Gecko) Chrome/141.0.0.0 Mobile Safari/537.36"
103.152.102.164 - - [19/Oct/2025:10:26:32 -0400] "GET /wp-content/uploads/cowgirl-animated.gif HTTP/1.1" 304 - "https://sexpositions.online/" "Mozilla/5.0 (Linux; Android 10; K) AppleWebKit/537.36 (KHTML, like Gecko) Chrome/141.0.0.0 Mobile Safari/537.36"
103.152.102.164 - - [19/Oct/2025:10:26:32 -0400] "GET /wp-content/uploads/missionary-animated.gif HTTP/1.1" 304 - "https://sexpositions.online/" "Mozilla/5.0 (Linux; Android 10; K) AppleWebKit/537.36 (KHTML, like Gecko) Chrome/141.0.0.0 Mobile Safari/537.36"
103.152.102.164 - - [19/Oct/2025:10:26:32 -0400] "GET /wp-content/themes/astra/assets/js/minified/frontend.min.js?ver=4.11.12 HTTP/1.1" 304 - "https://sexpositions.online/" "Mozilla/5.0 (Linux; Android 10; K) AppleWebKit/537.36 (KHTML, like Gecko) Chrome/141.0.0.0 Mobile Safari/537.36"
103.152.102.164 - - [19/Oct/2025:10:26:32 -0400] "GET /wp-content/uploads/cropped-favicon-192x192.png HTTP/1.1" 304 - "https://sexpositions.online/" "Mozilla/5.0 (Linux; Android 10; K) AppleWebKit/537.36 (KHTML, like Gecko) Chrome/141.0.0.0 Mobile Safari/537.36"
103.152.102.164 - - [19/Oct/2025:10:26:32 -0400] "GET /wp-content/uploads/cropped-favicon-180x180.png HTTP/1.1" 304 - "https://sexpositions.online/" "Mozilla/5.0 (Linux; Android 10; K) AppleWebKit/537.36 (KHTML, like Gecko) Chrome/141.0.0.0 Mobile Safari/537.36"
176.28.253.215 - - [19/Oct/2025:10:26:33 -0400] "GET /wp-content/uploads/sword-swallower-animated.gif HTTP/1.1" 304 - "https://www.google.com/" "Mozilla/5.0 (Linux; Android 10; K) AppleWebKit/537.36 (KHTML, like Gecko) SamsungBrowser/28.0 Chrome/130.0.0.0 Mobile Safari/537.36"
103.152.102.164 - - [19/Oct/2025:10:26:34 -0400] "GET /wp-content/uploads/amazon-animated.gif HTTP/1.1" 304 - "https://sexpositions.online/" "Mozilla/5.0 (Linux; Android 10; K) AppleWebKit/537.36 (KHTML, like Gecko) Chrome/141.0.0.0 Mobile Safari/537.36"
103.152.102.164 - - [19/Oct/2025:10:27:08 -0400] "GET /wp-content/uploads/lotus-animated.gif HTTP/1.1" 304 - "https://sexpositions.online/" "Mozilla/5.0 (Linux; Android 10; K) AppleWebKit/537.36 (KHTML, like Gecko) Chrome/141.0.0.0 Mobile Safari/537.36"
2a01:e0a:547:930:49bf:af92:e1ab:f869 - - [19/Oct/2025:10:27:12 -0400] "GET /wp-content/uploads/lazy-dog-animated-1.gif HTTP/1.1" 304 - "https://www.google.com/" "Mozilla/5.0 (iPhone; CPU iPhone OS 18_5 like Mac OS X) AppleWebKit/605.1.15 (KHTML, like Gecko) Version/18.5 Mobile/15E148 Safari/604.1"
2001:e68:5471:3654:a0a1:fd48:e7e9:66ae - - [19/Oct/2025:10:27:14 -0400] "GET / HTTP/1.1" 200 125058 "https://www.google.com/" "Mozilla/5.0 (Linux; Android 10; K) AppleWebKit/537.36 (KHTML, like Gecko) Chrome/141.0.0.0 Safari/537.36"
2001:e68:5471:3654:a0a1:fd48:e7e9:66ae - - [19/Oct/2025:10:27:15 -0400] "GET /wp-content/uploads/banner.jpg HTTP/1.1" 304 - "https://sexpositions.online/" "Mozilla/5.0 (Linux; Android 10; K) AppleWebKit/537.36 (KHTML, like Gecko) Chrome/141.0.0.0 Safari/537.36"
2a01:e0a:547:930:49bf:af92:e1ab:f869 - - [19/Oct/2025:10:27:15 -0400] "GET /doggy-style/ HTTP/1.1" 200 102754 "https://www.google.com/" "Mozilla/5.0 (iPhone; CPU iPhone OS 18_5 like Mac OS X) AppleWebKit/605.1.15 (KHTML, like Gecko) Version/18.5 Mobile/15E148 Safari/604.1"
2001:e68:5471:3654:a0a1:fd48:e7e9:66ae - - [19/Oct/2025:10:27:19 -0400] "GET /wp-content/uploads/amazon-animated.gif HTTP/1.1" 304 - "https://sexpositions.online/" "Mozilla/5.0 (Linux; Android 10; K) AppleWebKit/537.36 (KHTML, like Gecko) Chrome/141.0.0.0 Safari/537.36"
2a01:e0a:547:930:49bf:af92:e1ab:f869 - - [19/Oct/2025:10:27:21 -0400] "GET /wp-content/uploads/upward-dog-animated.gif HTTP/1.1" 304 - "https://sexpositions.online/doggy-style/" "Mozilla/5.0 (iPhone; CPU iPhone OS 18_5 like Mac OS X) AppleWebKit/605.1.15 (KHTML, like Gecko) Version/18.5 Mobile/15E148 Safari/604.1"
2a01:e0a:547:930:49bf:af92:e1ab:f869 - - [19/Oct/2025:10:27:21 -0400] "GET /wp-content/uploads/flatiron-animated.gif HTTP/1.1" 304 - "https://sexpositions.online/doggy-style/" "Mozilla/5.0 (iPhone; CPU iPhone OS 18_5 like Mac OS X) AppleWebKit/605.1.15 (KHTML, like Gecko) Version/18.5 Mobile/15E148 Safari/604.1"
2001:e68:5471:3654:a0a1:fd48:e7e9:66ae - - [19/Oct/2025:10:27:25 -0400] "GET /wp-content/uploads/lotus-animated.gif HTTP/1.1" 304 - "https://sexpositions.online/" "Mozilla/5.0 (Linux; Android 10; K) AppleWebKit/537.36 (KHTML, like Gecko) Chrome/141.0.0.0 Safari/537.36"
2401:4900:7dd6:9cea:5c73:1337:a5e7:919d - - [19/Oct/2025:10:27:27 -0400] "GET /standing/ HTTP/1.1" 200 104908 "https://sexpositions.online/standing/" "Mozilla/5.0 (Linux; Android 10; K) AppleWebKit/537.36 (KHTML, like Gecko) Chrome/141.0.0.0 Mobile Safari/537.36"
2401:4900:7dd6:9cea:5c73:1337:a5e7:919d - - [19/Oct/2025:10:27:29 -0400] "GET /woman-on-top/ HTTP/1.1" 200 105204 "https://sexpositions.online/standing/" "Mozilla/5.0 (Linux; Android 10; K) AppleWebKit/537.36 (KHTML, like Gecko) Chrome/141.0.0.0 Mobile Safari/537.36"
2001:e68:5471:3654:a0a1:fd48:e7e9:66ae - - [19/Oct/2025:10:27:30 -0400] "GET /wp-content/uploads/spooning-animated.gif HTTP/1.1" 304 - "https://sexpositions.online/" "Mozilla/5.0 (Linux; Android 10; K) AppleWebKit/537.36 (KHTML, like Gecko) Chrome/141.0.0.0 Safari/537.36"
2001:e68:5471:3654:a0a1:fd48:e7e9:66ae - - [19/Oct/2025:10:27:31 -0400] "GET /wp-content/uploads/piledriver-animated.gif HTTP/1.1" 304 - "https://sexpositions.online/" "Mozilla/5.0 (Linux; Android 10; K) AppleWebKit/537.36 (KHTML, like Gecko) Chrome/141.0.0.0 Safari/537.36"
2a01:e0a:547:930:49bf:af92:e1ab:f869 - - [19/Oct/2025:10:27:31 -0400] "GET /wp-content/uploads/downward-dog-animated-1.gif HTTP/1.1" 304 - "https://sexpositions.online/doggy-style/" "Mozilla/5.0 (iPhone; CPU iPhone OS 18_5 like Mac OS X) AppleWebKit/605.1.15 (KHTML, like Gecko) Version/18.5 Mobile/15E148 Safari/604.1"
2001:e68:5471:3654:a0a1:fd48:e7e9:66ae - - [19/Oct/2025:10:27:32 -0400] "GET /wp-content/uploads/helicopter-animated.gif HTTP/1.1" 304 - "https://sexpositions.online/" "Mozilla/5.0 (Linux; Android 10; K) AppleWebKit/537.36 (KHTML, like Gecko) Chrome/141.0.0.0 Safari/537.36"
2001:e68:5471:3654:a0a1:fd48:e7e9:66ae - - [19/Oct/2025:10:27:35 -0400] "GET /wp-content/uploads/butterfly-animated.gif HTTP/1.1" 304 - "https://sexpositions.online/" "Mozilla/5.0 (Linux; Android 10; K) AppleWebKit/537.36 (KHTML, like Gecko) Chrome/141.0.0.0 Safari/537.36"
103.152.102.164 - - [19/Oct/2025:10:27:38 -0400] "GET /wp-content/uploads/doggy-style-animated.gif HTTP/1.1" 304 - "https://sexpositions.online/" "Mozilla/5.0 (Linux; Android 10; K) AppleWebKit/537.36 (KHTML, like Gecko) Chrome/141.0.0.0 Mobile Safari/537.36"
2404:7a85:76a3:c000:7503:ece:64fd:403d - - [19/Oct/2025:10:27:40 -0400] "GET /wp-content/uploads/the-hip-lift-animated.gif HTTP/1.1" 200 261965 "https://www.google.com/" "Mozilla/5.0 (iPhone; CPU iPhone OS 18_6_2 like Mac OS X) AppleWebKit/605.1.15 (KHTML, like Gecko) GSA/390.0.817388646 Mobile/22G100 Safari/604.1"
2001:44c8:48e9:bad7:48c7:b223:3806:1baf - - [19/Oct/2025:10:27:41 -0400] "GET /wp-content/uploads/amazon-animated.gif HTTP/1.1" 304 - "https://www.google.com/" "Mozilla/5.0 (iPhone; CPU iPhone OS 18_3_1 like Mac OS X) AppleWebKit/605.1.15 (KHTML, like Gecko) Version/18.3 Mobile/15E148 Safari/604.1"
2a01:e0a:547:930:49bf:af92:e1ab:f869 - - [19/Oct/2025:10:27:41 -0400] "GET /wp-content/uploads/turtle-animated.gif HTTP/1.1" 304 - "https://sexpositions.online/doggy-style/" "Mozilla/5.0 (iPhone; CPU iPhone OS 18_5 like Mac OS X) AppleWebKit/605.1.15 (KHTML, like Gecko) Version/18.5 Mobile/15E148 Safari/604.1"
113.211.101.245 - - [19/Oct/2025:10:27:44 -0400] "GET / HTTP/1.1" 200 125069 "https://www.google.com/" "Mozilla/5.0 (Linux; Android 10; K) AppleWebKit/537.36 (KHTML, like Gecko) Chrome/140.0.0.0 Mobile Safari/537.36"
2404:7a85:76a3:c000:7503:ece:64fd:403d - - [19/Oct/2025:10:27:47 -0400] "GET /wp-content/uploads/the-deep-animated.gif HTTP/1.1" 200 194906 "https://www.google.com/" "Mozilla/5.0 (iPhone; CPU iPhone OS 18_6_2 like Mac OS X) AppleWebKit/605.1.15 (KHTML, like Gecko) GSA/390.0.817388646 Mobile/22G100 Safari/604.1"
2a01:e0a:547:930:49bf:af92:e1ab:f869 - - [19/Oct/2025:10:27:49 -0400] "GET /wp-content/uploads/frog-animated.gif HTTP/1.1" 304 - "https://sexpositions.online/doggy-style/" "Mozilla/5.0 (iPhone; CPU iPhone OS 18_5 like Mac OS X) AppleWebKit/605.1.15 (KHTML, like Gecko) Version/18.5 Mobile/15E148 Safari/604.1"
114.130.186.148 - - [19/Oct/2025:10:22:51 -0400] "GET /wp-content/uploads/elephant-animated.gif HTTP/1.1" 200 162204 "https://www.google.com/" "Mozilla/5.0 (iPhone; CPU iPhone OS 26_0_1 like Mac OS X) AppleWebKit/605.1.15 (KHTML, like Gecko) CriOS/141.0.7390.96 Mobile/15E148 Safari/604.1"
103.152.102.164 - - [19/Oct/2025:10:27:53 -0400] "GET /wp-content/uploads/spooning-animated.gif HTTP/1.1" 304 - "https://sexpositions.online/" "Mozilla/5.0 (Linux; Android 10; K) AppleWebKit/537.36 (KHTML, like Gecko) Chrome/141.0.0.0 Mobile Safari/537.36"
103.152.102.164 - - [19/Oct/2025:10:27:54 -0400] "GET /wp-content/uploads/piledriver-animated.gif HTTP/1.1" 304 - "https://sexpositions.online/" "Mozilla/5.0 (Linux; Android 10; K) AppleWebKit/537.36 (KHTML, like Gecko) Chrome/141.0.0.0 Mobile Safari/537.36"
51.15.99.135 - - [19/Oct/2025:10:27:55 -0400] "GET /wp-content/uploads/cat-animated.gif HTTP/1.1" 304 - "https://sexpositions.online/wp-content/uploads/cat-animated.gif" "Mozilla/4.0 (compatible; MSIE 5.01; Windows NT 5.0)"
2404:7a85:76a3:c000:7503:ece:64fd:403d - - [19/Oct/2025:10:27:59 -0400] "GET /wp-content/uploads/butterfly-animated.gif HTTP/1.1" 200 207316 "https://www.google.com/" "Mozilla/5.0 (iPhone; CPU iPhone OS 18_6_2 like Mac OS X) AppleWebKit/605.1.15 (KHTML, like Gecko) GSA/390.0.817388646 Mobile/22G100 Safari/604.1"
2a01:e0a:547:930:49bf:af92:e1ab:f869 - - [19/Oct/2025:10:28:06 -0400] "GET /eiffel-tower/ HTTP/1.1" 200 98168 "https://sexpositions.online/doggy-style/" "Mozilla/5.0 (iPhone; CPU iPhone OS 18_5 like Mac OS X) AppleWebKit/605.1.15 (KHTML, like Gecko) Version/18.5 Mobile/15E148 Safari/604.1"
2401:4900:7dd6:9cea:5c73:1337:a5e7:919d - - [19/Oct/2025:10:28:09 -0400] "GET /the-acrobat/ HTTP/1.1" 200 98216 "https://sexpositions.online/woman-on-top/" "Mozilla/5.0 (Linux; Android 10; K) AppleWebKit/537.36 (KHTML, like Gecko) Chrome/141.0.0.0 Mobile Safari/537.36"
46.154.168.154 - - [19/Oct/2025:10:28:10 -0400] "GET /wp-content/uploads/kissing-the-pink-animated.gif HTTP/1.1" 304 - "https://www.google.com.tr/" "Mozilla/5.0 (Linux; Android 10; K) AppleWebKit/537.36 (KHTML, like Gecko) Chrome/140.0.0.0 Mobile Safari/537.36 OPR/92.0.0.0"
102.117.214.188 - - [19/Oct/2025:10:28:12 -0400] "GET /wp-content/uploads/the-acrobat-animated-1.gif HTTP/1.1" 200 218915 "https://www.google.com/" "Mozilla/5.0 (Linux; Android 10; K) AppleWebKit/537.36 (KHTML, like Gecko) Chrome/141.0.0.0 Mobile Safari/537.36"
2401:4900:7dd6:9cea:5c73:1337:a5e7:919d - - [19/Oct/2025:10:28:19 -0400] "GET /chair/ HTTP/1.1" 200 103051 "https://sexpositions.online/woman-on-top/" "Mozilla/5.0 (Linux; Android 10; K) AppleWebKit/537.36 (KHTML, like Gecko) Chrome/141.0.0.0 Mobile Safari/537.36"
2401:4900:7dd6:9cea:5c73:1337:a5e7:919d - - [19/Oct/2025:10:28:20 -0400] "GET / HTTP/1.1" 200 125069 "https://sexpositions.online/woman-on-top/" "Mozilla/5.0 (Linux; Android 10; K) AppleWebKit/537.36 (KHTML, like Gecko) Chrome/141.0.0.0 Mobile Safari/537.36"
102.223.59.241 - - [19/Oct/2025:10:28:20 -0400] "GET / HTTP/1.1" 200 125069 "https://www.google.com/" "Mozilla/5.0 (Linux; Android 10; K) AppleWebKit/537.36 (KHTML, like Gecko) Chrome/141.0.0.0 Mobile Safari/537.36"
103.152.102.164 - - [19/Oct/2025:10:28:29 -0400] "GET /wp-content/uploads/helicopter-animated.gif HTTP/1.1" 304 - "https://sexpositions.online/" "Mozilla/5.0 (Linux; Android 10; K) AppleWebKit/537.36 (KHTML, like Gecko) Chrome/141.0.0.0 Mobile Safari/537.36"
35.89.179.159 - - [19/Oct/2025:10:28:33 -0400] "GET /wp-content/uploads/downward-dog-animated-1.gif HTTP/1.1" 304 - "-" "Mozilla/5.0 (Windows NT 10.0; Win64; x64) AppleWebKit/537.36 (KHTML, like Gecko) Chrome/137.0.0.0 Safari/537.36"
34.220.101.220 - - [19/Oct/2025:10:28:42 -0400] "GET /wp-content/uploads/lazy-dog-animated-1.gif HTTP/1.1" 304 - "-" "Mozilla/5.0 (Windows NT 10.0; Win64; x64) AppleWebKit/537.36 (KHTML, like Gecko) Chrome/137.0.0.0 Safari/537.36"
2a09:bac3:7292:e6e::170:c6 - - [19/Oct/2025:10:28:49 -0400] "GET /woman-on-top/ HTTP/1.1" 200 105193 "https://sexpositions.online/easy/" "Mozilla/5.0 (Macintosh; Intel Mac OS X 10_15_7) AppleWebKit/605.1.15 (KHTML, like Gecko) Version/18.5 Safari/605.1.15"
44.248.35.126 - - [19/Oct/2025:10:28:54 -0400] "GET /wp-content/uploads/turtle-animated.gif HTTP/1.1" 304 - "-" "Mozilla/5.0 (Windows NT 10.0; Win64; x64) AppleWebKit/537.36 (KHTML, like Gecko) Chrome/137.0.0.0 Safari/537.36"
52.167.144.159 - - [19/Oct/2025:10:28:58 -0400] "GET /?s=bloqueio+de+execu%C3%A7%C3%A3o+de+aplicativo HTTP/1.1" 200 96582 "-" "Mozilla/5.0 AppleWebKit/537.36 (KHTML, like Gecko; compatible; bingbot/2.0; +http://www.bing.com/bingbot.htm) Chrome/116.0.1938.76 Safari/537.36"
2001:44c8:48e9:bad7:48c7:b223:3806:1baf - - [19/Oct/2025:10:28:58 -0400] "GET /advanced/ HTTP/1.1" 200 101754 "https://www.google.com/" "Mozilla/5.0 (iPhone; CPU iPhone OS 18_3_1 like Mac OS X) AppleWebKit/605.1.15 (KHTML, like Gecko) Version/18.3 Mobile/15E148 Safari/604.1"
103.152.102.164 - - [19/Oct/2025:10:28:59 -0400] "GET /wp-content/uploads/butterfly-animated.gif HTTP/1.1" 304 - "https://sexpositions.online/" "Mozilla/5.0 (Linux; Android 10; K) AppleWebKit/537.36 (KHTML, like Gecko) Chrome/141.0.0.0 Mobile Safari/537.36"
2401:4900:7dd6:9cea:5c73:1337:a5e7:919d - - [19/Oct/2025:10:29:11 -0400] "GET /piledriver/ HTTP/1.1" 200 99780 "https://sexpositions.online/" "Mozilla/5.0 (Linux; Android 10; K) AppleWebKit/537.36 (KHTML, like Gecko) Chrome/141.0.0.0 Mobile Safari/537.36"
2401:4900:7dd6:9cea:5c73:1337:a5e7:919d - - [19/Oct/2025:10:29:16 -0400] "GET /anal/ HTTP/1.1" 200 107938 "https://sexpositions.online/woman-on-top/" "Mozilla/5.0 (Linux; Android 10; K) AppleWebKit/537.36 (KHTML, like Gecko) Chrome/141.0.0.0 Mobile Safari/537.36"
144.48.108.197 - - [19/Oct/2025:10:29:18 -0400] "GET /cowboy/ HTTP/1.1" 200 98022 "https://sexpositions.online/missionary/" "Mozilla/5.0 (Linux; Android 10; K) AppleWebKit/537.36 (KHTML, like Gecko) Chrome/135.0.0.0 Mobile Safari/537.36"
144.48.108.197 - - [19/Oct/2025:10:29:19 -0400] "GET /wp-content/uploads/cowboy-animated.gif HTTP/1.1" 304 - "https://sexpositions.online/cowboy/" "Mozilla/5.0 (Linux; Android 10; K) AppleWebKit/537.36 (KHTML, like Gecko) Chrome/135.0.0.0 Mobile Safari/537.36"
103.152.102.164 - - [19/Oct/2025:10:29:19 -0400] "GET /wp-content/uploads/speed-bump-animated.gif HTTP/1.1" 304 - "https://sexpositions.online/" "Mozilla/5.0 (Linux; Android 10; K) AppleWebKit/537.36 (KHTML, like Gecko) Chrome/141.0.0.0 Mobile Safari/537.36"
144.48.108.197 - - [19/Oct/2025:10:29:22 -0400] "GET /full-nelson/ HTTP/1.1" 200 98082 "https://sexpositions.online/cowboy/" "Mozilla/5.0 (Linux; Android 10; K) AppleWebKit/537.36 (KHTML, like Gecko) Chrome/135.0.0.0 Mobile Safari/537.36"
144.48.108.197 - - [19/Oct/2025:10:29:22 -0400] "GET /wp-content/uploads/full-nelson-animated.gif HTTP/1.1" 304 - "https://sexpositions.online/full-nelson/" "Mozilla/5.0 (Linux; Android 10; K) AppleWebKit/537.36 (KHTML, like Gecko) Chrome/135.0.0.0 Mobile Safari/537.36"
196.249.109.137 - - [19/Oct/2025:10:29:26 -0400] "GET /spooning/ HTTP/1.1" 200 100748 "https://sexpositions.online/" "Mozilla/5.0 (Linux; Android 10; K) AppleWebKit/537.36 (KHTML, like Gecko) Chrome/141.0.0.0 Mobile Safari/537.36"
144.48.108.197 - - [19/Oct/2025:10:29:28 -0400] "GET /frog/ HTTP/1.1" 200 98182 "https://sexpositions.online/full-nelson/" "Mozilla/5.0 (Linux; Android 10; K) AppleWebKit/537.36 (KHTML, like Gecko) Chrome/135.0.0.0 Mobile Safari/537.36"
144.48.108.197 - - [19/Oct/2025:10:29:29 -0400] "GET /wp-content/uploads/frog-animated.gif HTTP/1.1" 304 - "https://sexpositions.online/frog/" "Mozilla/5.0 (Linux; Android 10; K) AppleWebKit/537.36 (KHTML, like Gecko) Chrome/135.0.0.0 Mobile Safari/537.36"
144.48.108.197 - - [19/Oct/2025:10:29:31 -0400] "GET /reverse-cowgirl/ HTTP/1.1" 200 98063 "https://sexpositions.online/frog/" "Mozilla/5.0 (Linux; Android 10; K) AppleWebKit/537.36 (KHTML, like Gecko) Chrome/135.0.0.0 Mobile Safari/537.36"
144.48.108.197 - - [19/Oct/2025:10:29:31 -0400] "GET /wp-content/uploads/reverse-cowgirl-animated.gif HTTP/1.1" 304 - "https://sexpositions.online/reverse-cowgirl/" "Mozilla/5.0 (Linux; Android 10; K) AppleWebKit/537.36 (KHTML, like Gecko) Chrome/135.0.0.0 Mobile Safari/537.36"
20.73.202.147 - - [19/Oct/2025:10:29:32 -0400] "GET /wp-content/uploads/two-timing-animated.gif HTTP/1.1" 304 - "-" "DuckDuckBot/1.1; (+http://duckduckgo.com/duckduckbot.html)"
144.48.108.197 - - [19/Oct/2025:10:29:33 -0400] "GET /doggy-style/ HTTP/1.1" 200 102754 "https://sexpositions.online/reverse-cowgirl/" "Mozilla/5.0 (Linux; Android 10; K) AppleWebKit/537.36 (KHTML, like Gecko) Chrome/135.0.0.0 Mobile Safari/537.36"
2001:4451:82e4:5900:30c4:30db:ef43:6eaa - - [19/Oct/2025:10:29:33 -0400] "GET /captain/ HTTP/1.1" 200 98350 "-" "Mozilla/5.0 (iPhone; CPU iPhone OS 18_7_1 like Mac OS X) AppleWebKit/605.1.15 (KHTML, like Gecko) Version/18.7 Mobile/15E148 Safari/604.1"
144.48.108.197 - - [19/Oct/2025:10:29:34 -0400] "GET /wp-content/uploads/eiffel-tower-animated.gif HTTP/1.1" 304 - "https://sexpositions.online/doggy-style/" "Mozilla/5.0 (Linux; Android 10; K) AppleWebKit/537.36 (KHTML, like Gecko) Chrome/135.0.0.0 Mobile Safari/537.36"
144.48.108.197 - - [19/Oct/2025:10:29:34 -0400] "GET /wp-content/uploads/upward-dog-animated.gif HTTP/1.1" 304 - "https://sexpositions.online/doggy-style/" "Mozilla/5.0 (Linux; Android 10; K) AppleWebKit/537.36 (KHTML, like Gecko) Chrome/135.0.0.0 Mobile Safari/537.36"
144.48.108.197 - - [19/Oct/2025:10:29:35 -0400] "GET /wp-content/uploads/flatiron-animated.gif HTTP/1.1" 304 - "https://sexpositions.online/doggy-style/" "Mozilla/5.0 (Linux; Android 10; K) AppleWebKit/537.36 (KHTML, like Gecko) Chrome/135.0.0.0 Mobile Safari/537.36"
144.48.108.197 - - [19/Oct/2025:10:29:36 -0400] "GET /wp-content/uploads/downward-dog-animated-1.gif HTTP/1.1" 304 - "https://sexpositions.online/doggy-style/" "Mozilla/5.0 (Linux; Android 10; K) AppleWebKit/537.36 (KHTML, like Gecko) Chrome/135.0.0.0 Mobile Safari/537.36"
144.48.108.197 - - [19/Oct/2025:10:29:37 -0400] "GET /wp-content/uploads/turtle-animated.gif HTTP/1.1" 304 - "https://sexpositions.online/doggy-style/" "Mozilla/5.0 (Linux; Android 10; K) AppleWebKit/537.36 (KHTML, like Gecko) Chrome/135.0.0.0 Mobile Safari/537.36"
144.48.108.197 - - [19/Oct/2025:10:29:37 -0400] "GET /wp-content/uploads/lazy-dog-animated-1.gif HTTP/1.1" 304 - "https://sexpositions.online/doggy-style/" "Mozilla/5.0 (Linux; Android 10; K) AppleWebKit/537.36 (KHTML, like Gecko) Chrome/135.0.0.0 Mobile Safari/537.36"
109.107.165.23 - - [19/Oct/2025:10:29:37 -0400] "GET /wp-content/uploads/buckin-bronco-animated.gif HTTP/1.1" 304 - "https://yandex.ru/" "Mozilla/5.0 (iPhone; CPU iPhone OS 18_3_2 like Mac OS X) AppleWebKit/605.1.15 (KHTML, like Gecko) Version/18.3.1 Mobile/15E148 Safari/604.1"
213.27.170.9 - - [19/Oct/2025:10:29:38 -0400] "GET / HTTP/1.1" 200 125069 "https://www.google.com/" "Mozilla/5.0 (Linux; Android 10; K) AppleWebKit/537.36 (KHTML, like Gecko) Chrome/141.0.0.0 Mobile Safari/537.36"
2a09:bac2:789b:1046::19f:fa - - [19/Oct/2025:10:29:41 -0400] "GET /wp-content/uploads/doggy-style-animated.gif HTTP/1.1" 304 - "https://www.google.com/" "Mozilla/5.0 (iPhone; CPU iPhone OS 18_7 like Mac OS X) AppleWebKit/605.1.15 (KHTML, like Gecko) Version/26.0.1 Mobile/15E148 Safari/604.1"
144.48.108.197 - - [19/Oct/2025:10:29:45 -0400] "GET /cowgirl/ HTTP/1.1" 200 101897 "https://sexpositions.online/doggy-style/" "Mozilla/5.0 (Linux; Android 10; K) AppleWebKit/537.36 (KHTML, like Gecko) Chrome/135.0.0.0 Mobile Safari/537.36"
144.48.108.197 - - [19/Oct/2025:10:29:46 -0400] "GET /wp-content/uploads/face-to-face-animated.gif HTTP/1.1" 304 - "https://sexpositions.online/cowgirl/" "Mozilla/5.0 (Linux; Android 10; K) AppleWebKit/537.36 (KHTML, like Gecko) Chrome/135.0.0.0 Mobile Safari/537.36"
144.48.108.197 - - [19/Oct/2025:10:29:47 -0400] "GET /wp-content/uploads/the-sitting-cat-animated.gif HTTP/1.1" 304 - "https://sexpositions.online/cowgirl/" "Mozilla/5.0 (Linux; Android 10; K) AppleWebKit/537.36 (KHTML, like Gecko) Chrome/135.0.0.0 Mobile Safari/537.36"
144.48.108.197 - - [19/Oct/2025:10:29:49 -0400] "GET /wp-content/uploads/the-wave-animated.gif HTTP/1.1" 304 - "https://sexpositions.online/cowgirl/" "Mozilla/5.0 (Linux; Android 10; K) AppleWebKit/537.36 (KHTML, like Gecko) Chrome/135.0.0.0 Mobile Safari/537.36"
144.48.108.197 - - [19/Oct/2025:10:29:49 -0400] "GET /reverse-cowgirl/ HTTP/1.1" 200 98063 "https://sexpositions.online/cowgirl/" "Mozilla/5.0 (Linux; Android 10; K) AppleWebKit/537.36 (KHTML, like Gecko) Chrome/135.0.0.0 Mobile Safari/537.36"
144.48.108.197 - - [19/Oct/2025:10:29:50 -0400] "GET /wp-content/uploads/belly-dancer-animated.gif HTTP/1.1" 304 - "https://sexpositions.online/cowgirl/" "Mozilla/5.0 (Linux; Android 10; K) AppleWebKit/537.36 (KHTML, like Gecko) Chrome/135.0.0.0 Mobile Safari/537.36"
144.48.108.197 - - [19/Oct/2025:10:29:50 -0400] "GET /face-to-face/ HTTP/1.1" 200 98095 "https://sexpositions.online/cowgirl/" "Mozilla/5.0 (Linux; Android 10; K) AppleWebKit/537.36 (KHTML, like Gecko) Chrome/135.0.0.0 Mobile Safari/537.36"
185.115.7.131 - - [19/Oct/2025:10:29:54 -0400] "GET /wp-content/uploads/jackhammer-animated.gif HTTP/1.1" 304 - "https://www.google.com/" "Mozilla/5.0 (iPhone; CPU iPhone OS 18_6_2 like Mac OS X) AppleWebKit/605.1.15 (KHTML, like Gecko) Version/18.6 Mobile/15E148 Safari/604.1"
144.48.108.197 - - [19/Oct/2025:10:29:56 -0400] "GET /the-sitting-cat/ HTTP/1.1" 200 98098 "https://sexpositions.online/cowgirl/" "Mozilla/5.0 (Linux; Android 10; K) AppleWebKit/537.36 (KHTML, like Gecko) Chrome/135.0.0.0 Mobile Safari/537.36"
144.48.108.197 - - [19/Oct/2025:10:29:57 -0400] "GET /the-wave/ HTTP/1.1" 200 98104 "https://sexpositions.online/cowgirl/" "Mozilla/5.0 (Linux; Android 10; K) AppleWebKit/537.36 (KHTML, like Gecko) Chrome/135.0.0.0 Mobile Safari/537.36"
20.73.202.147 - - [19/Oct/2025:10:30:00 -0400] "GET /wp-content/uploads/the-crazy-cat-animated.gif HTTP/1.1" 304 - "-" "DuckDuckBot/1.1; (+http://duckduckgo.com/duckduckbot.html)"
185.115.7.131 - - [19/Oct/2025:10:29:59 -0400] "GET /oral/blowjob/ HTTP/1.1" 200 103860 "https://www.google.com/" "Mozilla/5.0 (iPhone; CPU iPhone OS 18_6_2 like Mac OS X) AppleWebKit/605.1.15 (KHTML, like Gecko) Version/18.6 Mobile/15E148 Safari/604.1"
185.115.7.131 - - [19/Oct/2025:10:30:01 -0400] "GET /wp-content/uploads/out-of-sight-animated.gif HTTP/1.1" 200 234977 "https://sexpositions.online/oral/blowjob/" "Mozilla/5.0 (iPhone; CPU iPhone OS 18_6_2 like Mac OS X) AppleWebKit/605.1.15 (KHTML, like Gecko) Version/18.6 Mobile/15E148 Safari/604.1"
185.115.7.131 - - [19/Oct/2025:10:30:01 -0400] "GET /wp-content/uploads/sword-swallower-animated.gif HTTP/1.1" 200 240479 "https://sexpositions.online/oral/blowjob/" "Mozilla/5.0 (iPhone; CPU iPhone OS 18_6_2 like Mac OS X) AppleWebKit/605.1.15 (KHTML, like Gecko) Version/18.6 Mobile/15E148 Safari/604.1"
144.48.108.197 - - [19/Oct/2025:10:30:01 -0400] "GET /helicopter/ HTTP/1.1" 200 99890 "https://sexpositions.online/cowgirl/" "Mozilla/5.0 (Linux; Android 10; K) AppleWebKit/537.36 (KHTML, like Gecko) Chrome/135.0.0.0 Mobile Safari/537.36"
144.48.108.197 - - [19/Oct/2025:10:30:02 -0400] "GET /wp-content/uploads/airplane-animated.gif HTTP/1.1" 304 - "https://sexpositions.online/helicopter/" "Mozilla/5.0 (Linux; Android 10; K) AppleWebKit/537.36 (KHTML, like Gecko) Chrome/135.0.0.0 Mobile Safari/537.36"
144.48.108.197 - - [19/Oct/2025:10:30:02 -0400] "GET /wp-content/uploads/starfish-animated.gif HTTP/1.1" 304 - "https://sexpositions.online/helicopter/" "Mozilla/5.0 (Linux; Android 10; K) AppleWebKit/537.36 (KHTML, like Gecko) Chrome/135.0.0.0 Mobile Safari/537.36"
185.203.174.45 - - [19/Oct/2025:10:30:03 -0400] "GET /wp-content/uploads/reverse-cowgirl-animated.gif HTTP/1.1" 304 - "https://www.google.com/" "Mozilla/5.0 (iPhone; CPU iPhone OS 18_7 like Mac OS X) AppleWebKit/605.1.15 (KHTML, like Gecko) Version/26.0.1 Mobile/15E148 Safari/604.1"
144.48.108.197 - - [19/Oct/2025:10:30:03 -0400] "GET /wp-content/uploads/the-x-factor-animated-2.gif HTTP/1.1" 304 - "https://sexpositions.online/helicopter/" "Mozilla/5.0 (Linux; Android 10; K) AppleWebKit/537.36 (KHTML, like Gecko) Chrome/135.0.0.0 Mobile Safari/537.36"
185.115.7.131 - - [19/Oct/2025:10:30:11 -0400] "GET /wp-content/uploads/double-dare-animated.gif HTTP/1.1" 200 187539 "https://sexpositions.online/oral/blowjob/" "Mozilla/5.0 (iPhone; CPU iPhone OS 18_6_2 like Mac OS X) AppleWebKit/605.1.15 (KHTML, like Gecko) Version/18.6 Mobile/15E148 Safari/604.1"
2600:1f18:b5:b61a:6fba::4 - - [19/Oct/2025:10:30:12 -0400] "GET /sinkhole/ HTTP/1.1" 200 98205 "-" "Snap URL Preview Service; bot; snapchat; https://developers.snap.com/robots"
2600:1f18:b5:b61a:b398::1 - - [19/Oct/2025:10:30:12 -0400] "GET /captain/ HTTP/1.1" 200 98339 "-" "Snap URL Preview Service; bot; snapchat; https://developers.snap.com/robots"
2600:1f18:b5:b61a:f326:: - - [19/Oct/2025:10:30:12 -0400] "GET /piledriver/ HTTP/1.1" 200 99769 "-" "Snap URL Preview Service; bot; snapchat; https://developers.snap.com/robots"
34.238.245.197 - - [19/Oct/2025:10:30:13 -0400] "GET /sinkhole/ HTTP/1.1" 200 98216 "-" "Mozilla/5.0 (iPhone; CPU iPhone OS 13_1_3 like Mac OS X) AppleWebKit/534.2.25 (KHTML, like Gecko) Version/13.1 Mobile/15E148 Snapchat/11.16.0.22 (like Safari/534.2, panda)"
34.238.245.197 - - [19/Oct/2025:10:30:13 -0400] "GET /captain/ HTTP/1.1" 200 98350 "-" "Mozilla/5.0 (iPhone; CPU iPhone OS 13_2_1 like Mac OS X) AppleWebKit/501.3.36 (KHTML, like Gecko) Version/13.2 Mobile/15E148 Snapchat/11.24.0.4 (like Safari/501.3, panda)"
34.238.245.197 - - [19/Oct/2025:10:30:13 -0400] "GET /piledriver/ HTTP/1.1" 200 99780 "-" "Mozilla/5.0 (iPhone; CPU iPhone OS 14_3_3 like Mac OS X) AppleWebKit/519.2.2 (KHTML, like Gecko) Version/14.3 Mobile/15E148 Snapchat/12.40.0.33 (like Safari/519.2, panda)"
178.141.76.169 - - [19/Oct/2025:10:30:19 -0400] "GET /wp-content/uploads/buckin-bronco-animated.gif HTTP/1.1" 304 - "https://yandex.ru/" "Mozilla/5.0 (iPhone; CPU iPhone OS 18_6 like Mac OS X) AppleWebKit/605.1.15 (KHTML, like Gecko) Mobile/15E148 YaBrowser/25.10.1.710.10 YaApp_iOS/2510.1 YaApp_iOS_Search/2510.1 TA/2.1 webVert webOmni Safari/604.1 SA/3"
185.115.7.131 - - [19/Oct/2025:10:30:21 -0400] "GET /wp-content/uploads/up-against-the-wall-animated.gif HTTP/1.1" 200 172610 "https://sexpositions.online/oral/blowjob/" "Mozilla/5.0 (iPhone; CPU iPhone OS 18_6_2 like Mac OS X) AppleWebKit/605.1.15 (KHTML, like Gecko) Version/18.6 Mobile/15E148 Safari/604.1"
125.237.217.186 - - [19/Oct/2025:10:30:24 -0400] "GET /sexy-samba/ HTTP/1.1" 200 97948 "https://sexpositions.online/category/position/page/13/" "Mozilla/5.0 (Linux; Android 10; K) AppleWebKit/537.36 (KHTML, like Gecko) Chrome/141.0.0.0 Mobile Safari/537.36"
185.115.7.131 - - [19/Oct/2025:10:30:24 -0400] "GET /wp-content/uploads/the-tipster-animated.gif HTTP/1.1" 200 197613 "https://sexpositions.online/oral/blowjob/" "Mozilla/5.0 (iPhone; CPU iPhone OS 18_6_2 like Mac OS X) AppleWebKit/605.1.15 (KHTML, like Gecko) Version/18.6 Mobile/15E148 Safari/604.1"
185.115.7.131 - - [19/Oct/2025:10:30:29 -0400] "GET /wp-content/uploads/two-4-one-animated.gif HTTP/1.1" 200 170355 "https://sexpositions.online/oral/blowjob/" "Mozilla/5.0 (iPhone; CPU iPhone OS 18_6_2 like Mac OS X) AppleWebKit/605.1.15 (KHTML, like Gecko) Version/18.6 Mobile/15E148 Safari/604.1"
185.115.7.131 - - [19/Oct/2025:10:30:31 -0400] "GET /wp-content/uploads/the-chin-rest-animated.gif HTTP/1.1" 200 182016 "https://sexpositions.online/oral/blowjob/" "Mozilla/5.0 (iPhone; CPU iPhone OS 18_6_2 like Mac OS X) AppleWebKit/605.1.15 (KHTML, like Gecko) Version/18.6 Mobile/15E148 Safari/604.1"
85.208.96.194 - - [19/Oct/2025:10:30:34 -0400] "GET /page/10/?action=repository_opensearch&count=20&index_id=1777&order=17&pn=1 HTTP/1.1" 200 116261 "-" "Mozilla/5.0 (compatible; SemrushBot/7~bl; +http://www.semrush.com/bot.html)"
185.115.7.131 - - [19/Oct/2025:10:30:35 -0400] "GET /wp-content/uploads/play-ball-animated.gif HTTP/1.1" 304 - "https://sexpositions.online/oral/blowjob/" "Mozilla/5.0 (iPhone; CPU iPhone OS 18_6_2 like Mac OS X) AppleWebKit/605.1.15 (KHTML, like Gecko) Version/18.6 Mobile/15E148 Safari/604.1"
125.237.217.186 - - [19/Oct/2025:10:30:49 -0400] "GET /category/position/page/14/ HTTP/1.1" 200 116323 "https://sexpositions.online/category/position/page/13/" "Mozilla/5.0 (Linux; Android 10; K) AppleWebKit/537.36 (KHTML, like Gecko) Chrome/141.0.0.0 Mobile Safari/537.36"
125.237.217.186 - - [19/Oct/2025:10:30:50 -0400] "GET /wp-content/uploads/the-love-seat-animated-1.gif HTTP/1.1" 304 - "https://sexpositions.online/category/position/page/14/" "Mozilla/5.0 (Linux; Android 10; K) AppleWebKit/537.36 (KHTML, like Gecko) Chrome/141.0.0.0 Mobile Safari/537.36"
125.237.217.186 - - [19/Oct/2025:10:30:50 -0400] "GET /wp-content/uploads/side-saddle-animated.gif HTTP/1.1" 200 233984 "https://sexpositions.online/category/position/page/14/" "Mozilla/5.0 (Linux; Android 10; K) AppleWebKit/537.36 (KHTML, like Gecko) Chrome/141.0.0.0 Mobile Safari/537.36"
125.237.217.186 - - [19/Oct/2025:10:30:50 -0400] "GET /wp-content/uploads/sinkhole-animated.gif HTTP/1.1" 200 209491 "https://sexpositions.online/category/position/page/14/" "Mozilla/5.0 (Linux; Android 10; K) AppleWebKit/537.36 (KHTML, like Gecko) Chrome/141.0.0.0 Mobile Safari/537.36"
113.211.101.245 - - [19/Oct/2025:10:30:51 -0400] "GET / HTTP/1.1" 200 125069 "https://www.google.com/" "Mozilla/5.0 (Linux; Android 10; K) AppleWebKit/537.36 (KHTML, like Gecko) Chrome/140.0.0.0 Mobile Safari/537.36"
125.237.217.186 - - [19/Oct/2025:10:30:54 -0400] "GET /wp-content/uploads/sitting-pretty-animated.gif HTTP/1.1" 200 187574 "https://sexpositions.online/category/position/page/14/" "Mozilla/5.0 (Linux; Android 10; K) AppleWebKit/537.36 (KHTML, like Gecko) Chrome/141.0.0.0 Mobile Safari/537.36"
125.237.217.186 - - [19/Oct/2025:10:31:00 -0400] "GET /sinkhole/ HTTP/1.1" 200 98216 "https://sexpositions.online/category/position/page/14/" "Mozilla/5.0 (Linux; Android 10; K) AppleWebKit/537.36 (KHTML, like Gecko) Chrome/141.0.0.0 Mobile Safari/537.36"
125.237.217.186 - - [19/Oct/2025:10:31:00 -0400] "GET /wp-content/uploads/sleeping-beauty-animated.gif HTTP/1.1" 200 218192 "https://sexpositions.online/category/position/page/14/" "Mozilla/5.0 (Linux; Android 10; K) AppleWebKit/537.36 (KHTML, like Gecko) Chrome/141.0.0.0 Mobile Safari/537.36"
125.237.217.186 - - [19/Oct/2025:10:31:02 -0400] "GET /the-love-seat/ HTTP/1.1" 200 98038 "https://sexpositions.online/category/position/page/14/" "Mozilla/5.0 (Linux; Android 10; K) AppleWebKit/537.36 (KHTML, like Gecko) Chrome/141.0.0.0 Mobile Safari/537.36"
125.237.217.186 - - [19/Oct/2025:10:31:02 -0400] "GET /wp-content/uploads/spooning-animated.gif HTTP/1.1" 304 - "https://sexpositions.online/category/position/page/14/" "Mozilla/5.0 (Linux; Android 10; K) AppleWebKit/537.36 (KHTML, like Gecko) Chrome/141.0.0.0 Mobile Safari/537.36"
125.237.217.186 - - [19/Oct/2025:10:31:03 -0400] "GET /sitting-pretty/ HTTP/1.1" 200 98052 "https://sexpositions.online/category/position/page/14/" "Mozilla/5.0 (Linux; Android 10; K) AppleWebKit/537.36 (KHTML, like Gecko) Chrome/141.0.0.0 Mobile Safari/537.36"
125.237.217.186 - - [19/Oct/2025:10:31:03 -0400] "GET /wp-content/uploads/face-to-face-animated.gif HTTP/1.1" 200 194868 "https://sexpositions.online/category/position/page/14/" "Mozilla/5.0 (Linux; Android 10; K) AppleWebKit/537.36 (KHTML, like Gecko) Chrome/141.0.0.0 Mobile Safari/537.36"
198.244.242.41 - - [19/Oct/2025:10:31:03 -0400] "GET /oral/ HTTP/1.1" 200 105330 "-" "Mozilla/5.0 (compatible; AhrefsBot/7.0; +http://ahrefs.com/robot/)"
2620:121:5042:52:eff0:: - - [19/Oct/2025:10:31:21 -0400] "GET / HTTP/1.1" 200 125058 "-" "Snap URL Preview Service; bot; snapchat; https://developers.snap.com/robots"
52.210.156.65 - - [19/Oct/2025:10:31:22 -0400] "GET / HTTP/1.1" 200 125069 "-" "Mozilla/5.0 (iPhone; CPU iPhone OS 14_1_3 like Mac OS X) AppleWebKit/574.1.31 (KHTML, like Gecko) Version/14.1 Mobile/15E148 Snapchat/12.9.0.14 (like Safari/574.1, panda)"
125.237.217.186 - - [19/Oct/2025:10:31:24 -0400] "GET /wp-content/uploads/sneaky-girl-animated.gif HTTP/1.1" 200 209171 "https://sexpositions.online/category/position/page/14/" "Mozilla/5.0 (Linux; Android 10; K) AppleWebKit/537.36 (KHTML, like Gecko) Chrome/141.0.0.0 Mobile Safari/537.36"
125.237.217.186 - - [19/Oct/2025:10:31:24 -0400] "GET /sleeping-beauty/ HTTP/1.1" 200 98078 "https://sexpositions.online/category/position/page/14/" "Mozilla/5.0 (Linux; Android 10; K) AppleWebKit/537.36 (KHTML, like Gecko) Chrome/141.0.0.0 Mobile Safari/537.36"
2409:40f2:103d:55c:8000:: - - [19/Oct/2025:10:31:47 -0400] "GET /oral/cunnilingus/ HTTP/1.1" 200 104753 "https://www.google.com/" "Mozilla/5.0 (Linux; Android 10; K) AppleWebKit/537.36 (KHTML, like Gecko) Chrome/141.0.0.0 Mobile Safari/537.36"
203.204.66.123 - - [19/Oct/2025:10:31:47 -0400] "GET /wp-content/uploads/airplane-animated.gif HTTP/1.1" 200 252773 "https://www.google.com/" "Mozilla/5.0 (Macintosh; Intel Mac OS X 10_15_7) AppleWebKit/605.1.15 (KHTML, like Gecko) Version/18.1 Safari/605.1.15"
197.185.137.40 - - [19/Oct/2025:10:31:50 -0400] "GET /wp-content/uploads/missionary-animated.gif HTTP/1.1" 304 - "https://www.google.com/" "Mozilla/5.0 (iPhone; CPU iPhone OS 18_5 like Mac OS X) AppleWebKit/605.1.15 (KHTML, like Gecko) GSA/389.2.814818472 Mobile/22F76 Safari/604.1"
197.185.137.40 - - [19/Oct/2025:10:31:52 -0400] "GET / HTTP/1.1" 200 125069 "https://www.google.com/" "Mozilla/5.0 (iPhone; CPU iPhone OS 18_5_0 like Mac OS X) AppleWebKit/605.1.15 (KHTML, like Gecko) GSA/389.2.814818472 Mobile/15E148 Safari/604.1"
197.185.137.40 - - [19/Oct/2025:10:31:53 -0400] "GET /wp-content/themes/astra/assets/css/minified/main.min.css?ver=4.11.12 HTTP/1.1" 304 - "https://sexpositions.online/" "Mozilla/5.0 (iPhone; CPU iPhone OS 18_5_0 like Mac OS X) AppleWebKit/605.1.15 (KHTML, like Gecko) GSA/389.2.814818472 Mobile/15E148 Safari/604.1"
197.185.137.40 - - [19/Oct/2025:10:31:54 -0400] "GET /wp-includes/css/dist/block-library/style.min.css?ver=6.8.3 HTTP/1.1" 304 - "https://sexpositions.online/" "Mozilla/5.0 (iPhone; CPU iPhone OS 18_5_0 like Mac OS X) AppleWebKit/605.1.15 (KHTML, like Gecko) GSA/389.2.814818472 Mobile/15E148 Safari/604.1"
197.185.137.40 - - [19/Oct/2025:10:31:54 -0400] "GET /wp-content/uploads/banner.jpg HTTP/1.1" 304 - "https://sexpositions.online/" "Mozilla/5.0 (iPhone; CPU iPhone OS 18_5_0 like Mac OS X) AppleWebKit/605.1.15 (KHTML, like Gecko) GSA/389.2.814818472 Mobile/15E148 Safari/604.1"
197.185.137.40 - - [19/Oct/2025:10:31:54 -0400] "GET /wp-content/themes/astra/assets/js/minified/frontend.min.js?ver=4.11.12 HTTP/1.1" 304 - "https://sexpositions.online/" "Mozilla/5.0 (iPhone; CPU iPhone OS 18_5_0 like Mac OS X) AppleWebKit/605.1.15 (KHTML, like Gecko) GSA/389.2.814818472 Mobile/15E148 Safari/604.1"
197.185.137.40 - - [19/Oct/2025:10:31:55 -0400] "GET /wp-content/uploads/cowgirl-animated.gif HTTP/1.1" 304 - "https://sexpositions.online/" "Mozilla/5.0 (iPhone; CPU iPhone OS 18_5_0 like Mac OS X) AppleWebKit/605.1.15 (KHTML, like Gecko) GSA/389.2.814818472 Mobile/15E148 Safari/604.1"
197.185.137.40 - - [19/Oct/2025:10:31:58 -0400] "GET / HTTP/1.1" 200 125069 "https://www.google.com/" "Mozilla/5.0 (iPhone; CPU iPhone OS 18_5_0 like Mac OS X) AppleWebKit/605.1.15 (KHTML, like Gecko) GSA/389.2.814818472 Mobile/15E148 Safari/604.1"
197.185.137.40 - - [19/Oct/2025:10:32:05 -0400] "GET /wp-content/uploads/amazon-animated.gif HTTP/1.1" 304 - "https://sexpositions.online/" "Mozilla/5.0 (iPhone; CPU iPhone OS 18_5_0 like Mac OS X) AppleWebKit/605.1.15 (KHTML, like Gecko) GSA/389.2.814818472 Mobile/15E148 Safari/604.1"
197.185.137.40 - - [19/Oct/2025:10:32:09 -0400] "GET /wp-content/uploads/lotus-animated.gif HTTP/1.1" 304 - "https://sexpositions.online/" "Mozilla/5.0 (iPhone; CPU iPhone OS 18_5_0 like Mac OS X) AppleWebKit/605.1.15 (KHTML, like Gecko) GSA/389.2.814818472 Mobile/15E148 Safari/604.1"
