49.207.150.135 - - [19/Oct/2025:09:05:33 -0400] "GET /category/position/page/25/ HTTP/1.1" 200 116250 "https://sexpositions.online/category/position/page/24/" "Mozilla/5.0 (Linux; Android 10; K) AppleWebKit/537.36 (KHTML, like Gecko) Chrome/141.0.0.0 Mobile Safari/537.36"
49.207.150.135 - - [19/Oct/2025:09:05:34 -0400] "GET /wp-content/uploads/happy-hands-animated.gif HTTP/1.1" 200 235832 "https://sexpositions.online/category/position/page/25/" "Mozilla/5.0 (Linux; Android 10; K) AppleWebKit/537.36 (KHTML, like Gecko) Chrome/141.0.0.0 Mobile Safari/537.36"
49.207.150.135 - - [19/Oct/2025:09:05:34 -0400] "GET /wp-content/uploads/hold-the-pickle-animated.gif HTTP/1.1" 200 181644 "https://sexpositions.online/category/position/page/25/" "Mozilla/5.0 (Linux; Android 10; K) AppleWebKit/537.36 (KHTML, like Gecko) Chrome/141.0.0.0 Mobile Safari/537.36"
49.207.150.135 - - [19/Oct/2025:09:05:34 -0400] "GET /wp-content/uploads/head-rush-animated.gif HTTP/1.1" 200 151973 "https://sexpositions.online/category/position/page/25/" "Mozilla/5.0 (Linux; Android 10; K) AppleWebKit/537.36 (KHTML, like Gecko) Chrome/141.0.0.0 Mobile Safari/537.36"
49.207.150.135 - - [19/Oct/2025:09:05:34 -0400] "GET /wp-content/uploads/hula-girl-animated.gif HTTP/1.1" 200 178224 "https://sexpositions.online/category/position/page/25/" "Mozilla/5.0 (Linux; Android 10; K) AppleWebKit/537.36 (KHTML, like Gecko) Chrome/141.0.0.0 Mobile Safari/537.36"
49.207.150.135 - - [19/Oct/2025:09:05:34 -0400] "GET /happy-hands/ HTTP/1.1" 200 97867 "https://sexpositions.online/category/position/page/25/" "Mozilla/5.0 (Linux; Android 10; K) AppleWebKit/537.36 (KHTML, like Gecko) Chrome/141.0.0.0 Mobile Safari/537.36"
49.207.150.135 - - [19/Oct/2025:09:05:35 -0400] "GET /wp-content/uploads/kissing-the-pink-animated.gif HTTP/1.1" 200 421658 "https://sexpositions.online/category/position/page/25/" "Mozilla/5.0 (Linux; Android 10; K) AppleWebKit/537.36 (KHTML, like Gecko) Chrome/141.0.0.0 Mobile Safari/537.36"
2401:4900:915a:6ace:3ad2:c2b8:f0f9:98a - - [19/Oct/2025:09:05:35 -0400] "GET /trampoline/ HTTP/1.1" 200 98076 "https://sexpositions.online/the-rocker/" "Mozilla/5.0 (Linux; Android 10; K) AppleWebKit/537.36 (KHTML, like Gecko) Chrome/140.0.0.0 Mobile Safari/537.36"
49.207.150.135 - - [19/Oct/2025:09:05:35 -0400] "GET /wp-content/uploads/ladies-first-animated.gif HTTP/1.1" 200 227169 "https://sexpositions.online/category/position/page/25/" "Mozilla/5.0 (Linux; Android 10; K) AppleWebKit/537.36 (KHTML, like Gecko) Chrome/141.0.0.0 Mobile Safari/537.36"
49.207.150.135 - - [19/Oct/2025:09:05:36 -0400] "GET /wp-content/uploads/lady-in-waiting-animated.gif HTTP/1.1" 200 197086 "https://sexpositions.online/category/position/page/25/" "Mozilla/5.0 (Linux; Android 10; K) AppleWebKit/537.36 (KHTML, like Gecko) Chrome/141.0.0.0 Mobile Safari/537.36"
49.207.150.135 - - [19/Oct/2025:09:05:36 -0400] "GET /wp-content/uploads/lazy-69-animated.gif HTTP/1.1" 200 217546 "https://sexpositions.online/category/position/page/25/" "Mozilla/5.0 (Linux; Android 10; K) AppleWebKit/537.36 (KHTML, like Gecko) Chrome/141.0.0.0 Mobile Safari/537.36"
49.207.150.135 - - [19/Oct/2025:09:05:37 -0400] "GET /wp-content/uploads/love-bug-animated.gif HTTP/1.1" 200 201099 "https://sexpositions.online/category/position/page/25/" "Mozilla/5.0 (Linux; Android 10; K) AppleWebKit/537.36 (KHTML, like Gecko) Chrome/141.0.0.0 Mobile Safari/537.36"
217.224.3.194 - - [19/Oct/2025:09:05:37 -0400] "GET /the-straddle/ HTTP/1.1" 200 97973 "https://sexpositions.online/chair/" "Mozilla/5.0 (Linux; Android 10; K) AppleWebKit/537.36 (KHTML, like Gecko) Chrome/141.0.0.0 Mobile Safari/537.36 EdgA/141.0.0.0"
49.207.150.135 - - [19/Oct/2025:09:05:38 -0400] "GET /wp-content/uploads/musical-chair-animated.gif HTTP/1.1" 200 212166 "https://sexpositions.online/category/position/page/25/" "Mozilla/5.0 (Linux; Android 10; K) AppleWebKit/537.36 (KHTML, like Gecko) Chrome/141.0.0.0 Mobile Safari/537.36"
2401:4900:915a:6ace:3ad2:c2b8:f0f9:98a - - [19/Oct/2025:09:05:39 -0400] "GET /curls/ HTTP/1.1" 200 98072 "https://sexpositions.online/trampoline/" "Mozilla/5.0 (Linux; Android 10; K) AppleWebKit/537.36 (KHTML, like Gecko) Chrome/140.0.0.0 Mobile Safari/537.36"
49.207.150.135 - - [19/Oct/2025:09:05:41 -0400] "GET /category/position/page/24/ HTTP/1.1" 200 116206 "https://sexpositions.online/category/position/page/25/" "Mozilla/5.0 (Linux; Android 10; K) AppleWebKit/537.36 (KHTML, like Gecko) Chrome/141.0.0.0 Mobile Safari/537.36"
49.207.150.135 - - [19/Oct/2025:09:05:41 -0400] "GET /category/position/page/26/ HTTP/1.1" 200 116118 "https://sexpositions.online/category/position/page/25/" "Mozilla/5.0 (Linux; Android 10; K) AppleWebKit/537.36 (KHTML, like Gecko) Chrome/141.0.0.0 Mobile Safari/537.36"
49.207.150.135 - - [19/Oct/2025:09:05:41 -0400] "GET /wp-content/uploads/out-of-sight-animated.gif HTTP/1.1" 200 234977 "https://sexpositions.online/category/position/page/26/" "Mozilla/5.0 (Linux; Android 10; K) AppleWebKit/537.36 (KHTML, like Gecko) Chrome/141.0.0.0 Mobile Safari/537.36"
49.207.150.135 - - [19/Oct/2025:09:05:41 -0400] "GET /wp-content/uploads/reverse-69-animated.gif HTTP/1.1" 200 155445 "https://sexpositions.online/category/position/page/26/" "Mozilla/5.0 (Linux; Android 10; K) AppleWebKit/537.36 (KHTML, like Gecko) Chrome/141.0.0.0 Mobile Safari/537.36"
49.207.150.135 - - [19/Oct/2025:09:05:41 -0400] "GET /wp-content/uploads/play-ball-animated.gif HTTP/1.1" 200 234064 "https://sexpositions.online/category/position/page/26/" "Mozilla/5.0 (Linux; Android 10; K) AppleWebKit/537.36 (KHTML, like Gecko) Chrome/141.0.0.0 Mobile Safari/537.36"
49.207.150.135 - - [19/Oct/2025:09:05:42 -0400] "GET /out-of-sight/ HTTP/1.1" 200 97785 "https://sexpositions.online/category/position/page/26/" "Mozilla/5.0 (Linux; Android 10; K) AppleWebKit/537.36 (KHTML, like Gecko) Chrome/141.0.0.0 Mobile Safari/537.36"
49.207.150.135 - - [19/Oct/2025:09:05:42 -0400] "GET /wp-content/uploads/straddle-up-animated.gif HTTP/1.1" 200 207911 "https://sexpositions.online/category/position/page/26/" "Mozilla/5.0 (Linux; Android 10; K) AppleWebKit/537.36 (KHTML, like Gecko) Chrome/141.0.0.0 Mobile Safari/537.36"
49.207.150.135 - - [19/Oct/2025:09:05:42 -0400] "GET /wp-content/uploads/sweet-seat-animated.gif HTTP/1.1" 200 221495 "https://sexpositions.online/category/position/page/26/" "Mozilla/5.0 (Linux; Android 10; K) AppleWebKit/537.36 (KHTML, like Gecko) Chrome/141.0.0.0 Mobile Safari/537.36"
49.207.150.135 - - [19/Oct/2025:09:05:43 -0400] "GET /reverse-69/ HTTP/1.1" 200 97862 "https://sexpositions.online/category/position/page/26/" "Mozilla/5.0 (Linux; Android 10; K) AppleWebKit/537.36 (KHTML, like Gecko) Chrome/141.0.0.0 Mobile Safari/537.36"
49.207.150.135 - - [19/Oct/2025:09:05:43 -0400] "GET /wp-content/uploads/sword-swallower-animated.gif HTTP/1.1" 200 240479 "https://sexpositions.online/category/position/page/26/" "Mozilla/5.0 (Linux; Android 10; K) AppleWebKit/537.36 (KHTML, like Gecko) Chrome/141.0.0.0 Mobile Safari/537.36"
49.207.150.135 - - [19/Oct/2025:09:05:43 -0400] "GET /wp-content/uploads/the-ball-bob-animated.gif HTTP/1.1" 200 287017 "https://sexpositions.online/category/position/page/26/" "Mozilla/5.0 (Linux; Android 10; K) AppleWebKit/537.36 (KHTML, like Gecko) Chrome/141.0.0.0 Mobile Safari/537.36"
49.207.150.135 - - [19/Oct/2025:09:05:43 -0400] "GET /wp-content/uploads/the-buffet-animated.gif HTTP/1.1" 200 262794 "https://sexpositions.online/category/position/page/26/" "Mozilla/5.0 (Linux; Android 10; K) AppleWebKit/537.36 (KHTML, like Gecko) Chrome/141.0.0.0 Mobile Safari/537.36"
49.207.150.135 - - [19/Oct/2025:09:05:44 -0400] "GET /wp-content/uploads/the-chin-rest-animated.gif HTTP/1.1" 200 182016 "https://sexpositions.online/category/position/page/26/" "Mozilla/5.0 (Linux; Android 10; K) AppleWebKit/537.36 (KHTML, like Gecko) Chrome/141.0.0.0 Mobile Safari/537.36"
49.207.150.135 - - [19/Oct/2025:09:05:45 -0400] "GET /wp-content/uploads/the-flat-back-animated.gif HTTP/1.1" 200 196632 "https://sexpositions.online/category/position/page/26/" "Mozilla/5.0 (Linux; Android 10; K) AppleWebKit/537.36 (KHTML, like Gecko) Chrome/141.0.0.0 Mobile Safari/537.36"
72.225.176.208 - - [19/Oct/2025:09:05:46 -0400] "GET /wp-content/uploads/sword-swallower-animated.gif HTTP/1.1" 304 - "https://www.google.com/" "Mozilla/5.0 (iPhone; CPU iPhone OS 17_6_1 like Mac OS X) AppleWebKit/605.1.15 (KHTML, like Gecko) Version/17.6 Mobile/15E148 Safari/604.1"
49.207.150.135 - - [19/Oct/2025:09:05:46 -0400] "GET /the-chin-rest/ HTTP/1.1" 200 97849 "https://sexpositions.online/category/position/page/26/" "Mozilla/5.0 (Linux; Android 10; K) AppleWebKit/537.36 (KHTML, like Gecko) Chrome/141.0.0.0 Mobile Safari/537.36"
49.207.150.135 - - [19/Oct/2025:09:05:47 -0400] "GET /category/position/page/27/ HTTP/1.1" 200 102827 "https://sexpositions.online/category/position/page/26/" "Mozilla/5.0 (Linux; Android 10; K) AppleWebKit/537.36 (KHTML, like Gecko) Chrome/141.0.0.0 Mobile Safari/537.36"
49.207.150.135 - - [19/Oct/2025:09:05:47 -0400] "GET /wp-content/uploads/the-rocker-animated.gif HTTP/1.1" 200 202328 "https://sexpositions.online/category/position/page/27/" "Mozilla/5.0 (Linux; Android 10; K) AppleWebKit/537.36 (KHTML, like Gecko) Chrome/141.0.0.0 Mobile Safari/537.36"
49.207.150.135 - - [19/Oct/2025:09:05:47 -0400] "GET /wp-content/uploads/the-headlock-animated.gif HTTP/1.1" 200 202338 "https://sexpositions.online/category/position/page/27/" "Mozilla/5.0 (Linux; Android 10; K) AppleWebKit/537.36 (KHTML, like Gecko) Chrome/141.0.0.0 Mobile Safari/537.36"
49.207.150.135 - - [19/Oct/2025:09:05:48 -0400] "GET /wp-content/uploads/the-pin-up-animated.gif HTTP/1.1" 200 174261 "https://sexpositions.online/category/position/page/27/" "Mozilla/5.0 (Linux; Android 10; K) AppleWebKit/537.36 (KHTML, like Gecko) Chrome/141.0.0.0 Mobile Safari/537.36"
49.207.150.135 - - [19/Oct/2025:09:05:48 -0400] "GET /the-headlock/ HTTP/1.1" 200 97944 "https://sexpositions.online/category/position/page/27/" "Mozilla/5.0 (Linux; Android 10; K) AppleWebKit/537.36 (KHTML, like Gecko) Chrome/141.0.0.0 Mobile Safari/537.36"
49.207.150.135 - - [19/Oct/2025:09:05:50 -0400] "GET /the-rocker/ HTTP/1.1" 200 98035 "https://sexpositions.online/category/position/page/27/" "Mozilla/5.0 (Linux; Android 10; K) AppleWebKit/537.36 (KHTML, like Gecko) Chrome/141.0.0.0 Mobile Safari/537.36"
2401:4900:915a:6ace:3ad2:c2b8:f0f9:98a - - [19/Oct/2025:09:05:52 -0400] "GET /advanced/ HTTP/1.1" 200 101754 "https://sexpositions.online/" "Mozilla/5.0 (Linux; Android 10; K) AppleWebKit/537.36 (KHTML, like Gecko) Chrome/140.0.0.0 Mobile Safari/537.36"
2401:4900:915a:6ace:3ad2:c2b8:f0f9:98a - - [19/Oct/2025:09:05:53 -0400] "GET /wp-content/uploads/the-crazy-cat-animated.gif HTTP/1.1" 304 - "https://sexpositions.online/advanced/" "Mozilla/5.0 (Linux; Android 10; K) AppleWebKit/537.36 (KHTML, like Gecko) Chrome/140.0.0.0 Mobile Safari/537.36"
118.136.75.150 - - [19/Oct/2025:09:05:53 -0400] "GET /wp-content/uploads/lazy-dog-animated-1.gif HTTP/1.1" 304 - "https://www.google.com/" "Mozilla/5.0 (Linux; Android 11; M2003J15SC Build/RP1A.200720.011; wv) AppleWebKit/537.36 (KHTML, like Gecko) Version/4.0 Chrome/140.0.7339.208 Mobile Safari/537.36 GoogleApp/16.41.36.ve.arm64"
2401:4900:915a:6ace:3ad2:c2b8:f0f9:98a - - [19/Oct/2025:09:05:53 -0400] "GET /wp-content/uploads/row-row-row-animated.gif HTTP/1.1" 304 - "https://sexpositions.online/advanced/" "Mozilla/5.0 (Linux; Android 10; K) AppleWebKit/537.36 (KHTML, like Gecko) Chrome/140.0.0.0 Mobile Safari/537.36"
49.207.150.135 - - [19/Oct/2025:09:05:53 -0400] "GET /category/position/page/19/ HTTP/1.1" 200 116301 "https://sexpositions.online/category/position/page/20/" "Mozilla/5.0 (Linux; Android 10; K) AppleWebKit/537.36 (KHTML, like Gecko) Chrome/141.0.0.0 Mobile Safari/537.36"
2401:4900:915a:6ace:3ad2:c2b8:f0f9:98a - - [19/Oct/2025:09:05:53 -0400] "GET /wp-content/uploads/sun-salutation-animated.gif HTTP/1.1" 200 207120 "https://sexpositions.online/advanced/" "Mozilla/5.0 (Linux; Android 10; K) AppleWebKit/537.36 (KHTML, like Gecko) Chrome/140.0.0.0 Mobile Safari/537.36"
217.224.3.194 - - [19/Oct/2025:09:05:54 -0400] "GET /wp-content/uploads/avalanche-animated.gif HTTP/1.1" 304 - "https://sexpositions.online/chair/" "Mozilla/5.0 (Linux; Android 10; K) AppleWebKit/537.36 (KHTML, like Gecko) Chrome/141.0.0.0 Mobile Safari/537.36 EdgA/141.0.0.0"
2401:4900:915a:6ace:3ad2:c2b8:f0f9:98a - - [19/Oct/2025:09:05:54 -0400] "GET /wp-content/uploads/leaning-tower-animated.gif HTTP/1.1" 304 - "https://sexpositions.online/advanced/" "Mozilla/5.0 (Linux; Android 10; K) AppleWebKit/537.36 (KHTML, like Gecko) Chrome/140.0.0.0 Mobile Safari/537.36"
2401:4900:915a:6ace:3ad2:c2b8:f0f9:98a - - [19/Oct/2025:09:05:55 -0400] "GET /wp-content/uploads/spider-monkey-animated.gif HTTP/1.1" 304 - "https://sexpositions.online/advanced/" "Mozilla/5.0 (Linux; Android 10; K) AppleWebKit/537.36 (KHTML, like Gecko) Chrome/140.0.0.0 Mobile Safari/537.36"
2401:4900:915a:6ace:3ad2:c2b8:f0f9:98a - - [19/Oct/2025:09:05:54 -0400] "GET /piledriver/ HTTP/1.1" 200 99780 "https://sexpositions.online/advanced/" "Mozilla/5.0 (Linux; Android 10; K) AppleWebKit/537.36 (KHTML, like Gecko) Chrome/140.0.0.0 Mobile Safari/537.36"
2401:4900:915a:6ace:3ad2:c2b8:f0f9:98a - - [19/Oct/2025:09:05:55 -0400] "GET /wp-content/uploads/tetherball-animated.gif HTTP/1.1" 304 - "https://sexpositions.online/advanced/" "Mozilla/5.0 (Linux; Android 10; K) AppleWebKit/537.36 (KHTML, like Gecko) Chrome/140.0.0.0 Mobile Safari/537.36"
49.207.150.135 - - [19/Oct/2025:09:05:56 -0400] "GET /the-vibe/ HTTP/1.1" 200 98108 "https://sexpositions.online/category/position/page/20/" "Mozilla/5.0 (Linux; Android 10; K) AppleWebKit/537.36 (KHTML, like Gecko) Chrome/141.0.0.0 Mobile Safari/537.36"
49.207.150.135 - - [19/Oct/2025:09:05:57 -0400] "GET /the-tumbler/ HTTP/1.1" 200 98017 "https://sexpositions.online/category/position/page/20/" "Mozilla/5.0 (Linux; Android 10; K) AppleWebKit/537.36 (KHTML, like Gecko) Chrome/141.0.0.0 Mobile Safari/537.36"
49.207.150.135 - - [19/Oct/2025:09:05:57 -0400] "GET /the-tipster/ HTTP/1.1" 200 98079 "https://sexpositions.online/category/position/page/20/" "Mozilla/5.0 (Linux; Android 10; K) AppleWebKit/537.36 (KHTML, like Gecko) Chrome/141.0.0.0 Mobile Safari/537.36"
49.207.150.135 - - [19/Oct/2025:09:05:59 -0400] "GET /category/position/page/27/ HTTP/1.1" 200 102827 "https://sexpositions.online/category/position/page/21/" "Mozilla/5.0 (Linux; Android 10; K) AppleWebKit/537.36 (KHTML, like Gecko) Chrome/141.0.0.0 Mobile Safari/537.36"
49.207.150.135 - - [19/Oct/2025:09:06:00 -0400] "GET /big-wheelbarrow/ HTTP/1.1" 200 98107 "https://sexpositions.online/category/position/page/21/" "Mozilla/5.0 (Linux; Android 10; K) AppleWebKit/537.36 (KHTML, like Gecko) Chrome/141.0.0.0 Mobile Safari/537.36"
72.225.176.208 - - [19/Oct/2025:09:06:01 -0400] "GET /oral/ HTTP/1.1" 200 105341 "https://www.google.com/" "Mozilla/5.0 (iPhone; CPU iPhone OS 17_6_1 like Mac OS X) AppleWebKit/605.1.15 (KHTML, like Gecko) Version/17.6 Mobile/15E148 Safari/604.1"
49.207.150.135 - - [19/Oct/2025:09:06:01 -0400] "GET /belly-dancer/ HTTP/1.1" 200 98004 "https://sexpositions.online/category/position/page/21/" "Mozilla/5.0 (Linux; Android 10; K) AppleWebKit/537.36 (KHTML, like Gecko) Chrome/141.0.0.0 Mobile Safari/537.36"
197.210.53.128 - - [19/Oct/2025:09:06:02 -0400] "GET /favicon.ico HTTP/1.1" 200 3 "-" "Opera/6 CFNetwork/3826.500.131 Darwin/24.5.0"
72.225.176.208 - - [19/Oct/2025:09:06:02 -0400] "GET /wp-content/uploads/play-ball-animated.gif HTTP/1.1" 304 - "https://sexpositions.online/oral/" "Mozilla/5.0 (iPhone; CPU iPhone OS 17_6_1 like Mac OS X) AppleWebKit/605.1.15 (KHTML, like Gecko) Version/17.6 Mobile/15E148 Safari/604.1"
72.225.176.208 - - [19/Oct/2025:09:06:02 -0400] "GET /wp-content/uploads/dirty-doggy-animated.gif HTTP/1.1" 304 - "https://sexpositions.online/oral/" "Mozilla/5.0 (iPhone; CPU iPhone OS 17_6_1 like Mac OS X) AppleWebKit/605.1.15 (KHTML, like Gecko) Version/17.6 Mobile/15E148 Safari/604.1"
49.207.150.135 - - [19/Oct/2025:09:06:02 -0400] "GET /beach-bonfire/ HTTP/1.1" 200 98193 "https://sexpositions.online/category/position/page/21/" "Mozilla/5.0 (Linux; Android 10; K) AppleWebKit/537.36 (KHTML, like Gecko) Chrome/141.0.0.0 Mobile Safari/537.36"
72.225.176.208 - - [19/Oct/2025:09:06:03 -0400] "GET /wp-content/uploads/cropped-favicon-192x192.png HTTP/1.1" 304 - "https://sexpositions.online/oral/" "Mozilla/5.0 (iPhone; CPU iPhone OS 17_6_1 like Mac OS X) AppleWebKit/605.1.15 (KHTML, like Gecko) Version/17.6 Mobile/15E148 Safari/604.1"
49.207.150.135 - - [19/Oct/2025:09:06:03 -0400] "GET /back-up/ HTTP/1.1" 200 98050 "https://sexpositions.online/category/position/page/21/" "Mozilla/5.0 (Linux; Android 10; K) AppleWebKit/537.36 (KHTML, like Gecko) Chrome/141.0.0.0 Mobile Safari/537.36"
49.207.150.135 - - [19/Oct/2025:09:06:03 -0400] "GET /waterfall/ HTTP/1.1" 200 97991 "https://sexpositions.online/category/position/page/21/" "Mozilla/5.0 (Linux; Android 10; K) AppleWebKit/537.36 (KHTML, like Gecko) Chrome/141.0.0.0 Mobile Safari/537.36"
2401:4900:915a:6ace:3ad2:c2b8:f0f9:98a - - [19/Oct/2025:09:06:04 -0400] "GET /from-behind/ HTTP/1.1" 200 102707 "https://sexpositions.online/" "Mozilla/5.0 (Linux; Android 10; K) AppleWebKit/537.36 (KHTML, like Gecko) Chrome/140.0.0.0 Mobile Safari/537.36"
49.207.150.135 - - [19/Oct/2025:09:06:04 -0400] "GET /anything-goes/ HTTP/1.1" 200 98020 "https://sexpositions.online/category/position/page/21/" "Mozilla/5.0 (Linux; Android 10; K) AppleWebKit/537.36 (KHTML, like Gecko) Chrome/141.0.0.0 Mobile Safari/537.36"
49.207.150.135 - - [19/Oct/2025:09:06:06 -0400] "GET /category/position/page/19/ HTTP/1.1" 200 116301 "https://sexpositions.online/category/position/page/20/" "Mozilla/5.0 (Linux; Android 10; K) AppleWebKit/537.36 (KHTML, like Gecko) Chrome/141.0.0.0 Mobile Safari/537.36"
49.207.150.135 - - [19/Oct/2025:09:06:07 -0400] "GET /airplane/ HTTP/1.1" 200 98051 "https://sexpositions.online/category/position/page/20/" "Mozilla/5.0 (Linux; Android 10; K) AppleWebKit/537.36 (KHTML, like Gecko) Chrome/141.0.0.0 Mobile Safari/537.36"
49.207.150.135 - - [19/Oct/2025:09:06:09 -0400] "GET /the-tipster/ HTTP/1.1" 200 98079 "https://sexpositions.online/category/position/page/20/" "Mozilla/5.0 (Linux; Android 10; K) AppleWebKit/537.36 (KHTML, like Gecko) Chrome/141.0.0.0 Mobile Safari/537.36"
49.207.150.135 - - [19/Oct/2025:09:06:09 -0400] "GET /the-vibe/ HTTP/1.1" 200 98108 "https://sexpositions.online/category/position/page/20/" "Mozilla/5.0 (Linux; Android 10; K) AppleWebKit/537.36 (KHTML, like Gecko) Chrome/141.0.0.0 Mobile Safari/537.36"
49.207.150.135 - - [19/Oct/2025:09:06:11 -0400] "GET /category/position/page/18/ HTTP/1.1" 200 116384 "https://sexpositions.online/category/position/page/19/" "Mozilla/5.0 (Linux; Android 10; K) AppleWebKit/537.36 (KHTML, like Gecko) Chrome/141.0.0.0 Mobile Safari/537.36"
49.207.150.135 - - [19/Oct/2025:09:06:11 -0400] "GET /trampoline/ HTTP/1.1" 200 98076 "https://sexpositions.online/category/position/page/19/" "Mozilla/5.0 (Linux; Android 10; K) AppleWebKit/537.36 (KHTML, like Gecko) Chrome/141.0.0.0 Mobile Safari/537.36"
49.207.150.135 - - [19/Oct/2025:09:06:12 -0400] "GET /lusty-launch/ HTTP/1.1" 200 98206 "https://sexpositions.online/category/position/page/19/" "Mozilla/5.0 (Linux; Android 10; K) AppleWebKit/537.36 (KHTML, like Gecko) Chrome/141.0.0.0 Mobile Safari/537.36"
49.207.150.135 - - [19/Oct/2025:09:06:14 -0400] "GET /love-pump/ HTTP/1.1" 200 98026 "https://sexpositions.online/category/position/page/19/" "Mozilla/5.0 (Linux; Android 10; K) AppleWebKit/537.36 (KHTML, like Gecko) Chrome/141.0.0.0 Mobile Safari/537.36"
49.207.150.135 - - [19/Oct/2025:09:06:14 -0400] "GET /lean-to/ HTTP/1.1" 200 98136 "https://sexpositions.online/category/position/page/19/" "Mozilla/5.0 (Linux; Android 10; K) AppleWebKit/537.36 (KHTML, like Gecko) Chrome/141.0.0.0 Mobile Safari/537.36"
64.224.128.202 - - [19/Oct/2025:09:06:15 -0400] "POST /xmlrpc.php HTTP/1.1" 200 403 "-" "Mozilla/5.0 (Windows NT 10.0; x86) AppleWebKit/537.36 (KHTML, like Gecko) Edge/88.0.0.0 Safari/537.36"
49.207.150.135 - - [19/Oct/2025:09:06:15 -0400] "GET /leaning-tower/ HTTP/1.1" 200 98131 "https://sexpositions.online/category/position/page/19/" "Mozilla/5.0 (Linux; Android 10; K) AppleWebKit/537.36 (KHTML, like Gecko) Chrome/141.0.0.0 Mobile Safari/537.36"
49.207.150.135 - - [19/Oct/2025:09:06:16 -0400] "GET /ladies-choice/ HTTP/1.1" 200 98213 "https://sexpositions.online/category/position/page/19/" "Mozilla/5.0 (Linux; Android 10; K) AppleWebKit/537.36 (KHTML, like Gecko) Chrome/141.0.0.0 Mobile Safari/537.36"
49.207.150.135 - - [19/Oct/2025:09:06:18 -0400] "GET /category/position/page/17/ HTTP/1.1" 200 116193 "https://sexpositions.online/category/position/page/18/" "Mozilla/5.0 (Linux; Android 10; K) AppleWebKit/537.36 (KHTML, like Gecko) Chrome/141.0.0.0 Mobile Safari/537.36"
2401:4900:915a:6ace:3ad2:c2b8:f0f9:98a - - [19/Oct/2025:09:06:18 -0400] "GET /wp-content/uploads/ceo-animated.gif HTTP/1.1" 304 - "https://sexpositions.online/from-behind/" "Mozilla/5.0 (Linux; Android 10; K) AppleWebKit/537.36 (KHTML, like Gecko) Chrome/140.0.0.0 Mobile Safari/537.36"
2401:4900:915a:6ace:3ad2:c2b8:f0f9:98a - - [19/Oct/2025:09:06:18 -0400] "GET /wp-content/uploads/body-booster-animated.gif HTTP/1.1" 304 - "https://sexpositions.online/from-behind/" "Mozilla/5.0 (Linux; Android 10; K) AppleWebKit/537.36 (KHTML, like Gecko) Chrome/140.0.0.0 Mobile Safari/537.36"
2401:4900:915a:6ace:3ad2:c2b8:f0f9:98a - - [19/Oct/2025:09:06:18 -0400] "GET /wp-content/uploads/sleeping-beauty-animated.gif HTTP/1.1" 304 - "https://sexpositions.online/from-behind/" "Mozilla/5.0 (Linux; Android 10; K) AppleWebKit/537.36 (KHTML, like Gecko) Chrome/140.0.0.0 Mobile Safari/537.36"
2401:4900:915a:6ace:3ad2:c2b8:f0f9:98a - - [19/Oct/2025:09:06:18 -0400] "GET /wp-content/uploads/ladies-choice-animated.gif HTTP/1.1" 304 - "https://sexpositions.online/from-behind/" "Mozilla/5.0 (Linux; Android 10; K) AppleWebKit/537.36 (KHTML, like Gecko) Chrome/140.0.0.0 Mobile Safari/537.36"
49.207.150.135 - - [19/Oct/2025:09:06:18 -0400] "GET /pretzel/ HTTP/1.1" 200 97970 "https://sexpositions.online/category/position/page/18/" "Mozilla/5.0 (Linux; Android 10; K) AppleWebKit/537.36 (KHTML, like Gecko) Chrome/141.0.0.0 Mobile Safari/537.36"
49.207.150.135 - - [19/Oct/2025:09:06:20 -0400] "GET /the-spork/ HTTP/1.1" 200 98107 "https://sexpositions.online/category/position/page/18/" "Mozilla/5.0 (Linux; Android 10; K) AppleWebKit/537.36 (KHTML, like Gecko) Chrome/141.0.0.0 Mobile Safari/537.36"
49.207.150.135 - - [19/Oct/2025:09:06:21 -0400] "GET /hot-and-spicy/ HTTP/1.1" 200 98126 "https://sexpositions.online/category/position/page/18/" "Mozilla/5.0 (Linux; Android 10; K) AppleWebKit/537.36 (KHTML, like Gecko) Chrome/141.0.0.0 Mobile Safari/537.36"
2401:4900:915a:6ace:3ad2:c2b8:f0f9:98a - - [19/Oct/2025:09:06:21 -0400] "GET /wp-content/uploads/from-ball-to-wall-animated.gif HTTP/1.1" 304 - "https://sexpositions.online/from-behind/" "Mozilla/5.0 (Linux; Android 10; K) AppleWebKit/537.36 (KHTML, like Gecko) Chrome/140.0.0.0 Mobile Safari/537.36"
72.225.176.208 - - [19/Oct/2025:09:06:23 -0400] "GET /wp-content/uploads/reverse-69-animated.gif HTTP/1.1" 304 - "https://sexpositions.online/oral/" "Mozilla/5.0 (iPhone; CPU iPhone OS 17_6_1 like Mac OS X) AppleWebKit/605.1.15 (KHTML, like Gecko) Version/17.6 Mobile/15E148 Safari/604.1"
49.207.150.135 - - [19/Oct/2025:09:06:25 -0400] "GET /hideaway/ HTTP/1.1" 200 98019 "https://sexpositions.online/category/position/page/18/" "Mozilla/5.0 (Linux; Android 10; K) AppleWebKit/537.36 (KHTML, like Gecko) Chrome/141.0.0.0 Mobile Safari/537.36"
49.207.150.135 - - [19/Oct/2025:09:06:25 -0400] "GET /he-is-man/ HTTP/1.1" 200 98222 "https://sexpositions.online/category/position/page/18/" "Mozilla/5.0 (Linux; Android 10; K) AppleWebKit/537.36 (KHTML, like Gecko) Chrome/141.0.0.0 Mobile Safari/537.36"
49.207.150.135 - - [19/Oct/2025:09:06:27 -0400] "GET /heaven-knows/ HTTP/1.1" 200 98069 "https://sexpositions.online/category/position/page/18/" "Mozilla/5.0 (Linux; Android 10; K) AppleWebKit/537.36 (KHTML, like Gecko) Chrome/141.0.0.0 Mobile Safari/537.36"
13.229.149.84 - - [19/Oct/2025:09:06:33 -0400] "GET / HTTP/1.1" 200 125069 "-" "Mozilla/5.0 (iPhone; CPU iPhone OS 16_2_2 like Mac OS X) AppleWebKit/539.2.41 (KHTML, like Gecko) Version/16.2 Mobile/15E148 Snapchat/12.36.0.39 (like Safari/539.2, panda)"
72.225.176.208 - - [19/Oct/2025:09:06:35 -0400] "GET /wp-content/uploads/the-pin-up-animated.gif HTTP/1.1" 304 - "https://sexpositions.online/oral/" "Mozilla/5.0 (iPhone; CPU iPhone OS 17_6_1 like Mac OS X) AppleWebKit/605.1.15 (KHTML, like Gecko) Version/17.6 Mobile/15E148 Safari/604.1"
72.225.176.208 - - [19/Oct/2025:09:06:38 -0400] "GET /wp-content/uploads/worlds-strongest-animated.gif HTTP/1.1" 304 - "https://sexpositions.online/oral/" "Mozilla/5.0 (iPhone; CPU iPhone OS 17_6_1 like Mac OS X) AppleWebKit/605.1.15 (KHTML, like Gecko) Version/17.6 Mobile/15E148 Safari/604.1"
185.21.13.25 - - [19/Oct/2025:09:06:39 -0400] "GET / HTTP/1.1" 200 125058 "http://SEXPOSITIONS.ONLINE" "Mozilla/5.0 (Windows NT 10.0; Win64; x64) AppleWebKit/537.36 (KHTML, like Gecko) Chrome/120.0.0.0 Safari/537.36"
72.225.176.208 - - [19/Oct/2025:09:06:40 -0400] "GET /wp-content/uploads/the-rocker-animated.gif HTTP/1.1" 304 - "https://sexpositions.online/oral/" "Mozilla/5.0 (iPhone; CPU iPhone OS 17_6_1 like Mac OS X) AppleWebKit/605.1.15 (KHTML, like Gecko) Version/17.6 Mobile/15E148 Safari/604.1"
2402:4000:13d1:276f:186f:d26a:7ee7:5dfe - - [19/Oct/2025:09:06:44 -0400] "GET /wp-content/uploads/butterfly-in-flight-animated.gif HTTP/1.1" 304 - "https://www.google.com/" "Mozilla/5.0 (Linux; Android 10; K) AppleWebKit/537.36 (KHTML, like Gecko) Chrome/141.0.0.0 Mobile Safari/537.36"
72.225.176.208 - - [19/Oct/2025:09:06:52 -0400] "GET /wp-content/uploads/evolved-dog-animated.gif HTTP/1.1" 304 - "https://sexpositions.online/oral/" "Mozilla/5.0 (iPhone; CPU iPhone OS 17_6_1 like Mac OS X) AppleWebKit/605.1.15 (KHTML, like Gecko) Version/17.6 Mobile/15E148 Safari/604.1"
196.20.217.251 - - [19/Oct/2025:09:06:58 -0400] "GET /wp-content/uploads/wall-animated.gif HTTP/1.1" 200 174910 "https://www.google.com/" "Mozilla/5.0 (Linux; Android 10; K) AppleWebKit/537.36 (KHTML, like Gecko) Chrome/141.0.0.0 Mobile Safari/537.36"
85.208.96.211 - - [19/Oct/2025:09:06:58 -0400] "GET /?action=repository_opensearch&count=20&index_id=429&order=17&pn=1 HTTP/1.1" 200 115402 "-" "Mozilla/5.0 (compatible; SemrushBot/7~bl; +http://www.semrush.com/bot.html)"
165.16.186.142 - - [19/Oct/2025:09:07:02 -0400] "GET /captain/ HTTP/1.1" 200 98350 "https://www.google.com/" "Mozilla/5.0 (iPhone; CPU iPhone OS 18_6_2 like Mac OS X) AppleWebKit/605.1.15 (KHTML, like Gecko) GSA/390.0.817388646 Mobile/15E148 Safari/604.1"
196.20.217.251 - - [19/Oct/2025:09:07:06 -0400] "GET /wp-content/uploads/missionary-animated.gif HTTP/1.1" 304 - "https://www.google.com/" "Mozilla/5.0 (Linux; Android 10; K) AppleWebKit/537.36 (KHTML, like Gecko) Chrome/141.0.0.0 Mobile Safari/537.36"
64.224.128.202 - - [19/Oct/2025:09:07:19 -0400] "POST /xmlrpc.php HTTP/1.1" 200 403 "-" "Mozilla/5.0 (Linux; Android 10; arm64) AppleWebKit/537.36 (KHTML, like Gecko) Edge/89.0.0.0 Safari/537.36"
113.176.189.220 - - [19/Oct/2025:09:07:20 -0400] "GET /missionary/ HTTP/1.1" 200 103202 "https://www.google.com/" "Mozilla/5.0 (Linux; Android 10; K) AppleWebKit/537.36 (KHTML, like Gecko) Chrome/141.0.0.0 Mobile Safari/537.36"
113.176.189.220 - - [19/Oct/2025:09:07:21 -0400] "GET /wp-content/uploads/cat-animated.gif HTTP/1.1" 200 207295 "https://www.google.com/" "Mozilla/5.0 (Linux; Android 10; K) AppleWebKit/537.36 (KHTML, like Gecko) Chrome/141.0.0.0 Mobile Safari/537.36"
113.176.189.220 - - [19/Oct/2025:09:07:21 -0400] "GET /wp-includes/js/wp-emoji-release.min.js?ver=6.8.3 HTTP/1.1" 304 - "https://sexpositions.online/missionary/" "Mozilla/5.0 (Linux; Android 10; K) AppleWebKit/537.36 (KHTML, like Gecko) Chrome/141.0.0.0 Mobile Safari/537.36"
113.176.189.220 - - [19/Oct/2025:09:07:22 -0400] "GET /wp-content/uploads/cropped-favicon-180x180.png HTTP/1.1" 304 - "https://sexpositions.online/missionary/" "Mozilla/5.0 (Linux; Android 10; K) AppleWebKit/537.36 (KHTML, like Gecko) Chrome/141.0.0.0 Mobile Safari/537.36"
41.143.141.77 - - [19/Oct/2025:09:07:23 -0400] "GET /wp-content/uploads/waterfall-animated.gif HTTP/1.1" 304 - "https://www.google.com/" "Mozilla/5.0 (Linux; Android 12; SM-A217F Build/SP1A.210812.016; wv) AppleWebKit/537.36 (KHTML, like Gecko) Version/4.0 Chrome/140.0.7339.207 Mobile Safari/537.36 GoogleApp/16.40.23.ve.arm64"
113.176.189.220 - - [19/Oct/2025:09:07:24 -0400] "GET /wp-content/uploads/blind-love-animated.gif HTTP/1.1" 304 - "https://sexpositions.online/missionary/" "Mozilla/5.0 (Linux; Android 10; K) AppleWebKit/537.36 (KHTML, like Gecko) Chrome/141.0.0.0 Mobile Safari/537.36"
43.245.57.68 - - [19/Oct/2025:09:07:24 -0400] "GET /wp-content/uploads/missionary-animated.gif HTTP/1.1" 304 - "https://www.google.com/" "Mozilla/5.0 (Linux; Android 10; K) AppleWebKit/537.36 (KHTML, like Gecko) Chrome/141.0.0.0 Mobile Safari/537.36"
113.176.189.220 - - [19/Oct/2025:09:07:25 -0400] "GET /wp-content/uploads/flying-missionary-animated.gif HTTP/1.1" 304 - "https://sexpositions.online/missionary/" "Mozilla/5.0 (Linux; Android 10; K) AppleWebKit/537.36 (KHTML, like Gecko) Chrome/141.0.0.0 Mobile Safari/537.36"
113.176.189.220 - - [19/Oct/2025:09:07:25 -0400] "GET /wp-content/uploads/front-and-rear-animated.gif HTTP/1.1" 304 - "https://sexpositions.online/missionary/" "Mozilla/5.0 (Linux; Android 10; K) AppleWebKit/537.36 (KHTML, like Gecko) Chrome/141.0.0.0 Mobile Safari/537.36"
113.176.189.220 - - [19/Oct/2025:09:07:31 -0400] "GET /wp-content/uploads/the-deep-animated.gif HTTP/1.1" 304 - "https://sexpositions.online/missionary/" "Mozilla/5.0 (Linux; Android 10; K) AppleWebKit/537.36 (KHTML, like Gecko) Chrome/141.0.0.0 Mobile Safari/537.36"
151.236.178.208 - - [19/Oct/2025:09:07:32 -0400] "GET /wp-content/uploads/deep-impact-animated.gif HTTP/1.1" 200 215770 "https://www.google.com/" "Mozilla/5.0 (iPhone; CPU iPhone OS 18_3_2 like Mac OS X) AppleWebKit/605.1.15 (KHTML, like Gecko) GSA/388.0.811331708 Mobile/22D82 Safari/604.1"
52.167.144.231 - - [19/Oct/2025:09:07:35 -0400] "GET /?s=%E5%AF%A6%E9%AB%94sim%E5%8D%A1%E5%93%AA%E8%A3%A1%E8%B2%B7 HTTP/1.1" 200 96535 "-" "Mozilla/5.0 AppleWebKit/537.36 (KHTML, like Gecko; compatible; bingbot/2.0; +http://www.bing.com/bingbot.htm) Chrome/116.0.1938.76 Safari/537.36"
113.176.189.220 - - [19/Oct/2025:09:07:35 -0400] "GET /wp-content/uploads/wild-cherry-animated.gif HTTP/1.1" 304 - "https://sexpositions.online/missionary/" "Mozilla/5.0 (Linux; Android 10; K) AppleWebKit/537.36 (KHTML, like Gecko) Chrome/141.0.0.0 Mobile Safari/537.36"
122.58.22.15 - - [19/Oct/2025:09:07:36 -0400] "GET /wp-content/uploads/lotus-animated.gif HTTP/1.1" 304 - "https://www.google.com/" "Mozilla/5.0 (iPhone; CPU iPhone OS 18_7 like Mac OS X) AppleWebKit/605.1.15 (KHTML, like Gecko) Version/26.0.1 Mobile/15E148 Safari/604.1"
52.167.144.231 - - [19/Oct/2025:09:07:37 -0400] "GET /stand-and-deliver/ HTTP/1.1" 200 98224 "-" "Mozilla/5.0 AppleWebKit/537.36 (KHTML, like Gecko; compatible; bingbot/2.0; +http://www.bing.com/bingbot.htm) Chrome/116.0.1938.76 Safari/537.36"
113.176.189.220 - - [19/Oct/2025:09:07:38 -0400] "GET /wp-content/uploads/anvil-animated.gif HTTP/1.1" 304 - "https://sexpositions.online/missionary/" "Mozilla/5.0 (Linux; Android 10; K) AppleWebKit/537.36 (KHTML, like Gecko) Chrome/141.0.0.0 Mobile Safari/537.36"
113.176.189.220 - - [19/Oct/2025:09:07:50 -0400] "GET /anvil/ HTTP/1.1" 200 98066 "https://sexpositions.online/missionary/" "Mozilla/5.0 (Linux; Android 10; K) AppleWebKit/537.36 (KHTML, like Gecko) Chrome/141.0.0.0 Mobile Safari/537.36"
2600:100a:b063:3114:2513:6fb7:b264:d3a1 - - [19/Oct/2025:09:07:50 -0400] "GET /butterfly/ HTTP/1.1" 200 100241 "-" "Mozilla/5.0 (iPhone; CPU iPhone OS 18_7 like Mac OS X) AppleWebKit/605.1.15 (KHTML, like Gecko) Version/26.0.1 Mobile/15E148 Safari/604.1"
2600:100a:b063:3114:2513:6fb7:b264:d3a1 - - [19/Oct/2025:09:07:52 -0400] "GET /wp-content/uploads/waterfall-animated.gif HTTP/1.1" 304 - "https://sexpositions.online/butterfly/" "Mozilla/5.0 (iPhone; CPU iPhone OS 18_7 like Mac OS X) AppleWebKit/605.1.15 (KHTML, like Gecko) Version/26.0.1 Mobile/15E148 Safari/604.1"
2401:4900:4993:96ea:8c6e:8158:87b8:6718 - - [19/Oct/2025:09:08:07 -0400] "GET /wp-content/uploads/missionary-animated.gif HTTP/1.1" 304 - "https://www.google.com/" "Mozilla/5.0 (Linux; Android 13; SM-S911B Build/TP1A.220624.014; wv) AppleWebKit/537.36 (KHTML, like Gecko) Version/4.0 Chrome/141.0.7390.43 Mobile Safari/537.36 GoogleApp/16.40.23.ve.arm64"
2600:100a:b063:3114:2513:6fb7:b264:d3a1 - - [19/Oct/2025:09:08:15 -0400] "GET /wp-content/uploads/g-force-animated-1.gif HTTP/1.1" 304 - "https://sexpositions.online/butterfly/" "Mozilla/5.0 (iPhone; CPU iPhone OS 18_7 like Mac OS X) AppleWebKit/605.1.15 (KHTML, like Gecko) Version/26.0.1 Mobile/15E148 Safari/604.1"
2600:100a:b063:3114:2513:6fb7:b264:d3a1 - - [19/Oct/2025:09:08:15 -0400] "GET /wp-content/uploads/aquarius-animated.gif HTTP/1.1" 304 - "https://sexpositions.online/butterfly/" "Mozilla/5.0 (iPhone; CPU iPhone OS 18_7 like Mac OS X) AppleWebKit/605.1.15 (KHTML, like Gecko) Version/26.0.1 Mobile/15E148 Safari/604.1"
64.224.128.202 - - [19/Oct/2025:09:08:22 -0400] "POST /xmlrpc.php HTTP/1.1" 200 403 "-" "Mozilla/5.0 (Windows NT 6.2; x86) AppleWebKit/537.36 (KHTML, like Gecko) Chrome/104.0.0.0 Safari/537.36"
2600:100a:b063:3114:2513:6fb7:b264:d3a1 - - [19/Oct/2025:09:08:43 -0400] "GET / HTTP/1.1" 200 125069 "https://sexpositions.online/butterfly/" "Mozilla/5.0 (iPhone; CPU iPhone OS 18_7 like Mac OS X) AppleWebKit/605.1.15 (KHTML, like Gecko) Version/26.0.1 Mobile/15E148 Safari/604.1"
2600:100a:b063:3114:2513:6fb7:b264:d3a1 - - [19/Oct/2025:09:08:45 -0400] "GET /wp-content/uploads/missionary-animated.gif HTTP/1.1" 304 - "https://sexpositions.online/" "Mozilla/5.0 (iPhone; CPU iPhone OS 18_7 like Mac OS X) AppleWebKit/605.1.15 (KHTML, like Gecko) Version/26.0.1 Mobile/15E148 Safari/604.1"
2600:100a:b063:3114:2513:6fb7:b264:d3a1 - - [19/Oct/2025:09:08:45 -0400] "GET /wp-content/uploads/banner.jpg HTTP/1.1" 304 - "https://sexpositions.online/" "Mozilla/5.0 (iPhone; CPU iPhone OS 18_7 like Mac OS X) AppleWebKit/605.1.15 (KHTML, like Gecko) Version/26.0.1 Mobile/15E148 Safari/604.1"
210.195.242.254 - - [19/Oct/2025:09:08:57 -0400] "GET /wp-content/uploads/the-rocker-animated.gif HTTP/1.1" 304 - "https://www.google.com/" "Mozilla/5.0 (Linux; Android 10; K) AppleWebKit/537.36 (KHTML, like Gecko) Chrome/141.0.0.0 Mobile Safari/537.36"
210.195.242.254 - - [19/Oct/2025:09:08:57 -0400] "GET /oral/cunnilingus/ HTTP/1.1" 200 104753 "https://www.google.com/" "Mozilla/5.0 (Linux; Android 10; K) AppleWebKit/537.36 (KHTML, like Gecko) Chrome/141.0.0.0 Mobile Safari/537.36"
196.20.217.251 - - [19/Oct/2025:09:08:58 -0400] "GET /wp-content/uploads/cowgirl-animated.gif HTTP/1.1" 304 - "https://www.google.com/" "Mozilla/5.0 (Linux; Android 10; K) AppleWebKit/537.36 (KHTML, like Gecko) Chrome/141.0.0.0 Mobile Safari/537.36"
210.195.242.254 - - [19/Oct/2025:09:08:58 -0400] "GET /wp-content/themes/astra/assets/css/minified/main.min.css?ver=4.11.12 HTTP/1.1" 304 - "https://sexpositions.online/oral/cunnilingus/" "Mozilla/5.0 (Linux; Android 10; K) AppleWebKit/537.36 (KHTML, like Gecko) Chrome/141.0.0.0 Mobile Safari/537.36"
210.195.242.254 - - [19/Oct/2025:09:08:58 -0400] "GET /wp-content/uploads/back-bend-animated.gif HTTP/1.1" 304 - "https://sexpositions.online/oral/cunnilingus/" "Mozilla/5.0 (Linux; Android 10; K) AppleWebKit/537.36 (KHTML, like Gecko) Chrome/141.0.0.0 Mobile Safari/537.36"
210.195.242.254 - - [19/Oct/2025:09:08:58 -0400] "GET /wp-content/uploads/hula-girl-animated.gif HTTP/1.1" 304 - "https://sexpositions.online/oral/cunnilingus/" "Mozilla/5.0 (Linux; Android 10; K) AppleWebKit/537.36 (KHTML, like Gecko) Chrome/141.0.0.0 Mobile Safari/537.36"
210.195.242.254 - - [19/Oct/2025:09:08:58 -0400] "GET /wp-includes/css/dist/block-library/style.min.css?ver=6.8.3 HTTP/1.1" 304 - "https://sexpositions.online/oral/cunnilingus/" "Mozilla/5.0 (Linux; Android 10; K) AppleWebKit/537.36 (KHTML, like Gecko) Chrome/141.0.0.0 Mobile Safari/537.36"
210.195.242.254 - - [19/Oct/2025:09:08:58 -0400] "GET /wp-content/themes/astra/assets/js/minified/frontend.min.js?ver=4.11.12 HTTP/1.1" 304 - "https://sexpositions.online/oral/cunnilingus/" "Mozilla/5.0 (Linux; Android 10; K) AppleWebKit/537.36 (KHTML, like Gecko) Chrome/141.0.0.0 Mobile Safari/537.36"
210.195.242.254 - - [19/Oct/2025:09:08:58 -0400] "GET /wp-content/uploads/cropped-favicon-180x180.png HTTP/1.1" 304 - "https://sexpositions.online/oral/cunnilingus/" "Mozilla/5.0 (Linux; Android 10; K) AppleWebKit/537.36 (KHTML, like Gecko) Chrome/141.0.0.0 Mobile Safari/537.36"
210.195.242.254 - - [19/Oct/2025:09:08:58 -0400] "GET /wp-content/uploads/cropped-favicon-192x192.png HTTP/1.1" 304 - "https://sexpositions.online/oral/cunnilingus/" "Mozilla/5.0 (Linux; Android 10; K) AppleWebKit/537.36 (KHTML, like Gecko) Chrome/141.0.0.0 Mobile Safari/537.36"
210.195.242.254 - - [19/Oct/2025:09:08:59 -0400] "GET /wp-content/uploads/the-tumbler-animated.gif HTTP/1.1" 304 - "https://sexpositions.online/oral/cunnilingus/" "Mozilla/5.0 (Linux; Android 10; K) AppleWebKit/537.36 (KHTML, like Gecko) Chrome/141.0.0.0 Mobile Safari/537.36"
210.195.242.254 - - [19/Oct/2025:09:09:11 -0400] "GET /wp-content/uploads/the-headlock-animated.gif HTTP/1.1" 304 - "https://sexpositions.online/oral/cunnilingus/" "Mozilla/5.0 (Linux; Android 10; K) AppleWebKit/537.36 (KHTML, like Gecko) Chrome/141.0.0.0 Mobile Safari/537.36"
210.195.242.254 - - [19/Oct/2025:09:09:11 -0400] "GET /wp-content/uploads/the-pin-up-animated.gif HTTP/1.1" 304 - "https://sexpositions.online/oral/cunnilingus/" "Mozilla/5.0 (Linux; Android 10; K) AppleWebKit/537.36 (KHTML, like Gecko) Chrome/141.0.0.0 Mobile Safari/537.36"
210.195.242.254 - - [19/Oct/2025:09:09:12 -0400] "GET /wp-content/uploads/dirty-doggy-animated.gif HTTP/1.1" 304 - "https://sexpositions.online/oral/cunnilingus/" "Mozilla/5.0 (Linux; Android 10; K) AppleWebKit/537.36 (KHTML, like Gecko) Chrome/141.0.0.0 Mobile Safari/537.36"
64.224.128.202 - - [19/Oct/2025:09:09:22 -0400] "POST /xmlrpc.php HTTP/1.1" 200 403 "-" "Mozilla/5.0 (Windows NT 10.0; x64) AppleWebKit/537.36 (KHTML, like Gecko) Opera/73.0.0.0 Safari/537.36"
210.195.242.254 - - [19/Oct/2025:09:09:23 -0400] "GET /wp-content/uploads/the-flat-back-animated.gif HTTP/1.1" 304 - "https://sexpositions.online/oral/cunnilingus/" "Mozilla/5.0 (Linux; Android 10; K) AppleWebKit/537.36 (KHTML, like Gecko) Chrome/141.0.0.0 Mobile Safari/537.36"
2409:40f4:10f4:8301:945f:17ff:fed1:d766 - - [19/Oct/2025:09:09:25 -0400] "GET /wp-content/uploads/hula-girl-animated.gif HTTP/1.1" 304 - "https://www.google.com/" "Mozilla/5.0 (Linux; Android 10; K) AppleWebKit/537.36 (KHTML, like Gecko) Chrome/141.0.0.0 Mobile Safari/537.36"
210.195.242.254 - - [19/Oct/2025:09:09:30 -0400] "GET /wp-content/uploads/the-buffet-animated.gif HTTP/1.1" 304 - "https://sexpositions.online/oral/cunnilingus/" "Mozilla/5.0 (Linux; Android 10; K) AppleWebKit/537.36 (KHTML, like Gecko) Chrome/141.0.0.0 Mobile Safari/537.36"
165.16.186.142 - - [19/Oct/2025:09:09:30 -0400] "GET /wp-content/uploads/the-swing-animated.gif HTTP/1.1" 304 - "https://www.google.com/" "Mozilla/5.0 (iPhone; CPU iPhone OS 18_6_2 like Mac OS X) AppleWebKit/605.1.15 (KHTML, like Gecko) GSA/390.0.817388646 Mobile/22G100 Safari/604.1"
210.195.242.254 - - [19/Oct/2025:09:09:31 -0400] "GET /wp-content/uploads/kissing-the-pink-animated.gif HTTP/1.1" 304 - "https://sexpositions.online/oral/cunnilingus/" "Mozilla/5.0 (Linux; Android 10; K) AppleWebKit/537.36 (KHTML, like Gecko) Chrome/141.0.0.0 Mobile Safari/537.36"
210.195.242.254 - - [19/Oct/2025:09:09:32 -0400] "GET /wp-content/uploads/head-rush-animated.gif HTTP/1.1" 304 - "https://sexpositions.online/oral/cunnilingus/" "Mozilla/5.0 (Linux; Android 10; K) AppleWebKit/537.36 (KHTML, like Gecko) Chrome/141.0.0.0 Mobile Safari/537.36"
2605:a601:aac5:9900:d41:854a:cc8b:76f3 - - [19/Oct/2025:09:09:35 -0400] "GET / HTTP/1.1" 200 125058 "https://www.google.com/" "Mozilla/5.0 (Linux; Android 10; K) AppleWebKit/537.36 (KHTML, like Gecko) Chrome/141.0.0.0 Safari/537.36"
2605:a601:aac5:9900:d41:854a:cc8b:76f3 - - [19/Oct/2025:09:09:37 -0400] "GET /wp-content/uploads/banner.jpg HTTP/1.1" 200 69174 "https://sexpositions.online/" "Mozilla/5.0 (Linux; Android 10; K) AppleWebKit/537.36 (KHTML, like Gecko) Chrome/141.0.0.0 Safari/537.36"
2605:a601:aac5:9900:d41:854a:cc8b:76f3 - - [19/Oct/2025:09:09:37 -0400] "GET /wp-includes/js/wp-emoji-release.min.js?ver=6.8.3 HTTP/1.1" 304 - "https://sexpositions.online/" "Mozilla/5.0 (Linux; Android 10; K) AppleWebKit/537.36 (KHTML, like Gecko) Chrome/141.0.0.0 Safari/537.36"
2605:a601:aac5:9900:d41:854a:cc8b:76f3 - - [19/Oct/2025:09:09:38 -0400] "GET /wp-content/uploads/cropped-favicon-180x180.png HTTP/1.1" 304 - "https://sexpositions.online/" "Mozilla/5.0 (Linux; Android 10; K) AppleWebKit/537.36 (KHTML, like Gecko) Chrome/141.0.0.0 Safari/537.36"
2605:a601:aac5:9900:d41:854a:cc8b:76f3 - - [19/Oct/2025:09:09:38 -0400] "GET /wp-content/uploads/cropped-favicon-192x192.png HTTP/1.1" 304 - "https://sexpositions.online/" "Mozilla/5.0 (Linux; Android 10; K) AppleWebKit/537.36 (KHTML, like Gecko) Chrome/141.0.0.0 Safari/537.36"
2409:40f4:10f4:8301:945f:17ff:fed1:d766 - - [19/Oct/2025:09:09:39 -0400] "GET /wp-content/uploads/head-rush-animated.gif HTTP/1.1" 304 - "https://www.google.com/" "Mozilla/5.0 (Linux; Android 10; K) AppleWebKit/537.36 (KHTML, like Gecko) Chrome/141.0.0.0 Mobile Safari/537.36"
2600:100a:b063:3114:2513:6fb7:b264:d3a1 - - [19/Oct/2025:09:09:40 -0400] "GET /spooning/ HTTP/1.1" 200 100748 "https://sexpositions.online/" "Mozilla/5.0 (iPhone; CPU iPhone OS 18_7 like Mac OS X) AppleWebKit/605.1.15 (KHTML, like Gecko) Version/26.0.1 Mobile/15E148 Safari/604.1"
165.16.186.142 - - [19/Oct/2025:09:09:40 -0400] "GET /standing/ HTTP/1.1" 200 104908 "https://www.google.com/" "Mozilla/5.0 (iPhone; CPU iPhone OS 18_6_2 like Mac OS X) AppleWebKit/605.1.15 (KHTML, like Gecko) GSA/390.0.817388646 Mobile/15E148 Safari/604.1"
165.16.186.142 - - [19/Oct/2025:09:09:41 -0400] "GET /wp-content/uploads/stand-and-deliver-animated-1.gif HTTP/1.1" 304 - "https://sexpositions.online/standing/" "Mozilla/5.0 (iPhone; CPU iPhone OS 18_6_2 like Mac OS X) AppleWebKit/605.1.15 (KHTML, like Gecko) GSA/390.0.817388646 Mobile/15E148 Safari/604.1"
165.16.186.142 - - [19/Oct/2025:09:09:41 -0400] "GET /wp-content/uploads/wheelbarrow-animated.gif HTTP/1.1" 304 - "https://sexpositions.online/standing/" "Mozilla/5.0 (iPhone; CPU iPhone OS 18_6_2 like Mac OS X) AppleWebKit/605.1.15 (KHTML, like Gecko) GSA/390.0.817388646 Mobile/15E148 Safari/604.1"
2600:100a:b063:3114:2513:6fb7:b264:d3a1 - - [19/Oct/2025:09:09:41 -0400] "GET /wp-content/uploads/crossed-spoons-animated.gif HTTP/1.1" 200 203751 "https://sexpositions.online/spooning/" "Mozilla/5.0 (iPhone; CPU iPhone OS 18_7 like Mac OS X) AppleWebKit/605.1.15 (KHTML, like Gecko) Version/26.0.1 Mobile/15E148 Safari/604.1"
165.16.186.142 - - [19/Oct/2025:09:09:42 -0400] "GET /wp-content/uploads/superman-animated.gif HTTP/1.1" 304 - "https://sexpositions.online/standing/" "Mozilla/5.0 (iPhone; CPU iPhone OS 18_6_2 like Mac OS X) AppleWebKit/605.1.15 (KHTML, like Gecko) GSA/390.0.817388646 Mobile/15E148 Safari/604.1"
2600:100a:b063:3114:2513:6fb7:b264:d3a1 - - [19/Oct/2025:09:09:42 -0400] "GET /wp-content/uploads/sideways-animated.gif HTTP/1.1" 304 - "https://sexpositions.online/spooning/" "Mozilla/5.0 (iPhone; CPU iPhone OS 18_7 like Mac OS X) AppleWebKit/605.1.15 (KHTML, like Gecko) Version/26.0.1 Mobile/15E148 Safari/604.1"
157.55.39.205 - - [19/Oct/2025:09:09:43 -0400] "GET /?s=%EC%8B%9C%EC%97%90%EB%82%98+%EC%BC%88%EB%A6%AC+%EC%84%B9%EC%8A%A4 HTTP/1.1" 200 96551 "-" "Mozilla/5.0 AppleWebKit/537.36 (KHTML, like Gecko; compatible; bingbot/2.0; +http://www.bing.com/bingbot.htm) Chrome/116.0.1938.76 Safari/537.36"
210.195.242.254 - - [19/Oct/2025:09:09:45 -0400] "GET /head-rush/ HTTP/1.1" 200 97804 "https://sexpositions.online/oral/cunnilingus/" "Mozilla/5.0 (Linux; Android 10; K) AppleWebKit/537.36 (KHTML, like Gecko) Chrome/141.0.0.0 Mobile Safari/537.36"
2605:a601:aac5:9900:d41:854a:cc8b:76f3 - - [19/Oct/2025:09:09:48 -0400] "GET /cowgirl/ HTTP/1.1" 200 101886 "https://sexpositions.online/" "Mozilla/5.0 (Linux; Android 10; K) AppleWebKit/537.36 (KHTML, like Gecko) Chrome/141.0.0.0 Safari/537.36"
165.16.186.142 - - [19/Oct/2025:09:09:49 -0400] "GET /wp-content/uploads/butter-churner-animated.gif HTTP/1.1" 304 - "https://sexpositions.online/standing/" "Mozilla/5.0 (iPhone; CPU iPhone OS 18_6_2 like Mac OS X) AppleWebKit/605.1.15 (KHTML, like Gecko) GSA/390.0.817388646 Mobile/15E148 Safari/604.1"
2600:100a:b063:3114:2513:6fb7:b264:d3a1 - - [19/Oct/2025:09:09:50 -0400] "GET /wp-content/uploads/the-carnal-chaise-animated.gif HTTP/1.1" 304 - "https://sexpositions.online/spooning/" "Mozilla/5.0 (iPhone; CPU iPhone OS 18_7 like Mac OS X) AppleWebKit/605.1.15 (KHTML, like Gecko) Version/26.0.1 Mobile/15E148 Safari/604.1"
2600:100a:b063:3114:2513:6fb7:b264:d3a1 - - [19/Oct/2025:09:09:52 -0400] "GET /wp-content/uploads/bent-spoon-animated-1.gif HTTP/1.1" 304 - "https://sexpositions.online/spooning/" "Mozilla/5.0 (iPhone; CPU iPhone OS 18_7 like Mac OS X) AppleWebKit/605.1.15 (KHTML, like Gecko) Version/26.0.1 Mobile/15E148 Safari/604.1"
165.16.186.142 - - [19/Oct/2025:09:09:53 -0400] "GET /wp-content/uploads/elephant-animated.gif HTTP/1.1" 304 - "https://sexpositions.online/standing/" "Mozilla/5.0 (iPhone; CPU iPhone OS 18_6_2 like Mac OS X) AppleWebKit/605.1.15 (KHTML, like Gecko) GSA/390.0.817388646 Mobile/15E148 Safari/604.1"
165.16.186.142 - - [19/Oct/2025:09:09:57 -0400] "GET /wp-content/uploads/wall-animated.gif HTTP/1.1" 304 - "https://sexpositions.online/standing/" "Mozilla/5.0 (iPhone; CPU iPhone OS 18_6_2 like Mac OS X) AppleWebKit/605.1.15 (KHTML, like Gecko) GSA/390.0.817388646 Mobile/15E148 Safari/604.1"
2a09:bac2:3de:1d7::2f:75 - - [19/Oct/2025:09:09:59 -0400] "GET /wp-content/uploads/missionary-animated.gif HTTP/1.1" 304 - "https://www.google.com/" "Mozilla/5.0 (iPhone; CPU iPhone OS 18_6_2 like Mac OS X) AppleWebKit/605.1.15 (KHTML, like Gecko) Version/18.6 Mobile/15E148 Safari/604.1"
165.16.186.142 - - [19/Oct/2025:09:10:00 -0400] "GET /wp-content/uploads/stand-and-carry-animated.gif HTTP/1.1" 304 - "https://sexpositions.online/standing/" "Mozilla/5.0 (iPhone; CPU iPhone OS 18_6_2 like Mac OS X) AppleWebKit/605.1.15 (KHTML, like Gecko) GSA/390.0.817388646 Mobile/15E148 Safari/604.1"
165.16.186.142 - - [19/Oct/2025:09:10:01 -0400] "GET /wp-content/uploads/the-bodyguard-animated.gif HTTP/1.1" 200 179059 "https://sexpositions.online/standing/" "Mozilla/5.0 (iPhone; CPU iPhone OS 18_6_2 like Mac OS X) AppleWebKit/605.1.15 (KHTML, like Gecko) GSA/390.0.817388646 Mobile/15E148 Safari/604.1"
2605:a601:aac5:9900:d41:854a:cc8b:76f3 - - [19/Oct/2025:09:10:14 -0400] "GET /piledriver/ HTTP/1.1" 200 99769 "https://sexpositions.online/" "Mozilla/5.0 (Linux; Android 10; K) AppleWebKit/537.36 (KHTML, like Gecko) Chrome/141.0.0.0 Safari/537.36"
64.224.128.202 - - [19/Oct/2025:09:10:27 -0400] "POST /xmlrpc.php HTTP/1.1" 200 403 "-" "Mozilla/5.0 (Windows NT 10.0; arm64) AppleWebKit/537.36 (KHTML, like Gecko) Edge/92.0.0.0 Safari/537.36"
123.253.133.148 - - [19/Oct/2025:09:10:27 -0400] "GET /wp-content/uploads/reverse-69-animated.gif HTTP/1.1" 304 - "https://www.google.com/" "Mozilla/5.0 (Linux; Android 10; K) AppleWebKit/537.36 (KHTML, like Gecko) Chrome/141.0.0.0 Mobile Safari/537.36"
2605:a601:aac5:9900:d41:854a:cc8b:76f3 - - [19/Oct/2025:09:10:29 -0400] "GET /easy/ HTTP/1.1" 200 101576 "https://sexpositions.online/" "Mozilla/5.0 (Linux; Android 10; K) AppleWebKit/537.36 (KHTML, like Gecko) Chrome/141.0.0.0 Safari/537.36"
2605:a601:aac5:9900:d41:854a:cc8b:76f3 - - [19/Oct/2025:09:10:31 -0400] "GET /wp-content/uploads/easy-rider-animated.gif HTTP/1.1" 304 - "https://sexpositions.online/easy/" "Mozilla/5.0 (Linux; Android 10; K) AppleWebKit/537.36 (KHTML, like Gecko) Chrome/141.0.0.0 Safari/537.36"
2605:a601:aac5:9900:d41:854a:cc8b:76f3 - - [19/Oct/2025:09:10:31 -0400] "GET /wp-content/uploads/crouching-tiger-animated-1.gif HTTP/1.1" 304 - "https://sexpositions.online/easy/" "Mozilla/5.0 (Linux; Android 10; K) AppleWebKit/537.36 (KHTML, like Gecko) Chrome/141.0.0.0 Safari/537.36"
119.249.100.176 - - [19/Oct/2025:09:10:31 -0400] "GET /easy/ HTTP/1.1" 200 101576 "-" "Mozilla/5.0 (Windows NT 10.0; WOW64) AppleWebKit/537.36 (KHTML, like Gecko) Chrome/48.0.2564.116 Safari/537.36"
2605:a601:aac5:9900:d41:854a:cc8b:76f3 - - [19/Oct/2025:09:10:33 -0400] "GET /wp-content/uploads/table-top-animated-1.gif HTTP/1.1" 304 - "https://sexpositions.online/easy/" "Mozilla/5.0 (Linux; Android 10; K) AppleWebKit/537.36 (KHTML, like Gecko) Chrome/141.0.0.0 Safari/537.36"
116.179.33.81 - - [19/Oct/2025:09:10:35 -0400] "GET /wp-content/uploads/crouching-tiger-animated-1.gif HTTP/1.1" 304 - "https://sexpositions.online/easy/" "Mozilla/5.0 (Windows NT 10.0; Win64; x64) AppleWebKit/537.36 (KHTML, like Gecko) Chrome/99.0.4844.51 Safari/537.36"
116.179.33.16 - - [19/Oct/2025:09:10:35 -0400] "GET /wp-content/themes/astra/assets/js/minified/frontend.min.js?ver=4.11.12 HTTP/1.1" 304 - "https://sexpositions.online/easy/" "Mozilla/5.0 (Windows NT 10.0; Win64; x64) AppleWebKit/537.36 (KHTML, like Gecko) Chrome/99.0.4844.51 Safari/537.36"
