96.60.219.81 - - [19/Oct/2025:11:18:47 -0400] "GET /wp-content/uploads/flying-missionary-animated.gif HTTP/1.1" 304 - "https://sexpositions.online/missionary/" "Mozilla/5.0 (iPhone; CPU iPhone OS 26_0_1 like Mac OS X) AppleWebKit/605.1.15 (KHTML, like Gecko) GSA/390.0.817388646 Mobile/15E148 Safari/604.1"
96.60.219.81 - - [19/Oct/2025:11:18:49 -0400] "GET /wp-content/uploads/front-and-rear-animated.gif HTTP/1.1" 304 - "https://sexpositions.online/missionary/" "Mozilla/5.0 (iPhone; CPU iPhone OS 26_0_1 like Mac OS X) AppleWebKit/605.1.15 (KHTML, like Gecko) GSA/390.0.817388646 Mobile/15E148 Safari/604.1"
96.60.219.81 - - [19/Oct/2025:11:18:52 -0400] "GET /wp-content/uploads/the-deep-animated.gif HTTP/1.1" 304 - "https://sexpositions.online/missionary/" "Mozilla/5.0 (iPhone; CPU iPhone OS 26_0_1 like Mac OS X) AppleWebKit/605.1.15 (KHTML, like Gecko) GSA/390.0.817388646 Mobile/15E148 Safari/604.1"
96.60.219.81 - - [19/Oct/2025:11:18:54 -0400] "GET /wp-content/uploads/wild-cherry-animated.gif HTTP/1.1" 304 - "https://sexpositions.online/missionary/" "Mozilla/5.0 (iPhone; CPU iPhone OS 26_0_1 like Mac OS X) AppleWebKit/605.1.15 (KHTML, like Gecko) GSA/390.0.817388646 Mobile/15E148 Safari/604.1"
96.60.219.81 - - [19/Oct/2025:11:18:57 -0400] "GET /wp-content/uploads/anvil-animated.gif HTTP/1.1" 304 - "https://sexpositions.online/missionary/" "Mozilla/5.0 (iPhone; CPU iPhone OS 26_0_1 like Mac OS X) AppleWebKit/605.1.15 (KHTML, like Gecko) GSA/390.0.817388646 Mobile/15E148 Safari/604.1"
96.60.219.81 - - [19/Oct/2025:11:19:03 -0400] "GET /cowboy/ HTTP/1.1" 200 98022 "https://sexpositions.online/missionary/" "Mozilla/5.0 (iPhone; CPU iPhone OS 26_0_1 like Mac OS X) AppleWebKit/605.1.15 (KHTML, like Gecko) GSA/390.0.817388646 Mobile/15E148 Safari/604.1"
96.60.219.81 - - [19/Oct/2025:11:19:04 -0400] "GET /wp-content/uploads/cowboy-animated.gif HTTP/1.1" 304 - "https://sexpositions.online/cowboy/" "Mozilla/5.0 (iPhone; CPU iPhone OS 26_0_1 like Mac OS X) AppleWebKit/605.1.15 (KHTML, like Gecko) GSA/390.0.817388646 Mobile/15E148 Safari/604.1"
96.60.219.81 - - [19/Oct/2025:11:19:12 -0400] "GET /full-nelson/ HTTP/1.1" 200 98082 "https://sexpositions.online/cowboy/" "Mozilla/5.0 (iPhone; CPU iPhone OS 26_0_1 like Mac OS X) AppleWebKit/605.1.15 (KHTML, like Gecko) GSA/390.0.817388646 Mobile/15E148 Safari/604.1"
96.60.219.81 - - [19/Oct/2025:11:19:13 -0400] "GET /wp-content/uploads/full-nelson-animated.gif HTTP/1.1" 304 - "https://sexpositions.online/full-nelson/" "Mozilla/5.0 (iPhone; CPU iPhone OS 26_0_1 like Mac OS X) AppleWebKit/605.1.15 (KHTML, like Gecko) GSA/390.0.817388646 Mobile/15E148 Safari/604.1"
2409:4089:8213:16fd:53a8:5ef1:5192:1752 - - [19/Oct/2025:11:19:14 -0400] "GET / HTTP/1.1" 200 125069 "https://www.google.com/" "Mozilla/5.0 (Linux; Android 10; K) AppleWebKit/537.36 (KHTML, like Gecko) Chrome/141.0.0.0 Mobile Safari/537.36"
96.60.219.81 - - [19/Oct/2025:11:19:18 -0400] "GET /frog/ HTTP/1.1" 200 98182 "https://sexpositions.online/full-nelson/" "Mozilla/5.0 (iPhone; CPU iPhone OS 26_0_1 like Mac OS X) AppleWebKit/605.1.15 (KHTML, like Gecko) GSA/390.0.817388646 Mobile/15E148 Safari/604.1"
96.60.219.81 - - [19/Oct/2025:11:19:19 -0400] "GET /wp-content/uploads/frog-animated.gif HTTP/1.1" 304 - "https://sexpositions.online/frog/" "Mozilla/5.0 (iPhone; CPU iPhone OS 26_0_1 like Mac OS X) AppleWebKit/605.1.15 (KHTML, like Gecko) GSA/390.0.817388646 Mobile/15E148 Safari/604.1"
96.60.219.81 - - [19/Oct/2025:11:19:23 -0400] "GET /reverse-cowgirl/ HTTP/1.1" 200 98063 "https://sexpositions.online/frog/" "Mozilla/5.0 (iPhone; CPU iPhone OS 26_0_1 like Mac OS X) AppleWebKit/605.1.15 (KHTML, like Gecko) GSA/390.0.817388646 Mobile/15E148 Safari/604.1"
197.69.210.44 - - [19/Oct/2025:11:19:27 -0400] "GET /wp-content/uploads/lotus-animated.gif HTTP/1.1" 304 - "https://www.google.com/" "Mozilla/5.0 (iPhone; CPU iPhone OS 18_6_2 like Mac OS X) AppleWebKit/605.1.15 (KHTML, like Gecko) CriOS/141.0.7390.96 Mobile/15E148 Safari/604.1"
186.155.198.116 - - [19/Oct/2025:11:19:27 -0400] "GET /oral/69-ing/ HTTP/1.1" 200 102598 "https://sexpositions.online/" "Mozilla/5.0 (Linux; Android 10; K) AppleWebKit/537.36 (KHTML, like Gecko) Chrome/141.0.0.0 Mobile Safari/537.36"
186.155.198.116 - - [19/Oct/2025:11:19:28 -0400] "GET /wp-content/uploads/reverse-69-animated.gif HTTP/1.1" 304 - "https://sexpositions.online/oral/69-ing/" "Mozilla/5.0 (Linux; Android 10; K) AppleWebKit/537.36 (KHTML, like Gecko) Chrome/141.0.0.0 Mobile Safari/537.36"
186.155.198.116 - - [19/Oct/2025:11:19:28 -0400] "GET /wp-content/uploads/sweet-seat-animated.gif HTTP/1.1" 304 - "https://sexpositions.online/oral/69-ing/" "Mozilla/5.0 (Linux; Android 10; K) AppleWebKit/537.36 (KHTML, like Gecko) Chrome/141.0.0.0 Mobile Safari/537.36"
96.60.219.81 - - [19/Oct/2025:11:19:28 -0400] "GET /doggy-style/ HTTP/1.1" 200 102754 "https://sexpositions.online/reverse-cowgirl/" "Mozilla/5.0 (iPhone; CPU iPhone OS 26_0_1 like Mac OS X) AppleWebKit/605.1.15 (KHTML, like Gecko) GSA/390.0.817388646 Mobile/15E148 Safari/604.1"
2409:40f4:101f:762f:8000:: - - [19/Oct/2025:11:19:28 -0400] "GET /inside-out/ HTTP/1.1" 200 98182 "https://www.google.com/" "Mozilla/5.0 (Linux; Android 10; K) AppleWebKit/537.36 (KHTML, like Gecko) Chrome/141.0.0.0 Mobile Safari/537.36"
96.60.219.81 - - [19/Oct/2025:11:19:29 -0400] "GET /wp-content/uploads/eiffel-tower-animated.gif HTTP/1.1" 304 - "https://sexpositions.online/doggy-style/" "Mozilla/5.0 (iPhone; CPU iPhone OS 26_0_1 like Mac OS X) AppleWebKit/605.1.15 (KHTML, like Gecko) GSA/390.0.817388646 Mobile/15E148 Safari/604.1"
2409:40f4:101f:762f:8000:: - - [19/Oct/2025:11:19:30 -0400] "GET /wp-content/uploads/cropped-favicon-192x192.png HTTP/1.1" 304 - "https://sexpositions.online/inside-out/" "Mozilla/5.0 (Linux; Android 10; K) AppleWebKit/537.36 (KHTML, like Gecko) Chrome/141.0.0.0 Mobile Safari/537.36"
2409:40f4:101f:762f:8000:: - - [19/Oct/2025:11:19:30 -0400] "GET /wp-content/uploads/cropped-favicon-180x180.png HTTP/1.1" 304 - "https://sexpositions.online/inside-out/" "Mozilla/5.0 (Linux; Android 10; K) AppleWebKit/537.36 (KHTML, like Gecko) Chrome/141.0.0.0 Mobile Safari/537.36"
96.60.219.81 - - [19/Oct/2025:11:19:30 -0400] "GET /wp-content/uploads/upward-dog-animated.gif HTTP/1.1" 304 - "https://sexpositions.online/doggy-style/" "Mozilla/5.0 (iPhone; CPU iPhone OS 26_0_1 like Mac OS X) AppleWebKit/605.1.15 (KHTML, like Gecko) GSA/390.0.817388646 Mobile/15E148 Safari/604.1"
96.60.219.81 - - [19/Oct/2025:11:19:31 -0400] "GET /wp-content/uploads/flatiron-animated.gif HTTP/1.1" 304 - "https://sexpositions.online/doggy-style/" "Mozilla/5.0 (iPhone; CPU iPhone OS 26_0_1 like Mac OS X) AppleWebKit/605.1.15 (KHTML, like Gecko) GSA/390.0.817388646 Mobile/15E148 Safari/604.1"
186.155.198.116 - - [19/Oct/2025:11:19:31 -0400] "GET /wp-content/uploads/chair-tryst-animated.gif HTTP/1.1" 304 - "https://sexpositions.online/oral/69-ing/" "Mozilla/5.0 (Linux; Android 10; K) AppleWebKit/537.36 (KHTML, like Gecko) Chrome/141.0.0.0 Mobile Safari/537.36"
91.158.11.130 - - [19/Oct/2025:11:19:33 -0400] "GET /wp-content/uploads/tantric-cuddle-animated.gif HTTP/1.1" 304 - "https://www.google.fi/" "Mozilla/5.0 (Macintosh; Intel Mac OS X 10_15_4) AppleWebKit/605.1.15 (KHTML, like Gecko) Version/13.1.1 Safari/605.1.15"
186.155.198.116 - - [19/Oct/2025:11:19:33 -0400] "GET /wp-content/uploads/lazy-69-animated.gif HTTP/1.1" 304 - "https://sexpositions.online/oral/69-ing/" "Mozilla/5.0 (Linux; Android 10; K) AppleWebKit/537.36 (KHTML, like Gecko) Chrome/141.0.0.0 Mobile Safari/537.36"
192.145.175.246 - - [19/Oct/2025:11:19:33 -0400] "GET /wp-content/uploads/back-bend-animated.gif HTTP/1.1" 200 289683 "https://www.google.com/" "Mozilla/5.0 (Linux; Android 10; K) AppleWebKit/537.36 (KHTML, like Gecko) Chrome/141.0.0.0 Mobile Safari/537.36"
220.181.108.84 - - [19/Oct/2025:11:19:39 -0400] "GET /play-ball/ HTTP/1.1" 200 97729 "-" "Mozilla/5.0 (compatible; Baiduspider/2.0; +http://www.baidu.com/search/spider.html)"
40.77.167.230 - - [19/Oct/2025:11:19:40 -0400] "GET /duodenectomy893817.html HTTP/1.1" 200 95107 "-" "Mozilla/5.0 AppleWebKit/537.36 (KHTML, like Gecko; compatible; bingbot/2.0; +http://www.bing.com/bingbot.htm) Chrome/116.0.1938.76 Safari/537.36"
91.158.11.130 - - [19/Oct/2025:11:19:46 -0400] "GET /wp-content/uploads/necking-animated.gif HTTP/1.1" 200 213443 "https://www.google.fi/" "Mozilla/5.0 (Macintosh; Intel Mac OS X 10_15_4) AppleWebKit/605.1.15 (KHTML, like Gecko) Version/13.1.1 Safari/605.1.15"
2402:8100:2043:df24::1f3d:6247 - - [19/Oct/2025:11:19:59 -0400] "GET /wp-content/uploads/cat-animated.gif HTTP/1.1" 304 - "https://www.google.com/" "Mozilla/5.0 (Linux; Android 15; CPH2495 Build/AP3A.240617.008; wv) AppleWebKit/537.36 (KHTML, like Gecko) Version/4.0 Chrome/141.0.7390.43 Mobile Safari/537.36 GoogleApp/16.40.23.ve.arm64"
32.221.84.176 - - [19/Oct/2025:11:19:58 -0400] "GET /wp-content/uploads/frog-animated.gif HTTP/1.1" 200 203649 "https://www.google.com/" "Mozilla/5.0 (iPhone; CPU iPhone OS 18_6_2 like Mac OS X) AppleWebKit/605.1.15 (KHTML, like Gecko) Version/18.6 Mobile/15E148 Safari/604.1"
91.158.11.130 - - [19/Oct/2025:11:20:03 -0400] "GET /wp-content/uploads/reverse-cowgirl-animated.gif HTTP/1.1" 200 225649 "https://www.google.fi/" "Mozilla/5.0 (Macintosh; Intel Mac OS X 10_15_4) AppleWebKit/605.1.15 (KHTML, like Gecko) Version/13.1.1 Safari/605.1.15"
197.70.118.51 - - [19/Oct/2025:11:20:07 -0400] "GET /wp-content/uploads/piledriver-animated.gif HTTP/1.1" 304 - "https://www.google.com/" "Mozilla/5.0 (Linux; Android 10; K) AppleWebKit/537.36 (KHTML, like Gecko) Chrome/141.0.0.0 Mobile Safari/537.36"
77.28.84.200 - - [19/Oct/2025:11:20:07 -0400] "GET /wp-content/uploads/worlds-strongest-animated.gif HTTP/1.1" 304 - "https://www.google.com/" "Mozilla/5.0 (iPhone; CPU iPhone OS 18_6_2 like Mac OS X) AppleWebKit/605.1.15 (KHTML, like Gecko) Version/18.6 Mobile/15E148 Safari/604.1"
2a00:f41:1894:a559:0:62:5b9b:9c01 - - [19/Oct/2025:11:20:15 -0400] "GET /standing/ HTTP/1.1" 200 104908 "https://l.instagram.com/" "Mozilla/5.0 (Linux; Android 15; SM-A566B Build/AP3A.240905.015.A2; wv) AppleWebKit/537.36 (KHTML, like Gecko) Version/4.0 Chrome/141.0.7390.43 Mobile Safari/537.36 Instagram 401.0.0.48.79 Android (35/15; 450dpi; 1080x2340; samsung; SM-A566B; a56x; s5e8855; pl_PL; 802602927; IABMV/1)"
2a00:f41:1894:a559:0:62:5b9b:9c01 - - [19/Oct/2025:11:20:15 -0400] "GET /wp-content/uploads/stand-and-deliver-animated-1.gif HTTP/1.1" 304 - "https://sexpositions.online/standing/" "Mozilla/5.0 (Linux; Android 15; SM-A566B Build/AP3A.240905.015.A2; wv) AppleWebKit/537.36 (KHTML, like Gecko) Version/4.0 Chrome/141.0.7390.43 Mobile Safari/537.36 Instagram 401.0.0.48.79 Android (35/15; 450dpi; 1080x2340; samsung; SM-A566B; a56x; s5e8855; pl_PL; 802602927; IABMV/1)"
2a00:f41:1894:a559:0:62:5b9b:9c01 - - [19/Oct/2025:11:20:15 -0400] "GET /wp-content/uploads/wheelbarrow-animated.gif HTTP/1.1" 304 - "https://sexpositions.online/standing/" "Mozilla/5.0 (Linux; Android 15; SM-A566B Build/AP3A.240905.015.A2; wv) AppleWebKit/537.36 (KHTML, like Gecko) Version/4.0 Chrome/141.0.7390.43 Mobile Safari/537.36 Instagram 401.0.0.48.79 Android (35/15; 450dpi; 1080x2340; samsung; SM-A566B; a56x; s5e8855; pl_PL; 802602927; IABMV/1)"
2a00:f41:1894:a559:0:62:5b9b:9c01 - - [19/Oct/2025:11:20:15 -0400] "GET /wp-content/uploads/superman-animated.gif HTTP/1.1" 304 - "https://sexpositions.online/standing/" "Mozilla/5.0 (Linux; Android 15; SM-A566B Build/AP3A.240905.015.A2; wv) AppleWebKit/537.36 (KHTML, like Gecko) Version/4.0 Chrome/141.0.7390.43 Mobile Safari/537.36 Instagram 401.0.0.48.79 Android (35/15; 450dpi; 1080x2340; samsung; SM-A566B; a56x; s5e8855; pl_PL; 802602927; IABMV/1)"
2a00:f41:1894:a559:0:62:5b9b:9c01 - - [19/Oct/2025:11:20:16 -0400] "GET /wp-content/uploads/butter-churner-animated.gif HTTP/1.1" 304 - "https://sexpositions.online/standing/" "Mozilla/5.0 (Linux; Android 15; SM-A566B Build/AP3A.240905.015.A2; wv) AppleWebKit/537.36 (KHTML, like Gecko) Version/4.0 Chrome/141.0.7390.43 Mobile Safari/537.36 Instagram 401.0.0.48.79 Android (35/15; 450dpi; 1080x2340; samsung; SM-A566B; a56x; s5e8855; pl_PL; 802602927; IABMV/1)"
2a00:f41:1894:a559:0:62:5b9b:9c01 - - [19/Oct/2025:11:20:16 -0400] "GET /wp-content/uploads/elephant-animated.gif HTTP/1.1" 304 - "https://sexpositions.online/standing/" "Mozilla/5.0 (Linux; Android 15; SM-A566B Build/AP3A.240905.015.A2; wv) AppleWebKit/537.36 (KHTML, like Gecko) Version/4.0 Chrome/141.0.7390.43 Mobile Safari/537.36 Instagram 401.0.0.48.79 Android (35/15; 450dpi; 1080x2340; samsung; SM-A566B; a56x; s5e8855; pl_PL; 802602927; IABMV/1)"
2a00:f41:1894:a559:0:62:5b9b:9c01 - - [19/Oct/2025:11:20:16 -0400] "GET /wp-content/uploads/cropped-favicon-32x32.png HTTP/1.1" 304 - "https://sexpositions.online/standing/" "Mozilla/5.0 (Linux; Android 15; SM-A566B Build/AP3A.240905.015.A2; wv) AppleWebKit/537.36 (KHTML, like Gecko) Version/4.0 Chrome/141.0.7390.43 Mobile Safari/537.36 Instagram 401.0.0.48.79 Android (35/15; 450dpi; 1080x2340; samsung; SM-A566B; a56x; s5e8855; pl_PL; 802602927; IABMV/1)"
2a00:f41:1894:a559:0:62:5b9b:9c01 - - [19/Oct/2025:11:20:20 -0400] "GET /wp-content/uploads/wall-animated.gif HTTP/1.1" 304 - "https://sexpositions.online/standing/" "Mozilla/5.0 (Linux; Android 15; SM-A566B Build/AP3A.240905.015.A2; wv) AppleWebKit/537.36 (KHTML, like Gecko) Version/4.0 Chrome/141.0.7390.43 Mobile Safari/537.36 Instagram 401.0.0.48.79 Android (35/15; 450dpi; 1080x2340; samsung; SM-A566B; a56x; s5e8855; pl_PL; 802602927; IABMV/1)"
197.70.118.51 - - [19/Oct/2025:11:20:20 -0400] "GET / HTTP/1.1" 200 125069 "https://www.google.com/" "Mozilla/5.0 (Linux; Android 10; K) AppleWebKit/537.36 (KHTML, like Gecko) Chrome/141.0.0.0 Mobile Safari/537.36"
197.70.118.51 - - [19/Oct/2025:11:20:21 -0400] "GET /wp-content/themes/astra/assets/css/minified/main.min.css?ver=4.11.12 HTTP/1.1" 304 - "https://sexpositions.online/" "Mozilla/5.0 (Linux; Android 10; K) AppleWebKit/537.36 (KHTML, like Gecko) Chrome/141.0.0.0 Mobile Safari/537.36"
197.70.118.51 - - [19/Oct/2025:11:20:21 -0400] "GET /wp-includes/css/dist/block-library/style.min.css?ver=6.8.3 HTTP/1.1" 304 - "https://sexpositions.online/" "Mozilla/5.0 (Linux; Android 10; K) AppleWebKit/537.36 (KHTML, like Gecko) Chrome/141.0.0.0 Mobile Safari/537.36"
197.70.118.51 - - [19/Oct/2025:11:20:21 -0400] "GET /wp-content/uploads/cowgirl-animated.gif HTTP/1.1" 304 - "https://sexpositions.online/" "Mozilla/5.0 (Linux; Android 10; K) AppleWebKit/537.36 (KHTML, like Gecko) Chrome/141.0.0.0 Mobile Safari/537.36"
197.70.118.51 - - [19/Oct/2025:11:20:21 -0400] "GET /wp-content/uploads/missionary-animated.gif HTTP/1.1" 304 - "https://sexpositions.online/" "Mozilla/5.0 (Linux; Android 10; K) AppleWebKit/537.36 (KHTML, like Gecko) Chrome/141.0.0.0 Mobile Safari/537.36"
197.70.118.51 - - [19/Oct/2025:11:20:21 -0400] "GET /wp-content/uploads/banner.jpg HTTP/1.1" 304 - "https://sexpositions.online/" "Mozilla/5.0 (Linux; Android 10; K) AppleWebKit/537.36 (KHTML, like Gecko) Chrome/141.0.0.0 Mobile Safari/537.36"
197.70.118.51 - - [19/Oct/2025:11:20:22 -0400] "GET /wp-content/themes/astra/assets/js/minified/frontend.min.js?ver=4.11.12 HTTP/1.1" 304 - "https://sexpositions.online/" "Mozilla/5.0 (Linux; Android 10; K) AppleWebKit/537.36 (KHTML, like Gecko) Chrome/141.0.0.0 Mobile Safari/537.36"
2a00:f41:1894:a559:0:62:5b9b:9c01 - - [19/Oct/2025:11:20:22 -0400] "GET /wp-content/uploads/the-swing-animated.gif HTTP/1.1" 304 - "https://sexpositions.online/standing/" "Mozilla/5.0 (Linux; Android 15; SM-A566B Build/AP3A.240905.015.A2; wv) AppleWebKit/537.36 (KHTML, like Gecko) Version/4.0 Chrome/141.0.7390.43 Mobile Safari/537.36 Instagram 401.0.0.48.79 Android (35/15; 450dpi; 1080x2340; samsung; SM-A566B; a56x; s5e8855; pl_PL; 802602927; IABMV/1)"
197.70.118.51 - - [19/Oct/2025:11:20:22 -0400] "GET /wp-includes/js/wp-emoji-release.min.js?ver=6.8.3 HTTP/1.1" 200 19251 "https://sexpositions.online/" "Mozilla/5.0 (Linux; Android 10; K) AppleWebKit/537.36 (KHTML, like Gecko) Chrome/141.0.0.0 Mobile Safari/537.36"
2a00:f41:1894:a559:0:62:5b9b:9c01 - - [19/Oct/2025:11:20:23 -0400] "GET /wp-content/uploads/stand-and-carry-animated.gif HTTP/1.1" 304 - "https://sexpositions.online/standing/" "Mozilla/5.0 (Linux; Android 15; SM-A566B Build/AP3A.240905.015.A2; wv) AppleWebKit/537.36 (KHTML, like Gecko) Version/4.0 Chrome/141.0.7390.43 Mobile Safari/537.36 Instagram 401.0.0.48.79 Android (35/15; 450dpi; 1080x2340; samsung; SM-A566B; a56x; s5e8855; pl_PL; 802602927; IABMV/1)"
46.132.66.221 - - [19/Oct/2025:11:20:23 -0400] "GET /wp-content/uploads/on-a-deadline-animated.gif HTTP/1.1" 304 - "https://www.google.com/" "Mozilla/5.0 (Linux; Android 10; K) AppleWebKit/537.36 (KHTML, like Gecko) Chrome/141.0.0.0 Mobile Safari/537.36"
197.70.118.51 - - [19/Oct/2025:11:20:24 -0400] "GET /wp-content/uploads/cropped-favicon-192x192.png HTTP/1.1" 304 - "https://sexpositions.online/" "Mozilla/5.0 (Linux; Android 10; K) AppleWebKit/537.36 (KHTML, like Gecko) Chrome/141.0.0.0 Mobile Safari/537.36"
197.70.118.51 - - [19/Oct/2025:11:20:24 -0400] "GET /wp-content/uploads/cropped-favicon-180x180.png HTTP/1.1" 304 - "https://sexpositions.online/" "Mozilla/5.0 (Linux; Android 10; K) AppleWebKit/537.36 (KHTML, like Gecko) Chrome/141.0.0.0 Mobile Safari/537.36"
2a00:f41:1894:a559:0:62:5b9b:9c01 - - [19/Oct/2025:11:20:26 -0400] "GET /wp-content/uploads/the-bodyguard-animated.gif HTTP/1.1" 304 - "https://sexpositions.online/standing/" "Mozilla/5.0 (Linux; Android 15; SM-A566B Build/AP3A.240905.015.A2; wv) AppleWebKit/537.36 (KHTML, like Gecko) Version/4.0 Chrome/141.0.7390.43 Mobile Safari/537.36 Instagram 401.0.0.48.79 Android (35/15; 450dpi; 1080x2340; samsung; SM-A566B; a56x; s5e8855; pl_PL; 802602927; IABMV/1)"
122.53.56.254 - - [19/Oct/2025:11:20:27 -0400] "GET /wp-content/uploads/hula-girl-animated.gif HTTP/1.1" 200 178224 "https://www.google.com/" "Mozilla/5.0 (Linux; Android 10; K) AppleWebKit/537.36 (KHTML, like Gecko) Chrome/141.0.0.0 Mobile Safari/537.36"
2a00:f41:1894:a559:0:62:5b9b:9c01 - - [19/Oct/2025:11:20:28 -0400] "GET /wp-content/uploads/upside-down-animated.gif HTTP/1.1" 304 - "https://sexpositions.online/standing/" "Mozilla/5.0 (Linux; Android 15; SM-A566B Build/AP3A.240905.015.A2; wv) AppleWebKit/537.36 (KHTML, like Gecko) Version/4.0 Chrome/141.0.7390.43 Mobile Safari/537.36 Instagram 401.0.0.48.79 Android (35/15; 450dpi; 1080x2340; samsung; SM-A566B; a56x; s5e8855; pl_PL; 802602927; IABMV/1)"
197.70.118.51 - - [19/Oct/2025:11:20:28 -0400] "GET /wp-content/uploads/amazon-animated.gif HTTP/1.1" 304 - "https://sexpositions.online/" "Mozilla/5.0 (Linux; Android 10; K) AppleWebKit/537.36 (KHTML, like Gecko) Chrome/141.0.0.0 Mobile Safari/537.36"
2a00:f41:1894:a559:0:62:5b9b:9c01 - - [19/Oct/2025:11:20:28 -0400] "GET /wp-content/uploads/spiderman-animated.gif HTTP/1.1" 304 - "https://sexpositions.online/standing/" "Mozilla/5.0 (Linux; Android 15; SM-A566B Build/AP3A.240905.015.A2; wv) AppleWebKit/537.36 (KHTML, like Gecko) Version/4.0 Chrome/141.0.7390.43 Mobile Safari/537.36 Instagram 401.0.0.48.79 Android (35/15; 450dpi; 1080x2340; samsung; SM-A566B; a56x; s5e8855; pl_PL; 802602927; IABMV/1)"
31.0.62.0 - - [19/Oct/2025:11:20:28 -0400] "GET /chair/ HTTP/1.1" 200 103051 "https://www.google.com/" "Mozilla/5.0 (Linux; Android 10; K) AppleWebKit/537.36 (KHTML, like Gecko) Chrome/141.0.0.0 Mobile Safari/537.36"
2a00:f41:1894:a559:0:62:5b9b:9c01 - - [19/Oct/2025:11:20:29 -0400] "GET /wall/ HTTP/1.1" 200 97959 "https://sexpositions.online/standing/" "Mozilla/5.0 (Linux; Android 15; SM-A566B Build/AP3A.240905.015.A2; wv) AppleWebKit/537.36 (KHTML, like Gecko) Version/4.0 Chrome/141.0.7390.43 Mobile Safari/537.36"
31.0.62.0 - - [19/Oct/2025:11:20:29 -0400] "GET /wp-content/uploads/whos-your-daddy-animated.gif HTTP/1.1" 304 - "https://sexpositions.online/chair/" "Mozilla/5.0 (Linux; Android 10; K) AppleWebKit/537.36 (KHTML, like Gecko) Chrome/141.0.0.0 Mobile Safari/537.36"
31.0.62.0 - - [19/Oct/2025:11:20:30 -0400] "GET /wp-content/uploads/the-love-seat-animated-1.gif HTTP/1.1" 304 - "https://sexpositions.online/chair/" "Mozilla/5.0 (Linux; Android 10; K) AppleWebKit/537.36 (KHTML, like Gecko) Chrome/141.0.0.0 Mobile Safari/537.36"
31.0.62.0 - - [19/Oct/2025:11:20:30 -0400] "GET /wp-content/uploads/the-straddle-animated.gif HTTP/1.1" 304 - "https://sexpositions.online/chair/" "Mozilla/5.0 (Linux; Android 10; K) AppleWebKit/537.36 (KHTML, like Gecko) Chrome/141.0.0.0 Mobile Safari/537.36"
197.70.118.51 - - [19/Oct/2025:11:20:45 -0400] "GET /wp-content/uploads/doggy-style-animated.gif HTTP/1.1" 304 - "https://sexpositions.online/" "Mozilla/5.0 (Linux; Android 10; K) AppleWebKit/537.36 (KHTML, like Gecko) Chrome/141.0.0.0 Mobile Safari/537.36"
91.158.11.130 - - [19/Oct/2025:11:20:47 -0400] "GET /wp-content/uploads/reverse-69-animated.gif HTTP/1.1" 304 - "https://www.google.fi/" "Mozilla/5.0 (Macintosh; Intel Mac OS X 10_15_4) AppleWebKit/605.1.15 (KHTML, like Gecko) Version/13.1.1 Safari/605.1.15"
197.70.118.51 - - [19/Oct/2025:11:20:48 -0400] "GET /wp-content/uploads/spooning-animated.gif HTTP/1.1" 304 - "https://sexpositions.online/" "Mozilla/5.0 (Linux; Android 10; K) AppleWebKit/537.36 (KHTML, like Gecko) Chrome/141.0.0.0 Mobile Safari/537.36"
80.211.132.167 - - [19/Oct/2025:11:20:53 -0400] "GET /wp-content/uploads/curls-animated.gif HTTP/1.1" 304 - "https://yandex.ru/" "Mozilla/5.0 (iPhone; CPU iPhone OS 18_6_2 like Mac OS X) AppleWebKit/605.1.15 (KHTML, like Gecko) Version/18.6 Mobile/15E148 Safari/604.1"
80.211.132.167 - - [19/Oct/2025:11:20:55 -0400] "GET /wp-content/uploads/the-bridge-animated.gif HTTP/1.1" 200 227502 "https://yandex.ru/" "Mozilla/5.0 (iPhone; CPU iPhone OS 18_6_2 like Mac OS X) AppleWebKit/605.1.15 (KHTML, like Gecko) Version/18.6 Mobile/15E148 Safari/604.1"
197.70.118.51 - - [19/Oct/2025:11:20:55 -0400] "GET /wp-content/uploads/helicopter-animated.gif HTTP/1.1" 304 - "https://sexpositions.online/" "Mozilla/5.0 (Linux; Android 10; K) AppleWebKit/537.36 (KHTML, like Gecko) Chrome/141.0.0.0 Mobile Safari/537.36"
91.158.11.130 - - [19/Oct/2025:11:20:56 -0400] "GET /wp-content/uploads/sweet-seat-animated.gif HTTP/1.1" 200 221495 "https://www.google.fi/" "Mozilla/5.0 (Macintosh; Intel Mac OS X 10_15_4) AppleWebKit/605.1.15 (KHTML, like Gecko) Version/13.1.1 Safari/605.1.15"
197.70.118.51 - - [19/Oct/2025:11:21:00 -0400] "GET /wp-content/uploads/butterfly-animated.gif HTTP/1.1" 304 - "https://sexpositions.online/" "Mozilla/5.0 (Linux; Android 10; K) AppleWebKit/537.36 (KHTML, like Gecko) Chrome/141.0.0.0 Mobile Safari/537.36"
197.245.57.141 - - [19/Oct/2025:11:21:03 -0400] "GET /wp-content/uploads/the-tumbler-animated.gif HTTP/1.1" 200 236830 "-" "com.google.android.apps.searchlite/763881 (Linux; U; Android 8.1.0; en_ZA; SM-J260F; Build/M1AJB; Cronet/140.0.7259.0)"
91.158.11.130 - - [19/Oct/2025:11:21:03 -0400] "GET /wp-content/uploads/worlds-strongest-animated.gif HTTP/1.1" 200 137048 "https://www.google.fi/" "Mozilla/5.0 (Macintosh; Intel Mac OS X 10_15_4) AppleWebKit/605.1.15 (KHTML, like Gecko) Version/13.1.1 Safari/605.1.15"
80.211.132.167 - - [19/Oct/2025:11:21:04 -0400] "GET /wp-content/uploads/crouching-tiger-animated-1.gif HTTP/1.1" 304 - "https://yandex.ru/" "Mozilla/5.0 (iPhone; CPU iPhone OS 18_6_2 like Mac OS X) AppleWebKit/605.1.15 (KHTML, like Gecko) Version/18.6 Mobile/15E148 Safari/604.1"
197.70.118.51 - - [19/Oct/2025:11:21:06 -0400] "GET /wp-content/uploads/speed-bump-animated.gif HTTP/1.1" 304 - "https://sexpositions.online/" "Mozilla/5.0 (Linux; Android 10; K) AppleWebKit/537.36 (KHTML, like Gecko) Chrome/141.0.0.0 Mobile Safari/537.36"
91.158.11.130 - - [19/Oct/2025:11:21:08 -0400] "GET /wp-content/uploads/two-timing-animated.gif HTTP/1.1" 200 202080 "https://www.google.fi/" "Mozilla/5.0 (Macintosh; Intel Mac OS X 10_15_4) AppleWebKit/605.1.15 (KHTML, like Gecko) Version/13.1.1 Safari/605.1.15"
106.205.149.99 - - [19/Oct/2025:11:21:11 -0400] "GET /wp-content/uploads/jackhammer-animated.gif HTTP/1.1" 304 - "https://myactivity.google.com/" "Mozilla/5.0 (Linux; Android 10; K) AppleWebKit/537.36 (KHTML, like Gecko) Chrome/141.0.0.0 Mobile Safari/537.36"
80.211.132.167 - - [19/Oct/2025:11:21:11 -0400] "GET /wp-content/uploads/belly-dancer-animated.gif HTTP/1.1" 200 224619 "https://yandex.ru/" "Mozilla/5.0 (iPhone; CPU iPhone OS 18_6_2 like Mac OS X) AppleWebKit/605.1.15 (KHTML, like Gecko) Version/18.6 Mobile/15E148 Safari/604.1"
2806:2f0:4000:ce16:e11d:54f8:65c0:7f86 - - [19/Oct/2025:11:21:13 -0400] "GET /wp-content/uploads/reverse-cowgirl-animated.gif HTTP/1.1" 304 - "https://www.google.com/" "Mozilla/5.0 (Linux; Android 10; K) AppleWebKit/537.36 (KHTML, like Gecko) Chrome/141.0.0.0 Mobile Safari/537.36"
91.158.11.130 - - [19/Oct/2025:11:21:20 -0400] "GET /wp-content/uploads/the-headlock-animated.gif HTTP/1.1" 200 202338 "https://www.google.fi/" "Mozilla/5.0 (Macintosh; Intel Mac OS X 10_15_4) AppleWebKit/605.1.15 (KHTML, like Gecko) Version/13.1.1 Safari/605.1.15"
186.155.198.116 - - [19/Oct/2025:11:21:28 -0400] "GET /wp-content/uploads/handy-69-animated.gif HTTP/1.1" 304 - "https://sexpositions.online/oral/69-ing/" "Mozilla/5.0 (Linux; Android 10; K) AppleWebKit/537.36 (KHTML, like Gecko) Chrome/141.0.0.0 Mobile Safari/537.36"
197.70.118.51 - - [19/Oct/2025:11:21:39 -0400] "GET /sitting/ HTTP/1.1" 200 106982 "https://sexpositions.online/" "Mozilla/5.0 (Linux; Android 10; K) AppleWebKit/537.36 (KHTML, like Gecko) Chrome/141.0.0.0 Mobile Safari/537.36"
91.158.11.130 - - [19/Oct/2025:11:21:39 -0400] "GET /wp-content/uploads/drivers-seat-animated.gif HTTP/1.1" 200 209398 "https://www.google.fi/" "Mozilla/5.0 (Macintosh; Intel Mac OS X 10_15_4) AppleWebKit/605.1.15 (KHTML, like Gecko) Version/13.1.1 Safari/605.1.15"
197.70.118.51 - - [19/Oct/2025:11:21:42 -0400] "GET /chair/ HTTP/1.1" 200 103051 "https://sexpositions.online/" "Mozilla/5.0 (Linux; Android 10; K) AppleWebKit/537.36 (KHTML, like Gecko) Chrome/141.0.0.0 Mobile Safari/537.36"
91.158.11.130 - - [19/Oct/2025:11:21:45 -0400] "GET /wp-content/uploads/play-ball-animated.gif HTTP/1.1" 200 234064 "https://www.google.fi/" "Mozilla/5.0 (Macintosh; Intel Mac OS X 10_15_4) AppleWebKit/605.1.15 (KHTML, like Gecko) Version/13.1.1 Safari/605.1.15"
186.155.198.116 - - [19/Oct/2025:11:21:47 -0400] "GET /wp-content/uploads/reverse-69-back-animated.gif HTTP/1.1" 304 - "https://sexpositions.online/oral/69-ing/" "Mozilla/5.0 (Linux; Android 10; K) AppleWebKit/537.36 (KHTML, like Gecko) Chrome/141.0.0.0 Mobile Safari/537.36"
186.155.198.116 - - [19/Oct/2025:11:21:50 -0400] "GET /wp-content/uploads/worlds-strongest-animated.gif HTTP/1.1" 304 - "https://sexpositions.online/oral/69-ing/" "Mozilla/5.0 (Linux; Android 10; K) AppleWebKit/537.36 (KHTML, like Gecko) Chrome/141.0.0.0 Mobile Safari/537.36"
186.155.198.116 - - [19/Oct/2025:11:21:51 -0400] "GET /lazy-69/ HTTP/1.1" 200 97751 "https://sexpositions.online/oral/69-ing/" "Mozilla/5.0 (Linux; Android 10; K) AppleWebKit/537.36 (KHTML, like Gecko) Chrome/141.0.0.0 Mobile Safari/537.36"
71.36.190.45 - - [19/Oct/2025:11:21:51 -0400] "GET /wp-content/uploads/ceo-animated.gif HTTP/1.1" 200 211522 "https://www.google.com/" "Mozilla/5.0 (iPhone; CPU iPhone OS 18_5_0 like Mac OS X) AppleWebKit/605.1.15 (KHTML, like Gecko) CriOS/141.0.7390.96 Mobile/15E148 Safari/604.1"
91.158.11.130 - - [19/Oct/2025:11:21:52 -0400] "GET /wp-content/uploads/the-chin-rest-animated.gif HTTP/1.1" 200 182016 "https://www.google.fi/" "Mozilla/5.0 (Macintosh; Intel Mac OS X 10_15_4) AppleWebKit/605.1.15 (KHTML, like Gecko) Version/13.1.1 Safari/605.1.15"
122.11.212.200 - - [19/Oct/2025:11:21:53 -0400] "GET /wp-content/uploads/stand-and-carry-animated.gif HTTP/1.1" 304 - "https://www.google.com/" "Mozilla/5.0 (Linux; Android 10; K) AppleWebKit/537.36 (KHTML, like Gecko) SamsungBrowser/28.0 Chrome/130.0.0.0 Mobile Safari/537.36"
103.74.247.72 - - [19/Oct/2025:11:21:59 -0400] "GET /wp-content/uploads/cat-animated.gif HTTP/1.1" 304 - "https://www.google.com/" "Mozilla/5.0 (Linux; Android 10; K) AppleWebKit/537.36 (KHTML, like Gecko) Chrome/141.0.0.0 Mobile Safari/537.36"
91.158.11.130 - - [19/Oct/2025:11:22:05 -0400] "GET /wp-content/uploads/the-big-bounce-animated.gif HTTP/1.1" 200 220222 "https://www.google.fi/" "Mozilla/5.0 (Macintosh; Intel Mac OS X 10_15_4) AppleWebKit/605.1.15 (KHTML, like Gecko) Version/13.1.1 Safari/605.1.15"
197.70.118.51 - - [19/Oct/2025:11:22:06 -0400] "GET /doggy-style/ HTTP/1.1" 200 102754 "https://sexpositions.online/" "Mozilla/5.0 (Linux; Android 10; K) AppleWebKit/537.36 (KHTML, like Gecko) Chrome/141.0.0.0 Mobile Safari/537.36"
2.132.232.76 - - [19/Oct/2025:11:22:08 -0400] "GET /wp-content/uploads/buckin-bronco-animated.gif HTTP/1.1" 304 - "https://yandex.kz/" "Mozilla/5.0 (iPhone; CPU iPhone OS 18_4 like Mac OS X) AppleWebKit/605.1.15 (KHTML, like Gecko) Version/18.4 Mobile/15E148 Safari/604.1"
186.155.198.116 - - [19/Oct/2025:11:22:12 -0400] "GET /oral/69-ing HTTP/1.1" 200 3 "-" "WhatsApp/2.23.20.0"
91.158.11.130 - - [19/Oct/2025:11:22:18 -0400] "GET /wp-content/uploads/table-top-animated-1.gif HTTP/1.1" 304 - "https://www.google.fi/" "Mozilla/5.0 (Macintosh; Intel Mac OS X 10_15_4) AppleWebKit/605.1.15 (KHTML, like Gecko) Version/13.1.1 Safari/605.1.15"
2405:3800:925:b75b::1 - - [19/Oct/2025:11:22:24 -0400] "GET /wp-content/uploads/cat-animated.gif HTTP/1.1" 304 - "https://www.google.com/" "Mozilla/5.0 (Linux; Android 10; K) AppleWebKit/537.36 (KHTML, like Gecko) Chrome/141.0.0.0 Mobile Safari/537.36"
223.225.168.214 - - [19/Oct/2025:11:22:25 -0400] "GET / HTTP/1.1" 200 125058 "https://www.google.com/" "Mozilla/5.0 (Windows NT 10.0; Win64; x64) AppleWebKit/537.36 (KHTML, like Gecko) Chrome/140.0.0.0 Safari/537.36"
186.155.198.116 - - [19/Oct/2025:11:22:25 -0400] "GET / HTTP/1.1" 200 125069 "https://sexpositions.online/oral/69-ing/" "Mozilla/5.0 (Linux; Android 10; K) AppleWebKit/537.36 (KHTML, like Gecko) Chrome/141.0.0.0 Mobile Safari/537.36"
223.225.168.214 - - [19/Oct/2025:11:22:28 -0400] "GET /wp-content/uploads/cropped-favicon-32x32.png HTTP/1.1" 304 - "https://sexpositions.online/" "Mozilla/5.0 (Windows NT 10.0; Win64; x64) AppleWebKit/537.36 (KHTML, like Gecko) Chrome/140.0.0.0 Safari/537.36"
186.155.198.116 - - [19/Oct/2025:11:22:33 -0400] "GET /cowgirl/ HTTP/1.1" 200 101897 "https://sexpositions.online/" "Mozilla/5.0 (Linux; Android 10; K) AppleWebKit/537.36 (KHTML, like Gecko) Chrome/141.0.0.0 Mobile Safari/537.36"
186.155.198.116 - - [19/Oct/2025:11:22:34 -0400] "GET /wp-content/uploads/the-sitting-cat-animated.gif HTTP/1.1" 304 - "https://sexpositions.online/cowgirl/" "Mozilla/5.0 (Linux; Android 10; K) AppleWebKit/537.36 (KHTML, like Gecko) Chrome/141.0.0.0 Mobile Safari/537.36"
186.155.198.116 - - [19/Oct/2025:11:22:34 -0400] "GET /wp-content/uploads/face-to-face-animated.gif HTTP/1.1" 304 - "https://sexpositions.online/cowgirl/" "Mozilla/5.0 (Linux; Android 10; K) AppleWebKit/537.36 (KHTML, like Gecko) Chrome/141.0.0.0 Mobile Safari/537.36"
186.155.198.116 - - [19/Oct/2025:11:22:34 -0400] "GET /wp-content/uploads/the-wave-animated.gif HTTP/1.1" 304 - "https://sexpositions.online/cowgirl/" "Mozilla/5.0 (Linux; Android 10; K) AppleWebKit/537.36 (KHTML, like Gecko) Chrome/141.0.0.0 Mobile Safari/537.36"
186.155.198.116 - - [19/Oct/2025:11:22:38 -0400] "GET /wp-content/uploads/belly-dancer-animated.gif HTTP/1.1" 304 - "https://sexpositions.online/cowgirl/" "Mozilla/5.0 (Linux; Android 10; K) AppleWebKit/537.36 (KHTML, like Gecko) Chrome/141.0.0.0 Mobile Safari/537.36"
223.225.168.214 - - [19/Oct/2025:11:22:41 -0400] "GET /wp-content/uploads/piledriver-animated.gif HTTP/1.1" 304 - "https://sexpositions.online/" "Mozilla/5.0 (Windows NT 10.0; Win64; x64) AppleWebKit/537.36 (KHTML, like Gecko) Chrome/140.0.0.0 Safari/537.36"
223.225.168.214 - - [19/Oct/2025:11:22:44 -0400] "GET /wp-content/uploads/speed-bump-animated.gif HTTP/1.1" 304 - "https://sexpositions.online/" "Mozilla/5.0 (Windows NT 10.0; Win64; x64) AppleWebKit/537.36 (KHTML, like Gecko) Chrome/140.0.0.0 Safari/537.36"
186.155.198.116 - - [19/Oct/2025:11:22:44 -0400] "GET /reverse-cowgirl/ HTTP/1.1" 200 98063 "https://sexpositions.online/cowgirl/" "Mozilla/5.0 (Linux; Android 10; K) AppleWebKit/537.36 (KHTML, like Gecko) Chrome/141.0.0.0 Mobile Safari/537.36"
2001:f40:960:905:1c03:ae51:23c4:74ba - - [19/Oct/2025:11:22:46 -0400] "GET / HTTP/1.1" 200 125069 "https://www.google.com/" "Mozilla/5.0 (iPhone; CPU iPhone OS 18_6_2 like Mac OS X) AppleWebKit/605.1.15 (KHTML, like Gecko) Version/18.6 Mobile/15E148 Safari/604.1"
2001:f40:960:905:1c03:ae51:23c4:74ba - - [19/Oct/2025:11:22:47 -0400] "GET /wp-content/uploads/cropped-favicon-32x32.png HTTP/1.1" 304 - "https://sexpositions.online/" "Mozilla/5.0 (iPhone; CPU iPhone OS 18_6_2 like Mac OS X) AppleWebKit/605.1.15 (KHTML, like Gecko) Version/18.6 Mobile/15E148 Safari/604.1"
2.189.5.142 - - [19/Oct/2025:11:22:49 -0400] "GET / HTTP/1.1" 200 125069 "-" "Mozilla/5.0 (iPad; CPU OS 13_6 like Mac OS X) AppleWebKit/605.1.15 (KHTML, like Gecko) FxiOS/118.0 Mobile/15E148 Safari/605.1.15"
2.189.5.218 - - [19/Oct/2025:11:22:50 -0400] "GET / HTTP/1.1" 200 125069 "-" "Mozilla/5.0 (Linux; Android 5.0.2; SAMSUNG SM-T550 Build/LRX22G) AppleWebKit/537.36 (KHTML, like Gecko) SamsungBrowser/3.3 Chrome/38.0.2125.102 Safari/537.36"
2a03:2880:3ff:73:: - - [19/Oct/2025:11:22:56 -0400] "GET /wp-content/uploads/missionary-animated.gif HTTP/1.1" 304 - "-" "facebookexternalhit/1.1 (+http://www.facebook.com/externalhit_uatext.php)"
196.155.84.124 - - [19/Oct/2025:11:23:00 -0400] "GET /wp-content/uploads/pretzel-animated.gif HTTP/1.1" 304 - "https://www.google.com/" "Mozilla/5.0 (Linux; Android 10; K) AppleWebKit/537.36 (KHTML, like Gecko) Chrome/141.0.0.0 Mobile Safari/537.36"
186.155.198.116 - - [19/Oct/2025:11:23:06 -0400] "GET /the-sitting-cat/ HTTP/1.1" 200 98098 "https://sexpositions.online/cowgirl/" "Mozilla/5.0 (Linux; Android 10; K) AppleWebKit/537.36 (KHTML, like Gecko) Chrome/141.0.0.0 Mobile Safari/537.36"
186.155.198.116 - - [19/Oct/2025:11:23:09 -0400] "GET /the-wave/ HTTP/1.1" 200 98104 "https://sexpositions.online/cowgirl/" "Mozilla/5.0 (Linux; Android 10; K) AppleWebKit/537.36 (KHTML, like Gecko) Chrome/141.0.0.0 Mobile Safari/537.36"
197.70.118.51 - - [19/Oct/2025:11:23:28 -0400] "GET /wp-content/uploads/table-top-animated-1.gif HTTP/1.1" 304 - "https://www.google.com/" "Mozilla/5.0 (Linux; Android 10; K) AppleWebKit/537.36 (KHTML, like Gecko) Chrome/141.0.0.0 Mobile Safari/537.36"
186.155.198.116 - - [19/Oct/2025:11:23:31 -0400] "GET /cowgirl HTTP/1.1" 200 3 "-" "WhatsApp/2.23.20.0"
186.155.198.116 - - [19/Oct/2025:11:23:31 -0400] "GET /cowgirl HTTP/1.1" 200 3 "-" "WhatsApp/2.23.20.0"
197.70.118.51 - - [19/Oct/2025:11:23:33 -0400] "GET /table-top/ HTTP/1.1" 200 98166 "https://www.google.com/" "Mozilla/5.0 (Linux; Android 10; K) AppleWebKit/537.36 (KHTML, like Gecko) Chrome/141.0.0.0 Mobile Safari/537.36"
122.11.212.200 - - [19/Oct/2025:11:23:34 -0400] "GET /wp-content/uploads/the-swing-animated.gif HTTP/1.1" 304 - "https://www.google.com/" "Mozilla/5.0 (Linux; Android 10; K) AppleWebKit/537.36 (KHTML, like Gecko) SamsungBrowser/28.0 Chrome/130.0.0.0 Mobile Safari/537.36"
2001:f40:960:905:1c03:ae51:23c4:74ba - - [19/Oct/2025:11:23:35 -0400] "GET /wp-content/uploads/speed-bump-animated.gif HTTP/1.1" 304 - "https://sexpositions.online/" "Mozilla/5.0 (iPhone; CPU iPhone OS 18_6_2 like Mac OS X) AppleWebKit/605.1.15 (KHTML, like Gecko) Version/18.6 Mobile/15E148 Safari/604.1"
186.155.198.116 - - [19/Oct/2025:11:23:40 -0400] "GET /cowgirl/ HTTP/1.1" 200 101897 "https://sexpositions.online/" "Mozilla/5.0 (Linux; Android 10; K) AppleWebKit/537.36 (KHTML, like Gecko) Chrome/141.0.0.0 Mobile Safari/537.36"
213.230.86.99 - - [19/Oct/2025:11:23:41 -0400] "GET /wp-content/uploads/the-spotter-animated.gif HTTP/1.1" 200 255706 "https://yandex.uz/" "Mozilla/5.0 (iPhone; CPU iPhone OS 26_0_1 like Mac OS X) AppleWebKit/605.1.15 (KHTML, like Gecko) Version/26.0 YaBrowser/25.10.1.709.10 SA/3 Mobile/15E148 Safari/604.1"
143.178.67.129 - - [19/Oct/2025:11:23:43 -0400] "GET /wp-admin/setup-config.php HTTP/1.1" 409 2665 "-" "Mozilla/5.0 (iPhone; CPU iPhone OS 18_7_1 like Mac OS X) AppleWebKit/605.1.15 (KHTML, like Gecko) CriOS/131.0.6778.154 Mobile/15E148 Safari/604.1"
146.59.33.181 - - [19/Oct/2025:11:23:44 -0400] "GET /wp-content/uploads/speed-bump-animated.gif HTTP/1.1" 304 - "https://www.google.com/" "Mozilla/5.0 (Linux; Android 10; K) AppleWebKit/537.36 (KHTML, like Gecko) Chrome/141.0.0.0 Mobile Safari/537.36"
40.77.167.48 - - [19/Oct/2025:11:23:54 -0400] "GET /category/position/ HTTP/1.1" 200 115683 "-" "Mozilla/5.0 AppleWebKit/537.36 (KHTML, like Gecko; compatible; bingbot/2.0; +http://www.bing.com/bingbot.htm) Chrome/116.0.1938.76 Safari/537.36"
197.70.118.51 - - [19/Oct/2025:11:24:08 -0400] "GET /wp-content/uploads/wall-animated.gif HTTP/1.1" 304 - "https://www.google.com/" "Mozilla/5.0 (Linux; Android 10; K) AppleWebKit/537.36 (KHTML, like Gecko) Chrome/141.0.0.0 Mobile Safari/537.36"
46.132.66.221 - - [19/Oct/2025:11:24:32 -0400] "GET /wp-content/uploads/doggy-style-animated.gif HTTP/1.1" 304 - "https://www.google.com/" "Mozilla/5.0 (Linux; Android 10; K) AppleWebKit/537.36 (KHTML, like Gecko) Chrome/141.0.0.0 Mobile Safari/537.36"
169.1.124.65 - - [19/Oct/2025:11:24:53 -0400] "GET /wp-content/uploads/play-ball-animated.gif HTTP/1.1" 304 - "https://www.google.com/" "Mozilla/5.0 (Linux; Android 15; SM-A566B Build/AP3A.240905.015.A2; wv) AppleWebKit/537.36 (KHTML, like Gecko) Version/4.0 Chrome/140.0.7339.207 Mobile Safari/537.36 GoogleApp/16.41.36.ve.arm64"
2607:fb91:2ea7:c7e3:85c5:efe2:369c:d019 - - [19/Oct/2025:11:25:05 -0400] "GET /oral/69-ing/ HTTP/1.1" 200 102598 "-" "Mozilla/5.0 (Linux; Android 10; K) AppleWebKit/537.36 (KHTML, like Gecko) Chrome/141.0.0.0 Mobile Safari/537.36"
2003:c3:4f07:a300:e435:9c1d:6704:2a8b - - [19/Oct/2025:11:25:06 -0400] "GET /wp-content/uploads/the-big-bounce-animated.gif HTTP/1.1" 304 - "https://www.google.com/" "Mozilla/5.0 (iPhone; CPU iPhone OS 17_6_1 like Mac OS X) AppleWebKit/605.1.15 (KHTML, like Gecko) Version/17.6 Mobile/15E148 Safari/604.1"
2607:fb91:2ea7:c7e3:85c5:efe2:369c:d019 - - [19/Oct/2025:11:25:07 -0400] "GET /wp-content/themes/astra/assets/js/minified/frontend.min.js?ver=4.11.12 HTTP/1.1" 304 - "https://sexpositions.online/oral/69-ing/" "Mozilla/5.0 (Linux; Android 10; K) AppleWebKit/537.36 (KHTML, like Gecko) Chrome/141.0.0.0 Mobile Safari/537.36"
2607:fb91:2ea7:c7e3:85c5:efe2:369c:d019 - - [19/Oct/2025:11:25:07 -0400] "GET /wp-content/uploads/cropped-favicon-192x192.png HTTP/1.1" 304 - "https://sexpositions.online/oral/69-ing/" "Mozilla/5.0 (Linux; Android 10; K) AppleWebKit/537.36 (KHTML, like Gecko) Chrome/141.0.0.0 Mobile Safari/537.36"
2607:fb91:2ea7:c7e3:85c5:efe2:369c:d019 - - [19/Oct/2025:11:25:07 -0400] "GET /wp-content/uploads/cropped-favicon-180x180.png HTTP/1.1" 304 - "https://sexpositions.online/oral/69-ing/" "Mozilla/5.0 (Linux; Android 10; K) AppleWebKit/537.36 (KHTML, like Gecko) Chrome/141.0.0.0 Mobile Safari/537.36"
2607:fb91:2ea7:c7e3:85c5:efe2:369c:d019 - - [19/Oct/2025:11:25:24 -0400] "GET /wp-content/uploads/chair-tryst-animated.gif HTTP/1.1" 304 - "https://sexpositions.online/oral/69-ing/" "Mozilla/5.0 (Linux; Android 10; K) AppleWebKit/537.36 (KHTML, like Gecko) Chrome/141.0.0.0 Mobile Safari/537.36"
2003:c3:4f07:a300:e435:9c1d:6704:2a8b - - [19/Oct/2025:11:25:32 -0400] "GET /wp-content/uploads/love-bug-animated.gif HTTP/1.1" 304 - "https://www.google.com/" "Mozilla/5.0 (iPhone; CPU iPhone OS 17_6_1 like Mac OS X) AppleWebKit/605.1.15 (KHTML, like Gecko) Version/17.6 Mobile/15E148 Safari/604.1"
2409:40f4:40cc:7ca8:fca8:bfff:fed1:cfd8 - - [19/Oct/2025:11:25:39 -0400] "GET /wp-content/uploads/speed-bump-animated.gif HTTP/1.1" 304 - "https://www.google.com/" "Mozilla/5.0 (Linux; Android 14; CPH2467 Build/UKQ1.230924.001; wv) AppleWebKit/537.36 (KHTML, like Gecko) Version/4.0 Chrome/140.0.7339.207 Mobile Safari/537.36 GoogleApp/16.36.43.ve.arm64"
2003:c3:4f07:a300:e435:9c1d:6704:2a8b - - [19/Oct/2025:11:25:42 -0400] "GET /wp-content/uploads/happy-hands-animated.gif HTTP/1.1" 304 - "https://www.google.com/" "Mozilla/5.0 (iPhone; CPU iPhone OS 17_6_1 like Mac OS X) AppleWebKit/605.1.15 (KHTML, like Gecko) Version/17.6 Mobile/15E148 Safari/604.1"
223.225.168.214 - - [19/Oct/2025:11:25:49 -0400] "GET / HTTP/1.1" 200 125058 "https://sexpositions.online/" "Mozilla/5.0 (Windows NT 10.0; Win64; x64) AppleWebKit/537.36 (KHTML, like Gecko) Chrome/140.0.0.0 Safari/537.36"
2003:dc:cf45:4100:65a6:4264:dcb4:dd62 - - [19/Oct/2025:11:25:59 -0400] "GET /wp-content/uploads/the-rocker-animated.gif HTTP/1.1" 304 - "https://www.google.com/" "Mozilla/5.0 (iPhone; CPU iPhone OS 26_0_1 like Mac OS X) AppleWebKit/605.1.15 (KHTML, like Gecko) CriOS/141.0.7390.96 Mobile/15E148 Safari/604.1"
223.225.168.214 - - [19/Oct/2025:11:26:03 -0400] "GET /advanced/ HTTP/1.1" 200 101743 "https://sexpositions.online/" "Mozilla/5.0 (Windows NT 10.0; Win64; x64) AppleWebKit/537.36 (KHTML, like Gecko) Chrome/140.0.0.0 Safari/537.36"
2607:fb91:2ea7:c7e3:85c5:efe2:369c:d019 - - [19/Oct/2025:11:26:05 -0400] "GET /wp-content/uploads/lazy-69-animated.gif HTTP/1.1" 304 - "https://sexpositions.online/oral/69-ing/" "Mozilla/5.0 (Linux; Android 10; K) AppleWebKit/537.36 (KHTML, like Gecko) Chrome/141.0.0.0 Mobile Safari/537.36"
2607:fb91:2ea7:c7e3:85c5:efe2:369c:d019 - - [19/Oct/2025:11:26:06 -0400] "GET /reverse-69/ HTTP/1.1" 200 97862 "https://sexpositions.online/oral/69-ing/" "Mozilla/5.0 (Linux; Android 10; K) AppleWebKit/537.36 (KHTML, like Gecko) Chrome/141.0.0.0 Mobile Safari/537.36"
2003:c3:4f07:a300:e435:9c1d:6704:2a8b - - [19/Oct/2025:11:26:14 -0400] "GET /wp-content/uploads/the-wave-animated.gif HTTP/1.1" 304 - "https://www.google.com/" "Mozilla/5.0 (iPhone; CPU iPhone OS 17_6_1 like Mac OS X) AppleWebKit/605.1.15 (KHTML, like Gecko) Version/17.6 Mobile/15E148 Safari/604.1"
2001:f40:960:905:1c03:ae51:23c4:74ba - - [19/Oct/2025:11:26:17 -0400] "GET / HTTP/1.1" 200 125069 "https://www.google.com/" "Mozilla/5.0 (iPhone; CPU iPhone OS 18_6_2 like Mac OS X) AppleWebKit/605.1.15 (KHTML, like Gecko) Version/18.6 Mobile/15E148 Safari/604.1"
2a02:3030:a62:7990:5a6:d93a:bf25:7cbe - - [19/Oct/2025:11:26:20 -0400] "GET /wp-content/uploads/reverse-missionary-animated.gif HTTP/1.1" 200 187534 "https://www.bing.com/" "Mozilla/5.0 (Linux; Android 10; K) AppleWebKit/537.36 (KHTML, like Gecko) SamsungBrowser/28.0 Chrome/130.0.0.0 Mobile Safari/537.36"
223.225.168.214 - - [19/Oct/2025:11:26:24 -0400] "GET /anal/ HTTP/1.1" 200 107927 "https://sexpositions.online/advanced/" "Mozilla/5.0 (Windows NT 10.0; Win64; x64) AppleWebKit/537.36 (KHTML, like Gecko) Chrome/140.0.0.0 Safari/537.36"
2607:fb91:2ea7:c7e3:85c5:efe2:369c:d019 - - [19/Oct/2025:11:26:30 -0400] "GET /wp-content/uploads/handy-69-animated.gif HTTP/1.1" 304 - "https://sexpositions.online/oral/69-ing/" "Mozilla/5.0 (Linux; Android 10; K) AppleWebKit/537.36 (KHTML, like Gecko) Chrome/141.0.0.0 Mobile Safari/537.36"
223.225.168.214 - - [19/Oct/2025:11:26:33 -0400] "GET /wp-content/uploads/turtle-animated.gif HTTP/1.1" 304 - "https://sexpositions.online/anal/" "Mozilla/5.0 (Windows NT 10.0; Win64; x64) AppleWebKit/537.36 (KHTML, like Gecko) Chrome/140.0.0.0 Safari/537.36"
157.119.217.19 - - [19/Oct/2025:11:26:33 -0400] "GET /wp-content/uploads/reverse-69-animated.gif HTTP/1.1" 304 - "https://www.google.com/" "Mozilla/5.0 (X11; Linux x86_64) AppleWebKit/537.36 (KHTML, like Gecko) Chrome/141.0.0.0 Safari/537.36"
2607:fb91:2ea7:c7e3:85c5:efe2:369c:d019 - - [19/Oct/2025:11:26:35 -0400] "GET /wp-content/uploads/reverse-69-back-animated.gif HTTP/1.1" 304 - "https://sexpositions.online/oral/69-ing/" "Mozilla/5.0 (Linux; Android 10; K) AppleWebKit/537.36 (KHTML, like Gecko) Chrome/141.0.0.0 Mobile Safari/537.36"
2607:fb91:2ea7:c7e3:85c5:efe2:369c:d019 - - [19/Oct/2025:11:26:39 -0400] "GET /wp-content/uploads/worlds-strongest-animated.gif HTTP/1.1" 304 - "https://sexpositions.online/oral/69-ing/" "Mozilla/5.0 (Linux; Android 10; K) AppleWebKit/537.36 (KHTML, like Gecko) Chrome/141.0.0.0 Mobile Safari/537.36"
2607:fb91:2ea7:c7e3:85c5:efe2:369c:d019 - - [19/Oct/2025:11:26:40 -0400] "GET /lazy-69/ HTTP/1.1" 200 97751 "https://sexpositions.online/oral/69-ing/" "Mozilla/5.0 (Linux; Android 10; K) AppleWebKit/537.36 (KHTML, like Gecko) Chrome/141.0.0.0 Mobile Safari/537.36"
2003:c3:4f07:a300:e435:9c1d:6704:2a8b - - [19/Oct/2025:11:26:41 -0400] "GET /wp-content/uploads/hot-seat-animated-1.gif HTTP/1.1" 304 - "https://www.google.com/" "Mozilla/5.0 (iPhone; CPU iPhone OS 17_6_1 like Mac OS X) AppleWebKit/605.1.15 (KHTML, like Gecko) Version/17.6 Mobile/15E148 Safari/604.1"
2001:f40:960:905:1c03:ae51:23c4:74ba - - [19/Oct/2025:11:26:41 -0400] "GET / HTTP/1.1" 200 125069 "https://www.google.com/" "Mozilla/5.0 (iPhone; CPU iPhone OS 18_6_2 like Mac OS X) AppleWebKit/605.1.15 (KHTML, like Gecko) Version/18.6 Mobile/15E148 Safari/604.1"
2a02:3030:a62:7990:5a6:d93a:bf25:7cbe - - [19/Oct/2025:11:26:46 -0400] "GET /wp-content/uploads/anvil-animated.gif HTTP/1.1" 304 - "https://www.bing.com/" "Mozilla/5.0 (Linux; Android 10; K) AppleWebKit/537.36 (KHTML, like Gecko) SamsungBrowser/28.0 Chrome/130.0.0.0 Mobile Safari/537.36"
223.225.168.214 - - [19/Oct/2025:11:26:50 -0400] "GET /man-on-top/ HTTP/1.1" 200 103048 "https://sexpositions.online/anal/" "Mozilla/5.0 (Windows NT 10.0; Win64; x64) AppleWebKit/537.36 (KHTML, like Gecko) Chrome/140.0.0.0 Safari/537.36"
223.225.168.214 - - [19/Oct/2025:11:26:51 -0400] "GET /wp-content/uploads/spread-eagle-animated-1.gif HTTP/1.1" 304 - "https://sexpositions.online/man-on-top/" "Mozilla/5.0 (Windows NT 10.0; Win64; x64) AppleWebKit/537.36 (KHTML, like Gecko) Chrome/140.0.0.0 Safari/537.36"
2607:fb91:2ea7:c7e3:85c5:efe2:369c:d019 - - [19/Oct/2025:11:27:05 -0400] "GET /worlds-strongest/ HTTP/1.1" 200 98135 "https://sexpositions.online/oral/69-ing/" "Mozilla/5.0 (Linux; Android 10; K) AppleWebKit/537.36 (KHTML, like Gecko) Chrome/141.0.0.0 Mobile Safari/537.36"
2607:fb91:2ea7:c7e3:85c5:efe2:369c:d019 - - [19/Oct/2025:11:27:07 -0400] "GET /reverse-69-back/ HTTP/1.1" 200 97924 "https://sexpositions.online/oral/69-ing/" "Mozilla/5.0 (Linux; Android 10; K) AppleWebKit/537.36 (KHTML, like Gecko) Chrome/141.0.0.0 Mobile Safari/537.36"
2607:fb91:2ea7:c7e3:85c5:efe2:369c:d019 - - [19/Oct/2025:11:27:08 -0400] "GET /handy-69/ HTTP/1.1" 200 97801 "https://sexpositions.online/oral/69-ing/" "Mozilla/5.0 (Linux; Android 10; K) AppleWebKit/537.36 (KHTML, like Gecko) Chrome/141.0.0.0 Mobile Safari/537.36"
198.244.240.148 - - [19/Oct/2025:11:27:15 -0400] "GET /butterfly/ HTTP/1.1" 200 100230 "-" "Mozilla/5.0 (compatible; AhrefsBot/7.0; +http://ahrefs.com/robot/)"
2a02:3030:a62:7990:5a6:d93a:bf25:7cbe - - [19/Oct/2025:11:27:16 -0400] "GET /wp-content/uploads/missionary-animated.gif HTTP/1.1" 304 - "https://www.bing.com/" "Mozilla/5.0 (Linux; Android 10; K) AppleWebKit/537.36 (KHTML, like Gecko) SamsungBrowser/28.0 Chrome/130.0.0.0 Mobile Safari/537.36"
223.225.168.214 - - [19/Oct/2025:11:27:16 -0400] "GET /woman-on-top/ HTTP/1.1" 200 105193 "https://sexpositions.online/man-on-top/" "Mozilla/5.0 (Windows NT 10.0; Win64; x64) AppleWebKit/537.36 (KHTML, like Gecko) Chrome/140.0.0.0 Safari/537.36"
103.3.80.161 - - [19/Oct/2025:11:27:38 -0400] "GET /wp-content/uploads/captain-animated.gif HTTP/1.1" 304 - "https://www.google.com/" "Mozilla/5.0 (Linux; Android 15; CRT-NX1 Build/HONORCRT-N31; wv) AppleWebKit/537.36 (KHTML, like Gecko) Version/4.0 Chrome/140.0.7339.207 Mobile Safari/537.36 GoogleApp/16.40.18.ve.arm64"
43.165.65.180 - - [19/Oct/2025:11:27:38 -0400] "GET / HTTP/1.1" 200 125069 "http://sexpositions.online" "Mozilla/5.0 (iPhone; CPU iPhone OS 13_2_3 like Mac OS X) AppleWebKit/605.1.15 (KHTML, like Gecko) Version/13.0.3 Mobile/15E148 Safari/604.1"
2001:f40:960:905:1c03:ae51:23c4:74ba - - [19/Oct/2025:11:27:46 -0400] "GET /table-top/ HTTP/1.1" 200 98166 "https://www.google.com/" "Mozilla/5.0 (iPhone; CPU iPhone OS 18_6_2 like Mac OS X) AppleWebKit/605.1.15 (KHTML, like Gecko) Version/18.6 Mobile/15E148 Safari/604.1"
2607:fb91:2ea7:c7e3:85c5:efe2:369c:d019 - - [19/Oct/2025:11:27:46 -0400] "GET /oral/69-ing/ HTTP/1.1" 200 102598 "-" "Mozilla/5.0 (Linux; Android 10; K) AppleWebKit/537.36 (KHTML, like Gecko) Chrome/141.0.0.0 Mobile Safari/537.36"
105.74.6.231 - - [19/Oct/2025:11:28:01 -0400] "GET /apple-touch-icon.png HTTP/1.1" 200 95107 "-" "NetworkingExtension/8621.2.5.10.10 Network/4277.122.6 iOS/18.5"
105.74.6.231 - - [19/Oct/2025:11:28:01 -0400] "GET / HTTP/1.1" 200 125058 "-" "Mozilla/5.0 (Macintosh; Intel Mac OS X 10_11_1) AppleWebKit/601.2.4 (KHTML, like Gecko) Version/9.0.1 Safari/601.2.4 facebookexternalhit/1.1 Facebot Twitterbot/1.0"
105.74.6.231 - - [19/Oct/2025:11:28:01 -0400] "GET /favicon.ico HTTP/1.1" 200 3 "-" "NetworkingExtension/8621.2.5.10.10 Network/4277.122.6 iOS/18.5"
105.74.6.231 - - [19/Oct/2025:11:28:01 -0400] "GET /apple-touch-icon-precomposed.png HTTP/1.1" 200 95107 "-" "NetworkingExtension/8621.2.5.10.10 Network/4277.122.6 iOS/18.5"
85.208.96.205 - - [19/Oct/2025:11:28:08 -0400] "GET /page/8/?action=repository_opensearch&count=20&index_id=2229&order=17&pn=1 HTTP/1.1" 200 116236 "-" "Mozilla/5.0 (compatible; SemrushBot/7~bl; +http://www.semrush.com/bot.html)"
2001:f40:960:905:1c03:ae51:23c4:74ba - - [19/Oct/2025:11:28:11 -0400] "GET / HTTP/1.1" 200 125069 "https://www.google.com/" "Mozilla/5.0 (iPhone; CPU iPhone OS 18_6_2 like Mac OS X) AppleWebKit/605.1.15 (KHTML, like Gecko) Version/18.6 Mobile/15E148 Safari/604.1"
2607:fb91:2ea7:c7e3:85c5:efe2:369c:d019 - - [19/Oct/2025:11:28:13 -0400] "GET /cowgirl/ HTTP/1.1" 200 101897 "-" "Mozilla/5.0 (Linux; Android 10; K) AppleWebKit/537.36 (KHTML, like Gecko) Chrome/141.0.0.0 Mobile Safari/537.36"
