2409:40e2:2036:acd6:8000:: - - [19/Oct/2025:10:32:12 -0400] "GET /missionary/ HTTP/1.1" 200 103202 "https://www.google.com/" "Mozilla/5.0 (Linux; Android 10; K) AppleWebKit/537.36 (KHTML, like Gecko) Chrome/141.0.0.0 Mobile Safari/537.36"
2409:40e2:2036:acd6:8000:: - - [19/Oct/2025:10:32:13 -0400] "GET /wp-content/themes/astra/assets/css/minified/main.min.css?ver=4.11.12 HTTP/1.1" 304 - "https://sexpositions.online/missionary/" "Mozilla/5.0 (Linux; Android 10; K) AppleWebKit/537.36 (KHTML, like Gecko) Chrome/141.0.0.0 Mobile Safari/537.36"
2409:40e2:2036:acd6:8000:: - - [19/Oct/2025:10:32:13 -0400] "GET /wp-includes/css/dist/block-library/style.min.css?ver=6.8.3 HTTP/1.1" 304 - "https://sexpositions.online/missionary/" "Mozilla/5.0 (Linux; Android 10; K) AppleWebKit/537.36 (KHTML, like Gecko) Chrome/141.0.0.0 Mobile Safari/537.36"
2409:40e2:2036:acd6:8000:: - - [19/Oct/2025:10:32:13 -0400] "GET /wp-content/themes/astra/assets/js/minified/frontend.min.js?ver=4.11.12 HTTP/1.1" 304 - "https://sexpositions.online/missionary/" "Mozilla/5.0 (Linux; Android 10; K) AppleWebKit/537.36 (KHTML, like Gecko) Chrome/141.0.0.0 Mobile Safari/537.36"
197.185.137.40 - - [19/Oct/2025:10:32:13 -0400] "GET /wp-content/uploads/doggy-style-animated.gif HTTP/1.1" 304 - "https://sexpositions.online/" "Mozilla/5.0 (iPhone; CPU iPhone OS 18_5_0 like Mac OS X) AppleWebKit/605.1.15 (KHTML, like Gecko) GSA/389.2.814818472 Mobile/15E148 Safari/604.1"
2409:40e2:2036:acd6:8000:: - - [19/Oct/2025:10:32:14 -0400] "GET /wp-content/uploads/blind-love-animated.gif HTTP/1.1" 304 - "https://sexpositions.online/missionary/" "Mozilla/5.0 (Linux; Android 10; K) AppleWebKit/537.36 (KHTML, like Gecko) Chrome/141.0.0.0 Mobile Safari/537.36"
2409:40e2:2036:acd6:8000:: - - [19/Oct/2025:10:32:14 -0400] "GET /wp-content/uploads/the-deep-animated.gif HTTP/1.1" 304 - "https://sexpositions.online/missionary/" "Mozilla/5.0 (Linux; Android 10; K) AppleWebKit/537.36 (KHTML, like Gecko) Chrome/141.0.0.0 Mobile Safari/537.36"
197.185.137.40 - - [19/Oct/2025:10:32:16 -0400] "GET /wp-content/uploads/spooning-animated.gif HTTP/1.1" 304 - "https://sexpositions.online/" "Mozilla/5.0 (iPhone; CPU iPhone OS 18_5_0 like Mac OS X) AppleWebKit/605.1.15 (KHTML, like Gecko) GSA/389.2.814818472 Mobile/15E148 Safari/604.1"
197.185.137.40 - - [19/Oct/2025:10:32:19 -0400] "GET /wp-content/uploads/piledriver-animated.gif HTTP/1.1" 200 146900 "https://sexpositions.online/" "Mozilla/5.0 (iPhone; CPU iPhone OS 18_5_0 like Mac OS X) AppleWebKit/605.1.15 (KHTML, like Gecko) GSA/389.2.814818472 Mobile/15E148 Safari/604.1"
197.185.137.40 - - [19/Oct/2025:10:32:21 -0400] "GET /wp-content/uploads/helicopter-animated.gif HTTP/1.1" 304 - "https://sexpositions.online/" "Mozilla/5.0 (iPhone; CPU iPhone OS 18_5_0 like Mac OS X) AppleWebKit/605.1.15 (KHTML, like Gecko) GSA/389.2.814818472 Mobile/15E148 Safari/604.1"
2.189.5.142 - - [19/Oct/2025:10:32:22 -0400] "GET / HTTP/1.1" 200 125069 "-" "Mozilla/5.0 (iPhone13,2; U; CPU iPhone OS 14_0 like Mac OS X) AppleWebKit/602.1.50 (KHTML, like Gecko) Version/10.0 Mobile/15E148 Safari/602.1"
2.189.5.218 - - [19/Oct/2025:10:32:22 -0400] "GET / HTTP/1.1" 200 125069 "-" "Mozilla/5.0 (iPhone13,2; U; CPU iPhone OS 14_0 like Mac OS X) AppleWebKit/602.1.50 (KHTML, like Gecko) Version/10.0 Mobile/15E148 Safari/602.1"
197.185.137.40 - - [19/Oct/2025:10:32:23 -0400] "GET /wp-content/uploads/butterfly-animated.gif HTTP/1.1" 304 - "https://sexpositions.online/" "Mozilla/5.0 (iPhone; CPU iPhone OS 18_5_0 like Mac OS X) AppleWebKit/605.1.15 (KHTML, like Gecko) GSA/389.2.814818472 Mobile/15E148 Safari/604.1"
197.185.137.40 - - [19/Oct/2025:10:32:26 -0400] "GET /wp-content/uploads/speed-bump-animated.gif HTTP/1.1" 304 - "https://sexpositions.online/" "Mozilla/5.0 (iPhone; CPU iPhone OS 18_5_0 like Mac OS X) AppleWebKit/605.1.15 (KHTML, like Gecko) GSA/389.2.814818472 Mobile/15E148 Safari/604.1"
125.237.217.186 - - [19/Oct/2025:10:32:34 -0400] "GET /spooning/ HTTP/1.1" 200 100748 "https://sexpositions.online/category/position/page/14/" "Mozilla/5.0 (Linux; Android 10; K) AppleWebKit/537.36 (KHTML, like Gecko) Chrome/141.0.0.0 Mobile Safari/537.36"
125.237.217.186 - - [19/Oct/2025:10:32:34 -0400] "GET /wp-content/uploads/sidewinder-animated-1.gif HTTP/1.1" 200 219618 "https://sexpositions.online/category/position/page/14/" "Mozilla/5.0 (Linux; Android 10; K) AppleWebKit/537.36 (KHTML, like Gecko) Chrome/141.0.0.0 Mobile Safari/537.36"
2607:fb90:9b3a:c837:5585:c376:26cd:7308 - - [19/Oct/2025:10:32:35 -0400] "GET /wp-content/uploads/the-hip-lift-animated.gif HTTP/1.1" 304 - "https://www.google.com/" "Mozilla/5.0 (iPhone; CPU iPhone OS 14_6 like Mac OS X) AppleWebKit/605.1.15 (KHTML, like Gecko) Version/14.1.1 Mobile/15E148 Safari/604.1"
43.130.14.245 - - [19/Oct/2025:10:32:45 -0400] "GET / HTTP/1.1" 200 3 "http://www.sexpositions.online" "Mozilla/5.0 (iPhone; CPU iPhone OS 13_2_3 like Mac OS X) AppleWebKit/605.1.15 (KHTML, like Gecko) Version/13.0.3 Mobile/15E148 Safari/604.1"
197.185.137.40 - - [19/Oct/2025:10:32:52 -0400] "GET /oral/ HTTP/1.1" 200 105341 "https://sexpositions.online/" "Mozilla/5.0 (iPhone; CPU iPhone OS 18_5_0 like Mac OS X) AppleWebKit/605.1.15 (KHTML, like Gecko) GSA/389.2.814818472 Mobile/15E148 Safari/604.1"
125.237.217.186 - - [19/Oct/2025:10:32:52 -0400] "GET /face-to-face/ HTTP/1.1" 200 98095 "https://sexpositions.online/category/position/page/14/" "Mozilla/5.0 (Linux; Android 10; K) AppleWebKit/537.36 (KHTML, like Gecko) Chrome/141.0.0.0 Mobile Safari/537.36"
125.237.217.186 - - [19/Oct/2025:10:32:52 -0400] "GET /wp-content/uploads/sports-fan-animated.gif HTTP/1.1" 200 217282 "https://sexpositions.online/category/position/page/14/" "Mozilla/5.0 (Linux; Android 10; K) AppleWebKit/537.36 (KHTML, like Gecko) Chrome/141.0.0.0 Mobile Safari/537.36"
2600:1015:b036:2027:c921:361b:9fbf:3243 - - [19/Oct/2025:10:32:53 -0400] "GET /wp-content/uploads/piledriver-animated.gif HTTP/1.1" 304 - "https://www.google.com/" "Mozilla/5.0 (iPhone; CPU iPhone OS 18_7 like Mac OS X) AppleWebKit/605.1.15 (KHTML, like Gecko) Version/26.0.1 Mobile/15E148 Safari/604.1"
197.185.137.40 - - [19/Oct/2025:10:32:54 -0400] "GET /wp-content/uploads/dirty-doggy-animated.gif HTTP/1.1" 304 - "https://sexpositions.online/oral/" "Mozilla/5.0 (iPhone; CPU iPhone OS 18_5_0 like Mac OS X) AppleWebKit/605.1.15 (KHTML, like Gecko) GSA/389.2.814818472 Mobile/15E148 Safari/604.1"
197.185.137.40 - - [19/Oct/2025:10:32:54 -0400] "GET /wp-content/uploads/play-ball-animated.gif HTTP/1.1" 304 - "https://sexpositions.online/oral/" "Mozilla/5.0 (iPhone; CPU iPhone OS 18_5_0 like Mac OS X) AppleWebKit/605.1.15 (KHTML, like Gecko) GSA/389.2.814818472 Mobile/15E148 Safari/604.1"
197.185.137.40 - - [19/Oct/2025:10:32:54 -0400] "GET /wp-content/uploads/jackhammer-animated.gif HTTP/1.1" 304 - "https://sexpositions.online/oral/" "Mozilla/5.0 (iPhone; CPU iPhone OS 18_5_0 like Mac OS X) AppleWebKit/605.1.15 (KHTML, like Gecko) GSA/389.2.814818472 Mobile/15E148 Safari/604.1"
2409:40e2:2036:acd6:8000:: - - [19/Oct/2025:10:32:58 -0400] "GET /blind-love/ HTTP/1.1" 200 98093 "https://sexpositions.online/missionary/" "Mozilla/5.0 (Linux; Android 10; K) AppleWebKit/537.36 (KHTML, like Gecko) Chrome/141.0.0.0 Mobile Safari/537.36"
125.237.217.186 - - [19/Oct/2025:10:32:58 -0400] "GET /sneaky-girl/ HTTP/1.1" 200 98108 "https://sexpositions.online/category/position/page/14/" "Mozilla/5.0 (Linux; Android 10; K) AppleWebKit/537.36 (KHTML, like Gecko) Chrome/141.0.0.0 Mobile Safari/537.36"
197.185.137.40 - - [19/Oct/2025:10:32:59 -0400] "GET /wp-content/uploads/reverse-69-animated.gif HTTP/1.1" 304 - "https://sexpositions.online/oral/" "Mozilla/5.0 (iPhone; CPU iPhone OS 18_5_0 like Mac OS X) AppleWebKit/605.1.15 (KHTML, like Gecko) GSA/389.2.814818472 Mobile/15E148 Safari/604.1"
2409:40e2:2036:acd6:8000:: - - [19/Oct/2025:10:32:59 -0400] "GET /flying-missionary/ HTTP/1.1" 200 98373 "https://sexpositions.online/missionary/" "Mozilla/5.0 (Linux; Android 10; K) AppleWebKit/537.36 (KHTML, like Gecko) Chrome/141.0.0.0 Mobile Safari/537.36"
197.185.137.40 - - [19/Oct/2025:10:32:59 -0400] "GET /wp-content/uploads/the-tipster-animated.gif HTTP/1.1" 304 - "https://sexpositions.online/oral/" "Mozilla/5.0 (iPhone; CPU iPhone OS 18_5_0 like Mac OS X) AppleWebKit/605.1.15 (KHTML, like Gecko) GSA/389.2.814818472 Mobile/15E148 Safari/604.1"
2a02:a310:e2bf:ce00:35d9:7513:e500:112d - - [19/Oct/2025:10:33:01 -0400] "GET /wp-content/uploads/the-corkscrew-animated.gif HTTP/1.1" 304 - "https://www.google.com/" "Mozilla/5.0 (Linux; Android 10; K) AppleWebKit/537.36 (KHTML, like Gecko) Chrome/141.0.0.0 Mobile Safari/537.36"
197.185.137.40 - - [19/Oct/2025:10:33:02 -0400] "GET /wp-content/uploads/drivers-seat-animated.gif HTTP/1.1" 304 - "https://sexpositions.online/oral/" "Mozilla/5.0 (iPhone; CPU iPhone OS 18_5_0 like Mac OS X) AppleWebKit/605.1.15 (KHTML, like Gecko) GSA/389.2.814818472 Mobile/15E148 Safari/604.1"
125.237.217.186 - - [19/Oct/2025:10:33:05 -0400] "GET /sidewinder/ HTTP/1.1" 200 98116 "https://sexpositions.online/category/position/page/14/" "Mozilla/5.0 (Linux; Android 10; K) AppleWebKit/537.36 (KHTML, like Gecko) Chrome/141.0.0.0 Mobile Safari/537.36"
197.185.137.40 - - [19/Oct/2025:10:33:06 -0400] "GET /wp-content/uploads/the-pin-up-animated.gif HTTP/1.1" 304 - "https://sexpositions.online/oral/" "Mozilla/5.0 (iPhone; CPU iPhone OS 18_5_0 like Mac OS X) AppleWebKit/605.1.15 (KHTML, like Gecko) GSA/389.2.814818472 Mobile/15E148 Safari/604.1"
197.185.137.40 - - [19/Oct/2025:10:33:08 -0400] "GET /wp-content/uploads/worlds-strongest-animated.gif HTTP/1.1" 304 - "https://sexpositions.online/oral/" "Mozilla/5.0 (iPhone; CPU iPhone OS 18_5_0 like Mac OS X) AppleWebKit/605.1.15 (KHTML, like Gecko) GSA/389.2.814818472 Mobile/15E148 Safari/604.1"
125.237.217.186 - - [19/Oct/2025:10:33:08 -0400] "GET /category/position/page/15/ HTTP/1.1" 200 116115 "https://sexpositions.online/category/position/page/14/" "Mozilla/5.0 (Linux; Android 10; K) AppleWebKit/537.36 (KHTML, like Gecko) Chrome/141.0.0.0 Mobile Safari/537.36"
125.237.217.186 - - [19/Oct/2025:10:33:09 -0400] "GET /wp-content/uploads/captain-animated.gif HTTP/1.1" 304 - "https://sexpositions.online/category/position/page/15/" "Mozilla/5.0 (Linux; Android 10; K) AppleWebKit/537.36 (KHTML, like Gecko) Chrome/141.0.0.0 Mobile Safari/537.36"
125.237.217.186 - - [19/Oct/2025:10:33:09 -0400] "GET /wp-content/uploads/curls-animated.gif HTTP/1.1" 200 241678 "https://sexpositions.online/category/position/page/15/" "Mozilla/5.0 (Linux; Android 10; K) AppleWebKit/537.36 (KHTML, like Gecko) Chrome/141.0.0.0 Mobile Safari/537.36"
125.237.217.186 - - [19/Oct/2025:10:33:09 -0400] "GET /wp-content/uploads/camel-animated-1.gif HTTP/1.1" 200 211548 "https://sexpositions.online/category/position/page/15/" "Mozilla/5.0 (Linux; Android 10; K) AppleWebKit/537.36 (KHTML, like Gecko) Chrome/141.0.0.0 Mobile Safari/537.36"
197.185.137.40 - - [19/Oct/2025:10:33:10 -0400] "GET /wp-content/uploads/the-rocker-animated.gif HTTP/1.1" 304 - "https://sexpositions.online/oral/" "Mozilla/5.0 (iPhone; CPU iPhone OS 18_5_0 like Mac OS X) AppleWebKit/605.1.15 (KHTML, like Gecko) GSA/389.2.814818472 Mobile/15E148 Safari/604.1"
125.237.217.186 - - [19/Oct/2025:10:33:10 -0400] "GET /wp-content/uploads/deep-impact-animated.gif HTTP/1.1" 304 - "https://sexpositions.online/category/position/page/15/" "Mozilla/5.0 (Linux; Android 10; K) AppleWebKit/537.36 (KHTML, like Gecko) Chrome/141.0.0.0 Mobile Safari/537.36"
197.185.137.40 - - [19/Oct/2025:10:33:11 -0400] "GET /wp-content/uploads/sword-swallower-animated.gif HTTP/1.1" 304 - "https://sexpositions.online/oral/" "Mozilla/5.0 (iPhone; CPU iPhone OS 18_5_0 like Mac OS X) AppleWebKit/605.1.15 (KHTML, like Gecko) GSA/389.2.814818472 Mobile/15E148 Safari/604.1"
125.237.217.186 - - [19/Oct/2025:10:33:11 -0400] "GET /captain/ HTTP/1.1" 200 98350 "https://sexpositions.online/category/position/page/15/" "Mozilla/5.0 (Linux; Android 10; K) AppleWebKit/537.36 (KHTML, like Gecko) Chrome/141.0.0.0 Mobile Safari/537.36"
103.134.102.62 - - [19/Oct/2025:10:33:13 -0400] "GET /wp-content/uploads/doggy-style-animated.gif HTTP/1.1" 304 - "https://www.google.com/" "Mozilla/5.0 (Linux; Android 10; K) AppleWebKit/537.36 (KHTML, like Gecko) Chrome/141.0.0.0 Mobile Safari/537.36"
197.185.137.40 - - [19/Oct/2025:10:33:13 -0400] "GET /wp-content/uploads/evolved-dog-animated.gif HTTP/1.1" 304 - "https://sexpositions.online/oral/" "Mozilla/5.0 (iPhone; CPU iPhone OS 18_5_0 like Mac OS X) AppleWebKit/605.1.15 (KHTML, like Gecko) GSA/389.2.814818472 Mobile/15E148 Safari/604.1"
125.237.217.186 - - [19/Oct/2025:10:33:14 -0400] "GET /curls/ HTTP/1.1" 200 98072 "https://sexpositions.online/category/position/page/15/" "Mozilla/5.0 (Linux; Android 10; K) AppleWebKit/537.36 (KHTML, like Gecko) Chrome/141.0.0.0 Mobile Safari/537.36"
125.237.217.186 - - [19/Oct/2025:10:33:16 -0400] "GET /wp-content/uploads/desk-set-animated.gif HTTP/1.1" 200 270954 "https://sexpositions.online/category/position/page/15/" "Mozilla/5.0 (Linux; Android 10; K) AppleWebKit/537.36 (KHTML, like Gecko) Chrome/141.0.0.0 Mobile Safari/537.36"
125.237.217.186 - - [19/Oct/2025:10:33:23 -0400] "GET /camel/ HTTP/1.1" 200 98089 "https://sexpositions.online/category/position/page/15/" "Mozilla/5.0 (Linux; Android 10; K) AppleWebKit/537.36 (KHTML, like Gecko) Chrome/141.0.0.0 Mobile Safari/537.36"
125.237.217.186 - - [19/Oct/2025:10:33:23 -0400] "GET /wp-content/uploads/lazy-dog-animated-1.gif HTTP/1.1" 200 199682 "https://sexpositions.online/category/position/page/15/" "Mozilla/5.0 (Linux; Android 10; K) AppleWebKit/537.36 (KHTML, like Gecko) Chrome/141.0.0.0 Mobile Safari/537.36"
125.237.217.186 - - [19/Oct/2025:10:33:26 -0400] "GET /wp-content/uploads/hot-seat-animated-1.gif HTTP/1.1" 200 242150 "https://sexpositions.online/category/position/page/15/" "Mozilla/5.0 (Linux; Android 10; K) AppleWebKit/537.36 (KHTML, like Gecko) Chrome/141.0.0.0 Mobile Safari/537.36"
197.185.137.40 - - [19/Oct/2025:10:33:27 -0400] "GET /butterfly/ HTTP/1.1" 200 100241 "https://sexpositions.online/" "Mozilla/5.0 (iPhone; CPU iPhone OS 18_5_0 like Mac OS X) AppleWebKit/605.1.15 (KHTML, like Gecko) GSA/389.2.814818472 Mobile/15E148 Safari/604.1"
197.185.137.40 - - [19/Oct/2025:10:33:29 -0400] "GET /wp-content/uploads/aquarius-animated.gif HTTP/1.1" 200 210436 "https://sexpositions.online/butterfly/" "Mozilla/5.0 (iPhone; CPU iPhone OS 18_5_0 like Mac OS X) AppleWebKit/605.1.15 (KHTML, like Gecko) GSA/389.2.814818472 Mobile/15E148 Safari/604.1"
197.185.137.40 - - [19/Oct/2025:10:33:28 -0400] "GET /wp-content/uploads/waterfall-animated.gif HTTP/1.1" 200 232881 "https://sexpositions.online/butterfly/" "Mozilla/5.0 (iPhone; CPU iPhone OS 18_5_0 like Mac OS X) AppleWebKit/605.1.15 (KHTML, like Gecko) GSA/389.2.814818472 Mobile/15E148 Safari/604.1"
197.185.137.40 - - [19/Oct/2025:10:33:33 -0400] "GET /wp-content/uploads/g-force-animated-1.gif HTTP/1.1" 200 214094 "https://sexpositions.online/butterfly/" "Mozilla/5.0 (iPhone; CPU iPhone OS 18_5_0 like Mac OS X) AppleWebKit/605.1.15 (KHTML, like Gecko) GSA/389.2.814818472 Mobile/15E148 Safari/604.1"
73.45.144.149 - - [19/Oct/2025:10:33:46 -0400] "GET / HTTP/1.1" 200 125069 "-" "Mozilla/5.0 (iPhone; CPU iPhone OS 18_7_1 like Mac OS X) AppleWebKit/605.1.15 (KHTML, like Gecko) Version/18.7 Mobile/15E148 Safari/604.1"
2409:40e2:2036:acd6:8000:: - - [19/Oct/2025:10:33:46 -0400] "GET /cowboy/ HTTP/1.1" 200 98022 "https://sexpositions.online/missionary/" "Mozilla/5.0 (Linux; Android 10; K) AppleWebKit/537.36 (KHTML, like Gecko) Chrome/141.0.0.0 Mobile Safari/537.36"
197.185.137.40 - - [19/Oct/2025:10:33:47 -0400] "GET /helicopter/ HTTP/1.1" 200 99890 "https://sexpositions.online/" "Mozilla/5.0 (iPhone; CPU iPhone OS 18_5_0 like Mac OS X) AppleWebKit/605.1.15 (KHTML, like Gecko) GSA/389.2.814818472 Mobile/15E148 Safari/604.1"
197.185.137.40 - - [19/Oct/2025:10:33:49 -0400] "GET /wp-content/uploads/airplane-animated.gif HTTP/1.1" 200 252773 "https://sexpositions.online/helicopter/" "Mozilla/5.0 (iPhone; CPU iPhone OS 18_5_0 like Mac OS X) AppleWebKit/605.1.15 (KHTML, like Gecko) GSA/389.2.814818472 Mobile/15E148 Safari/604.1"
197.185.137.40 - - [19/Oct/2025:10:33:50 -0400] "GET /wp-content/uploads/starfish-animated.gif HTTP/1.1" 200 216617 "https://sexpositions.online/helicopter/" "Mozilla/5.0 (iPhone; CPU iPhone OS 18_5_0 like Mac OS X) AppleWebKit/605.1.15 (KHTML, like Gecko) GSA/389.2.814818472 Mobile/15E148 Safari/604.1"
125.237.217.186 - - [19/Oct/2025:10:33:53 -0400] "GET /deep-impact/ HTTP/1.1" 200 98060 "https://sexpositions.online/category/position/page/15/" "Mozilla/5.0 (Linux; Android 10; K) AppleWebKit/537.36 (KHTML, like Gecko) Chrome/141.0.0.0 Mobile Safari/537.36"
2a02:8084:81a1:7c00:69d9:37ef:8834:2946 - - [19/Oct/2025:10:33:53 -0400] "GET /wp-content/uploads/spiderman-animated.gif HTTP/1.1" 200 222934 "https://www.google.com/" "Mozilla/5.0 (Linux; Android 10; K) AppleWebKit/537.36 (KHTML, like Gecko) Chrome/141.0.0.0 Mobile Safari/537.36"
197.185.137.40 - - [19/Oct/2025:10:33:55 -0400] "GET /wp-content/uploads/the-x-factor-animated-2.gif HTTP/1.1" 200 210822 "https://sexpositions.online/helicopter/" "Mozilla/5.0 (iPhone; CPU iPhone OS 18_5_0 like Mac OS X) AppleWebKit/605.1.15 (KHTML, like Gecko) GSA/389.2.814818472 Mobile/15E148 Safari/604.1"
125.237.217.186 - - [19/Oct/2025:10:33:56 -0400] "GET /desk-set/ HTTP/1.1" 200 98087 "https://sexpositions.online/category/position/page/15/" "Mozilla/5.0 (Linux; Android 10; K) AppleWebKit/537.36 (KHTML, like Gecko) Chrome/141.0.0.0 Mobile Safari/537.36"
125.237.217.186 - - [19/Oct/2025:10:33:56 -0400] "GET /wp-content/uploads/double-head-rush-animated.gif HTTP/1.1" 200 267718 "https://sexpositions.online/category/position/page/15/" "Mozilla/5.0 (Linux; Android 10; K) AppleWebKit/537.36 (KHTML, like Gecko) Chrome/141.0.0.0 Mobile Safari/537.36"
125.237.217.186 - - [19/Oct/2025:10:33:57 -0400] "GET /wp-content/uploads/downward-dog-animated-1.gif HTTP/1.1" 200 214312 "https://sexpositions.online/category/position/page/15/" "Mozilla/5.0 (Linux; Android 10; K) AppleWebKit/537.36 (KHTML, like Gecko) Chrome/141.0.0.0 Mobile Safari/537.36"
125.237.217.186 - - [19/Oct/2025:10:34:02 -0400] "GET /lazy-dog/ HTTP/1.1" 200 98099 "https://sexpositions.online/category/position/page/15/" "Mozilla/5.0 (Linux; Android 10; K) AppleWebKit/537.36 (KHTML, like Gecko) Chrome/141.0.0.0 Mobile Safari/537.36"
125.237.217.186 - - [19/Oct/2025:10:34:04 -0400] "GET /hot-seat/ HTTP/1.1" 200 98028 "https://sexpositions.online/category/position/page/15/" "Mozilla/5.0 (Linux; Android 10; K) AppleWebKit/537.36 (KHTML, like Gecko) Chrome/141.0.0.0 Mobile Safari/537.36"
125.237.217.186 - - [19/Oct/2025:10:34:05 -0400] "GET /wp-content/uploads/the-bridge-animated.gif HTTP/1.1" 200 227502 "https://sexpositions.online/category/position/page/15/" "Mozilla/5.0 (Linux; Android 10; K) AppleWebKit/537.36 (KHTML, like Gecko) Chrome/141.0.0.0 Mobile Safari/537.36"
125.237.217.186 - - [19/Oct/2025:10:34:11 -0400] "GET /downward-dog/ HTTP/1.1" 200 98094 "https://sexpositions.online/category/position/page/15/" "Mozilla/5.0 (Linux; Android 10; K) AppleWebKit/537.36 (KHTML, like Gecko) Chrome/141.0.0.0 Mobile Safari/537.36"
66.249.64.226 - - [19/Oct/2025:10:34:12 -0400] "GET /wp-content/uploads/up-against-the-wall-animated.gif HTTP/1.1" 304 - "-" "Googlebot-Image/1.0"
154.51.86.84 - - [19/Oct/2025:10:34:14 -0400] "GET /wp-content/uploads/missionary-animated.gif HTTP/1.1" 304 - "https://www.google.com/" "Mozilla/5.0 (Linux; Android 10; K) AppleWebKit/537.36 (KHTML, like Gecko) Chrome/141.0.0.0 Mobile Safari/537.36"
2409:40e2:2036:acd6:8000:: - - [19/Oct/2025:10:34:16 -0400] "GET /full-nelson/ HTTP/1.1" 200 98082 "https://sexpositions.online/cowboy/" "Mozilla/5.0 (Linux; Android 10; K) AppleWebKit/537.36 (KHTML, like Gecko) Chrome/141.0.0.0 Mobile Safari/537.36"
197.185.137.40 - - [19/Oct/2025:10:34:18 -0400] "GET /spooning/ HTTP/1.1" 200 100748 "https://sexpositions.online/" "Mozilla/5.0 (iPhone; CPU iPhone OS 18_5_0 like Mac OS X) AppleWebKit/605.1.15 (KHTML, like Gecko) GSA/389.2.814818472 Mobile/15E148 Safari/604.1"
125.237.217.186 - - [19/Oct/2025:10:34:21 -0400] "GET /the-bridge/ HTTP/1.1" 200 98090 "https://sexpositions.online/category/position/page/15/" "Mozilla/5.0 (Linux; Android 10; K) AppleWebKit/537.36 (KHTML, like Gecko) Chrome/141.0.0.0 Mobile Safari/537.36"
197.185.137.40 - - [19/Oct/2025:10:34:21 -0400] "GET /wp-content/uploads/crossed-spoons-animated.gif HTTP/1.1" 200 203751 "https://sexpositions.online/spooning/" "Mozilla/5.0 (iPhone; CPU iPhone OS 18_5_0 like Mac OS X) AppleWebKit/605.1.15 (KHTML, like Gecko) GSA/389.2.814818472 Mobile/15E148 Safari/604.1"
125.237.217.186 - - [19/Oct/2025:10:34:22 -0400] "GET /category/position/page/16/ HTTP/1.1" 200 116350 "https://sexpositions.online/category/position/page/15/" "Mozilla/5.0 (Linux; Android 10; K) AppleWebKit/537.36 (KHTML, like Gecko) Chrome/141.0.0.0 Mobile Safari/537.36"
154.51.86.84 - - [19/Oct/2025:10:34:22 -0400] "GET /wp-content/uploads/speed-bump-animated.gif HTTP/1.1" 304 - "https://www.google.com/" "Mozilla/5.0 (Linux; Android 10; K) AppleWebKit/537.36 (KHTML, like Gecko) Chrome/141.0.0.0 Mobile Safari/537.36"
197.185.137.40 - - [19/Oct/2025:10:34:22 -0400] "GET /wp-content/uploads/sideways-animated.gif HTTP/1.1" 200 213395 "https://sexpositions.online/spooning/" "Mozilla/5.0 (iPhone; CPU iPhone OS 18_5_0 like Mac OS X) AppleWebKit/605.1.15 (KHTML, like Gecko) GSA/389.2.814818472 Mobile/15E148 Safari/604.1"
125.237.217.186 - - [19/Oct/2025:10:34:22 -0400] "GET /wp-content/uploads/stand-and-deliver-animated-1.gif HTTP/1.1" 200 164679 "https://sexpositions.online/category/position/page/16/" "Mozilla/5.0 (Linux; Android 10; K) AppleWebKit/537.36 (KHTML, like Gecko) Chrome/141.0.0.0 Mobile Safari/537.36"
125.237.217.186 - - [19/Oct/2025:10:34:22 -0400] "GET /wp-content/uploads/dutch-pretzel-animated.gif HTTP/1.1" 200 202980 "https://sexpositions.online/category/position/page/16/" "Mozilla/5.0 (Linux; Android 10; K) AppleWebKit/537.36 (KHTML, like Gecko) Chrome/141.0.0.0 Mobile Safari/537.36"
125.237.217.186 - - [19/Oct/2025:10:34:22 -0400] "GET /wp-content/uploads/easy-rider-animated.gif HTTP/1.1" 200 217821 "https://sexpositions.online/category/position/page/16/" "Mozilla/5.0 (Linux; Android 10; K) AppleWebKit/537.36 (KHTML, like Gecko) Chrome/141.0.0.0 Mobile Safari/537.36"
197.185.137.40 - - [19/Oct/2025:10:34:22 -0400] "GET /wp-content/uploads/the-carnal-chaise-animated.gif HTTP/1.1" 200 221197 "https://sexpositions.online/spooning/" "Mozilla/5.0 (iPhone; CPU iPhone OS 18_5_0 like Mac OS X) AppleWebKit/605.1.15 (KHTML, like Gecko) GSA/389.2.814818472 Mobile/15E148 Safari/604.1"
125.237.217.186 - - [19/Oct/2025:10:34:24 -0400] "GET /wp-content/uploads/elevated-jackhammer-animated.gif HTTP/1.1" 200 262463 "https://sexpositions.online/category/position/page/16/" "Mozilla/5.0 (Linux; Android 10; K) AppleWebKit/537.36 (KHTML, like Gecko) Chrome/141.0.0.0 Mobile Safari/537.36"
125.237.217.186 - - [19/Oct/2025:10:34:25 -0400] "GET /stand-and-deliver/ HTTP/1.1" 200 98235 "https://sexpositions.online/category/position/page/16/" "Mozilla/5.0 (Linux; Android 10; K) AppleWebKit/537.36 (KHTML, like Gecko) Chrome/141.0.0.0 Mobile Safari/537.36"
197.185.137.40 - - [19/Oct/2025:10:34:24 -0400] "GET /wp-content/uploads/bent-spoon-animated-1.gif HTTP/1.1" 200 268562 "https://sexpositions.online/spooning/" "Mozilla/5.0 (iPhone; CPU iPhone OS 18_5_0 like Mac OS X) AppleWebKit/605.1.15 (KHTML, like Gecko) GSA/389.2.814818472 Mobile/15E148 Safari/604.1"
125.237.217.186 - - [19/Oct/2025:10:34:27 -0400] "GET /dutch-pretzel/ HTTP/1.1" 200 98213 "https://sexpositions.online/category/position/page/16/" "Mozilla/5.0 (Linux; Android 10; K) AppleWebKit/537.36 (KHTML, like Gecko) Chrome/141.0.0.0 Mobile Safari/537.36"
2408:8409:30b0:ae0:8c16:209e:5c5c:148 - - [19/Oct/2025:10:34:28 -0400] "GET /favicon.ico HTTP/1.1" 200 3 "-" "Mozilla/5.0 (Linux; U; Android 10; zh-cn; VP001 Build/LiantongVP001) AppleWebKit/533.1 (KHTML, like Gecko) Mobile Safari/533.1"
125.237.217.186 - - [19/Oct/2025:10:34:28 -0400] "GET /wp-content/uploads/fetch-animated.gif HTTP/1.1" 200 245065 "https://sexpositions.online/category/position/page/16/" "Mozilla/5.0 (Linux; Android 10; K) AppleWebKit/537.36 (KHTML, like Gecko) Chrome/141.0.0.0 Mobile Safari/537.36"
125.237.217.186 - - [19/Oct/2025:10:34:30 -0400] "GET /wp-content/uploads/aquarius-animated.gif HTTP/1.1" 200 210436 "https://sexpositions.online/category/position/page/16/" "Mozilla/5.0 (Linux; Android 10; K) AppleWebKit/537.36 (KHTML, like Gecko) Chrome/141.0.0.0 Mobile Safari/537.36"
125.237.217.186 - - [19/Oct/2025:10:34:31 -0400] "GET /wp-content/uploads/fill-her-up-animated.gif HTTP/1.1" 200 227466 "https://sexpositions.online/category/position/page/16/" "Mozilla/5.0 (Linux; Android 10; K) AppleWebKit/537.36 (KHTML, like Gecko) Chrome/141.0.0.0 Mobile Safari/537.36"
154.51.86.84 - - [19/Oct/2025:10:34:33 -0400] "GET /wp-content/uploads/lotus-animated.gif HTTP/1.1" 304 - "https://www.google.com/" "Mozilla/5.0 (Linux; Android 10; K) AppleWebKit/537.36 (KHTML, like Gecko) Chrome/141.0.0.0 Mobile Safari/537.36"
125.237.217.186 - - [19/Oct/2025:10:34:34 -0400] "GET /elevated-jackhammer/ HTTP/1.1" 200 98091 "https://sexpositions.online/category/position/page/16/" "Mozilla/5.0 (Linux; Android 10; K) AppleWebKit/537.36 (KHTML, like Gecko) Chrome/141.0.0.0 Mobile Safari/537.36"
2409:40e2:8:498e:8000:: - - [19/Oct/2025:10:34:34 -0400] "GET /missionary/ HTTP/1.1" 200 103202 "-" "Mozilla/5.0 (Linux; Android 15; K) AppleWebKit/537.36 (KHTML, like Gecko) Chrome/140.0.7339.207 Mobile Safari/537.36"
125.237.217.186 - - [19/Oct/2025:10:34:35 -0400] "GET /wp-content/uploads/flamingo-animated.gif HTTP/1.1" 200 259092 "https://sexpositions.online/category/position/page/16/" "Mozilla/5.0 (Linux; Android 10; K) AppleWebKit/537.36 (KHTML, like Gecko) Chrome/141.0.0.0 Mobile Safari/537.36"
125.237.217.186 - - [19/Oct/2025:10:34:35 -0400] "GET /fetch/ HTTP/1.1" 200 98059 "https://sexpositions.online/category/position/page/16/" "Mozilla/5.0 (Linux; Android 10; K) AppleWebKit/537.36 (KHTML, like Gecko) Chrome/141.0.0.0 Mobile Safari/537.36"
2409:40e2:8:498e:8000:: - - [19/Oct/2025:10:34:36 -0400] "GET /wp-content/uploads/blind-love-animated.gif HTTP/1.1" 304 - "https://sexpositions.online/missionary/" "Mozilla/5.0 (Linux; Android 15; K) AppleWebKit/537.36 (KHTML, like Gecko) Chrome/140.0.7339.207 Mobile Safari/537.36"
197.185.137.40 - - [19/Oct/2025:10:34:36 -0400] "GET /doggy-style/ HTTP/1.1" 200 102754 "https://sexpositions.online/" "Mozilla/5.0 (iPhone; CPU iPhone OS 18_5_0 like Mac OS X) AppleWebKit/605.1.15 (KHTML, like Gecko) GSA/389.2.814818472 Mobile/15E148 Safari/604.1"
2409:40e2:8:498e:8000:: - - [19/Oct/2025:10:34:37 -0400] "GET /wp-content/uploads/flying-missionary-animated.gif HTTP/1.1" 304 - "https://sexpositions.online/missionary/" "Mozilla/5.0 (Linux; Android 15; K) AppleWebKit/537.36 (KHTML, like Gecko) Chrome/140.0.7339.207 Mobile Safari/537.36"
2409:40e2:8:498e:8000:: - - [19/Oct/2025:10:34:37 -0400] "GET /wp-content/uploads/front-and-rear-animated.gif HTTP/1.1" 304 - "https://sexpositions.online/missionary/" "Mozilla/5.0 (Linux; Android 15; K) AppleWebKit/537.36 (KHTML, like Gecko) Chrome/140.0.7339.207 Mobile Safari/537.36"
2409:40e2:8:498e:8000:: - - [19/Oct/2025:10:34:38 -0400] "GET /wp-includes/js/wp-emoji-release.min.js?ver=6.8.3 HTTP/1.1" 304 - "https://sexpositions.online/missionary/" "Mozilla/5.0 (Linux; Android 15; K) AppleWebKit/537.36 (KHTML, like Gecko) Chrome/140.0.7339.207 Mobile Safari/537.36"
125.237.217.186 - - [19/Oct/2025:10:34:38 -0400] "GET /wp-content/uploads/flying-missionary-animated.gif HTTP/1.1" 200 226204 "https://sexpositions.online/category/position/page/16/" "Mozilla/5.0 (Linux; Android 10; K) AppleWebKit/537.36 (KHTML, like Gecko) Chrome/141.0.0.0 Mobile Safari/537.36"
125.237.217.186 - - [19/Oct/2025:10:34:38 -0400] "GET /aquarius/ HTTP/1.1" 200 98095 "https://sexpositions.online/category/position/page/16/" "Mozilla/5.0 (Linux; Android 10; K) AppleWebKit/537.36 (KHTML, like Gecko) Chrome/141.0.0.0 Mobile Safari/537.36"
197.185.137.40 - - [19/Oct/2025:10:34:38 -0400] "GET /wp-content/uploads/eiffel-tower-animated.gif HTTP/1.1" 200 173748 "https://sexpositions.online/doggy-style/" "Mozilla/5.0 (iPhone; CPU iPhone OS 18_5_0 like Mac OS X) AppleWebKit/605.1.15 (KHTML, like Gecko) GSA/389.2.814818472 Mobile/15E148 Safari/604.1"
197.185.137.40 - - [19/Oct/2025:10:34:39 -0400] "GET /wp-content/uploads/upward-dog-animated.gif HTTP/1.1" 200 219384 "https://sexpositions.online/doggy-style/" "Mozilla/5.0 (iPhone; CPU iPhone OS 18_5_0 like Mac OS X) AppleWebKit/605.1.15 (KHTML, like Gecko) GSA/389.2.814818472 Mobile/15E148 Safari/604.1"
197.185.137.40 - - [19/Oct/2025:10:34:39 -0400] "GET /wp-content/uploads/flatiron-animated.gif HTTP/1.1" 200 166317 "https://sexpositions.online/doggy-style/" "Mozilla/5.0 (iPhone; CPU iPhone OS 18_5_0 like Mac OS X) AppleWebKit/605.1.15 (KHTML, like Gecko) GSA/389.2.814818472 Mobile/15E148 Safari/604.1"
197.185.137.40 - - [19/Oct/2025:10:34:42 -0400] "GET /wp-content/uploads/downward-dog-animated-1.gif HTTP/1.1" 200 214312 "https://sexpositions.online/doggy-style/" "Mozilla/5.0 (iPhone; CPU iPhone OS 18_5_0 like Mac OS X) AppleWebKit/605.1.15 (KHTML, like Gecko) GSA/389.2.814818472 Mobile/15E148 Safari/604.1"
2409:40e2:8:498e:8000:: - - [19/Oct/2025:10:34:43 -0400] "GET /wp-content/uploads/wild-cherry-animated.gif HTTP/1.1" 304 - "https://sexpositions.online/missionary/" "Mozilla/5.0 (Linux; Android 15; K) AppleWebKit/537.36 (KHTML, like Gecko) Chrome/140.0.7339.207 Mobile Safari/537.36"
197.185.137.40 - - [19/Oct/2025:10:34:44 -0400] "GET /wp-content/uploads/turtle-animated.gif HTTP/1.1" 200 177462 "https://sexpositions.online/doggy-style/" "Mozilla/5.0 (iPhone; CPU iPhone OS 18_5_0 like Mac OS X) AppleWebKit/605.1.15 (KHTML, like Gecko) GSA/389.2.814818472 Mobile/15E148 Safari/604.1"
197.185.137.40 - - [19/Oct/2025:10:34:50 -0400] "GET /wp-content/uploads/lazy-dog-animated-1.gif HTTP/1.1" 200 199682 "https://sexpositions.online/doggy-style/" "Mozilla/5.0 (iPhone; CPU iPhone OS 18_5_0 like Mac OS X) AppleWebKit/605.1.15 (KHTML, like Gecko) GSA/389.2.814818472 Mobile/15E148 Safari/604.1"
125.237.217.186 - - [19/Oct/2025:10:34:50 -0400] "GET /fill-her-up/ HTTP/1.1" 200 98040 "https://sexpositions.online/category/position/page/16/" "Mozilla/5.0 (Linux; Android 10; K) AppleWebKit/537.36 (KHTML, like Gecko) Chrome/141.0.0.0 Mobile Safari/537.36"
125.237.217.186 - - [19/Oct/2025:10:34:51 -0400] "GET /wp-content/uploads/foot-in-mouth-animated.gif HTTP/1.1" 200 227290 "https://sexpositions.online/category/position/page/16/" "Mozilla/5.0 (Linux; Android 10; K) AppleWebKit/537.36 (KHTML, like Gecko) Chrome/141.0.0.0 Mobile Safari/537.36"
125.237.217.186 - - [19/Oct/2025:10:34:52 -0400] "GET /flamingo/ HTTP/1.1" 200 98203 "https://sexpositions.online/category/position/page/16/" "Mozilla/5.0 (Linux; Android 10; K) AppleWebKit/537.36 (KHTML, like Gecko) Chrome/141.0.0.0 Mobile Safari/537.36"
2409:40e2:8:498e:8000:: - - [19/Oct/2025:10:34:53 -0400] "GET /wp-content/uploads/anvil-animated.gif HTTP/1.1" 304 - "https://sexpositions.online/missionary/" "Mozilla/5.0 (Linux; Android 15; K) AppleWebKit/537.36 (KHTML, like Gecko) Chrome/140.0.7339.207 Mobile Safari/537.36"
197.185.137.40 - - [19/Oct/2025:10:34:55 -0400] "GET /wp-content/uploads/frog-animated.gif HTTP/1.1" 200 203649 "https://sexpositions.online/doggy-style/" "Mozilla/5.0 (iPhone; CPU iPhone OS 18_5_0 like Mac OS X) AppleWebKit/605.1.15 (KHTML, like Gecko) GSA/389.2.814818472 Mobile/15E148 Safari/604.1"
125.237.217.186 - - [19/Oct/2025:10:34:59 -0400] "GET /flying-missionary/ HTTP/1.1" 200 98373 "https://sexpositions.online/category/position/page/16/" "Mozilla/5.0 (Linux; Android 10; K) AppleWebKit/537.36 (KHTML, like Gecko) Chrome/141.0.0.0 Mobile Safari/537.36"
175.176.29.192 - - [19/Oct/2025:10:35:00 -0400] "GET /wp-content/uploads/the-deep-animated.gif HTTP/1.1" 304 - "https://www.google.com/" "Mozilla/5.0 (Linux; Android 10; K) AppleWebKit/537.36 (KHTML, like Gecko) Chrome/140.0.0.0 Mobile Safari/537.36"
2a02:26f7:c6c0:4000:d000::1e - - [19/Oct/2025:10:35:03 -0400] "GET /wp-content/uploads/the-straddle-animated.gif HTTP/1.1" 304 - "https://www.google.com/" "Mozilla/5.0 (iPhone; CPU iPhone OS 18_6_2 like Mac OS X) AppleWebKit/605.1.15 (KHTML, like Gecko) Version/18.6 Mobile/15E148 Safari/604.1"
197.185.137.40 - - [19/Oct/2025:10:35:05 -0400] "GET /lotus/ HTTP/1.1" 200 101234 "https://sexpositions.online/" "Mozilla/5.0 (iPhone; CPU iPhone OS 18_5_0 like Mac OS X) AppleWebKit/605.1.15 (KHTML, like Gecko) GSA/389.2.814818472 Mobile/15E148 Safari/604.1"
197.185.137.40 - - [19/Oct/2025:10:35:07 -0400] "GET /wp-content/uploads/heaven-knows-animated.gif HTTP/1.1" 304 - "https://sexpositions.online/lotus/" "Mozilla/5.0 (iPhone; CPU iPhone OS 18_5_0 like Mac OS X) AppleWebKit/605.1.15 (KHTML, like Gecko) GSA/389.2.814818472 Mobile/15E148 Safari/604.1"
197.185.137.40 - - [19/Oct/2025:10:35:07 -0400] "GET /wp-content/uploads/raunchy-wrestler-animated.gif HTTP/1.1" 200 193917 "https://sexpositions.online/lotus/" "Mozilla/5.0 (iPhone; CPU iPhone OS 18_5_0 like Mac OS X) AppleWebKit/605.1.15 (KHTML, like Gecko) GSA/389.2.814818472 Mobile/15E148 Safari/604.1"
197.185.137.40 - - [19/Oct/2025:10:35:10 -0400] "GET /wp-content/uploads/sinkhole-animated.gif HTTP/1.1" 200 209491 "https://sexpositions.online/lotus/" "Mozilla/5.0 (iPhone; CPU iPhone OS 18_5_0 like Mac OS X) AppleWebKit/605.1.15 (KHTML, like Gecko) GSA/389.2.814818472 Mobile/15E148 Safari/604.1"
146.90.101.98 - - [19/Oct/2025:10:35:11 -0400] "GET /sidewinder/ HTTP/1.1" 200 98116 "https://www.google.com/" "Mozilla/5.0 (Linux; Android 10; K) AppleWebKit/537.36 (KHTML, like Gecko) Chrome/141.0.0.0 Mobile Safari/537.36"
146.90.101.98 - - [19/Oct/2025:10:35:12 -0400] "GET /wp-content/uploads/cropped-favicon-192x192.png HTTP/1.1" 304 - "https://sexpositions.online/sidewinder/" "Mozilla/5.0 (Linux; Android 10; K) AppleWebKit/537.36 (KHTML, like Gecko) Chrome/141.0.0.0 Mobile Safari/537.36"
197.185.137.40 - - [19/Oct/2025:10:35:13 -0400] "GET /wp-content/uploads/the-big-bounce-animated.gif HTTP/1.1" 200 220222 "https://sexpositions.online/lotus/" "Mozilla/5.0 (iPhone; CPU iPhone OS 18_5_0 like Mac OS X) AppleWebKit/605.1.15 (KHTML, like Gecko) GSA/389.2.814818472 Mobile/15E148 Safari/604.1"
2804:18:401e:833d:1:0:11c:6fd0 - - [19/Oct/2025:10:35:14 -0400] "GET /wp-content/uploads/the-crab-animated.gif HTTP/1.1" 304 - "https://www.google.com/" "Mozilla/5.0 (Linux; Android 15; 2409BRN2CL Build/AP3A.240905.015.A2; wv) AppleWebKit/537.36 (KHTML, like Gecko) Version/4.0 Chrome/140.0.7339.207 Mobile Safari/537.36 GoogleApp/16.29.54.ve.arm64"
197.185.137.40 - - [19/Oct/2025:10:35:14 -0400] "GET /wp-content/uploads/windmill-animated.gif HTTP/1.1" 200 217396 "https://sexpositions.online/lotus/" "Mozilla/5.0 (iPhone; CPU iPhone OS 18_5_0 like Mac OS X) AppleWebKit/605.1.15 (KHTML, like Gecko) GSA/389.2.814818472 Mobile/15E148 Safari/604.1"
2405:201:a80c:b8:f7d7:8f22:a536:6dbd - - [19/Oct/2025:10:35:22 -0400] "GET /wp-content/uploads/highway-to-heaven-animated.gif HTTP/1.1" 304 - "https://www.google.com/" "Mozilla/5.0 (Linux; Android 15; A142 Build/AP3A.240905.015.A2; wv) AppleWebKit/537.36 (KHTML, like Gecko) Version/4.0 Chrome/140.0.7339.207 Mobile Safari/537.36 GoogleApp/16.40.23.ve.arm64"
103.185.109.134 - - [19/Oct/2025:10:35:29 -0400] "GET /wp-content/uploads/the-rocker-animated.gif HTTP/1.1" 304 - "https://www.google.com/" "Mozilla/5.0 (Linux; Android 15; RMX3830 Build/AP3A.240905.015.A2; wv) AppleWebKit/537.36 (KHTML, like Gecko) Version/4.0 Chrome/140.0.7339.207 Mobile Safari/537.36 GoogleApp/16.40.23.ve.arm64"
196.249.109.137 - - [19/Oct/2025:10:35:29 -0400] "GET /oral/ HTTP/1.1" 200 105341 "https://sexpositions.online/" "Mozilla/5.0 (Linux; Android 10; K) AppleWebKit/537.36 (KHTML, like Gecko) Chrome/141.0.0.0 Mobile Safari/537.36"
197.185.137.40 - - [19/Oct/2025:10:35:30 -0400] "GET /amazon/ HTTP/1.1" 200 101009 "https://sexpositions.online/" "Mozilla/5.0 (iPhone; CPU iPhone OS 18_5_0 like Mac OS X) AppleWebKit/605.1.15 (KHTML, like Gecko) GSA/389.2.814818472 Mobile/15E148 Safari/604.1"
125.237.217.186 - - [19/Oct/2025:10:35:30 -0400] "GET /foot-in-mouth/ HTTP/1.1" 200 98075 "https://sexpositions.online/category/position/page/16/" "Mozilla/5.0 (Linux; Android 10; K) AppleWebKit/537.36 (KHTML, like Gecko) Chrome/141.0.0.0 Mobile Safari/537.36"
125.237.217.186 - - [19/Oct/2025:10:35:31 -0400] "GET /category/position/page/17/ HTTP/1.1" 200 116193 "https://sexpositions.online/category/position/page/16/" "Mozilla/5.0 (Linux; Android 10; K) AppleWebKit/537.36 (KHTML, like Gecko) Chrome/141.0.0.0 Mobile Safari/537.36"
125.237.217.186 - - [19/Oct/2025:10:35:32 -0400] "GET /wp-content/uploads/front-and-rear-animated.gif HTTP/1.1" 200 183290 "https://sexpositions.online/category/position/page/17/" "Mozilla/5.0 (Linux; Android 10; K) AppleWebKit/537.36 (KHTML, like Gecko) Chrome/141.0.0.0 Mobile Safari/537.36"
125.237.217.186 - - [19/Oct/2025:10:35:32 -0400] "GET /wp-content/uploads/freestyle-animated.gif HTTP/1.1" 200 251199 "https://sexpositions.online/category/position/page/17/" "Mozilla/5.0 (Linux; Android 10; K) AppleWebKit/537.36 (KHTML, like Gecko) Chrome/141.0.0.0 Mobile Safari/537.36"
125.237.217.186 - - [19/Oct/2025:10:35:32 -0400] "GET /wp-content/uploads/from-ball-to-wall-animated.gif HTTP/1.1" 200 213795 "https://sexpositions.online/category/position/page/17/" "Mozilla/5.0 (Linux; Android 10; K) AppleWebKit/537.36 (KHTML, like Gecko) Chrome/141.0.0.0 Mobile Safari/537.36"
197.185.137.40 - - [19/Oct/2025:10:35:31 -0400] "GET /wp-content/uploads/love-pump-animated.gif HTTP/1.1" 200 231610 "https://sexpositions.online/amazon/" "Mozilla/5.0 (iPhone; CPU iPhone OS 18_5_0 like Mac OS X) AppleWebKit/605.1.15 (KHTML, like Gecko) GSA/389.2.814818472 Mobile/15E148 Safari/604.1"
125.237.217.186 - - [19/Oct/2025:10:35:33 -0400] "GET /wp-content/uploads/starfish-animated.gif HTTP/1.1" 200 216617 "https://sexpositions.online/category/position/page/17/" "Mozilla/5.0 (Linux; Android 10; K) AppleWebKit/537.36 (KHTML, like Gecko) Chrome/141.0.0.0 Mobile Safari/537.36"
125.237.217.186 - - [19/Oct/2025:10:35:33 -0400] "GET /freestyle/ HTTP/1.1" 200 98129 "https://sexpositions.online/category/position/page/17/" "Mozilla/5.0 (Linux; Android 10; K) AppleWebKit/537.36 (KHTML, like Gecko) Chrome/141.0.0.0 Mobile Safari/537.36"
125.237.217.186 - - [19/Oct/2025:10:35:35 -0400] "GET /wp-content/uploads/sideways-animated.gif HTTP/1.1" 304 - "https://sexpositions.online/category/position/page/17/" "Mozilla/5.0 (Linux; Android 10; K) AppleWebKit/537.36 (KHTML, like Gecko) Chrome/141.0.0.0 Mobile Safari/537.36"
197.185.137.40 - - [19/Oct/2025:10:35:35 -0400] "GET /wp-content/uploads/reverse-jockey-animated.gif HTTP/1.1" 200 178457 "https://sexpositions.online/amazon/" "Mozilla/5.0 (iPhone; CPU iPhone OS 18_5_0 like Mac OS X) AppleWebKit/605.1.15 (KHTML, like Gecko) GSA/389.2.814818472 Mobile/15E148 Safari/604.1"
197.185.137.40 - - [19/Oct/2025:10:35:35 -0400] "GET /wp-content/uploads/surprise-party-animated.gif HTTP/1.1" 200 221781 "https://sexpositions.online/amazon/" "Mozilla/5.0 (iPhone; CPU iPhone OS 18_5_0 like Mac OS X) AppleWebKit/605.1.15 (KHTML, like Gecko) GSA/389.2.814818472 Mobile/15E148 Safari/604.1"
197.185.137.40 - - [19/Oct/2025:10:35:37 -0400] "GET /wp-content/uploads/the-rev-it-up-rub-animated.gif HTTP/1.1" 200 239247 "https://sexpositions.online/amazon/" "Mozilla/5.0 (iPhone; CPU iPhone OS 18_5_0 like Mac OS X) AppleWebKit/605.1.15 (KHTML, like Gecko) GSA/389.2.814818472 Mobile/15E148 Safari/604.1"
125.237.217.186 - - [19/Oct/2025:10:35:38 -0400] "GET /from-ball-to-wall/ HTTP/1.1" 200 98077 "https://sexpositions.online/category/position/page/17/" "Mozilla/5.0 (Linux; Android 10; K) AppleWebKit/537.36 (KHTML, like Gecko) Chrome/141.0.0.0 Mobile Safari/537.36"
2409:40e2:8:498e:8000:: - - [19/Oct/2025:10:35:40 -0400] "GET /cowboy/ HTTP/1.1" 200 98022 "https://sexpositions.online/missionary/" "Mozilla/5.0 (Linux; Android 15; RMX5003 Build/UKQ1.231108.001; wv) AppleWebKit/537.36 (KHTML, like Gecko) Version/4.0 Chrome/140.0.7339.207 Mobile Safari/537.36"
2409:40e2:8:498e:8000:: - - [19/Oct/2025:10:35:42 -0400] "GET /wp-content/uploads/cowboy-animated.gif HTTP/1.1" 200 216403 "https://sexpositions.online/cowboy/" "Mozilla/5.0 (Linux; Android 15; K) AppleWebKit/537.36 (KHTML, like Gecko) Chrome/140.0.7339.207 Mobile Safari/537.36"
125.237.217.186 - - [19/Oct/2025:10:35:42 -0400] "GET /wp-content/uploads/squat-animated.gif HTTP/1.1" 200 223127 "https://sexpositions.online/category/position/page/17/" "Mozilla/5.0 (Linux; Android 10; K) AppleWebKit/537.36 (KHTML, like Gecko) Chrome/141.0.0.0 Mobile Safari/537.36"
2405:9f40:b9:e209::1 - - [19/Oct/2025:10:35:43 -0400] "GET /wp-content/uploads/captain-animated.gif HTTP/1.1" 200 219766 "https://www.google.com/" "Mozilla/5.0 (Linux; Android 12; SM-A125F Build/SP1A.210812.016; wv) AppleWebKit/537.36 (KHTML, like Gecko) Version/4.0 Chrome/140.0.7339.207 Mobile Safari/537.36 GoogleApp/16.38.63.ve.arm64"
125.237.217.186 - - [19/Oct/2025:10:35:45 -0400] "GET /wp-content/uploads/gooooooal-animated.gif HTTP/1.1" 200 260673 "https://sexpositions.online/category/position/page/17/" "Mozilla/5.0 (Linux; Android 10; K) AppleWebKit/537.36 (KHTML, like Gecko) Chrome/141.0.0.0 Mobile Safari/537.36"
2409:40e2:8:498e:8000:: - - [19/Oct/2025:10:35:46 -0400] "GET /full-nelson/ HTTP/1.1" 200 98082 "https://sexpositions.online/cowboy/" "Mozilla/5.0 (Linux; Android 15; RMX5003 Build/UKQ1.231108.001; wv) AppleWebKit/537.36 (KHTML, like Gecko) Version/4.0 Chrome/140.0.7339.207 Mobile Safari/537.36"
2409:40e2:8:498e:8000:: - - [19/Oct/2025:10:35:48 -0400] "GET /wp-content/uploads/full-nelson-animated.gif HTTP/1.1" 304 - "https://sexpositions.online/full-nelson/" "Mozilla/5.0 (Linux; Android 15; K) AppleWebKit/537.36 (KHTML, like Gecko) Chrome/140.0.7339.207 Mobile Safari/537.36"
197.185.137.40 - - [19/Oct/2025:10:35:50 -0400] "GET /cowgirl/ HTTP/1.1" 200 101897 "https://sexpositions.online/" "Mozilla/5.0 (iPhone; CPU iPhone OS 18_5_0 like Mac OS X) AppleWebKit/605.1.15 (KHTML, like Gecko) GSA/389.2.814818472 Mobile/15E148 Safari/604.1"
197.185.137.40 - - [19/Oct/2025:10:35:51 -0400] "GET /wp-content/uploads/reverse-cowgirl-animated.gif HTTP/1.1" 200 225649 "https://sexpositions.online/cowgirl/" "Mozilla/5.0 (iPhone; CPU iPhone OS 18_5_0 like Mac OS X) AppleWebKit/605.1.15 (KHTML, like Gecko) GSA/389.2.814818472 Mobile/15E148 Safari/604.1"
197.185.137.40 - - [19/Oct/2025:10:35:53 -0400] "GET /wp-content/uploads/face-to-face-animated.gif HTTP/1.1" 200 194868 "https://sexpositions.online/cowgirl/" "Mozilla/5.0 (iPhone; CPU iPhone OS 18_5_0 like Mac OS X) AppleWebKit/605.1.15 (KHTML, like Gecko) GSA/389.2.814818472 Mobile/15E148 Safari/604.1"
125.237.217.186 - - [19/Oct/2025:10:35:54 -0400] "GET /sideways/ HTTP/1.1" 200 98119 "https://sexpositions.online/category/position/page/17/" "Mozilla/5.0 (Linux; Android 10; K) AppleWebKit/537.36 (KHTML, like Gecko) Chrome/141.0.0.0 Mobile Safari/537.36"
197.185.137.40 - - [19/Oct/2025:10:35:54 -0400] "GET /wp-content/uploads/the-sitting-cat-animated.gif HTTP/1.1" 200 227200 "https://sexpositions.online/cowgirl/" "Mozilla/5.0 (iPhone; CPU iPhone OS 18_5_0 like Mac OS X) AppleWebKit/605.1.15 (KHTML, like Gecko) GSA/389.2.814818472 Mobile/15E148 Safari/604.1"
125.237.217.186 - - [19/Oct/2025:10:35:55 -0400] "GET /wp-content/uploads/g-force-animated-1.gif HTTP/1.1" 200 214094 "https://sexpositions.online/category/position/page/17/" "Mozilla/5.0 (Linux; Android 10; K) AppleWebKit/537.36 (KHTML, like Gecko) Chrome/141.0.0.0 Mobile Safari/537.36"
2409:40e2:8:498e:8000:: - - [19/Oct/2025:10:35:55 -0400] "GET /frog/ HTTP/1.1" 200 98182 "https://sexpositions.online/full-nelson/" "Mozilla/5.0 (Linux; Android 15; RMX5003 Build/UKQ1.231108.001; wv) AppleWebKit/537.36 (KHTML, like Gecko) Version/4.0 Chrome/140.0.7339.207 Mobile Safari/537.36"
125.237.217.186 - - [19/Oct/2025:10:35:56 -0400] "GET /wp-content/uploads/handrail-animated.gif HTTP/1.1" 304 - "https://sexpositions.online/category/position/page/17/" "Mozilla/5.0 (Linux; Android 10; K) AppleWebKit/537.36 (KHTML, like Gecko) Chrome/141.0.0.0 Mobile Safari/537.36"
2409:40e2:8:498e:8000:: - - [19/Oct/2025:10:35:57 -0400] "GET /wp-content/uploads/frog-animated.gif HTTP/1.1" 304 - "https://sexpositions.online/frog/" "Mozilla/5.0 (Linux; Android 15; K) AppleWebKit/537.36 (KHTML, like Gecko) Chrome/140.0.7339.207 Mobile Safari/537.36"
2620:121:5042:50:5d5e:: - - [19/Oct/2025:10:35:57 -0400] "GET / HTTP/1.1" 200 125058 "-" "Snap URL Preview Service; bot; snapchat; https://developers.snap.com/robots"
125.237.217.186 - - [19/Oct/2025:10:35:57 -0400] "GET /gooooooal/ HTTP/1.1" 200 98033 "https://sexpositions.online/category/position/page/17/" "Mozilla/5.0 (Linux; Android 10; K) AppleWebKit/537.36 (KHTML, like Gecko) Chrome/141.0.0.0 Mobile Safari/537.36"
125.237.217.186 - - [19/Oct/2025:10:35:57 -0400] "GET /wp-content/uploads/eiffel-tower-animated.gif HTTP/1.1" 304 - "https://sexpositions.online/category/position/page/17/" "Mozilla/5.0 (Linux; Android 10; K) AppleWebKit/537.36 (KHTML, like Gecko) Chrome/141.0.0.0 Mobile Safari/537.36"
197.185.137.40 - - [19/Oct/2025:10:36:00 -0400] "GET /wp-content/uploads/the-wave-animated.gif HTTP/1.1" 200 200955 "https://sexpositions.online/cowgirl/" "Mozilla/5.0 (iPhone; CPU iPhone OS 18_5_0 like Mac OS X) AppleWebKit/605.1.15 (KHTML, like Gecko) GSA/389.2.814818472 Mobile/15E148 Safari/604.1"
125.237.217.186 - - [19/Oct/2025:10:36:01 -0400] "GET /handrail/ HTTP/1.1" 200 97942 "https://sexpositions.online/category/position/page/17/" "Mozilla/5.0 (Linux; Android 10; K) AppleWebKit/537.36 (KHTML, like Gecko) Chrome/141.0.0.0 Mobile Safari/537.36"
197.185.137.40 - - [19/Oct/2025:10:36:01 -0400] "GET /wp-content/uploads/belly-dancer-animated.gif HTTP/1.1" 200 224619 "https://sexpositions.online/cowgirl/" "Mozilla/5.0 (iPhone; CPU iPhone OS 18_5_0 like Mac OS X) AppleWebKit/605.1.15 (KHTML, like Gecko) GSA/389.2.814818472 Mobile/15E148 Safari/604.1"
2409:40e2:8:498e:8000:: - - [19/Oct/2025:10:36:01 -0400] "GET /reverse-cowgirl/ HTTP/1.1" 200 98063 "https://sexpositions.online/frog/" "Mozilla/5.0 (Linux; Android 15; RMX5003 Build/UKQ1.231108.001; wv) AppleWebKit/537.36 (KHTML, like Gecko) Version/4.0 Chrome/140.0.7339.207 Mobile Safari/537.36"
125.237.217.186 - - [19/Oct/2025:10:36:04 -0400] "GET /category/position/page/18/ HTTP/1.1" 200 116384 "https://sexpositions.online/category/position/page/17/" "Mozilla/5.0 (Linux; Android 10; K) AppleWebKit/537.36 (KHTML, like Gecko) Chrome/141.0.0.0 Mobile Safari/537.36"
125.237.217.186 - - [19/Oct/2025:10:36:04 -0400] "GET /wp-content/uploads/hideaway-animated.gif HTTP/1.1" 200 202157 "https://sexpositions.online/category/position/page/18/" "Mozilla/5.0 (Linux; Android 10; K) AppleWebKit/537.36 (KHTML, like Gecko) Chrome/141.0.0.0 Mobile Safari/537.36"
125.237.217.186 - - [19/Oct/2025:10:36:04 -0400] "GET /wp-content/uploads/heaven-knows-animated.gif HTTP/1.1" 200 208637 "https://sexpositions.online/category/position/page/18/" "Mozilla/5.0 (Linux; Android 10; K) AppleWebKit/537.36 (KHTML, like Gecko) Chrome/141.0.0.0 Mobile Safari/537.36"
125.237.217.186 - - [19/Oct/2025:10:36:04 -0400] "GET /wp-content/uploads/he-is-man-animated.gif HTTP/1.1" 200 288772 "https://sexpositions.online/category/position/page/18/" "Mozilla/5.0 (Linux; Android 10; K) AppleWebKit/537.36 (KHTML, like Gecko) Chrome/141.0.0.0 Mobile Safari/537.36"
125.237.217.186 - - [19/Oct/2025:10:36:05 -0400] "GET /wp-content/uploads/higher-plane-animated.gif HTTP/1.1" 200 229554 "https://sexpositions.online/category/position/page/18/" "Mozilla/5.0 (Linux; Android 10; K) AppleWebKit/537.36 (KHTML, like Gecko) Chrome/141.0.0.0 Mobile Safari/537.36"
2a02:3033:708:88a4:35ef:8ade:8510:6d0d - - [19/Oct/2025:10:36:11 -0400] "GET /wp-content/uploads/doggy-style-animated.gif HTTP/1.1" 304 - "https://www.google.com/" "Mozilla/5.0 (Linux; Android 11; SM-A202F Build/RP1A.200720.012; wv) AppleWebKit/537.36 (KHTML, like Gecko) Version/4.0 Chrome/141.0.7390.43 Mobile Safari/537.36 GoogleApp/16.37.48.ve.arm64"
197.185.137.40 - - [19/Oct/2025:10:36:13 -0400] "GET /missionary/ HTTP/1.1" 200 103202 "https://sexpositions.online/" "Mozilla/5.0 (iPhone; CPU iPhone OS 18_5_0 like Mac OS X) AppleWebKit/605.1.15 (KHTML, like Gecko) GSA/389.2.814818472 Mobile/15E148 Safari/604.1"
112.208.72.195 - - [19/Oct/2025:10:36:14 -0400] "GET /wp-content/uploads/the-panorama-animated.gif HTTP/1.1" 200 221569 "https://www.google.com/" "Mozilla/5.0 (Linux; Android 5.1.1; SM-T285 Build/LMY47V; wv) AppleWebKit/537.36 (KHTML, like Gecko) Version/4.0 Chrome/95.0.4638.74 Safari/537.36 GSA/11.31.16.21.arm"
197.185.137.40 - - [19/Oct/2025:10:36:15 -0400] "GET /wp-content/uploads/cat-animated.gif HTTP/1.1" 200 207295 "https://sexpositions.online/missionary/" "Mozilla/5.0 (iPhone; CPU iPhone OS 18_5_0 like Mac OS X) AppleWebKit/605.1.15 (KHTML, like Gecko) GSA/389.2.814818472 Mobile/15E148 Safari/604.1"
197.185.137.40 - - [19/Oct/2025:10:36:16 -0400] "GET /wp-content/uploads/blind-love-animated.gif HTTP/1.1" 200 226705 "https://sexpositions.online/missionary/" "Mozilla/5.0 (iPhone; CPU iPhone OS 18_5_0 like Mac OS X) AppleWebKit/605.1.15 (KHTML, like Gecko) GSA/389.2.814818472 Mobile/15E148 Safari/604.1"
66.78.180.81 - - [19/Oct/2025:10:36:17 -0400] "GET /wp-content/uploads/ladies-choice-animated.gif HTTP/1.1" 304 - "https://www.google.com/" "Mozilla/5.0 (iPhone; CPU iPhone OS 18_6_2 like Mac OS X) AppleWebKit/605.1.15 (KHTML, like Gecko) Version/18.6 Mobile/15E148 Safari/604.1"
