150.129.42.76 - - [19/Oct/2025:09:34:10 -0400] "GET /wp-content/uploads/reverse-cowgirl-animated.gif HTTP/1.1" 304 - "https://sexpositions.online/woman-on-top/" "Mozilla/5.0 (Linux; Android 10; K) AppleWebKit/537.36 (KHTML, like Gecko) Chrome/141.0.0.0 Mobile Safari/537.36"
150.129.42.76 - - [19/Oct/2025:09:34:10 -0400] "GET /wp-content/uploads/squat-animated.gif HTTP/1.1" 304 - "https://sexpositions.online/woman-on-top/" "Mozilla/5.0 (Linux; Android 10; K) AppleWebKit/537.36 (KHTML, like Gecko) Chrome/141.0.0.0 Mobile Safari/537.36"
160.159.90.197 - - [19/Oct/2025:09:34:10 -0400] "GET /wp-content/uploads/squat-animated.gif HTTP/1.1" 304 - "https://www.google.com/" "Mozilla/5.0 (Linux; Android 10; K) AppleWebKit/537.36 (KHTML, like Gecko) Chrome/141.0.0.0 Mobile Safari/537.36"
150.129.42.76 - - [19/Oct/2025:09:34:11 -0400] "GET /wp-content/uploads/seesaw-animated.gif HTTP/1.1" 304 - "https://sexpositions.online/woman-on-top/" "Mozilla/5.0 (Linux; Android 10; K) AppleWebKit/537.36 (KHTML, like Gecko) Chrome/141.0.0.0 Mobile Safari/537.36"
150.129.42.76 - - [19/Oct/2025:09:34:13 -0400] "GET /wp-content/uploads/airplane-animated.gif HTTP/1.1" 304 - "https://sexpositions.online/woman-on-top/" "Mozilla/5.0 (Linux; Android 10; K) AppleWebKit/537.36 (KHTML, like Gecko) Chrome/141.0.0.0 Mobile Safari/537.36"
115.98.102.160 - - [19/Oct/2025:09:34:13 -0400] "GET /wp-content/uploads/jackhammer-animated.gif HTTP/1.1" 304 - "https://www.google.com/" "Mozilla/5.0 (Linux; Android 10; K) AppleWebKit/537.36 (KHTML, like Gecko) Chrome/141.0.0.0 Mobile Safari/537.36"
150.129.42.76 - - [19/Oct/2025:09:34:16 -0400] "GET /wp-content/uploads/reverse-missionary-animated.gif HTTP/1.1" 304 - "https://sexpositions.online/woman-on-top/" "Mozilla/5.0 (Linux; Android 10; K) AppleWebKit/537.36 (KHTML, like Gecko) Chrome/141.0.0.0 Mobile Safari/537.36"
2a09:bac3:34a:355::55:59 - - [19/Oct/2025:09:34:16 -0400] "GET /wp-content/uploads/front-and-rear-animated.gif HTTP/1.1" 200 183290 "https://www.google.com/" "Mozilla/5.0 (iPhone; CPU iPhone OS 18_6_2 like Mac OS X) AppleWebKit/605.1.15 (KHTML, like Gecko) Version/18.6 Mobile/15E148 Safari/604.1"
150.129.42.76 - - [19/Oct/2025:09:34:17 -0400] "GET /the-crab/ HTTP/1.1" 200 97976 "https://sexpositions.online/woman-on-top/" "Mozilla/5.0 (Linux; Android 10; K) AppleWebKit/537.36 (KHTML, like Gecko) Chrome/141.0.0.0 Mobile Safari/537.36"
150.129.42.76 - - [19/Oct/2025:09:34:17 -0400] "GET /wp-content/uploads/the-acrobat-animated-1.gif HTTP/1.1" 304 - "https://sexpositions.online/woman-on-top/" "Mozilla/5.0 (Linux; Android 10; K) AppleWebKit/537.36 (KHTML, like Gecko) Chrome/141.0.0.0 Mobile Safari/537.36"
115.98.102.160 - - [19/Oct/2025:09:34:17 -0400] "GET /wp-content/uploads/sword-swallower-animated.gif HTTP/1.1" 304 - "https://www.google.com/" "Mozilla/5.0 (Linux; Android 10; K) AppleWebKit/537.36 (KHTML, like Gecko) Chrome/141.0.0.0 Mobile Safari/537.36"
150.129.42.76 - - [19/Oct/2025:09:34:18 -0400] "GET /wp-content/uploads/boys-on-the-side-animated.gif HTTP/1.1" 304 - "https://sexpositions.online/woman-on-top/" "Mozilla/5.0 (Linux; Android 10; K) AppleWebKit/537.36 (KHTML, like Gecko) Chrome/141.0.0.0 Mobile Safari/537.36"
45.153.61.80 - - [19/Oct/2025:09:34:20 -0400] "GET /wp-content/uploads/play-ball-animated.gif HTTP/1.1" 304 - "https://www.google.com/" "Mozilla/5.0 (Linux; Android 14; SM-A235N Build/UP1A.231005.007; wv) AppleWebKit/537.36 (KHTML, like Gecko) Version/4.0 Chrome/141.0.7390.43 Mobile Safari/537.36 GoogleApp/16.34.61.ve.arm64"
64.224.128.202 - - [19/Oct/2025:09:34:28 -0400] "POST /xmlrpc.php HTTP/1.1" 200 403 "-" "Mozilla/5.0 (Linux; Android 10; x64) AppleWebKit/537.36 (KHTML, like Gecko) Safari/14.0.0.0 Safari/537.36"
146.70.190.2 - - [19/Oct/2025:09:34:34 -0400] "GET /wp-content/uploads/sweet-seat-animated.gif HTTP/1.1" 304 - "https://www.google.com/" "Mozilla/5.0 (Linux; Android 15; V2427 Build/AP3A.240905.015.A2_NN_V000L1; wv) AppleWebKit/537.36 (KHTML, like Gecko) Version/4.0 Chrome/140.0.7339.207 Mobile Safari/537.36 GoogleApp/16.41.36.ve.arm64"
150.129.42.76 - - [19/Oct/2025:09:34:35 -0400] "GET /standing/ HTTP/1.1" 200 104908 "https://sexpositions.online/anal/" "Mozilla/5.0 (Linux; Android 10; K) AppleWebKit/537.36 (KHTML, like Gecko) Chrome/141.0.0.0 Mobile Safari/537.36"
150.129.42.76 - - [19/Oct/2025:09:34:37 -0400] "GET /sitting/ HTTP/1.1" 200 106982 "https://sexpositions.online/anal/" "Mozilla/5.0 (Linux; Android 10; K) AppleWebKit/537.36 (KHTML, like Gecko) Chrome/141.0.0.0 Mobile Safari/537.36"
150.129.42.76 - - [19/Oct/2025:09:34:38 -0400] "GET /wp-content/uploads/scissor-animated.gif HTTP/1.1" 304 - "https://sexpositions.online/sitting/" "Mozilla/5.0 (Linux; Android 10; K) AppleWebKit/537.36 (KHTML, like Gecko) Chrome/141.0.0.0 Mobile Safari/537.36"
150.129.42.76 - - [19/Oct/2025:09:34:38 -0400] "GET /wp-content/uploads/spider-animated-1.gif HTTP/1.1" 304 - "https://sexpositions.online/sitting/" "Mozilla/5.0 (Linux; Android 10; K) AppleWebKit/537.36 (KHTML, like Gecko) Chrome/141.0.0.0 Mobile Safari/537.36"
150.129.42.76 - - [19/Oct/2025:09:34:38 -0400] "GET /wp-content/uploads/side-saddle-animated.gif HTTP/1.1" 304 - "https://sexpositions.online/sitting/" "Mozilla/5.0 (Linux; Android 10; K) AppleWebKit/537.36 (KHTML, like Gecko) Chrome/141.0.0.0 Mobile Safari/537.36"
150.129.42.76 - - [19/Oct/2025:09:34:38 -0400] "GET /wp-content/uploads/face-to-face-animated.gif HTTP/1.1" 304 - "https://sexpositions.online/sitting/" "Mozilla/5.0 (Linux; Android 10; K) AppleWebKit/537.36 (KHTML, like Gecko) Chrome/141.0.0.0 Mobile Safari/537.36"
150.129.42.76 - - [19/Oct/2025:09:34:40 -0400] "GET /wp-content/uploads/trampoline-animated-1.gif HTTP/1.1" 304 - "https://sexpositions.online/sitting/" "Mozilla/5.0 (Linux; Android 10; K) AppleWebKit/537.36 (KHTML, like Gecko) Chrome/141.0.0.0 Mobile Safari/537.36"
150.129.42.76 - - [19/Oct/2025:09:34:41 -0400] "GET /wp-content/uploads/sitting-bull-animated-1.gif HTTP/1.1" 304 - "https://sexpositions.online/sitting/" "Mozilla/5.0 (Linux; Android 10; K) AppleWebKit/537.36 (KHTML, like Gecko) Chrome/141.0.0.0 Mobile Safari/537.36"
150.129.42.76 - - [19/Oct/2025:09:34:41 -0400] "GET /spider/ HTTP/1.1" 200 97997 "https://sexpositions.online/sitting/" "Mozilla/5.0 (Linux; Android 10; K) AppleWebKit/537.36 (KHTML, like Gecko) Chrome/141.0.0.0 Mobile Safari/537.36"
150.129.42.76 - - [19/Oct/2025:09:34:42 -0400] "GET /wp-content/uploads/man-trap-animated.gif HTTP/1.1" 304 - "https://sexpositions.online/sitting/" "Mozilla/5.0 (Linux; Android 10; K) AppleWebKit/537.36 (KHTML, like Gecko) Chrome/141.0.0.0 Mobile Safari/537.36"
150.129.42.76 - - [19/Oct/2025:09:34:44 -0400] "GET /wp-content/uploads/necking-animated.gif HTTP/1.1" 304 - "https://sexpositions.online/sitting/" "Mozilla/5.0 (Linux; Android 10; K) AppleWebKit/537.36 (KHTML, like Gecko) Chrome/141.0.0.0 Mobile Safari/537.36"
150.129.42.76 - - [19/Oct/2025:09:34:45 -0400] "GET /wp-content/uploads/the-firm-animated.gif HTTP/1.1" 304 - "https://sexpositions.online/sitting/" "Mozilla/5.0 (Linux; Android 10; K) AppleWebKit/537.36 (KHTML, like Gecko) Chrome/141.0.0.0 Mobile Safari/537.36"
150.129.42.76 - - [19/Oct/2025:09:34:46 -0400] "GET /wp-content/uploads/heaven-knows-animated.gif HTTP/1.1" 304 - "https://sexpositions.online/sitting/" "Mozilla/5.0 (Linux; Android 10; K) AppleWebKit/537.36 (KHTML, like Gecko) Chrome/141.0.0.0 Mobile Safari/537.36"
150.129.42.76 - - [19/Oct/2025:09:34:47 -0400] "GET /wp-content/uploads/raunchy-wrestler-animated.gif HTTP/1.1" 304 - "https://sexpositions.online/sitting/" "Mozilla/5.0 (Linux; Android 10; K) AppleWebKit/537.36 (KHTML, like Gecko) Chrome/141.0.0.0 Mobile Safari/537.36"
150.129.42.76 - - [19/Oct/2025:09:34:50 -0400] "GET /wp-content/uploads/the-anchor-animated.gif HTTP/1.1" 304 - "https://sexpositions.online/sitting/" "Mozilla/5.0 (Linux; Android 10; K) AppleWebKit/537.36 (KHTML, like Gecko) Chrome/141.0.0.0 Mobile Safari/537.36"
150.129.42.76 - - [19/Oct/2025:09:34:51 -0400] "GET /necking/ HTTP/1.1" 200 98069 "https://sexpositions.online/sitting/" "Mozilla/5.0 (Linux; Android 10; K) AppleWebKit/537.36 (KHTML, like Gecko) Chrome/141.0.0.0 Mobile Safari/537.36"
49.145.135.107 - - [19/Oct/2025:09:34:53 -0400] "GET /wp-content/uploads/missionary-animated.gif HTTP/1.1" 304 - "-" "com.google.android.googlequicksearchbox/301612602 (Linux; U; Android 15; en_PH; BRP-NX1; Build/HONORBRP-N21; Cronet/143.0.7445.0)"
84.217.144.47 - - [19/Oct/2025:09:34:55 -0400] "GET /wp-content/uploads/superman-animated.gif HTTP/1.1" 304 - "https://www.google.com/" "Mozilla/5.0 (iPhone; CPU iPhone OS 18_7 like Mac OS X) AppleWebKit/605.1.15 (KHTML, like Gecko) Mobile/15E148 Pinterest/iOS"
59.94.15.121 - - [19/Oct/2025:09:34:55 -0400] "GET /wp-content/uploads/doggy-style-animated.gif HTTP/1.1" 304 - "https://www.google.com/" "Mozilla/5.0 (Linux; Android 10; K) AppleWebKit/537.36 (KHTML, like Gecko) Chrome/141.0.0.0 Mobile Safari/537.36"
45.153.61.80 - - [19/Oct/2025:09:35:03 -0400] "GET /wp-content/uploads/the-swing-animated.gif HTTP/1.1" 304 - "https://www.google.com/" "Mozilla/5.0 (Linux; Android 14; SM-A235N Build/UP1A.231005.007; wv) AppleWebKit/537.36 (KHTML, like Gecko) Version/4.0 Chrome/141.0.7390.43 Mobile Safari/537.36 GoogleApp/16.34.61.ve.arm64"
150.129.42.76 - - [19/Oct/2025:09:35:04 -0400] "GET /oral/blowjob/ HTTP/1.1" 200 103860 "https://sexpositions.online/anal/" "Mozilla/5.0 (Linux; Android 10; K) AppleWebKit/537.36 (KHTML, like Gecko) Chrome/141.0.0.0 Mobile Safari/537.36"
150.129.42.76 - - [19/Oct/2025:09:35:06 -0400] "GET /tds-login-register/ HTTP/1.1" 200 97538 "https://sexpositions.online/anal/" "Mozilla/5.0 (Linux; Android 10; K) AppleWebKit/537.36 (KHTML, like Gecko) Chrome/141.0.0.0 Mobile Safari/537.36"
119.94.239.24 - - [19/Oct/2025:09:35:06 -0400] "GET /wp-content/uploads/cowgirl-animated.gif HTTP/1.1" 304 - "https://www.google.com/" "Mozilla/5.0 (iPhone; CPU iPhone OS 18_7_1 like Mac OS X) AppleWebKit/605.1.15 (KHTML, like Gecko) Version/18.7 Mobile/15E148 Safari/604.1"
2a03:2880:15ff:4d:: - - [19/Oct/2025:09:35:07 -0400] "GET /wp-content/uploads/necking-animated.gif HTTP/1.1" 304 - "-" "facebookexternalhit/1.1 (+http://www.facebook.com/externalhit_uatext.php)"
150.129.42.76 - - [19/Oct/2025:09:35:07 -0400] "GET /foreplay/ HTTP/1.1" 200 103221 "https://sexpositions.online/anal/" "Mozilla/5.0 (Linux; Android 10; K) AppleWebKit/537.36 (KHTML, like Gecko) Chrome/141.0.0.0 Mobile Safari/537.36"
150.129.42.76 - - [19/Oct/2025:09:35:08 -0400] "GET /wp-content/uploads/hold-the-pickle-animated.gif HTTP/1.1" 304 - "https://sexpositions.online/foreplay/" "Mozilla/5.0 (Linux; Android 10; K) AppleWebKit/537.36 (KHTML, like Gecko) Chrome/141.0.0.0 Mobile Safari/537.36"
150.129.42.76 - - [19/Oct/2025:09:35:08 -0400] "GET /wp-content/uploads/ladies-first-animated.gif HTTP/1.1" 304 - "https://sexpositions.online/foreplay/" "Mozilla/5.0 (Linux; Android 10; K) AppleWebKit/537.36 (KHTML, like Gecko) Chrome/141.0.0.0 Mobile Safari/537.36"
150.129.42.76 - - [19/Oct/2025:09:35:08 -0400] "GET /wp-content/uploads/lady-in-waiting-animated.gif HTTP/1.1" 304 - "https://sexpositions.online/foreplay/" "Mozilla/5.0 (Linux; Android 10; K) AppleWebKit/537.36 (KHTML, like Gecko) Chrome/141.0.0.0 Mobile Safari/537.36"
150.129.42.76 - - [19/Oct/2025:09:35:08 -0400] "GET /wp-content/uploads/happy-hands-animated.gif HTTP/1.1" 304 - "https://sexpositions.online/foreplay/" "Mozilla/5.0 (Linux; Android 10; K) AppleWebKit/537.36 (KHTML, like Gecko) Chrome/141.0.0.0 Mobile Safari/537.36"
150.129.42.76 - - [19/Oct/2025:09:35:08 -0400] "GET /wp-content/uploads/all-hands-on-deck-animated.gif HTTP/1.1" 304 - "https://sexpositions.online/foreplay/" "Mozilla/5.0 (Linux; Android 10; K) AppleWebKit/537.36 (KHTML, like Gecko) Chrome/141.0.0.0 Mobile Safari/537.36"
150.129.42.76 - - [19/Oct/2025:09:35:08 -0400] "GET /wp-content/uploads/the-vibe-animated.gif HTTP/1.1" 304 - "https://sexpositions.online/foreplay/" "Mozilla/5.0 (Linux; Android 10; K) AppleWebKit/537.36 (KHTML, like Gecko) Chrome/141.0.0.0 Mobile Safari/537.36"
150.129.42.76 - - [19/Oct/2025:09:35:10 -0400] "GET /wp-content/uploads/good-vibrations-animated.gif HTTP/1.1" 304 - "https://sexpositions.online/foreplay/" "Mozilla/5.0 (Linux; Android 10; K) AppleWebKit/537.36 (KHTML, like Gecko) Chrome/141.0.0.0 Mobile Safari/537.36"
150.129.42.76 - - [19/Oct/2025:09:35:14 -0400] "GET /disclaimer/ HTTP/1.1" 200 96919 "https://sexpositions.online/anal/" "Mozilla/5.0 (Linux; Android 10; K) AppleWebKit/537.36 (KHTML, like Gecko) Chrome/141.0.0.0 Mobile Safari/537.36"
150.129.42.76 - - [19/Oct/2025:09:35:19 -0400] "GET /chair/ HTTP/1.1" 200 103051 "https://sexpositions.online/anal/" "Mozilla/5.0 (Linux; Android 10; K) AppleWebKit/537.36 (KHTML, like Gecko) Chrome/141.0.0.0 Mobile Safari/537.36"
150.129.42.76 - - [19/Oct/2025:09:35:21 -0400] "GET / HTTP/1.1" 200 125069 "https://sexpositions.online/anal/" "Mozilla/5.0 (Linux; Android 10; K) AppleWebKit/537.36 (KHTML, like Gecko) Chrome/141.0.0.0 Mobile Safari/537.36"
95.252.78.194 - - [19/Oct/2025:09:35:26 -0400] "GET /wp-content/uploads/the-chin-rest-animated.gif HTTP/1.1" 304 - "https://www.google.com/" "Mozilla/5.0 (Linux; Android 10; K) AppleWebKit/537.36 (KHTML, like Gecko) Chrome/141.0.0.0 Mobile Safari/537.36"
64.224.128.202 - - [19/Oct/2025:09:35:27 -0400] "POST /xmlrpc.php HTTP/1.1" 200 403 "-" "Mozilla/5.0 (Windows NT 10.0; x86) AppleWebKit/537.36 (KHTML, like Gecko) Edge/91.0.0.0 Safari/537.36"
150.129.42.76 - - [19/Oct/2025:09:35:30 -0400] "GET /doggy-style/ HTTP/1.1" 200 102754 "https://sexpositions.online/" "Mozilla/5.0 (Linux; Android 10; K) AppleWebKit/537.36 (KHTML, like Gecko) Chrome/141.0.0.0 Mobile Safari/537.36"
45.153.61.80 - - [19/Oct/2025:09:35:31 -0400] "GET /wp-content/uploads/the-big-bounce-animated.gif HTTP/1.1" 304 - "https://www.google.com/" "Mozilla/5.0 (Linux; Android 14; SM-A235N Build/UP1A.231005.007; wv) AppleWebKit/537.36 (KHTML, like Gecko) Version/4.0 Chrome/141.0.7390.43 Mobile Safari/537.36 GoogleApp/16.34.61.ve.arm64"
45.153.61.80 - - [19/Oct/2025:09:35:46 -0400] "GET /wp-content/uploads/spiderman-animated.gif HTTP/1.1" 304 - "https://www.google.com/" "Mozilla/5.0 (Linux; Android 14; SM-A235N Build/UP1A.231005.007; wv) AppleWebKit/537.36 (KHTML, like Gecko) Version/4.0 Chrome/141.0.7390.43 Mobile Safari/537.36 GoogleApp/16.34.61.ve.arm64"
150.129.42.76 - - [19/Oct/2025:09:35:47 -0400] "GET /advanced/ HTTP/1.1" 200 101754 "https://sexpositions.online/anal/" "Mozilla/5.0 (Linux; Android 10; K) AppleWebKit/537.36 (KHTML, like Gecko) Chrome/141.0.0.0 Mobile Safari/537.36"
150.129.42.76 - - [19/Oct/2025:09:35:48 -0400] "GET /wp-content/uploads/sun-salutation-animated.gif HTTP/1.1" 304 - "https://sexpositions.online/advanced/" "Mozilla/5.0 (Linux; Android 10; K) AppleWebKit/537.36 (KHTML, like Gecko) Chrome/141.0.0.0 Mobile Safari/537.36"
150.129.42.76 - - [19/Oct/2025:09:35:48 -0400] "GET /wp-content/uploads/the-crazy-cat-animated.gif HTTP/1.1" 304 - "https://sexpositions.online/advanced/" "Mozilla/5.0 (Linux; Android 10; K) AppleWebKit/537.36 (KHTML, like Gecko) Chrome/141.0.0.0 Mobile Safari/537.36"
150.129.42.76 - - [19/Oct/2025:09:35:48 -0400] "GET /wp-content/uploads/row-row-row-animated.gif HTTP/1.1" 304 - "https://sexpositions.online/advanced/" "Mozilla/5.0 (Linux; Android 10; K) AppleWebKit/537.36 (KHTML, like Gecko) Chrome/141.0.0.0 Mobile Safari/537.36"
150.129.42.76 - - [19/Oct/2025:09:35:48 -0400] "GET /wp-content/uploads/leaning-tower-animated.gif HTTP/1.1" 304 - "https://sexpositions.online/advanced/" "Mozilla/5.0 (Linux; Android 10; K) AppleWebKit/537.36 (KHTML, like Gecko) Chrome/141.0.0.0 Mobile Safari/537.36"
150.129.42.76 - - [19/Oct/2025:09:35:49 -0400] "GET /wp-content/uploads/spider-monkey-animated.gif HTTP/1.1" 304 - "https://sexpositions.online/advanced/" "Mozilla/5.0 (Linux; Android 10; K) AppleWebKit/537.36 (KHTML, like Gecko) Chrome/141.0.0.0 Mobile Safari/537.36"
150.129.42.76 - - [19/Oct/2025:09:35:50 -0400] "GET /wp-content/uploads/tetherball-animated.gif HTTP/1.1" 304 - "https://sexpositions.online/advanced/" "Mozilla/5.0 (Linux; Android 10; K) AppleWebKit/537.36 (KHTML, like Gecko) Chrome/141.0.0.0 Mobile Safari/537.36"
150.129.42.76 - - [19/Oct/2025:09:35:56 -0400] "GET /contact-us/ HTTP/1.1" 200 95995 "https://sexpositions.online/anal/" "Mozilla/5.0 (Linux; Android 10; K) AppleWebKit/537.36 (KHTML, like Gecko) Chrome/141.0.0.0 Mobile Safari/537.36"
45.153.61.80 - - [19/Oct/2025:09:36:17 -0400] "GET /wp-content/uploads/captain-animated.gif HTTP/1.1" 304 - "https://www.google.com/" "Mozilla/5.0 (Linux; Android 14; SM-A235N Build/UP1A.231005.007; wv) AppleWebKit/537.36 (KHTML, like Gecko) Version/4.0 Chrome/141.0.7390.43 Mobile Safari/537.36 GoogleApp/16.34.61.ve.arm64"
2400:adc7:112d:8000:4cba:b6ff:4cc1:32cb - - [19/Oct/2025:09:36:21 -0400] "GET / HTTP/1.1" 200 125069 "https://www.google.com/" "Mozilla/5.0 (Linux; Android 10; K) AppleWebKit/537.36 (KHTML, like Gecko) Chrome/138.0.0.0 Mobile Safari/537.36"
2400:adc7:112d:8000:4cba:b6ff:4cc1:32cb - - [19/Oct/2025:09:36:21 -0400] "GET /wp-content/uploads/banner.jpg HTTP/1.1" 304 - "https://sexpositions.online/" "Mozilla/5.0 (Linux; Android 10; K) AppleWebKit/537.36 (KHTML, like Gecko) Chrome/138.0.0.0 Mobile Safari/537.36"
2400:adc7:112d:8000:4cba:b6ff:4cc1:32cb - - [19/Oct/2025:09:36:22 -0400] "GET /wp-content/uploads/cropped-favicon-180x180.png HTTP/1.1" 304 - "https://sexpositions.online/" "Mozilla/5.0 (Linux; Android 10; K) AppleWebKit/537.36 (KHTML, like Gecko) Chrome/138.0.0.0 Mobile Safari/537.36"
2001:fb1:11f:11ad:1abe:9fa3:ef87:ca24 - - [19/Oct/2025:09:36:22 -0400] "GET /wp-content/uploads/sideways-animated.gif HTTP/1.1" 200 213395 "https://www.google.com/" "Mozilla/5.0 (Linux; Android 15; CPH2531 Build/AP3A.240617.008; wv) AppleWebKit/537.36 (KHTML, like Gecko) Version/4.0 Chrome/140.0.7339.207 Mobile Safari/537.36 GoogleApp/16.40.23.ve.arm64"
81.199.238.83 - - [19/Oct/2025:09:36:22 -0400] "GET /spooning/ HTTP/1.1" 200 100748 "https://www.google.com/" "Mozilla/5.0 (iPhone; CPU iPhone OS 16_6 like Mac OS X) AppleWebKit/605.1.15 (KHTML, like Gecko) Version/16.6 Mobile/15E148 Safari/604.1"
81.199.238.83 - - [19/Oct/2025:09:36:23 -0400] "GET /wp-content/uploads/crossed-spoons-animated.gif HTTP/1.1" 304 - "https://sexpositions.online/spooning/" "Mozilla/5.0 (iPhone; CPU iPhone OS 16_6 like Mac OS X) AppleWebKit/605.1.15 (KHTML, like Gecko) Version/16.6 Mobile/15E148 Safari/604.1"
81.199.238.83 - - [19/Oct/2025:09:36:24 -0400] "GET /wp-includes/js/wp-emoji-release.min.js?ver=6.8.3 HTTP/1.1" 304 - "https://sexpositions.online/spooning/" "Mozilla/5.0 (iPhone; CPU iPhone OS 16_6 like Mac OS X) AppleWebKit/605.1.15 (KHTML, like Gecko) Version/16.6 Mobile/15E148 Safari/604.1"
45.153.61.80 - - [19/Oct/2025:09:36:28 -0400] "GET /wp-content/uploads/table-top-animated-1.gif HTTP/1.1" 304 - "https://www.google.com/" "Mozilla/5.0 (Linux; Android 14; SM-A235N Build/UP1A.231005.007; wv) AppleWebKit/537.36 (KHTML, like Gecko) Version/4.0 Chrome/141.0.7390.43 Mobile Safari/537.36 GoogleApp/16.34.61.ve.arm64"
64.224.128.202 - - [19/Oct/2025:09:36:32 -0400] "POST /xmlrpc.php HTTP/1.1" 200 403 "-" "Mozilla/5.0 (Windows NT 10.0; x64) AppleWebKit/537.36 (KHTML, like Gecko) Chrome/104.0.0.0 Safari/537.36"
49.204.20.138 - - [19/Oct/2025:09:36:33 -0400] "GET /wp-content/uploads/butterfly-animated.gif HTTP/1.1" 304 - "https://www.google.com/" "Mozilla/5.0 (Linux; Android 15; SM-F956B Build/AP3A.240905.015.A2; wv) AppleWebKit/537.36 (KHTML, like Gecko) Version/4.0 Chrome/140.0.7339.209 Mobile Safari/537.36 GoogleApp/16.41.36.ve.arm64"
85.208.222.57 - - [19/Oct/2025:09:36:35 -0400] "GET /wp-content/uploads/starting-blocks-animated.gif HTTP/1.1" 304 - "https://yandex.ru/" "Mozilla/5.0 (Linux; Android 8.0.0; SM-A520F Build/R16NW; wv) AppleWebKit/537.36 (KHTML, like Gecko) Version/4.0 Chrome/88.0.4324.181 Mobile Safari/537.36 YandexSearch/6.45"
41.186.160.169 - - [19/Oct/2025:09:36:42 -0400] "GET / HTTP/1.1" 200 125069 "https://sexpositions.online/helicopter/" "Mozilla/5.0 (iPhone; CPU iPhone OS 26_0_1 like Mac OS X) AppleWebKit/605.1.15 (KHTML, like Gecko) CriOS/132.0.6834.100 Mobile/15E148 Safari/604.1"
2a02:c7c:f8f4:2000:addc:bd82:df07:5394 - - [19/Oct/2025:09:36:53 -0400] "GET /bent-spoon/ HTTP/1.1" 200 98073 "-" "Mozilla/5.0 (iPhone; CPU iPhone OS 18_3_2 like Mac OS X) AppleWebKit/605.1.15 (KHTML, like Gecko) Version/18.3.1 Mobile/15E148 Safari/604.1"
223.25.63.101 - - [19/Oct/2025:09:36:54 -0400] "GET /wp-content/uploads/hold-the-pickle-animated.gif HTTP/1.1" 304 - "https://www.google.com/" "Mozilla/5.0 (Linux; Android 13; V2038) AppleWebKit/537.36 (KHTML, like Gecko) Chrome/104.0.0.0 Mobile Safari/537.36"
178.197.202.61 - - [19/Oct/2025:09:36:56 -0400] "GET /oral/blowjob/ HTTP/1.1" 200 103860 "https://www.google.com/" "Mozilla/5.0 (iPhone; CPU iPhone OS 18_7 like Mac OS X) AppleWebKit/605.1.15 (KHTML, like Gecko) Version/26.0.1 Mobile/15E148 Safari/604.1"
178.197.202.61 - - [19/Oct/2025:09:36:56 -0400] "GET /wp-content/themes/astra/assets/css/minified/main.min.css?ver=4.11.12 HTTP/1.1" 304 - "https://sexpositions.online/oral/blowjob/" "Mozilla/5.0 (iPhone; CPU iPhone OS 18_7 like Mac OS X) AppleWebKit/605.1.15 (KHTML, like Gecko) Version/26.0.1 Mobile/15E148 Safari/604.1"
178.197.202.61 - - [19/Oct/2025:09:36:56 -0400] "GET /wp-includes/css/dist/block-library/style.min.css?ver=6.8.3 HTTP/1.1" 304 - "https://sexpositions.online/oral/blowjob/" "Mozilla/5.0 (iPhone; CPU iPhone OS 18_7 like Mac OS X) AppleWebKit/605.1.15 (KHTML, like Gecko) Version/26.0.1 Mobile/15E148 Safari/604.1"
178.197.202.61 - - [19/Oct/2025:09:36:56 -0400] "GET /wp-content/uploads/jackhammer-animated.gif HTTP/1.1" 304 - "https://sexpositions.online/oral/blowjob/" "Mozilla/5.0 (iPhone; CPU iPhone OS 18_7 like Mac OS X) AppleWebKit/605.1.15 (KHTML, like Gecko) Version/26.0.1 Mobile/15E148 Safari/604.1"
178.197.202.61 - - [19/Oct/2025:09:36:57 -0400] "GET /wp-content/themes/astra/assets/js/minified/frontend.min.js?ver=4.11.12 HTTP/1.1" 304 - "https://sexpositions.online/oral/blowjob/" "Mozilla/5.0 (iPhone; CPU iPhone OS 18_7 like Mac OS X) AppleWebKit/605.1.15 (KHTML, like Gecko) Version/26.0.1 Mobile/15E148 Safari/604.1"
178.197.202.61 - - [19/Oct/2025:09:36:57 -0400] "GET /wp-content/uploads/sword-swallower-animated.gif HTTP/1.1" 304 - "https://sexpositions.online/oral/blowjob/" "Mozilla/5.0 (iPhone; CPU iPhone OS 18_7 like Mac OS X) AppleWebKit/605.1.15 (KHTML, like Gecko) Version/26.0.1 Mobile/15E148 Safari/604.1"
178.197.202.61 - - [19/Oct/2025:09:36:57 -0400] "GET /wp-content/uploads/out-of-sight-animated.gif HTTP/1.1" 304 - "https://sexpositions.online/oral/blowjob/" "Mozilla/5.0 (iPhone; CPU iPhone OS 18_7 like Mac OS X) AppleWebKit/605.1.15 (KHTML, like Gecko) Version/26.0.1 Mobile/15E148 Safari/604.1"
178.197.202.61 - - [19/Oct/2025:09:36:57 -0400] "GET /wp-content/uploads/cropped-favicon-32x32.png HTTP/1.1" 304 - "https://sexpositions.online/oral/blowjob/" "Mozilla/5.0 (iPhone; CPU iPhone OS 18_7 like Mac OS X) AppleWebKit/605.1.15 (KHTML, like Gecko) Version/26.0.1 Mobile/15E148 Safari/604.1"
178.197.202.61 - - [19/Oct/2025:09:36:57 -0400] "GET /wp-content/uploads/cropped-favicon-192x192.png HTTP/1.1" 304 - "https://sexpositions.online/oral/blowjob/" "Mozilla/5.0 (iPhone; CPU iPhone OS 18_7 like Mac OS X) AppleWebKit/605.1.15 (KHTML, like Gecko) Version/26.0.1 Mobile/15E148 Safari/604.1"
81.199.238.83 - - [19/Oct/2025:09:36:58 -0400] "GET /sideways/ HTTP/1.1" 200 98119 "https://sexpositions.online/spooning/" "Mozilla/5.0 (iPhone; CPU iPhone OS 16_6 like Mac OS X) AppleWebKit/605.1.15 (KHTML, like Gecko) Version/16.6 Mobile/15E148 Safari/604.1"
223.25.63.101 - - [19/Oct/2025:09:36:59 -0400] "GET /foreplay/ HTTP/1.1" 200 103221 "https://www.google.com/" "Mozilla/5.0 (Linux; Android 13; V2038) AppleWebKit/537.36 (KHTML, like Gecko) Chrome/104.0.0.0 Mobile Safari/537.36"
223.25.63.101 - - [19/Oct/2025:09:37:00 -0400] "GET /wp-content/uploads/ladies-first-animated.gif HTTP/1.1" 304 - "https://sexpositions.online/foreplay/" "Mozilla/5.0 (Linux; Android 13; V2038) AppleWebKit/537.36 (KHTML, like Gecko) Chrome/104.0.0.0 Mobile Safari/537.36"
223.25.63.101 - - [19/Oct/2025:09:37:00 -0400] "GET /wp-content/uploads/lady-in-waiting-animated.gif HTTP/1.1" 304 - "https://sexpositions.online/foreplay/" "Mozilla/5.0 (Linux; Android 13; V2038) AppleWebKit/537.36 (KHTML, like Gecko) Chrome/104.0.0.0 Mobile Safari/537.36"
84.217.144.47 - - [19/Oct/2025:09:37:00 -0400] "GET /wp-content/uploads/wall-animated.gif HTTP/1.1" 304 - "https://www.google.com/" "Mozilla/5.0 (iPhone; CPU iPhone OS 18_7 like Mac OS X) AppleWebKit/605.1.15 (KHTML, like Gecko) Mobile/15E148 Pinterest/iOS"
178.197.202.61 - - [19/Oct/2025:09:37:01 -0400] "GET /wp-content/uploads/double-dare-animated.gif HTTP/1.1" 200 187539 "https://sexpositions.online/oral/blowjob/" "Mozilla/5.0 (iPhone; CPU iPhone OS 18_7 like Mac OS X) AppleWebKit/605.1.15 (KHTML, like Gecko) Version/26.0.1 Mobile/15E148 Safari/604.1"
223.25.63.101 - - [19/Oct/2025:09:37:01 -0400] "GET /wp-content/uploads/all-hands-on-deck-animated.gif HTTP/1.1" 200 236622 "https://sexpositions.online/foreplay/" "Mozilla/5.0 (Linux; Android 13; V2038) AppleWebKit/537.36 (KHTML, like Gecko) Chrome/104.0.0.0 Mobile Safari/537.36"
223.25.63.101 - - [19/Oct/2025:09:37:02 -0400] "GET /wp-content/uploads/happy-hands-animated.gif HTTP/1.1" 304 - "https://sexpositions.online/foreplay/" "Mozilla/5.0 (Linux; Android 13; V2038) AppleWebKit/537.36 (KHTML, like Gecko) Chrome/104.0.0.0 Mobile Safari/537.36"
2400:adc7:112d:8000:4cba:b6ff:4cc1:32cb - - [19/Oct/2025:09:37:03 -0400] "GET / HTTP/1.1" 200 125069 "https://www.google.com/" "Mozilla/5.0 (Linux; Android 10; K) AppleWebKit/537.36 (KHTML, like Gecko) Chrome/138.0.0.0 Mobile Safari/537.36"
223.25.63.101 - - [19/Oct/2025:09:37:04 -0400] "GET /wp-content/uploads/the-vibe-animated.gif HTTP/1.1" 304 - "https://sexpositions.online/foreplay/" "Mozilla/5.0 (Linux; Android 13; V2038) AppleWebKit/537.36 (KHTML, like Gecko) Chrome/104.0.0.0 Mobile Safari/537.36"
178.197.202.61 - - [19/Oct/2025:09:37:04 -0400] "GET /wp-content/uploads/up-against-the-wall-animated.gif HTTP/1.1" 200 172610 "https://sexpositions.online/oral/blowjob/" "Mozilla/5.0 (iPhone; CPU iPhone OS 18_7 like Mac OS X) AppleWebKit/605.1.15 (KHTML, like Gecko) Version/26.0.1 Mobile/15E148 Safari/604.1"
223.25.63.101 - - [19/Oct/2025:09:37:05 -0400] "GET /wp-content/uploads/good-vibrations-animated.gif HTTP/1.1" 304 - "https://sexpositions.online/foreplay/" "Mozilla/5.0 (Linux; Android 13; V2038) AppleWebKit/537.36 (KHTML, like Gecko) Chrome/104.0.0.0 Mobile Safari/537.36"
223.25.63.101 - - [19/Oct/2025:09:37:06 -0400] "GET /wp-content/uploads/footsie-animated.gif HTTP/1.1" 304 - "https://sexpositions.online/foreplay/" "Mozilla/5.0 (Linux; Android 13; V2038) AppleWebKit/537.36 (KHTML, like Gecko) Chrome/104.0.0.0 Mobile Safari/537.36"
2400:adc7:112d:8000:4cba:b6ff:4cc1:32cb - - [19/Oct/2025:09:37:06 -0400] "GET /wp-content/uploads/amazon-animated.gif HTTP/1.1" 304 - "https://sexpositions.online/" "Mozilla/5.0 (Linux; Android 10; K) AppleWebKit/537.36 (KHTML, like Gecko) Chrome/138.0.0.0 Mobile Safari/537.36"
223.25.63.101 - - [19/Oct/2025:09:37:06 -0400] "GET /wp-content/uploads/love-bug-animated.gif HTTP/1.1" 304 - "https://sexpositions.online/foreplay/" "Mozilla/5.0 (Linux; Android 13; V2038) AppleWebKit/537.36 (KHTML, like Gecko) Chrome/104.0.0.0 Mobile Safari/537.36"
178.197.202.61 - - [19/Oct/2025:09:37:06 -0400] "GET /wp-content/uploads/the-tipster-animated.gif HTTP/1.1" 304 - "https://sexpositions.online/oral/blowjob/" "Mozilla/5.0 (iPhone; CPU iPhone OS 18_7 like Mac OS X) AppleWebKit/605.1.15 (KHTML, like Gecko) Version/26.0.1 Mobile/15E148 Safari/604.1"
178.197.202.61 - - [19/Oct/2025:09:37:08 -0400] "GET /wp-content/uploads/two-4-one-animated.gif HTTP/1.1" 200 170355 "https://sexpositions.online/oral/blowjob/" "Mozilla/5.0 (iPhone; CPU iPhone OS 18_7 like Mac OS X) AppleWebKit/605.1.15 (KHTML, like Gecko) Version/26.0.1 Mobile/15E148 Safari/604.1"
114.130.120.8 - - [19/Oct/2025:09:32:08 -0400] "GET /wp-content/uploads/elephant-animated.gif HTTP/1.1" 200 162204 "https://www.google.com/" "Mozilla/5.0 (iPhone; CPU iPhone OS 26_0_1 like Mac OS X) AppleWebKit/605.1.15 (KHTML, like Gecko) CriOS/141.0.7390.96 Mobile/15E148 Safari/604.1"
2400:adc7:112d:8000:4cba:b6ff:4cc1:32cb - - [19/Oct/2025:09:37:09 -0400] "GET /wp-content/uploads/lotus-animated.gif HTTP/1.1" 304 - "https://sexpositions.online/" "Mozilla/5.0 (Linux; Android 10; K) AppleWebKit/537.36 (KHTML, like Gecko) Chrome/138.0.0.0 Mobile Safari/537.36"
81.199.238.83 - - [19/Oct/2025:09:37:09 -0400] "GET /stand-and-carry/ HTTP/1.1" 200 98071 "https://sexpositions.online/spooning/" "Mozilla/5.0 (iPhone; CPU iPhone OS 16_6 like Mac OS X) AppleWebKit/605.1.15 (KHTML, like Gecko) Version/16.6 Mobile/15E148 Safari/604.1"
81.199.238.83 - - [19/Oct/2025:09:37:10 -0400] "GET /wp-content/uploads/stand-and-carry-animated.gif HTTP/1.1" 304 - "https://sexpositions.online/stand-and-carry/" "Mozilla/5.0 (iPhone; CPU iPhone OS 16_6 like Mac OS X) AppleWebKit/605.1.15 (KHTML, like Gecko) Version/16.6 Mobile/15E148 Safari/604.1"
178.197.202.61 - - [19/Oct/2025:09:37:11 -0400] "GET /wp-content/uploads/the-chin-rest-animated.gif HTTP/1.1" 304 - "https://sexpositions.online/oral/blowjob/" "Mozilla/5.0 (iPhone; CPU iPhone OS 18_7 like Mac OS X) AppleWebKit/605.1.15 (KHTML, like Gecko) Version/26.0.1 Mobile/15E148 Safari/604.1"
52.167.144.141 - - [19/Oct/2025:09:37:11 -0400] "GET /?s=%E3%82%A8%E3%83%AD%E3%82%A2%E3%83%8B%E3%83%A1%E5%8B%95%E7%94%BB HTTP/1.1" 200 96541 "-" "Mozilla/5.0 AppleWebKit/537.36 (KHTML, like Gecko; compatible; bingbot/2.0; +http://www.bing.com/bingbot.htm) Chrome/116.0.1938.76 Safari/537.36"
178.197.202.61 - - [19/Oct/2025:09:37:12 -0400] "GET /wp-content/uploads/play-ball-animated.gif HTTP/1.1" 304 - "https://sexpositions.online/oral/blowjob/" "Mozilla/5.0 (iPhone; CPU iPhone OS 18_7 like Mac OS X) AppleWebKit/605.1.15 (KHTML, like Gecko) Version/26.0.1 Mobile/15E148 Safari/604.1"
67.220.66.40 - - [19/Oct/2025:09:37:14 -0400] "GET /wp-content/uploads/the-rev-it-up-rub-animated.gif HTTP/1.1" 200 239247 "https://yandex.com.tr/" "Mozilla/5.0 (iPhone; CPU iPhone OS 18_6_2 like Mac OS X) AppleWebKit/605.1.15 (KHTML, like Gecko) Version/18.6 Mobile/15E148 Safari/604.1"
81.199.238.83 - - [19/Oct/2025:09:37:21 -0400] "GET /crouching-tiger/ HTTP/1.1" 200 98093 "https://sexpositions.online/stand-and-carry/" "Mozilla/5.0 (iPhone; CPU iPhone OS 16_6 like Mac OS X) AppleWebKit/605.1.15 (KHTML, like Gecko) Version/16.6 Mobile/15E148 Safari/604.1"
178.197.202.61 - - [19/Oct/2025:09:37:21 -0400] "GET / HTTP/1.1" 200 125069 "https://sexpositions.online/oral/blowjob/" "Mozilla/5.0 (iPhone; CPU iPhone OS 18_7 like Mac OS X) AppleWebKit/605.1.15 (KHTML, like Gecko) Version/26.0.1 Mobile/15E148 Safari/604.1"
81.199.238.83 - - [19/Oct/2025:09:37:22 -0400] "GET /wp-content/uploads/crouching-tiger-animated-1.gif HTTP/1.1" 304 - "https://sexpositions.online/crouching-tiger/" "Mozilla/5.0 (iPhone; CPU iPhone OS 16_6 like Mac OS X) AppleWebKit/605.1.15 (KHTML, like Gecko) Version/16.6 Mobile/15E148 Safari/604.1"
178.197.202.61 - - [19/Oct/2025:09:37:22 -0400] "GET /wp-content/uploads/banner.jpg HTTP/1.1" 304 - "https://sexpositions.online/" "Mozilla/5.0 (iPhone; CPU iPhone OS 18_7 like Mac OS X) AppleWebKit/605.1.15 (KHTML, like Gecko) Version/26.0.1 Mobile/15E148 Safari/604.1"
178.197.202.61 - - [19/Oct/2025:09:37:22 -0400] "GET /wp-content/uploads/missionary-animated.gif HTTP/1.1" 304 - "https://sexpositions.online/" "Mozilla/5.0 (iPhone; CPU iPhone OS 18_7 like Mac OS X) AppleWebKit/605.1.15 (KHTML, like Gecko) Version/26.0.1 Mobile/15E148 Safari/604.1"
178.197.202.61 - - [19/Oct/2025:09:37:22 -0400] "GET /wp-content/uploads/cowgirl-animated.gif HTTP/1.1" 304 - "https://sexpositions.online/" "Mozilla/5.0 (iPhone; CPU iPhone OS 18_7 like Mac OS X) AppleWebKit/605.1.15 (KHTML, like Gecko) Version/26.0.1 Mobile/15E148 Safari/604.1"
185.146.115.165 - - [19/Oct/2025:09:37:23 -0400] "GET /wp-content/uploads/piledriver-animated.gif HTTP/1.1" 304 - "https://www.google.com/" "Mozilla/5.0 (Linux; Android 15; 24117RN76O Build/AP3A.240905.015.A2; wv) AppleWebKit/537.36 (KHTML, like Gecko) Version/4.0 Chrome/140.0.7339.209 Mobile Safari/537.36 GoogleApp/16.38.70.ve.arm64"
185.146.115.165 - - [19/Oct/2025:09:37:27 -0400] "GET /piledriver/ HTTP/1.1" 200 99780 "https://www.google.com/" "Mozilla/5.0 (Linux; Android 10; K) AppleWebKit/537.36 (KHTML, like Gecko) Chrome/141.0.0.0 Mobile Safari/537.36"
185.146.115.165 - - [19/Oct/2025:09:37:27 -0400] "GET /wp-content/themes/astra/assets/css/minified/main.min.css?ver=4.11.12 HTTP/1.1" 200 45731 "https://sexpositions.online/piledriver/" "Mozilla/5.0 (Linux; Android 10; K) AppleWebKit/537.36 (KHTML, like Gecko) Chrome/141.0.0.0 Mobile Safari/537.36"
185.146.115.165 - - [19/Oct/2025:09:37:27 -0400] "GET /wp-content/themes/astra/assets/js/minified/frontend.min.js?ver=4.11.12 HTTP/1.1" 200 25979 "https://sexpositions.online/piledriver/" "Mozilla/5.0 (Linux; Android 10; K) AppleWebKit/537.36 (KHTML, like Gecko) Chrome/141.0.0.0 Mobile Safari/537.36"
185.146.115.165 - - [19/Oct/2025:09:37:28 -0400] "GET /wp-includes/css/dist/block-library/style.min.css?ver=6.8.3 HTTP/1.1" 200 116345 "https://sexpositions.online/piledriver/" "Mozilla/5.0 (Linux; Android 10; K) AppleWebKit/537.36 (KHTML, like Gecko) Chrome/141.0.0.0 Mobile Safari/537.36"
185.146.115.165 - - [19/Oct/2025:09:37:28 -0400] "GET /wp-content/uploads/spider-monkey-animated.gif HTTP/1.1" 200 211415 "https://sexpositions.online/piledriver/" "Mozilla/5.0 (Linux; Android 10; K) AppleWebKit/537.36 (KHTML, like Gecko) Chrome/141.0.0.0 Mobile Safari/537.36"
185.146.115.165 - - [19/Oct/2025:09:37:29 -0400] "GET /wp-includes/js/wp-emoji-release.min.js?ver=6.8.3 HTTP/1.1" 200 19251 "https://sexpositions.online/piledriver/" "Mozilla/5.0 (Linux; Android 10; K) AppleWebKit/537.36 (KHTML, like Gecko) Chrome/141.0.0.0 Mobile Safari/537.36"
185.146.115.165 - - [19/Oct/2025:09:37:29 -0400] "GET /wp-content/uploads/the-wow-wow-animated.gif HTTP/1.1" 200 232689 "https://sexpositions.online/piledriver/" "Mozilla/5.0 (Linux; Android 10; K) AppleWebKit/537.36 (KHTML, like Gecko) Chrome/141.0.0.0 Mobile Safari/537.36"
178.197.202.61 - - [19/Oct/2025:09:37:29 -0400] "GET /wp-content/uploads/amazon-animated.gif HTTP/1.1" 304 - "https://sexpositions.online/" "Mozilla/5.0 (iPhone; CPU iPhone OS 18_7 like Mac OS X) AppleWebKit/605.1.15 (KHTML, like Gecko) Version/26.0.1 Mobile/15E148 Safari/604.1"
185.146.115.165 - - [19/Oct/2025:09:37:29 -0400] "GET /wp-content/uploads/cropped-favicon-192x192.png HTTP/1.1" 200 12099 "https://sexpositions.online/piledriver/" "Mozilla/5.0 (Linux; Android 10; K) AppleWebKit/537.36 (KHTML, like Gecko) Chrome/141.0.0.0 Mobile Safari/537.36"
185.146.115.165 - - [19/Oct/2025:09:37:29 -0400] "GET /wp-content/uploads/cropped-favicon-180x180.png HTTP/1.1" 200 19086 "https://sexpositions.online/piledriver/" "Mozilla/5.0 (Linux; Android 10; K) AppleWebKit/537.36 (KHTML, like Gecko) Chrome/141.0.0.0 Mobile Safari/537.36"
46.49.108.190 - - [19/Oct/2025:09:37:30 -0400] "GET /wp-content/uploads/cowgirl-animated.gif HTTP/1.1" 304 - "https://www.google.com/" "Mozilla/5.0 (iPhone; CPU iPhone OS 18_7 like Mac OS X) AppleWebKit/605.1.15 (KHTML, like Gecko) Version/26.0.1 Mobile/15E148 Safari/604.1"
178.197.202.61 - - [19/Oct/2025:09:37:30 -0400] "GET /wp-content/uploads/lotus-animated.gif HTTP/1.1" 304 - "https://sexpositions.online/" "Mozilla/5.0 (iPhone; CPU iPhone OS 18_7 like Mac OS X) AppleWebKit/605.1.15 (KHTML, like Gecko) Version/26.0.1 Mobile/15E148 Safari/604.1"
178.197.202.61 - - [19/Oct/2025:09:37:32 -0400] "GET /wp-content/uploads/doggy-style-animated.gif HTTP/1.1" 304 - "https://sexpositions.online/" "Mozilla/5.0 (iPhone; CPU iPhone OS 18_7 like Mac OS X) AppleWebKit/605.1.15 (KHTML, like Gecko) Version/26.0.1 Mobile/15E148 Safari/604.1"
46.49.108.190 - - [19/Oct/2025:09:37:32 -0400] "GET /cowgirl/ HTTP/1.1" 200 101897 "https://www.google.com/" "Mozilla/5.0 (iPhone; CPU iPhone OS 18_7 like Mac OS X) AppleWebKit/605.1.15 (KHTML, like Gecko) Version/26.0.1 Mobile/15E148 Safari/604.1"
46.49.108.190 - - [19/Oct/2025:09:37:33 -0400] "GET /wp-content/themes/astra/assets/css/minified/main.min.css?ver=4.11.12 HTTP/1.1" 200 45731 "https://sexpositions.online/cowgirl/" "Mozilla/5.0 (iPhone; CPU iPhone OS 18_7 like Mac OS X) AppleWebKit/605.1.15 (KHTML, like Gecko) Version/26.0.1 Mobile/15E148 Safari/604.1"
178.197.202.61 - - [19/Oct/2025:09:37:33 -0400] "GET /wp-content/uploads/spooning-animated.gif HTTP/1.1" 304 - "https://sexpositions.online/" "Mozilla/5.0 (iPhone; CPU iPhone OS 18_7 like Mac OS X) AppleWebKit/605.1.15 (KHTML, like Gecko) Version/26.0.1 Mobile/15E148 Safari/604.1"
46.49.108.190 - - [19/Oct/2025:09:37:33 -0400] "GET /wp-includes/css/dist/block-library/style.min.css?ver=6.8.3 HTTP/1.1" 200 116345 "https://sexpositions.online/cowgirl/" "Mozilla/5.0 (iPhone; CPU iPhone OS 18_7 like Mac OS X) AppleWebKit/605.1.15 (KHTML, like Gecko) Version/26.0.1 Mobile/15E148 Safari/604.1"
46.49.108.190 - - [19/Oct/2025:09:37:34 -0400] "GET /wp-content/themes/astra/assets/js/minified/frontend.min.js?ver=4.11.12 HTTP/1.1" 200 25979 "https://sexpositions.online/cowgirl/" "Mozilla/5.0 (iPhone; CPU iPhone OS 18_7 like Mac OS X) AppleWebKit/605.1.15 (KHTML, like Gecko) Version/26.0.1 Mobile/15E148 Safari/604.1"
46.49.108.190 - - [19/Oct/2025:09:37:34 -0400] "GET /wp-content/uploads/reverse-cowgirl-animated.gif HTTP/1.1" 200 225649 "https://sexpositions.online/cowgirl/" "Mozilla/5.0 (iPhone; CPU iPhone OS 18_7 like Mac OS X) AppleWebKit/605.1.15 (KHTML, like Gecko) Version/26.0.1 Mobile/15E148 Safari/604.1"
46.49.108.190 - - [19/Oct/2025:09:37:35 -0400] "GET /wp-content/uploads/cropped-favicon-32x32.png HTTP/1.1" 200 1111 "https://sexpositions.online/cowgirl/" "Mozilla/5.0 (iPhone; CPU iPhone OS 18_7 like Mac OS X) AppleWebKit/605.1.15 (KHTML, like Gecko) Version/26.0.1 Mobile/15E148 Safari/604.1"
46.49.108.190 - - [19/Oct/2025:09:37:35 -0400] "GET /wp-content/uploads/cropped-favicon-192x192.png HTTP/1.1" 200 12099 "https://sexpositions.online/cowgirl/" "Mozilla/5.0 (iPhone; CPU iPhone OS 18_7 like Mac OS X) AppleWebKit/605.1.15 (KHTML, like Gecko) Version/26.0.1 Mobile/15E148 Safari/604.1"
46.49.108.190 - - [19/Oct/2025:09:37:35 -0400] "GET /wp-content/uploads/face-to-face-animated.gif HTTP/1.1" 200 194868 "https://sexpositions.online/cowgirl/" "Mozilla/5.0 (iPhone; CPU iPhone OS 18_7 like Mac OS X) AppleWebKit/605.1.15 (KHTML, like Gecko) Version/26.0.1 Mobile/15E148 Safari/604.1"
46.49.108.190 - - [19/Oct/2025:09:37:36 -0400] "GET /wp-content/uploads/the-sitting-cat-animated.gif HTTP/1.1" 200 227200 "https://sexpositions.online/cowgirl/" "Mozilla/5.0 (iPhone; CPU iPhone OS 18_7 like Mac OS X) AppleWebKit/605.1.15 (KHTML, like Gecko) Version/26.0.1 Mobile/15E148 Safari/604.1"
64.224.128.202 - - [19/Oct/2025:09:37:36 -0400] "POST /xmlrpc.php HTTP/1.1" 200 403 "-" "Mozilla/5.0 (Windows NT 10.0; x64) AppleWebKit/537.36 (KHTML, like Gecko) Firefox/90.0.0.0 Safari/537.36"
178.197.202.61 - - [19/Oct/2025:09:37:37 -0400] "GET /wp-content/uploads/helicopter-animated.gif HTTP/1.1" 304 - "https://sexpositions.online/" "Mozilla/5.0 (iPhone; CPU iPhone OS 18_7 like Mac OS X) AppleWebKit/605.1.15 (KHTML, like Gecko) Version/26.0.1 Mobile/15E148 Safari/604.1"
178.197.202.61 - - [19/Oct/2025:09:37:38 -0400] "GET /wp-content/uploads/butterfly-animated.gif HTTP/1.1" 304 - "https://sexpositions.online/" "Mozilla/5.0 (iPhone; CPU iPhone OS 18_7 like Mac OS X) AppleWebKit/605.1.15 (KHTML, like Gecko) Version/26.0.1 Mobile/15E148 Safari/604.1"
46.49.108.190 - - [19/Oct/2025:09:37:39 -0400] "GET /wp-content/uploads/the-wave-animated.gif HTTP/1.1" 200 200955 "https://sexpositions.online/cowgirl/" "Mozilla/5.0 (iPhone; CPU iPhone OS 18_7 like Mac OS X) AppleWebKit/605.1.15 (KHTML, like Gecko) Version/26.0.1 Mobile/15E148 Safari/604.1"
178.197.202.61 - - [19/Oct/2025:09:37:40 -0400] "GET /wp-content/uploads/speed-bump-animated.gif HTTP/1.1" 304 - "https://sexpositions.online/" "Mozilla/5.0 (iPhone; CPU iPhone OS 18_7 like Mac OS X) AppleWebKit/605.1.15 (KHTML, like Gecko) Version/26.0.1 Mobile/15E148 Safari/604.1"
46.49.108.190 - - [19/Oct/2025:09:37:41 -0400] "GET /wp-content/uploads/belly-dancer-animated.gif HTTP/1.1" 200 224619 "https://sexpositions.online/cowgirl/" "Mozilla/5.0 (iPhone; CPU iPhone OS 18_7 like Mac OS X) AppleWebKit/605.1.15 (KHTML, like Gecko) Version/26.0.1 Mobile/15E148 Safari/604.1"
85.208.96.209 - - [19/Oct/2025:09:37:46 -0400] "GET /page/14/?action=repository_opensearch&count=20&index_id=2308&order=17&pn=1 HTTP/1.1" 200 116197 "-" "Mozilla/5.0 (compatible; SemrushBot/7~bl; +http://www.semrush.com/bot.html)"
93.150.218.153 - - [19/Oct/2025:09:37:51 -0400] "GET /wp-content/uploads/hot-seat-animated-1.gif HTTP/1.1" 304 - "https://www.google.com/" "Mozilla/5.0 (Linux; Android 10; K) AppleWebKit/537.36 (KHTML, like Gecko) Chrome/141.0.0.0 Mobile Safari/537.36"
150.129.42.76 - - [19/Oct/2025:09:37:52 -0400] "GET / HTTP/1.1" 200 125069 "https://www.google.com/" "Mozilla/5.0 (Linux; Android 10; K) AppleWebKit/537.36 (KHTML, like Gecko) Chrome/141.0.0.0 Mobile Safari/537.36"
2a09:bac3:b476:2905::416:59 - - [19/Oct/2025:09:37:53 -0400] "GET /the-headlock/ HTTP/1.1" 200 97944 "https://www.google.com/" "Mozilla/5.0 (iPhone; CPU iPhone OS 18_6_2 like Mac OS X) AppleWebKit/605.1.15 (KHTML, like Gecko) Version/18.6 Mobile/15E148 Safari/604.1"
2a09:bac3:b476:2905::416:59 - - [19/Oct/2025:09:37:54 -0400] "GET /wp-content/themes/astra/assets/css/minified/main.min.css?ver=4.11.12 HTTP/1.1" 304 - "https://sexpositions.online/the-headlock/" "Mozilla/5.0 (iPhone; CPU iPhone OS 18_6_2 like Mac OS X) AppleWebKit/605.1.15 (KHTML, like Gecko) Version/18.6 Mobile/15E148 Safari/604.1"
2a09:bac3:b476:2905::416:59 - - [19/Oct/2025:09:37:54 -0400] "GET /wp-content/themes/astra/assets/js/minified/frontend.min.js?ver=4.11.12 HTTP/1.1" 304 - "https://sexpositions.online/the-headlock/" "Mozilla/5.0 (iPhone; CPU iPhone OS 18_6_2 like Mac OS X) AppleWebKit/605.1.15 (KHTML, like Gecko) Version/18.6 Mobile/15E148 Safari/604.1"
2a09:bac3:b476:2905::416:59 - - [19/Oct/2025:09:37:54 -0400] "GET /wp-includes/css/dist/block-library/style.min.css?ver=6.8.3 HTTP/1.1" 304 - "https://sexpositions.online/the-headlock/" "Mozilla/5.0 (iPhone; CPU iPhone OS 18_6_2 like Mac OS X) AppleWebKit/605.1.15 (KHTML, like Gecko) Version/18.6 Mobile/15E148 Safari/604.1"
46.216.179.91 - - [19/Oct/2025:09:37:55 -0400] "GET /wp-content/uploads/flying-missionary-animated.gif HTTP/1.1" 304 - "https://top-raskraski.ru/" "Mozilla/5.0 (Linux; arm_64; Android 12; CTR-LX1) AppleWebKit/537.36 (KHTML, like Gecko) Chrome/138.0.7204.97 YaBrowser/25.8.1.97.00 SA/3 Mobile Safari/537.36"
150.129.42.76 - - [19/Oct/2025:09:37:55 -0400] "GET /tds-checkout/ HTTP/1.1" 200 97038 "https://sexpositions.online/" "Mozilla/5.0 (Linux; Android 10; K) AppleWebKit/537.36 (KHTML, like Gecko) Chrome/141.0.0.0 Mobile Safari/537.36"
2400:adc7:112d:8000:4cba:b6ff:4cc1:32cb - - [19/Oct/2025:09:37:56 -0400] "GET / HTTP/1.1" 200 125069 "https://www.google.com/" "Mozilla/5.0 (Linux; Android 10; K) AppleWebKit/537.36 (KHTML, like Gecko) Chrome/138.0.0.0 Mobile Safari/537.36"
150.129.42.76 - - [19/Oct/2025:09:37:58 -0400] "GET /from-behind/ HTTP/1.1" 200 102707 "https://sexpositions.online/" "Mozilla/5.0 (Linux; Android 10; K) AppleWebKit/537.36 (KHTML, like Gecko) Chrome/141.0.0.0 Mobile Safari/537.36"
150.129.42.76 - - [19/Oct/2025:09:37:59 -0400] "GET /wp-content/uploads/ceo-animated.gif HTTP/1.1" 304 - "https://sexpositions.online/from-behind/" "Mozilla/5.0 (Linux; Android 10; K) AppleWebKit/537.36 (KHTML, like Gecko) Chrome/141.0.0.0 Mobile Safari/537.36"
150.129.42.76 - - [19/Oct/2025:09:38:00 -0400] "GET /wp-content/uploads/sleeping-beauty-animated.gif HTTP/1.1" 304 - "https://sexpositions.online/from-behind/" "Mozilla/5.0 (Linux; Android 10; K) AppleWebKit/537.36 (KHTML, like Gecko) Chrome/141.0.0.0 Mobile Safari/537.36"
150.129.42.76 - - [19/Oct/2025:09:38:00 -0400] "GET /wp-content/uploads/body-booster-animated.gif HTTP/1.1" 304 - "https://sexpositions.online/from-behind/" "Mozilla/5.0 (Linux; Android 10; K) AppleWebKit/537.36 (KHTML, like Gecko) Chrome/141.0.0.0 Mobile Safari/537.36"
150.129.42.76 - - [19/Oct/2025:09:38:01 -0400] "GET /wp-content/uploads/ladies-choice-animated.gif HTTP/1.1" 304 - "https://sexpositions.online/from-behind/" "Mozilla/5.0 (Linux; Android 10; K) AppleWebKit/537.36 (KHTML, like Gecko) Chrome/141.0.0.0 Mobile Safari/537.36"
150.129.42.76 - - [19/Oct/2025:09:38:03 -0400] "GET /wp-content/uploads/chair-lift-animated.gif HTTP/1.1" 304 - "https://sexpositions.online/from-behind/" "Mozilla/5.0 (Linux; Android 10; K) AppleWebKit/537.36 (KHTML, like Gecko) Chrome/141.0.0.0 Mobile Safari/537.36"
178.197.202.61 - - [19/Oct/2025:09:38:03 -0400] "GET /chair/ HTTP/1.1" 200 103051 "https://sexpositions.online/" "Mozilla/5.0 (iPhone; CPU iPhone OS 18_7 like Mac OS X) AppleWebKit/605.1.15 (KHTML, like Gecko) Version/26.0.1 Mobile/15E148 Safari/604.1"
2400:adc7:112d:8000:4cba:b6ff:4cc1:32cb - - [19/Oct/2025:09:38:03 -0400] "GET /wp-content/uploads/spooning-animated.gif HTTP/1.1" 304 - "https://sexpositions.online/" "Mozilla/5.0 (Linux; Android 10; K) AppleWebKit/537.36 (KHTML, like Gecko) Chrome/138.0.0.0 Mobile Safari/537.36"
178.197.202.61 - - [19/Oct/2025:09:38:03 -0400] "GET /wp-content/uploads/the-love-seat-animated-1.gif HTTP/1.1" 304 - "https://sexpositions.online/chair/" "Mozilla/5.0 (iPhone; CPU iPhone OS 18_7 like Mac OS X) AppleWebKit/605.1.15 (KHTML, like Gecko) Version/26.0.1 Mobile/15E148 Safari/604.1"
178.197.202.61 - - [19/Oct/2025:09:38:03 -0400] "GET /wp-content/uploads/whos-your-daddy-animated.gif HTTP/1.1" 200 224054 "https://sexpositions.online/chair/" "Mozilla/5.0 (iPhone; CPU iPhone OS 18_7 like Mac OS X) AppleWebKit/605.1.15 (KHTML, like Gecko) Version/26.0.1 Mobile/15E148 Safari/604.1"
178.197.202.61 - - [19/Oct/2025:09:38:03 -0400] "GET /wp-content/uploads/the-straddle-animated.gif HTTP/1.1" 200 208474 "https://sexpositions.online/chair/" "Mozilla/5.0 (iPhone; CPU iPhone OS 18_7 like Mac OS X) AppleWebKit/605.1.15 (KHTML, like Gecko) Version/26.0.1 Mobile/15E148 Safari/604.1"
150.129.42.76 - - [19/Oct/2025:09:38:05 -0400] "GET /wp-content/uploads/desk-set-animated.gif HTTP/1.1" 304 - "https://sexpositions.online/from-behind/" "Mozilla/5.0 (Linux; Android 10; K) AppleWebKit/537.36 (KHTML, like Gecko) Chrome/141.0.0.0 Mobile Safari/537.36"
178.197.202.61 - - [19/Oct/2025:09:38:05 -0400] "GET /wp-content/uploads/lap-dance-animated.gif HTTP/1.1" 200 231955 "https://sexpositions.online/chair/" "Mozilla/5.0 (iPhone; CPU iPhone OS 18_7 like Mac OS X) AppleWebKit/605.1.15 (KHTML, like Gecko) Version/26.0.1 Mobile/15E148 Safari/604.1"
150.129.42.76 - - [19/Oct/2025:09:38:06 -0400] "GET /wp-content/uploads/from-ball-to-wall-animated.gif HTTP/1.1" 304 - "https://sexpositions.online/from-behind/" "Mozilla/5.0 (Linux; Android 10; K) AppleWebKit/537.36 (KHTML, like Gecko) Chrome/141.0.0.0 Mobile Safari/537.36"
178.197.202.61 - - [19/Oct/2025:09:38:06 -0400] "GET /wp-content/uploads/the-hammock-animated.gif HTTP/1.1" 200 249435 "https://sexpositions.online/chair/" "Mozilla/5.0 (iPhone; CPU iPhone OS 18_7 like Mac OS X) AppleWebKit/605.1.15 (KHTML, like Gecko) Version/26.0.1 Mobile/15E148 Safari/604.1"
178.197.202.61 - - [19/Oct/2025:09:38:08 -0400] "GET /wp-content/uploads/courting-chairs-animated.gif HTTP/1.1" 200 270172 "https://sexpositions.online/chair/" "Mozilla/5.0 (iPhone; CPU iPhone OS 18_7 like Mac OS X) AppleWebKit/605.1.15 (KHTML, like Gecko) Version/26.0.1 Mobile/15E148 Safari/604.1"
178.197.202.61 - - [19/Oct/2025:09:38:11 -0400] "GET /wp-content/uploads/the-throne-animated-1.gif HTTP/1.1" 304 - "https://sexpositions.online/chair/" "Mozilla/5.0 (iPhone; CPU iPhone OS 18_7 like Mac OS X) AppleWebKit/605.1.15 (KHTML, like Gecko) Version/26.0.1 Mobile/15E148 Safari/604.1"
178.197.202.61 - - [19/Oct/2025:09:38:11 -0400] "GET /wp-content/uploads/avalanche-animated.gif HTTP/1.1" 200 246379 "https://sexpositions.online/chair/" "Mozilla/5.0 (iPhone; CPU iPhone OS 18_7 like Mac OS X) AppleWebKit/605.1.15 (KHTML, like Gecko) Version/26.0.1 Mobile/15E148 Safari/604.1"
102.89.83.171 - - [19/Oct/2025:09:38:12 -0400] "GET /wp-content/uploads/heaven-knows-animated.gif HTTP/1.1" 304 - "https://www.google.com/" "Mozilla/5.0 (iPhone; CPU iPhone OS 18_4 like Mac OS X) AppleWebKit/605.1.15 (KHTML, like Gecko) Version/18.4 Mobile/15E148 Safari/604.1"
66.116.199.115 - - [19/Oct/2025:09:38:14 -0400] "POST /wp-cron.php?doing_wp_cron=1760881094.4686219692230224609375 HTTP/1.1" 200 - "-" "WordPress/6.8.3; https://sexpositions.online"
66.249.64.224 - - [19/Oct/2025:09:38:14 -0400] "GET /ads.txt HTTP/1.1" 200 95107 "-" "Mozilla/5.0 (compatible; Googlebot/2.1; +http://www.google.com/bot.html)"
81.199.238.83 - - [19/Oct/2025:09:38:15 -0400] "GET /buckin-bronco/ HTTP/1.1" 200 98066 "https://sexpositions.online/crouching-tiger/" "Mozilla/5.0 (iPhone; CPU iPhone OS 16_6 like Mac OS X) AppleWebKit/605.1.15 (KHTML, like Gecko) Version/16.6 Mobile/15E148 Safari/604.1"
81.199.238.83 - - [19/Oct/2025:09:38:16 -0400] "GET /wp-content/uploads/buckin-bronco-animated.gif HTTP/1.1" 304 - "https://sexpositions.online/buckin-bronco/" "Mozilla/5.0 (iPhone; CPU iPhone OS 16_6 like Mac OS X) AppleWebKit/605.1.15 (KHTML, like Gecko) Version/16.6 Mobile/15E148 Safari/604.1"
185.191.171.2 - - [19/Oct/2025:09:38:17 -0400] "GET /page/24/?action=repository_opensearch&count=20&index_id=1777&order=17&pn=1 HTTP/1.1" 200 116158 "-" "Mozilla/5.0 (compatible; SemrushBot/7~bl; +http://www.semrush.com/bot.html)"
