197.185.137.40 - - [19/Oct/2025:10:36:17 -0400] "GET /wp-content/uploads/flying-missionary-animated.gif HTTP/1.1" 200 226204 "https://sexpositions.online/missionary/" "Mozilla/5.0 (iPhone; CPU iPhone OS 18_5_0 like Mac OS X) AppleWebKit/605.1.15 (KHTML, like Gecko) GSA/389.2.814818472 Mobile/15E148 Safari/604.1"
197.185.137.40 - - [19/Oct/2025:10:36:19 -0400] "GET /wp-content/uploads/front-and-rear-animated.gif HTTP/1.1" 200 183290 "https://sexpositions.online/missionary/" "Mozilla/5.0 (iPhone; CPU iPhone OS 18_5_0 like Mac OS X) AppleWebKit/605.1.15 (KHTML, like Gecko) GSA/389.2.814818472 Mobile/15E148 Safari/604.1"
112.208.72.195 - - [19/Oct/2025:10:36:21 -0400] "GET /wp-content/uploads/straddle-up-animated.gif HTTP/1.1" 200 207911 "https://www.google.com/" "Mozilla/5.0 (Linux; Android 5.1.1; SM-T285 Build/LMY47V; wv) AppleWebKit/537.36 (KHTML, like Gecko) Version/4.0 Chrome/95.0.4638.74 Safari/537.36 GSA/11.31.16.21.arm"
66.78.180.81 - - [19/Oct/2025:10:36:22 -0400] "GET /wp-content/uploads/the-acrobat-animated-1.gif HTTP/1.1" 304 - "https://www.google.com/" "Mozilla/5.0 (iPhone; CPU iPhone OS 18_6_2 like Mac OS X) AppleWebKit/605.1.15 (KHTML, like Gecko) Version/18.6 Mobile/15E148 Safari/604.1"
197.185.137.40 - - [19/Oct/2025:10:36:22 -0400] "GET /wp-content/uploads/the-deep-animated.gif HTTP/1.1" 200 194906 "https://sexpositions.online/missionary/" "Mozilla/5.0 (iPhone; CPU iPhone OS 18_5_0 like Mac OS X) AppleWebKit/605.1.15 (KHTML, like Gecko) GSA/389.2.814818472 Mobile/15E148 Safari/604.1"
197.185.137.40 - - [19/Oct/2025:10:36:23 -0400] "GET /wp-content/uploads/wild-cherry-animated.gif HTTP/1.1" 200 229059 "https://sexpositions.online/missionary/" "Mozilla/5.0 (iPhone; CPU iPhone OS 18_5_0 like Mac OS X) AppleWebKit/605.1.15 (KHTML, like Gecko) GSA/389.2.814818472 Mobile/15E148 Safari/604.1"
125.237.217.186 - - [19/Oct/2025:10:36:25 -0400] "GET /heaven-knows/ HTTP/1.1" 200 98069 "https://sexpositions.online/category/position/page/18/" "Mozilla/5.0 (Linux; Android 10; K) AppleWebKit/537.36 (KHTML, like Gecko) Chrome/141.0.0.0 Mobile Safari/537.36"
197.185.137.40 - - [19/Oct/2025:10:36:26 -0400] "GET /wp-content/uploads/anvil-animated.gif HTTP/1.1" 200 205408 "https://sexpositions.online/missionary/" "Mozilla/5.0 (iPhone; CPU iPhone OS 18_5_0 like Mac OS X) AppleWebKit/605.1.15 (KHTML, like Gecko) GSA/389.2.814818472 Mobile/15E148 Safari/604.1"
2409:40e2:8:498e:8000:: - - [19/Oct/2025:10:36:28 -0400] "GET /frog/ HTTP/1.1" 200 98182 "https://sexpositions.online/full-nelson/" "Mozilla/5.0 (Linux; Android 15; K) AppleWebKit/537.36 (KHTML, like Gecko) Chrome/140.0.7339.207 Mobile Safari/537.36"
125.237.217.186 - - [19/Oct/2025:10:36:28 -0400] "GET /wp-content/uploads/high-in-the-saddle-animated.gif HTTP/1.1" 200 195440 "https://sexpositions.online/category/position/page/18/" "Mozilla/5.0 (Linux; Android 10; K) AppleWebKit/537.36 (KHTML, like Gecko) Chrome/141.0.0.0 Mobile Safari/537.36"
2409:40e2:8:498e:8000:: - - [19/Oct/2025:10:36:32 -0400] "GET /reverse-cowgirl/ HTTP/1.1" 200 98063 "https://sexpositions.online/frog/" "Mozilla/5.0 (Linux; Android 15; RMX5003 Build/UKQ1.231108.001; wv) AppleWebKit/537.36 (KHTML, like Gecko) Version/4.0 Chrome/140.0.7339.207 Mobile Safari/537.36"
125.237.217.186 - - [19/Oct/2025:10:36:32 -0400] "GET /hideaway/ HTTP/1.1" 200 98019 "https://sexpositions.online/category/position/page/18/" "Mozilla/5.0 (Linux; Android 10; K) AppleWebKit/537.36 (KHTML, like Gecko) Chrome/141.0.0.0 Mobile Safari/537.36"
125.237.217.186 - - [19/Oct/2025:10:36:32 -0400] "GET /wp-content/uploads/highway-to-heaven-animated.gif HTTP/1.1" 304 - "https://sexpositions.online/category/position/page/18/" "Mozilla/5.0 (Linux; Android 10; K) AppleWebKit/537.36 (KHTML, like Gecko) Chrome/141.0.0.0 Mobile Safari/537.36"
2a04:4e41:2a0d:fb89::84c6:4b89 - - [19/Oct/2025:10:36:32 -0400] "GET /wp-content/uploads/sideways-animated.gif HTTP/1.1" 304 - "https://www.google.com/" "Mozilla/5.0 (iPhone; CPU iPhone OS 18_6_2 like Mac OS X) AppleWebKit/605.1.15 (KHTML, like Gecko) Version/18.6 Mobile/15E148 Safari/604.1"
125.237.217.186 - - [19/Oct/2025:10:36:43 -0400] "GET /higher-plane/ HTTP/1.1" 200 98027 "https://sexpositions.online/category/position/page/18/" "Mozilla/5.0 (Linux; Android 10; K) AppleWebKit/537.36 (KHTML, like Gecko) Chrome/141.0.0.0 Mobile Safari/537.36"
125.237.217.186 - - [19/Oct/2025:10:36:44 -0400] "GET /wp-content/uploads/hot-and-spicy-animated.gif HTTP/1.1" 200 216843 "https://sexpositions.online/category/position/page/18/" "Mozilla/5.0 (Linux; Android 10; K) AppleWebKit/537.36 (KHTML, like Gecko) Chrome/141.0.0.0 Mobile Safari/537.36"
125.237.217.186 - - [19/Oct/2025:10:36:46 -0400] "GET /wp-content/uploads/the-spork-animated.gif HTTP/1.1" 200 177153 "https://sexpositions.online/category/position/page/18/" "Mozilla/5.0 (Linux; Android 10; K) AppleWebKit/537.36 (KHTML, like Gecko) Chrome/141.0.0.0 Mobile Safari/537.36"
125.237.217.186 - - [19/Oct/2025:10:36:46 -0400] "GET /high-in-the-saddle/ HTTP/1.1" 200 98420 "https://sexpositions.online/category/position/page/18/" "Mozilla/5.0 (Linux; Android 10; K) AppleWebKit/537.36 (KHTML, like Gecko) Chrome/141.0.0.0 Mobile Safari/537.36"
2409:40e2:8:498e:8000:: - - [19/Oct/2025:10:36:47 -0400] "GET /doggy-style/ HTTP/1.1" 200 102754 "https://sexpositions.online/reverse-cowgirl/" "Mozilla/5.0 (Linux; Android 15; RMX5003 Build/UKQ1.231108.001; wv) AppleWebKit/537.36 (KHTML, like Gecko) Version/4.0 Chrome/140.0.7339.207 Mobile Safari/537.36"
2409:40e2:2036:acd6:8000:: - - [19/Oct/2025:10:36:47 -0400] "GET /frog/ HTTP/1.1" 200 98182 "https://sexpositions.online/full-nelson/" "Mozilla/5.0 (Linux; Android 10; K) AppleWebKit/537.36 (KHTML, like Gecko) Chrome/141.0.0.0 Mobile Safari/537.36"
2409:40e2:8:498e:8000:: - - [19/Oct/2025:10:36:48 -0400] "GET /wp-content/uploads/eiffel-tower-animated.gif HTTP/1.1" 304 - "https://sexpositions.online/doggy-style/" "Mozilla/5.0 (Linux; Android 15; K) AppleWebKit/537.36 (KHTML, like Gecko) Chrome/140.0.7339.207 Mobile Safari/537.36"
2409:40e2:8:498e:8000:: - - [19/Oct/2025:10:36:48 -0400] "GET /wp-content/uploads/upward-dog-animated.gif HTTP/1.1" 304 - "https://sexpositions.online/doggy-style/" "Mozilla/5.0 (Linux; Android 15; K) AppleWebKit/537.36 (KHTML, like Gecko) Chrome/140.0.7339.207 Mobile Safari/537.36"
2409:40e2:8:498e:8000:: - - [19/Oct/2025:10:36:48 -0400] "GET /wp-content/uploads/flatiron-animated.gif HTTP/1.1" 304 - "https://sexpositions.online/doggy-style/" "Mozilla/5.0 (Linux; Android 15; K) AppleWebKit/537.36 (KHTML, like Gecko) Chrome/140.0.7339.207 Mobile Safari/537.36"
2409:40e2:8:498e:8000:: - - [19/Oct/2025:10:36:48 -0400] "GET /wp-content/uploads/turtle-animated.gif HTTP/1.1" 304 - "https://sexpositions.online/doggy-style/" "Mozilla/5.0 (Linux; Android 15; K) AppleWebKit/537.36 (KHTML, like Gecko) Chrome/140.0.7339.207 Mobile Safari/537.36"
2409:40e2:8:498e:8000:: - - [19/Oct/2025:10:36:48 -0400] "GET /wp-content/uploads/downward-dog-animated-1.gif HTTP/1.1" 304 - "https://sexpositions.online/doggy-style/" "Mozilla/5.0 (Linux; Android 15; K) AppleWebKit/537.36 (KHTML, like Gecko) Chrome/140.0.7339.207 Mobile Safari/537.36"
2409:40e2:2036:acd6:8000:: - - [19/Oct/2025:10:36:52 -0400] "GET /reverse-cowgirl/ HTTP/1.1" 200 98063 "https://sexpositions.online/frog/" "Mozilla/5.0 (Linux; Android 10; K) AppleWebKit/537.36 (KHTML, like Gecko) Chrome/141.0.0.0 Mobile Safari/537.36"
197.185.137.40 - - [19/Oct/2025:10:36:55 -0400] "GET / HTTP/1.1" 200 125058 "-" "Mozilla/5.0 (Macintosh; Intel Mac OS X 10_11_1) AppleWebKit/601.2.4 (KHTML, like Gecko) Version/9.0.1 Safari/601.2.4 facebookexternalhit/1.1 Facebot Twitterbot/1.0"
197.185.137.40 - - [19/Oct/2025:10:36:55 -0400] "GET / HTTP/1.1" 200 125058 "-" "Mozilla/5.0 (Macintosh; Intel Mac OS X 10_11_1) AppleWebKit/601.2.4 (KHTML, like Gecko) Version/9.0.1 Safari/601.2.4 facebookexternalhit/1.1 Facebot Twitterbot/1.0"
197.185.137.40 - - [19/Oct/2025:10:36:57 -0400] "GET /wp-content/uploads/cropped-favicon-180x180.png HTTP/1.1" 304 - "-" "NetworkingExtension/8621.2.5.10.10 CFNetwork/3826.500.131 Darwin/24.5.0"
197.185.137.40 - - [19/Oct/2025:10:36:57 -0400] "GET /wp-content/uploads/cropped-favicon-192x192.png HTTP/1.1" 304 - "-" "NetworkingExtension/8621.2.5.10.10 CFNetwork/3826.500.131 Darwin/24.5.0"
197.185.137.40 - - [19/Oct/2025:10:36:57 -0400] "GET /wp-content/uploads/cropped-favicon-32x32.png HTTP/1.1" 200 1111 "-" "NetworkingExtension/8621.2.5.10.10 CFNetwork/3826.500.131 Darwin/24.5.0"
2409:40e2:8:498e:8000:: - - [19/Oct/2025:10:37:05 -0400] "GET /wp-content/uploads/lazy-dog-animated-1.gif HTTP/1.1" 304 - "https://sexpositions.online/doggy-style/" "Mozilla/5.0 (Linux; Android 15; K) AppleWebKit/537.36 (KHTML, like Gecko) Chrome/140.0.7339.207 Mobile Safari/537.36"
85.208.96.193 - - [19/Oct/2025:10:37:09 -0400] "GET /page/7/?action=repository_opensearch&count=20&index_id=37&order=17&pn=1 HTTP/1.1" 200 116084 "-" "Mozilla/5.0 (compatible; SemrushBot/7~bl; +http://www.semrush.com/bot.html)"
52.167.144.169 - - [19/Oct/2025:10:37:18 -0400] "GET /jasper1676258.html HTTP/1.1" 200 95107 "-" "Mozilla/5.0 AppleWebKit/537.36 (KHTML, like Gecko; compatible; bingbot/2.0; +http://www.bing.com/bingbot.htm) Chrome/116.0.1938.76 Safari/537.36"
125.237.217.186 - - [19/Oct/2025:10:37:21 -0400] "GET /wp-content/uploads/lock-and-load-animated-1.gif HTTP/1.1" 200 218342 "https://sexpositions.online/category/position/page/18/" "Mozilla/5.0 (Linux; Android 10; K) AppleWebKit/537.36 (KHTML, like Gecko) Chrome/141.0.0.0 Mobile Safari/537.36"
125.237.217.186 - - [19/Oct/2025:10:37:27 -0400] "GET /highway-to-heaven/ HTTP/1.1" 200 98090 "https://sexpositions.online/category/position/page/18/" "Mozilla/5.0 (Linux; Android 10; K) AppleWebKit/537.36 (KHTML, like Gecko) Chrome/141.0.0.0 Mobile Safari/537.36"
125.237.217.186 - - [19/Oct/2025:10:37:29 -0400] "GET /wp-content/uploads/pretzel-animated.gif HTTP/1.1" 200 227672 "https://sexpositions.online/category/position/page/18/" "Mozilla/5.0 (Linux; Android 10; K) AppleWebKit/537.36 (KHTML, like Gecko) Chrome/141.0.0.0 Mobile Safari/537.36"
125.237.217.186 - - [19/Oct/2025:10:37:33 -0400] "GET /the-spork/ HTTP/1.1" 200 98107 "https://sexpositions.online/category/position/page/18/" "Mozilla/5.0 (Linux; Android 10; K) AppleWebKit/537.36 (KHTML, like Gecko) Chrome/141.0.0.0 Mobile Safari/537.36"
125.237.217.186 - - [19/Oct/2025:10:37:37 -0400] "GET /lock-and-load/ HTTP/1.1" 200 98026 "https://sexpositions.online/category/position/page/18/" "Mozilla/5.0 (Linux; Android 10; K) AppleWebKit/537.36 (KHTML, like Gecko) Chrome/141.0.0.0 Mobile Safari/537.36"
2a02:1388:ef:f1c8:78ed:75c3:c5a8:1f51 - - [19/Oct/2025:10:37:40 -0400] "GET /wp-content/uploads/jackhammer-animated.gif HTTP/1.1" 304 - "https://www.google.com/" "Mozilla/5.0 (iPhone; CPU iPhone OS 18_6_2 like Mac OS X) AppleWebKit/605.1.15 (KHTML, like Gecko) Version/18.6 Mobile/15E148 Safari/604.1"
146.90.101.98 - - [19/Oct/2025:10:37:43 -0400] "GET /sideways/ HTTP/1.1" 200 98119 "https://www.google.com/" "Mozilla/5.0 (Linux; Android 10; K) AppleWebKit/537.36 (KHTML, like Gecko) Chrome/141.0.0.0 Mobile Safari/537.36"
125.237.217.186 - - [19/Oct/2025:10:37:49 -0400] "GET /category/position/page/19/ HTTP/1.1" 200 116301 "https://sexpositions.online/category/position/page/18/" "Mozilla/5.0 (Linux; Android 10; K) AppleWebKit/537.36 (KHTML, like Gecko) Chrome/141.0.0.0 Mobile Safari/537.36"
125.237.217.186 - - [19/Oct/2025:10:37:49 -0400] "GET /wp-content/uploads/ladies-choice-animated.gif HTTP/1.1" 304 - "https://sexpositions.online/category/position/page/19/" "Mozilla/5.0 (Linux; Android 10; K) AppleWebKit/537.36 (KHTML, like Gecko) Chrome/141.0.0.0 Mobile Safari/537.36"
125.237.217.186 - - [19/Oct/2025:10:37:49 -0400] "GET /wp-content/uploads/inside-out-animated.gif HTTP/1.1" 200 210099 "https://sexpositions.online/category/position/page/19/" "Mozilla/5.0 (Linux; Android 10; K) AppleWebKit/537.36 (KHTML, like Gecko) Chrome/141.0.0.0 Mobile Safari/537.36"
125.237.217.186 - - [19/Oct/2025:10:37:49 -0400] "GET /wp-content/uploads/mermaid-animated.gif HTTP/1.1" 200 200213 "https://sexpositions.online/category/position/page/19/" "Mozilla/5.0 (Linux; Android 10; K) AppleWebKit/537.36 (KHTML, like Gecko) Chrome/141.0.0.0 Mobile Safari/537.36"
125.237.217.186 - - [19/Oct/2025:10:37:50 -0400] "GET /wp-content/uploads/leaning-tower-animated.gif HTTP/1.1" 200 176297 "https://sexpositions.online/category/position/page/19/" "Mozilla/5.0 (Linux; Android 10; K) AppleWebKit/537.36 (KHTML, like Gecko) Chrome/141.0.0.0 Mobile Safari/537.36"
2a00:23c4:6d9a:a301:3d1f:c31a:f298:6f99 - - [19/Oct/2025:10:37:53 -0400] "GET /wp-content/uploads/up-against-the-wall-animated.gif HTTP/1.1" 304 - "https://naughtygrin.com/" "Mozilla/5.0 (Linux; Android 10; K) AppleWebKit/537.36 (KHTML, like Gecko) Chrome/141.0.0.0 Mobile Safari/537.36"
125.237.217.186 - - [19/Oct/2025:10:37:53 -0400] "GET /inside-out/ HTTP/1.1" 200 98182 "https://sexpositions.online/category/position/page/19/" "Mozilla/5.0 (Linux; Android 10; K) AppleWebKit/537.36 (KHTML, like Gecko) Chrome/141.0.0.0 Mobile Safari/537.36"
2a00:23c4:6d9a:a301:3d1f:c31a:f298:6f99 - - [19/Oct/2025:10:37:55 -0400] "GET /wp-content/uploads/stand-and-deliver-animated-1.gif HTTP/1.1" 304 - "https://naughtygrin.com/" "Mozilla/5.0 (Linux; Android 10; K) AppleWebKit/537.36 (KHTML, like Gecko) Chrome/141.0.0.0 Mobile Safari/537.36"
125.237.217.186 - - [19/Oct/2025:10:37:56 -0400] "GET /wp-content/uploads/lean-to-animated.gif HTTP/1.1" 200 244202 "https://sexpositions.online/category/position/page/19/" "Mozilla/5.0 (Linux; Android 10; K) AppleWebKit/537.36 (KHTML, like Gecko) Chrome/141.0.0.0 Mobile Safari/537.36"
2402:3a80:1b5:796f:7555:dce7:1f13:819 - - [19/Oct/2025:10:37:56 -0400] "GET /wp-content/uploads/speed-bump-animated.gif HTTP/1.1" 304 - "https://www.google.com/" "Mozilla/5.0 (Linux; Android 10; motorola one power Build/QPTS30.61-18-16-19; wv) AppleWebKit/537.36 (KHTML, like Gecko) Version/4.0 Chrome/140.0.7339.207 Mobile Safari/537.36 GoogleApp/16.40.23.ve.arm64"
197.185.137.40 - - [19/Oct/2025:10:37:56 -0400] "GET / HTTP/1.1" 200 125058 "-" "Mozilla/5.0 (Macintosh; Intel Mac OS X 10_11_1) AppleWebKit/601.2.4 (KHTML, like Gecko) Version/9.0.1 Safari/601.2.4 facebookexternalhit/1.1 Facebot Twitterbot/1.0"
85.208.96.209 - - [19/Oct/2025:10:37:56 -0400] "GET /page/20/?action=repository_opensearch&count=20&index_id=340&order=17&pn=1 HTTP/1.1" 200 116263 "-" "Mozilla/5.0 (compatible; SemrushBot/7~bl; +http://www.semrush.com/bot.html)"
125.237.217.186 - - [19/Oct/2025:10:37:57 -0400] "GET /ladies-choice/ HTTP/1.1" 200 98213 "https://sexpositions.online/category/position/page/19/" "Mozilla/5.0 (Linux; Android 10; K) AppleWebKit/537.36 (KHTML, like Gecko) Chrome/141.0.0.0 Mobile Safari/537.36"
125.237.217.186 - - [19/Oct/2025:10:37:59 -0400] "GET /wp-content/uploads/love-pump-animated.gif HTTP/1.1" 200 231610 "https://sexpositions.online/category/position/page/19/" "Mozilla/5.0 (Linux; Android 10; K) AppleWebKit/537.36 (KHTML, like Gecko) Chrome/141.0.0.0 Mobile Safari/537.36"
66.78.180.81 - - [19/Oct/2025:10:38:04 -0400] "GET /wp-content/uploads/seesaw-animated.gif HTTP/1.1" 304 - "https://www.google.com/" "Mozilla/5.0 (iPhone; CPU iPhone OS 18_6_2 like Mac OS X) AppleWebKit/605.1.15 (KHTML, like Gecko) Version/18.6 Mobile/15E148 Safari/604.1"
125.237.217.186 - - [19/Oct/2025:10:38:04 -0400] "GET /mermaid/ HTTP/1.1" 200 98019 "https://sexpositions.online/category/position/page/19/" "Mozilla/5.0 (Linux; Android 10; K) AppleWebKit/537.36 (KHTML, like Gecko) Chrome/141.0.0.0 Mobile Safari/537.36"
2601:195:c500:1350:b03a:3b10:f218:a870 - - [19/Oct/2025:10:38:05 -0400] "GET /wp-content/uploads/jackhammer-animated.gif HTTP/1.1" 304 - "https://games.espn.com/" "Mozilla/5.0 (iPhone; CPU iPhone OS 18_6_2 like Mac OS X) AppleWebKit/605.1.15 (KHTML, like Gecko) Mobile/15E148"
2a00:23c4:6d9a:a301:3d1f:c31a:f298:6f99 - - [19/Oct/2025:10:38:06 -0400] "GET /wp-content/uploads/out-of-sight-animated.gif HTTP/1.1" 304 - "https://naughtygrin.com/" "Mozilla/5.0 (Linux; Android 10; K) AppleWebKit/537.36 (KHTML, like Gecko) Chrome/141.0.0.0 Mobile Safari/537.36"
125.237.217.186 - - [19/Oct/2025:10:38:07 -0400] "GET /wp-content/uploads/bent-spoon-animated-1.gif HTTP/1.1" 200 268562 "https://sexpositions.online/category/position/page/19/" "Mozilla/5.0 (Linux; Android 10; K) AppleWebKit/537.36 (KHTML, like Gecko) Chrome/141.0.0.0 Mobile Safari/537.36"
125.237.217.186 - - [19/Oct/2025:10:38:08 -0400] "GET /wp-content/uploads/lusty-launch-animated.gif HTTP/1.1" 200 251195 "https://sexpositions.online/category/position/page/19/" "Mozilla/5.0 (Linux; Android 10; K) AppleWebKit/537.36 (KHTML, like Gecko) Chrome/141.0.0.0 Mobile Safari/537.36"
125.237.217.186 - - [19/Oct/2025:10:38:09 -0400] "GET /lean-to/ HTTP/1.1" 200 98136 "https://sexpositions.online/category/position/page/19/" "Mozilla/5.0 (Linux; Android 10; K) AppleWebKit/537.36 (KHTML, like Gecko) Chrome/141.0.0.0 Mobile Safari/537.36"
125.237.217.186 - - [19/Oct/2025:10:38:13 -0400] "GET /wp-content/uploads/man-overboard-animated.gif HTTP/1.1" 200 228544 "https://sexpositions.online/category/position/page/19/" "Mozilla/5.0 (Linux; Android 10; K) AppleWebKit/537.36 (KHTML, like Gecko) Chrome/141.0.0.0 Mobile Safari/537.36"
2001:16b8:c16c:e300:f4b6:a0ca:a6b3:1ff4 - - [19/Oct/2025:10:38:16 -0400] "GET /wp-content/uploads/missionary-animated.gif HTTP/1.1" 304 - "https://www.google.com/" "Mozilla/5.0 (iPad; CPU OS 26_0_1 like Mac OS X) AppleWebKit/605.1.15 (KHTML, like Gecko) CriOS/141.0.7390.96 Mobile/15E148 Safari/604.1"
125.237.217.186 - - [19/Oct/2025:10:38:16 -0400] "GET /wp-content/uploads/trampoline-animated-1.gif HTTP/1.1" 200 302040 "https://sexpositions.online/category/position/page/19/" "Mozilla/5.0 (Linux; Android 10; K) AppleWebKit/537.36 (KHTML, like Gecko) Chrome/141.0.0.0 Mobile Safari/537.36"
66.116.199.115 - - [19/Oct/2025:10:38:20 -0400] "POST /wp-cron.php?doing_wp_cron=1760884700.5859799385070800781250 HTTP/1.1" 200 - "-" "WordPress/6.8.3; https://sexpositions.online"
66.249.64.225 - - [19/Oct/2025:10:38:20 -0400] "GET /upward-dog/ HTTP/1.1" 200 98062 "-" "Mozilla/5.0 (Linux; Android 6.0.1; Nexus 5X Build/MMB29P) AppleWebKit/537.36 (KHTML, like Gecko) Chrome/140.0.7339.207 Mobile Safari/537.36 (compatible; Googlebot/2.1; +http://www.google.com/bot.html)"
2401:4900:6076:fdeb::1224:4a73 - - [19/Oct/2025:10:38:23 -0400] "GET /the-throne/ HTTP/1.1" 200 98099 "-" "Mozilla/5.0 (Linux; Android 11; vivo 1901) AppleWebKit/537.36 (KHTML, like Gecko) Version/4.0 Chrome/123.0.6312.118 Mobile Safari/537.36 VivoBrowser/14.7.2.0"
2a03:2880:22ff:4:: - - [19/Oct/2025:10:38:24 -0400] "GET / HTTP/1.1" 200 125058 "-" "facebookexternalhit/1.1 (+http://www.facebook.com/externalhit_uatext.php)"
146.90.101.98 - - [19/Oct/2025:10:38:27 -0400] "GET /sideways/ HTTP/1.1" 200 98119 "https://www.google.com/" "Mozilla/5.0 (Linux; Android 10; K) AppleWebKit/537.36 (KHTML, like Gecko) Chrome/141.0.0.0 Mobile Safari/537.36"
2409:40f2:103d:55c:8000:: - - [19/Oct/2025:10:38:27 -0400] "GET /oral/cunnilingus/ HTTP/1.1" 200 104753 "https://www.google.com/" "Mozilla/5.0 (Linux; Android 10; K) AppleWebKit/537.36 (KHTML, like Gecko) Chrome/141.0.0.0 Mobile Safari/537.36"
35.88.176.164 - - [19/Oct/2025:10:38:28 -0400] "GET /wp-content/uploads/banner.jpg HTTP/1.1" 304 - "-" "Mozilla/5.0 (Windows NT 10.0; Win64; x64) AppleWebKit/537.36 (KHTML, like Gecko) Chrome/137.0.0.0 Safari/537.36"
35.91.169.3 - - [19/Oct/2025:10:38:29 -0400] "GET /wp-content/uploads/speed-bump-animated.gif HTTP/1.1" 304 - "-" "Mozilla/5.0 (Windows NT 10.0; Win64; x64) AppleWebKit/537.36 (KHTML, like Gecko) Chrome/137.0.0.0 Safari/537.36"
54.190.151.39 - - [19/Oct/2025:10:38:30 -0400] "GET /wp-content/uploads/doggy-style-animated.gif HTTP/1.1" 304 - "-" "Mozilla/5.0 (Windows NT 10.0; Win64; x64) AppleWebKit/537.36 (KHTML, like Gecko) Chrome/137.0.0.0 Safari/537.36"
44.243.37.100 - - [19/Oct/2025:10:38:30 -0400] "GET /wp-content/uploads/butterfly-animated.gif HTTP/1.1" 304 - "-" "Mozilla/5.0 (Windows NT 10.0; Win64; x64) AppleWebKit/537.36 (KHTML, like Gecko) Chrome/137.0.0.0 Safari/537.36"
2a00:23c4:6d9a:a301:3d1f:c31a:f298:6f99 - - [19/Oct/2025:10:38:34 -0400] "GET /wp-content/uploads/two-4-one-animated.gif HTTP/1.1" 304 - "https://naughtygrin.com/" "Mozilla/5.0 (Linux; Android 10; K) AppleWebKit/537.36 (KHTML, like Gecko) Chrome/141.0.0.0 Mobile Safari/537.36"
125.237.217.186 - - [19/Oct/2025:10:38:35 -0400] "GET /trampoline/ HTTP/1.1" 200 98076 "https://sexpositions.online/category/position/page/19/" "Mozilla/5.0 (Linux; Android 10; K) AppleWebKit/537.36 (KHTML, like Gecko) Chrome/141.0.0.0 Mobile Safari/537.36"
2a03:2880:30ff:5d:: - - [19/Oct/2025:10:38:35 -0400] "GET / HTTP/1.1" 200 125058 "https://www.facebook.com/" "Mozilla/5.0 (Windows NT 10.0; Win64; x64) AppleWebKit/537.36 (KHTML, like Gecko) Chrome/141.0.0.0 Safari/537.36"
20.73.132.240 - - [19/Oct/2025:10:38:35 -0400] "GET /wp-content/uploads/reverse-69-animated.gif HTTP/1.1" 304 - "-" "DuckDuckBot/1.1; (+http://duckduckgo.com/duckduckbot.html)"
125.237.217.186 - - [19/Oct/2025:10:38:36 -0400] "GET /category/position/page/20/ HTTP/1.1" 200 116398 "https://sexpositions.online/category/position/page/19/" "Mozilla/5.0 (Linux; Android 10; K) AppleWebKit/537.36 (KHTML, like Gecko) Chrome/141.0.0.0 Mobile Safari/537.36"
2a03:2880:30ff:5d:: - - [19/Oct/2025:10:38:36 -0400] "GET /wp-content/uploads/cropped-favicon-32x32.png HTTP/1.1" 304 - "https://sexpositions.online/" "Mozilla/5.0 (Windows NT 10.0; Win64; x64) AppleWebKit/537.36 (KHTML, like Gecko) Chrome/141.0.0.0 Safari/537.36"
2a00:23c4:6d9a:a301:3d1f:c31a:f298:6f99 - - [19/Oct/2025:10:38:36 -0400] "GET /wp-content/uploads/squat-animated.gif HTTP/1.1" 200 223127 "https://naughtygrin.com/" "Mozilla/5.0 (Linux; Android 10; K) AppleWebKit/537.36 (KHTML, like Gecko) Chrome/141.0.0.0 Mobile Safari/537.36"
125.237.217.186 - - [19/Oct/2025:10:38:36 -0400] "GET /wp-content/uploads/the-vibe-animated.gif HTTP/1.1" 304 - "https://sexpositions.online/category/position/page/20/" "Mozilla/5.0 (Linux; Android 10; K) AppleWebKit/537.36 (KHTML, like Gecko) Chrome/141.0.0.0 Mobile Safari/537.36"
125.237.217.186 - - [19/Oct/2025:10:38:36 -0400] "GET /wp-content/uploads/the-tipster-animated.gif HTTP/1.1" 304 - "https://sexpositions.online/category/position/page/20/" "Mozilla/5.0 (Linux; Android 10; K) AppleWebKit/537.36 (KHTML, like Gecko) Chrome/141.0.0.0 Mobile Safari/537.36"
125.237.217.186 - - [19/Oct/2025:10:38:36 -0400] "GET /wp-content/uploads/the-tumbler-animated.gif HTTP/1.1" 200 236830 "https://sexpositions.online/category/position/page/20/" "Mozilla/5.0 (Linux; Android 10; K) AppleWebKit/537.36 (KHTML, like Gecko) Chrome/141.0.0.0 Mobile Safari/537.36"
125.237.217.186 - - [19/Oct/2025:10:38:37 -0400] "GET /wp-content/uploads/two-4-one-animated.gif HTTP/1.1" 304 - "https://sexpositions.online/category/position/page/20/" "Mozilla/5.0 (Linux; Android 10; K) AppleWebKit/537.36 (KHTML, like Gecko) Chrome/141.0.0.0 Mobile Safari/537.36"
125.237.217.186 - - [19/Oct/2025:10:38:48 -0400] "GET /the-tipster/ HTTP/1.1" 200 98079 "https://sexpositions.online/category/position/page/20/" "Mozilla/5.0 (Linux; Android 10; K) AppleWebKit/537.36 (KHTML, like Gecko) Chrome/141.0.0.0 Mobile Safari/537.36"
2001:16b8:c16c:e300:f4b6:a0ca:a6b3:1ff4 - - [19/Oct/2025:10:38:48 -0400] "GET / HTTP/1.1" 200 125069 "https://www.google.com/" "Mozilla/5.0 (iPad; CPU OS 26_0_1 like Mac OS X) AppleWebKit/605.1.15 (KHTML, like Gecko) CriOS/141.0.7390.96 Mobile/15E148 Safari/604.1"
2001:16b8:c16c:e300:f4b6:a0ca:a6b3:1ff4 - - [19/Oct/2025:10:38:49 -0400] "GET /wp-content/uploads/banner.jpg HTTP/1.1" 304 - "https://sexpositions.online/" "Mozilla/5.0 (iPad; CPU OS 26_0_1 like Mac OS X) AppleWebKit/605.1.15 (KHTML, like Gecko) CriOS/141.0.7390.96 Mobile/15E148 Safari/604.1"
125.237.217.186 - - [19/Oct/2025:10:38:51 -0400] "GET /the-tumbler/ HTTP/1.1" 200 98017 "https://sexpositions.online/category/position/page/20/" "Mozilla/5.0 (Linux; Android 10; K) AppleWebKit/537.36 (KHTML, like Gecko) Chrome/141.0.0.0 Mobile Safari/537.36"
125.237.217.186 - - [19/Oct/2025:10:38:52 -0400] "GET /wp-content/uploads/two-timing-animated.gif HTTP/1.1" 304 - "https://sexpositions.online/category/position/page/20/" "Mozilla/5.0 (Linux; Android 10; K) AppleWebKit/537.36 (KHTML, like Gecko) Chrome/141.0.0.0 Mobile Safari/537.36"
66.78.180.81 - - [19/Oct/2025:10:38:53 -0400] "GET /wp-content/uploads/ceo-animated.gif HTTP/1.1" 304 - "https://www.google.com/" "Mozilla/5.0 (iPhone; CPU iPhone OS 18_6_2 like Mac OS X) AppleWebKit/605.1.15 (KHTML, like Gecko) Version/18.6 Mobile/15E148 Safari/604.1"
2001:16b8:c16c:e300:f4b6:a0ca:a6b3:1ff4 - - [19/Oct/2025:10:38:55 -0400] "GET /wp-content/uploads/amazon-animated.gif HTTP/1.1" 304 - "https://sexpositions.online/" "Mozilla/5.0 (iPad; CPU OS 26_0_1 like Mac OS X) AppleWebKit/605.1.15 (KHTML, like Gecko) CriOS/141.0.7390.96 Mobile/15E148 Safari/604.1"
2a00:23c4:6d9a:a301:3d1f:c31a:f298:6f99 - - [19/Oct/2025:10:38:55 -0400] "GET /wp-content/uploads/all-hands-on-deck-animated.gif HTTP/1.1" 304 - "https://naughtygrin.com/" "Mozilla/5.0 (Linux; Android 10; K) AppleWebKit/537.36 (KHTML, like Gecko) Chrome/141.0.0.0 Mobile Safari/537.36"
125.237.217.186 - - [19/Oct/2025:10:38:56 -0400] "GET /wp-content/uploads/up-against-the-wall-animated.gif HTTP/1.1" 304 - "https://sexpositions.online/category/position/page/20/" "Mozilla/5.0 (Linux; Android 10; K) AppleWebKit/537.36 (KHTML, like Gecko) Chrome/141.0.0.0 Mobile Safari/537.36"
2001:16b8:c16c:e300:f4b6:a0ca:a6b3:1ff4 - - [19/Oct/2025:10:38:57 -0400] "GET /wp-content/uploads/lotus-animated.gif HTTP/1.1" 304 - "https://sexpositions.online/" "Mozilla/5.0 (iPad; CPU OS 26_0_1 like Mac OS X) AppleWebKit/605.1.15 (KHTML, like Gecko) CriOS/141.0.7390.96 Mobile/15E148 Safari/604.1"
2001:16b8:c16c:e300:f4b6:a0ca:a6b3:1ff4 - - [19/Oct/2025:10:38:59 -0400] "GET /wp-content/uploads/doggy-style-animated.gif HTTP/1.1" 304 - "https://sexpositions.online/" "Mozilla/5.0 (iPad; CPU OS 26_0_1 like Mac OS X) AppleWebKit/605.1.15 (KHTML, like Gecko) CriOS/141.0.7390.96 Mobile/15E148 Safari/604.1"
2001:16b8:c16c:e300:f4b6:a0ca:a6b3:1ff4 - - [19/Oct/2025:10:38:59 -0400] "GET /wp-content/uploads/spooning-animated.gif HTTP/1.1" 304 - "https://sexpositions.online/" "Mozilla/5.0 (iPad; CPU OS 26_0_1 like Mac OS X) AppleWebKit/605.1.15 (KHTML, like Gecko) CriOS/141.0.7390.96 Mobile/15E148 Safari/604.1"
125.237.217.186 - - [19/Oct/2025:10:39:01 -0400] "GET /wp-content/uploads/worlds-strongest-animated.gif HTTP/1.1" 200 137048 "https://sexpositions.online/category/position/page/20/" "Mozilla/5.0 (Linux; Android 10; K) AppleWebKit/537.36 (KHTML, like Gecko) Chrome/141.0.0.0 Mobile Safari/537.36"
125.237.217.186 - - [19/Oct/2025:10:39:02 -0400] "GET /two-4-one/ HTTP/1.1" 200 98009 "https://sexpositions.online/category/position/page/20/" "Mozilla/5.0 (Linux; Android 10; K) AppleWebKit/537.36 (KHTML, like Gecko) Chrome/141.0.0.0 Mobile Safari/537.36"
125.237.217.186 - - [19/Oct/2025:10:39:02 -0400] "GET /wp-content/uploads/airplane-animated.gif HTTP/1.1" 304 - "https://sexpositions.online/category/position/page/20/" "Mozilla/5.0 (Linux; Android 10; K) AppleWebKit/537.36 (KHTML, like Gecko) Chrome/141.0.0.0 Mobile Safari/537.36"
2409:40e2:8:498e:8000:: - - [19/Oct/2025:10:39:02 -0400] "GET /upward-dog/ HTTP/1.1" 200 98062 "https://sexpositions.online/doggy-style/" "Mozilla/5.0 (Linux; Android 15; RMX5003 Build/UKQ1.231108.001; wv) AppleWebKit/537.36 (KHTML, like Gecko) Version/4.0 Chrome/140.0.7339.207 Mobile Safari/537.36"
2001:16b8:c16c:e300:f4b6:a0ca:a6b3:1ff4 - - [19/Oct/2025:10:39:04 -0400] "GET /wp-content/uploads/piledriver-animated.gif HTTP/1.1" 304 - "https://sexpositions.online/" "Mozilla/5.0 (iPad; CPU OS 26_0_1 like Mac OS X) AppleWebKit/605.1.15 (KHTML, like Gecko) CriOS/141.0.7390.96 Mobile/15E148 Safari/604.1"
2001:16b8:c16c:e300:f4b6:a0ca:a6b3:1ff4 - - [19/Oct/2025:10:39:05 -0400] "GET /wp-content/uploads/helicopter-animated.gif HTTP/1.1" 304 - "https://sexpositions.online/" "Mozilla/5.0 (iPad; CPU OS 26_0_1 like Mac OS X) AppleWebKit/605.1.15 (KHTML, like Gecko) CriOS/141.0.7390.96 Mobile/15E148 Safari/604.1"
2409:40e2:8:498e:8000:: - - [19/Oct/2025:10:39:06 -0400] "GET /reverse-cowgirl/ HTTP/1.1" 200 98063 "https://sexpositions.online/doggy-style/" "Mozilla/5.0 (Linux; Android 15; RMX5003 Build/UKQ1.231108.001; wv) AppleWebKit/537.36 (KHTML, like Gecko) Version/4.0 Chrome/140.0.7339.207 Mobile Safari/537.36"
125.237.217.186 - - [19/Oct/2025:10:39:06 -0400] "GET /two-timing/ HTTP/1.1" 200 97939 "https://sexpositions.online/category/position/page/20/" "Mozilla/5.0 (Linux; Android 10; K) AppleWebKit/537.36 (KHTML, like Gecko) Chrome/141.0.0.0 Mobile Safari/537.36"
2001:16b8:c16c:e300:f4b6:a0ca:a6b3:1ff4 - - [19/Oct/2025:10:39:06 -0400] "GET /wp-content/uploads/butterfly-animated.gif HTTP/1.1" 304 - "https://sexpositions.online/" "Mozilla/5.0 (iPad; CPU OS 26_0_1 like Mac OS X) AppleWebKit/605.1.15 (KHTML, like Gecko) CriOS/141.0.7390.96 Mobile/15E148 Safari/604.1"
40.77.167.61 - - [19/Oct/2025:10:39:08 -0400] "GET /?s=%E3%83%92%E3%83%A5%E3%83%8B%E3%83%B3%E3%82%AB%E3%82%A4 HTTP/1.1" 200 96520 "-" "Mozilla/5.0 AppleWebKit/537.36 (KHTML, like Gecko; compatible; bingbot/2.0; +http://www.bing.com/bingbot.htm) Chrome/116.0.1938.76 Safari/537.36"
2001:16b8:c16c:e300:f4b6:a0ca:a6b3:1ff4 - - [19/Oct/2025:10:39:09 -0400] "GET /wp-content/uploads/speed-bump-animated.gif HTTP/1.1" 304 - "https://sexpositions.online/" "Mozilla/5.0 (iPad; CPU OS 26_0_1 like Mac OS X) AppleWebKit/605.1.15 (KHTML, like Gecko) CriOS/141.0.7390.96 Mobile/15E148 Safari/604.1"
125.237.217.186 - - [19/Oct/2025:10:39:09 -0400] "GET /up-against-the-wall/ HTTP/1.1" 200 98161 "https://sexpositions.online/category/position/page/20/" "Mozilla/5.0 (Linux; Android 10; K) AppleWebKit/537.36 (KHTML, like Gecko) Chrome/141.0.0.0 Mobile Safari/537.36"
125.237.217.186 - - [19/Oct/2025:10:39:09 -0400] "GET /wp-content/uploads/a-little-on-the-side-animated.gif HTTP/1.1" 200 226162 "https://sexpositions.online/category/position/page/20/" "Mozilla/5.0 (Linux; Android 10; K) AppleWebKit/537.36 (KHTML, like Gecko) Chrome/141.0.0.0 Mobile Safari/537.36"
54.189.60.42 - - [19/Oct/2025:10:39:11 -0400] "GET / HTTP/1.1" 200 125058 "-" "Mozilla/5.0 (Macintosh; Intel Mac OS X 10_15_7) AppleWebKit/537.36 (KHTML, like Gecko) Chrome/102.0.0.0 Safari/537.36"
2409:40e2:8:498e:8000:: - - [19/Oct/2025:10:39:12 -0400] "GET /cowboy/ HTTP/1.1" 200 98022 "-" "Mozilla/5.0 (Linux; Android 15; K) AppleWebKit/537.36 (KHTML, like Gecko) Chrome/140.0.7339.207 Mobile Safari/537.36"
125.237.217.186 - - [19/Oct/2025:10:39:14 -0400] "GET /wp-content/uploads/upside-down-animated.gif HTTP/1.1" 200 166318 "https://sexpositions.online/category/position/page/20/" "Mozilla/5.0 (Linux; Android 10; K) AppleWebKit/537.36 (KHTML, like Gecko) Chrome/141.0.0.0 Mobile Safari/537.36"
125.237.217.186 - - [19/Oct/2025:10:39:15 -0400] "GET /airplane/ HTTP/1.1" 200 98051 "https://sexpositions.online/category/position/page/20/" "Mozilla/5.0 (Linux; Android 10; K) AppleWebKit/537.36 (KHTML, like Gecko) Chrome/141.0.0.0 Mobile Safari/537.36"
2409:40e2:8:498e:8000:: - - [19/Oct/2025:10:39:15 -0400] "GET /full-nelson/ HTTP/1.1" 200 98082 "https://sexpositions.online/cowboy/" "Mozilla/5.0 (Linux; Android 15; RMX5003 Build/UKQ1.231108.001; wv) AppleWebKit/537.36 (KHTML, like Gecko) Version/4.0 Chrome/140.0.7339.207 Mobile Safari/537.36"
2409:40e2:8:498e:8000:: - - [19/Oct/2025:10:39:21 -0400] "GET /frog/ HTTP/1.1" 200 98182 "https://sexpositions.online/full-nelson/" "Mozilla/5.0 (Linux; Android 15; RMX5003 Build/UKQ1.231108.001; wv) AppleWebKit/537.36 (KHTML, like Gecko) Version/4.0 Chrome/140.0.7339.207 Mobile Safari/537.36"
2409:40e2:8:498e:8000:: - - [19/Oct/2025:10:39:24 -0400] "GET /full-nelson/ HTTP/1.1" 200 98082 "https://sexpositions.online/frog/" "Mozilla/5.0 (Linux; Android 15; RMX5003 Build/UKQ1.231108.001; wv) AppleWebKit/537.36 (KHTML, like Gecko) Version/4.0 Chrome/140.0.7339.207 Mobile Safari/537.36"
2409:40e2:8:498e:8000:: - - [19/Oct/2025:10:39:25 -0400] "GET /reverse-cowgirl/ HTTP/1.1" 200 98063 "https://sexpositions.online/frog/" "Mozilla/5.0 (Linux; Android 15; K) AppleWebKit/537.36 (KHTML, like Gecko) Chrome/140.0.7339.207 Mobile Safari/537.36"
125.237.217.186 - - [19/Oct/2025:10:39:25 -0400] "GET /upside-down/ HTTP/1.1" 200 98054 "https://sexpositions.online/category/position/page/20/" "Mozilla/5.0 (Linux; Android 10; K) AppleWebKit/537.36 (KHTML, like Gecko) Chrome/141.0.0.0 Mobile Safari/537.36"
2409:40e2:8:498e:8000:: - - [19/Oct/2025:10:39:25 -0400] "GET /reverse-cowgirl/ HTTP/1.1" 200 98063 "https://sexpositions.online/frog/" "Mozilla/5.0 (Linux; Android 15; RMX5003 Build/UKQ1.231108.001; wv) AppleWebKit/537.36 (KHTML, like Gecko) Version/4.0 Chrome/140.0.7339.207 Mobile Safari/537.36"
125.237.217.186 - - [19/Oct/2025:10:39:26 -0400] "GET /category/position/page/21/ HTTP/1.1" 200 116409 "https://sexpositions.online/category/position/page/20/" "Mozilla/5.0 (Linux; Android 10; K) AppleWebKit/537.36 (KHTML, like Gecko) Chrome/141.0.0.0 Mobile Safari/537.36"
125.237.217.186 - - [19/Oct/2025:10:39:26 -0400] "GET /wp-content/uploads/aphrodites-delight-animated.gif HTTP/1.1" 200 178754 "https://sexpositions.online/category/position/page/21/" "Mozilla/5.0 (Linux; Android 10; K) AppleWebKit/537.36 (KHTML, like Gecko) Chrome/141.0.0.0 Mobile Safari/537.36"
125.237.217.186 - - [19/Oct/2025:10:39:26 -0400] "GET /wp-content/uploads/avalanche-animated.gif HTTP/1.1" 200 246379 "https://sexpositions.online/category/position/page/21/" "Mozilla/5.0 (Linux; Android 10; K) AppleWebKit/537.36 (KHTML, like Gecko) Chrome/141.0.0.0 Mobile Safari/537.36"
125.237.217.186 - - [19/Oct/2025:10:39:26 -0400] "GET /wp-content/uploads/anything-goes-animated.gif HTTP/1.1" 200 210874 "https://sexpositions.online/category/position/page/21/" "Mozilla/5.0 (Linux; Android 10; K) AppleWebKit/537.36 (KHTML, like Gecko) Chrome/141.0.0.0 Mobile Safari/537.36"
125.237.217.186 - - [19/Oct/2025:10:39:27 -0400] "GET /wp-content/uploads/waterfall-animated.gif HTTP/1.1" 200 232881 "https://sexpositions.online/category/position/page/21/" "Mozilla/5.0 (Linux; Android 10; K) AppleWebKit/537.36 (KHTML, like Gecko) Chrome/141.0.0.0 Mobile Safari/537.36"
125.237.217.186 - - [19/Oct/2025:10:39:28 -0400] "GET /anything-goes/ HTTP/1.1" 200 98020 "https://sexpositions.online/category/position/page/21/" "Mozilla/5.0 (Linux; Android 10; K) AppleWebKit/537.36 (KHTML, like Gecko) Chrome/141.0.0.0 Mobile Safari/537.36"
2409:40e2:8:498e:8000:: - - [19/Oct/2025:10:39:28 -0400] "GET /doggy-style/ HTTP/1.1" 200 102754 "https://sexpositions.online/reverse-cowgirl/" "Mozilla/5.0 (Linux; Android 15; RMX5003 Build/UKQ1.231108.001; wv) AppleWebKit/537.36 (KHTML, like Gecko) Version/4.0 Chrome/140.0.7339.207 Mobile Safari/537.36"
125.237.217.186 - - [19/Oct/2025:10:39:28 -0400] "GET /wp-content/uploads/back-up-animated.gif HTTP/1.1" 200 220103 "https://sexpositions.online/category/position/page/21/" "Mozilla/5.0 (Linux; Android 10; K) AppleWebKit/537.36 (KHTML, like Gecko) Chrome/141.0.0.0 Mobile Safari/537.36"
125.237.217.186 - - [19/Oct/2025:10:39:29 -0400] "GET /aphrodites-delight/ HTTP/1.1" 200 98293 "https://sexpositions.online/category/position/page/21/" "Mozilla/5.0 (Linux; Android 10; K) AppleWebKit/537.36 (KHTML, like Gecko) Chrome/141.0.0.0 Mobile Safari/537.36"
120.29.76.28 - - [19/Oct/2025:10:39:30 -0400] "GET /wp-content/uploads/inside-out-animated.gif HTTP/1.1" 304 - "https://www.google.com/" "Mozilla/5.0 (Linux; Android 11; Infinix X688B Build/RP1A.200720.011; wv) AppleWebKit/537.36 (KHTML, like Gecko) Version/4.0 Chrome/140.0.7339.207 Mobile Safari/537.36 GoogleApp/16.41.36.ve.arm64"
125.237.217.186 - - [19/Oct/2025:10:39:30 -0400] "GET /wp-content/uploads/beach-bonfire-animated.gif HTTP/1.1" 200 186935 "https://sexpositions.online/category/position/page/21/" "Mozilla/5.0 (Linux; Android 10; K) AppleWebKit/537.36 (KHTML, like Gecko) Chrome/141.0.0.0 Mobile Safari/537.36"
125.237.217.186 - - [19/Oct/2025:10:39:30 -0400] "GET /avalanche/ HTTP/1.1" 200 98118 "https://sexpositions.online/category/position/page/21/" "Mozilla/5.0 (Linux; Android 10; K) AppleWebKit/537.36 (KHTML, like Gecko) Chrome/141.0.0.0 Mobile Safari/537.36"
2409:40f0:3199:3853:a4c0:38ff:fe93:46c9 - - [19/Oct/2025:10:39:31 -0400] "GET / HTTP/1.1" 200 125069 "https://www.google.com/" "Mozilla/5.0 (Linux; Android 10; K) AppleWebKit/537.36 (KHTML, like Gecko) Chrome/141.0.0.0 Mobile Safari/537.36"
125.237.217.186 - - [19/Oct/2025:10:39:33 -0400] "GET /waterfall/ HTTP/1.1" 200 97991 "https://sexpositions.online/category/position/page/21/" "Mozilla/5.0 (Linux; Android 10; K) AppleWebKit/537.36 (KHTML, like Gecko) Chrome/141.0.0.0 Mobile Safari/537.36"
125.237.217.186 - - [19/Oct/2025:10:39:34 -0400] "GET /wp-content/uploads/belly-dancer-animated.gif HTTP/1.1" 200 224619 "https://sexpositions.online/category/position/page/21/" "Mozilla/5.0 (Linux; Android 10; K) AppleWebKit/537.36 (KHTML, like Gecko) Chrome/141.0.0.0 Mobile Safari/537.36"
125.237.217.186 - - [19/Oct/2025:10:39:34 -0400] "GET /wp-content/uploads/belly-flop-animated.gif HTTP/1.1" 200 177740 "https://sexpositions.online/category/position/page/21/" "Mozilla/5.0 (Linux; Android 10; K) AppleWebKit/537.36 (KHTML, like Gecko) Chrome/141.0.0.0 Mobile Safari/537.36"
125.237.217.186 - - [19/Oct/2025:10:39:38 -0400] "GET /back-up/ HTTP/1.1" 200 98050 "https://sexpositions.online/category/position/page/21/" "Mozilla/5.0 (Linux; Android 10; K) AppleWebKit/537.36 (KHTML, like Gecko) Chrome/141.0.0.0 Mobile Safari/537.36"
2001:16b8:c16c:e300:f4b6:a0ca:a6b3:1ff4 - - [19/Oct/2025:10:39:40 -0400] "GET /sitting/ HTTP/1.1" 200 106982 "https://sexpositions.online/" "Mozilla/5.0 (iPad; CPU OS 26_0_1 like Mac OS X) AppleWebKit/605.1.15 (KHTML, like Gecko) CriOS/141.0.7390.96 Mobile/15E148 Safari/604.1"
125.237.217.186 - - [19/Oct/2025:10:39:39 -0400] "GET /wp-content/uploads/big-wheelbarrow-animated.gif HTTP/1.1" 200 286289 "https://sexpositions.online/category/position/page/21/" "Mozilla/5.0 (Linux; Android 10; K) AppleWebKit/537.36 (KHTML, like Gecko) Chrome/141.0.0.0 Mobile Safari/537.36"
125.237.217.186 - - [19/Oct/2025:10:39:41 -0400] "GET /beach-bonfire/ HTTP/1.1" 200 98193 "https://sexpositions.online/category/position/page/21/" "Mozilla/5.0 (Linux; Android 10; K) AppleWebKit/537.36 (KHTML, like Gecko) Chrome/141.0.0.0 Mobile Safari/537.36"
125.237.217.186 - - [19/Oct/2025:10:39:42 -0400] "GET /wp-content/uploads/blind-love-animated.gif HTTP/1.1" 200 226705 "https://sexpositions.online/category/position/page/21/" "Mozilla/5.0 (Linux; Android 10; K) AppleWebKit/537.36 (KHTML, like Gecko) Chrome/141.0.0.0 Mobile Safari/537.36"
2409:40e2:8:498e:8000:: - - [19/Oct/2025:10:39:43 -0400] "GET /flatiron/ HTTP/1.1" 200 98039 "https://sexpositions.online/doggy-style/" "Mozilla/5.0 (Linux; Android 15; RMX5003 Build/UKQ1.231108.001; wv) AppleWebKit/537.36 (KHTML, like Gecko) Version/4.0 Chrome/140.0.7339.207 Mobile Safari/537.36"
2a02:3033:708:88a4:35ef:8ade:8510:6d0d - - [19/Oct/2025:10:39:43 -0400] "GET /wp-content/uploads/eiffel-tower-animated.gif HTTP/1.1" 200 173748 "https://www.google.com/" "Mozilla/5.0 (Linux; Android 11; SM-A202F Build/RP1A.200720.012; wv) AppleWebKit/537.36 (KHTML, like Gecko) Version/4.0 Chrome/141.0.7390.43 Mobile Safari/537.36 GoogleApp/16.37.48.ve.arm64"
125.237.217.186 - - [19/Oct/2025:10:39:45 -0400] "GET /belly-dancer/ HTTP/1.1" 200 98004 "https://sexpositions.online/category/position/page/21/" "Mozilla/5.0 (Linux; Android 10; K) AppleWebKit/537.36 (KHTML, like Gecko) Chrome/141.0.0.0 Mobile Safari/537.36"
2001:16b8:c16c:e300:f4b6:a0ca:a6b3:1ff4 - - [19/Oct/2025:10:39:46 -0400] "GET /wp-content/uploads/pretzel-animated.gif HTTP/1.1" 304 - "https://sexpositions.online/sitting/" "Mozilla/5.0 (iPad; CPU OS 26_0_1 like Mac OS X) AppleWebKit/605.1.15 (KHTML, like Gecko) CriOS/141.0.7390.96 Mobile/15E148 Safari/604.1"
202.8.113.220 - - [19/Oct/2025:10:39:47 -0400] "GET /wp-content/uploads/speed-bump-animated.gif HTTP/1.1" 304 - "https://www.google.com/search?q=sex+position+proper+face+anamition%C2%A0&hl=en-GB&rlz=1CDGOYI_enIN1095IN1100&sca_esv=5555fc7198e53737&cs=1&udm=2&biw=390&bih=669&sxsrf=AE3TifPb_DkQTHVNrcQ2hafS_Q4HOyQLZw%3A1760884708715&ei=5Pf0aK-7K_aY4-EPofXFqQE&oq=sex+position+proper+face+anamition%C2%A0&gs_lp=EhJtb2JpbGUtZ3dzLXdpei1pbWciJHNleCBwb3NpdGlvbiBwcm9wZXIgZmFjZSBhbmFtaXRpb27CoEjWM1DRDFjSMXAAeACQAQCYAbcCoAGFEKoBCDAuMTIuMC4xuAEDyAEA-AEBmAIAoAIAmAMAiAYBkgcAoAeQC7IHALgHAMIHAMgHAA&sclient=mobile-gws-wiz-img" "Mozilla/5.0 (iPhone; CPU iPhone OS 18_6_2 like Mac OS X) AppleWebKit/605.1.15 (KHTML, like Gecko) CriOS/141.0.7390.69 Mobile/15E148 Safari/604.1"
2409:40e2:8:498e:8000:: - - [19/Oct/2025:10:39:49 -0400] "GET /cowgirl/ HTTP/1.1" 200 101897 "https://sexpositions.online/doggy-style/" "Mozilla/5.0 (Linux; Android 15; K) AppleWebKit/537.36 (KHTML, like Gecko) Chrome/140.0.7339.207 Mobile Safari/537.36"
2a02:3033:708:88a4:35ef:8ade:8510:6d0d - - [19/Oct/2025:10:39:50 -0400] "GET /doggy-style/ HTTP/1.1" 200 102754 "https://www.google.com/" "Mozilla/5.0 (Linux; Android 10; K) AppleWebKit/537.36 (KHTML, like Gecko) Chrome/141.0.0.0 Mobile Safari/537.36"
2a02:3033:708:88a4:35ef:8ade:8510:6d0d - - [19/Oct/2025:10:39:51 -0400] "GET /wp-content/themes/astra/assets/css/minified/main.min.css?ver=4.11.12 HTTP/1.1" 304 - "https://sexpositions.online/doggy-style/" "Mozilla/5.0 (Linux; Android 10; K) AppleWebKit/537.36 (KHTML, like Gecko) Chrome/141.0.0.0 Mobile Safari/537.36"
2a02:3033:708:88a4:35ef:8ade:8510:6d0d - - [19/Oct/2025:10:39:51 -0400] "GET /wp-includes/css/dist/block-library/style.min.css?ver=6.8.3 HTTP/1.1" 304 - "https://sexpositions.online/doggy-style/" "Mozilla/5.0 (Linux; Android 10; K) AppleWebKit/537.36 (KHTML, like Gecko) Chrome/141.0.0.0 Mobile Safari/537.36"
2a02:3033:708:88a4:35ef:8ade:8510:6d0d - - [19/Oct/2025:10:39:51 -0400] "GET /wp-content/themes/astra/assets/js/minified/frontend.min.js?ver=4.11.12 HTTP/1.1" 304 - "https://sexpositions.online/doggy-style/" "Mozilla/5.0 (Linux; Android 10; K) AppleWebKit/537.36 (KHTML, like Gecko) Chrome/141.0.0.0 Mobile Safari/537.36"
2a02:3033:708:88a4:35ef:8ade:8510:6d0d - - [19/Oct/2025:10:39:52 -0400] "GET /wp-includes/js/wp-emoji-release.min.js?ver=6.8.3 HTTP/1.1" 304 - "https://sexpositions.online/doggy-style/" "Mozilla/5.0 (Linux; Android 10; K) AppleWebKit/537.36 (KHTML, like Gecko) Chrome/141.0.0.0 Mobile Safari/537.36"
2a02:3033:708:88a4:35ef:8ade:8510:6d0d - - [19/Oct/2025:10:39:52 -0400] "GET /wp-content/uploads/upward-dog-animated.gif HTTP/1.1" 200 219384 "https://sexpositions.online/doggy-style/" "Mozilla/5.0 (Linux; Android 10; K) AppleWebKit/537.36 (KHTML, like Gecko) Chrome/141.0.0.0 Mobile Safari/537.36"
2a02:3033:708:88a4:35ef:8ade:8510:6d0d - - [19/Oct/2025:10:39:52 -0400] "GET /wp-content/uploads/cropped-favicon-192x192.png HTTP/1.1" 304 - "https://sexpositions.online/doggy-style/" "Mozilla/5.0 (Linux; Android 10; K) AppleWebKit/537.36 (KHTML, like Gecko) Chrome/141.0.0.0 Mobile Safari/537.36"
2a02:3033:708:88a4:35ef:8ade:8510:6d0d - - [19/Oct/2025:10:39:52 -0400] "GET /wp-content/uploads/cropped-favicon-180x180.png HTTP/1.1" 304 - "https://sexpositions.online/doggy-style/" "Mozilla/5.0 (Linux; Android 10; K) AppleWebKit/537.36 (KHTML, like Gecko) Chrome/141.0.0.0 Mobile Safari/537.36"
125.237.217.186 - - [19/Oct/2025:10:39:52 -0400] "GET /belly-flop/ HTTP/1.1" 200 98012 "https://sexpositions.online/category/position/page/21/" "Mozilla/5.0 (Linux; Android 10; K) AppleWebKit/537.36 (KHTML, like Gecko) Chrome/141.0.0.0 Mobile Safari/537.36"
2a02:3033:708:88a4:35ef:8ade:8510:6d0d - - [19/Oct/2025:10:39:55 -0400] "GET /wp-content/uploads/flatiron-animated.gif HTTP/1.1" 200 166317 "https://sexpositions.online/doggy-style/" "Mozilla/5.0 (Linux; Android 10; K) AppleWebKit/537.36 (KHTML, like Gecko) Chrome/141.0.0.0 Mobile Safari/537.36"
2a02:3033:708:88a4:35ef:8ade:8510:6d0d - - [19/Oct/2025:10:39:56 -0400] "GET /wp-content/uploads/downward-dog-animated-1.gif HTTP/1.1" 304 - "https://sexpositions.online/doggy-style/" "Mozilla/5.0 (Linux; Android 10; K) AppleWebKit/537.36 (KHTML, like Gecko) Chrome/141.0.0.0 Mobile Safari/537.36"
2a00:23c4:6d9a:a301:3d1f:c31a:f298:6f99 - - [19/Oct/2025:10:40:00 -0400] "GET /wp-content/uploads/hula-girl-animated.gif HTTP/1.1" 304 - "https://naughtygrin.com/" "Mozilla/5.0 (Linux; Android 10; K) AppleWebKit/537.36 (KHTML, like Gecko) Chrome/141.0.0.0 Mobile Safari/537.36"
125.237.217.186 - - [19/Oct/2025:10:40:00 -0400] "GET /big-wheelbarrow/ HTTP/1.1" 200 98107 "https://sexpositions.online/category/position/page/21/" "Mozilla/5.0 (Linux; Android 10; K) AppleWebKit/537.36 (KHTML, like Gecko) Chrome/141.0.0.0 Mobile Safari/537.36"
2a02:3033:708:88a4:35ef:8ade:8510:6d0d - - [19/Oct/2025:10:40:01 -0400] "GET /wp-content/uploads/turtle-animated.gif HTTP/1.1" 200 177462 "https://sexpositions.online/doggy-style/" "Mozilla/5.0 (Linux; Android 10; K) AppleWebKit/537.36 (KHTML, like Gecko) Chrome/141.0.0.0 Mobile Safari/537.36"
125.237.217.186 - - [19/Oct/2025:10:40:02 -0400] "GET /blind-love/ HTTP/1.1" 200 98093 "https://sexpositions.online/category/position/page/21/" "Mozilla/5.0 (Linux; Android 10; K) AppleWebKit/537.36 (KHTML, like Gecko) Chrome/141.0.0.0 Mobile Safari/537.36"
125.237.217.186 - - [19/Oct/2025:10:40:05 -0400] "GET /category/position/page/22/ HTTP/1.1" 200 116495 "https://sexpositions.online/category/position/page/21/" "Mozilla/5.0 (Linux; Android 10; K) AppleWebKit/537.36 (KHTML, like Gecko) Chrome/141.0.0.0 Mobile Safari/537.36"
125.237.217.186 - - [19/Oct/2025:10:40:05 -0400] "GET /wp-content/uploads/body-booster-animated.gif HTTP/1.1" 304 - "https://sexpositions.online/category/position/page/22/" "Mozilla/5.0 (Linux; Android 10; K) AppleWebKit/537.36 (KHTML, like Gecko) Chrome/141.0.0.0 Mobile Safari/537.36"
125.237.217.186 - - [19/Oct/2025:10:40:05 -0400] "GET /wp-content/uploads/bottom-jig-animated.gif HTTP/1.1" 200 198063 "https://sexpositions.online/category/position/page/22/" "Mozilla/5.0 (Linux; Android 10; K) AppleWebKit/537.36 (KHTML, like Gecko) Chrome/141.0.0.0 Mobile Safari/537.36"
125.237.217.186 - - [19/Oct/2025:10:40:05 -0400] "GET /wp-content/uploads/boot-it-up-animated.gif HTTP/1.1" 200 262995 "https://sexpositions.online/category/position/page/22/" "Mozilla/5.0 (Linux; Android 10; K) AppleWebKit/537.36 (KHTML, like Gecko) Chrome/141.0.0.0 Mobile Safari/537.36"
118.211.165.201 - - [19/Oct/2025:10:40:06 -0400] "GET / HTTP/1.1" 200 125069 "https://www.google.com/" "Mozilla/5.0 (Linux; Android 10; K) AppleWebKit/537.36 (KHTML, like Gecko) Chrome/141.0.0.0 Mobile Safari/537.36"
118.211.165.201 - - [19/Oct/2025:10:40:07 -0400] "GET /wp-content/themes/astra/assets/css/minified/main.min.css?ver=4.11.12 HTTP/1.1" 304 - "https://sexpositions.online/" "Mozilla/5.0 (Linux; Android 10; K) AppleWebKit/537.36 (KHTML, like Gecko) Chrome/141.0.0.0 Mobile Safari/537.36"
118.211.165.201 - - [19/Oct/2025:10:40:07 -0400] "GET /wp-content/uploads/banner.jpg HTTP/1.1" 304 - "https://sexpositions.online/" "Mozilla/5.0 (Linux; Android 10; K) AppleWebKit/537.36 (KHTML, like Gecko) Chrome/141.0.0.0 Mobile Safari/537.36"
118.211.165.201 - - [19/Oct/2025:10:40:07 -0400] "GET /wp-includes/css/dist/block-library/style.min.css?ver=6.8.3 HTTP/1.1" 304 - "https://sexpositions.online/" "Mozilla/5.0 (Linux; Android 10; K) AppleWebKit/537.36 (KHTML, like Gecko) Chrome/141.0.0.0 Mobile Safari/537.36"
118.211.165.201 - - [19/Oct/2025:10:40:07 -0400] "GET /wp-content/uploads/cowgirl-animated.gif HTTP/1.1" 304 - "https://sexpositions.online/" "Mozilla/5.0 (Linux; Android 10; K) AppleWebKit/537.36 (KHTML, like Gecko) Chrome/141.0.0.0 Mobile Safari/537.36"
125.237.217.186 - - [19/Oct/2025:10:40:07 -0400] "GET /wp-content/uploads/boys-on-the-side-animated.gif HTTP/1.1" 200 255395 "https://sexpositions.online/category/position/page/22/" "Mozilla/5.0 (Linux; Android 10; K) AppleWebKit/537.36 (KHTML, like Gecko) Chrome/141.0.0.0 Mobile Safari/537.36"
118.211.165.201 - - [19/Oct/2025:10:40:07 -0400] "GET /wp-content/themes/astra/assets/js/minified/frontend.min.js?ver=4.11.12 HTTP/1.1" 304 - "https://sexpositions.online/" "Mozilla/5.0 (Linux; Android 10; K) AppleWebKit/537.36 (KHTML, like Gecko) Chrome/141.0.0.0 Mobile Safari/537.36"
118.211.165.201 - - [19/Oct/2025:10:40:07 -0400] "GET /wp-includes/js/wp-emoji-release.min.js?ver=6.8.3 HTTP/1.1" 304 - "https://sexpositions.online/" "Mozilla/5.0 (Linux; Android 10; K) AppleWebKit/537.36 (KHTML, like Gecko) Chrome/141.0.0.0 Mobile Safari/537.36"
118.211.165.201 - - [19/Oct/2025:10:40:08 -0400] "GET /wp-content/uploads/cropped-favicon-192x192.png HTTP/1.1" 304 - "https://sexpositions.online/" "Mozilla/5.0 (Linux; Android 10; K) AppleWebKit/537.36 (KHTML, like Gecko) Chrome/141.0.0.0 Mobile Safari/537.36"
118.211.165.201 - - [19/Oct/2025:10:40:08 -0400] "GET /wp-content/uploads/cropped-favicon-180x180.png HTTP/1.1" 304 - "https://sexpositions.online/" "Mozilla/5.0 (Linux; Android 10; K) AppleWebKit/537.36 (KHTML, like Gecko) Chrome/141.0.0.0 Mobile Safari/537.36"
2a02:3033:708:88a4:35ef:8ade:8510:6d0d - - [19/Oct/2025:10:40:08 -0400] "GET /wp-content/uploads/lazy-dog-animated-1.gif HTTP/1.1" 304 - "https://sexpositions.online/doggy-style/" "Mozilla/5.0 (Linux; Android 10; K) AppleWebKit/537.36 (KHTML, like Gecko) Chrome/141.0.0.0 Mobile Safari/537.36"
118.211.165.201 - - [19/Oct/2025:10:40:09 -0400] "GET /wp-content/uploads/amazon-animated.gif HTTP/1.1" 304 - "https://sexpositions.online/" "Mozilla/5.0 (Linux; Android 10; K) AppleWebKit/537.36 (KHTML, like Gecko) Chrome/141.0.0.0 Mobile Safari/537.36"
