2a01:cb0d:8035:1f53:c8d9:a53d:7bca:ef51 - - [19/Oct/2025:11:45:38 -0400] "GET /wp-content/uploads/the-tumbler-animated.gif HTTP/1.1" 200 236830 "https://sexpositions.online/oral/cunnilingus/" "Mozilla/5.0 (iPhone; CPU iPhone OS 18_6_2 like Mac OS X) AppleWebKit/605.1.15 (KHTML, like Gecko) CriOS/141.0.7390.41 Mobile/15E148 Safari/604.1"
79.127.139.239 - - [19/Oct/2025:11:45:39 -0400] "GET /wp-content/uploads/amazon-animated.gif HTTP/1.1" 304 - "https://sexpositions.online/" "Mozilla/5.0 (iPhone; CPU iPhone OS 18_7 like Mac OS X) AppleWebKit/605.1.15 (KHTML, like Gecko) Version/26.0.1 Mobile/15E148 Safari/604.1"
2a01:cb0d:8035:1f53:c8d9:a53d:7bca:ef51 - - [19/Oct/2025:11:45:39 -0400] "GET /wp-content/uploads/the-headlock-animated.gif HTTP/1.1" 200 202338 "https://sexpositions.online/oral/cunnilingus/" "Mozilla/5.0 (iPhone; CPU iPhone OS 18_6_2 like Mac OS X) AppleWebKit/605.1.15 (KHTML, like Gecko) CriOS/141.0.7390.41 Mobile/15E148 Safari/604.1"
74.14.208.5 - - [19/Oct/2025:11:45:42 -0400] "GET /wp-content/uploads/good-vibrations-animated.gif HTTP/1.1" 200 209308 "https://sexpositions.online/foreplay/" "Mozilla/5.0 (iPhone; CPU iPhone OS 18_5_0 like Mac OS X) AppleWebKit/605.1.15 (KHTML, like Gecko) CriOS/141.0.7390.96 Mobile/15E148 Safari/604.1"
2a01:cb0d:8035:1f53:c8d9:a53d:7bca:ef51 - - [19/Oct/2025:11:45:43 -0400] "GET /wp-content/uploads/the-flat-back-animated.gif HTTP/1.1" 304 - "https://sexpositions.online/oral/cunnilingus/" "Mozilla/5.0 (iPhone; CPU iPhone OS 18_6_2 like Mac OS X) AppleWebKit/605.1.15 (KHTML, like Gecko) CriOS/141.0.7390.41 Mobile/15E148 Safari/604.1"
2a01:cb0d:8035:1f53:c8d9:a53d:7bca:ef51 - - [19/Oct/2025:11:45:44 -0400] "GET /wp-content/uploads/the-buffet-animated.gif HTTP/1.1" 304 - "https://sexpositions.online/oral/cunnilingus/" "Mozilla/5.0 (iPhone; CPU iPhone OS 18_6_2 like Mac OS X) AppleWebKit/605.1.15 (KHTML, like Gecko) CriOS/141.0.7390.41 Mobile/15E148 Safari/604.1"
74.14.208.5 - - [19/Oct/2025:11:45:44 -0400] "GET /wp-content/uploads/footsie-animated.gif HTTP/1.1" 200 202355 "https://sexpositions.online/foreplay/" "Mozilla/5.0 (iPhone; CPU iPhone OS 18_5_0 like Mac OS X) AppleWebKit/605.1.15 (KHTML, like Gecko) CriOS/141.0.7390.96 Mobile/15E148 Safari/604.1"
2a01:cb0d:8035:1f53:c8d9:a53d:7bca:ef51 - - [19/Oct/2025:11:45:45 -0400] "GET /wp-content/uploads/kissing-the-pink-animated.gif HTTP/1.1" 200 421658 "https://sexpositions.online/oral/cunnilingus/" "Mozilla/5.0 (iPhone; CPU iPhone OS 18_6_2 like Mac OS X) AppleWebKit/605.1.15 (KHTML, like Gecko) CriOS/141.0.7390.41 Mobile/15E148 Safari/604.1"
2a01:cb0d:8035:1f53:c8d9:a53d:7bca:ef51 - - [19/Oct/2025:11:45:46 -0400] "GET /wp-content/uploads/head-rush-animated.gif HTTP/1.1" 304 - "https://sexpositions.online/oral/cunnilingus/" "Mozilla/5.0 (iPhone; CPU iPhone OS 18_6_2 like Mac OS X) AppleWebKit/605.1.15 (KHTML, like Gecko) CriOS/141.0.7390.41 Mobile/15E148 Safari/604.1"
74.14.208.5 - - [19/Oct/2025:11:45:47 -0400] "GET /wp-content/uploads/love-bug-animated.gif HTTP/1.1" 200 201099 "https://sexpositions.online/foreplay/" "Mozilla/5.0 (iPhone; CPU iPhone OS 18_5_0 like Mac OS X) AppleWebKit/605.1.15 (KHTML, like Gecko) CriOS/141.0.7390.96 Mobile/15E148 Safari/604.1"
49.190.188.11 - - [19/Oct/2025:11:45:53 -0400] "GET /from-behind/ HTTP/1.1" 200 102707 "https://www.google.com/" "Mozilla/5.0 (iPhone; CPU iPhone OS 18_7 like Mac OS X) AppleWebKit/605.1.15 (KHTML, like Gecko) Version/26.0.1 Mobile/15E148 Safari/604.1"
2a01:cb0d:8035:1f53:c8d9:a53d:7bca:ef51 - - [19/Oct/2025:11:45:53 -0400] "GET /oral/ HTTP/1.1" 200 105341 "https://www.google.com/" "Mozilla/5.0 (iPhone; CPU iPhone OS 18_6_2 like Mac OS X) AppleWebKit/605.1.15 (KHTML, like Gecko) CriOS/141.0.7390.41 Mobile/15E148 Safari/604.1"
49.190.188.11 - - [19/Oct/2025:11:45:54 -0400] "HEAD /from-behind/ HTTP/1.1" 200 - "https://sexpositions.online/from-behind/" "Mozilla/5.0 (iPhone; CPU iPhone OS 18_7 like Mac OS X) AppleWebKit/605.1.15 (KHTML, like Gecko) Version/26.0.1 Mobile/15E148 Safari/604.1"
176.59.101.80 - - [19/Oct/2025:11:45:58 -0400] "GET /wp-content/uploads/cat-animated.gif HTTP/1.1" 304 - "https://yandex.ru/images/touch/search?itype=gifan&lr=135354&text=%D0%A1%D0%B5%D0%BA%D1%81%D1%83%D0%B0%D0%BB%D1%8C%D0%BD%D1%8B%D0%B5+%D0%BF%D0%BE%D0%B7%D1%8B&img_url=https%3A%2F%2Fporngifmag.com%2Fcontent%2F2017%2F02%2Fporn-gif-magazine-italiansd0itbetter_003-1.gif&pos=948&rpt=simage&redircnt=1758271526.1&p=21" "Mozilla/5.0 (Linux; Android 10; K) AppleWebKit/537.36 (KHTML, like Gecko) Chrome/141.0.0.0 Mobile Safari/537.36"
41.186.136.221 - - [19/Oct/2025:11:46:01 -0400] "GET / HTTP/1.1" 200 125069 "https://sexpositions.online/helicopter/" "Mozilla/5.0 (iPhone; CPU iPhone OS 26_0_1 like Mac OS X) AppleWebKit/605.1.15 (KHTML, like Gecko) CriOS/132.0.6834.100 Mobile/15E148 Safari/604.1"
41.186.136.221 - - [19/Oct/2025:11:46:01 -0400] "GET /wp-content/themes/astra/assets/css/minified/main.min.css?ver=4.11.12 HTTP/1.1" 304 - "https://sexpositions.online/" "Mozilla/5.0 (iPhone; CPU iPhone OS 26_0_1 like Mac OS X) AppleWebKit/605.1.15 (KHTML, like Gecko) CriOS/132.0.6834.100 Mobile/15E148 Safari/604.1"
41.186.136.221 - - [19/Oct/2025:11:46:01 -0400] "GET /wp-content/uploads/banner.jpg HTTP/1.1" 304 - "https://sexpositions.online/" "Mozilla/5.0 (iPhone; CPU iPhone OS 26_0_1 like Mac OS X) AppleWebKit/605.1.15 (KHTML, like Gecko) CriOS/132.0.6834.100 Mobile/15E148 Safari/604.1"
41.186.136.221 - - [19/Oct/2025:11:46:01 -0400] "GET /wp-includes/css/dist/block-library/style.min.css?ver=6.8.3 HTTP/1.1" 304 - "https://sexpositions.online/" "Mozilla/5.0 (iPhone; CPU iPhone OS 26_0_1 like Mac OS X) AppleWebKit/605.1.15 (KHTML, like Gecko) CriOS/132.0.6834.100 Mobile/15E148 Safari/604.1"
41.186.136.221 - - [19/Oct/2025:11:46:02 -0400] "GET /wp-content/themes/astra/assets/js/minified/frontend.min.js?ver=4.11.12 HTTP/1.1" 304 - "https://sexpositions.online/" "Mozilla/5.0 (iPhone; CPU iPhone OS 26_0_1 like Mac OS X) AppleWebKit/605.1.15 (KHTML, like Gecko) CriOS/132.0.6834.100 Mobile/15E148 Safari/604.1"
41.186.136.221 - - [19/Oct/2025:11:46:02 -0400] "GET /wp-content/uploads/cowgirl-animated.gif HTTP/1.1" 304 - "https://sexpositions.online/" "Mozilla/5.0 (iPhone; CPU iPhone OS 26_0_1 like Mac OS X) AppleWebKit/605.1.15 (KHTML, like Gecko) CriOS/132.0.6834.100 Mobile/15E148 Safari/604.1"
41.186.136.221 - - [19/Oct/2025:11:46:02 -0400] "GET /wp-content/uploads/helicopter-animated.gif HTTP/1.1" 304 - "https://sexpositions.online/" "Mozilla/5.0 (iPhone; CPU iPhone OS 26_0_1 like Mac OS X) AppleWebKit/605.1.15 (KHTML, like Gecko) CriOS/132.0.6834.100 Mobile/15E148 Safari/604.1"
41.186.136.221 - - [19/Oct/2025:11:46:02 -0400] "GET /wp-content/uploads/butterfly-animated.gif HTTP/1.1" 304 - "https://sexpositions.online/" "Mozilla/5.0 (iPhone; CPU iPhone OS 26_0_1 like Mac OS X) AppleWebKit/605.1.15 (KHTML, like Gecko) CriOS/132.0.6834.100 Mobile/15E148 Safari/604.1"
41.186.136.221 - - [19/Oct/2025:11:46:02 -0400] "GET /wp-content/uploads/piledriver-animated.gif HTTP/1.1" 200 146900 "https://sexpositions.online/" "Mozilla/5.0 (iPhone; CPU iPhone OS 26_0_1 like Mac OS X) AppleWebKit/605.1.15 (KHTML, like Gecko) CriOS/132.0.6834.100 Mobile/15E148 Safari/604.1"
41.186.136.221 - - [19/Oct/2025:11:46:03 -0400] "GET /wp-content/uploads/spooning-animated.gif HTTP/1.1" 304 - "https://sexpositions.online/" "Mozilla/5.0 (iPhone; CPU iPhone OS 26_0_1 like Mac OS X) AppleWebKit/605.1.15 (KHTML, like Gecko) CriOS/132.0.6834.100 Mobile/15E148 Safari/604.1"
140.248.29.2 - - [19/Oct/2025:11:46:13 -0400] "GET /wp-content/uploads/reverse-69-animated.gif HTTP/1.1" 200 155445 "https://www.google.com/" "Mozilla/5.0 (iPhone; CPU iPhone OS 18_6_2 like Mac OS X) AppleWebKit/605.1.15 (KHTML, like Gecko) Version/18.6 Mobile/15E148 Safari/604.1"
66.249.64.225 - - [19/Oct/2025:11:46:16 -0400] "GET /wp-content/slot-gacor/ HTTP/1.1" 200 95118 "-" "Mozilla/5.0 (Linux; Android 6.0.1; Nexus 5X Build/MMB29P) AppleWebKit/537.36 (KHTML, like Gecko) Chrome/140.0.7339.207 Mobile Safari/537.36 (compatible; Googlebot/2.1; +http://www.google.com/bot.html)"
165.16.191.70 - - [19/Oct/2025:11:46:26 -0400] "GET / HTTP/1.1" 200 125069 "https://www.google.com/" "Mozilla/5.0 (Linux; Android 10; K) AppleWebKit/537.36 (KHTML, like Gecko) Chrome/141.0.0.0 Mobile Safari/537.36"
2401:4900:4fdc:6854::839:c213 - - [19/Oct/2025:11:46:38 -0400] "GET /wp-content/uploads/up-against-the-wall-animated.gif HTTP/1.1" 304 - "https://www.google.com/" "Mozilla/5.0 (Linux; Android 15; V2420 Build/AP3A.240905.015.A2; wv) AppleWebKit/537.36 (KHTML, like Gecko) Version/4.0 Chrome/140.0.7339.207 Mobile Safari/537.36 GoogleApp/16.40.23.ve.arm64"
52.5.232.250 - - [19/Oct/2025:11:46:43 -0400] "GET /footsie/ HTTP/1.1" 200 97797 "-" "Mozilla/5.0 AppleWebKit/537.36 (KHTML, like Gecko; compatible; Amazonbot/0.1; +https://developer.amazon.com/support/amazonbot) Chrome/119.0.6045.214 Safari/537.36"
2401:4900:4e05:e481:c80:7281:297f:8b35 - - [19/Oct/2025:11:46:50 -0400] "GET /oral/ HTTP/1.1" 200 105341 "https://www.google.com/" "Mozilla/5.0 (Linux; Android 10; K) AppleWebKit/537.36 (KHTML, like Gecko) Chrome/140.0.0.0 Mobile Safari/537.36"
140.248.29.2 - - [19/Oct/2025:11:46:50 -0400] "GET /wp-content/uploads/jackhammer-animated.gif HTTP/1.1" 200 108704 "https://www.google.com/" "Mozilla/5.0 (iPhone; CPU iPhone OS 18_6_2 like Mac OS X) AppleWebKit/605.1.15 (KHTML, like Gecko) Version/18.6 Mobile/15E148 Safari/604.1"
2401:4900:4e05:e481:c80:7281:297f:8b35 - - [19/Oct/2025:11:46:51 -0400] "GET /wp-content/uploads/dirty-doggy-animated.gif HTTP/1.1" 304 - "https://sexpositions.online/oral/" "Mozilla/5.0 (Linux; Android 10; K) AppleWebKit/537.36 (KHTML, like Gecko) Chrome/140.0.0.0 Mobile Safari/537.36"
176.59.101.80 - - [19/Oct/2025:11:46:51 -0400] "GET /wp-content/uploads/freestyle-animated.gif HTTP/1.1" 304 - "https://yandex.ru/images/touch/search?itype=gifan&lr=135354&text=%D0%A1%D0%B5%D0%BA%D1%81%D1%83%D0%B0%D0%BB%D1%8C%D0%BD%D1%8B%D0%B5+%D0%BF%D0%BE%D0%B7%D1%8B&img_url=https%3A%2F%2Fcs5.pikabu.ru%2Fpost_img%2F2015%2F06%2F18%2F8%2F1434633928_1882329748.gif&pos=971&rpt=simage&redircnt=1758271526.1&p=21" "Mozilla/5.0 (Linux; Android 10; K) AppleWebKit/537.36 (KHTML, like Gecko) Chrome/141.0.0.0 Mobile Safari/537.36"
2401:4900:8fdd:3b32:7888:978d:5a55:2524 - - [19/Oct/2025:11:46:52 -0400] "GET /cowgirl/ HTTP/1.1" 200 101897 "https://www.google.com/" "Mozilla/5.0 (Linux; Android 10; K) AppleWebKit/537.36 (KHTML, like Gecko) Chrome/141.0.0.0 Mobile Safari/537.36"
2401:4900:4e05:e481:c80:7281:297f:8b35 - - [19/Oct/2025:11:46:59 -0400] "GET /wp-content/uploads/the-pin-up-animated.gif HTTP/1.1" 304 - "https://sexpositions.online/oral/" "Mozilla/5.0 (Linux; Android 10; K) AppleWebKit/537.36 (KHTML, like Gecko) Chrome/140.0.0.0 Mobile Safari/537.36"
152.56.1.23 - - [19/Oct/2025:11:47:01 -0400] "GET /oral/cunnilingus/ HTTP/1.1" 200 104753 "https://www.google.com/" "Mozilla/5.0 (iPhone; CPU iPhone OS 26_0_1 like Mac OS X) AppleWebKit/605.1.15 (KHTML, like Gecko) CriOS/134.0.6998.33 Mobile/15E148 Safari/604.1"
152.56.1.23 - - [19/Oct/2025:11:47:02 -0400] "GET /wp-content/themes/astra/assets/css/minified/main.min.css?ver=4.11.12 HTTP/1.1" 304 - "https://sexpositions.online/oral/cunnilingus/" "Mozilla/5.0 (iPhone; CPU iPhone OS 26_0_1 like Mac OS X) AppleWebKit/605.1.15 (KHTML, like Gecko) CriOS/134.0.6998.33 Mobile/15E148 Safari/604.1"
152.56.1.23 - - [19/Oct/2025:11:47:02 -0400] "GET /wp-includes/css/dist/block-library/style.min.css?ver=6.8.3 HTTP/1.1" 304 - "https://sexpositions.online/oral/cunnilingus/" "Mozilla/5.0 (iPhone; CPU iPhone OS 26_0_1 like Mac OS X) AppleWebKit/605.1.15 (KHTML, like Gecko) CriOS/134.0.6998.33 Mobile/15E148 Safari/604.1"
152.56.1.23 - - [19/Oct/2025:11:47:02 -0400] "GET /wp-content/themes/astra/assets/js/minified/frontend.min.js?ver=4.11.12 HTTP/1.1" 304 - "https://sexpositions.online/oral/cunnilingus/" "Mozilla/5.0 (iPhone; CPU iPhone OS 26_0_1 like Mac OS X) AppleWebKit/605.1.15 (KHTML, like Gecko) CriOS/134.0.6998.33 Mobile/15E148 Safari/604.1"
152.56.1.23 - - [19/Oct/2025:11:47:02 -0400] "GET /wp-content/uploads/the-rocker-animated.gif HTTP/1.1" 304 - "https://sexpositions.online/oral/cunnilingus/" "Mozilla/5.0 (iPhone; CPU iPhone OS 26_0_1 like Mac OS X) AppleWebKit/605.1.15 (KHTML, like Gecko) CriOS/134.0.6998.33 Mobile/15E148 Safari/604.1"
152.56.1.23 - - [19/Oct/2025:11:47:03 -0400] "GET /wp-content/uploads/hula-girl-animated.gif HTTP/1.1" 304 - "https://sexpositions.online/oral/cunnilingus/" "Mozilla/5.0 (iPhone; CPU iPhone OS 26_0_1 like Mac OS X) AppleWebKit/605.1.15 (KHTML, like Gecko) CriOS/134.0.6998.33 Mobile/15E148 Safari/604.1"
152.56.1.23 - - [19/Oct/2025:11:47:03 -0400] "GET /wp-content/uploads/back-bend-animated.gif HTTP/1.1" 304 - "https://sexpositions.online/oral/cunnilingus/" "Mozilla/5.0 (iPhone; CPU iPhone OS 26_0_1 like Mac OS X) AppleWebKit/605.1.15 (KHTML, like Gecko) CriOS/134.0.6998.33 Mobile/15E148 Safari/604.1"
152.56.1.220 - - [19/Oct/2025:11:47:03 -0400] "GET /wp-content/uploads/cropped-favicon-180x180.png HTTP/1.1" 304 - "-" "Mozilla/5.0 (iPhone; CPU iPhone OS 26_0_1 like Mac OS X) AppleWebKit/605.1.15 (KHTML, like Gecko) CriOS/134.0.6998.33 Mobile/15E148 Safari/604.1"
152.56.1.220 - - [19/Oct/2025:11:47:03 -0400] "GET /wp-content/uploads/cropped-favicon-192x192.png HTTP/1.1" 304 - "-" "Mozilla/5.0 (iPhone; CPU iPhone OS 26_0_1 like Mac OS X) AppleWebKit/605.1.15 (KHTML, like Gecko) CriOS/134.0.6998.33 Mobile/15E148 Safari/604.1"
2401:4900:4e05:e481:c80:7281:297f:8b35 - - [19/Oct/2025:11:47:04 -0400] "GET /the-tipster/ HTTP/1.1" 200 98079 "https://sexpositions.online/oral/" "Mozilla/5.0 (Linux; Android 10; K) AppleWebKit/537.36 (KHTML, like Gecko) Chrome/140.0.0.0 Mobile Safari/537.36"
74.14.208.5 - - [19/Oct/2025:11:47:07 -0400] "GET /woman-on-top/ HTTP/1.1" 200 105204 "https://sexpositions.online/foreplay/" "Mozilla/5.0 (iPhone; CPU iPhone OS 18_5_0 like Mac OS X) AppleWebKit/605.1.15 (KHTML, like Gecko) CriOS/141.0.7390.96 Mobile/15E148 Safari/604.1"
74.14.208.5 - - [19/Oct/2025:11:47:08 -0400] "GET /wp-content/uploads/full-nelson-animated.gif HTTP/1.1" 304 - "https://sexpositions.online/woman-on-top/" "Mozilla/5.0 (iPhone; CPU iPhone OS 18_5_0 like Mac OS X) AppleWebKit/605.1.15 (KHTML, like Gecko) CriOS/141.0.7390.96 Mobile/15E148 Safari/604.1"
74.14.208.5 - - [19/Oct/2025:11:47:15 -0400] "GET /wp-content/uploads/reverse-cowgirl-animated.gif HTTP/1.1" 304 - "https://sexpositions.online/woman-on-top/" "Mozilla/5.0 (iPhone; CPU iPhone OS 18_5_0 like Mac OS X) AppleWebKit/605.1.15 (KHTML, like Gecko) CriOS/141.0.7390.96 Mobile/15E148 Safari/604.1"
74.14.208.5 - - [19/Oct/2025:11:47:15 -0400] "GET /wp-content/uploads/squat-animated.gif HTTP/1.1" 304 - "https://sexpositions.online/woman-on-top/" "Mozilla/5.0 (iPhone; CPU iPhone OS 18_5_0 like Mac OS X) AppleWebKit/605.1.15 (KHTML, like Gecko) CriOS/141.0.7390.96 Mobile/15E148 Safari/604.1"
74.14.208.5 - - [19/Oct/2025:11:47:16 -0400] "GET /wp-content/uploads/seesaw-animated.gif HTTP/1.1" 304 - "https://sexpositions.online/woman-on-top/" "Mozilla/5.0 (iPhone; CPU iPhone OS 18_5_0 like Mac OS X) AppleWebKit/605.1.15 (KHTML, like Gecko) CriOS/141.0.7390.96 Mobile/15E148 Safari/604.1"
74.14.208.5 - - [19/Oct/2025:11:47:18 -0400] "GET /wp-content/uploads/airplane-animated.gif HTTP/1.1" 200 252773 "https://sexpositions.online/woman-on-top/" "Mozilla/5.0 (iPhone; CPU iPhone OS 18_5_0 like Mac OS X) AppleWebKit/605.1.15 (KHTML, like Gecko) CriOS/141.0.7390.96 Mobile/15E148 Safari/604.1"
152.56.1.23 - - [19/Oct/2025:11:47:19 -0400] "GET /wp-content/uploads/the-tumbler-animated.gif HTTP/1.1" 304 - "https://sexpositions.online/oral/cunnilingus/" "Mozilla/5.0 (iPhone; CPU iPhone OS 26_0_1 like Mac OS X) AppleWebKit/605.1.15 (KHTML, like Gecko) CriOS/134.0.6998.33 Mobile/15E148 Safari/604.1"
74.14.208.5 - - [19/Oct/2025:11:47:19 -0400] "GET /wp-content/uploads/reverse-missionary-animated.gif HTTP/1.1" 200 187534 "https://sexpositions.online/woman-on-top/" "Mozilla/5.0 (iPhone; CPU iPhone OS 18_5_0 like Mac OS X) AppleWebKit/605.1.15 (KHTML, like Gecko) CriOS/141.0.7390.96 Mobile/15E148 Safari/604.1"
152.56.1.23 - - [19/Oct/2025:11:47:20 -0400] "GET /wp-content/uploads/the-headlock-animated.gif HTTP/1.1" 304 - "https://sexpositions.online/oral/cunnilingus/" "Mozilla/5.0 (iPhone; CPU iPhone OS 26_0_1 like Mac OS X) AppleWebKit/605.1.15 (KHTML, like Gecko) CriOS/134.0.6998.33 Mobile/15E148 Safari/604.1"
74.14.208.5 - - [19/Oct/2025:11:47:20 -0400] "GET /wp-content/uploads/the-acrobat-animated-1.gif HTTP/1.1" 304 - "https://sexpositions.online/woman-on-top/" "Mozilla/5.0 (iPhone; CPU iPhone OS 18_5_0 like Mac OS X) AppleWebKit/605.1.15 (KHTML, like Gecko) CriOS/141.0.7390.96 Mobile/15E148 Safari/604.1"
152.56.1.23 - - [19/Oct/2025:11:47:21 -0400] "GET /wp-content/uploads/the-pin-up-animated.gif HTTP/1.1" 304 - "https://sexpositions.online/oral/cunnilingus/" "Mozilla/5.0 (iPhone; CPU iPhone OS 26_0_1 like Mac OS X) AppleWebKit/605.1.15 (KHTML, like Gecko) CriOS/134.0.6998.33 Mobile/15E148 Safari/604.1"
2001:4454:54e:2600:d041:e35a:8a89:67ff - - [19/Oct/2025:11:47:21 -0400] "GET /wp-content/uploads/helicopter-animated.gif HTTP/1.1" 304 - "https://www.google.com/" "Mozilla/5.0 (iPhone; CPU iPhone OS 17_4_1 like Mac OS X) AppleWebKit/605.1.15 (KHTML, like Gecko) Version/17.4.1 Mobile/15E148 Safari/604.1"
74.14.208.5 - - [19/Oct/2025:11:47:21 -0400] "GET /wp-content/uploads/boys-on-the-side-animated.gif HTTP/1.1" 200 255395 "https://sexpositions.online/woman-on-top/" "Mozilla/5.0 (iPhone; CPU iPhone OS 18_5_0 like Mac OS X) AppleWebKit/605.1.15 (KHTML, like Gecko) CriOS/141.0.7390.96 Mobile/15E148 Safari/604.1"
152.56.1.23 - - [19/Oct/2025:11:47:28 -0400] "GET /wp-content/uploads/dirty-doggy-animated.gif HTTP/1.1" 304 - "https://sexpositions.online/oral/cunnilingus/" "Mozilla/5.0 (iPhone; CPU iPhone OS 26_0_1 like Mac OS X) AppleWebKit/605.1.15 (KHTML, like Gecko) CriOS/134.0.6998.33 Mobile/15E148 Safari/604.1"
185.191.171.14 - - [19/Oct/2025:11:47:29 -0400] "GET /page/27/?sitemap HTTP/1.1" 200 102323 "-" "Mozilla/5.0 (compatible; SemrushBot/7~bl; +http://www.semrush.com/bot.html)"
152.56.1.23 - - [19/Oct/2025:11:47:35 -0400] "GET /wp-content/uploads/the-flat-back-animated.gif HTTP/1.1" 304 - "https://sexpositions.online/oral/cunnilingus/" "Mozilla/5.0 (iPhone; CPU iPhone OS 26_0_1 like Mac OS X) AppleWebKit/605.1.15 (KHTML, like Gecko) CriOS/134.0.6998.33 Mobile/15E148 Safari/604.1"
152.56.1.23 - - [19/Oct/2025:11:47:36 -0400] "GET /wp-content/uploads/the-buffet-animated.gif HTTP/1.1" 304 - "https://sexpositions.online/oral/cunnilingus/" "Mozilla/5.0 (iPhone; CPU iPhone OS 26_0_1 like Mac OS X) AppleWebKit/605.1.15 (KHTML, like Gecko) CriOS/134.0.6998.33 Mobile/15E148 Safari/604.1"
2a06:98c0:3600::103 - - [19/Oct/2025:11:47:36 -0400] "GET /wp-content/uploads/cowgirl-animated.gif HTTP/1.1" 304 - "-" "Mozilla/5.0 (Windows NT 10.0; Win64; x64; rv:109.0) Gecko/20100101 Firefox/115.0"
152.56.1.23 - - [19/Oct/2025:11:47:37 -0400] "GET /wp-content/uploads/kissing-the-pink-animated.gif HTTP/1.1" 304 - "https://sexpositions.online/oral/cunnilingus/" "Mozilla/5.0 (iPhone; CPU iPhone OS 26_0_1 like Mac OS X) AppleWebKit/605.1.15 (KHTML, like Gecko) CriOS/134.0.6998.33 Mobile/15E148 Safari/604.1"
2401:4900:3827:4c25:9a1:b21e:14cb:3b9 - - [19/Oct/2025:11:47:40 -0400] "GET / HTTP/1.1" 200 125069 "https://www.google.com/" "Mozilla/5.0 (Linux; Android 10; K) AppleWebKit/537.36 (KHTML, like Gecko) Chrome/140.0.0.0 Mobile Safari/537.36"
2401:4900:8fdd:3b32:7888:978d:5a55:2524 - - [19/Oct/2025:11:47:41 -0400] "GET /wp-content/uploads/belly-dancer-animated.gif HTTP/1.1" 304 - "https://sexpositions.online/cowgirl/" "Mozilla/5.0 (Linux; Android 10; K) AppleWebKit/537.36 (KHTML, like Gecko) Chrome/141.0.0.0 Mobile Safari/537.36"
2401:4900:4e05:e481:c80:7281:297f:8b35 - - [19/Oct/2025:11:47:42 -0400] "GET /wp-content/uploads/the-headlock-animated.gif HTTP/1.1" 304 - "https://www.google.com/" "Mozilla/5.0 (Linux; Android 10; K) AppleWebKit/537.36 (KHTML, like Gecko) Chrome/140.0.0.0 Mobile Safari/537.36"
152.56.1.23 - - [19/Oct/2025:11:47:42 -0400] "GET /wp-content/uploads/head-rush-animated.gif HTTP/1.1" 304 - "https://sexpositions.online/oral/cunnilingus/" "Mozilla/5.0 (iPhone; CPU iPhone OS 26_0_1 like Mac OS X) AppleWebKit/605.1.15 (KHTML, like Gecko) CriOS/134.0.6998.33 Mobile/15E148 Safari/604.1"
2409:40e4:110d:f58e:8000:: - - [19/Oct/2025:11:48:00 -0400] "GET /wp-content/uploads/spiderman-animated.gif HTTP/1.1" 304 - "https://www.google.com/" "Mozilla/5.0 (Linux; Android 15; V2246 Build/AP3A.240905.015.A2_INMOD1; wv) AppleWebKit/537.36 (KHTML, like Gecko) Version/4.0 Chrome/140.0.7339.207 Mobile Safari/537.36 GoogleApp/16.40.23.ve.arm64"
2409:40f0:605b:658e:fce3:9741:7aa7:af4d - - [19/Oct/2025:11:48:01 -0400] "GET / HTTP/1.1" 200 125069 "https://www.google.com/" "Mozilla/5.0 (Linux; Android 13; V2035 Build/TP1A.220624.014; wv) AppleWebKit/537.36 (KHTML, like Gecko) Version/4.0 Chrome/140.0.7339.208 Mobile Safari/537.36"
2401:4900:3827:4c25:9a1:b21e:14cb:3b9 - - [19/Oct/2025:11:48:05 -0400] "GET /lotus/ HTTP/1.1" 200 101234 "https://sexpositions.online/" "Mozilla/5.0 (Linux; Android 10; K) AppleWebKit/537.36 (KHTML, like Gecko) Chrome/140.0.0.0 Mobile Safari/537.36"
2401:4900:4fdc:6854::839:c213 - - [19/Oct/2025:11:48:08 -0400] "GET /wp-content/uploads/full-nelson-animated.gif?ssl=1 HTTP/1.1" 200 179232 "https://www.google.com/" "Mozilla/5.0 (Linux; Android 15; V2420 Build/AP3A.240905.015.A2; wv) AppleWebKit/537.36 (KHTML, like Gecko) Version/4.0 Chrome/140.0.7339.207 Mobile Safari/537.36 GoogleApp/16.40.23.ve.arm64"
2.189.5.142 - - [19/Oct/2025:11:48:11 -0400] "GET / HTTP/1.1" 200 125069 "-" "Mozilla/5.0 (Linux; Android 12; SM-X906C Build/QP1A.190711.020; wv) AppleWebKit/537.36 (KHTML, like Gecko) Version/4.0 Chrome/80.0.3987.119 Mobile Safari/537.36"
2.189.5.218 - - [19/Oct/2025:11:48:11 -0400] "GET / HTTP/1.1" 200 125069 "-" "Mozilla/5.0 (Linux; Android 5.0.2; SAMSUNG SM-T550 Build/LRX22G) AppleWebKit/537.36 (KHTML, like Gecko) SamsungBrowser/3.3 Chrome/38.0.2125.102 Safari/537.36"
64.238.203.108 - - [19/Oct/2025:11:48:12 -0400] "GET /wp-content/uploads/buckin-bronco-animated.gif HTTP/1.1" 304 - "https://yandex.ru/" "Mozilla/5.0 (iPhone; CPU iPhone OS 18_4 like Mac OS X) AppleWebKit/605.1.15 (KHTML, like Gecko) Version/18.4 Mobile/15E148 Safari/604.1"
2401:4900:8fdd:3b32:7888:978d:5a55:2524 - - [19/Oct/2025:11:48:18 -0400] "GET /helicopter/ HTTP/1.1" 200 99890 "https://sexpositions.online/cowgirl/" "Mozilla/5.0 (Linux; Android 10; K) AppleWebKit/537.36 (KHTML, like Gecko) Chrome/141.0.0.0 Mobile Safari/537.36"
2401:4900:8fdd:3b32:7888:978d:5a55:2524 - - [19/Oct/2025:11:48:19 -0400] "GET /wp-content/uploads/airplane-animated.gif HTTP/1.1" 304 - "https://sexpositions.online/helicopter/" "Mozilla/5.0 (Linux; Android 10; K) AppleWebKit/537.36 (KHTML, like Gecko) Chrome/141.0.0.0 Mobile Safari/537.36"
2401:4900:8fdd:3b32:7888:978d:5a55:2524 - - [19/Oct/2025:11:48:19 -0400] "GET /wp-content/uploads/starfish-animated.gif HTTP/1.1" 304 - "https://sexpositions.online/helicopter/" "Mozilla/5.0 (Linux; Android 10; K) AppleWebKit/537.36 (KHTML, like Gecko) Chrome/141.0.0.0 Mobile Safari/537.36"
186.12.68.139 - - [19/Oct/2025:11:48:23 -0400] "GET /wp-content/uploads/jackhammer-animated.gif HTTP/1.1" 304 - "https://www.google.com/" "Mozilla/5.0 (Linux; Android 10; K) AppleWebKit/537.36 (KHTML, like Gecko) Chrome/141.0.0.0 Mobile Safari/537.36"
2409:40e4:110d:f58e:8000:: - - [19/Oct/2025:11:48:30 -0400] "GET /wp-content/uploads/the-hip-lift-animated.gif HTTP/1.1" 304 - "https://www.google.com/" "Mozilla/5.0 (Linux; Android 15; V2246 Build/AP3A.240905.015.A2_INMOD1; wv) AppleWebKit/537.36 (KHTML, like Gecko) Version/4.0 Chrome/140.0.7339.207 Mobile Safari/537.36 GoogleApp/16.40.23.ve.arm64"
186.12.68.139 - - [19/Oct/2025:11:48:31 -0400] "GET /wp-content/uploads/out-of-sight-animated.gif HTTP/1.1" 304 - "https://naughtygrin.com/" "Mozilla/5.0 (Linux; Android 10; K) AppleWebKit/537.36 (KHTML, like Gecko) Chrome/141.0.0.0 Mobile Safari/537.36"
186.12.68.139 - - [19/Oct/2025:11:48:31 -0400] "GET /wp-content/uploads/the-tumbler-animated.gif HTTP/1.1" 304 - "https://naughtygrin.com/" "Mozilla/5.0 (Linux; Android 10; K) AppleWebKit/537.36 (KHTML, like Gecko) Chrome/141.0.0.0 Mobile Safari/537.36"
2401:4900:3827:4c25:9a1:b21e:14cb:3b9 - - [19/Oct/2025:11:48:40 -0400] "GET / HTTP/1.1" 200 125069 "https://sexpositions.online/" "Mozilla/5.0 (Linux; Android 10; K) AppleWebKit/537.36 (KHTML, like Gecko) Chrome/140.0.0.0 Mobile Safari/537.36"
102.90.116.141 - - [19/Oct/2025:11:48:41 -0400] "GET /doggy-style/ HTTP/1.1" 200 102754 "https://www.google.com/" "Mozilla/5.0 (Linux; Android 10; K) AppleWebKit/537.36 (KHTML, like Gecko) Chrome/140.0.0.0 Mobile Safari/537.36"
102.90.116.141 - - [19/Oct/2025:11:48:42 -0400] "GET /wp-content/uploads/eiffel-tower-animated.gif HTTP/1.1" 304 - "https://sexpositions.online/doggy-style/" "Mozilla/5.0 (Linux; Android 10; K) AppleWebKit/537.36 (KHTML, like Gecko) Chrome/140.0.0.0 Mobile Safari/537.36"
102.90.116.141 - - [19/Oct/2025:11:48:46 -0400] "GET /wp-content/uploads/upward-dog-animated.gif HTTP/1.1" 304 - "https://sexpositions.online/doggy-style/" "Mozilla/5.0 (Linux; Android 10; K) AppleWebKit/537.36 (KHTML, like Gecko) Chrome/140.0.0.0 Mobile Safari/537.36"
102.90.116.141 - - [19/Oct/2025:11:48:46 -0400] "GET /wp-content/uploads/flatiron-animated.gif HTTP/1.1" 304 - "https://sexpositions.online/doggy-style/" "Mozilla/5.0 (Linux; Android 10; K) AppleWebKit/537.36 (KHTML, like Gecko) Chrome/140.0.0.0 Mobile Safari/537.36"
102.90.116.141 - - [19/Oct/2025:11:48:46 -0400] "GET /wp-content/uploads/downward-dog-animated-1.gif HTTP/1.1" 304 - "https://sexpositions.online/doggy-style/" "Mozilla/5.0 (Linux; Android 10; K) AppleWebKit/537.36 (KHTML, like Gecko) Chrome/140.0.0.0 Mobile Safari/537.36"
2401:4900:8fdd:3b32:7888:978d:5a55:2524 - - [19/Oct/2025:11:48:47 -0400] "GET / HTTP/1.1" 200 125069 "https://sexpositions.online/helicopter/" "Mozilla/5.0 (Linux; Android 10; K) AppleWebKit/537.36 (KHTML, like Gecko) Chrome/141.0.0.0 Mobile Safari/537.36"
102.90.116.141 - - [19/Oct/2025:11:48:48 -0400] "GET /wp-content/uploads/turtle-animated.gif HTTP/1.1" 304 - "https://sexpositions.online/doggy-style/" "Mozilla/5.0 (Linux; Android 10; K) AppleWebKit/537.36 (KHTML, like Gecko) Chrome/140.0.0.0 Mobile Safari/537.36"
2401:4900:3827:4c25:9a1:b21e:14cb:3b9 - - [19/Oct/2025:11:48:52 -0400] "GET /advanced/ HTTP/1.1" 200 101754 "https://sexpositions.online/" "Mozilla/5.0 (Linux; Android 10; K) AppleWebKit/537.36 (KHTML, like Gecko) Chrome/140.0.0.0 Mobile Safari/537.36"
186.12.68.139 - - [19/Oct/2025:11:48:54 -0400] "GET /wp-content/uploads/musical-chair-animated.gif HTTP/1.1" 200 212166 "https://naughtygrin.com/" "Mozilla/5.0 (Linux; Android 10; K) AppleWebKit/537.36 (KHTML, like Gecko) Chrome/141.0.0.0 Mobile Safari/537.36"
186.12.68.139 - - [19/Oct/2025:11:48:54 -0400] "GET /wp-content/uploads/up-against-the-wall-animated.gif HTTP/1.1" 200 172610 "https://naughtygrin.com/" "Mozilla/5.0 (Linux; Android 10; K) AppleWebKit/537.36 (KHTML, like Gecko) Chrome/141.0.0.0 Mobile Safari/537.36"
52.178.193.251 - - [19/Oct/2025:11:48:55 -0400] "GET /wp-content/plugins/hellopress/wp_filemanager.php HTTP/1.1" 200 97380 "-" "-"
52.178.193.251 - - [19/Oct/2025:11:48:56 -0400] "GET /admin/upload/css.php HTTP/1.1" 200 97380 "-" "-"
52.178.193.251 - - [19/Oct/2025:11:48:57 -0400] "GET /prv8.php HTTP/1.1" 200 95107 "-" "-"
52.178.193.251 - - [19/Oct/2025:11:48:57 -0400] "GET /cong.php HTTP/1.1" 200 95107 "-" "-"
2401:4900:3827:4c25:9a1:b21e:14cb:3b9 - - [19/Oct/2025:11:48:57 -0400] "GET /the-crazy-cat/ HTTP/1.1" 200 98142 "https://sexpositions.online/advanced/" "Mozilla/5.0 (Linux; Android 10; K) AppleWebKit/537.36 (KHTML, like Gecko) Chrome/140.0.0.0 Mobile Safari/537.36"
52.178.193.251 - - [19/Oct/2025:11:48:57 -0400] "GET /wp-includes/js/codemirror/about.php HTTP/1.1" 403 97380 "-" "-"
52.178.193.251 - - [19/Oct/2025:11:48:58 -0400] "GET /x.php HTTP/1.1" 200 95107 "-" "-"
52.178.193.251 - - [19/Oct/2025:11:48:58 -0400] "GET /v4.php HTTP/1.1" 200 95107 "-" "-"
52.178.193.251 - - [19/Oct/2025:11:48:58 -0400] "GET /AxAo.php HTTP/1.1" 200 95107 "-" "-"
52.178.193.251 - - [19/Oct/2025:11:48:59 -0400] "GET /a2.php HTTP/1.1" 200 95107 "-" "-"
52.178.193.251 - - [19/Oct/2025:11:48:59 -0400] "GET /a.php HTTP/1.1" 200 95107 "-" "-"
52.178.193.251 - - [19/Oct/2025:11:49:00 -0400] "GET /gmo.php HTTP/1.1" 200 95107 "-" "-"
52.178.193.251 - - [19/Oct/2025:11:49:00 -0400] "GET /fs.php HTTP/1.1" 200 95107 "-" "-"
52.178.193.251 - - [19/Oct/2025:11:49:00 -0400] "GET /wp-includes/fonts/about.php HTTP/1.1" 403 97380 "-" "-"
52.178.193.251 - - [19/Oct/2025:11:49:01 -0400] "GET /go.php HTTP/1.1" 200 95107 "-" "-"
52.178.193.251 - - [19/Oct/2025:11:49:01 -0400] "GET /files/css_compare.php HTTP/1.1" 200 95107 "-" "-"
52.178.193.251 - - [19/Oct/2025:11:49:02 -0400] "GET /wp-admin/includes/wp-login.php HTTP/1.1" 200 97380 "-" "-"
52.178.193.251 - - [19/Oct/2025:11:49:02 -0400] "GET /wp-includes/88.php HTTP/1.1" 403 95107 "-" "-"
52.178.193.251 - - [19/Oct/2025:11:49:02 -0400] "GET /wp-includes/js/js420.php HTTP/1.1" 403 97380 "-" "-"
52.178.193.251 - - [19/Oct/2025:11:49:03 -0400] "GET /wp-includes/24.php HTTP/1.1" 403 95107 "-" "-"
52.178.193.251 - - [19/Oct/2025:11:49:03 -0400] "GET /0x1949.php HTTP/1.1" 200 95107 "-" "-"
186.12.68.139 - - [19/Oct/2025:11:49:03 -0400] "GET /wp-content/uploads/the-headlock-animated.gif HTTP/1.1" 304 - "https://naughtygrin.com/" "Mozilla/5.0 (Linux; Android 10; K) AppleWebKit/537.36 (KHTML, like Gecko) Chrome/141.0.0.0 Mobile Safari/537.36"
52.178.193.251 - - [19/Oct/2025:11:49:04 -0400] "GET /system_log.php HTTP/1.1" 200 95107 "-" "-"
52.178.193.251 - - [19/Oct/2025:11:49:04 -0400] "GET /atomlib.php HTTP/1.1" 200 95107 "-" "-"
52.178.193.251 - - [19/Oct/2025:11:49:04 -0400] "GET /wp-includes/0.php HTTP/1.1" 403 95107 "-" "-"
52.178.193.251 - - [19/Oct/2025:11:49:05 -0400] "GET /13.php HTTP/1.1" 200 95107 "-" "-"
52.178.193.251 - - [19/Oct/2025:11:49:05 -0400] "GET /lock360.php HTTP/1.1" 200 95107 "-" "-"
52.178.193.251 - - [19/Oct/2025:11:49:05 -0400] "GET /6.php HTTP/1.1" 200 95107 "-" "-"
52.178.193.251 - - [19/Oct/2025:11:49:06 -0400] "GET /1100.php HTTP/1.1" 200 95107 "-" "-"
52.178.193.251 - - [19/Oct/2025:11:49:06 -0400] "GET /vv.php HTTP/1.1" 200 95107 "-" "-"
52.178.193.251 - - [19/Oct/2025:11:49:07 -0400] "GET /oo.php HTTP/1.1" 200 95107 "-" "-"
52.178.193.251 - - [19/Oct/2025:11:49:07 -0400] "GET /sk.php HTTP/1.1" 200 95107 "-" "-"
52.178.193.251 - - [19/Oct/2025:11:49:08 -0400] "GET /7.php HTTP/1.1" 200 95107 "-" "-"
52.178.193.251 - - [19/Oct/2025:11:49:08 -0400] "GET /000.php HTTP/1.1" 200 95107 "-" "-"
52.178.193.251 - - [19/Oct/2025:11:49:08 -0400] "GET /20.php HTTP/1.1" 200 95107 "-" "-"
52.178.193.251 - - [19/Oct/2025:11:49:09 -0400] "GET /456.php HTTP/1.1" 200 95107 "-" "-"
52.178.193.251 - - [19/Oct/2025:11:49:09 -0400] "GET /23.php HTTP/1.1" 200 95107 "-" "-"
52.178.193.251 - - [19/Oct/2025:11:49:09 -0400] "GET /V3.php HTTP/1.1" 200 95107 "-" "-"
52.178.193.251 - - [19/Oct/2025:11:49:10 -0400] "GET /222.php HTTP/1.1" 200 95107 "-" "-"
52.178.193.251 - - [19/Oct/2025:11:49:10 -0400] "GET /suu.php HTTP/1.1" 200 95107 "-" "-"
52.178.193.251 - - [19/Oct/2025:11:49:11 -0400] "GET /build.php HTTP/1.1" 200 95107 "-" "-"
52.178.193.251 - - [19/Oct/2025:11:49:11 -0400] "GET /i1.php HTTP/1.1" 200 95107 "-" "-"
186.12.68.139 - - [19/Oct/2025:11:49:11 -0400] "GET /wp-content/uploads/kissing-the-pink-animated.gif HTTP/1.1" 304 - "https://naughtygrin.com/" "Mozilla/5.0 (Linux; Android 10; K) AppleWebKit/537.36 (KHTML, like Gecko) Chrome/141.0.0.0 Mobile Safari/537.36"
52.178.193.251 - - [19/Oct/2025:11:49:11 -0400] "GET /4.php HTTP/1.1" 200 95107 "-" "-"
186.12.68.139 - - [19/Oct/2025:11:49:11 -0400] "GET /wp-content/uploads/sword-swallower-animated.gif HTTP/1.1" 200 240479 "https://naughtygrin.com/" "Mozilla/5.0 (Linux; Android 10; K) AppleWebKit/537.36 (KHTML, like Gecko) Chrome/141.0.0.0 Mobile Safari/537.36"
52.178.193.251 - - [19/Oct/2025:11:49:12 -0400] "GET /002.php HTTP/1.1" 200 95107 "-" "-"
52.178.193.251 - - [19/Oct/2025:11:49:12 -0400] "GET /user/info.php HTTP/1.1" 200 95107 "-" "-"
52.178.193.251 - - [19/Oct/2025:11:49:12 -0400] "GET /w.php HTTP/1.1" 200 95107 "-" "-"
52.178.193.251 - - [19/Oct/2025:11:49:13 -0400] "GET /wxo.php HTTP/1.1" 200 95107 "-" "-"
52.178.193.251 - - [19/Oct/2025:11:49:13 -0400] "GET /an.php HTTP/1.1" 200 95107 "-" "-"
52.178.193.251 - - [19/Oct/2025:11:49:13 -0400] "GET /al.php HTTP/1.1" 200 95107 "-" "-"
52.178.193.251 - - [19/Oct/2025:11:49:14 -0400] "GET /45.php HTTP/1.1" 200 95107 "-" "-"
52.178.193.251 - - [19/Oct/2025:11:49:14 -0400] "GET /map.php HTTP/1.1" 200 95107 "-" "-"
52.178.193.251 - - [19/Oct/2025:11:49:14 -0400] "GET /17.php HTTP/1.1" 200 95107 "-" "-"
52.178.193.251 - - [19/Oct/2025:11:49:15 -0400] "GET /yu.php HTTP/1.1" 200 95107 "-" "-"
52.178.193.251 - - [19/Oct/2025:11:49:15 -0400] "GET /v.php HTTP/1.1" 200 95107 "-" "-"
52.178.193.251 - - [19/Oct/2025:11:49:15 -0400] "GET /ge.php HTTP/1.1" 200 95107 "-" "-"
52.178.193.251 - - [19/Oct/2025:11:49:16 -0400] "GET /25.php HTTP/1.1" 200 95107 "-" "-"
52.178.193.251 - - [19/Oct/2025:11:49:16 -0400] "GET /16.php HTTP/1.1" 200 95107 "-" "-"
52.178.193.251 - - [19/Oct/2025:11:49:17 -0400] "GET /info/info.php HTTP/1.1" 200 95107 "-" "-"
52.178.193.251 - - [19/Oct/2025:11:49:17 -0400] "GET /fm2.php HTTP/1.1" 200 95107 "-" "-"
52.178.193.251 - - [19/Oct/2025:11:49:17 -0400] "GET /gel4y.php HTTP/1.1" 200 95107 "-" "-"
52.178.193.251 - - [19/Oct/2025:11:49:18 -0400] "GET /ab.php HTTP/1.1" 200 95107 "-" "-"
102.90.116.141 - - [19/Oct/2025:11:49:18 -0400] "GET /wp-content/uploads/frog-animated.gif HTTP/1.1" 304 - "https://sexpositions.online/doggy-style/" "Mozilla/5.0 (Linux; Android 10; K) AppleWebKit/537.36 (KHTML, like Gecko) Chrome/140.0.0.0 Mobile Safari/537.36"
52.178.193.251 - - [19/Oct/2025:11:49:18 -0400] "GET /xc.php HTTP/1.1" 200 95107 "-" "-"
2409:40c4:10e3:cd5e:b4f9:f773:b7f2:388 - - [19/Oct/2025:11:49:19 -0400] "GET /wp-content/uploads/the-wave-animated.gif HTTP/1.1" 304 - "https://www.google.com/" "Mozilla/5.0 (iPhone; CPU iPhone OS 18_7 like Mac OS X) AppleWebKit/605.1.15 (KHTML, like Gecko) GSA/360.1.737798518 Mobile/22H20 Safari/604.1"
52.178.193.251 - - [19/Oct/2025:11:49:19 -0400] "GET /q.php HTTP/1.1" 200 95107 "-" "-"
52.178.193.251 - - [19/Oct/2025:11:49:20 -0400] "GET /qa.php HTTP/1.1" 200 95107 "-" "-"
52.178.193.251 - - [19/Oct/2025:11:49:20 -0400] "GET /n.php HTTP/1.1" 200 95107 "-" "-"
52.178.193.251 - - [19/Oct/2025:11:49:20 -0400] "GET /v4.php HTTP/1.1" 200 95107 "-" "-"
52.178.193.251 - - [19/Oct/2025:11:49:21 -0400] "GET /mail.php HTTP/1.1" 200 95107 "-" "-"
52.178.193.251 - - [19/Oct/2025:11:49:21 -0400] "GET /k.php HTTP/1.1" 200 95107 "-" "-"
52.178.193.251 - - [19/Oct/2025:11:49:21 -0400] "GET /jga.php HTTP/1.1" 200 95107 "-" "-"
52.178.193.251 - - [19/Oct/2025:11:49:22 -0400] "GET /wi.php HTTP/1.1" 200 95107 "-" "-"
52.178.193.251 - - [19/Oct/2025:11:49:22 -0400] "GET /sim.php HTTP/1.1" 200 95107 "-" "-"
52.178.193.251 - - [19/Oct/2025:11:49:23 -0400] "GET /past1.php HTTP/1.1" 200 95107 "-" "-"
52.178.193.251 - - [19/Oct/2025:11:49:23 -0400] "GET /foo.php HTTP/1.1" 200 95107 "-" "-"
186.12.68.139 - - [19/Oct/2025:11:49:24 -0400] "GET /wp-content/uploads/two-4-one-animated.gif HTTP/1.1" 304 - "https://naughtygrin.com/" "Mozilla/5.0 (Linux; Android 10; K) AppleWebKit/537.36 (KHTML, like Gecko) Chrome/141.0.0.0 Mobile Safari/537.36"
186.12.68.139 - - [19/Oct/2025:11:49:24 -0400] "GET /wp-content/uploads/dirty-doggy-animated.gif HTTP/1.1" 304 - "https://naughtygrin.com/" "Mozilla/5.0 (Linux; Android 10; K) AppleWebKit/537.36 (KHTML, like Gecko) Chrome/141.0.0.0 Mobile Safari/537.36"
52.178.193.251 - - [19/Oct/2025:11:49:24 -0400] "GET /wso403.php HTTP/1.1" 200 95107 "-" "-"
52.178.193.251 - - [19/Oct/2025:11:49:25 -0400] "GET /yy.php HTTP/1.1" 200 95107 "-" "-"
52.178.193.251 - - [19/Oct/2025:11:49:25 -0400] "GET /f35.php HTTP/1.1" 200 95107 "-" "-"
52.178.193.251 - - [19/Oct/2025:11:49:26 -0400] "GET /checker.php HTTP/1.1" 200 95107 "-" "-"
52.178.193.251 - - [19/Oct/2025:11:49:26 -0400] "GET /menu.php HTTP/1.1" 200 95107 "-" "-"
52.178.193.251 - - [19/Oct/2025:11:49:26 -0400] "GET /about.php HTTP/1.1" 200 95107 "-" "-"
52.178.193.251 - - [19/Oct/2025:11:49:26 -0400] "GET /kk.php HTTP/1.1" 200 95107 "-" "-"
52.178.193.251 - - [19/Oct/2025:11:49:28 -0400] "GET /cf.php HTTP/1.1" 200 95107 "-" "-"
2620:121:5044:40:4a8c:: - - [19/Oct/2025:11:49:28 -0400] "GET / HTTP/1.1" 200 93470 "-" "Snap URL Preview Service; bot; snapchat; https://developers.snap.com/robots"
47.129.240.64 - - [19/Oct/2025:11:49:28 -0400] "GET / HTTP/1.1" 200 125069 "-" "Mozilla/5.0 (iPhone; CPU iPhone OS 15_2_3 like Mac OS X) AppleWebKit/526.1.25 (KHTML, like Gecko) Version/15.2 Mobile/15E148 Snapchat/11.38.0.10 (like Safari/526.1, panda)"
52.178.193.251 - - [19/Oct/2025:11:49:28 -0400] "GET /admin/uploads/images/autoload_classmap.php HTTP/1.1" 200 97380 "-" "-"
52.178.193.251 - - [19/Oct/2025:11:49:29 -0400] "GET /Js.php HTTP/1.1" 200 95107 "-" "-"
52.178.193.251 - - [19/Oct/2025:11:49:29 -0400] "GET /s.php HTTP/1.1" 200 95107 "-" "-"
52.178.193.251 - - [19/Oct/2025:11:49:30 -0400] "GET /lock.php HTTP/1.1" 200 95107 "-" "-"
52.178.193.251 - - [19/Oct/2025:11:49:30 -0400] "GET /ss.php HTTP/1.1" 200 95107 "-" "-"
52.178.193.251 - - [19/Oct/2025:11:49:30 -0400] "GET /if.php HTTP/1.1" 200 95107 "-" "-"
52.178.193.251 - - [19/Oct/2025:11:49:31 -0400] "GET /ff.php HTTP/1.1" 200 95107 "-" "-"
52.178.193.251 - - [19/Oct/2025:11:49:31 -0400] "GET /er.php HTTP/1.1" 200 95107 "-" "-"
52.178.193.251 - - [19/Oct/2025:11:49:31 -0400] "GET /alfa-shell-v4.php HTTP/1.1" 200 95107 "-" "-"
52.178.193.251 - - [19/Oct/2025:11:49:32 -0400] "GET /333.php HTTP/1.1" 200 95107 "-" "-"
52.178.193.251 - - [19/Oct/2025:11:49:32 -0400] "GET /c.php HTTP/1.1" 200 95107 "-" "-"
52.178.193.251 - - [19/Oct/2025:11:49:32 -0400] "GET /jp.php HTTP/1.1" 200 95107 "-" "-"
52.178.193.251 - - [19/Oct/2025:11:49:33 -0400] "GET /10.php HTTP/1.1" 200 95107 "-" "-"
52.178.193.251 - - [19/Oct/2025:11:49:33 -0400] "GET /3.php HTTP/1.1" 200 95107 "-" "-"
51.68.111.199 - - [19/Oct/2025:11:49:33 -0400] "GET /robots.txt HTTP/1.1" 200 123 "-" "Mozilla/5.0 (compatible; MJ12bot/v2.0.4; http://mj12bot.com/)"
52.178.193.251 - - [19/Oct/2025:11:49:34 -0400] "GET /g.php HTTP/1.1" 200 95107 "-" "-"
51.68.111.199 - - [19/Oct/2025:11:49:34 -0400] "GET /sidewinder/ HTTP/1.1" 200 98105 "-" "Mozilla/5.0 (compatible; MJ12bot/v2.0.4; http://mj12bot.com/)"
52.178.193.251 - - [19/Oct/2025:11:49:34 -0400] "GET /bypass.php HTTP/1.1" 200 95107 "-" "-"
102.89.23.85 - - [19/Oct/2025:11:49:35 -0400] "GET /wp-content/uploads/scissor-animated.gif HTTP/1.1" 304 - "https://www.google.com/" "Mozilla/5.0 (iPhone; CPU iPhone OS 18_6_2 like Mac OS X) AppleWebKit/605.1.15 (KHTML, like Gecko) GSA/372.0.765951532 Mobile/22G100 Safari/604.1"
52.178.193.251 - - [19/Oct/2025:11:49:36 -0400] "GET /ww.php HTTP/1.1" 200 95107 "-" "-"
34.34.56.208 - - [19/Oct/2025:11:49:36 -0400] "GET /wp-content/uploads/jackhammer-animated.gif HTTP/1.1" 304 - "https://www.google.com/" "Mozilla/5.0 (Linux; Android 10; K) AppleWebKit/537.36 (KHTML, like Gecko) Chrome/141.0.0.0 Mobile Safari/537.36"
52.178.193.251 - - [19/Oct/2025:11:49:38 -0400] "GET /config.php HTTP/1.1" 200 95107 "-" "-"
52.178.193.251 - - [19/Oct/2025:11:49:38 -0400] "GET /makeasmtp.php?p= HTTP/1.1" 200 3 "-" "-"
52.178.193.251 - - [19/Oct/2025:11:49:38 -0400] "GET /lv.php HTTP/1.1" 200 95107 "-" "-"
52.178.193.251 - - [19/Oct/2025:11:49:39 -0400] "GET /ee.php HTTP/1.1" 200 95107 "-" "-"
52.178.193.251 - - [19/Oct/2025:11:49:39 -0400] "GET /wp-admin/maint/index.php HTTP/1.1" 200 3 "-" "-"
51.89.129.98 - - [19/Oct/2025:11:49:40 -0400] "GET /the-throne/ HTTP/1.1" 200 98088 "-" "Mozilla/5.0 (compatible; AhrefsBot/7.0; +http://ahrefs.com/robot/)"
52.178.193.251 - - [19/Oct/2025:11:49:40 -0400] "GET /goods.php HTTP/1.1" 200 95107 "-" "-"
2406:7400:9a:3f86:c12:35f7:e24b:2125 - - [19/Oct/2025:11:49:42 -0400] "GET /wp-content/uploads/captain-animated.gif HTTP/1.1" 304 - "https://www.google.com/" "Mozilla/5.0 (iPhone; CPU iPhone OS 18_6_2 like Mac OS X) AppleWebKit/605.1.15 (KHTML, like Gecko) CriOS/141.0.7390.96 Mobile/15E148 Safari/604.1"
183.171.242.177 - - [19/Oct/2025:11:49:42 -0400] "GET /reverse-cowgirl/ HTTP/1.1" 200 98063 "https://www.google.com/" "Mozilla/5.0 (Linux; Android 10; K) AppleWebKit/537.36 (KHTML, like Gecko) Chrome/141.0.0.0 Mobile Safari/537.36"
2406:7400:9a:3f86:c12:35f7:e24b:2125 - - [19/Oct/2025:11:50:00 -0400] "GET /wp-content/uploads/footsie-animated.gif HTTP/1.1" 304 - "https://www.google.com/" "Mozilla/5.0 (iPhone; CPU iPhone OS 18_6_2 like Mac OS X) AppleWebKit/605.1.15 (KHTML, like Gecko) CriOS/141.0.7390.96 Mobile/15E148 Safari/604.1"
2400:1a00:4b45:51a1:801e:c2b6:304e:c3d2 - - [19/Oct/2025:11:50:10 -0400] "GET /favicon.ico HTTP/1.1" 200 3 "https://sexpositions.online/wp-content/uploads/cat-animated.gif" "Mozilla/5.0 (Linux; Android 10; K) AppleWebKit/537.36 (KHTML, like Gecko) Chrome/141.0.0.0 Mobile Safari/537.36"
34.34.56.208 - - [19/Oct/2025:11:50:12 -0400] "GET /oral/blowjob/ HTTP/1.1" 200 103860 "https://www.google.com/" "Mozilla/5.0 (Linux; Android 10; K) AppleWebKit/537.36 (KHTML, like Gecko) Chrome/141.0.0.0 Mobile Safari/537.36"
34.34.56.208 - - [19/Oct/2025:11:50:13 -0400] "GET /wp-content/uploads/sword-swallower-animated.gif HTTP/1.1" 304 - "https://sexpositions.online/oral/blowjob/" "Mozilla/5.0 (Linux; Android 10; K) AppleWebKit/537.36 (KHTML, like Gecko) Chrome/141.0.0.0 Mobile Safari/537.36"
34.34.56.208 - - [19/Oct/2025:11:50:13 -0400] "GET /wp-content/uploads/out-of-sight-animated.gif HTTP/1.1" 304 - "https://sexpositions.online/oral/blowjob/" "Mozilla/5.0 (Linux; Android 10; K) AppleWebKit/537.36 (KHTML, like Gecko) Chrome/141.0.0.0 Mobile Safari/537.36"
34.34.56.208 - - [19/Oct/2025:11:50:17 -0400] "GET /wp-content/uploads/double-dare-animated.gif HTTP/1.1" 304 - "https://sexpositions.online/oral/blowjob/" "Mozilla/5.0 (Linux; Android 10; K) AppleWebKit/537.36 (KHTML, like Gecko) Chrome/141.0.0.0 Mobile Safari/537.36"
102.90.116.141 - - [19/Oct/2025:11:50:17 -0400] "GET /cowgirl/ HTTP/1.1" 200 101897 "https://sexpositions.online/doggy-style/" "Mozilla/5.0 (Linux; Android 10; K) AppleWebKit/537.36 (KHTML, like Gecko) Chrome/140.0.0.0 Mobile Safari/537.36"
2409:40e4:110d:f58e:8000:: - - [19/Oct/2025:11:50:18 -0400] "GET /wp-content/uploads/highway-to-heaven-animated.gif HTTP/1.1" 304 - "https://www.google.com/" "Mozilla/5.0 (Linux; Android 15; V2246 Build/AP3A.240905.015.A2_INMOD1; wv) AppleWebKit/537.36 (KHTML, like Gecko) Version/4.0 Chrome/140.0.7339.207 Mobile Safari/537.36 GoogleApp/16.40.23.ve.arm64"
102.90.116.141 - - [19/Oct/2025:11:50:19 -0400] "GET /wp-content/uploads/the-sitting-cat-animated.gif HTTP/1.1" 304 - "https://sexpositions.online/cowgirl/" "Mozilla/5.0 (Linux; Android 10; K) AppleWebKit/537.36 (KHTML, like Gecko) Chrome/140.0.0.0 Mobile Safari/537.36"
102.90.116.141 - - [19/Oct/2025:11:50:19 -0400] "GET /wp-content/uploads/face-to-face-animated.gif HTTP/1.1" 304 - "https://sexpositions.online/cowgirl/" "Mozilla/5.0 (Linux; Android 10; K) AppleWebKit/537.36 (KHTML, like Gecko) Chrome/140.0.0.0 Mobile Safari/537.36"
2620:121:5044:42:4e16:: - - [19/Oct/2025:11:50:20 -0400] "GET / HTTP/1.1" 200 93470 "-" "Snap URL Preview Service; bot; snapchat; https://developers.snap.com/robots"
34.34.56.208 - - [19/Oct/2025:11:50:22 -0400] "GET /wp-content/uploads/up-against-the-wall-animated.gif HTTP/1.1" 304 - "https://sexpositions.online/oral/blowjob/" "Mozilla/5.0 (Linux; Android 10; K) AppleWebKit/537.36 (KHTML, like Gecko) Chrome/141.0.0.0 Mobile Safari/537.36"
34.34.56.208 - - [19/Oct/2025:11:50:24 -0400] "GET /wp-content/uploads/two-4-one-animated.gif HTTP/1.1" 304 - "https://sexpositions.online/oral/blowjob/" "Mozilla/5.0 (Linux; Android 10; K) AppleWebKit/537.36 (KHTML, like Gecko) Chrome/141.0.0.0 Mobile Safari/537.36"
2406:7400:9a:3f86:c12:35f7:e24b:2125 - - [19/Oct/2025:11:50:29 -0400] "GET /wp-content/uploads/highway-to-heaven-animated.gif HTTP/1.1" 304 - "https://www.google.com/" "Mozilla/5.0 (iPhone; CPU iPhone OS 18_6_2 like Mac OS X) AppleWebKit/605.1.15 (KHTML, like Gecko) CriOS/141.0.7390.96 Mobile/15E148 Safari/604.1"
2406:7400:9a:3f86:c12:35f7:e24b:2125 - - [19/Oct/2025:11:50:37 -0400] "GET /wp-content/uploads/the-swing-animated.gif HTTP/1.1" 304 - "https://www.google.com/" "Mozilla/5.0 (iPhone; CPU iPhone OS 18_6_2 like Mac OS X) AppleWebKit/605.1.15 (KHTML, like Gecko) CriOS/141.0.7390.96 Mobile/15E148 Safari/604.1"
2406:7400:9a:3f86:c12:35f7:e24b:2125 - - [19/Oct/2025:11:50:42 -0400] "GET /wp-content/uploads/scissor-animated.gif HTTP/1.1" 304 - "https://www.google.com/" "Mozilla/5.0 (iPhone; CPU iPhone OS 18_6_2 like Mac OS X) AppleWebKit/605.1.15 (KHTML, like Gecko) CriOS/141.0.7390.96 Mobile/15E148 Safari/604.1"
177.44.221.220 - - [19/Oct/2025:11:50:51 -0400] "GET /wp-content/uploads/the-crab-animated.gif HTTP/1.1" 200 197212 "https://www.loveyes.com.br/" "Mozilla/5.0 (Linux; Android 10; K) AppleWebKit/537.36 (KHTML, like Gecko) Chrome/141.0.0.0 Mobile Safari/537.36"
177.44.221.220 - - [19/Oct/2025:11:50:51 -0400] "GET /wp-content/uploads/flatiron-animated.gif HTTP/1.1" 200 166317 "https://www.loveyes.com.br/" "Mozilla/5.0 (Linux; Android 10; K) AppleWebKit/537.36 (KHTML, like Gecko) Chrome/141.0.0.0 Mobile Safari/537.36"
177.44.221.220 - - [19/Oct/2025:11:50:51 -0400] "GET /wp-content/uploads/anvil-animated.gif HTTP/1.1" 200 205408 "https://www.loveyes.com.br/" "Mozilla/5.0 (Linux; Android 10; K) AppleWebKit/537.36 (KHTML, like Gecko) Chrome/141.0.0.0 Mobile Safari/537.36"
177.44.221.220 - - [19/Oct/2025:11:50:51 -0400] "GET /wp-content/uploads/eiffel-tower-animated.gif HTTP/1.1" 200 173748 "https://www.loveyes.com.br/" "Mozilla/5.0 (Linux; Android 10; K) AppleWebKit/537.36 (KHTML, like Gecko) Chrome/141.0.0.0 Mobile Safari/537.36"
177.44.221.220 - - [19/Oct/2025:11:50:51 -0400] "GET /wp-content/uploads/roller-coaster-animated-1.gif HTTP/1.1" 200 223515 "https://www.loveyes.com.br/" "Mozilla/5.0 (Linux; Android 10; K) AppleWebKit/537.36 (KHTML, like Gecko) Chrome/141.0.0.0 Mobile Safari/537.36"
177.44.221.220 - - [19/Oct/2025:11:50:51 -0400] "GET /wp-content/uploads/launch-pad-animated-2.gif HTTP/1.1" 200 193915 "https://www.loveyes.com.br/" "Mozilla/5.0 (Linux; Android 10; K) AppleWebKit/537.36 (KHTML, like Gecko) Chrome/141.0.0.0 Mobile Safari/537.36"
177.44.221.220 - - [19/Oct/2025:11:50:51 -0400] "GET /wp-content/uploads/prone-bone-animated.gif HTTP/1.1" 200 226845 "https://www.loveyes.com.br/" "Mozilla/5.0 (Linux; Android 10; K) AppleWebKit/537.36 (KHTML, like Gecko) Chrome/141.0.0.0 Mobile Safari/537.36"
2001:fd8:b9e4:d200:41fc:3712:bd79:cdc9 - - [19/Oct/2025:11:51:00 -0400] "GET /wp-content/uploads/flying-missionary-animated.gif HTTP/1.1" 304 - "https://www.google.com/" "Mozilla/5.0 (Linux; Android 8.1.0; ASUS_X00HD Build/OPM1.171019.011; wv) AppleWebKit/537.36 (KHTML, like Gecko) Version/4.0 Chrome/138.0.7204.180 Mobile Safari/537.36 GoogleApp/14.14.16.26.arm64"
182.62.191.128 - - [19/Oct/2025:11:51:00 -0400] "GET /wp-content/uploads/reverse-69-animated.gif HTTP/1.1" 304 - "https://www.google.com/" "Mozilla/5.0 (Linux; Android 10; K) AppleWebKit/537.36 (KHTML, like Gecko) Chrome/141.0.0.0 Mobile Safari/537.36"
202.56.3.49 - - [19/Oct/2025:11:51:07 -0400] "GET /wp-content/uploads/cowgirl-animated.gif HTTP/1.1" 200 205110 "https://www.google.com/" "Mozilla/5.0 (Linux; Android 10; K) AppleWebKit/537.36 (KHTML, like Gecko) Chrome/141.0.0.0 Mobile Safari/537.36"
78.152.214.55 - - [19/Oct/2025:11:51:10 -0400] "GET /wp-content/uploads/kissing-the-pink-animated.gif HTTP/1.1" 304 - "https://www.google.com/" "Mozilla/5.0 (Linux; Android 15; ALT-NX1 Build/HONORALT-N31; wv) AppleWebKit/537.36 (KHTML, like Gecko) Version/4.0 Chrome/141.0.7390.43 Mobile Safari/537.36 GoogleApp/16.41.36.ve.arm64"
78.152.214.55 - - [19/Oct/2025:11:51:20 -0400] "GET /wp-content/uploads/the-tumbler-animated.gif HTTP/1.1" 304 - "https://www.google.com/" "Mozilla/5.0 (Linux; Android 15; ALT-NX1 Build/HONORALT-N31; wv) AppleWebKit/537.36 (KHTML, like Gecko) Version/4.0 Chrome/141.0.7390.43 Mobile Safari/537.36 GoogleApp/16.41.36.ve.arm64"
78.152.214.55 - - [19/Oct/2025:11:51:27 -0400] "GET /wp-content/uploads/the-headlock-animated.gif HTTP/1.1" 304 - "https://www.google.com/" "Mozilla/5.0 (Linux; Android 15; ALT-NX1 Build/HONORALT-N31; wv) AppleWebKit/537.36 (KHTML, like Gecko) Version/4.0 Chrome/141.0.7390.43 Mobile Safari/537.36 GoogleApp/16.41.36.ve.arm64"
74.14.208.5 - - [19/Oct/2025:11:51:27 -0400] "GET / HTTP/1.1" 200 125069 "https://sexpositions.online/woman-on-top/" "Mozilla/5.0 (iPhone; CPU iPhone OS 18_5_0 like Mac OS X) AppleWebKit/605.1.15 (KHTML, like Gecko) CriOS/141.0.7390.96 Mobile/15E148 Safari/604.1"
78.152.214.55 - - [19/Oct/2025:11:51:43 -0400] "GET /wp-content/uploads/two-timing-animated.gif HTTP/1.1" 200 202080 "https://www.google.com/" "Mozilla/5.0 (Linux; Android 15; ALT-NX1 Build/HONORALT-N31; wv) AppleWebKit/537.36 (KHTML, like Gecko) Version/4.0 Chrome/141.0.7390.43 Mobile Safari/537.36 GoogleApp/16.41.36.ve.arm64"
2003:da:6710:9900:28c3:ee90:d2f6:7bf8 - - [19/Oct/2025:11:51:52 -0400] "GET /wp-content/uploads/butterfly-animated.gif HTTP/1.1" 304 - "https://www.google.com/" "Mozilla/5.0 (iPhone; CPU iPhone OS 26_0_1 like Mac OS X) AppleWebKit/605.1.15 (KHTML, like Gecko) GSA/388.0.811331708 Mobile/23A355 Safari/604.1"
2600:8805:d296:7100:818a:4882:a055:1407 - - [19/Oct/2025:11:51:59 -0400] "GET /wp-content/uploads/jackhammer-animated.gif HTTP/1.1" 304 - "https://www.google.com/" "Mozilla/5.0 (Linux; Android 10; K) AppleWebKit/537.36 (KHTML, like Gecko) SamsungBrowser/28.0 Chrome/130.0.0.0 Mobile Safari/537.36"
