2402:3a80:ce3:3c2b:7e18:c8d7:22d5:1c3 - - [19/Oct/2025:08:28:33 -0400] "GET /wp-content/uploads/captain-animated.gif HTTP/1.1" 304 - "https://www.google.com/" "Mozilla/5.0 (Linux; Android 10; K) AppleWebKit/537.36 (KHTML, like Gecko) Chrome/139.0.0.0 Mobile Safari/537.36"
2409:408a:307:24c5::1c8a:a5 - - [19/Oct/2025:08:29:01 -0400] "GET /wp-content/uploads/windmill-animated.gif HTTP/1.1" 304 - "-" "Dalvik/2.1.0 (Linux; U; Android 13; RMX3193 Build/SP1A.210812.016)"
113.21.230.201 - - [19/Oct/2025:08:29:01 -0400] "GET /wp-content/uploads/missionary-animated.gif HTTP/1.1" 304 - "https://www.google.com/" "Mozilla/5.0 (Linux; Android 10; K) AppleWebKit/537.36 (KHTML, like Gecko) Chrome/141.0.0.0 Mobile Safari/537.36"
198.244.242.247 - - [19/Oct/2025:08:29:04 -0400] "GET /missionary/ HTTP/1.1" 200 103191 "-" "Mozilla/5.0 (compatible; AhrefsBot/7.0; +http://ahrefs.com/robot/)"
2409:408a:307:24c5::1c8a:a5 - - [19/Oct/2025:08:29:06 -0400] "GET /wp-content/uploads/camel-animated-1.gif HTTP/1.1" 304 - "-" "Dalvik/2.1.0 (Linux; U; Android 13; RMX3193 Build/SP1A.210812.016)"
203.221.76.230 - - [19/Oct/2025:08:29:13 -0400] "GET / HTTP/1.1" 200 125069 "https://www.google.com/" "Mozilla/5.0 (Linux; Android 10; K) AppleWebKit/537.36 (KHTML, like Gecko) Chrome/141.0.0.0 Mobile Safari/537.36"
203.221.76.230 - - [19/Oct/2025:08:29:14 -0400] "GET /favicon.ico HTTP/1.1" 200 3 "https://sexpositions.online/" "Mozilla/5.0 (Linux; Android 10; K) AppleWebKit/537.36 (KHTML, like Gecko) Chrome/141.0.0.0 Mobile Safari/537.36"
2603:6080:8100:958:81b2:8703:aae0:838e - - [19/Oct/2025:08:29:22 -0400] "GET /wp-content/uploads/reverse-69-back-animated.gif HTTP/1.1" 304 - "https://www.google.com/" "Mozilla/5.0 (iPhone; CPU iPhone OS 26_0_1 like Mac OS X) AppleWebKit/605.1.15 (KHTML, like Gecko) GSA/390.0.817388646 Mobile/23A355 Safari/604.1"
201.71.14.54 - - [19/Oct/2025:08:29:31 -0400] "GET /wp-content/uploads/cat-animated.gif HTTP/1.1" 304 - "https://www.google.com/" "Mozilla/5.0 (Linux; Android 10; K) AppleWebKit/537.36 (KHTML, like Gecko) Chrome/141.0.0.0 Mobile Safari/537.36"
169.224.36.94 - - [19/Oct/2025:08:29:43 -0400] "GET /wp-content/uploads/footsie-animated.gif HTTP/1.1" 304 - "https://www.google.com/" "Mozilla/5.0 (Linux; Android 8.0.0; LDN-L21 Build/HUAWEILDN-L21; wv) AppleWebKit/537.36 (KHTML, like Gecko) Version/4.0 Chrome/138.0.7204.179 Mobile Safari/537.36 GoogleApp/14.14.16.26.arm64"
201.71.14.54 - - [19/Oct/2025:08:29:48 -0400] "GET /missionary/ HTTP/1.1" 200 103202 "https://www.google.com/" "Mozilla/5.0 (Linux; Android 10; K) AppleWebKit/537.36 (KHTML, like Gecko) Chrome/141.0.0.0 Mobile Safari/537.36"
201.71.14.54 - - [19/Oct/2025:08:29:52 -0400] "GET /wp-content/uploads/blind-love-animated.gif HTTP/1.1" 200 226705 "https://sexpositions.online/missionary/" "Mozilla/5.0 (Linux; Android 10; K) AppleWebKit/537.36 (KHTML, like Gecko) Chrome/141.0.0.0 Mobile Safari/537.36"
201.71.14.54 - - [19/Oct/2025:08:29:53 -0400] "GET /wp-content/uploads/flying-missionary-animated.gif HTTP/1.1" 304 - "https://sexpositions.online/missionary/" "Mozilla/5.0 (Linux; Android 10; K) AppleWebKit/537.36 (KHTML, like Gecko) Chrome/141.0.0.0 Mobile Safari/537.36"
201.71.14.54 - - [19/Oct/2025:08:29:54 -0400] "GET /wp-content/uploads/front-and-rear-animated.gif HTTP/1.1" 200 183290 "https://sexpositions.online/missionary/" "Mozilla/5.0 (Linux; Android 10; K) AppleWebKit/537.36 (KHTML, like Gecko) Chrome/141.0.0.0 Mobile Safari/537.36"
105.242.174.186 - - [19/Oct/2025:08:30:01 -0400] "GET /wp-content/uploads/scissor-animated.gif HTTP/1.1" 304 - "https://www.google.com/" "Mozilla/5.0 (iPhone; CPU iPhone OS 18_7 like Mac OS X) AppleWebKit/605.1.15 (KHTML, like Gecko) Version/26.0.1 Mobile/15E148 Safari/604.1"
201.71.14.54 - - [19/Oct/2025:08:30:04 -0400] "GET /wp-content/uploads/the-deep-animated.gif HTTP/1.1" 304 - "https://sexpositions.online/missionary/" "Mozilla/5.0 (Linux; Android 10; K) AppleWebKit/537.36 (KHTML, like Gecko) Chrome/141.0.0.0 Mobile Safari/537.36"
201.71.14.54 - - [19/Oct/2025:08:30:04 -0400] "GET /blind-love/ HTTP/1.1" 200 98093 "https://sexpositions.online/missionary/" "Mozilla/5.0 (Linux; Android 10; K) AppleWebKit/537.36 (KHTML, like Gecko) Chrome/141.0.0.0 Mobile Safari/537.36"
201.71.14.54 - - [19/Oct/2025:08:30:08 -0400] "GET /wp-content/uploads/wild-cherry-animated.gif HTTP/1.1" 200 229059 "https://sexpositions.online/missionary/" "Mozilla/5.0 (Linux; Android 10; K) AppleWebKit/537.36 (KHTML, like Gecko) Chrome/141.0.0.0 Mobile Safari/537.36"
201.71.14.54 - - [19/Oct/2025:08:30:12 -0400] "GET /wp-content/uploads/anvil-animated.gif HTTP/1.1" 304 - "https://sexpositions.online/missionary/" "Mozilla/5.0 (Linux; Android 10; K) AppleWebKit/537.36 (KHTML, like Gecko) Chrome/141.0.0.0 Mobile Safari/537.36"
201.71.14.54 - - [19/Oct/2025:08:30:14 -0400] "GET /front-and-rear/ HTTP/1.1" 200 98076 "https://sexpositions.online/missionary/" "Mozilla/5.0 (Linux; Android 10; K) AppleWebKit/537.36 (KHTML, like Gecko) Chrome/141.0.0.0 Mobile Safari/537.36"
201.71.14.54 - - [19/Oct/2025:08:30:20 -0400] "GET /cowboy/ HTTP/1.1" 200 98022 "https://sexpositions.online/missionary/" "Mozilla/5.0 (Linux; Android 10; K) AppleWebKit/537.36 (KHTML, like Gecko) Chrome/141.0.0.0 Mobile Safari/537.36"
201.71.14.54 - - [19/Oct/2025:08:30:22 -0400] "GET /cat/ HTTP/1.1" 200 98143 "https://sexpositions.online/missionary/" "Mozilla/5.0 (Linux; Android 10; K) AppleWebKit/537.36 (KHTML, like Gecko) Chrome/141.0.0.0 Mobile Safari/537.36"
201.71.14.54 - - [19/Oct/2025:08:30:26 -0400] "GET /anal/ HTTP/1.1" 200 107938 "https://sexpositions.online/missionary/" "Mozilla/5.0 (Linux; Android 10; K) AppleWebKit/537.36 (KHTML, like Gecko) Chrome/141.0.0.0 Mobile Safari/537.36"
201.71.14.54 - - [19/Oct/2025:08:30:30 -0400] "GET /wp-content/uploads/eiffel-tower-animated.gif HTTP/1.1" 304 - "https://sexpositions.online/anal/" "Mozilla/5.0 (Linux; Android 10; K) AppleWebKit/537.36 (KHTML, like Gecko) Chrome/141.0.0.0 Mobile Safari/537.36"
201.71.14.54 - - [19/Oct/2025:08:30:39 -0400] "GET /cowboy/ HTTP/1.1" 200 98022 "https://sexpositions.online/anal/" "Mozilla/5.0 (Linux; Android 10; K) AppleWebKit/537.36 (KHTML, like Gecko) Chrome/141.0.0.0 Mobile Safari/537.36"
201.71.14.54 - - [19/Oct/2025:08:30:40 -0400] "GET /wp-content/uploads/flatiron-animated.gif HTTP/1.1" 304 - "https://sexpositions.online/anal/" "Mozilla/5.0 (Linux; Android 10; K) AppleWebKit/537.36 (KHTML, like Gecko) Chrome/141.0.0.0 Mobile Safari/537.36"
178.135.8.237 - - [19/Oct/2025:08:30:41 -0400] "GET /foreplay/ HTTP/1.1" 200 103221 "https://sexpositions.online/" "Mozilla/5.0 (iPhone; CPU iPhone OS 18_6_2 like Mac OS X) AppleWebKit/605.1.15 (KHTML, like Gecko) Version/18.6 Mobile/15E148 Safari/604.1"
178.135.8.237 - - [19/Oct/2025:08:30:42 -0400] "GET /wp-content/uploads/hold-the-pickle-animated.gif HTTP/1.1" 304 - "https://sexpositions.online/foreplay/" "Mozilla/5.0 (iPhone; CPU iPhone OS 18_6_2 like Mac OS X) AppleWebKit/605.1.15 (KHTML, like Gecko) Version/18.6 Mobile/15E148 Safari/604.1"
178.135.8.237 - - [19/Oct/2025:08:30:42 -0400] "GET /wp-content/uploads/ladies-first-animated.gif HTTP/1.1" 304 - "https://sexpositions.online/foreplay/" "Mozilla/5.0 (iPhone; CPU iPhone OS 18_6_2 like Mac OS X) AppleWebKit/605.1.15 (KHTML, like Gecko) Version/18.6 Mobile/15E148 Safari/604.1"
178.135.8.237 - - [19/Oct/2025:08:30:42 -0400] "GET /wp-content/uploads/lady-in-waiting-animated.gif HTTP/1.1" 304 - "https://sexpositions.online/foreplay/" "Mozilla/5.0 (iPhone; CPU iPhone OS 18_6_2 like Mac OS X) AppleWebKit/605.1.15 (KHTML, like Gecko) Version/18.6 Mobile/15E148 Safari/604.1"
201.71.14.54 - - [19/Oct/2025:08:30:42 -0400] "GET /frog/ HTTP/1.1" 200 98182 "https://sexpositions.online/anal/" "Mozilla/5.0 (Linux; Android 10; K) AppleWebKit/537.36 (KHTML, like Gecko) Chrome/141.0.0.0 Mobile Safari/537.36"
201.71.14.54 - - [19/Oct/2025:08:30:44 -0400] "GET /wp-content/uploads/prone-bone-animated.gif HTTP/1.1" 304 - "https://sexpositions.online/anal/" "Mozilla/5.0 (Linux; Android 10; K) AppleWebKit/537.36 (KHTML, like Gecko) Chrome/141.0.0.0 Mobile Safari/537.36"
201.71.14.54 - - [19/Oct/2025:08:30:52 -0400] "GET /wp-content/uploads/launch-pad-animated-2.gif HTTP/1.1" 304 - "https://sexpositions.online/anal/" "Mozilla/5.0 (Linux; Android 10; K) AppleWebKit/537.36 (KHTML, like Gecko) Chrome/141.0.0.0 Mobile Safari/537.36"
181.189.26.121 - - [19/Oct/2025:08:30:52 -0400] "GET /wp-content/uploads/the-corkscrew-animated.gif HTTP/1.1" 304 - "https://www.google.com/" "Mozilla/5.0 (Linux; Android 10; K) AppleWebKit/537.36 (KHTML, like Gecko) Chrome/141.0.0.0 Mobile Safari/537.36"
201.71.14.54 - - [19/Oct/2025:08:30:53 -0400] "GET /wp-content/uploads/roller-coaster-animated-1.gif HTTP/1.1" 304 - "https://sexpositions.online/anal/" "Mozilla/5.0 (Linux; Android 10; K) AppleWebKit/537.36 (KHTML, like Gecko) Chrome/141.0.0.0 Mobile Safari/537.36"
2400:adc1:12a:7300:9c65:3e31:8a4e:e232 - - [19/Oct/2025:08:30:56 -0400] "GET /wp-content/uploads/body-booster-animated.gif HTTP/1.1" 304 - "https://www.google.com/" "Mozilla/5.0 (Linux; Android 14; 23053RN02A Build/UP1A.231005.007; wv) AppleWebKit/537.36 (KHTML, like Gecko) Version/4.0 Chrome/140.0.7339.207 Mobile Safari/537.36 GoogleApp/16.41.36.ve.arm64"
85.208.96.206 - - [19/Oct/2025:08:30:57 -0400] "GET /page/21/?action=repository_opensearch&count=20&index_id=239&order=17&pn=1 HTTP/1.1" 200 116442 "-" "Mozilla/5.0 (compatible; SemrushBot/7~bl; +http://www.semrush.com/bot.html)"
201.71.14.54 - - [19/Oct/2025:08:30:58 -0400] "GET /screw/ HTTP/1.1" 200 98013 "https://sexpositions.online/anal/" "Mozilla/5.0 (Linux; Android 10; K) AppleWebKit/537.36 (KHTML, like Gecko) Chrome/141.0.0.0 Mobile Safari/537.36"
178.135.8.237 - - [19/Oct/2025:08:31:00 -0400] "GET /wp-content/uploads/all-hands-on-deck-animated.gif HTTP/1.1" 304 - "https://sexpositions.online/foreplay/" "Mozilla/5.0 (iPhone; CPU iPhone OS 18_6_2 like Mac OS X) AppleWebKit/605.1.15 (KHTML, like Gecko) Version/18.6 Mobile/15E148 Safari/604.1"
2400:adc1:12a:7300:9c65:3e31:8a4e:e232 - - [19/Oct/2025:08:31:04 -0400] "GET /wp-content/uploads/chair-lift-animated.gif HTTP/1.1" 304 - "https://www.google.com/" "Mozilla/5.0 (Linux; Android 14; 23053RN02A Build/UP1A.231005.007; wv) AppleWebKit/537.36 (KHTML, like Gecko) Version/4.0 Chrome/140.0.7339.207 Mobile Safari/537.36 GoogleApp/16.41.36.ve.arm64"
178.135.8.237 - - [19/Oct/2025:08:31:05 -0400] "GET /wp-content/uploads/happy-hands-animated.gif HTTP/1.1" 304 - "https://sexpositions.online/foreplay/" "Mozilla/5.0 (iPhone; CPU iPhone OS 18_6_2 like Mac OS X) AppleWebKit/605.1.15 (KHTML, like Gecko) Version/18.6 Mobile/15E148 Safari/604.1"
178.135.8.237 - - [19/Oct/2025:08:31:07 -0400] "GET /wp-content/uploads/the-vibe-animated.gif HTTP/1.1" 304 - "https://sexpositions.online/foreplay/" "Mozilla/5.0 (iPhone; CPU iPhone OS 18_6_2 like Mac OS X) AppleWebKit/605.1.15 (KHTML, like Gecko) Version/18.6 Mobile/15E148 Safari/604.1"
201.71.14.54 - - [19/Oct/2025:08:31:07 -0400] "GET /easy/ HTTP/1.1" 200 101587 "https://sexpositions.online/anal/" "Mozilla/5.0 (Linux; Android 10; K) AppleWebKit/537.36 (KHTML, like Gecko) Chrome/141.0.0.0 Mobile Safari/537.36"
201.71.14.54 - - [19/Oct/2025:08:31:09 -0400] "GET /man-on-top/ HTTP/1.1" 200 103059 "https://sexpositions.online/anal/" "Mozilla/5.0 (Linux; Android 10; K) AppleWebKit/537.36 (KHTML, like Gecko) Chrome/141.0.0.0 Mobile Safari/537.36"
201.71.14.54 - - [19/Oct/2025:08:31:09 -0400] "GET /oral/ HTTP/1.1" 200 105341 "https://sexpositions.online/anal/" "Mozilla/5.0 (Linux; Android 10; K) AppleWebKit/537.36 (KHTML, like Gecko) Chrome/141.0.0.0 Mobile Safari/537.36"
178.135.8.237 - - [19/Oct/2025:08:31:12 -0400] "GET /wp-content/uploads/good-vibrations-animated.gif HTTP/1.1" 304 - "https://sexpositions.online/foreplay/" "Mozilla/5.0 (iPhone; CPU iPhone OS 18_6_2 like Mac OS X) AppleWebKit/605.1.15 (KHTML, like Gecko) Version/18.6 Mobile/15E148 Safari/604.1"
178.135.8.237 - - [19/Oct/2025:08:31:14 -0400] "GET /wp-content/uploads/footsie-animated.gif HTTP/1.1" 304 - "https://sexpositions.online/foreplay/" "Mozilla/5.0 (iPhone; CPU iPhone OS 18_6_2 like Mac OS X) AppleWebKit/605.1.15 (KHTML, like Gecko) Version/18.6 Mobile/15E148 Safari/604.1"
178.135.8.237 - - [19/Oct/2025:08:31:15 -0400] "GET /wp-content/uploads/love-bug-animated.gif HTTP/1.1" 304 - "https://sexpositions.online/foreplay/" "Mozilla/5.0 (iPhone; CPU iPhone OS 18_6_2 like Mac OS X) AppleWebKit/605.1.15 (KHTML, like Gecko) Version/18.6 Mobile/15E148 Safari/604.1"
2400:adc1:12a:7300:9c65:3e31:8a4e:e232 - - [19/Oct/2025:08:31:16 -0400] "GET /wp-content/uploads/highway-to-heaven-animated.gif HTTP/1.1" 304 - "https://www.google.com/" "Mozilla/5.0 (Linux; Android 14; 23053RN02A Build/UP1A.231005.007; wv) AppleWebKit/537.36 (KHTML, like Gecko) Version/4.0 Chrome/140.0.7339.207 Mobile Safari/537.36 GoogleApp/16.41.36.ve.arm64"
2405:201:6816:4107:533:f0f:7023:cb22 - - [19/Oct/2025:08:31:16 -0400] "GET /oral/ HTTP/1.1" 200 105341 "https://www.google.com/" "Mozilla/5.0 (Linux; Android 10; K) AppleWebKit/537.36 (KHTML, like Gecko) Chrome/141.0.0.0 Mobile Safari/537.36"
2405:201:6816:4107:533:f0f:7023:cb22 - - [19/Oct/2025:08:31:17 -0400] "GET /wp-content/uploads/play-ball-animated.gif HTTP/1.1" 304 - "https://sexpositions.online/oral/" "Mozilla/5.0 (Linux; Android 10; K) AppleWebKit/537.36 (KHTML, like Gecko) Chrome/141.0.0.0 Mobile Safari/537.36"
2405:201:6816:4107:533:f0f:7023:cb22 - - [19/Oct/2025:08:31:17 -0400] "GET /wp-content/uploads/dirty-doggy-animated.gif HTTP/1.1" 304 - "https://sexpositions.online/oral/" "Mozilla/5.0 (Linux; Android 10; K) AppleWebKit/537.36 (KHTML, like Gecko) Chrome/141.0.0.0 Mobile Safari/537.36"
2405:201:6816:4107:533:f0f:7023:cb22 - - [19/Oct/2025:08:31:17 -0400] "GET /wp-includes/js/wp-emoji-release.min.js?ver=6.8.3 HTTP/1.1" 304 - "https://sexpositions.online/oral/" "Mozilla/5.0 (Linux; Android 10; K) AppleWebKit/537.36 (KHTML, like Gecko) Chrome/141.0.0.0 Mobile Safari/537.36"
178.134.251.42 - - [19/Oct/2025:08:31:23 -0400] "GET / HTTP/1.1" 200 125069 "-" "Mozilla/5.0 (iPhone; CPU iPhone OS 18_6_2 like Mac OS X) AppleWebKit/605.1.15 (KHTML, like Gecko) Version/18.6 Mobile/15E148 Safari/604.1"
2405:201:6816:4107:533:f0f:7023:cb22 - - [19/Oct/2025:08:31:25 -0400] "GET /wp-content/uploads/the-tipster-animated.gif HTTP/1.1" 304 - "https://sexpositions.online/oral/" "Mozilla/5.0 (Linux; Android 10; K) AppleWebKit/537.36 (KHTML, like Gecko) Chrome/141.0.0.0 Mobile Safari/537.36"
178.135.8.237 - - [19/Oct/2025:08:31:28 -0400] "GET /chair/ HTTP/1.1" 200 103051 "https://sexpositions.online/foreplay/" "Mozilla/5.0 (iPhone; CPU iPhone OS 18_6_2 like Mac OS X) AppleWebKit/605.1.15 (KHTML, like Gecko) Version/18.6 Mobile/15E148 Safari/604.1"
178.135.8.237 - - [19/Oct/2025:08:31:29 -0400] "GET /wp-content/uploads/the-straddle-animated.gif HTTP/1.1" 304 - "https://sexpositions.online/chair/" "Mozilla/5.0 (iPhone; CPU iPhone OS 18_6_2 like Mac OS X) AppleWebKit/605.1.15 (KHTML, like Gecko) Version/18.6 Mobile/15E148 Safari/604.1"
178.135.8.237 - - [19/Oct/2025:08:31:29 -0400] "GET /wp-content/uploads/whos-your-daddy-animated.gif HTTP/1.1" 304 - "https://sexpositions.online/chair/" "Mozilla/5.0 (iPhone; CPU iPhone OS 18_6_2 like Mac OS X) AppleWebKit/605.1.15 (KHTML, like Gecko) Version/18.6 Mobile/15E148 Safari/604.1"
201.71.14.54 - - [19/Oct/2025:08:31:30 -0400] "GET /worlds-strongest/ HTTP/1.1" 200 98135 "https://sexpositions.online/oral/" "Mozilla/5.0 (Linux; Android 10; K) AppleWebKit/537.36 (KHTML, like Gecko) Chrome/141.0.0.0 Mobile Safari/537.36"
178.135.8.237 - - [19/Oct/2025:08:31:31 -0400] "GET /wp-content/uploads/the-love-seat-animated-1.gif HTTP/1.1" 304 - "https://sexpositions.online/chair/" "Mozilla/5.0 (iPhone; CPU iPhone OS 18_6_2 like Mac OS X) AppleWebKit/605.1.15 (KHTML, like Gecko) Version/18.6 Mobile/15E148 Safari/604.1"
2405:201:6816:4107:533:f0f:7023:cb22 - - [19/Oct/2025:08:31:32 -0400] "GET /wp-content/uploads/the-pin-up-animated.gif HTTP/1.1" 304 - "https://sexpositions.online/oral/" "Mozilla/5.0 (Linux; Android 10; K) AppleWebKit/537.36 (KHTML, like Gecko) Chrome/141.0.0.0 Mobile Safari/537.36"
178.135.8.237 - - [19/Oct/2025:08:31:32 -0400] "GET /wp-content/uploads/lap-dance-animated.gif HTTP/1.1" 304 - "https://sexpositions.online/chair/" "Mozilla/5.0 (iPhone; CPU iPhone OS 18_6_2 like Mac OS X) AppleWebKit/605.1.15 (KHTML, like Gecko) Version/18.6 Mobile/15E148 Safari/604.1"
49.182.208.10 - - [19/Oct/2025:08:31:33 -0400] "GET /wp-content/uploads/blind-love-animated.gif HTTP/1.1" 304 - "https://www.google.com/" "Mozilla/5.0 (iPhone; CPU iPhone OS 18_3_2 like Mac OS X) AppleWebKit/605.1.15 (KHTML, like Gecko) Version/18.3.1 Mobile/15E148 Safari/604.1"
178.135.8.237 - - [19/Oct/2025:08:31:33 -0400] "GET /wp-content/uploads/the-hammock-animated.gif HTTP/1.1" 304 - "https://sexpositions.online/chair/" "Mozilla/5.0 (iPhone; CPU iPhone OS 18_6_2 like Mac OS X) AppleWebKit/605.1.15 (KHTML, like Gecko) Version/18.6 Mobile/15E148 Safari/604.1"
178.135.8.237 - - [19/Oct/2025:08:31:36 -0400] "GET /wp-content/uploads/courting-chairs-animated.gif HTTP/1.1" 304 - "https://sexpositions.online/chair/" "Mozilla/5.0 (iPhone; CPU iPhone OS 18_6_2 like Mac OS X) AppleWebKit/605.1.15 (KHTML, like Gecko) Version/18.6 Mobile/15E148 Safari/604.1"
178.135.8.237 - - [19/Oct/2025:08:31:37 -0400] "GET /wp-content/uploads/the-throne-animated-1.gif HTTP/1.1" 304 - "https://sexpositions.online/chair/" "Mozilla/5.0 (iPhone; CPU iPhone OS 18_6_2 like Mac OS X) AppleWebKit/605.1.15 (KHTML, like Gecko) Version/18.6 Mobile/15E148 Safari/604.1"
2405:201:6816:4107:533:f0f:7023:cb22 - - [19/Oct/2025:08:31:38 -0400] "GET /wp-content/uploads/worlds-strongest-animated.gif HTTP/1.1" 304 - "https://sexpositions.online/oral/" "Mozilla/5.0 (Linux; Android 10; K) AppleWebKit/537.36 (KHTML, like Gecko) Chrome/141.0.0.0 Mobile Safari/537.36"
185.193.159.199 - - [19/Oct/2025:08:31:40 -0400] "GET /wp-content/uploads/the-bridge-animated.gif HTTP/1.1" 304 - "https://yandex.ru/" "Mozilla/5.0 (iPhone; CPU iPhone OS 26_0_1 like Mac OS X) AppleWebKit/605.1.15 (KHTML, like Gecko) Mobile/15E148 YaBrowser/25.6.0.1819.10 YaApp_iOS/2506.0 YaApp_iOS_Search/2506.0 TA/2.1 webVert webOmni Safari/604.1 SA/3"
196.129.36.81 - - [19/Oct/2025:08:31:40 -0400] "GET /wp-content/uploads/speed-bump-animated.gif HTTP/1.1" 304 - "https://www.google.com/" "Mozilla/5.0 (Linux; Android 10; K) AppleWebKit/537.36 (KHTML, like Gecko) Chrome/126.0.0.0 Mobile Safari/537.36"
201.71.14.54 - - [19/Oct/2025:08:31:43 -0400] "GET / HTTP/1.1" 200 125069 "https://sexpositions.online/oral/" "Mozilla/5.0 (Linux; Android 10; K) AppleWebKit/537.36 (KHTML, like Gecko) Chrome/141.0.0.0 Mobile Safari/537.36"
85.208.96.195 - - [19/Oct/2025:08:31:43 -0400] "GET /page/6/?action=repository_opensearch&count=20&index_id=2274&order=17&pn=1 HTTP/1.1" 200 116237 "-" "Mozilla/5.0 (compatible; SemrushBot/7~bl; +http://www.semrush.com/bot.html)"
2405:201:6816:4107:533:f0f:7023:cb22 - - [19/Oct/2025:08:31:46 -0400] "GET /wp-content/uploads/evolved-dog-animated.gif HTTP/1.1" 304 - "https://sexpositions.online/oral/" "Mozilla/5.0 (Linux; Android 10; K) AppleWebKit/537.36 (KHTML, like Gecko) Chrome/141.0.0.0 Mobile Safari/537.36"
201.71.14.54 - - [19/Oct/2025:08:31:47 -0400] "GET /wp-content/uploads/amazon-animated.gif HTTP/1.1" 304 - "https://sexpositions.online/" "Mozilla/5.0 (Linux; Android 10; K) AppleWebKit/537.36 (KHTML, like Gecko) Chrome/141.0.0.0 Mobile Safari/537.36"
178.135.8.237 - - [19/Oct/2025:08:31:49 -0400] "GET /oral/ HTTP/1.1" 200 105341 "https://sexpositions.online/chair/" "Mozilla/5.0 (iPhone; CPU iPhone OS 18_6_2 like Mac OS X) AppleWebKit/605.1.15 (KHTML, like Gecko) Version/18.6 Mobile/15E148 Safari/604.1"
178.135.8.237 - - [19/Oct/2025:08:31:50 -0400] "GET /wp-content/uploads/dirty-doggy-animated.gif HTTP/1.1" 304 - "https://sexpositions.online/oral/" "Mozilla/5.0 (iPhone; CPU iPhone OS 18_6_2 like Mac OS X) AppleWebKit/605.1.15 (KHTML, like Gecko) Version/18.6 Mobile/15E148 Safari/604.1"
201.71.14.54 - - [19/Oct/2025:08:31:52 -0400] "GET /wp-content/uploads/lotus-animated.gif HTTP/1.1" 304 - "https://sexpositions.online/" "Mozilla/5.0 (Linux; Android 10; K) AppleWebKit/537.36 (KHTML, like Gecko) Chrome/141.0.0.0 Mobile Safari/537.36"
201.71.14.54 - - [19/Oct/2025:08:31:55 -0400] "GET /wp-content/uploads/doggy-style-animated.gif HTTP/1.1" 304 - "https://sexpositions.online/" "Mozilla/5.0 (Linux; Android 10; K) AppleWebKit/537.36 (KHTML, like Gecko) Chrome/141.0.0.0 Mobile Safari/537.36"
201.71.14.54 - - [19/Oct/2025:08:31:58 -0400] "GET /wp-content/uploads/spooning-animated.gif HTTP/1.1" 304 - "https://sexpositions.online/" "Mozilla/5.0 (Linux; Android 10; K) AppleWebKit/537.36 (KHTML, like Gecko) Chrome/141.0.0.0 Mobile Safari/537.36"
201.71.14.54 - - [19/Oct/2025:08:32:00 -0400] "GET /wp-content/uploads/helicopter-animated.gif HTTP/1.1" 304 - "https://sexpositions.online/" "Mozilla/5.0 (Linux; Android 10; K) AppleWebKit/537.36 (KHTML, like Gecko) Chrome/141.0.0.0 Mobile Safari/537.36"
158.174.246.60 - - [19/Oct/2025:08:32:01 -0400] "GET /oral/blowjob/ HTTP/1.1" 200 103860 "-" "Mozilla/5.0 (iPhone; CPU iPhone OS 26_0_1 like Mac OS X) AppleWebKit/605.1.15 (KHTML, like Gecko) CriOS/141.0.7390.96 Mobile/15E148 Safari/604.1"
2001:448a:2082:9c11:91cb:8ac0:45df:f04e - - [19/Oct/2025:08:32:04 -0400] "GET /legs-up/ HTTP/1.1" 200 98090 "https://www.google.com/" "Mozilla/5.0 (Linux; Android 10; K) AppleWebKit/537.36 (KHTML, like Gecko) SamsungBrowser/28.0 Chrome/130.0.0.0 Mobile Safari/537.36"
2001:448a:2082:9c11:91cb:8ac0:45df:f04e - - [19/Oct/2025:08:32:04 -0400] "GET /wp-content/themes/astra/assets/css/minified/main.min.css?ver=4.11.12 HTTP/1.1" 304 - "https://sexpositions.online/legs-up/" "Mozilla/5.0 (Linux; Android 10; K) AppleWebKit/537.36 (KHTML, like Gecko) SamsungBrowser/28.0 Chrome/130.0.0.0 Mobile Safari/537.36"
2001:448a:2082:9c11:91cb:8ac0:45df:f04e - - [19/Oct/2025:08:32:04 -0400] "GET /wp-includes/css/dist/block-library/style.min.css?ver=6.8.3 HTTP/1.1" 304 - "https://sexpositions.online/legs-up/" "Mozilla/5.0 (Linux; Android 10; K) AppleWebKit/537.36 (KHTML, like Gecko) SamsungBrowser/28.0 Chrome/130.0.0.0 Mobile Safari/537.36"
2001:448a:2082:9c11:91cb:8ac0:45df:f04e - - [19/Oct/2025:08:32:04 -0400] "GET /wp-content/themes/astra/assets/js/minified/frontend.min.js?ver=4.11.12 HTTP/1.1" 304 - "https://sexpositions.online/legs-up/" "Mozilla/5.0 (Linux; Android 10; K) AppleWebKit/537.36 (KHTML, like Gecko) SamsungBrowser/28.0 Chrome/130.0.0.0 Mobile Safari/537.36"
2407:cdc0:b00a::141 - - [19/Oct/2025:08:32:06 -0400] "GET /wp-content/uploads/reverse-cowgirl-animated.gif HTTP/1.1" 304 - "https://www.google.com/" "Mozilla/5.0 (Windows NT 10.0; Win64; x64) AppleWebKit/537.36 (KHTML, like Gecko) Chrome/141.0.0.0 Safari/537.36"
2001:448a:2082:9c11:91cb:8ac0:45df:f04e - - [19/Oct/2025:08:32:07 -0400] "GET /man-overboard/ HTTP/1.1" 200 98362 "https://sexpositions.online/legs-up/" "Mozilla/5.0 (Linux; Android 10; K) AppleWebKit/537.36 (KHTML, like Gecko) SamsungBrowser/28.0 Chrome/130.0.0.0 Mobile Safari/537.36"
2405:201:f020:78a6:48c0:366b:197c:ea2c - - [19/Oct/2025:08:32:07 -0400] "GET /doggy-style/ HTTP/1.1" 200 102754 "https://www.google.co.in/" "Mozilla/5.0 (Linux; Android 10; K) AppleWebKit/537.36 (KHTML, like Gecko) Chrome/139.0.0.0 Mobile Safari/537.36 OPR/91.0.0.0"
2405:201:f020:78a6:48c0:366b:197c:ea2c - - [19/Oct/2025:08:32:09 -0400] "GET /wp-content/uploads/upward-dog-animated.gif HTTP/1.1" 304 - "https://sexpositions.online/doggy-style/" "Mozilla/5.0 (Linux; Android 10; K) AppleWebKit/537.36 (KHTML, like Gecko) Chrome/139.0.0.0 Mobile Safari/537.36 OPR/91.0.0.0"
37.111.193.67 - - [19/Oct/2025:08:32:14 -0400] "GET / HTTP/1.1" 200 125058 "-" "Mozilla/5.0 (Windows NT 10.0; Win64; x64) AppleWebKit/537.36 (KHTML, like Gecko) Chrome/141.0.0.0 Safari/537.36"
37.111.193.67 - - [19/Oct/2025:08:32:14 -0400] "GET /wp-content/themes/astra/assets/css/minified/main.min.css?ver=4.11.12 HTTP/1.1" 304 - "https://sexpositions.online/" "Mozilla/5.0 (Windows NT 10.0; Win64; x64) AppleWebKit/537.36 (KHTML, like Gecko) Chrome/141.0.0.0 Safari/537.36"
37.111.193.67 - - [19/Oct/2025:08:32:15 -0400] "GET /wp-content/uploads/cowgirl-animated.gif HTTP/1.1" 304 - "https://sexpositions.online/" "Mozilla/5.0 (Windows NT 10.0; Win64; x64) AppleWebKit/537.36 (KHTML, like Gecko) Chrome/141.0.0.0 Safari/537.36"
37.111.193.67 - - [19/Oct/2025:08:32:15 -0400] "GET /wp-content/uploads/banner.jpg HTTP/1.1" 304 - "https://sexpositions.online/" "Mozilla/5.0 (Windows NT 10.0; Win64; x64) AppleWebKit/537.36 (KHTML, like Gecko) Chrome/141.0.0.0 Safari/537.36"
37.111.193.67 - - [19/Oct/2025:08:32:15 -0400] "GET /wp-includes/css/dist/block-library/style.min.css?ver=6.8.3 HTTP/1.1" 304 - "https://sexpositions.online/" "Mozilla/5.0 (Windows NT 10.0; Win64; x64) AppleWebKit/537.36 (KHTML, like Gecko) Chrome/141.0.0.0 Safari/537.36"
37.111.193.67 - - [19/Oct/2025:08:32:15 -0400] "GET /wp-content/uploads/missionary-animated.gif HTTP/1.1" 304 - "https://sexpositions.online/" "Mozilla/5.0 (Windows NT 10.0; Win64; x64) AppleWebKit/537.36 (KHTML, like Gecko) Chrome/141.0.0.0 Safari/537.36"
37.111.193.67 - - [19/Oct/2025:08:32:16 -0400] "GET /wp-content/themes/astra/assets/js/minified/frontend.min.js?ver=4.11.12 HTTP/1.1" 304 - "https://sexpositions.online/" "Mozilla/5.0 (Windows NT 10.0; Win64; x64) AppleWebKit/537.36 (KHTML, like Gecko) Chrome/141.0.0.0 Safari/537.36"
37.111.193.67 - - [19/Oct/2025:08:32:16 -0400] "GET /wp-content/uploads/amazon-animated.gif HTTP/1.1" 304 - "https://sexpositions.online/" "Mozilla/5.0 (Windows NT 10.0; Win64; x64) AppleWebKit/537.36 (KHTML, like Gecko) Chrome/141.0.0.0 Safari/537.36"
37.111.193.67 - - [19/Oct/2025:08:32:16 -0400] "GET /wp-content/uploads/lotus-animated.gif HTTP/1.1" 304 - "https://sexpositions.online/" "Mozilla/5.0 (Windows NT 10.0; Win64; x64) AppleWebKit/537.36 (KHTML, like Gecko) Chrome/141.0.0.0 Safari/537.36"
37.111.193.67 - - [19/Oct/2025:08:32:16 -0400] "GET /wp-content/uploads/doggy-style-animated.gif HTTP/1.1" 304 - "https://sexpositions.online/" "Mozilla/5.0 (Windows NT 10.0; Win64; x64) AppleWebKit/537.36 (KHTML, like Gecko) Chrome/141.0.0.0 Safari/537.36"
37.111.193.67 - - [19/Oct/2025:08:32:18 -0400] "GET /wp-content/uploads/piledriver-animated.gif HTTP/1.1" 304 - "https://sexpositions.online/" "Mozilla/5.0 (Windows NT 10.0; Win64; x64) AppleWebKit/537.36 (KHTML, like Gecko) Chrome/141.0.0.0 Safari/537.36"
37.111.193.67 - - [19/Oct/2025:08:32:18 -0400] "GET /wp-content/uploads/spooning-animated.gif HTTP/1.1" 304 - "https://sexpositions.online/" "Mozilla/5.0 (Windows NT 10.0; Win64; x64) AppleWebKit/537.36 (KHTML, like Gecko) Chrome/141.0.0.0 Safari/537.36"
37.111.193.67 - - [19/Oct/2025:08:32:18 -0400] "GET /wp-content/uploads/helicopter-animated.gif HTTP/1.1" 304 - "https://sexpositions.online/" "Mozilla/5.0 (Windows NT 10.0; Win64; x64) AppleWebKit/537.36 (KHTML, like Gecko) Chrome/141.0.0.0 Safari/537.36"
37.111.193.67 - - [19/Oct/2025:08:32:19 -0400] "GET /wp-content/uploads/speed-bump-animated.gif HTTP/1.1" 304 - "https://sexpositions.online/" "Mozilla/5.0 (Windows NT 10.0; Win64; x64) AppleWebKit/537.36 (KHTML, like Gecko) Chrome/141.0.0.0 Safari/537.36"
37.111.193.67 - - [19/Oct/2025:08:32:19 -0400] "GET /wp-content/uploads/butterfly-animated.gif HTTP/1.1" 304 - "https://sexpositions.online/" "Mozilla/5.0 (Windows NT 10.0; Win64; x64) AppleWebKit/537.36 (KHTML, like Gecko) Chrome/141.0.0.0 Safari/537.36"
37.111.193.67 - - [19/Oct/2025:08:32:19 -0400] "GET /wp-includes/js/wp-emoji-release.min.js?ver=6.8.3 HTTP/1.1" 304 - "https://sexpositions.online/" "Mozilla/5.0 (Windows NT 10.0; Win64; x64) AppleWebKit/537.36 (KHTML, like Gecko) Chrome/141.0.0.0 Safari/537.36"
37.111.193.67 - - [19/Oct/2025:08:32:20 -0400] "GET /wp-content/uploads/cropped-favicon-32x32.png HTTP/1.1" 304 - "https://sexpositions.online/" "Mozilla/5.0 (Windows NT 10.0; Win64; x64) AppleWebKit/537.36 (KHTML, like Gecko) Chrome/141.0.0.0 Safari/537.36"
216.244.66.234 - - [19/Oct/2025:08:32:21 -0400] "GET /2019/page/3/ HTTP/1.1" 200 115887 "-" "Mozilla/5.0 (compatible; DotBot/1.2; +https://opensiteexplorer.org/dotbot; [email protected])"
2c0f:2a80:2777:1308:47a4:9d6f:eba1:dd4a - - [19/Oct/2025:08:32:29 -0400] "GET /wp-content/uploads/the-love-seat-animated-1.gif HTTP/1.1" 304 - "https://www.google.com/" "Mozilla/5.0 (Linux; Android 10; K) AppleWebKit/537.36 (KHTML, like Gecko) Chrome/141.0.0.0 Mobile Safari/537.36"
2001:4450:489f:5d00:508c:93ef:3c5:ea86 - - [19/Oct/2025:08:32:30 -0400] "GET /wp-content/uploads/missionary-animated.gif HTTP/1.1" 304 - "https://www.google.com/" "Mozilla/5.0 (Linux; Android 10; K) AppleWebKit/537.36 (KHTML, like Gecko) Chrome/141.0.0.0 Mobile Safari/537.36"
2600:382:2404:16ec:a8d1:471a:1201:72ac - - [19/Oct/2025:08:32:31 -0400] "GET / HTTP/1.1" 200 125069 "https://www.google.com/url?q=https://sexpositions.online/&sa=U&ved=2ahUKEwiEy-yoorCQAxWYnSYFHZcQJH4QFnoECCoQAQ&usg=AOvVaw3MIuw6n1mRobvNkq4nqCkA" "Mozilla/5.0 (iPhone; CPU iPhone OS 18_6_2 like Mac OS X) AppleWebKit/605.1.15 (KHTML, like Gecko) GSA/390.0.817388646 Mobile/15E148 Safari/604.1"
207.46.13.17 - - [19/Oct/2025:08:32:36 -0400] "GET /hopediamond-legend/ HTTP/1.1" 200 3 "-" "Mozilla/5.0 AppleWebKit/537.36 (KHTML, like Gecko; compatible; bingbot/2.0; +http://www.bing.com/bingbot.htm) Chrome/116.0.1938.76 Safari/537.36"
107.151.216.53 - - [19/Oct/2025:08:32:39 -0400] "GET /wp-content/uploads/the-bridge-animated.gif HTTP/1.1" 304 - "https://yandex.by/" "Mozilla/5.0 (iPhone; CPU iPhone OS 17_6_1 like Mac OS X) AppleWebKit/605.1.15 (KHTML, like Gecko) Version/17.6 Mobile/15E148 Safari/604.1"
2a01:cb11:1003:9a00:257f:8239:e10e:f229 - - [19/Oct/2025:08:32:40 -0400] "GET /wp-content/uploads/reverse-cowgirl-animated.gif HTTP/1.1" 304 - "https://www.google.com/" "Mozilla/5.0 (iPhone; CPU iPhone OS 18_6_2 like Mac OS X) AppleWebKit/605.1.15 (KHTML, like Gecko) Version/18.6 Mobile/15E148 Safari/604.1"
179.43.169.98 - - [19/Oct/2025:08:32:43 -0400] "GET / HTTP/1.1" 200 3 "-" "Mozilla/5.0 (Windows NT 10.0; Win64; x64) AppleWebKit/537.36 (KHTML, like Gecko) Chrome/58.0.3029.110 Safari/537.3"
179.43.169.98 - - [19/Oct/2025:08:32:44 -0400] "GET /phpinfo.php HTTP/1.1" 200 3 "-" "Mozilla/5.0 (Windows NT 10.0; Win64; x64) AppleWebKit/537.36 (KHTML, like Gecko) Chrome/58.0.3029.110 Safari/537.3"
179.43.169.98 - - [19/Oct/2025:08:32:44 -0400] "GET /info.php HTTP/1.1" 200 3 "-" "Mozilla/5.0 (Windows NT 10.0; Win64; x64) AppleWebKit/537.36 (KHTML, like Gecko) Chrome/58.0.3029.110 Safari/537.3"
179.43.169.98 - - [19/Oct/2025:08:32:46 -0400] "GET /phpinfo HTTP/1.1" 200 3 "-" "Mozilla/5.0 (Windows NT 10.0; Win64; x64) AppleWebKit/537.36 (KHTML, like Gecko) Chrome/58.0.3029.110 Safari/537.3"
179.43.169.98 - - [19/Oct/2025:08:32:47 -0400] "GET /php_info.php HTTP/1.1" 200 3 "-" "Mozilla/5.0 (Windows NT 10.0; Win64; x64) AppleWebKit/537.36 (KHTML, like Gecko) Chrome/58.0.3029.110 Safari/537.3"
179.43.169.98 - - [19/Oct/2025:08:32:47 -0400] "GET /test.php HTTP/1.1" 200 3 "-" "Mozilla/5.0 (Windows NT 10.0; Win64; x64) AppleWebKit/537.36 (KHTML, like Gecko) Chrome/58.0.3029.110 Safari/537.3"
2001:4dd7:8d58:0:9ec4:e1e:2a5b:cdb2 - - [19/Oct/2025:08:32:48 -0400] "GET /wp-content/uploads/face-to-face-animated.gif HTTP/1.1" 304 - "https://sexpositions.online/sitting/" "Mozilla/5.0 (X11; Ubuntu; Linux x86_64; rv:144.0) Gecko/20100101 Firefox/144.0"
112.209.21.1 - - [19/Oct/2025:08:32:47 -0400] "GET /wp-content/uploads/missionary-animated.gif HTTP/1.1" 200 163597 "https://www.google.com/" "Mozilla/5.0 (iPhone; CPU iPhone OS 18_3_1 like Mac OS X) AppleWebKit/605.1.15 (KHTML, like Gecko) Version/18.3 Mobile/15E148 Safari/604.1"
179.43.169.98 - - [19/Oct/2025:08:32:48 -0400] "GET /_profiler/phpinfo HTTP/1.1" 200 3 "-" "Mozilla/5.0 (Windows NT 10.0; Win64; x64) AppleWebKit/537.36 (KHTML, like Gecko) Chrome/58.0.3029.110 Safari/537.3"
179.43.169.98 - - [19/Oct/2025:08:32:48 -0400] "GET /.env HTTP/1.1" 200 3 "-" "Mozilla/5.0 (Windows NT 10.0; Win64; x64) AppleWebKit/537.36 (KHTML, like Gecko) Chrome/58.0.3029.110 Safari/537.3"
2001:4dd7:8d58:0:9ec4:e1e:2a5b:cdb2 - - [19/Oct/2025:08:32:49 -0400] "GET /wp-content/uploads/side-saddle-animated.gif HTTP/1.1" 200 233984 "https://sexpositions.online/sitting/" "Mozilla/5.0 (X11; Ubuntu; Linux x86_64; rv:144.0) Gecko/20100101 Firefox/144.0"
2001:4dd7:8d58:0:9ec4:e1e:2a5b:cdb2 - - [19/Oct/2025:08:32:49 -0400] "GET /wp-content/uploads/pretzel-animated.gif HTTP/1.1" 200 227672 "https://sexpositions.online/sitting/" "Mozilla/5.0 (X11; Ubuntu; Linux x86_64; rv:144.0) Gecko/20100101 Firefox/144.0"
41.198.155.11 - - [19/Oct/2025:08:32:50 -0400] "GET /wp-content/uploads/sweet-seat-animated.gif HTTP/1.1" 304 - "https://www.google.com/" "Mozilla/5.0 (Linux; Android 10; Mi 10 Pro Build/QKQ1.191117.002; wv) AppleWebKit/537.36 (KHTML, like Gecko) Version/4.0 Chrome/114.0.5735.196 Mobile Safari/537.36 GoogleApp/14.49.40.29.arm64"
2600:382:2404:16ec:a8d1:471a:1201:72ac - - [19/Oct/2025:08:32:50 -0400] "GET /wp-content/uploads/amazon-animated.gif HTTP/1.1" 304 - "https://sexpositions.online/" "Mozilla/5.0 (iPhone; CPU iPhone OS 18_6_2 like Mac OS X) AppleWebKit/605.1.15 (KHTML, like Gecko) GSA/390.0.817388646 Mobile/15E148 Safari/604.1"
2600:382:2404:16ec:a8d1:471a:1201:72ac - - [19/Oct/2025:08:32:52 -0400] "GET /wp-content/uploads/lotus-animated.gif HTTP/1.1" 304 - "https://sexpositions.online/" "Mozilla/5.0 (iPhone; CPU iPhone OS 18_6_2 like Mac OS X) AppleWebKit/605.1.15 (KHTML, like Gecko) GSA/390.0.817388646 Mobile/15E148 Safari/604.1"
2600:382:2404:16ec:a8d1:471a:1201:72ac - - [19/Oct/2025:08:32:53 -0400] "GET /wp-content/uploads/doggy-style-animated.gif HTTP/1.1" 304 - "https://sexpositions.online/" "Mozilla/5.0 (iPhone; CPU iPhone OS 18_6_2 like Mac OS X) AppleWebKit/605.1.15 (KHTML, like Gecko) GSA/390.0.817388646 Mobile/15E148 Safari/604.1"
2001:4dd7:8d58:0:9ec4:e1e:2a5b:cdb2 - - [19/Oct/2025:08:32:53 -0400] "GET /wp-content/uploads/trampoline-animated-1.gif HTTP/1.1" 304 - "https://sexpositions.online/sitting/" "Mozilla/5.0 (X11; Ubuntu; Linux x86_64; rv:144.0) Gecko/20100101 Firefox/144.0"
2a00:1880:a1c6:5caf:d93a:4ba3:522e:bc25 - - [19/Oct/2025:08:32:53 -0400] "GET /wp-content/uploads/elephant-animated.gif HTTP/1.1" 304 - "https://www.google.com/" "Mozilla/5.0 (Linux; Android 10; K) AppleWebKit/537.36 (KHTML, like Gecko) Chrome/141.0.0.0 Mobile Safari/537.36"
2001:4dd7:8d58:0:9ec4:e1e:2a5b:cdb2 - - [19/Oct/2025:08:32:54 -0400] "GET /wp-content/uploads/sitting-bull-animated-1.gif HTTP/1.1" 200 237712 "https://sexpositions.online/sitting/" "Mozilla/5.0 (X11; Ubuntu; Linux x86_64; rv:144.0) Gecko/20100101 Firefox/144.0"
179.43.169.98 - - [19/Oct/2025:08:32:54 -0400] "GET /config/.env HTTP/1.1" 200 3 "-" "Mozilla/5.0 (Windows NT 10.0; Win64; x64) AppleWebKit/537.36 (KHTML, like Gecko) Chrome/58.0.3029.110 Safari/537.3"
2a00:1880:a1c6:5caf:d93a:4ba3:522e:bc25 - - [19/Oct/2025:08:32:54 -0400] "GET /standing/ HTTP/1.1" 200 104908 "https://www.google.com/" "Mozilla/5.0 (Linux; Android 10; K) AppleWebKit/537.36 (KHTML, like Gecko) Chrome/141.0.0.0 Mobile Safari/537.36"
179.43.169.98 - - [19/Oct/2025:08:32:55 -0400] "GET /.env.production HTTP/1.1" 200 3 "-" "Mozilla/5.0 (Windows NT 10.0; Win64; x64) AppleWebKit/537.36 (KHTML, like Gecko) Chrome/58.0.3029.110 Safari/537.3"
2a00:1880:a1c6:5caf:d93a:4ba3:522e:bc25 - - [19/Oct/2025:08:32:55 -0400] "GET /wp-content/themes/astra/assets/css/minified/main.min.css?ver=4.11.12 HTTP/1.1" 304 - "https://sexpositions.online/standing/" "Mozilla/5.0 (Linux; Android 10; K) AppleWebKit/537.36 (KHTML, like Gecko) Chrome/141.0.0.0 Mobile Safari/537.36"
201.71.14.54 - - [19/Oct/2025:08:32:55 -0400] "GET /about-us/ HTTP/1.1" 200 96257 "https://sexpositions.online/" "Mozilla/5.0 (Linux; Android 10; K) AppleWebKit/537.36 (KHTML, like Gecko) Chrome/141.0.0.0 Mobile Safari/537.36"
2600:382:2404:16ec:a8d1:471a:1201:72ac - - [19/Oct/2025:08:32:55 -0400] "GET /wp-content/uploads/spooning-animated.gif HTTP/1.1" 304 - "https://sexpositions.online/" "Mozilla/5.0 (iPhone; CPU iPhone OS 18_6_2 like Mac OS X) AppleWebKit/605.1.15 (KHTML, like Gecko) GSA/390.0.817388646 Mobile/15E148 Safari/604.1"
2a00:1880:a1c6:5caf:d93a:4ba3:522e:bc25 - - [19/Oct/2025:08:32:55 -0400] "GET /wp-content/uploads/superman-animated.gif HTTP/1.1" 304 - "https://sexpositions.online/standing/" "Mozilla/5.0 (Linux; Android 10; K) AppleWebKit/537.36 (KHTML, like Gecko) Chrome/141.0.0.0 Mobile Safari/537.36"
2a00:1880:a1c6:5caf:d93a:4ba3:522e:bc25 - - [19/Oct/2025:08:32:55 -0400] "GET /wp-includes/css/dist/block-library/style.min.css?ver=6.8.3 HTTP/1.1" 304 - "https://sexpositions.online/standing/" "Mozilla/5.0 (Linux; Android 10; K) AppleWebKit/537.36 (KHTML, like Gecko) Chrome/141.0.0.0 Mobile Safari/537.36"
2a00:1880:a1c6:5caf:d93a:4ba3:522e:bc25 - - [19/Oct/2025:08:32:55 -0400] "GET /wp-content/themes/astra/assets/js/minified/frontend.min.js?ver=4.11.12 HTTP/1.1" 304 - "https://sexpositions.online/standing/" "Mozilla/5.0 (Linux; Android 10; K) AppleWebKit/537.36 (KHTML, like Gecko) Chrome/141.0.0.0 Mobile Safari/537.36"
2001:4dd7:8d58:0:9ec4:e1e:2a5b:cdb2 - - [19/Oct/2025:08:32:55 -0400] "GET /wp-content/uploads/man-trap-animated.gif HTTP/1.1" 200 259933 "https://sexpositions.online/sitting/" "Mozilla/5.0 (X11; Ubuntu; Linux x86_64; rv:144.0) Gecko/20100101 Firefox/144.0"
179.43.169.98 - - [19/Oct/2025:08:32:55 -0400] "GET /.env.local HTTP/1.1" 200 3 "-" "Mozilla/5.0 (Windows NT 10.0; Win64; x64) AppleWebKit/537.36 (KHTML, like Gecko) Chrome/58.0.3029.110 Safari/537.3"
2a00:1880:a1c6:5caf:d93a:4ba3:522e:bc25 - - [19/Oct/2025:08:32:55 -0400] "GET /wp-content/uploads/stand-and-deliver-animated-1.gif HTTP/1.1" 200 164679 "https://sexpositions.online/standing/" "Mozilla/5.0 (Linux; Android 10; K) AppleWebKit/537.36 (KHTML, like Gecko) Chrome/141.0.0.0 Mobile Safari/537.36"
2a00:1880:a1c6:5caf:d93a:4ba3:522e:bc25 - - [19/Oct/2025:08:32:55 -0400] "GET /wp-content/uploads/wheelbarrow-animated.gif HTTP/1.1" 200 194406 "https://sexpositions.online/standing/" "Mozilla/5.0 (Linux; Android 10; K) AppleWebKit/537.36 (KHTML, like Gecko) Chrome/141.0.0.0 Mobile Safari/537.36"
2a00:1880:a1c6:5caf:d93a:4ba3:522e:bc25 - - [19/Oct/2025:08:32:56 -0400] "GET /wp-includes/js/wp-emoji-release.min.js?ver=6.8.3 HTTP/1.1" 304 - "https://sexpositions.online/standing/" "Mozilla/5.0 (Linux; Android 10; K) AppleWebKit/537.36 (KHTML, like Gecko) Chrome/141.0.0.0 Mobile Safari/537.36"
185.193.159.199 - - [19/Oct/2025:08:32:55 -0400] "GET /wp-content/uploads/a-little-on-the-side-animated.gif HTTP/1.1" 200 226162 "https://yandex.ru/" "Mozilla/5.0 (iPhone; CPU iPhone OS 26_0_1 like Mac OS X) AppleWebKit/605.1.15 (KHTML, like Gecko) Mobile/15E148 YaBrowser/25.6.0.1819.10 YaApp_iOS/2506.0 YaApp_iOS_Search/2506.0 TA/2.1 webVert webOmni Safari/604.1 SA/3"
179.43.169.98 - - [19/Oct/2025:08:32:56 -0400] "GET /api/shared/config/config.env HTTP/1.1" 200 3 "-" "Mozilla/5.0 (Windows NT 10.0; Win64; x64) AppleWebKit/537.36 (KHTML, like Gecko) Chrome/58.0.3029.110 Safari/537.3"
179.43.169.98 - - [19/Oct/2025:08:32:56 -0400] "GET /api/.env HTTP/1.1" 200 3 "-" "Mozilla/5.0 (Windows NT 10.0; Win64; x64) AppleWebKit/537.36 (KHTML, like Gecko) Chrome/58.0.3029.110 Safari/537.3"
179.43.169.98 - - [19/Oct/2025:08:32:57 -0400] "GET / HTTP/1.1" 200 3 "-" "Mozilla/5.0 (Windows NT 10.0; Win64; x64) AppleWebKit/537.36 (KHTML, like Gecko) Chrome/58.0.3029.110 Safari/537.3"
179.43.169.98 - - [19/Oct/2025:08:32:57 -0400] "GET /register/ HTTP/1.1" 200 3 "-" "Mozilla/5.0 (Windows NT 10.0; Win64; x64) AppleWebKit/537.36 (KHTML, like Gecko) Chrome/58.0.3029.110 Safari/537.3"
2001:4dd7:8d58:0:9ec4:e1e:2a5b:cdb2 - - [19/Oct/2025:08:32:58 -0400] "GET /wp-content/uploads/necking-animated.gif HTTP/1.1" 200 213443 "https://sexpositions.online/sitting/" "Mozilla/5.0 (X11; Ubuntu; Linux x86_64; rv:144.0) Gecko/20100101 Firefox/144.0"
179.43.169.98 - - [19/Oct/2025:08:32:58 -0400] "GET /contact/ HTTP/1.1" 200 3 "-" "Mozilla/5.0 (Windows NT 10.0; Win64; x64) AppleWebKit/537.36 (KHTML, like Gecko) Chrome/58.0.3029.110 Safari/537.3"
179.43.169.98 - - [19/Oct/2025:08:32:59 -0400] "GET /.AWS_/credentials HTTP/1.1" 200 3 "-" "Mozilla/5.0 (Windows NT 10.0; Win64; x64) AppleWebKit/537.36 (KHTML, like Gecko) Chrome/58.0.3029.110 Safari/537.3"
2a00:1880:a1c6:5caf:d93a:4ba3:522e:bc25 - - [19/Oct/2025:08:32:59 -0400] "GET /wp-content/uploads/cropped-favicon-192x192.png HTTP/1.1" 304 - "https://sexpositions.online/standing/" "Mozilla/5.0 (Linux; Android 10; K) AppleWebKit/537.36 (KHTML, like Gecko) Chrome/141.0.0.0 Mobile Safari/537.36"
2600:382:2404:16ec:a8d1:471a:1201:72ac - - [19/Oct/2025:08:32:59 -0400] "GET /wp-content/uploads/helicopter-animated.gif HTTP/1.1" 304 - "https://sexpositions.online/" "Mozilla/5.0 (iPhone; CPU iPhone OS 18_6_2 like Mac OS X) AppleWebKit/605.1.15 (KHTML, like Gecko) GSA/390.0.817388646 Mobile/15E148 Safari/604.1"
2a00:1880:a1c6:5caf:d93a:4ba3:522e:bc25 - - [19/Oct/2025:08:32:59 -0400] "GET /wp-content/uploads/cropped-favicon-180x180.png HTTP/1.1" 304 - "https://sexpositions.online/standing/" "Mozilla/5.0 (Linux; Android 10; K) AppleWebKit/537.36 (KHTML, like Gecko) Chrome/141.0.0.0 Mobile Safari/537.36"
2001:4dd7:8d58:0:9ec4:e1e:2a5b:cdb2 - - [19/Oct/2025:08:32:59 -0400] "GET /wp-content/uploads/the-firm-animated.gif HTTP/1.1" 200 237263 "https://sexpositions.online/sitting/" "Mozilla/5.0 (X11; Ubuntu; Linux x86_64; rv:144.0) Gecko/20100101 Firefox/144.0"
2600:382:2404:16ec:a8d1:471a:1201:72ac - - [19/Oct/2025:08:33:01 -0400] "GET /wp-content/uploads/butterfly-animated.gif HTTP/1.1" 304 - "https://sexpositions.online/" "Mozilla/5.0 (iPhone; CPU iPhone OS 18_6_2 like Mac OS X) AppleWebKit/605.1.15 (KHTML, like Gecko) GSA/390.0.817388646 Mobile/15E148 Safari/604.1"
2a00:1880:a1c6:5caf:d93a:4ba3:522e:bc25 - - [19/Oct/2025:08:33:01 -0400] "GET /wp-content/uploads/butter-churner-animated.gif HTTP/1.1" 304 - "https://sexpositions.online/standing/" "Mozilla/5.0 (Linux; Android 10; K) AppleWebKit/537.36 (KHTML, like Gecko) Chrome/141.0.0.0 Mobile Safari/537.36"
201.71.14.54 - - [19/Oct/2025:08:33:01 -0400] "GET /chair/ HTTP/1.1" 200 103051 "https://sexpositions.online/about-us/" "Mozilla/5.0 (Linux; Android 10; K) AppleWebKit/537.36 (KHTML, like Gecko) Chrome/141.0.0.0 Mobile Safari/537.36"
2600:382:2404:16ec:a8d1:471a:1201:72ac - - [19/Oct/2025:08:33:02 -0400] "GET /wp-content/uploads/speed-bump-animated.gif HTTP/1.1" 304 - "https://sexpositions.online/" "Mozilla/5.0 (iPhone; CPU iPhone OS 18_6_2 like Mac OS X) AppleWebKit/605.1.15 (KHTML, like Gecko) GSA/390.0.817388646 Mobile/15E148 Safari/604.1"
2c0f:2a80:2777:1308:47a4:9d6f:eba1:dd4a - - [19/Oct/2025:08:33:02 -0400] "GET /wp-content/uploads/musical-chair-animated.gif HTTP/1.1" 304 - "https://www.google.com/" "Mozilla/5.0 (Linux; Android 10; K) AppleWebKit/537.36 (KHTML, like Gecko) Chrome/141.0.0.0 Mobile Safari/537.36"
201.71.14.54 - - [19/Oct/2025:08:33:03 -0400] "GET /easy/ HTTP/1.1" 200 101587 "https://sexpositions.online/about-us/" "Mozilla/5.0 (Linux; Android 10; K) AppleWebKit/537.36 (KHTML, like Gecko) Chrome/141.0.0.0 Mobile Safari/537.36"
2a00:1880:a1c6:5caf:d93a:4ba3:522e:bc25 - - [19/Oct/2025:08:33:04 -0400] "GET /wp-content/uploads/wall-animated.gif HTTP/1.1" 304 - "https://sexpositions.online/standing/" "Mozilla/5.0 (Linux; Android 10; K) AppleWebKit/537.36 (KHTML, like Gecko) Chrome/141.0.0.0 Mobile Safari/537.36"
201.71.14.54 - - [19/Oct/2025:08:33:04 -0400] "GET /wp-content/uploads/crouching-tiger-animated-1.gif HTTP/1.1" 304 - "https://sexpositions.online/easy/" "Mozilla/5.0 (Linux; Android 10; K) AppleWebKit/537.36 (KHTML, like Gecko) Chrome/141.0.0.0 Mobile Safari/537.36"
201.71.14.54 - - [19/Oct/2025:08:33:04 -0400] "GET /wp-content/uploads/easy-rider-animated.gif HTTP/1.1" 304 - "https://sexpositions.online/easy/" "Mozilla/5.0 (Linux; Android 10; K) AppleWebKit/537.36 (KHTML, like Gecko) Chrome/141.0.0.0 Mobile Safari/537.36"
179.43.169.98 - - [19/Oct/2025:08:33:04 -0400] "GET /karma.conf.json HTTP/1.1" 200 3 "-" "Mozilla/5.0 (Windows NT 10.0; Win64; x64) AppleWebKit/537.36 (KHTML, like Gecko) Chrome/58.0.3029.110 Safari/537.3"
201.71.14.54 - - [19/Oct/2025:08:33:05 -0400] "GET /wp-content/uploads/table-top-animated-1.gif HTTP/1.1" 304 - "https://sexpositions.online/easy/" "Mozilla/5.0 (Linux; Android 10; K) AppleWebKit/537.36 (KHTML, like Gecko) Chrome/141.0.0.0 Mobile Safari/537.36"
37.111.193.67 - - [19/Oct/2025:08:33:05 -0400] "GET / HTTP/1.1" 200 125058 "https://sexpositions.online/" "Mozilla/5.0 (Windows NT 10.0; Win64; x64) AppleWebKit/537.36 (KHTML, like Gecko) Chrome/141.0.0.0 Safari/537.36"
201.71.14.54 - - [19/Oct/2025:08:33:07 -0400] "GET /wp-content/uploads/sidewinder-animated-1.gif HTTP/1.1" 200 219618 "https://sexpositions.online/easy/" "Mozilla/5.0 (Linux; Android 10; K) AppleWebKit/537.36 (KHTML, like Gecko) Chrome/141.0.0.0 Mobile Safari/537.36"
2001:4dd7:8d58:0:9ec4:e1e:2a5b:cdb2 - - [19/Oct/2025:08:33:08 -0400] "GET /wp-content/uploads/heaven-knows-animated.gif HTTP/1.1" 200 208637 "https://sexpositions.online/sitting/" "Mozilla/5.0 (X11; Ubuntu; Linux x86_64; rv:144.0) Gecko/20100101 Firefox/144.0"
2a00:1880:a1c6:5caf:d93a:4ba3:522e:bc25 - - [19/Oct/2025:08:33:09 -0400] "GET /wp-content/uploads/the-swing-animated.gif HTTP/1.1" 304 - "https://sexpositions.online/standing/" "Mozilla/5.0 (Linux; Android 10; K) AppleWebKit/537.36 (KHTML, like Gecko) Chrome/141.0.0.0 Mobile Safari/537.36"
179.43.169.98 - - [19/Oct/2025:08:33:10 -0400] "GET /index.php HTTP/1.1" 200 3 "-" "Mozilla/5.0 (Windows NT 10.0; Win64; x64) AppleWebKit/537.36 (KHTML, like Gecko) Chrome/58.0.3029.110 Safari/537.3"
179.43.169.98 - - [19/Oct/2025:08:33:10 -0400] "GET /.aws/credentials HTTP/1.1" 200 3 "-" "Mozilla/5.0 (Windows NT 10.0; Win64; x64) AppleWebKit/537.36 (KHTML, like Gecko) Chrome/58.0.3029.110 Safari/537.3"
2001:4dd7:8d58:0:9ec4:e1e:2a5b:cdb2 - - [19/Oct/2025:08:33:11 -0400] "GET /wp-content/uploads/raunchy-wrestler-animated.gif HTTP/1.1" 200 193917 "https://sexpositions.online/sitting/" "Mozilla/5.0 (X11; Ubuntu; Linux x86_64; rv:144.0) Gecko/20100101 Firefox/144.0"
2a00:1880:a1c6:5caf:d93a:4ba3:522e:bc25 - - [19/Oct/2025:08:33:12 -0400] "GET /wp-content/uploads/stand-and-carry-animated.gif HTTP/1.1" 304 - "https://sexpositions.online/standing/" "Mozilla/5.0 (Linux; Android 10; K) AppleWebKit/537.36 (KHTML, like Gecko) Chrome/141.0.0.0 Mobile Safari/537.36"
37.111.193.67 - - [19/Oct/2025:08:33:12 -0400] "GET /oral/blowjob/ HTTP/1.1" 200 103849 "https://sexpositions.online/" "Mozilla/5.0 (Windows NT 10.0; Win64; x64) AppleWebKit/537.36 (KHTML, like Gecko) Chrome/141.0.0.0 Safari/537.36"
37.111.193.67 - - [19/Oct/2025:08:33:12 -0400] "GET /wp-content/uploads/sword-swallower-animated.gif HTTP/1.1" 304 - "https://sexpositions.online/oral/blowjob/" "Mozilla/5.0 (Windows NT 10.0; Win64; x64) AppleWebKit/537.36 (KHTML, like Gecko) Chrome/141.0.0.0 Safari/537.36"
37.111.193.67 - - [19/Oct/2025:08:33:12 -0400] "GET /wp-content/uploads/jackhammer-animated.gif HTTP/1.1" 304 - "https://sexpositions.online/oral/blowjob/" "Mozilla/5.0 (Windows NT 10.0; Win64; x64) AppleWebKit/537.36 (KHTML, like Gecko) Chrome/141.0.0.0 Safari/537.36"
37.111.193.67 - - [19/Oct/2025:08:33:12 -0400] "GET /wp-content/uploads/out-of-sight-animated.gif HTTP/1.1" 304 - "https://sexpositions.online/oral/blowjob/" "Mozilla/5.0 (Windows NT 10.0; Win64; x64) AppleWebKit/537.36 (KHTML, like Gecko) Chrome/141.0.0.0 Safari/537.36"
2001:4dd7:8d58:0:9ec4:e1e:2a5b:cdb2 - - [19/Oct/2025:08:33:12 -0400] "GET /wp-content/uploads/highway-to-heaven-animated.gif HTTP/1.1" 200 208133 "https://sexpositions.online/sitting/" "Mozilla/5.0 (X11; Ubuntu; Linux x86_64; rv:144.0) Gecko/20100101 Firefox/144.0"
37.111.193.67 - - [19/Oct/2025:08:33:13 -0400] "GET /wp-content/uploads/double-dare-animated.gif HTTP/1.1" 304 - "https://sexpositions.online/oral/blowjob/" "Mozilla/5.0 (Windows NT 10.0; Win64; x64) AppleWebKit/537.36 (KHTML, like Gecko) Chrome/141.0.0.0 Safari/537.36"
2a00:1880:a1c6:5caf:d93a:4ba3:522e:bc25 - - [19/Oct/2025:08:33:15 -0400] "GET /wp-content/uploads/the-bodyguard-animated.gif HTTP/1.1" 200 179059 "https://sexpositions.online/standing/" "Mozilla/5.0 (Linux; Android 10; K) AppleWebKit/537.36 (KHTML, like Gecko) Chrome/141.0.0.0 Mobile Safari/537.36"
37.111.193.67 - - [19/Oct/2025:08:33:16 -0400] "GET /wp-content/uploads/the-tipster-animated.gif HTTP/1.1" 304 - "https://sexpositions.online/oral/blowjob/" "Mozilla/5.0 (Windows NT 10.0; Win64; x64) AppleWebKit/537.36 (KHTML, like Gecko) Chrome/141.0.0.0 Safari/537.36"
37.111.193.67 - - [19/Oct/2025:08:33:16 -0400] "GET /wp-content/uploads/up-against-the-wall-animated.gif HTTP/1.1" 304 - "https://sexpositions.online/oral/blowjob/" "Mozilla/5.0 (Windows NT 10.0; Win64; x64) AppleWebKit/537.36 (KHTML, like Gecko) Chrome/141.0.0.0 Safari/537.36"
201.71.14.54 - - [19/Oct/2025:08:33:16 -0400] "GET /easy-rider/ HTTP/1.1" 200 98131 "https://sexpositions.online/easy/" "Mozilla/5.0 (Linux; Android 10; K) AppleWebKit/537.36 (KHTML, like Gecko) Chrome/141.0.0.0 Mobile Safari/537.36"
2a00:1880:a1c6:5caf:d93a:4ba3:522e:bc25 - - [19/Oct/2025:08:33:16 -0400] "GET /wp-content/uploads/upside-down-animated.gif HTTP/1.1" 304 - "https://sexpositions.online/standing/" "Mozilla/5.0 (Linux; Android 10; K) AppleWebKit/537.36 (KHTML, like Gecko) Chrome/141.0.0.0 Mobile Safari/537.36"
201.71.14.54 - - [19/Oct/2025:08:33:17 -0400] "GET /wp-content/uploads/lock-and-load-animated-1.gif HTTP/1.1" 304 - "https://sexpositions.online/easy/" "Mozilla/5.0 (Linux; Android 10; K) AppleWebKit/537.36 (KHTML, like Gecko) Chrome/141.0.0.0 Mobile Safari/537.36"
