115.129.201.7 - - [19/Oct/2025:08:49:14 -0400] "GET /wp-content/uploads/scissor-animated.gif HTTP/1.1" 200 228987 "https://www.google.com/" "Mozilla/5.0 (Linux; Android 10; K) AppleWebKit/537.36 (KHTML, like Gecko) Chrome/141.0.0.0 Mobile Safari/537.36"
217.224.3.194 - - [19/Oct/2025:08:49:16 -0400] "GET /wp-content/uploads/spooning-animated.gif HTTP/1.1" 304 - "https://sexpositions.online/" "Mozilla/5.0 (Linux; Android 10; K) AppleWebKit/537.36 (KHTML, like Gecko) Chrome/141.0.0.0 Mobile Safari/537.36 EdgA/141.0.0.0"
217.224.3.194 - - [19/Oct/2025:08:49:16 -0400] "GET /wp-content/uploads/lotus-animated.gif HTTP/1.1" 304 - "https://sexpositions.online/" "Mozilla/5.0 (Linux; Android 10; K) AppleWebKit/537.36 (KHTML, like Gecko) Chrome/141.0.0.0 Mobile Safari/537.36 EdgA/141.0.0.0"
217.224.3.194 - - [19/Oct/2025:08:49:16 -0400] "GET /wp-content/uploads/amazon-animated.gif HTTP/1.1" 304 - "https://sexpositions.online/" "Mozilla/5.0 (Linux; Android 10; K) AppleWebKit/537.36 (KHTML, like Gecko) Chrome/141.0.0.0 Mobile Safari/537.36 EdgA/141.0.0.0"
66.249.64.225 - - [19/Oct/2025:08:49:18 -0400] "GET /?ref=slot-gacor-gampang-menang HTTP/1.1" 200 125031 "-" "Mozilla/5.0 (Linux; Android 6.0.1; Nexus 5X Build/MMB29P) AppleWebKit/537.36 (KHTML, like Gecko) Chrome/140.0.7339.207 Mobile Safari/537.36 (compatible; Googlebot/2.1; +http://www.google.com/bot.html)"
37.77.49.110 - - [19/Oct/2025:08:49:20 -0400] "GET /wp-content/uploads/crouching-tiger-animated-1.gif HTTP/1.1" 200 217815 "https://www.google.com/" "Mozilla/5.0 (Linux; Android 15; TECNO CM7 Build/AP3A.240905.015.A2; wv) AppleWebKit/537.36 (KHTML, like Gecko) Version/4.0 Chrome/140.0.7339.207 Mobile Safari/537.36 GoogleApp/16.41.36.ve.arm64"
96.22.18.185 - - [19/Oct/2025:08:49:25 -0400] "GET /wp-content/uploads/pretzel-animated.gif HTTP/1.1" 304 - "https://www.google.com/" "Mozilla/5.0 (iPhone; CPU iPhone OS 18_0_1 like Mac OS X) AppleWebKit/605.1.15 (KHTML, like Gecko) GSA/390.0.817388646 Mobile/22A3370 Safari/604.1"
46.33.11.66 - - [19/Oct/2025:08:49:28 -0400] "GET /wp-content/uploads/captain-animated.gif HTTP/1.1" 304 - "https://www.bing.com/" "Mozilla/5.0 (Linux; Android 10; K) AppleWebKit/537.36 (KHTML, like Gecko) Chrome/141.0.0.0 Mobile Safari/537.36"
2a02:c7c:14b1:3400:5d07:2d93:e988:902d - - [19/Oct/2025:08:49:32 -0400] "GET /wp-content/uploads/the-flat-back-animated.gif HTTP/1.1" 304 - "https://www.google.com/" "Mozilla/5.0 (Linux; Android 10; K) AppleWebKit/537.36 (KHTML, like Gecko) SamsungBrowser/28.0 Chrome/130.0.0.0 Mobile Safari/537.36"
87.71.35.136 - - [19/Oct/2025:08:49:34 -0400] "GET /wp-content/uploads/the-tipster-animated.gif HTTP/1.1" 304 - "https://sexpositions.online/oral/blowjob/" "Mozilla/5.0 (Linux; Android 10; K) AppleWebKit/537.36 (KHTML, like Gecko) Chrome/141.0.0.0 Mobile Safari/537.36"
87.71.35.136 - - [19/Oct/2025:08:49:38 -0400] "GET /out-of-sight/ HTTP/1.1" 200 97785 "https://sexpositions.online/oral/blowjob/" "Mozilla/5.0 (Linux; Android 10; K) AppleWebKit/537.36 (KHTML, like Gecko) Chrome/141.0.0.0 Mobile Safari/537.36"
87.71.35.136 - - [19/Oct/2025:08:49:41 -0400] "GET /wp-content/uploads/two-4-one-animated.gif HTTP/1.1" 200 170355 "https://sexpositions.online/oral/blowjob/" "Mozilla/5.0 (Linux; Android 10; K) AppleWebKit/537.36 (KHTML, like Gecko) Chrome/141.0.0.0 Mobile Safari/537.36"
87.71.35.136 - - [19/Oct/2025:08:49:43 -0400] "GET /wp-content/uploads/the-chin-rest-animated.gif HTTP/1.1" 200 182016 "https://sexpositions.online/oral/blowjob/" "Mozilla/5.0 (Linux; Android 10; K) AppleWebKit/537.36 (KHTML, like Gecko) Chrome/141.0.0.0 Mobile Safari/537.36"
87.71.35.136 - - [19/Oct/2025:08:49:47 -0400] "GET /up-against-the-wall/ HTTP/1.1" 200 98161 "https://sexpositions.online/oral/blowjob/" "Mozilla/5.0 (Linux; Android 10; K) AppleWebKit/537.36 (KHTML, like Gecko) Chrome/141.0.0.0 Mobile Safari/537.36"
87.71.35.136 - - [19/Oct/2025:08:49:47 -0400] "GET /wp-content/uploads/play-ball-animated.gif HTTP/1.1" 200 234064 "https://sexpositions.online/oral/blowjob/" "Mozilla/5.0 (Linux; Android 10; K) AppleWebKit/537.36 (KHTML, like Gecko) Chrome/141.0.0.0 Mobile Safari/537.36"
66.9.173.11 - - [19/Oct/2025:08:49:50 -0400] "GET /wp-content/uploads/reverse-69-animated.gif HTTP/1.1" 304 - "https://www.google.com/" "Mozilla/5.0 (iPhone; CPU iPhone OS 18_6_2 like Mac OS X) AppleWebKit/605.1.15 (KHTML, like Gecko) GSA/389.2.814818472 Mobile/22G100 Safari/604.1"
96.22.18.185 - - [19/Oct/2025:08:49:51 -0400] "GET /wp-content/uploads/69-animated.gif HTTP/1.1" 200 133682 "https://www.google.com/" "Mozilla/5.0 (iPhone; CPU iPhone OS 18_0_1 like Mac OS X) AppleWebKit/605.1.15 (KHTML, like Gecko) GSA/390.0.817388646 Mobile/22A3370 Safari/604.1"
87.71.35.136 - - [19/Oct/2025:08:49:51 -0400] "GET /two-4-one/ HTTP/1.1" 200 98009 "https://sexpositions.online/oral/blowjob/" "Mozilla/5.0 (Linux; Android 10; K) AppleWebKit/537.36 (KHTML, like Gecko) Chrome/141.0.0.0 Mobile Safari/537.36"
2a00:7c80:0:3b9::14 - - [19/Oct/2025:08:49:52 -0400] "GET /wp-content/uploads/sideways-animated.gif HTTP/1.1" 304 - "-" "com.google.android.googlequicksearchbox/301612842 (Linux; U; Android 14; en_GB; SM-T225; Build/UP1A.231005.007; Cronet/143.0.7445.0)"
87.71.35.136 - - [19/Oct/2025:08:49:52 -0400] "GET /the-chin-rest/ HTTP/1.1" 200 97849 "https://sexpositions.online/oral/blowjob/" "Mozilla/5.0 (Linux; Android 10; K) AppleWebKit/537.36 (KHTML, like Gecko) Chrome/141.0.0.0 Mobile Safari/537.36"
87.71.35.136 - - [19/Oct/2025:08:50:01 -0400] "GET /jackhammer/ HTTP/1.1" 200 98026 "https://sexpositions.online/oral/blowjob/" "Mozilla/5.0 (Linux; Android 10; K) AppleWebKit/537.36 (KHTML, like Gecko) Chrome/141.0.0.0 Mobile Safari/537.36"
185.191.171.1 - - [19/Oct/2025:08:50:06 -0400] "GET /page/24/?action=repository_opensearch&count=20&index_id=1761&order=17&pn=1 HTTP/1.1" 200 116158 "-" "Mozilla/5.0 (compatible; SemrushBot/7~bl; +http://www.semrush.com/bot.html)"
37.77.49.110 - - [19/Oct/2025:08:50:10 -0400] "GET /wp-content/uploads/reverse-missionary-animated.gif HTTP/1.1" 200 187534 "https://www.google.com/" "Mozilla/5.0 (Linux; Android 15; TECNO CM7 Build/AP3A.240905.015.A2; wv) AppleWebKit/537.36 (KHTML, like Gecko) Version/4.0 Chrome/140.0.7339.207 Mobile Safari/537.36 GoogleApp/16.41.36.ve.arm64"
178.16.199.252 - - [19/Oct/2025:08:50:24 -0400] "GET /wild-cherry/ HTTP/1.1" 200 98078 "https://sexpositions.online/missionary/" "Mozilla/5.0 (Linux; Android 10; K) AppleWebKit/537.36 (KHTML, like Gecko) SamsungBrowser/28.0 Chrome/130.0.0.0 Mobile Safari/537.36"
2a06:98c0:3600::103 - - [19/Oct/2025:08:50:25 -0400] "GET /wp-content/uploads/spooning-animated.gif HTTP/1.1" 200 179729 "-" "Mozilla/5.0 (Windows NT 10.0; Win64; x64; rv:109.0) Gecko/20100101 Firefox/115.0"
178.16.199.252 - - [19/Oct/2025:08:50:26 -0400] "GET /cowboy/ HTTP/1.1" 200 98022 "https://sexpositions.online/missionary/" "Mozilla/5.0 (Linux; Android 10; K) AppleWebKit/537.36 (KHTML, like Gecko) SamsungBrowser/28.0 Chrome/130.0.0.0 Mobile Safari/537.36"
178.16.199.252 - - [19/Oct/2025:08:50:27 -0400] "GET /wp-content/uploads/cowboy-animated.gif HTTP/1.1" 200 216403 "https://sexpositions.online/cowboy/" "Mozilla/5.0 (Linux; Android 10; K) AppleWebKit/537.36 (KHTML, like Gecko) SamsungBrowser/28.0 Chrome/130.0.0.0 Mobile Safari/537.36"
178.16.199.252 - - [19/Oct/2025:08:50:31 -0400] "GET /full-nelson/ HTTP/1.1" 200 98082 "https://sexpositions.online/cowboy/" "Mozilla/5.0 (Linux; Android 10; K) AppleWebKit/537.36 (KHTML, like Gecko) SamsungBrowser/28.0 Chrome/130.0.0.0 Mobile Safari/537.36"
178.16.199.252 - - [19/Oct/2025:08:50:32 -0400] "GET /wp-content/uploads/full-nelson-animated.gif HTTP/1.1" 200 179232 "https://sexpositions.online/full-nelson/" "Mozilla/5.0 (Linux; Android 10; K) AppleWebKit/537.36 (KHTML, like Gecko) SamsungBrowser/28.0 Chrome/130.0.0.0 Mobile Safari/537.36"
178.16.199.252 - - [19/Oct/2025:08:50:44 -0400] "GET /frog/ HTTP/1.1" 200 98182 "https://sexpositions.online/full-nelson/" "Mozilla/5.0 (Linux; Android 10; K) AppleWebKit/537.36 (KHTML, like Gecko) SamsungBrowser/28.0 Chrome/130.0.0.0 Mobile Safari/537.36"
178.16.199.252 - - [19/Oct/2025:08:50:45 -0400] "GET /wp-content/uploads/frog-animated.gif HTTP/1.1" 200 203649 "https://sexpositions.online/frog/" "Mozilla/5.0 (Linux; Android 10; K) AppleWebKit/537.36 (KHTML, like Gecko) SamsungBrowser/28.0 Chrome/130.0.0.0 Mobile Safari/537.36"
154.161.152.105 - - [19/Oct/2025:08:50:48 -0400] "GET /doggy-style/ HTTP/1.1" 200 102754 "https://sexpositions.online/" "Mozilla/5.0 (iPhone; CPU iPhone OS 18_3_2 like Mac OS X) AppleWebKit/605.1.15 (KHTML, like Gecko) Version/18.3.1 Mobile/15E148 Safari/604.1"
178.16.199.252 - - [19/Oct/2025:08:50:48 -0400] "GET /reverse-cowgirl/ HTTP/1.1" 200 98063 "https://sexpositions.online/frog/" "Mozilla/5.0 (Linux; Android 10; K) AppleWebKit/537.36 (KHTML, like Gecko) SamsungBrowser/28.0 Chrome/130.0.0.0 Mobile Safari/537.36"
178.16.199.252 - - [19/Oct/2025:08:50:49 -0400] "GET /wp-content/uploads/reverse-cowgirl-animated.gif HTTP/1.1" 304 - "https://sexpositions.online/reverse-cowgirl/" "Mozilla/5.0 (Linux; Android 10; K) AppleWebKit/537.36 (KHTML, like Gecko) SamsungBrowser/28.0 Chrome/130.0.0.0 Mobile Safari/537.36"
154.161.152.105 - - [19/Oct/2025:08:50:51 -0400] "GET /wp-content/uploads/upward-dog-animated.gif HTTP/1.1" 304 - "https://sexpositions.online/doggy-style/" "Mozilla/5.0 (iPhone; CPU iPhone OS 18_3_2 like Mac OS X) AppleWebKit/605.1.15 (KHTML, like Gecko) Version/18.3.1 Mobile/15E148 Safari/604.1"
178.16.199.252 - - [19/Oct/2025:08:50:53 -0400] "GET /doggy-style/ HTTP/1.1" 200 102754 "https://sexpositions.online/reverse-cowgirl/" "Mozilla/5.0 (Linux; Android 10; K) AppleWebKit/537.36 (KHTML, like Gecko) SamsungBrowser/28.0 Chrome/130.0.0.0 Mobile Safari/537.36"
178.16.199.252 - - [19/Oct/2025:08:50:53 -0400] "GET /wp-content/uploads/doggy-style-animated.gif HTTP/1.1" 304 - "https://sexpositions.online/doggy-style/" "Mozilla/5.0 (Linux; Android 10; K) AppleWebKit/537.36 (KHTML, like Gecko) SamsungBrowser/28.0 Chrome/130.0.0.0 Mobile Safari/537.36"
178.16.199.252 - - [19/Oct/2025:08:50:53 -0400] "GET /wp-content/uploads/downward-dog-animated-1.gif HTTP/1.1" 304 - "https://sexpositions.online/doggy-style/" "Mozilla/5.0 (Linux; Android 10; K) AppleWebKit/537.36 (KHTML, like Gecko) SamsungBrowser/28.0 Chrome/130.0.0.0 Mobile Safari/537.36"
178.16.199.252 - - [19/Oct/2025:08:50:53 -0400] "GET /wp-content/uploads/eiffel-tower-animated.gif HTTP/1.1" 200 173748 "https://sexpositions.online/doggy-style/" "Mozilla/5.0 (Linux; Android 10; K) AppleWebKit/537.36 (KHTML, like Gecko) SamsungBrowser/28.0 Chrome/130.0.0.0 Mobile Safari/537.36"
178.16.199.252 - - [19/Oct/2025:08:50:53 -0400] "GET /wp-content/uploads/flatiron-animated.gif HTTP/1.1" 200 166317 "https://sexpositions.online/doggy-style/" "Mozilla/5.0 (Linux; Android 10; K) AppleWebKit/537.36 (KHTML, like Gecko) SamsungBrowser/28.0 Chrome/130.0.0.0 Mobile Safari/537.36"
178.16.199.252 - - [19/Oct/2025:08:50:53 -0400] "GET /wp-content/uploads/turtle-animated.gif HTTP/1.1" 200 177462 "https://sexpositions.online/doggy-style/" "Mozilla/5.0 (Linux; Android 10; K) AppleWebKit/537.36 (KHTML, like Gecko) SamsungBrowser/28.0 Chrome/130.0.0.0 Mobile Safari/537.36"
178.16.199.252 - - [19/Oct/2025:08:50:53 -0400] "GET /wp-content/uploads/upward-dog-animated.gif HTTP/1.1" 200 219384 "https://sexpositions.online/doggy-style/" "Mozilla/5.0 (Linux; Android 10; K) AppleWebKit/537.36 (KHTML, like Gecko) SamsungBrowser/28.0 Chrome/130.0.0.0 Mobile Safari/537.36"
219.59.88.190 - - [19/Oct/2025:08:50:54 -0400] "GET /wp-content/uploads/heaven-knows-animated.gif HTTP/1.1" 200 208637 "https://www.google.com/" "Mozilla/5.0 (iPhone; CPU iPhone OS 18_6_2 like Mac OS X) AppleWebKit/605.1.15 (KHTML, like Gecko) Version/18.6 Mobile/15E148 Safari/604.1"
178.16.199.252 - - [19/Oct/2025:08:50:55 -0400] "GET /wp-content/uploads/lazy-dog-animated-1.gif HTTP/1.1" 200 199682 "https://sexpositions.online/doggy-style/" "Mozilla/5.0 (Linux; Android 10; K) AppleWebKit/537.36 (KHTML, like Gecko) SamsungBrowser/28.0 Chrome/130.0.0.0 Mobile Safari/537.36"
41.193.168.235 - - [19/Oct/2025:08:50:56 -0400] "GET /wp-content/uploads/pretzel-animated.gif HTTP/1.1" 200 227672 "https://www.google.com/" "Mozilla/5.0 (iPhone; CPU iPhone OS 17_6_1 like Mac OS X) AppleWebKit/605.1.15 (KHTML, like Gecko) GSA/390.0.817388646 Mobile/21G93 Safari/604.1"
154.161.152.105 - - [19/Oct/2025:08:51:09 -0400] "GET /wp-content/uploads/downward-dog-animated-1.gif HTTP/1.1" 304 - "https://sexpositions.online/doggy-style/" "Mozilla/5.0 (iPhone; CPU iPhone OS 18_3_2 like Mac OS X) AppleWebKit/605.1.15 (KHTML, like Gecko) Version/18.3.1 Mobile/15E148 Safari/604.1"
178.16.199.252 - - [19/Oct/2025:08:51:10 -0400] "GET /reverse-cowgirl/ HTTP/1.1" 200 98063 "https://sexpositions.online/doggy-style/" "Mozilla/5.0 (Linux; Android 10; K) AppleWebKit/537.36 (KHTML, like Gecko) SamsungBrowser/28.0 Chrome/130.0.0.0 Mobile Safari/537.36"
178.16.199.252 - - [19/Oct/2025:08:51:11 -0400] "GET /cowgirl/ HTTP/1.1" 200 101897 "https://sexpositions.online/doggy-style/" "Mozilla/5.0 (Linux; Android 10; K) AppleWebKit/537.36 (KHTML, like Gecko) SamsungBrowser/28.0 Chrome/130.0.0.0 Mobile Safari/537.36"
178.16.199.252 - - [19/Oct/2025:08:51:11 -0400] "GET /wp-content/uploads/cowgirl-animated.gif HTTP/1.1" 304 - "https://sexpositions.online/cowgirl/" "Mozilla/5.0 (Linux; Android 10; K) AppleWebKit/537.36 (KHTML, like Gecko) SamsungBrowser/28.0 Chrome/130.0.0.0 Mobile Safari/537.36"
178.16.199.252 - - [19/Oct/2025:08:51:11 -0400] "GET /cowgirl/ HTTP/1.1" 200 101897 "https://sexpositions.online/doggy-style/" "Mozilla/5.0 (Linux; Android 10; K) AppleWebKit/537.36 (KHTML, like Gecko) SamsungBrowser/28.0 Chrome/130.0.0.0 Mobile Safari/537.36"
178.16.199.252 - - [19/Oct/2025:08:51:11 -0400] "GET /wp-content/uploads/belly-dancer-animated.gif HTTP/1.1" 304 - "https://sexpositions.online/cowgirl/" "Mozilla/5.0 (Linux; Android 10; K) AppleWebKit/537.36 (KHTML, like Gecko) SamsungBrowser/28.0 Chrome/130.0.0.0 Mobile Safari/537.36"
178.16.199.252 - - [19/Oct/2025:08:51:11 -0400] "GET /wp-content/uploads/the-wave-animated.gif HTTP/1.1" 200 200955 "https://sexpositions.online/cowgirl/" "Mozilla/5.0 (Linux; Android 10; K) AppleWebKit/537.36 (KHTML, like Gecko) SamsungBrowser/28.0 Chrome/130.0.0.0 Mobile Safari/537.36"
178.16.199.252 - - [19/Oct/2025:08:51:11 -0400] "GET /wp-content/uploads/face-to-face-animated.gif HTTP/1.1" 200 194868 "https://sexpositions.online/cowgirl/" "Mozilla/5.0 (Linux; Android 10; K) AppleWebKit/537.36 (KHTML, like Gecko) SamsungBrowser/28.0 Chrome/130.0.0.0 Mobile Safari/537.36"
178.16.199.252 - - [19/Oct/2025:08:51:11 -0400] "GET /wp-content/uploads/the-sitting-cat-animated.gif HTTP/1.1" 200 227200 "https://sexpositions.online/cowgirl/" "Mozilla/5.0 (Linux; Android 10; K) AppleWebKit/537.36 (KHTML, like Gecko) SamsungBrowser/28.0 Chrome/130.0.0.0 Mobile Safari/537.36"
178.16.199.252 - - [19/Oct/2025:08:51:20 -0400] "GET /the-wave/ HTTP/1.1" 200 98104 "https://sexpositions.online/cowgirl/" "Mozilla/5.0 (Linux; Android 10; K) AppleWebKit/537.36 (KHTML, like Gecko) SamsungBrowser/28.0 Chrome/130.0.0.0 Mobile Safari/537.36"
41.193.168.235 - - [19/Oct/2025:08:51:21 -0400] "GET /wp-content/uploads/the-chin-rest-animated.gif HTTP/1.1" 304 - "https://www.google.com/" "Mozilla/5.0 (iPhone; CPU iPhone OS 17_6_1 like Mac OS X) AppleWebKit/605.1.15 (KHTML, like Gecko) GSA/390.0.817388646 Mobile/21G93 Safari/604.1"
178.16.199.252 - - [19/Oct/2025:08:51:23 -0400] "GET /helicopter/ HTTP/1.1" 200 99890 "https://sexpositions.online/cowgirl/" "Mozilla/5.0 (Linux; Android 10; K) AppleWebKit/537.36 (KHTML, like Gecko) SamsungBrowser/28.0 Chrome/130.0.0.0 Mobile Safari/537.36"
178.16.199.252 - - [19/Oct/2025:08:51:24 -0400] "GET /wp-content/uploads/helicopter-animated.gif HTTP/1.1" 304 - "https://sexpositions.online/helicopter/" "Mozilla/5.0 (Linux; Android 10; K) AppleWebKit/537.36 (KHTML, like Gecko) SamsungBrowser/28.0 Chrome/130.0.0.0 Mobile Safari/537.36"
178.16.199.252 - - [19/Oct/2025:08:51:24 -0400] "GET /wp-content/uploads/airplane-animated.gif HTTP/1.1" 304 - "https://sexpositions.online/helicopter/" "Mozilla/5.0 (Linux; Android 10; K) AppleWebKit/537.36 (KHTML, like Gecko) SamsungBrowser/28.0 Chrome/130.0.0.0 Mobile Safari/537.36"
178.16.199.252 - - [19/Oct/2025:08:51:24 -0400] "GET /wp-content/uploads/starfish-animated.gif HTTP/1.1" 304 - "https://sexpositions.online/helicopter/" "Mozilla/5.0 (Linux; Android 10; K) AppleWebKit/537.36 (KHTML, like Gecko) SamsungBrowser/28.0 Chrome/130.0.0.0 Mobile Safari/537.36"
178.16.199.252 - - [19/Oct/2025:08:51:24 -0400] "GET /wp-content/uploads/the-x-factor-animated-2.gif HTTP/1.1" 200 210822 "https://sexpositions.online/helicopter/" "Mozilla/5.0 (Linux; Android 10; K) AppleWebKit/537.36 (KHTML, like Gecko) SamsungBrowser/28.0 Chrome/130.0.0.0 Mobile Safari/537.36"
27.4.218.205 - - [19/Oct/2025:08:51:27 -0400] "GET /helicopter/ HTTP/1.1" 200 99890 "https://sexpositions.online/" "Mozilla/5.0 (iPhone; CPU iPhone OS 26_0_1 like Mac OS X) AppleWebKit/605.1.15 (KHTML, like Gecko) CriOS/141.0.7390.96 Mobile/15E148 Safari/604.1"
216.247.17.167 - - [19/Oct/2025:08:51:31 -0400] "GET /wp-content/uploads/cat-animated.gif HTTP/1.1" 304 - "https://www.google.com/" "Mozilla/5.0 (iPhone; CPU iPhone OS 26_1_0 like Mac OS X) AppleWebKit/605.1.15 (KHTML, like Gecko) CriOS/141.0.7390.69 Mobile/15E148 Safari/604.1"
2.189.5.142 - - [19/Oct/2025:08:51:49 -0400] "GET / HTTP/1.1" 200 125058 "-" "Mozilla/5.0 (X11; Ubuntu; Linux x86_64; rv:109.0) Gecko/20100101 Firefox/118.0"
2.189.5.218 - - [19/Oct/2025:08:51:49 -0400] "GET / HTTP/1.1" 200 125069 "-" "Mozilla/5.0 (Linux; Android 5.0.2; SAMSUNG SM-T550 Build/LRX22G) AppleWebKit/537.36 (KHTML, like Gecko) SamsungBrowser/3.3 Chrome/38.0.2125.102 Safari/537.36"
154.161.152.105 - - [19/Oct/2025:08:52:13 -0400] "GET /wp-content/uploads/lazy-dog-animated-1.gif HTTP/1.1" 304 - "https://sexpositions.online/doggy-style/" "Mozilla/5.0 (iPhone; CPU iPhone OS 18_3_2 like Mac OS X) AppleWebKit/605.1.15 (KHTML, like Gecko) Version/18.3.1 Mobile/15E148 Safari/604.1"
2a02:587:8580:e100:a4fe:bf0f:df33:60ed - - [19/Oct/2025:08:52:16 -0400] "GET /wp-content/uploads/butterfly-animated.gif HTTP/1.1" 304 - "https://www.google.com/" "Mozilla/5.0 (Linux; Android 15; SM-A556B Build/AP3A.240905.015.A2; wv) AppleWebKit/537.36 (KHTML, like Gecko) Version/4.0 Chrome/140.0.7339.209 Mobile Safari/537.36 GoogleApp/16.40.23.ve.arm64"
66.116.199.115 - - [19/Oct/2025:08:52:17 -0400] "POST /wp-cron.php?doing_wp_cron=1760878337.5714960098266601562500 HTTP/1.1" 200 - "-" "WordPress/6.8.3; https://sexpositions.online"
178.16.199.252 - - [19/Oct/2025:08:52:17 -0400] "GET /the-x-factor/ HTTP/1.1" 200 98050 "https://sexpositions.online/helicopter/" "Mozilla/5.0 (Linux; Android 10; K) AppleWebKit/537.36 (KHTML, like Gecko) SamsungBrowser/28.0 Chrome/130.0.0.0 Mobile Safari/537.36"
2600:1700:4ff0:afb0:7c89:a594:1fa8:615a - - [19/Oct/2025:08:52:25 -0400] "GET /wp-content/uploads/cat-animated.gif HTTP/1.1" 304 - "https://www.google.com/" "Mozilla/5.0 (Linux; Android 10; K) AppleWebKit/537.36 (KHTML, like Gecko) Chrome/141.0.0.0 Mobile Safari/537.36"
2600:1700:4ff0:afb0:7c89:a594:1fa8:615a - - [19/Oct/2025:08:52:37 -0400] "GET /missionary/ HTTP/1.1" 200 103202 "https://www.google.com/" "Mozilla/5.0 (Linux; Android 10; K) AppleWebKit/537.36 (KHTML, like Gecko) Chrome/141.0.0.0 Mobile Safari/537.36"
2600:1700:4ff0:afb0:7c89:a594:1fa8:615a - - [19/Oct/2025:08:52:38 -0400] "GET /wp-content/themes/astra/assets/css/minified/main.min.css?ver=4.11.12 HTTP/1.1" 304 - "https://sexpositions.online/missionary/" "Mozilla/5.0 (Linux; Android 10; K) AppleWebKit/537.36 (KHTML, like Gecko) Chrome/141.0.0.0 Mobile Safari/537.36"
2600:1700:4ff0:afb0:7c89:a594:1fa8:615a - - [19/Oct/2025:08:52:38 -0400] "GET /wp-includes/css/dist/block-library/style.min.css?ver=6.8.3 HTTP/1.1" 304 - "https://sexpositions.online/missionary/" "Mozilla/5.0 (Linux; Android 10; K) AppleWebKit/537.36 (KHTML, like Gecko) Chrome/141.0.0.0 Mobile Safari/537.36"
2600:1700:4ff0:afb0:7c89:a594:1fa8:615a - - [19/Oct/2025:08:52:38 -0400] "GET /wp-content/uploads/missionary-animated.gif HTTP/1.1" 304 - "https://sexpositions.online/missionary/" "Mozilla/5.0 (Linux; Android 10; K) AppleWebKit/537.36 (KHTML, like Gecko) Chrome/141.0.0.0 Mobile Safari/537.36"
2600:1700:4ff0:afb0:7c89:a594:1fa8:615a - - [19/Oct/2025:08:52:39 -0400] "GET /wp-content/themes/astra/assets/js/minified/frontend.min.js?ver=4.11.12 HTTP/1.1" 304 - "https://sexpositions.online/missionary/" "Mozilla/5.0 (Linux; Android 10; K) AppleWebKit/537.36 (KHTML, like Gecko) Chrome/141.0.0.0 Mobile Safari/537.36"
2600:1700:4ff0:afb0:7c89:a594:1fa8:615a - - [19/Oct/2025:08:52:39 -0400] "GET /wp-includes/js/wp-emoji-release.min.js?ver=6.8.3 HTTP/1.1" 304 - "https://sexpositions.online/missionary/" "Mozilla/5.0 (Linux; Android 10; K) AppleWebKit/537.36 (KHTML, like Gecko) Chrome/141.0.0.0 Mobile Safari/537.36"
2600:1700:4ff0:afb0:7c89:a594:1fa8:615a - - [19/Oct/2025:08:52:40 -0400] "GET /wp-content/uploads/cropped-favicon-192x192.png HTTP/1.1" 304 - "https://sexpositions.online/missionary/" "Mozilla/5.0 (Linux; Android 10; K) AppleWebKit/537.36 (KHTML, like Gecko) Chrome/141.0.0.0 Mobile Safari/537.36"
2600:1700:4ff0:afb0:7c89:a594:1fa8:615a - - [19/Oct/2025:08:52:40 -0400] "GET /wp-content/uploads/cropped-favicon-180x180.png HTTP/1.1" 304 - "https://sexpositions.online/missionary/" "Mozilla/5.0 (Linux; Android 10; K) AppleWebKit/537.36 (KHTML, like Gecko) Chrome/141.0.0.0 Mobile Safari/537.36"
106.205.159.71 - - [19/Oct/2025:08:52:47 -0400] "GET /wp-content/uploads/reverse-69-animated.gif HTTP/1.1" 304 - "https://www.google.com/" "Mozilla/5.0 (Linux; Android 10; K) AppleWebKit/537.36 (KHTML, like Gecko) Chrome/141.0.0.0 Mobile Safari/537.36"
2600:1700:4ff0:afb0:7c89:a594:1fa8:615a - - [19/Oct/2025:08:52:50 -0400] "GET /wp-content/uploads/blind-love-animated.gif HTTP/1.1" 304 - "https://sexpositions.online/missionary/" "Mozilla/5.0 (Linux; Android 10; K) AppleWebKit/537.36 (KHTML, like Gecko) Chrome/141.0.0.0 Mobile Safari/537.36"
2600:1700:4ff0:afb0:7c89:a594:1fa8:615a - - [19/Oct/2025:08:52:51 -0400] "GET /wp-content/uploads/flying-missionary-animated.gif HTTP/1.1" 304 - "https://sexpositions.online/missionary/" "Mozilla/5.0 (Linux; Android 10; K) AppleWebKit/537.36 (KHTML, like Gecko) Chrome/141.0.0.0 Mobile Safari/537.36"
2600:1700:4ff0:afb0:7c89:a594:1fa8:615a - - [19/Oct/2025:08:52:51 -0400] "GET /wp-content/uploads/front-and-rear-animated.gif HTTP/1.1" 304 - "https://sexpositions.online/missionary/" "Mozilla/5.0 (Linux; Android 10; K) AppleWebKit/537.36 (KHTML, like Gecko) Chrome/141.0.0.0 Mobile Safari/537.36"
2600:1700:4ff0:afb0:7c89:a594:1fa8:615a - - [19/Oct/2025:08:52:51 -0400] "GET /wp-content/uploads/the-deep-animated.gif HTTP/1.1" 304 - "https://sexpositions.online/missionary/" "Mozilla/5.0 (Linux; Android 10; K) AppleWebKit/537.36 (KHTML, like Gecko) Chrome/141.0.0.0 Mobile Safari/537.36"
154.161.152.105 - - [19/Oct/2025:08:52:55 -0400] "GET /wp-content/uploads/frog-animated.gif HTTP/1.1" 304 - "https://sexpositions.online/doggy-style/" "Mozilla/5.0 (iPhone; CPU iPhone OS 18_3_2 like Mac OS X) AppleWebKit/605.1.15 (KHTML, like Gecko) Version/18.3.1 Mobile/15E148 Safari/604.1"
2600:1700:4ff0:afb0:7c89:a594:1fa8:615a - - [19/Oct/2025:08:52:59 -0400] "GET /wp-content/uploads/wild-cherry-animated.gif HTTP/1.1" 304 - "https://sexpositions.online/missionary/" "Mozilla/5.0 (Linux; Android 10; K) AppleWebKit/537.36 (KHTML, like Gecko) Chrome/141.0.0.0 Mobile Safari/537.36"
2a02:8440:c124:f7a:5963:22d2:7f42:2f28 - - [19/Oct/2025:08:53:10 -0400] "GET /wp-content/uploads/heaven-knows-animated.gif HTTP/1.1" 304 - "https://www.google.com/" "Mozilla/5.0 (iPhone; CPU iPhone OS 18_6_2 like Mac OS X) AppleWebKit/605.1.15 (KHTML, like Gecko) Version/18.6 Mobile/15E148 Safari/604.1"
2600:1700:4ff0:afb0:7c89:a594:1fa8:615a - - [19/Oct/2025:08:53:17 -0400] "GET /wp-content/uploads/anvil-animated.gif HTTP/1.1" 304 - "https://sexpositions.online/missionary/" "Mozilla/5.0 (Linux; Android 10; K) AppleWebKit/537.36 (KHTML, like Gecko) Chrome/141.0.0.0 Mobile Safari/537.36"
154.161.152.105 - - [19/Oct/2025:08:53:28 -0400] "GET /missionary/ HTTP/1.1" 200 103202 "https://sexpositions.online/" "Mozilla/5.0 (iPhone; CPU iPhone OS 18_3_2 like Mac OS X) AppleWebKit/605.1.15 (KHTML, like Gecko) Version/18.3.1 Mobile/15E148 Safari/604.1"
154.161.152.105 - - [19/Oct/2025:08:53:30 -0400] "GET /wp-content/uploads/blind-love-animated.gif HTTP/1.1" 304 - "https://sexpositions.online/missionary/" "Mozilla/5.0 (iPhone; CPU iPhone OS 18_3_2 like Mac OS X) AppleWebKit/605.1.15 (KHTML, like Gecko) Version/18.3.1 Mobile/15E148 Safari/604.1"
154.161.152.105 - - [19/Oct/2025:08:53:31 -0400] "GET /wp-content/uploads/flying-missionary-animated.gif HTTP/1.1" 304 - "https://sexpositions.online/missionary/" "Mozilla/5.0 (iPhone; CPU iPhone OS 18_3_2 like Mac OS X) AppleWebKit/605.1.15 (KHTML, like Gecko) Version/18.3.1 Mobile/15E148 Safari/604.1"
2600:1700:4ff0:afb0:7c89:a594:1fa8:615a - - [19/Oct/2025:08:53:40 -0400] "GET /front-and-rear/ HTTP/1.1" 200 98076 "https://sexpositions.online/missionary/" "Mozilla/5.0 (Linux; Android 10; K) AppleWebKit/537.36 (KHTML, like Gecko) Chrome/141.0.0.0 Mobile Safari/537.36"
2600:1700:4ff0:afb0:7c89:a594:1fa8:615a - - [19/Oct/2025:08:53:46 -0400] "GET /roller-coaster/ HTTP/1.1" 200 98195 "https://sexpositions.online/front-and-rear/" "Mozilla/5.0 (Linux; Android 10; K) AppleWebKit/537.36 (KHTML, like Gecko) Chrome/141.0.0.0 Mobile Safari/537.36"
154.161.152.105 - - [19/Oct/2025:08:53:48 -0400] "GET /wp-content/uploads/front-and-rear-animated.gif HTTP/1.1" 304 - "https://sexpositions.online/missionary/" "Mozilla/5.0 (iPhone; CPU iPhone OS 18_3_2 like Mac OS X) AppleWebKit/605.1.15 (KHTML, like Gecko) Version/18.3.1 Mobile/15E148 Safari/604.1"
2804:14c:65c2:44ce:cd2e:3293:760c:5c10 - - [19/Oct/2025:08:54:02 -0400] "GET /wp-content/uploads/the-crab-animated.gif HTTP/1.1" 200 197212 "https://www.google.com/" "Mozilla/5.0 (iPhone; CPU iPhone OS 18_6_2 like Mac OS X) AppleWebKit/605.1.15 (KHTML, like Gecko) CriOS/141.0.7390.96 Mobile/15E148 Safari/604.1"
40.77.167.73 - - [19/Oct/2025:08:54:04 -0400] "GET /reviews/katakura_kazunori/ HTTP/1.1" 200 3 "-" "Mozilla/5.0 AppleWebKit/537.36 (KHTML, like Gecko; compatible; bingbot/2.0; +http://www.bing.com/bingbot.htm) Chrome/116.0.1938.76 Safari/537.36"
154.161.152.105 - - [19/Oct/2025:08:54:09 -0400] "GET /wp-content/uploads/wild-cherry-animated.gif HTTP/1.1" 304 - "https://sexpositions.online/missionary/" "Mozilla/5.0 (iPhone; CPU iPhone OS 18_3_2 like Mac OS X) AppleWebKit/605.1.15 (KHTML, like Gecko) Version/18.3.1 Mobile/15E148 Safari/604.1"
2600:387:15:4319::a - - [19/Oct/2025:08:54:09 -0400] "GET /wp-content/uploads/amazon-animated.gif HTTP/1.1" 304 - "https://www.google.com/" "Mozilla/5.0 (iPhone; CPU iPhone OS 18_6_2 like Mac OS X) AppleWebKit/605.1.15 (KHTML, like Gecko) Version/18.6 Mobile/15E148 Safari/604.1"
103.58.5.7 - - [19/Oct/2025:08:54:29 -0400] "GET /wp-content/uploads/drivers-seat-animated.gif HTTP/1.1" 304 - "https://www.google.com/" "Mozilla/5.0 (Linux; Android 10; K) AppleWebKit/537.36 (KHTML, like Gecko) Chrome/141.0.0.0 Mobile Safari/537.36"
175.176.40.195 - - [19/Oct/2025:08:54:46 -0400] "GET /wp-content/uploads/doggy-style-animated.gif HTTP/1.1" 304 - "https://www.google.com/" "Mozilla/5.0 (Linux; Android 10; K) AppleWebKit/537.36 (KHTML, like Gecko) Chrome/140.0.0.0 Mobile Safari/537.36"
191.156.227.95 - - [19/Oct/2025:08:55:09 -0400] "GET /wp-content/uploads/wall-animated.gif HTTP/1.1" 200 174910 "https://www.google.com/" "Mozilla/5.0 (Linux; Android 10; K) AppleWebKit/537.36 (KHTML, like Gecko) SamsungBrowser/28.0 Chrome/130.0.0.0 Mobile Safari/537.36"
64.224.128.202 - - [19/Oct/2025:08:55:13 -0400] "POST /xmlrpc.php HTTP/1.1" 200 403 "-" "Mozilla/5.0 (X11; Ubuntu; Linux x86_64; x86) AppleWebKit/537.36 (KHTML, like Gecko) Safari/12.0.0.0 Safari/537.36"
1.146.120.62 - - [19/Oct/2025:08:55:13 -0400] "GET /wp-content/uploads/scissor-animated.gif HTTP/1.1" 304 - "https://naughtygrin.com/" "Mozilla/5.0 (Linux; Android 10; K) AppleWebKit/537.36 (KHTML, like Gecko) SamsungBrowser/28.0 Chrome/130.0.0.0 Mobile Safari/537.36"
1.146.120.62 - - [19/Oct/2025:08:55:47 -0400] "GET /wp-content/uploads/lotus-animated.gif HTTP/1.1" 304 - "https://naughtygrin.com/" "Mozilla/5.0 (Linux; Android 10; K) AppleWebKit/537.36 (KHTML, like Gecko) SamsungBrowser/28.0 Chrome/130.0.0.0 Mobile Safari/537.36"
217.224.3.194 - - [19/Oct/2025:08:55:58 -0400] "GET /doggy-style/ HTTP/1.1" 200 102754 "https://sexpositions.online/" "Mozilla/5.0 (Linux; Android 10; K) AppleWebKit/537.36 (KHTML, like Gecko) Chrome/141.0.0.0 Mobile Safari/537.36 EdgA/141.0.0.0"
2607:d580:130:3f00:284a:eb07:2c45:23e1 - - [19/Oct/2025:08:56:02 -0400] "GET /wp-content/uploads/doggy-style-animated.gif HTTP/1.1" 304 - "https://www.google.com/" "Mozilla/5.0 (iPhone; CPU iPhone OS 18_6_2 like Mac OS X) AppleWebKit/605.1.15 (KHTML, like Gecko) Version/18.6 Mobile/15E148 Safari/604.1"
1.146.120.62 - - [19/Oct/2025:08:56:04 -0400] "GET /wp-content/uploads/whos-your-daddy-animated.gif HTTP/1.1" 304 - "https://naughtygrin.com/" "Mozilla/5.0 (Linux; Android 10; K) AppleWebKit/537.36 (KHTML, like Gecko) SamsungBrowser/28.0 Chrome/130.0.0.0 Mobile Safari/537.36"
196.20.217.251 - - [19/Oct/2025:08:56:06 -0400] "GET /wp-content/uploads/the-y-animated.gif HTTP/1.1" 200 149662 "https://www.google.com/" "Mozilla/5.0 (Linux; Android 10; K) AppleWebKit/537.36 (KHTML, like Gecko) Chrome/141.0.0.0 Mobile Safari/537.36"
1.146.120.62 - - [19/Oct/2025:08:56:08 -0400] "GET /wp-content/uploads/amazon-animated.gif HTTP/1.1" 304 - "https://naughtygrin.com/" "Mozilla/5.0 (Linux; Android 10; K) AppleWebKit/537.36 (KHTML, like Gecko) SamsungBrowser/28.0 Chrome/130.0.0.0 Mobile Safari/537.36"
2607:d580:130:3f00:284a:eb07:2c45:23e1 - - [19/Oct/2025:08:56:11 -0400] "GET /wp-content/uploads/turtle-animated.gif HTTP/1.1" 200 177462 "https://www.google.com/" "Mozilla/5.0 (iPhone; CPU iPhone OS 18_6_2 like Mac OS X) AppleWebKit/605.1.15 (KHTML, like Gecko) Version/18.6 Mobile/15E148 Safari/604.1"
217.224.3.194 - - [19/Oct/2025:08:56:14 -0400] "GET /woman-on-top/ HTTP/1.1" 200 105204 "https://sexpositions.online/" "Mozilla/5.0 (Linux; Android 10; K) AppleWebKit/537.36 (KHTML, like Gecko) Chrome/141.0.0.0 Mobile Safari/537.36 EdgA/141.0.0.0"
66.249.64.226 - - [19/Oct/2025:08:56:19 -0400] "GET /wall/ HTTP/1.1" 200 97959 "-" "Mozilla/5.0 (Linux; Android 6.0.1; Nexus 5X Build/MMB29P) AppleWebKit/537.36 (KHTML, like Gecko) Chrome/140.0.7339.207 Mobile Safari/537.36 (compatible; Googlebot/2.1; +http://www.google.com/bot.html)"
2001:ac8:31:342:fe28:2d50:fd10:c - - [19/Oct/2025:08:56:22 -0400] "GET /oral/69-ing/ HTTP/1.1" 200 102598 "https://www.google.com/" "Mozilla/5.0 (Linux; Android 10; K) AppleWebKit/537.36 (KHTML, like Gecko) Chrome/141.0.0.0 Mobile Safari/537.36"
2001:4454:525:4500:81d5:f69:34f6:fe47 - - [19/Oct/2025:08:56:09 -0400] "GET /wp-content/uploads/airplane-animated.gif HTTP/1.1" 200 252773 "https://www.google.com/" "Mozilla/5.0 (iPhone; CPU iPhone OS 18_6 like Mac OS X) AppleWebKit/605.1.15 (KHTML, like Gecko) Version/18.6 Mobile/15E148 Safari/604.1"
217.224.3.194 - - [19/Oct/2025:08:56:23 -0400] "GET /contact-us/ HTTP/1.1" 200 95995 "https://sexpositions.online/" "Mozilla/5.0 (Linux; Android 10; K) AppleWebKit/537.36 (KHTML, like Gecko) Chrome/141.0.0.0 Mobile Safari/537.36 EdgA/141.0.0.0"
217.224.3.194 - - [19/Oct/2025:08:56:25 -0400] "GET /privacy-policy/ HTTP/1.1" 200 96892 "https://sexpositions.online/" "Mozilla/5.0 (Linux; Android 10; K) AppleWebKit/537.36 (KHTML, like Gecko) Chrome/141.0.0.0 Mobile Safari/537.36 EdgA/141.0.0.0"
217.224.3.194 - - [19/Oct/2025:08:56:28 -0400] "GET /oral/69-ing/ HTTP/1.1" 200 102598 "https://sexpositions.online/" "Mozilla/5.0 (Linux; Android 10; K) AppleWebKit/537.36 (KHTML, like Gecko) Chrome/141.0.0.0 Mobile Safari/537.36 EdgA/141.0.0.0"
217.224.3.194 - - [19/Oct/2025:08:56:40 -0400] "GET /man-on-top/ HTTP/1.1" 200 103059 "https://sexpositions.online/" "Mozilla/5.0 (Linux; Android 10; K) AppleWebKit/537.36 (KHTML, like Gecko) Chrome/141.0.0.0 Mobile Safari/537.36 EdgA/141.0.0.0"
217.224.3.194 - - [19/Oct/2025:08:56:41 -0400] "GET /wp-content/uploads/butter-churner-animated.gif HTTP/1.1" 304 - "https://sexpositions.online/man-on-top/" "Mozilla/5.0 (Linux; Android 10; K) AppleWebKit/537.36 (KHTML, like Gecko) Chrome/141.0.0.0 Mobile Safari/537.36 EdgA/141.0.0.0"
2409:408d:3e8e:5160::9848:4c07 - - [19/Oct/2025:08:56:42 -0400] "GET /wp-content/uploads/ladies-first-animated.gif HTTP/1.1" 304 - "https://www.google.com/" "Mozilla/5.0 (Linux; Android 10; K) AppleWebKit/537.36 (KHTML, like Gecko) Chrome/141.0.0.0 Mobile Safari/537.36"
217.224.3.194 - - [19/Oct/2025:08:56:45 -0400] "GET /wp-content/uploads/the-snow-angel-animated.gif HTTP/1.1" 304 - "https://sexpositions.online/man-on-top/" "Mozilla/5.0 (Linux; Android 10; K) AppleWebKit/537.36 (KHTML, like Gecko) Chrome/141.0.0.0 Mobile Safari/537.36 EdgA/141.0.0.0"
217.224.3.194 - - [19/Oct/2025:08:56:46 -0400] "GET /wp-content/uploads/the-spork-animated.gif HTTP/1.1" 304 - "https://sexpositions.online/man-on-top/" "Mozilla/5.0 (Linux; Android 10; K) AppleWebKit/537.36 (KHTML, like Gecko) Chrome/141.0.0.0 Mobile Safari/537.36 EdgA/141.0.0.0"
217.224.3.194 - - [19/Oct/2025:08:56:47 -0400] "GET /wp-content/uploads/over-the-edge-animated.gif HTTP/1.1" 304 - "https://sexpositions.online/man-on-top/" "Mozilla/5.0 (Linux; Android 10; K) AppleWebKit/537.36 (KHTML, like Gecko) Chrome/141.0.0.0 Mobile Safari/537.36 EdgA/141.0.0.0"
217.224.3.194 - - [19/Oct/2025:08:56:51 -0400] "GET /wp-content/uploads/hot-and-spicy-animated.gif HTTP/1.1" 304 - "https://sexpositions.online/man-on-top/" "Mozilla/5.0 (Linux; Android 10; K) AppleWebKit/537.36 (KHTML, like Gecko) Chrome/141.0.0.0 Mobile Safari/537.36 EdgA/141.0.0.0"
217.224.3.194 - - [19/Oct/2025:08:56:51 -0400] "GET /wp-content/uploads/the-cuddler-animated.gif HTTP/1.1" 304 - "https://sexpositions.online/man-on-top/" "Mozilla/5.0 (Linux; Android 10; K) AppleWebKit/537.36 (KHTML, like Gecko) Chrome/141.0.0.0 Mobile Safari/537.36 EdgA/141.0.0.0"
85.208.96.210 - - [19/Oct/2025:08:56:52 -0400] "GET /page/18/?action=repository_opensearch&count=20&index_id=1873&order=17&pn=1 HTTP/1.1" 200 116246 "-" "Mozilla/5.0 (compatible; SemrushBot/7~bl; +http://www.semrush.com/bot.html)"
217.224.3.194 - - [19/Oct/2025:08:56:54 -0400] "GET /wp-content/uploads/the-wow-wow-animated.gif HTTP/1.1" 304 - "https://sexpositions.online/man-on-top/" "Mozilla/5.0 (Linux; Android 10; K) AppleWebKit/537.36 (KHTML, like Gecko) Chrome/141.0.0.0 Mobile Safari/537.36 EdgA/141.0.0.0"
2a06:98c0:3600::103 - - [19/Oct/2025:08:56:58 -0400] "GET /wp-content/uploads/missionary-animated.gif HTTP/1.1" 304 - "-" "Mozilla/5.0 (Windows NT 10.0; Win64; x64; rv:109.0) Gecko/20100101 Firefox/115.0"
217.224.3.194 - - [19/Oct/2025:08:56:59 -0400] "GET /the-cuddler/ HTTP/1.1" 200 98094 "https://sexpositions.online/man-on-top/" "Mozilla/5.0 (Linux; Android 10; K) AppleWebKit/537.36 (KHTML, like Gecko) Chrome/141.0.0.0 Mobile Safari/537.36 EdgA/141.0.0.0"
217.224.3.194 - - [19/Oct/2025:08:57:04 -0400] "GET /tds-my-account/ HTTP/1.1" 200 97057 "https://sexpositions.online/" "Mozilla/5.0 (Linux; Android 10; K) AppleWebKit/537.36 (KHTML, like Gecko) Chrome/141.0.0.0 Mobile Safari/537.36 EdgA/141.0.0.0"
217.224.3.194 - - [19/Oct/2025:08:57:07 -0400] "GET /oral/blowjob/ HTTP/1.1" 200 103860 "https://sexpositions.online/" "Mozilla/5.0 (Linux; Android 10; K) AppleWebKit/537.36 (KHTML, like Gecko) Chrome/141.0.0.0 Mobile Safari/537.36 EdgA/141.0.0.0"
217.224.3.194 - - [19/Oct/2025:08:57:10 -0400] "GET /advanced/ HTTP/1.1" 200 101754 "https://sexpositions.online/" "Mozilla/5.0 (Linux; Android 10; K) AppleWebKit/537.36 (KHTML, like Gecko) Chrome/141.0.0.0 Mobile Safari/537.36 EdgA/141.0.0.0"
217.224.3.194 - - [19/Oct/2025:08:57:20 -0400] "GET /row-row-row/ HTTP/1.1" 200 98205 "https://sexpositions.online/advanced/" "Mozilla/5.0 (Linux; Android 10; K) AppleWebKit/537.36 (KHTML, like Gecko) Chrome/141.0.0.0 Mobile Safari/537.36 EdgA/141.0.0.0"
40.77.167.55 - - [19/Oct/2025:08:57:22 -0400] "GET /wp-sitemap-posts-post-1.xml HTTP/1.1" 200 28144 "-" "Mozilla/5.0 AppleWebKit/537.36 (KHTML, like Gecko; compatible; bingbot/2.0; +http://www.bing.com/bingbot.htm) Chrome/116.0.1938.76 Safari/537.36"
129.205.225.18 - - [19/Oct/2025:08:57:36 -0400] "GET /wp-content/uploads/sweet-seat-animated.gif HTTP/1.1" 200 221495 "-" "com.google.android.apps.searchlite/96533 (Linux; U; Android 9; en_GB; ZTE Blade L130; Build/PPR1.180610.011; Cronet/131.0.6724.0)"
52.167.144.160 - - [19/Oct/2025:08:58:32 -0400] "GET /?s=%E5%B4%96 HTTP/1.1" 200 96415 "-" "Mozilla/5.0 AppleWebKit/537.36 (KHTML, like Gecko; compatible; bingbot/2.0; +http://www.bing.com/bingbot.htm) Chrome/116.0.1938.76 Safari/537.36"
49.206.47.32 - - [19/Oct/2025:08:58:35 -0400] "GET /wp-content/uploads/amazon-animated.gif HTTP/1.1" 304 - "https://www.google.com/" "Mozilla/5.0 (Linux; Android 10; K) AppleWebKit/537.36 (KHTML, like Gecko) Chrome/141.0.0.0 Mobile Safari/537.36"
84.54.72.56 - - [19/Oct/2025:08:58:38 -0400] "GET /wp-content/uploads/buckin-bronco-animated.gif HTTP/1.1" 304 - "https://yandex.uz/images/touch/search?nomisspell=1&text=%D1%81%D0%B5%D0%BA%D1%81+%D0%BF%D0%BE%D0%B7%D1%8B&img_url=https%3A%2F%2Fotvet.imgsmail.ru%2Fdownload%2F201185234_5cfbfdb4214d4a7a7120dbc7cada57d4_800.jpg&rpt=simage&pos=13" "Mozilla/5.0 (Linux; arm_64; Android 14; 24117RN76G) AppleWebKit/537.36 (KHTML, like Gecko) Chrome/140.0.7339.217 YaBrowser/25.10.0.217.00 (beta) SA/3 Mobile Safari/537.36"
49.207.150.135 - - [19/Oct/2025:08:58:44 -0400] "GET /wp-content/uploads/missionary-animated.gif HTTP/1.1" 304 - "https://www.google.com/" "Mozilla/5.0 (Linux; Android 15; 24115RA8EI Build/AQ3A.240912.001; wv) AppleWebKit/537.36 (KHTML, like Gecko) Version/4.0 Chrome/140.0.7339.207 Mobile Safari/537.36 GoogleApp/16.40.23.ve.arm64"
49.207.150.135 - - [19/Oct/2025:08:58:48 -0400] "GET /wp-content/uploads/missionary-animated.gif HTTP/1.1" 200 163597 "-" "AndroidHttpClient (Linux; U; Android 15; en_IN; 24115RA8EI; Build/AQ3A.240912.001; Cronet/138.0.7156.0)"
196.20.217.251 - - [19/Oct/2025:08:58:50 -0400] "GET /wp-content/uploads/spread-eagle-animated-1.gif HTTP/1.1" 200 245877 "https://www.google.com/" "Mozilla/5.0 (Linux; Android 10; K) AppleWebKit/537.36 (KHTML, like Gecko) Chrome/141.0.0.0 Mobile Safari/537.36"
66.249.88.134 - - [19/Oct/2025:08:59:00 -0400] "GET /wp-content/uploads/speed-bump-animated.gif HTTP/1.1" 304 - "-" "Mozilla/5.0 (Windows NT 5.1; rv:11.0) Gecko Firefox/11.0 (via ggpht.com GoogleImageProxy)"
5.76.81.143 - - [19/Oct/2025:08:59:09 -0400] "GET /wp-content/uploads/curls-animated.gif HTTP/1.1" 304 - "https://yandex.kz/" "Mozilla/5.0 (iPhone; CPU iPhone OS 18_6_2 like Mac OS X) AppleWebKit/605.1.15 (KHTML, like Gecko) Mobile/15E148 YaBrowser/25.10.1.710.10 YaApp_iOS/2510.1 YaApp_iOS_Search/2510.1 TA/2.1 webVert webOmni Safari/604.1 SA/3"
2c0f:fc88:83:d297:1:0:b1ec:dac9 - - [19/Oct/2025:08:59:12 -0400] "GET /wp-content/uploads/the-tumbler-animated.gif HTTP/1.1" 304 - "https://www.google.com/" "Mozilla/5.0 (Linux; Android 13; CPH2591 Build/TP1A.220905.001; wv) AppleWebKit/537.36 (KHTML, like Gecko) Version/4.0 Chrome/140.0.7339.207 Mobile Safari/537.36 GoogleApp/14.34.24.28.arm64"
52.167.144.231 - - [19/Oct/2025:08:59:21 -0400] "GET /?s=%E6%89%8B%E6%8C%AF%E3%82%8C+%E6%8F%8F%E7%94%BB%E3%80%80%E5%A4%9A%E3%81%84 HTTP/1.1" 200 96567 "-" "Mozilla/5.0 AppleWebKit/537.36 (KHTML, like Gecko; compatible; bingbot/2.0; +http://www.bing.com/bingbot.htm) Chrome/116.0.1938.76 Safari/537.36"
103.14.89.242 - - [19/Oct/2025:08:59:36 -0400] "GET / HTTP/1.1" 200 125069 "-" "Mozilla/5.0 (Linux; Android 10; K) AppleWebKit/537.36 (KHTML, like Gecko) Chrome/128.0.0.0 Mobile Safari/537.36"
103.14.89.242 - - [19/Oct/2025:08:59:39 -0400] "GET /wp-content/uploads/missionary-animated.gif HTTP/1.1" 304 - "https://sexpositions.online/" "Mozilla/5.0 (Linux; Android 10; K) AppleWebKit/537.36 (KHTML, like Gecko) Chrome/128.0.0.0 Mobile Safari/537.36"
66.249.93.228 - - [19/Oct/2025:08:59:51 -0400] "GET /wp-content/uploads/the-tipster-animated.gif HTTP/1.1" 304 - "-" "Mozilla/5.0 (Windows NT 5.1; rv:11.0) Gecko Firefox/11.0 (via ggpht.com GoogleImageProxy)"
103.14.89.242 - - [19/Oct/2025:08:59:51 -0400] "GET /wp-content/uploads/spooning-animated.gif HTTP/1.1" 304 - "https://sexpositions.online/" "Mozilla/5.0 (Linux; Android 10; K) AppleWebKit/537.36 (KHTML, like Gecko) Chrome/128.0.0.0 Mobile Safari/537.36"
80.83.237.70 - - [19/Oct/2025:08:59:56 -0400] "GET /wp-content/uploads/curls-animated.gif HTTP/1.1" 304 - "https://yandex.ru/images/touch/search?text=%D1%84%D0%BE%D1%82%D0%BE+%D0%BF%D0%BE%D1%80%D0%BD%D0%BE+%D0%BF%D0%BE%D0%B7%D1%8B+%D0%9A%D0%B0%D0%BC%D0%B0%D1%81%D1%83%D1%82%D1%80%D1%8B&img_url=https%3A%2F%2Fr.mt.ru%2Fr9%2FphotoA006%2F20940675442-0%2Fjpg%2Fbp.jpeg&pos=185&rpt=simage" "Mozilla/5.0 (Linux; arm_64; Android 13; RMX3834) AppleWebKit/537.36 (KHTML, like Gecko) Chrome/138.0.7204.59 YaBrowser/25.8.9.59.00 SA/3 Mobile Safari/537.36"
37.163.167.15 - - [19/Oct/2025:08:59:57 -0400] "GET /wp-content/uploads/the-crawl-animated.gif HTTP/1.1" 200 241339 "https://www.google.com/" "Mozilla/5.0 (Linux; Android 10; K) AppleWebKit/537.36 (KHTML, like Gecko) Chrome/141.0.0.0 Mobile Safari/537.36"
66.249.64.225 - - [19/Oct/2025:08:59:57 -0400] "GET /wp-content/uploads/nutcracker-animated.gif HTTP/1.1" 200 215329 "-" "Googlebot-Image/1.0"
197.120.107.198 - - [19/Oct/2025:08:59:59 -0400] "GET /oral/cunnilingus/ HTTP/1.1" 200 104753 "https://sexpositions.online/" "Mozilla/5.0 (iPhone; CPU iPhone OS 26_0_1 like Mac OS X) AppleWebKit/605.1.15 (KHTML, like Gecko) CriOS/141.0.7390.41 Mobile/15E148 Safari/604.1"
197.120.107.198 - - [19/Oct/2025:09:00:00 -0400] "GET /wp-content/uploads/hula-girl-animated.gif HTTP/1.1" 304 - "https://sexpositions.online/oral/cunnilingus/" "Mozilla/5.0 (iPhone; CPU iPhone OS 26_0_1 like Mac OS X) AppleWebKit/605.1.15 (KHTML, like Gecko) CriOS/141.0.7390.41 Mobile/15E148 Safari/604.1"
197.120.107.198 - - [19/Oct/2025:09:00:00 -0400] "GET /wp-content/uploads/back-bend-animated.gif HTTP/1.1" 304 - "https://sexpositions.online/oral/cunnilingus/" "Mozilla/5.0 (iPhone; CPU iPhone OS 26_0_1 like Mac OS X) AppleWebKit/605.1.15 (KHTML, like Gecko) CriOS/141.0.7390.41 Mobile/15E148 Safari/604.1"
129.205.225.18 - - [19/Oct/2025:09:00:00 -0400] "GET /wp-content/uploads/up-against-the-wall-animated.gif HTTP/1.1" 200 172610 "-" "com.google.android.apps.searchlite/96533 (Linux; U; Android 9; en_GB; ZTE Blade L130; Build/PPR1.180610.011; Cronet/131.0.6724.0)"
91.108.221.69 - - [19/Oct/2025:09:00:03 -0400] "GET /wp-content/uploads/roller-coaster-animated-1.gif HTTP/1.1" 304 - "-" "Mozilla/5.0 (Macintosh; Intel Mac OS X 10_15_7) AppleWebKit/537.36 (KHTML, like Gecko) Chrome/120.0.0.0 Safari/537.36"
75.98.207.196 - - [19/Oct/2025:09:00:05 -0400] "GET /man-on-top/ HTTP/1.1" 200 103059 "https://www.google.com/" "Mozilla/5.0 (Linux; Android 10; K) AppleWebKit/537.36 (KHTML, like Gecko) Chrome/140.0.0.0 Mobile Safari/537.36"
75.98.207.196 - - [19/Oct/2025:09:00:04 -0400] "GET /wp-content/uploads/spread-eagle-animated-1.gif HTTP/1.1" 200 245877 "https://www.google.com/" "Mozilla/5.0 (Linux; Android 10; K) AppleWebKit/537.36 (KHTML, like Gecko) Chrome/140.0.0.0 Mobile Safari/537.36"
75.98.207.196 - - [19/Oct/2025:09:00:06 -0400] "GET /wp-content/themes/astra/assets/css/minified/main.min.css?ver=4.11.12 HTTP/1.1" 304 - "https://sexpositions.online/man-on-top/" "Mozilla/5.0 (Linux; Android 10; K) AppleWebKit/537.36 (KHTML, like Gecko) Chrome/140.0.0.0 Mobile Safari/537.36"
75.98.207.196 - - [19/Oct/2025:09:00:07 -0400] "GET /wp-includes/css/dist/block-library/style.min.css?ver=6.8.3 HTTP/1.1" 304 - "https://sexpositions.online/man-on-top/" "Mozilla/5.0 (Linux; Android 10; K) AppleWebKit/537.36 (KHTML, like Gecko) Chrome/140.0.0.0 Mobile Safari/537.36"
75.98.207.196 - - [19/Oct/2025:09:00:07 -0400] "GET /wp-content/uploads/missionary-animated.gif HTTP/1.1" 304 - "https://sexpositions.online/man-on-top/" "Mozilla/5.0 (Linux; Android 10; K) AppleWebKit/537.36 (KHTML, like Gecko) Chrome/140.0.0.0 Mobile Safari/537.36"
95.111.85.72 - - [19/Oct/2025:09:00:07 -0400] "GET /wp-content/uploads/lotus-animated.gif HTTP/1.1" 304 - "http://www.google.com/" "Mozilla/5.0 (Linux; Android 12; DCO-LX9; HMSCore 6.15.4.312; GMSCore 0.3.10.250932) AppleWebKit/537.36 (KHTML, like Gecko) Chrome/114.0.5735.196 HuaweiBrowser/16.0.6.300 Mobile Safari/537.36"
75.98.207.196 - - [19/Oct/2025:09:00:08 -0400] "GET /wp-content/uploads/butter-churner-animated.gif HTTP/1.1" 304 - "https://sexpositions.online/man-on-top/" "Mozilla/5.0 (Linux; Android 10; K) AppleWebKit/537.36 (KHTML, like Gecko) Chrome/140.0.0.0 Mobile Safari/537.36"
75.98.207.196 - - [19/Oct/2025:09:00:08 -0400] "GET /wp-content/themes/astra/assets/js/minified/frontend.min.js?ver=4.11.12 HTTP/1.1" 304 - "https://sexpositions.online/man-on-top/" "Mozilla/5.0 (Linux; Android 10; K) AppleWebKit/537.36 (KHTML, like Gecko) Chrome/140.0.0.0 Mobile Safari/537.36"
95.111.85.72 - - [19/Oct/2025:09:00:09 -0400] "GET /sitting/ HTTP/1.1" 200 106982 "http://www.google.com/" "Mozilla/5.0 (Linux; Android 12; DCO-LX9; HMSCore 6.15.4.312; GMSCore 0.3.10.250932) AppleWebKit/537.36 (KHTML, like Gecko) Chrome/114.0.5735.196 HuaweiBrowser/16.0.6.300 Mobile Safari/537.36"
75.98.207.196 - - [19/Oct/2025:09:00:09 -0400] "GET /wp-content/uploads/the-spork-animated.gif HTTP/1.1" 200 177153 "https://sexpositions.online/man-on-top/" "Mozilla/5.0 (Linux; Android 10; K) AppleWebKit/537.36 (KHTML, like Gecko) Chrome/140.0.0.0 Mobile Safari/537.36"
95.111.85.72 - - [19/Oct/2025:09:00:10 -0400] "GET /wp-content/themes/astra/assets/css/minified/main.min.css?ver=4.11.12 HTTP/1.1" 304 - "https://sexpositions.online/sitting/" "Mozilla/5.0 (Linux; Android 12; DCO-LX9; HMSCore 6.15.4.312; GMSCore 0.3.10.250932) AppleWebKit/537.36 (KHTML, like Gecko) Chrome/114.0.5735.196 HuaweiBrowser/16.0.6.300 Mobile Safari/537.36"
95.111.85.72 - - [19/Oct/2025:09:00:10 -0400] "GET /wp-includes/css/dist/block-library/style.min.css?ver=6.8.3 HTTP/1.1" 304 - "https://sexpositions.online/sitting/" "Mozilla/5.0 (Linux; Android 12; DCO-LX9; HMSCore 6.15.4.312; GMSCore 0.3.10.250932) AppleWebKit/537.36 (KHTML, like Gecko) Chrome/114.0.5735.196 HuaweiBrowser/16.0.6.300 Mobile Safari/537.36"
75.98.207.196 - - [19/Oct/2025:09:00:09 -0400] "GET /wp-content/uploads/the-snow-angel-animated.gif HTTP/1.1" 200 246836 "https://sexpositions.online/man-on-top/" "Mozilla/5.0 (Linux; Android 10; K) AppleWebKit/537.36 (KHTML, like Gecko) Chrome/140.0.0.0 Mobile Safari/537.36"
75.98.207.196 - - [19/Oct/2025:09:00:09 -0400] "GET /wp-content/uploads/over-the-edge-animated.gif HTTP/1.1" 200 268252 "https://sexpositions.online/man-on-top/" "Mozilla/5.0 (Linux; Android 10; K) AppleWebKit/537.36 (KHTML, like Gecko) Chrome/140.0.0.0 Mobile Safari/537.36"
95.111.85.72 - - [19/Oct/2025:09:00:10 -0400] "GET /wp-content/themes/astra/assets/js/minified/frontend.min.js?ver=4.11.12 HTTP/1.1" 304 - "https://sexpositions.online/sitting/" "Mozilla/5.0 (Linux; Android 12; DCO-LX9; HMSCore 6.15.4.312; GMSCore 0.3.10.250932) AppleWebKit/537.36 (KHTML, like Gecko) Chrome/114.0.5735.196 HuaweiBrowser/16.0.6.300 Mobile Safari/537.36"
75.98.207.196 - - [19/Oct/2025:09:00:10 -0400] "GET /wp-includes/js/wp-emoji-release.min.js?ver=6.8.3 HTTP/1.1" 304 - "https://sexpositions.online/man-on-top/" "Mozilla/5.0 (Linux; Android 10; K) AppleWebKit/537.36 (KHTML, like Gecko) Chrome/140.0.0.0 Mobile Safari/537.36"
95.111.85.72 - - [19/Oct/2025:09:00:10 -0400] "GET /wp-includes/js/wp-emoji-release.min.js?ver=6.8.3 HTTP/1.1" 304 - "https://sexpositions.online/sitting/" "Mozilla/5.0 (Linux; Android 12; DCO-LX9; HMSCore 6.15.4.312; GMSCore 0.3.10.250932) AppleWebKit/537.36 (KHTML, like Gecko) Chrome/114.0.5735.196 HuaweiBrowser/16.0.6.300 Mobile Safari/537.36"
95.111.85.72 - - [19/Oct/2025:09:00:11 -0400] "GET /wp-content/uploads/cropped-favicon-192x192.png HTTP/1.1" 304 - "https://sexpositions.online/sitting/" "Mozilla/5.0 (Linux; Android 12; DCO-LX9; HMSCore 6.15.4.312; GMSCore 0.3.10.250932) AppleWebKit/537.36 (KHTML, like Gecko) Chrome/114.0.5735.196 HuaweiBrowser/16.0.6.300 Mobile Safari/537.36"
95.111.85.72 - - [19/Oct/2025:09:00:11 -0400] "GET /wp-content/uploads/cropped-favicon-180x180.png HTTP/1.1" 304 - "-" "Dalvik/2.1.0 (Linux; U; Android 12; DCO-LX9 Build/HUAWEIDCO-L29)"
87.104.250.167 - - [19/Oct/2025:09:00:11 -0400] "GET /wp-content/uploads/missionary-animated.gif HTTP/1.1" 304 - "https://www.google.com/" "Mozilla/5.0 (Android 15; Mobile; rv:144.0) Gecko/144.0 Firefox/144.0"
49.207.150.135 - - [19/Oct/2025:09:00:12 -0400] "GET /missionary/ HTTP/1.1" 200 103202 "https://www.google.com/" "Mozilla/5.0 (Linux; Android 10; K) AppleWebKit/537.36 (KHTML, like Gecko) Chrome/141.0.0.0 Mobile Safari/537.36"
75.98.207.196 - - [19/Oct/2025:09:00:13 -0400] "GET /wp-content/uploads/hot-and-spicy-animated.gif HTTP/1.1" 200 216843 "https://sexpositions.online/man-on-top/" "Mozilla/5.0 (Linux; Android 10; K) AppleWebKit/537.36 (KHTML, like Gecko) Chrome/140.0.0.0 Mobile Safari/537.36"
75.98.207.196 - - [19/Oct/2025:09:00:15 -0400] "GET /wp-content/uploads/cropped-favicon-192x192.png HTTP/1.1" 304 - "https://sexpositions.online/man-on-top/" "Mozilla/5.0 (Linux; Android 10; K) AppleWebKit/537.36 (KHTML, like Gecko) Chrome/140.0.0.0 Mobile Safari/537.36"
75.98.207.196 - - [19/Oct/2025:09:00:15 -0400] "GET /wp-content/uploads/cropped-favicon-180x180.png HTTP/1.1" 304 - "https://sexpositions.online/man-on-top/" "Mozilla/5.0 (Linux; Android 10; K) AppleWebKit/537.36 (KHTML, like Gecko) Chrome/140.0.0.0 Mobile Safari/537.36"
