217.224.3.194 - - [19/Oct/2025:09:03:01 -0400] "GET /wp-content/uploads/the-carnal-chaise-animated.gif HTTP/1.1" 304 - "https://sexpositions.online/spooning/" "Mozilla/5.0 (Linux; Android 10; K) AppleWebKit/537.36 (KHTML, like Gecko) Chrome/141.0.0.0 Mobile Safari/537.36 EdgA/141.0.0.0"
49.207.150.135 - - [19/Oct/2025:09:03:02 -0400] "GET /wp-content/uploads/the-carnal-chaise-animated.gif HTTP/1.1" 200 221197 "https://sexpositions.online/category/position/page/7/" "Mozilla/5.0 (Linux; Android 10; K) AppleWebKit/537.36 (KHTML, like Gecko) Chrome/141.0.0.0 Mobile Safari/537.36"
2401:4900:915a:6ace:3ad2:c2b8:f0f9:98a - - [19/Oct/2025:09:03:02 -0400] "GET /wp-content/uploads/hot-seat-animated-1.gif HTTP/1.1" 304 - "https://sexpositions.online/chair/" "Mozilla/5.0 (Linux; Android 10; K) AppleWebKit/537.36 (KHTML, like Gecko) Chrome/140.0.0.0 Mobile Safari/537.36"
49.207.150.135 - - [19/Oct/2025:09:03:02 -0400] "GET /wp-content/uploads/speed-bump-animated.gif HTTP/1.1" 200 176551 "https://sexpositions.online/category/position/page/7/" "Mozilla/5.0 (Linux; Android 10; K) AppleWebKit/537.36 (KHTML, like Gecko) Chrome/141.0.0.0 Mobile Safari/537.36"
217.224.3.194 - - [19/Oct/2025:09:03:02 -0400] "GET /wp-content/uploads/bent-spoon-animated-1.gif HTTP/1.1" 304 - "https://sexpositions.online/spooning/" "Mozilla/5.0 (Linux; Android 10; K) AppleWebKit/537.36 (KHTML, like Gecko) Chrome/141.0.0.0 Mobile Safari/537.36 EdgA/141.0.0.0"
2401:4900:915a:6ace:3ad2:c2b8:f0f9:98a - - [19/Oct/2025:09:03:03 -0400] "GET /wp-content/uploads/courting-chairs-animated.gif HTTP/1.1" 304 - "https://sexpositions.online/chair/" "Mozilla/5.0 (Linux; Android 10; K) AppleWebKit/537.36 (KHTML, like Gecko) Chrome/140.0.0.0 Mobile Safari/537.36"
49.207.150.135 - - [19/Oct/2025:09:03:03 -0400] "GET /the-carnal-chaise/ HTTP/1.1" 200 98102 "https://sexpositions.online/category/position/page/7/" "Mozilla/5.0 (Linux; Android 10; K) AppleWebKit/537.36 (KHTML, like Gecko) Chrome/141.0.0.0 Mobile Safari/537.36"
49.207.150.135 - - [19/Oct/2025:09:03:04 -0400] "GET /speed-bump/ HTTP/1.1" 200 100392 "https://sexpositions.online/category/position/page/7/" "Mozilla/5.0 (Linux; Android 10; K) AppleWebKit/537.36 (KHTML, like Gecko) Chrome/141.0.0.0 Mobile Safari/537.36"
49.207.150.135 - - [19/Oct/2025:09:03:05 -0400] "GET /category/position/page/8/ HTTP/1.1" 200 116173 "https://sexpositions.online/category/position/page/7/" "Mozilla/5.0 (Linux; Android 10; K) AppleWebKit/537.36 (KHTML, like Gecko) Chrome/141.0.0.0 Mobile Safari/537.36"
49.207.150.135 - - [19/Oct/2025:09:03:06 -0400] "GET /wp-content/uploads/the-catapult-animated.gif HTTP/1.1" 200 237108 "https://sexpositions.online/category/position/page/8/" "Mozilla/5.0 (Linux; Android 10; K) AppleWebKit/537.36 (KHTML, like Gecko) Chrome/141.0.0.0 Mobile Safari/537.36"
49.207.150.135 - - [19/Oct/2025:09:03:06 -0400] "GET /wp-content/uploads/the-corkscrew-animated.gif HTTP/1.1" 200 203255 "https://sexpositions.online/category/position/page/8/" "Mozilla/5.0 (Linux; Android 10; K) AppleWebKit/537.36 (KHTML, like Gecko) Chrome/141.0.0.0 Mobile Safari/537.36"
2401:4900:915a:6ace:3ad2:c2b8:f0f9:98a - - [19/Oct/2025:09:03:06 -0400] "GET /wp-content/uploads/avalanche-animated.gif HTTP/1.1" 304 - "https://sexpositions.online/chair/" "Mozilla/5.0 (Linux; Android 10; K) AppleWebKit/537.36 (KHTML, like Gecko) Chrome/140.0.0.0 Mobile Safari/537.36"
49.207.150.135 - - [19/Oct/2025:09:03:06 -0400] "GET /wp-content/uploads/the-crankshaft-animated.gif HTTP/1.1" 200 222631 "https://sexpositions.online/category/position/page/8/" "Mozilla/5.0 (Linux; Android 10; K) AppleWebKit/537.36 (KHTML, like Gecko) Chrome/141.0.0.0 Mobile Safari/537.36"
49.207.150.135 - - [19/Oct/2025:09:03:06 -0400] "GET /the-catapult/ HTTP/1.1" 200 98083 "https://sexpositions.online/category/position/page/8/" "Mozilla/5.0 (Linux; Android 10; K) AppleWebKit/537.36 (KHTML, like Gecko) Chrome/141.0.0.0 Mobile Safari/537.36"
49.207.150.135 - - [19/Oct/2025:09:03:07 -0400] "GET /wp-content/uploads/the-crawl-animated.gif HTTP/1.1" 200 241339 "https://sexpositions.online/category/position/page/8/" "Mozilla/5.0 (Linux; Android 10; K) AppleWebKit/537.36 (KHTML, like Gecko) Chrome/141.0.0.0 Mobile Safari/537.36"
49.207.150.135 - - [19/Oct/2025:09:03:08 -0400] "GET /wp-content/uploads/the-crazy-cat-animated.gif HTTP/1.1" 200 187658 "https://sexpositions.online/category/position/page/8/" "Mozilla/5.0 (Linux; Android 10; K) AppleWebKit/537.36 (KHTML, like Gecko) Chrome/141.0.0.0 Mobile Safari/537.36"
49.207.150.135 - - [19/Oct/2025:09:03:09 -0400] "GET /wp-content/uploads/the-cuddler-animated.gif HTTP/1.1" 200 235857 "https://sexpositions.online/category/position/page/8/" "Mozilla/5.0 (Linux; Android 10; K) AppleWebKit/537.36 (KHTML, like Gecko) Chrome/141.0.0.0 Mobile Safari/537.36"
49.207.150.135 - - [19/Oct/2025:09:03:11 -0400] "GET /wp-content/uploads/the-down-low-animated.gif HTTP/1.1" 200 237468 "https://sexpositions.online/category/position/page/8/" "Mozilla/5.0 (Linux; Android 10; K) AppleWebKit/537.36 (KHTML, like Gecko) Chrome/141.0.0.0 Mobile Safari/537.36"
49.207.150.135 - - [19/Oct/2025:09:03:12 -0400] "GET /wp-content/uploads/the-driver-animated.gif HTTP/1.1" 200 188602 "https://sexpositions.online/category/position/page/8/" "Mozilla/5.0 (Linux; Android 10; K) AppleWebKit/537.36 (KHTML, like Gecko) Chrome/141.0.0.0 Mobile Safari/537.36"
49.207.150.135 - - [19/Oct/2025:09:03:12 -0400] "GET /the-deep/ HTTP/1.1" 200 98130 "https://sexpositions.online/category/position/page/8/" "Mozilla/5.0 (Linux; Android 10; K) AppleWebKit/537.36 (KHTML, like Gecko) Chrome/141.0.0.0 Mobile Safari/537.36"
2409:4064:2c93:81a3::afc9:d02 - - [19/Oct/2025:09:03:13 -0400] "GET /wp-content/uploads/sword-swallower-animated.gif HTTP/1.1" 304 - "https://www.google.com/" "Mozilla/5.0 (Linux; Android 13; V2037 Build/TP1A.220624.014; wv) AppleWebKit/537.36 (KHTML, like Gecko) Version/4.0 Chrome/141.0.7390.97 Mobile Safari/537.36 GoogleApp/16.36.43.ve.arm64"
49.207.150.135 - - [19/Oct/2025:09:03:13 -0400] "GET /the-down-low/ HTTP/1.1" 200 98127 "https://sexpositions.online/category/position/page/8/" "Mozilla/5.0 (Linux; Android 10; K) AppleWebKit/537.36 (KHTML, like Gecko) Chrome/141.0.0.0 Mobile Safari/537.36"
2401:4900:915a:6ace:3ad2:c2b8:f0f9:98a - - [19/Oct/2025:09:03:13 -0400] "GET /wp-content/uploads/all-hands-on-deck-animated.gif HTTP/1.1" 304 - "https://sexpositions.online/foreplay/" "Mozilla/5.0 (Linux; Android 10; K) AppleWebKit/537.36 (KHTML, like Gecko) Chrome/140.0.0.0 Mobile Safari/537.36"
2401:4900:915a:6ace:3ad2:c2b8:f0f9:98a - - [19/Oct/2025:09:03:14 -0400] "GET /wp-content/uploads/the-vibe-animated.gif HTTP/1.1" 304 - "https://sexpositions.online/foreplay/" "Mozilla/5.0 (Linux; Android 10; K) AppleWebKit/537.36 (KHTML, like Gecko) Chrome/140.0.0.0 Mobile Safari/537.36"
2401:4900:915a:6ace:3ad2:c2b8:f0f9:98a - - [19/Oct/2025:09:03:15 -0400] "GET /wp-content/uploads/happy-hands-animated.gif HTTP/1.1" 304 - "https://sexpositions.online/foreplay/" "Mozilla/5.0 (Linux; Android 10; K) AppleWebKit/537.36 (KHTML, like Gecko) Chrome/140.0.0.0 Mobile Safari/537.36"
49.207.150.135 - - [19/Oct/2025:09:03:15 -0400] "GET /category/position/page/9/ HTTP/1.1" 200 116302 "https://sexpositions.online/category/position/page/8/" "Mozilla/5.0 (Linux; Android 10; K) AppleWebKit/537.36 (KHTML, like Gecko) Chrome/141.0.0.0 Mobile Safari/537.36"
49.207.150.135 - - [19/Oct/2025:09:03:15 -0400] "GET /wp-content/uploads/the-firm-animated.gif HTTP/1.1" 200 237263 "https://sexpositions.online/category/position/page/9/" "Mozilla/5.0 (Linux; Android 10; K) AppleWebKit/537.36 (KHTML, like Gecko) Chrome/141.0.0.0 Mobile Safari/537.36"
49.207.150.135 - - [19/Oct/2025:09:03:15 -0400] "GET /wp-content/uploads/the-dumbbell-animated.gif HTTP/1.1" 200 228876 "https://sexpositions.online/category/position/page/9/" "Mozilla/5.0 (Linux; Android 10; K) AppleWebKit/537.36 (KHTML, like Gecko) Chrome/141.0.0.0 Mobile Safari/537.36"
49.207.150.135 - - [19/Oct/2025:09:03:15 -0400] "GET /wp-content/uploads/spider-animated-1.gif HTTP/1.1" 200 231955 "https://sexpositions.online/category/position/page/9/" "Mozilla/5.0 (Linux; Android 10; K) AppleWebKit/537.36 (KHTML, like Gecko) Chrome/141.0.0.0 Mobile Safari/537.36"
49.207.150.135 - - [19/Oct/2025:09:03:16 -0400] "GET /wp-content/uploads/the-go-around-animated.gif HTTP/1.1" 200 249118 "https://sexpositions.online/category/position/page/9/" "Mozilla/5.0 (Linux; Android 10; K) AppleWebKit/537.36 (KHTML, like Gecko) Chrome/141.0.0.0 Mobile Safari/537.36"
49.207.150.135 - - [19/Oct/2025:09:03:16 -0400] "GET /the-dumbbell/ HTTP/1.1" 200 98193 "https://sexpositions.online/category/position/page/9/" "Mozilla/5.0 (Linux; Android 10; K) AppleWebKit/537.36 (KHTML, like Gecko) Chrome/141.0.0.0 Mobile Safari/537.36"
49.207.150.135 - - [19/Oct/2025:09:03:16 -0400] "GET /wp-content/uploads/the-hammock-animated.gif HTTP/1.1" 200 249435 "https://sexpositions.online/category/position/page/9/" "Mozilla/5.0 (Linux; Android 10; K) AppleWebKit/537.36 (KHTML, like Gecko) Chrome/141.0.0.0 Mobile Safari/537.36"
2401:4900:915a:6ace:3ad2:c2b8:f0f9:98a - - [19/Oct/2025:09:03:16 -0400] "GET /wp-content/uploads/good-vibrations-animated.gif HTTP/1.1" 304 - "https://sexpositions.online/foreplay/" "Mozilla/5.0 (Linux; Android 10; K) AppleWebKit/537.36 (KHTML, like Gecko) Chrome/140.0.0.0 Mobile Safari/537.36"
72.225.176.208 - - [19/Oct/2025:09:03:16 -0400] "GET /wp-content/uploads/jackhammer-animated.gif HTTP/1.1" 304 - "https://www.google.com/" "Mozilla/5.0 (iPhone; CPU iPhone OS 17_6_1 like Mac OS X) AppleWebKit/605.1.15 (KHTML, like Gecko) Version/17.6 Mobile/15E148 Safari/604.1"
49.207.150.135 - - [19/Oct/2025:09:03:16 -0400] "GET /spider/ HTTP/1.1" 200 97997 "https://sexpositions.online/category/position/page/9/" "Mozilla/5.0 (Linux; Android 10; K) AppleWebKit/537.36 (KHTML, like Gecko) Chrome/141.0.0.0 Mobile Safari/537.36"
37.48.32.75 - - [19/Oct/2025:09:03:17 -0400] "GET /favicon.ico HTTP/1.1" 200 3 "https://sexpositions.online/wp-content/uploads/sword-swallower-animated.gif" "Mozilla/5.0 (Linux; Android 10; K) AppleWebKit/537.36 (KHTML, like Gecko) Chrome/141.0.0.0 Mobile Safari/537.36"
2401:4900:915a:6ace:3ad2:c2b8:f0f9:98a - - [19/Oct/2025:09:03:17 -0400] "GET /wp-content/uploads/footsie-animated.gif HTTP/1.1" 304 - "https://sexpositions.online/foreplay/" "Mozilla/5.0 (Linux; Android 10; K) AppleWebKit/537.36 (KHTML, like Gecko) Chrome/140.0.0.0 Mobile Safari/537.36"
49.207.150.135 - - [19/Oct/2025:09:03:17 -0400] "GET /wp-content/uploads/the-hip-lift-animated.gif HTTP/1.1" 200 261965 "https://sexpositions.online/category/position/page/9/" "Mozilla/5.0 (Linux; Android 10; K) AppleWebKit/537.36 (KHTML, like Gecko) Chrome/141.0.0.0 Mobile Safari/537.36"
49.207.150.135 - - [19/Oct/2025:09:03:18 -0400] "GET /the-go-around/ HTTP/1.1" 200 98328 "https://sexpositions.online/category/position/page/9/" "Mozilla/5.0 (Linux; Android 10; K) AppleWebKit/537.36 (KHTML, like Gecko) Chrome/141.0.0.0 Mobile Safari/537.36"
49.207.150.135 - - [19/Oct/2025:09:03:19 -0400] "GET /wp-content/uploads/the-lift-animated.gif HTTP/1.1" 200 222450 "https://sexpositions.online/category/position/page/9/" "Mozilla/5.0 (Linux; Android 10; K) AppleWebKit/537.36 (KHTML, like Gecko) Chrome/141.0.0.0 Mobile Safari/537.36"
2401:4900:915a:6ace:3ad2:c2b8:f0f9:98a - - [19/Oct/2025:09:03:20 -0400] "GET /wp-content/uploads/love-bug-animated.gif HTTP/1.1" 304 - "https://sexpositions.online/foreplay/" "Mozilla/5.0 (Linux; Android 10; K) AppleWebKit/537.36 (KHTML, like Gecko) Chrome/140.0.0.0 Mobile Safari/537.36"
49.207.150.135 - - [19/Oct/2025:09:03:20 -0400] "GET /wp-content/uploads/lotus-animated.gif HTTP/1.1" 200 208654 "https://sexpositions.online/category/position/page/9/" "Mozilla/5.0 (Linux; Android 10; K) AppleWebKit/537.36 (KHTML, like Gecko) Chrome/141.0.0.0 Mobile Safari/537.36"
49.207.150.135 - - [19/Oct/2025:09:03:20 -0400] "GET /wp-content/uploads/the-lusty-lie-in-animated.gif HTTP/1.1" 200 251282 "https://sexpositions.online/category/position/page/9/" "Mozilla/5.0 (Linux; Android 10; K) AppleWebKit/537.36 (KHTML, like Gecko) Chrome/141.0.0.0 Mobile Safari/537.36"
49.207.150.135 - - [19/Oct/2025:09:03:20 -0400] "GET /the-lift/ HTTP/1.1" 200 98102 "https://sexpositions.online/category/position/page/9/" "Mozilla/5.0 (Linux; Android 10; K) AppleWebKit/537.36 (KHTML, like Gecko) Chrome/141.0.0.0 Mobile Safari/537.36"
80.83.237.70 - - [19/Oct/2025:09:03:22 -0400] "GET /wp-content/uploads/belly-dancer-animated.gif HTTP/1.1" 304 - "https://yandex.ru/images/touch/search?text=%D1%84%D0%BE%D1%82%D0%BE+%D0%BF%D0%BE%D1%80%D0%BD%D0%BE+%D0%BF%D0%BE%D0%B7%D1%8B+%D0%9A%D0%B0%D0%BC%D0%B0%D1%81%D1%83%D1%82%D1%80%D1%8B&img_url=https%3A%2F%2Fi0.wp.com%2Ffbi.cults3d.com%2Fuploaders%2F19917104%2Fillustration-file%2F1719dbc4-cbe3-46b9-b45f-92a0ca506b0c%2Fsex359.png%3Fssl%3D1&pos=328&rpt=simage" "Mozilla/5.0 (Linux; arm_64; Android 13; RMX3834) AppleWebKit/537.36 (KHTML, like Gecko) Chrome/138.0.7204.59 YaBrowser/25.8.9.59.00 SA/3 Mobile Safari/537.36"
49.207.150.135 - - [19/Oct/2025:09:03:23 -0400] "GET /wp-content/uploads/the-magic-slide-animated.gif HTTP/1.1" 200 203486 "https://sexpositions.online/category/position/page/9/" "Mozilla/5.0 (Linux; Android 10; K) AppleWebKit/537.36 (KHTML, like Gecko) Chrome/141.0.0.0 Mobile Safari/537.36"
2a01:cb06:8074:295a:3189:a44e:c2f6:2fba - - [19/Oct/2025:09:03:26 -0400] "GET /cowgirl/ HTTP/1.1" 200 101897 "https://www.google.fr/" "Mozilla/5.0 (iPhone; CPU iPhone OS 16_0 like Mac OS X) AppleWebKit/605.1.15 (KHTML, like Gecko) Version/16.0 Mobile/15E148 Safari/604.1"
2a01:cb06:8074:295a:3189:a44e:c2f6:2fba - - [19/Oct/2025:09:03:26 -0400] "GET /wp-content/themes/astra/assets/css/minified/main.min.css?ver=4.11.12 HTTP/1.1" 304 - "https://sexpositions.online/cowgirl/" "Mozilla/5.0 (iPhone; CPU iPhone OS 16_0 like Mac OS X) AppleWebKit/605.1.15 (KHTML, like Gecko) Version/16.0 Mobile/15E148 Safari/604.1"
2a01:cb06:8074:295a:3189:a44e:c2f6:2fba - - [19/Oct/2025:09:03:27 -0400] "GET /wp-includes/css/dist/block-library/style.min.css?ver=6.8.3 HTTP/1.1" 304 - "https://sexpositions.online/cowgirl/" "Mozilla/5.0 (iPhone; CPU iPhone OS 16_0 like Mac OS X) AppleWebKit/605.1.15 (KHTML, like Gecko) Version/16.0 Mobile/15E148 Safari/604.1"
2a01:cb06:8074:295a:3189:a44e:c2f6:2fba - - [19/Oct/2025:09:03:27 -0400] "GET /wp-content/themes/astra/assets/js/minified/frontend.min.js?ver=4.11.12 HTTP/1.1" 304 - "https://sexpositions.online/cowgirl/" "Mozilla/5.0 (iPhone; CPU iPhone OS 16_0 like Mac OS X) AppleWebKit/605.1.15 (KHTML, like Gecko) Version/16.0 Mobile/15E148 Safari/604.1"
2a01:cb06:8074:295a:3189:a44e:c2f6:2fba - - [19/Oct/2025:09:03:27 -0400] "GET /wp-content/uploads/cowgirl-animated.gif HTTP/1.1" 304 - "https://sexpositions.online/cowgirl/" "Mozilla/5.0 (iPhone; CPU iPhone OS 16_0 like Mac OS X) AppleWebKit/605.1.15 (KHTML, like Gecko) Version/16.0 Mobile/15E148 Safari/604.1"
49.207.150.135 - - [19/Oct/2025:09:03:27 -0400] "GET /the-magic-slide/ HTTP/1.1" 200 98044 "https://sexpositions.online/category/position/page/9/" "Mozilla/5.0 (Linux; Android 10; K) AppleWebKit/537.36 (KHTML, like Gecko) Chrome/141.0.0.0 Mobile Safari/537.36"
2a01:cb06:8074:295a:3189:a44e:c2f6:2fba - - [19/Oct/2025:09:03:28 -0400] "GET /wp-content/uploads/cropped-favicon-192x192.png HTTP/1.1" 304 - "https://sexpositions.online/cowgirl/" "Mozilla/5.0 (iPhone; CPU iPhone OS 16_0 like Mac OS X) AppleWebKit/605.1.15 (KHTML, like Gecko) Version/16.0 Mobile/15E148 Safari/604.1"
2a01:cb06:8074:295a:3189:a44e:c2f6:2fba - - [19/Oct/2025:09:03:28 -0400] "GET /wp-content/uploads/cropped-favicon-32x32.png HTTP/1.1" 304 - "https://sexpositions.online/cowgirl/" "Mozilla/5.0 (iPhone; CPU iPhone OS 16_0 like Mac OS X) AppleWebKit/605.1.15 (KHTML, like Gecko) Version/16.0 Mobile/15E148 Safari/604.1"
49.207.150.135 - - [19/Oct/2025:09:03:29 -0400] "GET /category/position/page/10/ HTTP/1.1" 200 116262 "https://sexpositions.online/category/position/page/9/" "Mozilla/5.0 (Linux; Android 10; K) AppleWebKit/537.36 (KHTML, like Gecko) Chrome/141.0.0.0 Mobile Safari/537.36"
49.207.150.135 - - [19/Oct/2025:09:03:29 -0400] "GET /wp-content/uploads/the-mixer-animated.gif HTTP/1.1" 200 235081 "https://sexpositions.online/category/position/page/10/" "Mozilla/5.0 (Linux; Android 10; K) AppleWebKit/537.36 (KHTML, like Gecko) Chrome/141.0.0.0 Mobile Safari/537.36"
49.207.150.135 - - [19/Oct/2025:09:03:29 -0400] "GET /wp-content/uploads/the-panorama-animated.gif HTTP/1.1" 200 221569 "https://sexpositions.online/category/position/page/10/" "Mozilla/5.0 (Linux; Android 10; K) AppleWebKit/537.36 (KHTML, like Gecko) Chrome/141.0.0.0 Mobile Safari/537.36"
49.207.150.135 - - [19/Oct/2025:09:03:29 -0400] "GET /wp-content/uploads/man-trap-animated.gif HTTP/1.1" 200 259933 "https://sexpositions.online/category/position/page/10/" "Mozilla/5.0 (Linux; Android 10; K) AppleWebKit/537.36 (KHTML, like Gecko) Chrome/141.0.0.0 Mobile Safari/537.36"
180.194.8.154 - - [19/Oct/2025:09:03:29 -0400] "GET /doggy-style/ HTTP/1.1" 200 102754 "https://www.google.com/" "Mozilla/5.0 (iPhone; CPU iPhone OS 18_6_2 like Mac OS X) AppleWebKit/605.1.15 (KHTML, like Gecko) Version/18.6 Mobile/15E148 Safari/604.1"
180.194.8.154 - - [19/Oct/2025:09:03:30 -0400] "GET /wp-content/themes/astra/assets/css/minified/main.min.css?ver=4.11.12 HTTP/1.1" 304 - "https://sexpositions.online/doggy-style/" "Mozilla/5.0 (iPhone; CPU iPhone OS 18_6_2 like Mac OS X) AppleWebKit/605.1.15 (KHTML, like Gecko) Version/18.6 Mobile/15E148 Safari/604.1"
49.207.150.135 - - [19/Oct/2025:09:03:30 -0400] "GET /wp-content/uploads/manual-control-animated.gif HTTP/1.1" 200 176226 "https://sexpositions.online/category/position/page/10/" "Mozilla/5.0 (Linux; Android 10; K) AppleWebKit/537.36 (KHTML, like Gecko) Chrome/141.0.0.0 Mobile Safari/537.36"
49.207.150.135 - - [19/Oct/2025:09:03:29 -0400] "GET /the-mixer/ HTTP/1.1" 200 98163 "https://sexpositions.online/category/position/page/10/" "Mozilla/5.0 (Linux; Android 10; K) AppleWebKit/537.36 (KHTML, like Gecko) Chrome/141.0.0.0 Mobile Safari/537.36"
49.207.150.135 - - [19/Oct/2025:09:03:30 -0400] "GET /wp-content/uploads/spiderman-animated.gif HTTP/1.1" 200 222934 "https://sexpositions.online/category/position/page/10/" "Mozilla/5.0 (Linux; Android 10; K) AppleWebKit/537.36 (KHTML, like Gecko) Chrome/141.0.0.0 Mobile Safari/537.36"
180.194.8.154 - - [19/Oct/2025:09:03:30 -0400] "GET /wp-includes/css/dist/block-library/style.min.css?ver=6.8.3 HTTP/1.1" 304 - "https://sexpositions.online/doggy-style/" "Mozilla/5.0 (iPhone; CPU iPhone OS 18_6_2 like Mac OS X) AppleWebKit/605.1.15 (KHTML, like Gecko) Version/18.6 Mobile/15E148 Safari/604.1"
180.194.8.154 - - [19/Oct/2025:09:03:30 -0400] "GET /wp-content/themes/astra/assets/js/minified/frontend.min.js?ver=4.11.12 HTTP/1.1" 304 - "https://sexpositions.online/doggy-style/" "Mozilla/5.0 (iPhone; CPU iPhone OS 18_6_2 like Mac OS X) AppleWebKit/605.1.15 (KHTML, like Gecko) Version/18.6 Mobile/15E148 Safari/604.1"
2a01:cb06:8074:295a:3189:a44e:c2f6:2fba - - [19/Oct/2025:09:03:30 -0400] "GET /wp-content/uploads/face-to-face-animated.gif HTTP/1.1" 304 - "https://sexpositions.online/cowgirl/" "Mozilla/5.0 (iPhone; CPU iPhone OS 16_0 like Mac OS X) AppleWebKit/605.1.15 (KHTML, like Gecko) Version/16.0 Mobile/15E148 Safari/604.1"
2a01:cb06:8074:295a:3189:a44e:c2f6:2fba - - [19/Oct/2025:09:03:30 -0400] "GET /wp-content/uploads/the-sitting-cat-animated.gif HTTP/1.1" 304 - "https://sexpositions.online/cowgirl/" "Mozilla/5.0 (iPhone; CPU iPhone OS 16_0 like Mac OS X) AppleWebKit/605.1.15 (KHTML, like Gecko) Version/16.0 Mobile/15E148 Safari/604.1"
180.194.8.154 - - [19/Oct/2025:09:03:30 -0400] "GET /wp-content/uploads/eiffel-tower-animated.gif HTTP/1.1" 304 - "https://sexpositions.online/doggy-style/" "Mozilla/5.0 (iPhone; CPU iPhone OS 18_6_2 like Mac OS X) AppleWebKit/605.1.15 (KHTML, like Gecko) Version/18.6 Mobile/15E148 Safari/604.1"
49.207.150.135 - - [19/Oct/2025:09:03:31 -0400] "GET /wp-content/uploads/lap-dance-animated.gif HTTP/1.1" 200 231955 "https://sexpositions.online/category/position/page/10/" "Mozilla/5.0 (Linux; Android 10; K) AppleWebKit/537.36 (KHTML, like Gecko) Chrome/141.0.0.0 Mobile Safari/537.36"
180.194.8.154 - - [19/Oct/2025:09:03:31 -0400] "GET /wp-content/uploads/cropped-favicon-192x192.png HTTP/1.1" 304 - "https://sexpositions.online/doggy-style/" "Mozilla/5.0 (iPhone; CPU iPhone OS 18_6_2 like Mac OS X) AppleWebKit/605.1.15 (KHTML, like Gecko) Version/18.6 Mobile/15E148 Safari/604.1"
49.207.150.135 - - [19/Oct/2025:09:03:31 -0400] "GET /man-trap/ HTTP/1.1" 200 97996 "https://sexpositions.online/category/position/page/10/" "Mozilla/5.0 (Linux; Android 10; K) AppleWebKit/537.36 (KHTML, like Gecko) Chrome/141.0.0.0 Mobile Safari/537.36"
180.194.8.154 - - [19/Oct/2025:09:03:31 -0400] "GET /wp-content/uploads/cropped-favicon-32x32.png HTTP/1.1" 304 - "https://sexpositions.online/doggy-style/" "Mozilla/5.0 (iPhone; CPU iPhone OS 18_6_2 like Mac OS X) AppleWebKit/605.1.15 (KHTML, like Gecko) Version/18.6 Mobile/15E148 Safari/604.1"
49.207.150.135 - - [19/Oct/2025:09:03:31 -0400] "GET /wp-content/uploads/electric-slide-animated-1.gif HTTP/1.1" 200 175059 "https://sexpositions.online/category/position/page/10/" "Mozilla/5.0 (Linux; Android 10; K) AppleWebKit/537.36 (KHTML, like Gecko) Chrome/141.0.0.0 Mobile Safari/537.36"
49.207.150.135 - - [19/Oct/2025:09:03:32 -0400] "GET /wp-content/uploads/necking-animated.gif HTTP/1.1" 200 213443 "https://sexpositions.online/category/position/page/10/" "Mozilla/5.0 (Linux; Android 10; K) AppleWebKit/537.36 (KHTML, like Gecko) Chrome/141.0.0.0 Mobile Safari/537.36"
49.207.150.135 - - [19/Oct/2025:09:03:32 -0400] "GET /wp-content/uploads/nutcracker-animated.gif HTTP/1.1" 200 215329 "https://sexpositions.online/category/position/page/10/" "Mozilla/5.0 (Linux; Android 10; K) AppleWebKit/537.36 (KHTML, like Gecko) Chrome/141.0.0.0 Mobile Safari/537.36"
49.207.150.135 - - [19/Oct/2025:09:03:33 -0400] "GET /electric-slide/ HTTP/1.1" 200 98115 "https://sexpositions.online/category/position/page/10/" "Mozilla/5.0 (Linux; Android 10; K) AppleWebKit/537.36 (KHTML, like Gecko) Chrome/141.0.0.0 Mobile Safari/537.36"
2a01:cb06:8074:295a:3189:a44e:c2f6:2fba - - [19/Oct/2025:09:03:33 -0400] "GET /wp-content/uploads/the-wave-animated.gif HTTP/1.1" 304 - "https://sexpositions.online/cowgirl/" "Mozilla/5.0 (iPhone; CPU iPhone OS 16_0 like Mac OS X) AppleWebKit/605.1.15 (KHTML, like Gecko) Version/16.0 Mobile/15E148 Safari/604.1"
49.207.150.135 - - [19/Oct/2025:09:03:33 -0400] "GET /wp-content/uploads/on-a-deadline-animated.gif HTTP/1.1" 200 253417 "https://sexpositions.online/category/position/page/10/" "Mozilla/5.0 (Linux; Android 10; K) AppleWebKit/537.36 (KHTML, like Gecko) Chrome/141.0.0.0 Mobile Safari/537.36"
2401:4900:915a:6ace:3ad2:c2b8:f0f9:98a - - [19/Oct/2025:09:03:33 -0400] "GET / HTTP/1.1" 200 125069 "https://sexpositions.online/foreplay/" "Mozilla/5.0 (Linux; Android 10; K) AppleWebKit/537.36 (KHTML, like Gecko) Chrome/140.0.0.0 Mobile Safari/537.36"
49.207.150.135 - - [19/Oct/2025:09:03:34 -0400] "GET /necking/ HTTP/1.1" 200 98069 "https://sexpositions.online/category/position/page/10/" "Mozilla/5.0 (Linux; Android 10; K) AppleWebKit/537.36 (KHTML, like Gecko) Chrome/141.0.0.0 Mobile Safari/537.36"
2a01:cb06:8074:295a:3189:a44e:c2f6:2fba - - [19/Oct/2025:09:03:36 -0400] "GET /wp-content/uploads/belly-dancer-animated.gif HTTP/1.1" 304 - "https://sexpositions.online/cowgirl/" "Mozilla/5.0 (iPhone; CPU iPhone OS 16_0 like Mac OS X) AppleWebKit/605.1.15 (KHTML, like Gecko) Version/16.0 Mobile/15E148 Safari/604.1"
49.207.150.135 - - [19/Oct/2025:09:03:36 -0400] "GET /category/position/page/11/ HTTP/1.1" 200 116310 "https://sexpositions.online/category/position/page/10/" "Mozilla/5.0 (Linux; Android 10; K) AppleWebKit/537.36 (KHTML, like Gecko) Chrome/141.0.0.0 Mobile Safari/537.36"
49.207.150.135 - - [19/Oct/2025:09:03:36 -0400] "GET /wp-content/uploads/on-the-level-animated.gif HTTP/1.1" 200 233325 "https://sexpositions.online/category/position/page/11/" "Mozilla/5.0 (Linux; Android 10; K) AppleWebKit/537.36 (KHTML, like Gecko) Chrome/141.0.0.0 Mobile Safari/537.36"
49.207.150.135 - - [19/Oct/2025:09:03:36 -0400] "GET /wp-content/uploads/on-a-tilt-animated.gif HTTP/1.1" 200 201871 "https://sexpositions.online/category/position/page/11/" "Mozilla/5.0 (Linux; Android 10; K) AppleWebKit/537.36 (KHTML, like Gecko) Chrome/141.0.0.0 Mobile Safari/537.36"
49.207.150.135 - - [19/Oct/2025:09:03:36 -0400] "GET /wp-content/uploads/on-the-spot-animated.gif HTTP/1.1" 200 162735 "https://sexpositions.online/category/position/page/11/" "Mozilla/5.0 (Linux; Android 10; K) AppleWebKit/537.36 (KHTML, like Gecko) Chrome/141.0.0.0 Mobile Safari/537.36"
49.207.150.135 - - [19/Oct/2025:09:03:37 -0400] "GET /on-a-tilt/ HTTP/1.1" 200 98002 "https://sexpositions.online/category/position/page/11/" "Mozilla/5.0 (Linux; Android 10; K) AppleWebKit/537.36 (KHTML, like Gecko) Chrome/141.0.0.0 Mobile Safari/537.36"
49.207.150.135 - - [19/Oct/2025:09:03:37 -0400] "GET /wp-content/uploads/ottoman-emperor-animated.gif HTTP/1.1" 200 210132 "https://sexpositions.online/category/position/page/11/" "Mozilla/5.0 (Linux; Android 10; K) AppleWebKit/537.36 (KHTML, like Gecko) Chrome/141.0.0.0 Mobile Safari/537.36"
49.207.150.135 - - [19/Oct/2025:09:03:38 -0400] "GET /wp-content/uploads/over-the-edge-animated.gif HTTP/1.1" 200 268252 "https://sexpositions.online/category/position/page/11/" "Mozilla/5.0 (Linux; Android 10; K) AppleWebKit/537.36 (KHTML, like Gecko) Chrome/141.0.0.0 Mobile Safari/537.36"
49.207.150.135 - - [19/Oct/2025:09:03:38 -0400] "GET /wp-content/uploads/overtime-animated.gif HTTP/1.1" 200 230307 "https://sexpositions.online/category/position/page/11/" "Mozilla/5.0 (Linux; Android 10; K) AppleWebKit/537.36 (KHTML, like Gecko) Chrome/141.0.0.0 Mobile Safari/537.36"
49.207.150.135 - - [19/Oct/2025:09:03:39 -0400] "GET /wp-content/uploads/passion-press-animated.gif HTTP/1.1" 200 204463 "https://sexpositions.online/category/position/page/11/" "Mozilla/5.0 (Linux; Android 10; K) AppleWebKit/537.36 (KHTML, like Gecko) Chrome/141.0.0.0 Mobile Safari/537.36"
49.207.150.135 - - [19/Oct/2025:09:03:40 -0400] "GET /wp-content/uploads/ceo-animated.gif HTTP/1.1" 200 211522 "https://sexpositions.online/category/position/page/11/" "Mozilla/5.0 (Linux; Android 10; K) AppleWebKit/537.36 (KHTML, like Gecko) Chrome/141.0.0.0 Mobile Safari/537.36"
2401:4900:915a:6ace:3ad2:c2b8:f0f9:98a - - [19/Oct/2025:09:03:40 -0400] "GET /cowgirl/ HTTP/1.1" 200 101897 "https://sexpositions.online/" "Mozilla/5.0 (Linux; Android 10; K) AppleWebKit/537.36 (KHTML, like Gecko) Chrome/140.0.0.0 Mobile Safari/537.36"
49.207.150.135 - - [19/Oct/2025:09:03:40 -0400] "GET /wp-content/uploads/picnic-table-animated.gif HTTP/1.1" 200 254530 "https://sexpositions.online/category/position/page/11/" "Mozilla/5.0 (Linux; Android 10; K) AppleWebKit/537.36 (KHTML, like Gecko) Chrome/141.0.0.0 Mobile Safari/537.36"
49.207.150.135 - - [19/Oct/2025:09:03:41 -0400] "GET /wp-content/uploads/power-ball-animated.gif HTTP/1.1" 200 255572 "https://sexpositions.online/category/position/page/11/" "Mozilla/5.0 (Linux; Android 10; K) AppleWebKit/537.36 (KHTML, like Gecko) Chrome/141.0.0.0 Mobile Safari/537.36"
49.207.150.135 - - [19/Oct/2025:09:03:44 -0400] "GET /category/position/page/12/ HTTP/1.1" 200 116443 "https://sexpositions.online/category/position/page/11/" "Mozilla/5.0 (Linux; Android 10; K) AppleWebKit/537.36 (KHTML, like Gecko) Chrome/141.0.0.0 Mobile Safari/537.36"
49.207.150.135 - - [19/Oct/2025:09:03:44 -0400] "GET /wp-content/uploads/power-pumper-animated.gif HTTP/1.1" 200 205715 "https://sexpositions.online/category/position/page/12/" "Mozilla/5.0 (Linux; Android 10; K) AppleWebKit/537.36 (KHTML, like Gecko) Chrome/141.0.0.0 Mobile Safari/537.36"
49.207.150.135 - - [19/Oct/2025:09:03:44 -0400] "GET /wp-content/uploads/prime-time-animated.gif HTTP/1.1" 200 227754 "https://sexpositions.online/category/position/page/12/" "Mozilla/5.0 (Linux; Android 10; K) AppleWebKit/537.36 (KHTML, like Gecko) Chrome/141.0.0.0 Mobile Safari/537.36"
49.207.150.135 - - [19/Oct/2025:09:03:44 -0400] "GET /wp-content/uploads/the-snow-angel-animated.gif HTTP/1.1" 200 246836 "https://sexpositions.online/category/position/page/12/" "Mozilla/5.0 (Linux; Android 10; K) AppleWebKit/537.36 (KHTML, like Gecko) Chrome/141.0.0.0 Mobile Safari/537.36"
49.207.150.135 - - [19/Oct/2025:09:03:45 -0400] "GET /wp-content/uploads/sitting-bull-animated-1.gif HTTP/1.1" 200 237712 "https://sexpositions.online/category/position/page/12/" "Mozilla/5.0 (Linux; Android 10; K) AppleWebKit/537.36 (KHTML, like Gecko) Chrome/141.0.0.0 Mobile Safari/537.36"
49.207.150.135 - - [19/Oct/2025:09:03:45 -0400] "GET /power-pumper/ HTTP/1.1" 200 98169 "https://sexpositions.online/category/position/page/12/" "Mozilla/5.0 (Linux; Android 10; K) AppleWebKit/537.36 (KHTML, like Gecko) Chrome/141.0.0.0 Mobile Safari/537.36"
49.207.150.135 - - [19/Oct/2025:09:03:45 -0400] "GET /wp-content/uploads/raise-the-mast-animated.gif HTTP/1.1" 200 230111 "https://sexpositions.online/category/position/page/12/" "Mozilla/5.0 (Linux; Android 10; K) AppleWebKit/537.36 (KHTML, like Gecko) Chrome/141.0.0.0 Mobile Safari/537.36"
49.207.150.135 - - [19/Oct/2025:09:03:46 -0400] "GET /wp-content/uploads/rapunzel-animated.gif HTTP/1.1" 200 234745 "https://sexpositions.online/category/position/page/12/" "Mozilla/5.0 (Linux; Android 10; K) AppleWebKit/537.36 (KHTML, like Gecko) Chrome/141.0.0.0 Mobile Safari/537.36"
49.207.150.135 - - [19/Oct/2025:09:03:46 -0400] "GET /sitting-bull/ HTTP/1.1" 200 98062 "https://sexpositions.online/category/position/page/12/" "Mozilla/5.0 (Linux; Android 10; K) AppleWebKit/537.36 (KHTML, like Gecko) Chrome/141.0.0.0 Mobile Safari/537.36"
49.207.150.135 - - [19/Oct/2025:09:03:46 -0400] "GET /wp-content/uploads/raunchy-wrestler-animated.gif HTTP/1.1" 200 193917 "https://sexpositions.online/category/position/page/12/" "Mozilla/5.0 (Linux; Android 10; K) AppleWebKit/537.36 (KHTML, like Gecko) Chrome/141.0.0.0 Mobile Safari/537.36"
49.207.150.135 - - [19/Oct/2025:09:03:47 -0400] "GET /raise-the-mast/ HTTP/1.1" 200 98379 "https://sexpositions.online/category/position/page/12/" "Mozilla/5.0 (Linux; Android 10; K) AppleWebKit/537.36 (KHTML, like Gecko) Chrome/141.0.0.0 Mobile Safari/537.36"
49.207.150.135 - - [19/Oct/2025:09:03:49 -0400] "GET /wp-content/uploads/turtle-animated.gif HTTP/1.1" 200 177462 "https://sexpositions.online/category/position/page/12/" "Mozilla/5.0 (Linux; Android 10; K) AppleWebKit/537.36 (KHTML, like Gecko) Chrome/141.0.0.0 Mobile Safari/537.36"
2a02:26f7:f8c8:4000:c000::a - - [19/Oct/2025:09:03:49 -0400] "GET /wp-content/uploads/speed-bump-animated.gif HTTP/1.1" 304 - "https://www.google.com/" "Mozilla/5.0 (Macintosh; Intel Mac OS X 10_15_7) AppleWebKit/605.1.15 (KHTML, like Gecko) Version/18.6 Safari/605.1.15"
49.207.150.135 - - [19/Oct/2025:09:03:50 -0400] "GET /wp-content/uploads/reverse-jockey-animated.gif HTTP/1.1" 200 178457 "https://sexpositions.online/category/position/page/12/" "Mozilla/5.0 (Linux; Android 10; K) AppleWebKit/537.36 (KHTML, like Gecko) Chrome/141.0.0.0 Mobile Safari/537.36"
217.224.3.194 - - [19/Oct/2025:09:03:50 -0400] "GET /about-us/ HTTP/1.1" 200 96257 "https://sexpositions.online/" "Mozilla/5.0 (Linux; Android 10; K) AppleWebKit/537.36 (KHTML, like Gecko) Chrome/141.0.0.0 Mobile Safari/537.36 EdgA/141.0.0.0"
49.207.150.135 - - [19/Oct/2025:09:03:51 -0400] "GET /wp-content/uploads/reverse-missionary-animated.gif HTTP/1.1" 200 187534 "https://sexpositions.online/category/position/page/12/" "Mozilla/5.0 (Linux; Android 10; K) AppleWebKit/537.36 (KHTML, like Gecko) Chrome/141.0.0.0 Mobile Safari/537.36"
49.207.150.135 - - [19/Oct/2025:09:03:53 -0400] "GET /reverse-jockey/ HTTP/1.1" 200 98042 "https://sexpositions.online/category/position/page/12/" "Mozilla/5.0 (Linux; Android 10; K) AppleWebKit/537.36 (KHTML, like Gecko) Chrome/141.0.0.0 Mobile Safari/537.36"
49.207.150.135 - - [19/Oct/2025:09:03:54 -0400] "GET /category/position/page/13/ HTTP/1.1" 200 116375 "https://sexpositions.online/category/position/page/12/" "Mozilla/5.0 (Linux; Android 10; K) AppleWebKit/537.36 (KHTML, like Gecko) Chrome/141.0.0.0 Mobile Safari/537.36"
49.207.150.135 - - [19/Oct/2025:09:03:54 -0400] "GET /wp-content/uploads/reverse-the-ride-animated.gif HTTP/1.1" 200 221072 "https://sexpositions.online/category/position/page/13/" "Mozilla/5.0 (Linux; Android 10; K) AppleWebKit/537.36 (KHTML, like Gecko) Chrome/141.0.0.0 Mobile Safari/537.36"
49.207.150.135 - - [19/Oct/2025:09:03:54 -0400] "GET /wp-content/uploads/legs-up-animated.gif HTTP/1.1" 200 233605 "https://sexpositions.online/category/position/page/13/" "Mozilla/5.0 (Linux; Android 10; K) AppleWebKit/537.36 (KHTML, like Gecko) Chrome/141.0.0.0 Mobile Safari/537.36"
49.207.150.135 - - [19/Oct/2025:09:03:54 -0400] "GET /wp-content/uploads/scissor-animated.gif HTTP/1.1" 200 228987 "https://sexpositions.online/category/position/page/13/" "Mozilla/5.0 (Linux; Android 10; K) AppleWebKit/537.36 (KHTML, like Gecko) Chrome/141.0.0.0 Mobile Safari/537.36"
49.207.150.135 - - [19/Oct/2025:09:03:55 -0400] "GET /wp-content/uploads/rolling-wheelbarrow-animated.gif HTTP/1.1" 200 220023 "https://sexpositions.online/category/position/page/13/" "Mozilla/5.0 (Linux; Android 10; K) AppleWebKit/537.36 (KHTML, like Gecko) Chrome/141.0.0.0 Mobile Safari/537.36"
49.207.150.135 - - [19/Oct/2025:09:03:55 -0400] "GET /reverse-the-ride/ HTTP/1.1" 200 98178 "https://sexpositions.online/category/position/page/13/" "Mozilla/5.0 (Linux; Android 10; K) AppleWebKit/537.36 (KHTML, like Gecko) Chrome/141.0.0.0 Mobile Safari/537.36"
217.224.3.194 - - [19/Oct/2025:09:03:55 -0400] "GET /advanced/ HTTP/1.1" 200 101754 "https://sexpositions.online/about-us/" "Mozilla/5.0 (Linux; Android 10; K) AppleWebKit/537.36 (KHTML, like Gecko) Chrome/141.0.0.0 Mobile Safari/537.36 EdgA/141.0.0.0"
49.207.150.135 - - [19/Oct/2025:09:03:56 -0400] "GET /legs-up/ HTTP/1.1" 200 98090 "https://sexpositions.online/category/position/page/13/" "Mozilla/5.0 (Linux; Android 10; K) AppleWebKit/537.36 (KHTML, like Gecko) Chrome/141.0.0.0 Mobile Safari/537.36"
49.207.150.135 - - [19/Oct/2025:09:03:56 -0400] "GET /wp-content/uploads/row-row-row-animated.gif HTTP/1.1" 200 233121 "https://sexpositions.online/category/position/page/13/" "Mozilla/5.0 (Linux; Android 10; K) AppleWebKit/537.36 (KHTML, like Gecko) Chrome/141.0.0.0 Mobile Safari/537.36"
49.207.150.135 - - [19/Oct/2025:09:03:57 -0400] "GET /scissor/ HTTP/1.1" 200 98132 "https://sexpositions.online/category/position/page/13/" "Mozilla/5.0 (Linux; Android 10; K) AppleWebKit/537.36 (KHTML, like Gecko) Chrome/141.0.0.0 Mobile Safari/537.36"
49.207.150.135 - - [19/Oct/2025:09:03:57 -0400] "GET /wp-content/uploads/rub-down-animated.gif HTTP/1.1" 200 211145 "https://sexpositions.online/category/position/page/13/" "Mozilla/5.0 (Linux; Android 10; K) AppleWebKit/537.36 (KHTML, like Gecko) Chrome/141.0.0.0 Mobile Safari/537.36"
49.207.150.135 - - [19/Oct/2025:09:03:58 -0400] "GET /wp-content/uploads/screw-it-tight-animated.gif HTTP/1.1" 200 254058 "https://sexpositions.online/category/position/page/13/" "Mozilla/5.0 (Linux; Android 10; K) AppleWebKit/537.36 (KHTML, like Gecko) Chrome/141.0.0.0 Mobile Safari/537.36"
49.207.150.135 - - [19/Oct/2025:09:03:58 -0400] "GET /wp-content/uploads/seated-wheelbarrow-animated.gif HTTP/1.1" 200 214347 "https://sexpositions.online/category/position/page/13/" "Mozilla/5.0 (Linux; Android 10; K) AppleWebKit/537.36 (KHTML, like Gecko) Chrome/141.0.0.0 Mobile Safari/537.36"
49.207.150.135 - - [19/Oct/2025:09:03:59 -0400] "GET /wp-content/uploads/seesaw-animated.gif HTTP/1.1" 200 208597 "https://sexpositions.online/category/position/page/13/" "Mozilla/5.0 (Linux; Android 10; K) AppleWebKit/537.36 (KHTML, like Gecko) Chrome/141.0.0.0 Mobile Safari/537.36"
2401:4900:915a:6ace:3ad2:c2b8:f0f9:98a - - [19/Oct/2025:09:03:59 -0400] "GET /wp-content/uploads/the-wave-animated.gif HTTP/1.1" 304 - "https://sexpositions.online/cowgirl/" "Mozilla/5.0 (Linux; Android 10; K) AppleWebKit/537.36 (KHTML, like Gecko) Chrome/140.0.0.0 Mobile Safari/537.36"
49.207.150.135 - - [19/Oct/2025:09:04:01 -0400] "GET /wp-content/uploads/sexy-samba-animated.gif HTTP/1.1" 200 233350 "https://sexpositions.online/category/position/page/13/" "Mozilla/5.0 (Linux; Android 10; K) AppleWebKit/537.36 (KHTML, like Gecko) Chrome/141.0.0.0 Mobile Safari/537.36"
49.207.150.135 - - [19/Oct/2025:09:04:02 -0400] "GET /sexy-samba/ HTTP/1.1" 200 97948 "https://sexpositions.online/category/position/page/13/" "Mozilla/5.0 (Linux; Android 10; K) AppleWebKit/537.36 (KHTML, like Gecko) Chrome/141.0.0.0 Mobile Safari/537.36"
217.224.3.194 - - [19/Oct/2025:09:04:03 -0400] "GET /leaning-tower/ HTTP/1.1" 200 98131 "https://sexpositions.online/advanced/" "Mozilla/5.0 (Linux; Android 10; K) AppleWebKit/537.36 (KHTML, like Gecko) Chrome/141.0.0.0 Mobile Safari/537.36 EdgA/141.0.0.0"
2a09:bac2:cbc1:154b::21f:b2 - - [19/Oct/2025:09:04:04 -0400] "GET /wp-content/uploads/helicopter-animated.gif HTTP/1.1" 304 - "https://www.google.com/" "Mozilla/5.0 (iPhone; CPU iPhone OS 18_6_2 like Mac OS X) AppleWebKit/605.1.15 (KHTML, like Gecko) Version/18.6 Mobile/15E148 Safari/604.1"
217.224.3.194 - - [19/Oct/2025:09:04:06 -0400] "GET / HTTP/1.1" 200 125069 "https://sexpositions.online/advanced/" "Mozilla/5.0 (Linux; Android 10; K) AppleWebKit/537.36 (KHTML, like Gecko) Chrome/141.0.0.0 Mobile Safari/537.36 EdgA/141.0.0.0"
49.207.150.135 - - [19/Oct/2025:09:04:07 -0400] "GET /category/position/page/14/ HTTP/1.1" 200 116323 "https://sexpositions.online/category/position/page/13/" "Mozilla/5.0 (Linux; Android 10; K) AppleWebKit/537.36 (KHTML, like Gecko) Chrome/141.0.0.0 Mobile Safari/537.36"
49.207.150.135 - - [19/Oct/2025:09:04:07 -0400] "GET /wp-content/uploads/sinkhole-animated.gif HTTP/1.1" 200 209491 "https://sexpositions.online/category/position/page/14/" "Mozilla/5.0 (Linux; Android 10; K) AppleWebKit/537.36 (KHTML, like Gecko) Chrome/141.0.0.0 Mobile Safari/537.36"
49.207.150.135 - - [19/Oct/2025:09:04:07 -0400] "GET /wp-content/uploads/side-saddle-animated.gif HTTP/1.1" 200 233984 "https://sexpositions.online/category/position/page/14/" "Mozilla/5.0 (Linux; Android 10; K) AppleWebKit/537.36 (KHTML, like Gecko) Chrome/141.0.0.0 Mobile Safari/537.36"
49.207.150.135 - - [19/Oct/2025:09:04:07 -0400] "GET /wp-content/uploads/the-love-seat-animated-1.gif HTTP/1.1" 200 209416 "https://sexpositions.online/category/position/page/14/" "Mozilla/5.0 (Linux; Android 10; K) AppleWebKit/537.36 (KHTML, like Gecko) Chrome/141.0.0.0 Mobile Safari/537.36"
37.131.111.224 - - [19/Oct/2025:09:04:07 -0400] "GET /wp-content/uploads/sideways-animated.gif HTTP/1.1" 200 213395 "https://www.google.com/" "Mozilla/5.0 (Linux; Android 10; K) AppleWebKit/537.36 (KHTML, like Gecko) Chrome/141.0.0.0 Safari/537.36"
49.207.150.135 - - [19/Oct/2025:09:04:08 -0400] "GET /wp-content/uploads/sitting-pretty-animated.gif HTTP/1.1" 200 187574 "https://sexpositions.online/category/position/page/14/" "Mozilla/5.0 (Linux; Android 10; K) AppleWebKit/537.36 (KHTML, like Gecko) Chrome/141.0.0.0 Mobile Safari/537.36"
49.207.150.135 - - [19/Oct/2025:09:04:08 -0400] "GET /side-saddle/ HTTP/1.1" 200 98189 "https://sexpositions.online/category/position/page/14/" "Mozilla/5.0 (Linux; Android 10; K) AppleWebKit/537.36 (KHTML, like Gecko) Chrome/141.0.0.0 Mobile Safari/537.36"
103.14.89.242 - - [19/Oct/2025:09:04:08 -0400] "GET / HTTP/1.1" 200 125069 "-" "Mozilla/5.0 (Linux; Android 10; K) AppleWebKit/537.36 (KHTML, like Gecko) Chrome/128.0.0.0 Mobile Safari/537.36"
49.207.150.135 - - [19/Oct/2025:09:04:09 -0400] "GET /wp-content/uploads/sleeping-beauty-animated.gif HTTP/1.1" 200 218192 "https://sexpositions.online/category/position/page/14/" "Mozilla/5.0 (Linux; Android 10; K) AppleWebKit/537.36 (KHTML, like Gecko) Chrome/141.0.0.0 Mobile Safari/537.36"
49.207.150.135 - - [19/Oct/2025:09:04:09 -0400] "GET /wp-content/uploads/spooning-animated.gif HTTP/1.1" 200 179729 "https://sexpositions.online/category/position/page/14/" "Mozilla/5.0 (Linux; Android 10; K) AppleWebKit/537.36 (KHTML, like Gecko) Chrome/141.0.0.0 Mobile Safari/537.36"
217.224.3.194 - - [19/Oct/2025:09:04:09 -0400] "GET /anal/ HTTP/1.1" 200 107938 "https://sexpositions.online/advanced/" "Mozilla/5.0 (Linux; Android 10; K) AppleWebKit/537.36 (KHTML, like Gecko) Chrome/141.0.0.0 Mobile Safari/537.36 EdgA/141.0.0.0"
49.207.150.135 - - [19/Oct/2025:09:04:11 -0400] "GET /wp-content/uploads/face-to-face-animated.gif HTTP/1.1" 200 194868 "https://sexpositions.online/category/position/page/14/" "Mozilla/5.0 (Linux; Android 10; K) AppleWebKit/537.36 (KHTML, like Gecko) Chrome/141.0.0.0 Mobile Safari/537.36"
49.207.150.135 - - [19/Oct/2025:09:04:11 -0400] "GET /wp-content/uploads/sneaky-girl-animated.gif HTTP/1.1" 200 209171 "https://sexpositions.online/category/position/page/14/" "Mozilla/5.0 (Linux; Android 10; K) AppleWebKit/537.36 (KHTML, like Gecko) Chrome/141.0.0.0 Mobile Safari/537.36"
217.224.3.194 - - [19/Oct/2025:09:04:11 -0400] "GET /wp-content/uploads/eiffel-tower-animated.gif HTTP/1.1" 304 - "https://sexpositions.online/anal/" "Mozilla/5.0 (Linux; Android 10; K) AppleWebKit/537.36 (KHTML, like Gecko) Chrome/141.0.0.0 Mobile Safari/537.36 EdgA/141.0.0.0"
49.207.150.135 - - [19/Oct/2025:09:04:11 -0400] "GET /spooning/ HTTP/1.1" 200 100748 "https://sexpositions.online/category/position/page/14/" "Mozilla/5.0 (Linux; Android 10; K) AppleWebKit/537.36 (KHTML, like Gecko) Chrome/141.0.0.0 Mobile Safari/537.36"
185.191.171.10 - - [19/Oct/2025:09:04:12 -0400] "GET /page/7/?action=repository_opensearch&count=20&index_id=107&order=17&pn=1 HTTP/1.1" 200 116090 "-" "Mozilla/5.0 (compatible; SemrushBot/7~bl; +http://www.semrush.com/bot.html)"
49.207.150.135 - - [19/Oct/2025:09:04:12 -0400] "GET /wp-content/uploads/sidewinder-animated-1.gif HTTP/1.1" 200 219618 "https://sexpositions.online/category/position/page/14/" "Mozilla/5.0 (Linux; Android 10; K) AppleWebKit/537.36 (KHTML, like Gecko) Chrome/141.0.0.0 Mobile Safari/537.36"
217.224.3.194 - - [19/Oct/2025:09:04:12 -0400] "GET /wp-content/uploads/cowboy-animated.gif HTTP/1.1" 304 - "https://sexpositions.online/anal/" "Mozilla/5.0 (Linux; Android 10; K) AppleWebKit/537.36 (KHTML, like Gecko) Chrome/141.0.0.0 Mobile Safari/537.36 EdgA/141.0.0.0"
49.207.150.135 - - [19/Oct/2025:09:04:12 -0400] "GET /wp-content/uploads/sports-fan-animated.gif HTTP/1.1" 200 217282 "https://sexpositions.online/category/position/page/14/" "Mozilla/5.0 (Linux; Android 10; K) AppleWebKit/537.36 (KHTML, like Gecko) Chrome/141.0.0.0 Mobile Safari/537.36"
197.200.104.60 - - [19/Oct/2025:09:04:14 -0400] "GET /wp-content/uploads/piledriver-animated.gif HTTP/1.1" 200 146900 "https://www.google.com/" "Mozilla/5.0 (iPhone; CPU iPhone OS 17_6_1 like Mac OS X) AppleWebKit/605.1.15 (KHTML, like Gecko) CriOS/141.0.7390.96 Mobile/15E148 Safari/604.1"
49.207.150.135 - - [19/Oct/2025:09:04:17 -0400] "GET /sports-fan/ HTTP/1.1" 200 98081 "https://sexpositions.online/category/position/page/14/" "Mozilla/5.0 (Linux; Android 10; K) AppleWebKit/537.36 (KHTML, like Gecko) Chrome/141.0.0.0 Mobile Safari/537.36"
217.224.3.194 - - [19/Oct/2025:09:04:17 -0400] "GET /wp-content/uploads/the-crab-animated.gif HTTP/1.1" 304 - "https://sexpositions.online/anal/" "Mozilla/5.0 (Linux; Android 10; K) AppleWebKit/537.36 (KHTML, like Gecko) Chrome/141.0.0.0 Mobile Safari/537.36 EdgA/141.0.0.0"
49.207.150.135 - - [19/Oct/2025:09:04:17 -0400] "GET /category/position/page/15/ HTTP/1.1" 200 116115 "https://sexpositions.online/category/position/page/14/" "Mozilla/5.0 (Linux; Android 10; K) AppleWebKit/537.36 (KHTML, like Gecko) Chrome/141.0.0.0 Mobile Safari/537.36"
49.207.150.135 - - [19/Oct/2025:09:04:18 -0400] "GET /wp-content/uploads/captain-animated.gif HTTP/1.1" 200 219766 "https://sexpositions.online/category/position/page/15/" "Mozilla/5.0 (Linux; Android 10; K) AppleWebKit/537.36 (KHTML, like Gecko) Chrome/141.0.0.0 Mobile Safari/537.36"
49.207.150.135 - - [19/Oct/2025:09:04:18 -0400] "GET /wp-content/uploads/camel-animated-1.gif HTTP/1.1" 200 211548 "https://sexpositions.online/category/position/page/15/" "Mozilla/5.0 (Linux; Android 10; K) AppleWebKit/537.36 (KHTML, like Gecko) Chrome/141.0.0.0 Mobile Safari/537.36"
49.207.150.135 - - [19/Oct/2025:09:04:18 -0400] "GET /wp-content/uploads/curls-animated.gif HTTP/1.1" 200 241678 "https://sexpositions.online/category/position/page/15/" "Mozilla/5.0 (Linux; Android 10; K) AppleWebKit/537.36 (KHTML, like Gecko) Chrome/141.0.0.0 Mobile Safari/537.36"
49.207.150.135 - - [19/Oct/2025:09:04:19 -0400] "GET /captain/ HTTP/1.1" 200 98350 "https://sexpositions.online/category/position/page/15/" "Mozilla/5.0 (Linux; Android 10; K) AppleWebKit/537.36 (KHTML, like Gecko) Chrome/141.0.0.0 Mobile Safari/537.36"
217.224.3.194 - - [19/Oct/2025:09:04:19 -0400] "GET /cowboy/ HTTP/1.1" 200 98022 "https://sexpositions.online/anal/" "Mozilla/5.0 (Linux; Android 10; K) AppleWebKit/537.36 (KHTML, like Gecko) Chrome/141.0.0.0 Mobile Safari/537.36 EdgA/141.0.0.0"
49.207.150.135 - - [19/Oct/2025:09:04:19 -0400] "GET /wp-content/uploads/deep-impact-animated.gif HTTP/1.1" 200 215770 "https://sexpositions.online/category/position/page/15/" "Mozilla/5.0 (Linux; Android 10; K) AppleWebKit/537.36 (KHTML, like Gecko) Chrome/141.0.0.0 Mobile Safari/537.36"
217.224.3.194 - - [19/Oct/2025:09:04:20 -0400] "GET /wp-content/uploads/flatiron-animated.gif HTTP/1.1" 304 - "https://sexpositions.online/anal/" "Mozilla/5.0 (Linux; Android 10; K) AppleWebKit/537.36 (KHTML, like Gecko) Chrome/141.0.0.0 Mobile Safari/537.36 EdgA/141.0.0.0"
49.207.150.135 - - [19/Oct/2025:09:04:20 -0400] "GET /curls/ HTTP/1.1" 200 98072 "https://sexpositions.online/category/position/page/15/" "Mozilla/5.0 (Linux; Android 10; K) AppleWebKit/537.36 (KHTML, like Gecko) Chrome/141.0.0.0 Mobile Safari/537.36"
49.207.150.135 - - [19/Oct/2025:09:04:20 -0400] "GET /wp-content/uploads/desk-set-animated.gif HTTP/1.1" 200 270954 "https://sexpositions.online/category/position/page/15/" "Mozilla/5.0 (Linux; Android 10; K) AppleWebKit/537.36 (KHTML, like Gecko) Chrome/141.0.0.0 Mobile Safari/537.36"
197.200.104.60 - - [19/Oct/2025:09:04:20 -0400] "GET /wp-content/uploads/the-corkscrew-animated.gif HTTP/1.1" 200 203255 "https://www.google.com/" "Mozilla/5.0 (iPhone; CPU iPhone OS 17_6_1 like Mac OS X) AppleWebKit/605.1.15 (KHTML, like Gecko) CriOS/141.0.7390.96 Mobile/15E148 Safari/604.1"
49.207.150.135 - - [19/Oct/2025:09:04:21 -0400] "GET /wp-content/uploads/lazy-dog-animated-1.gif HTTP/1.1" 200 199682 "https://sexpositions.online/category/position/page/15/" "Mozilla/5.0 (Linux; Android 10; K) AppleWebKit/537.36 (KHTML, like Gecko) Chrome/141.0.0.0 Mobile Safari/537.36"
49.207.150.135 - - [19/Oct/2025:09:04:21 -0400] "GET /deep-impact/ HTTP/1.1" 200 98060 "https://sexpositions.online/category/position/page/15/" "Mozilla/5.0 (Linux; Android 10; K) AppleWebKit/537.36 (KHTML, like Gecko) Chrome/141.0.0.0 Mobile Safari/537.36"
49.207.150.135 - - [19/Oct/2025:09:04:22 -0400] "GET /wp-content/uploads/hot-seat-animated-1.gif HTTP/1.1" 200 242150 "https://sexpositions.online/category/position/page/15/" "Mozilla/5.0 (Linux; Android 10; K) AppleWebKit/537.36 (KHTML, like Gecko) Chrome/141.0.0.0 Mobile Safari/537.36"
49.207.150.135 - - [19/Oct/2025:09:04:22 -0400] "GET /wp-content/uploads/double-head-rush-animated.gif HTTP/1.1" 200 267718 "https://sexpositions.online/category/position/page/15/" "Mozilla/5.0 (Linux; Android 10; K) AppleWebKit/537.36 (KHTML, like Gecko) Chrome/141.0.0.0 Mobile Safari/537.36"
49.207.150.135 - - [19/Oct/2025:09:04:23 -0400] "GET /wp-content/uploads/downward-dog-animated-1.gif HTTP/1.1" 200 214312 "https://sexpositions.online/category/position/page/15/" "Mozilla/5.0 (Linux; Android 10; K) AppleWebKit/537.36 (KHTML, like Gecko) Chrome/141.0.0.0 Mobile Safari/537.36"
49.207.150.135 - - [19/Oct/2025:09:04:23 -0400] "GET /wp-content/uploads/the-bridge-animated.gif HTTP/1.1" 200 227502 "https://sexpositions.online/category/position/page/15/" "Mozilla/5.0 (Linux; Android 10; K) AppleWebKit/537.36 (KHTML, like Gecko) Chrome/141.0.0.0 Mobile Safari/537.36"
49.207.150.135 - - [19/Oct/2025:09:04:25 -0400] "GET /the-bridge/ HTTP/1.1" 200 98090 "https://sexpositions.online/category/position/page/15/" "Mozilla/5.0 (Linux; Android 10; K) AppleWebKit/537.36 (KHTML, like Gecko) Chrome/141.0.0.0 Mobile Safari/537.36"
49.207.150.135 - - [19/Oct/2025:09:04:26 -0400] "GET /category/position/page/16/ HTTP/1.1" 200 116350 "https://sexpositions.online/category/position/page/15/" "Mozilla/5.0 (Linux; Android 10; K) AppleWebKit/537.36 (KHTML, like Gecko) Chrome/141.0.0.0 Mobile Safari/537.36"
49.207.150.135 - - [19/Oct/2025:09:04:26 -0400] "GET /wp-content/uploads/stand-and-deliver-animated-1.gif HTTP/1.1" 200 164679 "https://sexpositions.online/category/position/page/16/" "Mozilla/5.0 (Linux; Android 10; K) AppleWebKit/537.36 (KHTML, like Gecko) Chrome/141.0.0.0 Mobile Safari/537.36"
49.207.150.135 - - [19/Oct/2025:09:04:26 -0400] "GET /wp-content/uploads/easy-rider-animated.gif HTTP/1.1" 200 217821 "https://sexpositions.online/category/position/page/16/" "Mozilla/5.0 (Linux; Android 10; K) AppleWebKit/537.36 (KHTML, like Gecko) Chrome/141.0.0.0 Mobile Safari/537.36"
49.207.150.135 - - [19/Oct/2025:09:04:26 -0400] "GET /wp-content/uploads/dutch-pretzel-animated.gif HTTP/1.1" 200 202980 "https://sexpositions.online/category/position/page/16/" "Mozilla/5.0 (Linux; Android 10; K) AppleWebKit/537.36 (KHTML, like Gecko) Chrome/141.0.0.0 Mobile Safari/537.36"
