200.58.100.248 - - [19/Oct/2025:11:12:31 -0400] "POST /wp-login.php HTTP/1.1" 200 6367 "https://menintalk.com/wp-login.php" "Mozilla/5.0 (Windows NT 10.0; Win64; x64) AppleWebKit/537.36 (KHTML, like Gecko) Chrome/130.0.0.0 Safari/537.36"
66.249.79.169 - - [19/Oct/2025:11:12:33 -0400] "GET /?shopping/product/1572865957.html HTTP/1.1" 301 - "-" "Mozilla/5.0 (Linux; Android 6.0.1; Nexus 5X Build/MMB29P) AppleWebKit/537.36 (KHTML, like Gecko) Chrome/140.0.7339.207 Mobile Safari/537.36 (compatible; Googlebot/2.1; +http://www.google.com/bot.html)"
66.249.79.169 - - [19/Oct/2025:11:12:33 -0400] "GET /page/301/index.php?s=fusce HTTP/1.1" 301 - "-" "Mozilla/5.0 (Linux; Android 6.0.1; Nexus 5X Build/MMB29P) AppleWebKit/537.36 (KHTML, like Gecko) Chrome/140.0.7339.207 Mobile Safari/537.36 (compatible; Googlebot/2.1; +http://www.google.com/bot.html)"
136.243.220.210 - - [19/Oct/2025:11:12:34 -0400] "GET /how-to-approach-hungarys-best-ladies/ HTTP/1.1" 200 84456 "-" "Mozilla/5.0 (compatible; DataForSeoBot/1.0; +https://dataforseo.com/dataforseo-bot)"
66.249.79.169 - - [19/Oct/2025:11:12:34 -0400] "GET /?shopping%2Fproduct%2F1572865957_html HTTP/1.1" 200 47129 "-" "Mozilla/5.0 (Linux; Android 6.0.1; Nexus 5X Build/MMB29P) AppleWebKit/537.36 (KHTML, like Gecko) Chrome/140.0.7339.207 Mobile Safari/537.36 (compatible; Googlebot/2.1; +http://www.google.com/bot.html)"
103.109.180.104 - - [19/Oct/2025:11:12:34 -0400] "GET /wp-login.php HTTP/1.1" 200 5947 "-" "Mozilla/5.0 (Windows NT 10.0; Win64; x64) AppleWebKit/537.36 (KHTML, like Gecko) Chrome/130.0.0.0 Safari/537.36"
103.109.180.104 - - [19/Oct/2025:11:12:35 -0400] "POST /wp-login.php HTTP/1.1" 200 6366 "https://menintalk.com/wp-login.php" "Mozilla/5.0 (Windows NT 10.0; Win64; x64) AppleWebKit/537.36 (KHTML, like Gecko) Chrome/130.0.0.0 Safari/537.36"
66.249.79.169 - - [19/Oct/2025:11:12:35 -0400] "GET /page/301/?s=fusce HTTP/1.1" 404 42266 "-" "Mozilla/5.0 (Linux; Android 6.0.1; Nexus 5X Build/MMB29P) AppleWebKit/537.36 (KHTML, like Gecko) Chrome/140.0.7339.207 Mobile Safari/537.36 (compatible; Googlebot/2.1; +http://www.google.com/bot.html)"
158.173.152.239 - - [19/Oct/2025:11:12:37 -0400] "GET /desfrute-do-spinwiz-casino-probabilidades-e-diversao-em-cada-rodada/ HTTP/1.1" 200 84132 "https://menintalk.com/" "Mozilla/5.0 (Windows NT 10.0; Win64; x64; Xbox; Xbox One) AppleWebKit/537.36 (KHTML, like Gecko) Chrome/114.0.0.0 Safari/537.36 Edge/44.18363.8131"
136.243.220.210 - - [19/Oct/2025:11:12:38 -0400] "GET /how-you-can-meet-females/ HTTP/1.1" 200 81708 "-" "Mozilla/5.0 (compatible; DataForSeoBot/1.0; +https://dataforseo.com/dataforseo-bot)"
158.173.152.239 - - [19/Oct/2025:11:12:40 -0400] "POST /wp-comments-post.php HTTP/1.1" 302 - "https://menintalk.com/desfrute-do-spinwiz-casino-probabilidades-e-diversao-em-cada-rodada/" "Mozilla/5.0 (Windows NT 10.0; Win64; x64; Xbox; Xbox One) AppleWebKit/537.36 (KHTML, like Gecko) Chrome/114.0.0.0 Safari/537.36 Edge/44.18363.8131"
158.173.152.239 - - [19/Oct/2025:11:12:40 -0400] "GET /desfrute-do-spinwiz-casino-probabilidades-e-diversao-em-cada-rodada/?unapproved=3287&moderation-hash=19676766d33e66ad818c6344a5050fa7 HTTP/1.1" 200 90490 "https://menintalk.com/wp-comments-post.php" "Mozilla/5.0 (Windows NT 10.0; Win64; x64; Xbox; Xbox One) AppleWebKit/537.36 (KHTML, like Gecko) Chrome/114.0.0.0 Safari/537.36 Edge/44.18363.8131"
158.173.152.239 - - [19/Oct/2025:11:12:41 -0400] "GET /desfrute-do-spinwiz-casino-probabilidades-e-diversao-em-cada-rodada/ HTTP/1.1" 200 84132 "-" "Mozilla/5.0 (Windows NT 10.0; Win64; x64; Xbox; Xbox One) AppleWebKit/537.36 (KHTML, like Gecko) Chrome/114.0.0.0 Safari/537.36 Edge/44.18363.8131"
136.243.220.210 - - [19/Oct/2025:11:12:42 -0400] "GET /how-to-find-the-best-info-room-expertise/ HTTP/1.1" 200 81630 "-" "Mozilla/5.0 (compatible; DataForSeoBot/1.0; +https://dataforseo.com/dataforseo-bot)"
66.249.79.169 - - [19/Oct/2025:11:12:45 -0400] "GET /?shopping/product/1571489220.html HTTP/1.1" 301 - "-" "Mozilla/5.0 (Linux; Android 6.0.1; Nexus 5X Build/MMB29P) AppleWebKit/537.36 (KHTML, like Gecko) Chrome/140.0.7339.207 Mobile Safari/537.36 (compatible; Googlebot/2.1; +http://www.google.com/bot.html)"
66.249.79.169 - - [19/Oct/2025:11:12:45 -0400] "GET /page/5/index.php?s=fusce HTTP/1.1" 301 - "-" "Mozilla/5.0 (Linux; Android 6.0.1; Nexus 5X Build/MMB29P) AppleWebKit/537.36 (KHTML, like Gecko) Chrome/140.0.7339.207 Mobile Safari/537.36 (compatible; Googlebot/2.1; +http://www.google.com/bot.html)"
136.243.220.210 - - [19/Oct/2025:11:12:46 -0400] "GET /how-to-find-foreign-women-of-all-ages-online/ HTTP/1.1" 200 83329 "-" "Mozilla/5.0 (compatible; DataForSeoBot/1.0; +https://dataforseo.com/dataforseo-bot)"
66.249.79.169 - - [19/Oct/2025:11:12:46 -0400] "GET /?shopping%2Fproduct%2F1571489220_html HTTP/1.1" 200 47129 "-" "Mozilla/5.0 (Linux; Android 6.0.1; Nexus 5X Build/MMB29P) AppleWebKit/537.36 (KHTML, like Gecko) Chrome/140.0.7339.207 Mobile Safari/537.36 (compatible; Googlebot/2.1; +http://www.google.com/bot.html)"
66.249.79.169 - - [19/Oct/2025:11:12:47 -0400] "GET /page/5/?s=fusce HTTP/1.1" 404 42266 "-" "Mozilla/5.0 (Linux; Android 6.0.1; Nexus 5X Build/MMB29P) AppleWebKit/537.36 (KHTML, like Gecko) Chrome/140.0.7339.207 Mobile Safari/537.36 (compatible; Googlebot/2.1; +http://www.google.com/bot.html)"
130.185.154.42 - - [19/Oct/2025:11:12:48 -0400] "GET /estrategias-baseadas-em-probabilidade-para-vencer-no-marjosports-casino/ HTTP/1.1" 200 84206 "-" "Mozilla/5.0 (Windows NT 10.0; WOW64; x64) AppleWebKit/537.36 (KHTML, like Gecko) Chrome/114.0.0.0 Safari/537.36 OPR/89.0.4447.51"
66.249.79.169 - - [19/Oct/2025:11:12:49 -0400] "GET /page/398/?shopping/product/15762512176_html HTTP/1.1" 200 42626 "-" "Mozilla/5.0 (Linux; Android 6.0.1; Nexus 5X Build/MMB29P) AppleWebKit/537.36 (KHTML, like Gecko) Chrome/140.0.7339.207 Mobile Safari/537.36 (compatible; Googlebot/2.1; +http://www.google.com/bot.html)"
136.243.220.210 - - [19/Oct/2025:11:12:50 -0400] "GET /how-you-can-impress-asian-women-trying-to-find-english-men/ HTTP/1.1" 200 83802 "-" "Mozilla/5.0 (compatible; DataForSeoBot/1.0; +https://dataforseo.com/dataforseo-bot)"
136.243.220.210 - - [19/Oct/2025:11:12:54 -0400] "GET /the-best-international-online-dating-sites/ HTTP/1.1" 200 84116 "-" "Mozilla/5.0 (compatible; DataForSeoBot/1.0; +https://dataforseo.com/dataforseo-bot)"
66.249.79.169 - - [19/Oct/2025:11:12:55 -0400] "GET /page/397/?shopping/product/15731176866_html HTTP/1.1" 200 42929 "-" "Mozilla/5.0 (Linux; Android 6.0.1; Nexus 5X Build/MMB29P) AppleWebKit/537.36 (KHTML, like Gecko) Chrome/140.0.7339.207 Mobile Safari/537.36 (compatible; Googlebot/2.1; +http://www.google.com/bot.html)"
185.244.36.159 - - [19/Oct/2025:11:12:55 -0400] "GET /wp-login.php HTTP/1.1" 200 5947 "-" "Mozilla/5.0 (Windows NT 10.0; Win64; x64) AppleWebKit/537.36 (KHTML, like Gecko) Chrome/130.0.0.0 Safari/537.36"
185.244.36.159 - - [19/Oct/2025:11:12:55 -0400] "POST /wp-login.php HTTP/1.1" 200 6368 "https://menintalk.com/wp-login.php" "Mozilla/5.0 (Windows NT 10.0; Win64; x64) AppleWebKit/537.36 (KHTML, like Gecko) Chrome/130.0.0.0 Safari/537.36"
136.243.220.210 - - [19/Oct/2025:11:12:59 -0400] "GET /data-protecting-for-enterprises/ HTTP/1.1" 200 82137 "-" "Mozilla/5.0 (compatible; DataForSeoBot/1.0; +https://dataforseo.com/dataforseo-bot)"
136.243.220.210 - - [19/Oct/2025:11:13:03 -0400] "GET /what-document-management-platforms-can-carry-out-for-your-organization/ HTTP/1.1" 200 82309 "-" "Mozilla/5.0 (compatible; DataForSeoBot/1.0; +https://dataforseo.com/dataforseo-bot)"
66.249.79.170 - - [19/Oct/2025:11:13:05 -0400] "GET /page/2/?shopping/product/1571257591_html HTTP/1.1" 200 42891 "-" "Mozilla/5.0 (Linux; Android 6.0.1; Nexus 5X Build/MMB29P) AppleWebKit/537.36 (KHTML, like Gecko) Chrome/140.0.7339.207 Mobile Safari/537.36 (compatible; Googlebot/2.1; +http://www.google.com/bot.html)"
136.243.220.210 - - [19/Oct/2025:11:13:06 -0400] "GET /mail-order-wedding-brides-from-asia/ HTTP/1.1" 200 86798 "-" "Mozilla/5.0 (compatible; DataForSeoBot/1.0; +https://dataforseo.com/dataforseo-bot)"
136.243.220.210 - - [19/Oct/2025:11:13:10 -0400] "GET /the-right-way-to-select-the-greatest-online-info-storage-treatment-for-your-organization/ HTTP/1.1" 200 82582 "-" "Mozilla/5.0 (compatible; DataForSeoBot/1.0; +https://dataforseo.com/dataforseo-bot)"
136.243.220.210 - - [19/Oct/2025:11:13:14 -0400] "GET /big-ass-cameras-review/ HTTP/1.1" 200 83088 "-" "Mozilla/5.0 (compatible; DataForSeoBot/1.0; +https://dataforseo.com/dataforseo-bot)"
66.249.79.169 - - [19/Oct/2025:11:13:15 -0400] "GET /page/2/?shopping/product/15741695687_html HTTP/1.1" 200 42899 "-" "Mozilla/5.0 (Linux; Android 6.0.1; Nexus 5X Build/MMB29P) AppleWebKit/537.36 (KHTML, like Gecko) Chrome/140.0.7339.207 Mobile Safari/537.36 (compatible; Googlebot/2.1; +http://www.google.com/bot.html)"
136.243.220.210 - - [19/Oct/2025:11:13:18 -0400] "GET /so-what-do-sugar-daddies-expect-3/ HTTP/1.1" 200 83072 "-" "Mozilla/5.0 (compatible; DataForSeoBot/1.0; +https://dataforseo.com/dataforseo-bot)"
136.243.220.210 - - [19/Oct/2025:11:13:22 -0400] "GET /the-benefits-of-using-taxation-software/ HTTP/1.1" 200 81832 "-" "Mozilla/5.0 (compatible; DataForSeoBot/1.0; +https://dataforseo.com/dataforseo-bot)"
158.173.152.239 - - [19/Oct/2025:11:13:23 -0400] "GET /desfrute-do-spinwiz-casino-probabilidades-e-diversao-em-cada-rodada/ HTTP/1.1" 200 84132 "-" "Mozilla/5.0 (Windows NT 10.0; WOW64; x64) AppleWebKit/537.36 (KHTML, like Gecko) Chrome/114.0.0.0 Safari/537.36 OPR/89.0.4447.51"
66.249.79.169 - - [19/Oct/2025:11:13:25 -0400] "GET /page/395/?shopping/product/15762580676_html HTTP/1.1" 200 42796 "-" "Mozilla/5.0 (Linux; Android 6.0.1; Nexus 5X Build/MMB29P) AppleWebKit/537.36 (KHTML, like Gecko) Chrome/140.0.7339.207 Mobile Safari/537.36 (compatible; Googlebot/2.1; +http://www.google.com/bot.html)"
136.243.220.210 - - [19/Oct/2025:11:13:26 -0400] "GET /the-way-to-get-an-attractive-person/ HTTP/1.1" 200 83823 "-" "Mozilla/5.0 (compatible; DataForSeoBot/1.0; +https://dataforseo.com/dataforseo-bot)"
136.243.220.210 - - [19/Oct/2025:11:13:30 -0400] "GET /customizing-working-and-hiring/ HTTP/1.1" 200 81625 "-" "Mozilla/5.0 (compatible; DataForSeoBot/1.0; +https://dataforseo.com/dataforseo-bot)"
198.244.240.227 - - [19/Oct/2025:11:13:33 -0400] "GET /?shopping/product/157112120810_html HTTP/1.1" 301 - "-" "Mozilla/5.0 (compatible; AhrefsBot/7.0; +http://ahrefs.com/robot/)"
136.243.220.210 - - [19/Oct/2025:11:13:34 -0400] "GET /some-vibrators-shall-be-battery-powered-these-are-most/ HTTP/1.1" 200 84200 "-" "Mozilla/5.0 (compatible; DataForSeoBot/1.0; +https://dataforseo.com/dataforseo-bot)"
66.249.79.169 - - [19/Oct/2025:11:13:35 -0400] "GET /page/2/?shopping/product/1571162791_html HTTP/1.1" 200 42891 "-" "Mozilla/5.0 (Linux; Android 6.0.1; Nexus 5X Build/MMB29P) AppleWebKit/537.36 (KHTML, like Gecko) Chrome/140.0.7339.207 Mobile Safari/537.36 (compatible; Googlebot/2.1; +http://www.google.com/bot.html)"
136.243.220.210 - - [19/Oct/2025:11:13:38 -0400] "GET /methods-to-master-the-task-of-dating-an-independent-girl/ HTTP/1.1" 200 83594 "-" "Mozilla/5.0 (compatible; DataForSeoBot/1.0; +https://dataforseo.com/dataforseo-bot)"
136.243.220.210 - - [19/Oct/2025:11:13:42 -0400] "GET /five-tips-for-internet-dating-when-to-always-be-exclusive/ HTTP/1.1" 200 83585 "-" "Mozilla/5.0 (compatible; DataForSeoBot/1.0; +https://dataforseo.com/dataforseo-bot)"
66.249.79.169 - - [19/Oct/2025:11:13:45 -0400] "GET /page/395/?shopping/product/15741680298_html HTTP/1.1" 200 42796 "-" "Mozilla/5.0 (Linux; Android 6.0.1; Nexus 5X Build/MMB29P) AppleWebKit/537.36 (KHTML, like Gecko) Chrome/140.0.7339.207 Mobile Safari/537.36 (compatible; Googlebot/2.1; +http://www.google.com/bot.html)"
136.243.220.210 - - [19/Oct/2025:11:13:46 -0400] "GET /precisely-what-are-the-characteristics-of-an-ideal-wife/ HTTP/1.1" 200 83337 "-" "Mozilla/5.0 (compatible; DataForSeoBot/1.0; +https://dataforseo.com/dataforseo-bot)"
136.243.220.210 - - [19/Oct/2025:11:13:51 -0400] "GET /the-30-finest-whiskeys-of-2020-wine-beverage-fanatic/ HTTP/1.1" 200 85958 "-" "Mozilla/5.0 (compatible; DataForSeoBot/1.0; +https://dataforseo.com/dataforseo-bot)"
212.30.36.171 - - [19/Oct/2025:11:13:53 -0400] "GET /a-fascinante-matematica-dos-jogos-no-monsterwin/ HTTP/1.1" 200 83433 "-" "Mozilla/5.0 (Windows NT 10.0; WOW64; x64) AppleWebKit/537.36 (KHTML, like Gecko) Chrome/114.0.0.0 Safari/537.36 OPR/89.0.4447.51"
136.243.220.210 - - [19/Oct/2025:11:13:54 -0400] "GET /one-method-to-jack-up-the-fun-is-to-offer-your-associate/ HTTP/1.1" 200 84582 "-" "Mozilla/5.0 (compatible; DataForSeoBot/1.0; +https://dataforseo.com/dataforseo-bot)"
88.99.162.239 - - [19/Oct/2025:11:13:57 -0400] "GET /wp-login.php HTTP/1.1" 200 5947 "-" "Mozilla/5.0 (Windows NT 10.0; Win64; x64) AppleWebKit/537.36 (KHTML, like Gecko) Chrome/130.0.0.0 Safari/537.36"
88.99.162.239 - - [19/Oct/2025:11:13:57 -0400] "POST /wp-login.php HTTP/1.1" 200 6365 "https://menintalk.com/wp-login.php" "Mozilla/5.0 (Windows NT 10.0; Win64; x64) AppleWebKit/537.36 (KHTML, like Gecko) Chrome/130.0.0.0 Safari/537.36"
136.243.220.210 - - [19/Oct/2025:11:13:59 -0400] "GET /tips-on-how-to-keep-the-spark-alive/ HTTP/1.1" 200 81701 "-" "Mozilla/5.0 (compatible; DataForSeoBot/1.0; +https://dataforseo.com/dataforseo-bot)"
173.44.153.171 - - [19/Oct/2025:11:14:01 -0400] "GET /guia-completo-de-probabilidades-para-triunfar-no-jonbet-casino HTTP/1.1" 301 - "-" "Mozilla/5.0 (Windows NT 10.0; Win64; x64) AppleWebKit/537.36 (KHTML, like Gecko) Chrome/118.0.0.0 Safari/537.36"
66.249.79.169 - - [19/Oct/2025:11:14:03 -0400] "GET /page/2/?shopping/product/1571295189_html HTTP/1.1" 200 42891 "-" "Mozilla/5.0 (Linux; Android 6.0.1; Nexus 5X Build/MMB29P) AppleWebKit/537.36 (KHTML, like Gecko) Chrome/140.0.7339.207 Mobile Safari/537.36 (compatible; Googlebot/2.1; +http://www.google.com/bot.html)"
173.44.153.171 - - [19/Oct/2025:11:14:04 -0400] "GET /guia-completo-de-probabilidades-para-triunfar-no-jonbet-casino/ HTTP/1.1" 200 84387 "-" "Mozilla/5.0 (Windows NT 10.0; Win64; x64) AppleWebKit/537.36 (KHTML, like Gecko) Chrome/118.0.0.0 Safari/537.36"
103.153.42.48 - - [19/Oct/2025:11:14:09 -0400] "POST /xmlrpc.php HTTP/1.1" 200 401 "-" "Mozilla/4.0 (compatible; MSIE 7.0; Windows NT 6.2; WOW64; Trident/7.0; .NET4.0C; .NET4.0E; .NET CLR 2.0.50727; .NET CLR 3.0.30729; .NET CLR 3.5.30729; Tablet PC 2.0; InfoPath.3)"
66.249.79.169 - - [19/Oct/2025:11:14:15 -0400] "GET /?_gl=1*ly96ut*_gcl_au*MTE0MDM1OTI5NC4xNzQyNzk4MTUzLjE0OTQzNDk5MjUuMTc0MzEzMDcxOS4xNzQzMTMwNzE5*_ga*MTU1NzQ2Mzk3NS4xNzM3MDEzMDcz*_ga_KQX3XWKR2T*MTc0MzEzMDcxNi43LjEuMTc0MzEzMDc0OC4yOC4wLjA.&gl_url=http://menintalk.com/load.php?15731235895 HTTP/1.1" 301 - "-" "Mozilla/5.0 (Linux; Android 6.0.1; Nexus 5X Build/MMB29P) AppleWebKit/537.36 (KHTML, like Gecko) Chrome/140.0.7339.207 Mobile Safari/537.36 (compatible; Googlebot/2.1; +http://www.google.com/bot.html)"
66.249.79.170 - - [19/Oct/2025:11:14:16 -0400] "GET /?_gl=1%2Aly96ut%2A_gcl_au%2AMTE0MDM1OTI5NC4xNzQyNzk4MTUzLjE0OTQzNDk5MjUuMTc0MzEzMDcxOS4xNzQzMTMwNzE5%2A_ga%2AMTU1NzQ2Mzk3NS4xNzM3MDEzMDcz%2A_ga_KQX3XWKR2T%2AMTc0MzEzMDcxNi43LjEuMTc0MzEzMDc0OC4yOC4wLjA.&gl_url=http%3A%2F%2Fmenintalk.com%2Fload.php%3F15731235895 HTTP/1.1" 200 48521 "-" "Mozilla/5.0 (Linux; Android 6.0.1; Nexus 5X Build/MMB29P) AppleWebKit/537.36 (KHTML, like Gecko) Chrome/140.0.7339.207 Mobile Safari/537.36 (compatible; Googlebot/2.1; +http://www.google.com/bot.html)"
66.249.79.169 - - [19/Oct/2025:11:14:26 -0400] "GET /?_gl=1*ly96ut*_gcl_au*MTE0MDM1OTI5NC4xNzQyNzk4MTUzLjE0OTQzNDk5MjUuMTc0MzEzMDcxOS4xNzQzMTMwNzE5*_ga*MTU1NzQ2Mzk3NS4xNzM3MDEzMDcz*_ga_KQX3XWKR2T*MTc0MzEzMDcxNi43LjEuMTc0MzEzMDc0OC4yOC4wLjA.&gl_url=http://menintalk.com/load.php?15731364991 HTTP/1.1" 301 - "-" "Mozilla/5.0 (Linux; Android 6.0.1; Nexus 5X Build/MMB29P) AppleWebKit/537.36 (KHTML, like Gecko) Chrome/140.0.7339.207 Mobile Safari/537.36 (compatible; Googlebot/2.1; +http://www.google.com/bot.html)"
66.249.79.169 - - [19/Oct/2025:11:14:26 -0400] "GET /?_gl=1%2Aly96ut%2A_gcl_au%2AMTE0MDM1OTI5NC4xNzQyNzk4MTUzLjE0OTQzNDk5MjUuMTc0MzEzMDcxOS4xNzQzMTMwNzE5%2A_ga%2AMTU1NzQ2Mzk3NS4xNzM3MDEzMDcz%2A_ga_KQX3XWKR2T%2AMTc0MzEzMDcxNi43LjEuMTc0MzEzMDc0OC4yOC4wLjA.&gl_url=http%3A%2F%2Fmenintalk.com%2Fload.php%3F15731364991 HTTP/1.1" 200 48521 "-" "Mozilla/5.0 (Linux; Android 6.0.1; Nexus 5X Build/MMB29P) AppleWebKit/537.36 (KHTML, like Gecko) Chrome/140.0.7339.207 Mobile Safari/537.36 (compatible; Googlebot/2.1; +http://www.google.com/bot.html)"
66.249.79.169 - - [19/Oct/2025:11:14:36 -0400] "GET /?page/15768078743233560 HTTP/1.1" 301 - "-" "Mozilla/5.0 (Linux; Android 6.0.1; Nexus 5X Build/MMB29P) AppleWebKit/537.36 (KHTML, like Gecko) Chrome/140.0.7339.207 Mobile Safari/537.36 (compatible; Googlebot/2.1; +http://www.google.com/bot.html)"
66.249.79.169 - - [19/Oct/2025:11:14:37 -0400] "GET /?page%2F15768078743233560 HTTP/1.1" 200 47069 "-" "Mozilla/5.0 (Linux; Android 6.0.1; Nexus 5X Build/MMB29P) AppleWebKit/537.36 (KHTML, like Gecko) Chrome/140.0.7339.207 Mobile Safari/537.36 (compatible; Googlebot/2.1; +http://www.google.com/bot.html)"
66.249.79.169 - - [19/Oct/2025:11:14:47 -0400] "GET /?page/15715601221974300 HTTP/1.1" 301 - "-" "Mozilla/5.0 (Linux; Android 6.0.1; Nexus 5X Build/MMB29P) AppleWebKit/537.36 (KHTML, like Gecko) Chrome/140.0.7339.207 Mobile Safari/537.36 (compatible; Googlebot/2.1; +http://www.google.com/bot.html)"
159.65.137.64 - - [19/Oct/2025:11:14:47 -0400] "POST /xmlrpc.php HTTP/1.1" 200 403 "https://menintalk.com" "Mozilla/5.0 (Windows NT 10.0; Win64; x64) AppleWebKit/537.36 (KHTML, like Gecko) Chrome/113.0.5672.126 Safari/537.36 Edg/113.0.1774.50"
66.249.79.169 - - [19/Oct/2025:11:14:47 -0400] "GET /?page%2F15715601221974300 HTTP/1.1" 200 47069 "-" "Mozilla/5.0 (Linux; Android 6.0.1; Nexus 5X Build/MMB29P) AppleWebKit/537.36 (KHTML, like Gecko) Chrome/140.0.7339.207 Mobile Safari/537.36 (compatible; Googlebot/2.1; +http://www.google.com/bot.html)"
136.243.220.210 - - [19/Oct/2025:11:14:49 -0400] "GET /the-right-way-to-negotiate-a-mutually-helpful-relationship/ HTTP/1.1" 200 83576 "-" "Mozilla/5.0 (compatible; DataForSeoBot/1.0; +https://dataforseo.com/dataforseo-bot)"
136.243.220.210 - - [19/Oct/2025:11:14:53 -0400] "GET /ways-to-have-a-happy-married-life/ HTTP/1.1" 200 83197 "-" "Mozilla/5.0 (compatible; DataForSeoBot/1.0; +https://dataforseo.com/dataforseo-bot)"
136.243.220.210 - - [19/Oct/2025:11:14:57 -0400] "GET /attractive-sex-webcams-for-you-to-consider-all-of-them/ HTTP/1.1" 200 83795 "-" "Mozilla/5.0 (compatible; DataForSeoBot/1.0; +https://dataforseo.com/dataforseo-bot)"
66.249.79.169 - - [19/Oct/2025:11:14:57 -0400] "GET /?shopping/product/15752312431.html HTTP/1.1" 301 - "-" "Mozilla/5.0 (Linux; Android 6.0.1; Nexus 5X Build/MMB29P) AppleWebKit/537.36 (KHTML, like Gecko) Chrome/140.0.7339.207 Mobile Safari/537.36 (compatible; Googlebot/2.1; +http://www.google.com/bot.html)"
66.249.79.169 - - [19/Oct/2025:11:14:58 -0400] "GET /?_gl=1*ly96ut*_gcl_au*MTE0MDM1OTI5NC4xNzQyNzk4MTUzLjE0OTQzNDk5MjUuMTc0MzEzMDcxOS4xNzQzMTMwNzE5*_ga*MTU1NzQ2Mzk3NS4xNzM3MDEzMDcz*_ga_KQX3XWKR2T*MTc0MzEzMDcxNi43LjEuMTc0MzEzMDc0OC4yOC4wLjA.&gl_url=http://menintalk.com/load.php?15762536031 HTTP/1.1" 301 - "-" "Mozilla/5.0 (Linux; Android 6.0.1; Nexus 5X Build/MMB29P) AppleWebKit/537.36 (KHTML, like Gecko) Chrome/140.0.7339.207 Mobile Safari/537.36 (compatible; Googlebot/2.1; +http://www.google.com/bot.html)"
88.99.162.239 - - [19/Oct/2025:11:14:58 -0400] "GET /wp-login.php HTTP/1.1" 200 5947 "-" "Mozilla/5.0 (Windows NT 10.0; Win64; x64) AppleWebKit/537.36 (KHTML, like Gecko) Chrome/130.0.0.0 Safari/537.36"
66.249.79.169 - - [19/Oct/2025:11:14:58 -0400] "GET /?shopping%2Fproduct%2F15752312431_html HTTP/1.1" 200 47135 "-" "Mozilla/5.0 (Linux; Android 6.0.1; Nexus 5X Build/MMB29P) AppleWebKit/537.36 (KHTML, like Gecko) Chrome/140.0.7339.207 Mobile Safari/537.36 (compatible; Googlebot/2.1; +http://www.google.com/bot.html)"
88.99.162.239 - - [19/Oct/2025:11:14:59 -0400] "POST /wp-login.php HTTP/1.1" 200 6368 "https://menintalk.com/wp-login.php" "Mozilla/5.0 (Windows NT 10.0; Win64; x64) AppleWebKit/537.36 (KHTML, like Gecko) Chrome/130.0.0.0 Safari/537.36"
198.244.168.139 - - [19/Oct/2025:11:14:59 -0400] "GET /?shopping/product/157112051595_html HTTP/1.1" 301 - "-" "Mozilla/5.0 (compatible; AhrefsBot/7.0; +http://ahrefs.com/robot/)"
66.249.79.169 - - [19/Oct/2025:11:14:59 -0400] "GET /?_gl=1%2Aly96ut%2A_gcl_au%2AMTE0MDM1OTI5NC4xNzQyNzk4MTUzLjE0OTQzNDk5MjUuMTc0MzEzMDcxOS4xNzQzMTMwNzE5%2A_ga%2AMTU1NzQ2Mzk3NS4xNzM3MDEzMDcz%2A_ga_KQX3XWKR2T%2AMTc0MzEzMDcxNi43LjEuMTc0MzEzMDc0OC4yOC4wLjA.&gl_url=http%3A%2F%2Fmenintalk.com%2Fload.php%3F15762536031 HTTP/1.1" 200 48521 "-" "Mozilla/5.0 (Linux; Android 6.0.1; Nexus 5X Build/MMB29P) AppleWebKit/537.36 (KHTML, like Gecko) Chrome/140.0.7339.207 Mobile Safari/537.36 (compatible; Googlebot/2.1; +http://www.google.com/bot.html)"
5.175.45.198 - - [19/Oct/2025:11:15:00 -0400] "GET /wp-login.php HTTP/1.1" 200 5947 "-" "Mozilla/5.0 (Windows NT 10.0; Win64; x64) AppleWebKit/537.36 (KHTML, like Gecko) Chrome/130.0.0.0 Safari/537.36"
5.175.45.198 - - [19/Oct/2025:11:15:00 -0400] "POST /wp-login.php HTTP/1.1" 200 6374 "https://menintalk.com/wp-login.php" "Mozilla/5.0 (Windows NT 10.0; Win64; x64) AppleWebKit/537.36 (KHTML, like Gecko) Chrome/130.0.0.0 Safari/537.36"
136.243.220.210 - - [19/Oct/2025:11:15:01 -0400] "GET /36-2/ HTTP/1.1" 200 81088 "-" "Mozilla/5.0 (compatible; DataForSeoBot/1.0; +https://dataforseo.com/dataforseo-bot)"
136.243.220.210 - - [19/Oct/2025:11:15:05 -0400] "GET /your-associate-can-also-be-ready-to-entry-an-audio-interface/ HTTP/1.1" 200 84139 "-" "Mozilla/5.0 (compatible; DataForSeoBot/1.0; +https://dataforseo.com/dataforseo-bot)"
136.243.220.210 - - [19/Oct/2025:11:15:09 -0400] "GET /ideal-countries-for-the-purpose-of-dating/ HTTP/1.1" 200 83080 "-" "Mozilla/5.0 (compatible; DataForSeoBot/1.0; +https://dataforseo.com/dataforseo-bot)"
66.249.79.169 - - [19/Oct/2025:11:15:09 -0400] "GET /?page/15765814255704500 HTTP/1.1" 301 - "-" "Mozilla/5.0 (Linux; Android 6.0.1; Nexus 5X Build/MMB29P) AppleWebKit/537.36 (KHTML, like Gecko) Chrome/140.0.7339.207 Mobile Safari/537.36 (compatible; Googlebot/2.1; +http://www.google.com/bot.html)"
66.249.79.169 - - [19/Oct/2025:11:15:10 -0400] "GET /?page%2F15765814255704500 HTTP/1.1" 200 47069 "-" "Mozilla/5.0 (Linux; Android 6.0.1; Nexus 5X Build/MMB29P) AppleWebKit/537.36 (KHTML, like Gecko) Chrome/140.0.7339.207 Mobile Safari/537.36 (compatible; Googlebot/2.1; +http://www.google.com/bot.html)"
136.243.220.210 - - [19/Oct/2025:11:15:14 -0400] "GET /romance-red-flags/ HTTP/1.1" 200 81839 "-" "Mozilla/5.0 (compatible; DataForSeoBot/1.0; +https://dataforseo.com/dataforseo-bot)"
66.42.61.4 - - [19/Oct/2025:11:15:14 -0400] "GET /wp-login.php HTTP/1.1" 200 5947 "-" "Mozilla/5.0 (Windows NT 10.0; Win64; x64) AppleWebKit/537.36 (KHTML, like Gecko) Chrome/130.0.0.0 Safari/537.36"
136.243.220.210 - - [19/Oct/2025:11:15:17 -0400] "GET /how-to-troubleshoot-ipvanish-problems/ HTTP/1.1" 200 83091 "-" "Mozilla/5.0 (compatible; DataForSeoBot/1.0; +https://dataforseo.com/dataforseo-bot)"
66.249.79.169 - - [19/Oct/2025:11:15:20 -0400] "GET /?_gl=1*ly96ut*_gcl_au*MTE0MDM1OTI5NC4xNzQyNzk4MTUzLjE0OTQzNDk5MjUuMTc0MzEzMDcxOS4xNzQzMTMwNzE5*_ga*MTU1NzQ2Mzk3NS4xNzM3MDEzMDcz*_ga_KQX3XWKR2T*MTc0MzEzMDcxNi43LjEuMTc0MzEzMDc0OC4yOC4wLjA.&gl_url=http://menintalk.com/load.php?15762964329 HTTP/1.1" 301 - "-" "Mozilla/5.0 (Linux; Android 6.0.1; Nexus 5X Build/MMB29P) AppleWebKit/537.36 (KHTML, like Gecko) Chrome/140.0.7339.207 Mobile Safari/537.36 (compatible; Googlebot/2.1; +http://www.google.com/bot.html)"
66.42.61.4 - - [19/Oct/2025:11:15:20 -0400] "POST /wp-login.php HTTP/1.1" 200 6372 "https://menintalk.com/wp-login.php" "Mozilla/5.0 (Windows NT 10.0; Win64; x64) AppleWebKit/537.36 (KHTML, like Gecko) Chrome/130.0.0.0 Safari/537.36"
66.249.79.169 - - [19/Oct/2025:11:15:20 -0400] "GET /?_gl=1%2Aly96ut%2A_gcl_au%2AMTE0MDM1OTI5NC4xNzQyNzk4MTUzLjE0OTQzNDk5MjUuMTc0MzEzMDcxOS4xNzQzMTMwNzE5%2A_ga%2AMTU1NzQ2Mzk3NS4xNzM3MDEzMDcz%2A_ga_KQX3XWKR2T%2AMTc0MzEzMDcxNi43LjEuMTc0MzEzMDc0OC4yOC4wLjA.&gl_url=http%3A%2F%2Fmenintalk.com%2Fload.php%3F15762964329 HTTP/1.1" 200 48521 "-" "Mozilla/5.0 (Linux; Android 6.0.1; Nexus 5X Build/MMB29P) AppleWebKit/537.36 (KHTML, like Gecko) Chrome/140.0.7339.207 Mobile Safari/537.36 (compatible; Googlebot/2.1; +http://www.google.com/bot.html)"
136.243.220.210 - - [19/Oct/2025:11:15:21 -0400] "GET /residence-purchase-help-and-advice-for-new-buyers/ HTTP/1.1" 200 81970 "-" "Mozilla/5.0 (compatible; DataForSeoBot/1.0; +https://dataforseo.com/dataforseo-bot)"
178.254.13.61 - - [19/Oct/2025:11:15:25 -0400] "GET /wp-login.php HTTP/1.1" 200 5947 "-" "Mozilla/5.0 (Windows NT 10.0; Win64; x64) AppleWebKit/537.36 (KHTML, like Gecko) Chrome/130.0.0.0 Safari/537.36"
136.243.220.210 - - [19/Oct/2025:11:15:25 -0400] "GET /marrying-a-central-asian-new-bride/ HTTP/1.1" 200 83330 "-" "Mozilla/5.0 (compatible; DataForSeoBot/1.0; +https://dataforseo.com/dataforseo-bot)"
178.254.13.61 - - [19/Oct/2025:11:15:25 -0400] "POST /wp-login.php HTTP/1.1" 200 6369 "https://menintalk.com/wp-login.php" "Mozilla/5.0 (Windows NT 10.0; Win64; x64) AppleWebKit/537.36 (KHTML, like Gecko) Chrome/130.0.0.0 Safari/537.36"
50.21.186.206 - - [19/Oct/2025:11:15:28 -0400] "GET /wp-login.php HTTP/1.1" 200 5947 "-" "Mozilla/5.0 (Windows NT 10.0; Win64; x64) AppleWebKit/537.36 (KHTML, like Gecko) Chrome/130.0.0.0 Safari/537.36"
136.243.220.210 - - [19/Oct/2025:11:15:29 -0400] "GET /yes-mechanical-devices-generally-known-as-vibrators-and/ HTTP/1.1" 200 87170 "-" "Mozilla/5.0 (compatible; DataForSeoBot/1.0; +https://dataforseo.com/dataforseo-bot)"
66.249.79.169 - - [19/Oct/2025:11:15:30 -0400] "GET /?_gl=1*ly96ut*_gcl_au*MTE0MDM1OTI5NC4xNzQyNzk4MTUzLjE0OTQzNDk5MjUuMTc0MzEzMDcxOS4xNzQzMTMwNzE5*_ga*MTU1NzQ2Mzk3NS4xNzM3MDEzMDcz*_ga_KQX3XWKR2T*MTc0MzEzMDcxNi43LjEuMTc0MzEzMDc0OC4yOC4wLjA.&gl_url=http://menintalk.com/load.php?1572877948 HTTP/1.1" 301 - "-" "Mozilla/5.0 (Linux; Android 6.0.1; Nexus 5X Build/MMB29P) AppleWebKit/537.36 (KHTML, like Gecko) Chrome/140.0.7339.207 Mobile Safari/537.36 (compatible; Googlebot/2.1; +http://www.google.com/bot.html)"
66.249.79.169 - - [19/Oct/2025:11:15:30 -0400] "GET /?_gl=1%2Aly96ut%2A_gcl_au%2AMTE0MDM1OTI5NC4xNzQyNzk4MTUzLjE0OTQzNDk5MjUuMTc0MzEzMDcxOS4xNzQzMTMwNzE5%2A_ga%2AMTU1NzQ2Mzk3NS4xNzM3MDEzMDcz%2A_ga_KQX3XWKR2T%2AMTc0MzEzMDcxNi43LjEuMTc0MzEzMDc0OC4yOC4wLjA.&gl_url=http%3A%2F%2Fmenintalk.com%2Fload.php%3F1572877948 HTTP/1.1" 200 48515 "-" "Mozilla/5.0 (Linux; Android 6.0.1; Nexus 5X Build/MMB29P) AppleWebKit/537.36 (KHTML, like Gecko) Chrome/140.0.7339.207 Mobile Safari/537.36 (compatible; Googlebot/2.1; +http://www.google.com/bot.html)"
50.21.186.206 - - [19/Oct/2025:11:15:32 -0400] "POST /wp-login.php HTTP/1.1" 200 6367 "https://menintalk.com/wp-login.php" "Mozilla/5.0 (Windows NT 10.0; Win64; x64) AppleWebKit/537.36 (KHTML, like Gecko) Chrome/130.0.0.0 Safari/537.36"
136.243.220.210 - - [19/Oct/2025:11:15:33 -0400] "GET /intercontinental-dating-sites/ HTTP/1.1" 200 85350 "-" "Mozilla/5.0 (compatible; DataForSeoBot/1.0; +https://dataforseo.com/dataforseo-bot)"
89.117.74.114 - - [19/Oct/2025:11:15:34 -0400] "GET /wp-login.php HTTP/1.1" 200 5947 "-" "Mozilla/5.0 (Windows NT 10.0; Win64; x64) AppleWebKit/537.36 (KHTML, like Gecko) Chrome/130.0.0.0 Safari/537.36"
89.117.74.114 - - [19/Oct/2025:11:15:35 -0400] "POST /wp-login.php HTTP/1.1" 200 6369 "https://menintalk.com/wp-login.php" "Mozilla/5.0 (Windows NT 10.0; Win64; x64) AppleWebKit/537.36 (KHTML, like Gecko) Chrome/130.0.0.0 Safari/537.36"
136.243.220.210 - - [19/Oct/2025:11:15:38 -0400] "GET /6-candy-how-we-met-tales-from-real-couples/ HTTP/1.1" 200 87818 "-" "Mozilla/5.0 (compatible; DataForSeoBot/1.0; +https://dataforseo.com/dataforseo-bot)"
35.200.179.113 - - [19/Oct/2025:11:15:39 -0400] "GET /wp-login.php HTTP/1.1" 200 5947 "-" "Mozilla/5.0 (Windows NT 10.0; Win64; x64) AppleWebKit/537.36 (KHTML, like Gecko) Chrome/130.0.0.0 Safari/537.36"
35.200.179.113 - - [19/Oct/2025:11:15:39 -0400] "POST /wp-login.php HTTP/1.1" 200 6368 "https://menintalk.com/wp-login.php" "Mozilla/5.0 (Windows NT 10.0; Win64; x64) AppleWebKit/537.36 (KHTML, like Gecko) Chrome/130.0.0.0 Safari/537.36"
66.249.79.169 - - [19/Oct/2025:11:15:40 -0400] "GET /?_gl=1*ly96ut*_gcl_au*MTE0MDM1OTI5NC4xNzQyNzk4MTUzLjE0OTQzNDk5MjUuMTc0MzEzMDcxOS4xNzQzMTMwNzE5*_ga*MTU1NzQ2Mzk3NS4xNzM3MDEzMDcz*_ga_KQX3XWKR2T*MTc0MzEzMDcxNi43LjEuMTc0MzEzMDc0OC4yOC4wLjA.&gl_url=http://menintalk.com/load.php?15731049077 HTTP/1.1" 301 - "-" "Mozilla/5.0 (Linux; Android 6.0.1; Nexus 5X Build/MMB29P) AppleWebKit/537.36 (KHTML, like Gecko) Chrome/140.0.7339.207 Mobile Safari/537.36 (compatible; Googlebot/2.1; +http://www.google.com/bot.html)"
66.249.79.169 - - [19/Oct/2025:11:15:41 -0400] "GET /?_gl=1%2Aly96ut%2A_gcl_au%2AMTE0MDM1OTI5NC4xNzQyNzk4MTUzLjE0OTQzNDk5MjUuMTc0MzEzMDcxOS4xNzQzMTMwNzE5%2A_ga%2AMTU1NzQ2Mzk3NS4xNzM3MDEzMDcz%2A_ga_KQX3XWKR2T%2AMTc0MzEzMDcxNi43LjEuMTc0MzEzMDc0OC4yOC4wLjA.&gl_url=http%3A%2F%2Fmenintalk.com%2Fload.php%3F15731049077 HTTP/1.1" 200 48521 "-" "Mozilla/5.0 (Linux; Android 6.0.1; Nexus 5X Build/MMB29P) AppleWebKit/537.36 (KHTML, like Gecko) Chrome/140.0.7339.207 Mobile Safari/537.36 (compatible; Googlebot/2.1; +http://www.google.com/bot.html)"
136.243.220.210 - - [19/Oct/2025:11:15:41 -0400] "GET /pokemon-storm-magic-nds-down-load/ HTTP/1.1" 200 81393 "-" "Mozilla/5.0 (compatible; DataForSeoBot/1.0; +https://dataforseo.com/dataforseo-bot)"
98.98.66.35 - - [19/Oct/2025:11:15:44 -0400] "POST /wp-login.php HTTP/1.1" 200 6366 "-" "Mozilla/5.0"
98.98.66.35 - - [19/Oct/2025:11:15:44 -0400] "POST /wp-login.php HTTP/1.1" 200 6367 "-" "Mozilla/5.0"
136.243.220.210 - - [19/Oct/2025:11:15:45 -0400] "GET /the-differences-between-proxy-and-vpn-services/ HTTP/1.1" 200 81459 "-" "Mozilla/5.0 (compatible; DataForSeoBot/1.0; +https://dataforseo.com/dataforseo-bot)"
136.243.220.210 - - [19/Oct/2025:11:15:49 -0400] "GET /wish-to-discover-wedding-brides-online-read-this-real-message-and-discover-the-bride/ HTTP/1.1" 200 87481 "-" "Mozilla/5.0 (compatible; DataForSeoBot/1.0; +https://dataforseo.com/dataforseo-bot)"
66.249.79.169 - - [19/Oct/2025:11:15:51 -0400] "GET /?page/15741177340104030 HTTP/1.1" 301 - "-" "Mozilla/5.0 (Linux; Android 6.0.1; Nexus 5X Build/MMB29P) AppleWebKit/537.36 (KHTML, like Gecko) Chrome/140.0.7339.207 Mobile Safari/537.36 (compatible; Googlebot/2.1; +http://www.google.com/bot.html)"
66.249.79.169 - - [19/Oct/2025:11:15:51 -0400] "GET /?page%2F15741177340104030 HTTP/1.1" 200 47069 "-" "Mozilla/5.0 (Linux; Android 6.0.1; Nexus 5X Build/MMB29P) AppleWebKit/537.36 (KHTML, like Gecko) Chrome/140.0.7339.207 Mobile Safari/537.36 (compatible; Googlebot/2.1; +http://www.google.com/bot.html)"
136.243.220.210 - - [19/Oct/2025:11:15:53 -0400] "GET /the-simplest-way-to-move-on-coming-from-a-break-up/ HTTP/1.1" 200 81400 "-" "Mozilla/5.0 (compatible; DataForSeoBot/1.0; +https://dataforseo.com/dataforseo-bot)"
136.243.220.210 - - [19/Oct/2025:11:15:57 -0400] "GET /using-a-data-bedroom-for-homework/ HTTP/1.1" 200 81629 "-" "Mozilla/5.0 (compatible; DataForSeoBot/1.0; +https://dataforseo.com/dataforseo-bot)"
136.243.220.210 - - [19/Oct/2025:11:16:01 -0400] "GET /very-best-country-to-get-a-wife/ HTTP/1.1" 200 84924 "-" "Mozilla/5.0 (compatible; DataForSeoBot/1.0; +https://dataforseo.com/dataforseo-bot)"
66.249.79.171 - - [19/Oct/2025:11:16:01 -0400] "GET /?page/15766540165114550 HTTP/1.1" 301 - "-" "Mozilla/5.0 (Linux; Android 6.0.1; Nexus 5X Build/MMB29P) AppleWebKit/537.36 (KHTML, like Gecko) Chrome/140.0.7339.207 Mobile Safari/537.36 (compatible; Googlebot/2.1; +http://www.google.com/bot.html)"
66.249.79.170 - - [19/Oct/2025:11:16:02 -0400] "GET /?page%2F15766540165114550 HTTP/1.1" 200 47069 "-" "Mozilla/5.0 (Linux; Android 6.0.1; Nexus 5X Build/MMB29P) AppleWebKit/537.36 (KHTML, like Gecko) Chrome/140.0.7339.207 Mobile Safari/537.36 (compatible; Googlebot/2.1; +http://www.google.com/bot.html)"
136.243.220.210 - - [19/Oct/2025:11:16:06 -0400] "GET /its-wide-enough-to-fit-a-selection-of-body-sizes/ HTTP/1.1" 200 86790 "-" "Mozilla/5.0 (compatible; DataForSeoBot/1.0; +https://dataforseo.com/dataforseo-bot)"
136.243.220.210 - - [19/Oct/2025:11:16:10 -0400] "GET /types-of-romantic-relationships/ HTTP/1.1" 200 84481 "-" "Mozilla/5.0 (compatible; DataForSeoBot/1.0; +https://dataforseo.com/dataforseo-bot)"
66.249.79.170 - - [19/Oct/2025:11:16:12 -0400] "GET /?_gl=1*ly96ut*_gcl_au*MTE0MDM1OTI5NC4xNzQyNzk4MTUzLjE0OTQzNDk5MjUuMTc0MzEzMDcxOS4xNzQzMTMwNzE5*_ga*MTU1NzQ2Mzk3NS4xNzM3MDEzMDcz*_ga_KQX3XWKR2T*MTc0MzEzMDcxNi43LjEuMTc0MzEzMDc0OC4yOC4wLjA.&gl_url=http://menintalk.com/load.php?15731137835 HTTP/1.1" 301 - "-" "Mozilla/5.0 (Linux; Android 6.0.1; Nexus 5X Build/MMB29P) AppleWebKit/537.36 (KHTML, like Gecko) Chrome/140.0.7339.207 Mobile Safari/537.36 (compatible; Googlebot/2.1; +http://www.google.com/bot.html)"
66.249.79.169 - - [19/Oct/2025:11:16:13 -0400] "GET /?_gl=1%2Aly96ut%2A_gcl_au%2AMTE0MDM1OTI5NC4xNzQyNzk4MTUzLjE0OTQzNDk5MjUuMTc0MzEzMDcxOS4xNzQzMTMwNzE5%2A_ga%2AMTU1NzQ2Mzk3NS4xNzM3MDEzMDcz%2A_ga_KQX3XWKR2T%2AMTc0MzEzMDcxNi43LjEuMTc0MzEzMDc0OC4yOC4wLjA.&gl_url=http%3A%2F%2Fmenintalk.com%2Fload.php%3F15731137835 HTTP/1.1" 200 48521 "-" "Mozilla/5.0 (Linux; Android 6.0.1; Nexus 5X Build/MMB29P) AppleWebKit/537.36 (KHTML, like Gecko) Chrome/140.0.7339.207 Mobile Safari/537.36 (compatible; Googlebot/2.1; +http://www.google.com/bot.html)"
136.243.220.210 - - [19/Oct/2025:11:16:13 -0400] "GET /exactly-what-are-the-characteristics-of-an-suitable-wife/ HTTP/1.1" 200 83379 "-" "Mozilla/5.0 (compatible; DataForSeoBot/1.0; +https://dataforseo.com/dataforseo-bot)"
198.244.183.114 - - [19/Oct/2025:11:16:15 -0400] "GET /?shopping/product/157112113848_html HTTP/1.1" 301 - "-" "Mozilla/5.0 (compatible; AhrefsBot/7.0; +http://ahrefs.com/robot/)"
66.249.79.169 - - [19/Oct/2025:11:16:15 -0400] "GET /wp-content/uploads/2015/03/shakira-1396551062.jpg HTTP/1.1" 404 73675 "-" "Googlebot-Image/1.0"
136.243.220.210 - - [19/Oct/2025:11:16:17 -0400] "GET /effective-interracial-relationships/ HTTP/1.1" 200 81784 "-" "Mozilla/5.0 (compatible; DataForSeoBot/1.0; +https://dataforseo.com/dataforseo-bot)"
136.243.220.210 - - [19/Oct/2025:11:16:21 -0400] "GET /virtual-data-room-providers-assessment/ HTTP/1.1" 200 81513 "-" "Mozilla/5.0 (compatible; DataForSeoBot/1.0; +https://dataforseo.com/dataforseo-bot)"
66.249.79.169 - - [19/Oct/2025:11:16:22 -0400] "GET /?_gl=1*ly96ut*_gcl_au*MTE0MDM1OTI5NC4xNzQyNzk4MTUzLjE0OTQzNDk5MjUuMTc0MzEzMDcxOS4xNzQzMTMwNzE5*_ga*MTU1NzQ2Mzk3NS4xNzM3MDEzMDcz*_ga_KQX3XWKR2T*MTc0MzEzMDcxNi43LjEuMTc0MzEzMDc0OC4yOC4wLjA.&gl_url=http://menintalk.com/load.php?1571762792 HTTP/1.1" 301 - "-" "Mozilla/5.0 (Linux; Android 6.0.1; Nexus 5X Build/MMB29P) AppleWebKit/537.36 (KHTML, like Gecko) Chrome/140.0.7339.207 Mobile Safari/537.36 (compatible; Googlebot/2.1; +http://www.google.com/bot.html)"
216.244.66.203 - - [19/Oct/2025:11:16:22 -0400] "GET /just-what-soulmate/feed/ HTTP/1.1" 200 758 "-" "Mozilla/5.0 (compatible; DotBot/1.2; +https://opensiteexplorer.org/dotbot; [email protected])"
66.249.79.169 - - [19/Oct/2025:11:16:23 -0400] "GET /?_gl=1%2Aly96ut%2A_gcl_au%2AMTE0MDM1OTI5NC4xNzQyNzk4MTUzLjE0OTQzNDk5MjUuMTc0MzEzMDcxOS4xNzQzMTMwNzE5%2A_ga%2AMTU1NzQ2Mzk3NS4xNzM3MDEzMDcz%2A_ga_KQX3XWKR2T%2AMTc0MzEzMDcxNi43LjEuMTc0MzEzMDc0OC4yOC4wLjA.&gl_url=http%3A%2F%2Fmenintalk.com%2Fload.php%3F1571762792 HTTP/1.1" 200 48515 "-" "Mozilla/5.0 (Linux; Android 6.0.1; Nexus 5X Build/MMB29P) AppleWebKit/537.36 (KHTML, like Gecko) Chrome/140.0.7339.207 Mobile Safari/537.36 (compatible; Googlebot/2.1; +http://www.google.com/bot.html)"
66.249.79.169 - - [19/Oct/2025:11:16:24 -0400] "GET /?shopping/product/1571205990.html HTTP/1.1" 301 - "-" "Mozilla/5.0 (Linux; Android 6.0.1; Nexus 5X Build/MMB29P) AppleWebKit/537.36 (KHTML, like Gecko) Chrome/140.0.7339.207 Mobile Safari/537.36 (compatible; Googlebot/2.1; +http://www.google.com/bot.html)"
66.249.79.169 - - [19/Oct/2025:11:16:25 -0400] "GET /?shopping%2Fproduct%2F1571205990_html HTTP/1.1" 200 47129 "-" "Mozilla/5.0 (Linux; Android 6.0.1; Nexus 5X Build/MMB29P) AppleWebKit/537.36 (KHTML, like Gecko) Chrome/140.0.7339.207 Mobile Safari/537.36 (compatible; Googlebot/2.1; +http://www.google.com/bot.html)"
136.243.220.210 - - [19/Oct/2025:11:16:25 -0400] "GET /what-do-sugar-daddies-look-for-in-a-sugar-baby/ HTTP/1.1" 200 83394 "-" "Mozilla/5.0 (compatible; DataForSeoBot/1.0; +https://dataforseo.com/dataforseo-bot)"
66.249.79.169 - - [19/Oct/2025:11:16:27 -0400] "GET /?_gl=1*ly96ut*_gcl_au*MTE0MDM1OTI5NC4xNzQyNzk4MTUzLjE0OTQzNDk5MjUuMTc0MzEzMDcxOS4xNzQzMTMwNzE5*_ga*MTU1NzQ2Mzk3NS4xNzM3MDEzMDcz*_ga_KQX3XWKR2T*MTc0MzEzMDcxNi43LjEuMTc0MzEzMDc0OC4yOC4wLjA.&gl_url=http://menintalk.com/load.php?15761400453 HTTP/1.1" 301 - "-" "Mozilla/5.0 (Linux; Android 6.0.1; Nexus 5X Build/MMB29P) AppleWebKit/537.36 (KHTML, like Gecko) Chrome/140.0.7339.207 Mobile Safari/537.36 (compatible; Googlebot/2.1; +http://www.google.com/bot.html)"
216.244.66.203 - - [19/Oct/2025:11:16:27 -0400] "GET /viantis-advanced-blend/feed/ HTTP/1.1" 200 809 "-" "Mozilla/5.0 (compatible; DotBot/1.2; +https://opensiteexplorer.org/dotbot; [email protected])"
66.249.79.169 - - [19/Oct/2025:11:16:28 -0400] "GET /?_gl=1%2Aly96ut%2A_gcl_au%2AMTE0MDM1OTI5NC4xNzQyNzk4MTUzLjE0OTQzNDk5MjUuMTc0MzEzMDcxOS4xNzQzMTMwNzE5%2A_ga%2AMTU1NzQ2Mzk3NS4xNzM3MDEzMDcz%2A_ga_KQX3XWKR2T%2AMTc0MzEzMDcxNi43LjEuMTc0MzEzMDc0OC4yOC4wLjA.&gl_url=http%3A%2F%2Fmenintalk.com%2Fload.php%3F15761400453 HTTP/1.1" 200 48521 "-" "Mozilla/5.0 (Linux; Android 6.0.1; Nexus 5X Build/MMB29P) AppleWebKit/537.36 (KHTML, like Gecko) Chrome/140.0.7339.207 Mobile Safari/537.36 (compatible; Googlebot/2.1; +http://www.google.com/bot.html)"
136.243.220.210 - - [19/Oct/2025:11:16:29 -0400] "GET /wide-open-board-getting-together-with-rules/ HTTP/1.1" 200 81696 "-" "Mozilla/5.0 (compatible; DataForSeoBot/1.0; +https://dataforseo.com/dataforseo-bot)"
66.249.79.169 - - [19/Oct/2025:11:16:32 -0400] "GET /?_gl=1*ly96ut*_gcl_au*MTE0MDM1OTI5NC4xNzQyNzk4MTUzLjE0OTQzNDk5MjUuMTc0MzEzMDcxOS4xNzQzMTMwNzE5*_ga*MTU1NzQ2Mzk3NS4xNzM3MDEzMDcz*_ga_KQX3XWKR2T*MTc0MzEzMDcxNi43LjEuMTc0MzEzMDc0OC4yOC4wLjA.&gl_url=http://menintalk.com/load.php?1571412233 HTTP/1.1" 301 - "-" "Mozilla/5.0 (Linux; Android 6.0.1; Nexus 5X Build/MMB29P) AppleWebKit/537.36 (KHTML, like Gecko) Chrome/140.0.7339.207 Mobile Safari/537.36 (compatible; Googlebot/2.1; +http://www.google.com/bot.html)"
66.249.79.169 - - [19/Oct/2025:11:16:33 -0400] "GET /?_gl=1%2Aly96ut%2A_gcl_au%2AMTE0MDM1OTI5NC4xNzQyNzk4MTUzLjE0OTQzNDk5MjUuMTc0MzEzMDcxOS4xNzQzMTMwNzE5%2A_ga%2AMTU1NzQ2Mzk3NS4xNzM3MDEzMDcz%2A_ga_KQX3XWKR2T%2AMTc0MzEzMDcxNi43LjEuMTc0MzEzMDc0OC4yOC4wLjA.&gl_url=http%3A%2F%2Fmenintalk.com%2Fload.php%3F1571412233 HTTP/1.1" 200 48515 "-" "Mozilla/5.0 (Linux; Android 6.0.1; Nexus 5X Build/MMB29P) AppleWebKit/537.36 (KHTML, like Gecko) Chrome/140.0.7339.207 Mobile Safari/537.36 (compatible; Googlebot/2.1; +http://www.google.com/bot.html)"
136.243.220.210 - - [19/Oct/2025:11:16:33 -0400] "GET /how-to-locate-the-best-antivirus-reddit-application/ HTTP/1.1" 200 81916 "-" "Mozilla/5.0 (compatible; DataForSeoBot/1.0; +https://dataforseo.com/dataforseo-bot)"
196.251.72.223 - - [19/Oct/2025:11:16:35 -0400] "POST /wp-login.php HTTP/1.1" 200 6367 "-" "Mozilla/5.0"
196.251.72.223 - - [19/Oct/2025:11:16:35 -0400] "POST /wp-login.php HTTP/1.1" 200 6366 "-" "Mozilla/5.0"
66.249.79.169 - - [19/Oct/2025:11:16:37 -0400] "GET /?_gl=1*ly96ut*_gcl_au*MTE0MDM1OTI5NC4xNzQyNzk4MTUzLjE0OTQzNDk5MjUuMTc0MzEzMDcxOS4xNzQzMTMwNzE5*_ga*MTU1NzQ2Mzk3NS4xNzM3MDEzMDcz*_ga_KQX3XWKR2T*MTc0MzEzMDcxNi43LjEuMTc0MzEzMDc0OC4yOC4wLjA.&gl_url=http://menintalk.com/load.php?1576609860 HTTP/1.1" 301 - "-" "Mozilla/5.0 (Linux; Android 6.0.1; Nexus 5X Build/MMB29P) AppleWebKit/537.36 (KHTML, like Gecko) Chrome/140.0.7339.207 Mobile Safari/537.36 (compatible; Googlebot/2.1; +http://www.google.com/bot.html)"
136.243.220.210 - - [19/Oct/2025:11:16:38 -0400] "GET /precisely-what-is-virtual-info-room-computer-software/ HTTP/1.1" 200 81872 "-" "Mozilla/5.0 (compatible; DataForSeoBot/1.0; +https://dataforseo.com/dataforseo-bot)"
104.36.21.59 - - [19/Oct/2025:11:16:38 -0400] "GET /conheca-o-richville-casino-sua-jornada-de-apostas-com-estilo-brasileiro/ HTTP/1.1" 200 83456 "-" "Mozilla/5.0 (Windows NT 10.0; WOW64; x64) AppleWebKit/537.36 (KHTML, like Gecko) Chrome/114.0.0.0 Safari/537.36 OPR/89.0.4447.51"
66.249.79.169 - - [19/Oct/2025:11:16:38 -0400] "GET /?_gl=1%2Aly96ut%2A_gcl_au%2AMTE0MDM1OTI5NC4xNzQyNzk4MTUzLjE0OTQzNDk5MjUuMTc0MzEzMDcxOS4xNzQzMTMwNzE5%2A_ga%2AMTU1NzQ2Mzk3NS4xNzM3MDEzMDcz%2A_ga_KQX3XWKR2T%2AMTc0MzEzMDcxNi43LjEuMTc0MzEzMDc0OC4yOC4wLjA.&gl_url=http%3A%2F%2Fmenintalk.com%2Fload.php%3F1576609860 HTTP/1.1" 200 48515 "-" "Mozilla/5.0 (Linux; Android 6.0.1; Nexus 5X Build/MMB29P) AppleWebKit/537.36 (KHTML, like Gecko) Chrome/140.0.7339.207 Mobile Safari/537.36 (compatible; Googlebot/2.1; +http://www.google.com/bot.html)"
136.243.220.210 - - [19/Oct/2025:11:16:41 -0400] "GET /32-2/ HTTP/1.1" 200 81109 "-" "Mozilla/5.0 (compatible; DataForSeoBot/1.0; +https://dataforseo.com/dataforseo-bot)"
66.249.79.169 - - [19/Oct/2025:11:16:45 -0400] "GET /?page/15737374953422180 HTTP/1.1" 301 - "-" "Mozilla/5.0 (Linux; Android 6.0.1; Nexus 5X Build/MMB29P) AppleWebKit/537.36 (KHTML, like Gecko) Chrome/140.0.7339.207 Mobile Safari/537.36 (compatible; Googlebot/2.1; +http://www.google.com/bot.html)"
136.243.220.210 - - [19/Oct/2025:11:16:45 -0400] "GET /the-best-ideas-for-writing-urgent-essays/ HTTP/1.1" 200 82923 "-" "Mozilla/5.0 (compatible; DataForSeoBot/1.0; +https://dataforseo.com/dataforseo-bot)"
66.249.79.169 - - [19/Oct/2025:11:16:46 -0400] "GET /?page%2F15737374953422180 HTTP/1.1" 200 47069 "-" "Mozilla/5.0 (Linux; Android 6.0.1; Nexus 5X Build/MMB29P) AppleWebKit/537.36 (KHTML, like Gecko) Chrome/140.0.7339.207 Mobile Safari/537.36 (compatible; Googlebot/2.1; +http://www.google.com/bot.html)"
136.243.220.210 - - [19/Oct/2025:11:16:50 -0400] "GET /marital-relationship-certificate-requirements/ HTTP/1.1" 200 84057 "-" "Mozilla/5.0 (compatible; DataForSeoBot/1.0; +https://dataforseo.com/dataforseo-bot)"
136.243.220.210 - - [19/Oct/2025:11:16:53 -0400] "GET /hermes-blankets-are-usually-created-from-high-quality-wool/ HTTP/1.1" 200 86166 "-" "Mozilla/5.0 (compatible; DataForSeoBot/1.0; +https://dataforseo.com/dataforseo-bot)"
66.249.79.169 - - [19/Oct/2025:11:16:55 -0400] "GET /?_gl=1*ly96ut*_gcl_au*MTE0MDM1OTI5NC4xNzQyNzk4MTUzLjE0OTQzNDk5MjUuMTc0MzEzMDcxOS4xNzQzMTMwNzE5*_ga*MTU1NzQ2Mzk3NS4xNzM3MDEzMDcz*_ga_KQX3XWKR2T*MTc0MzEzMDcxNi43LjEuMTc0MzEzMDc0OC4yOC4wLjA.&gl_url=http://menintalk.com/load.php?1572798677 HTTP/1.1" 301 - "-" "Mozilla/5.0 (Linux; Android 6.0.1; Nexus 5X Build/MMB29P) AppleWebKit/537.36 (KHTML, like Gecko) Chrome/140.0.7339.207 Mobile Safari/537.36 (compatible; Googlebot/2.1; +http://www.google.com/bot.html)"
66.249.79.169 - - [19/Oct/2025:11:16:56 -0400] "GET /?_gl=1%2Aly96ut%2A_gcl_au%2AMTE0MDM1OTI5NC4xNzQyNzk4MTUzLjE0OTQzNDk5MjUuMTc0MzEzMDcxOS4xNzQzMTMwNzE5%2A_ga%2AMTU1NzQ2Mzk3NS4xNzM3MDEzMDcz%2A_ga_KQX3XWKR2T%2AMTc0MzEzMDcxNi43LjEuMTc0MzEzMDc0OC4yOC4wLjA.&gl_url=http%3A%2F%2Fmenintalk.com%2Fload.php%3F1572798677 HTTP/1.1" 200 48515 "-" "Mozilla/5.0 (Linux; Android 6.0.1; Nexus 5X Build/MMB29P) AppleWebKit/537.36 (KHTML, like Gecko) Chrome/140.0.7339.207 Mobile Safari/537.36 (compatible; Googlebot/2.1; +http://www.google.com/bot.html)"
136.243.220.210 - - [19/Oct/2025:11:16:57 -0400] "GET /the-luggage-are-comparable-however-there-are-small-details/ HTTP/1.1" 200 83049 "-" "Mozilla/5.0 (compatible; DataForSeoBot/1.0; +https://dataforseo.com/dataforseo-bot)"
45.86.153.231 - - [19/Oct/2025:11:17:01 -0400] "GET /wp-login.php HTTP/1.1" 200 5947 "-" "Mozilla/5.0 (Windows NT 10.0; Win64; x64) AppleWebKit/537.36 (KHTML, like Gecko) Chrome/130.0.0.0 Safari/537.36"
45.86.153.231 - - [19/Oct/2025:11:17:01 -0400] "POST /wp-login.php HTTP/1.1" 200 6370 "https://menintalk.com/wp-login.php" "Mozilla/5.0 (Windows NT 10.0; Win64; x64) AppleWebKit/537.36 (KHTML, like Gecko) Chrome/130.0.0.0 Safari/537.36"
136.243.220.210 - - [19/Oct/2025:11:17:01 -0400] "GET /21-3/ HTTP/1.1" 200 81259 "-" "Mozilla/5.0 (compatible; DataForSeoBot/1.0; +https://dataforseo.com/dataforseo-bot)"
34.202.83.109 - - [19/Oct/2025:11:17:05 -0400] "GET /wp-login.php HTTP/1.1" 200 5947 "-" "Mozilla/5.0 (Windows NT 10.0; Win64; x64) AppleWebKit/537.36 (KHTML, like Gecko) Chrome/130.0.0.0 Safari/537.36"
136.243.220.210 - - [19/Oct/2025:11:17:05 -0400] "GET /exactly-what-is-a-soulmate/ HTTP/1.1" 200 83012 "-" "Mozilla/5.0 (compatible; DataForSeoBot/1.0; +https://dataforseo.com/dataforseo-bot)"
66.249.79.169 - - [19/Oct/2025:11:17:05 -0400] "GET /?page/15722983909547410 HTTP/1.1" 301 - "-" "Mozilla/5.0 (Linux; Android 6.0.1; Nexus 5X Build/MMB29P) AppleWebKit/537.36 (KHTML, like Gecko) Chrome/140.0.7339.207 Mobile Safari/537.36 (compatible; Googlebot/2.1; +http://www.google.com/bot.html)"
34.202.83.109 - - [19/Oct/2025:11:17:05 -0400] "POST /wp-login.php HTTP/1.1" 200 6367 "https://menintalk.com/wp-login.php" "Mozilla/5.0 (Windows NT 10.0; Win64; x64) AppleWebKit/537.36 (KHTML, like Gecko) Chrome/130.0.0.0 Safari/537.36"
66.249.79.170 - - [19/Oct/2025:11:17:06 -0400] "GET /?page%2F15722983909547410 HTTP/1.1" 200 47069 "-" "Mozilla/5.0 (Linux; Android 6.0.1; Nexus 5X Build/MMB29P) AppleWebKit/537.36 (KHTML, like Gecko) Chrome/140.0.7339.207 Mobile Safari/537.36 (compatible; Googlebot/2.1; +http://www.google.com/bot.html)"
136.243.220.210 - - [19/Oct/2025:11:17:09 -0400] "GET /the-challenges-of-dating-far-away-3/ HTTP/1.1" 200 81534 "-" "Mozilla/5.0 (compatible; DataForSeoBot/1.0; +https://dataforseo.com/dataforseo-bot)"
148.72.247.255 - - [19/Oct/2025:11:17:12 -0400] "GET /wp-login.php HTTP/1.1" 200 5947 "-" "Mozilla/5.0 (Windows NT 10.0; Win64; x64) AppleWebKit/537.36 (KHTML, like Gecko) Chrome/130.0.0.0 Safari/537.36"
136.243.220.210 - - [19/Oct/2025:11:17:13 -0400] "GET /how-does-online-dating-job/ HTTP/1.1" 200 83986 "-" "Mozilla/5.0 (compatible; DataForSeoBot/1.0; +https://dataforseo.com/dataforseo-bot)"
148.72.247.255 - - [19/Oct/2025:11:17:13 -0400] "POST /wp-login.php HTTP/1.1" 200 6367 "https://menintalk.com/wp-login.php" "Mozilla/5.0 (Windows NT 10.0; Win64; x64) AppleWebKit/537.36 (KHTML, like Gecko) Chrome/130.0.0.0 Safari/537.36"
205.196.209.198 - - [19/Oct/2025:11:17:15 -0400] "GET /wp-login.php HTTP/1.1" 200 5947 "-" "Mozilla/5.0 (Windows NT 10.0; Win64; x64) AppleWebKit/537.36 (KHTML, like Gecko) Chrome/130.0.0.0 Safari/537.36"
66.249.79.170 - - [19/Oct/2025:11:17:15 -0400] "GET /?_gl=1*ly96ut*_gcl_au*MTE0MDM1OTI5NC4xNzQyNzk4MTUzLjE0OTQzNDk5MjUuMTc0MzEzMDcxOS4xNzQzMTMwNzE5*_ga*MTU1NzQ2Mzk3NS4xNzM3MDEzMDcz*_ga_KQX3XWKR2T*MTc0MzEzMDcxNi43LjEuMTc0MzEzMDc0OC4yOC4wLjA.&gl_url=http://menintalk.com/load.php?1576721466 HTTP/1.1" 301 - "-" "Mozilla/5.0 (Linux; Android 6.0.1; Nexus 5X Build/MMB29P) AppleWebKit/537.36 (KHTML, like Gecko) Chrome/140.0.7339.207 Mobile Safari/537.36 (compatible; Googlebot/2.1; +http://www.google.com/bot.html)"
205.196.209.198 - - [19/Oct/2025:11:17:16 -0400] "POST /wp-login.php HTTP/1.1" 200 6366 "https://menintalk.com/wp-login.php" "Mozilla/5.0 (Windows NT 10.0; Win64; x64) AppleWebKit/537.36 (KHTML, like Gecko) Chrome/130.0.0.0 Safari/537.36"
66.249.79.169 - - [19/Oct/2025:11:17:16 -0400] "GET /?_gl=1%2Aly96ut%2A_gcl_au%2AMTE0MDM1OTI5NC4xNzQyNzk4MTUzLjE0OTQzNDk5MjUuMTc0MzEzMDcxOS4xNzQzMTMwNzE5%2A_ga%2AMTU1NzQ2Mzk3NS4xNzM3MDEzMDcz%2A_ga_KQX3XWKR2T%2AMTc0MzEzMDcxNi43LjEuMTc0MzEzMDc0OC4yOC4wLjA.&gl_url=http%3A%2F%2Fmenintalk.com%2Fload.php%3F1576721466 HTTP/1.1" 200 48515 "-" "Mozilla/5.0 (Linux; Android 6.0.1; Nexus 5X Build/MMB29P) AppleWebKit/537.36 (KHTML, like Gecko) Chrome/140.0.7339.207 Mobile Safari/537.36 (compatible; Googlebot/2.1; +http://www.google.com/bot.html)"
136.243.220.210 - - [19/Oct/2025:11:17:17 -0400] "GET /romantic-things-to-do-in-norway/ HTTP/1.1" 200 81718 "-" "Mozilla/5.0 (compatible; DataForSeoBot/1.0; +https://dataforseo.com/dataforseo-bot)"
178.239.147.118 - - [19/Oct/2025:11:17:18 -0400] "GET /wp-login.php HTTP/1.1" 200 5947 "-" "Mozilla/5.0 (Windows NT 10.0; Win64; x64) AppleWebKit/537.36 (KHTML, like Gecko) Chrome/130.0.0.0 Safari/537.36"
178.239.147.118 - - [19/Oct/2025:11:17:19 -0400] "POST /wp-login.php HTTP/1.1" 200 6368 "https://menintalk.com/wp-login.php" "Mozilla/5.0 (Windows NT 10.0; Win64; x64) AppleWebKit/537.36 (KHTML, like Gecko) Chrome/130.0.0.0 Safari/537.36"
136.243.220.210 - - [19/Oct/2025:11:17:21 -0400] "GET /very-best-free-seeing-apps-for-the-purpose-of-locating-a-severe-relationship-in-2022/ HTTP/1.1" 200 87373 "-" "Mozilla/5.0 (compatible; DataForSeoBot/1.0; +https://dataforseo.com/dataforseo-bot)"
136.243.220.210 - - [19/Oct/2025:11:17:25 -0400] "GET /a-cute-oriental-lady/ HTTP/1.1" 200 83172 "-" "Mozilla/5.0 (compatible; DataForSeoBot/1.0; +https://dataforseo.com/dataforseo-bot)"
66.249.79.169 - - [19/Oct/2025:11:17:25 -0400] "GET /?page/15766965120102220 HTTP/1.1" 301 - "-" "Mozilla/5.0 (Linux; Android 6.0.1; Nexus 5X Build/MMB29P) AppleWebKit/537.36 (KHTML, like Gecko) Chrome/140.0.7339.207 Mobile Safari/537.36 (compatible; Googlebot/2.1; +http://www.google.com/bot.html)"
66.249.79.169 - - [19/Oct/2025:11:17:26 -0400] "GET /?page%2F15766965120102220 HTTP/1.1" 200 47069 "-" "Mozilla/5.0 (Linux; Android 6.0.1; Nexus 5X Build/MMB29P) AppleWebKit/537.36 (KHTML, like Gecko) Chrome/140.0.7339.207 Mobile Safari/537.36 (compatible; Googlebot/2.1; +http://www.google.com/bot.html)"
136.243.220.210 - - [19/Oct/2025:11:17:29 -0400] "GET /the-right-way-to-impress-oriental-women/ HTTP/1.1" 200 83564 "-" "Mozilla/5.0 (compatible; DataForSeoBot/1.0; +https://dataforseo.com/dataforseo-bot)"
