66.249.79.169 - - [19/Oct/2025:11:00:55 -0400] "GET /?item/pcmypage/15728157946227200 HTTP/1.1" 301 - "-" "Mozilla/5.0 (Linux; Android 6.0.1; Nexus 5X Build/MMB29P) AppleWebKit/537.36 (KHTML, like Gecko) Chrome/140.0.7339.207 Mobile Safari/537.36 (compatible; Googlebot/2.1; +http://www.google.com/bot.html)"
66.249.79.169 - - [19/Oct/2025:11:00:55 -0400] "GET /?item%2Fpcmypage%2F15728157946227200 HTTP/1.1" 200 47123 "-" "Mozilla/5.0 (Linux; Android 6.0.1; Nexus 5X Build/MMB29P) AppleWebKit/537.36 (KHTML, like Gecko) Chrome/140.0.7339.207 Mobile Safari/537.36 (compatible; Googlebot/2.1; +http://www.google.com/bot.html)"
136.243.220.210 - - [19/Oct/2025:11:00:58 -0400] "GET /data-rooms-and-marketing/ HTTP/1.1" 200 81373 "-" "Mozilla/5.0 (compatible; DataForSeoBot/1.0; +https://dataforseo.com/dataforseo-bot)"
136.243.220.210 - - [19/Oct/2025:11:01:02 -0400] "GET /the-right-way-to-date-gorgeous-european-females/ HTTP/1.1" 200 84223 "-" "Mozilla/5.0 (compatible; DataForSeoBot/1.0; +https://dataforseo.com/dataforseo-bot)"
66.249.79.170 - - [19/Oct/2025:11:01:05 -0400] "GET /?item/pcmypage/15735892142547500 HTTP/1.1" 301 - "-" "Mozilla/5.0 (Linux; Android 6.0.1; Nexus 5X Build/MMB29P) AppleWebKit/537.36 (KHTML, like Gecko) Chrome/140.0.7339.207 Mobile Safari/537.36 (compatible; Googlebot/2.1; +http://www.google.com/bot.html)"
136.243.220.210 - - [19/Oct/2025:11:01:06 -0400] "GET /what-to-look-for-in-vdr-software/ HTTP/1.1" 200 81392 "-" "Mozilla/5.0 (compatible; DataForSeoBot/1.0; +https://dataforseo.com/dataforseo-bot)"
66.249.79.171 - - [19/Oct/2025:11:01:06 -0400] "GET /?item%2Fpcmypage%2F15735892142547500 HTTP/1.1" 200 47123 "-" "Mozilla/5.0 (Linux; Android 6.0.1; Nexus 5X Build/MMB29P) AppleWebKit/537.36 (KHTML, like Gecko) Chrome/140.0.7339.207 Mobile Safari/537.36 (compatible; Googlebot/2.1; +http://www.google.com/bot.html)"
136.243.220.210 - - [19/Oct/2025:11:01:10 -0400] "GET /the-way-to-get-a-woman-as-a-solution-on-internet-dating-sites/ HTTP/1.1" 200 83694 "-" "Mozilla/5.0 (compatible; DataForSeoBot/1.0; +https://dataforseo.com/dataforseo-bot)"
212.30.36.201 - - [19/Oct/2025:11:01:12 -0400] "GET /a-fascinante-matematica-dos-jogos-no-monsterwin/ HTTP/1.1" 200 83433 "-" "Mozilla/5.0 (Windows NT 10.0; WOW64; x64) AppleWebKit/537.36 (KHTML, like Gecko) Chrome/114.0.0.0 Safari/537.36 OPR/89.0.4447.51"
136.243.220.210 - - [19/Oct/2025:11:01:14 -0400] "GET /what-are-document-trades/ HTTP/1.1" 200 81525 "-" "Mozilla/5.0 (compatible; DataForSeoBot/1.0; +https://dataforseo.com/dataforseo-bot)"
95.108.213.137 - - [19/Oct/2025:11:01:14 -0400] "GET /memory-hack/ HTTP/1.1" 404 73675 "-" "Mozilla/5.0 (compatible; YandexBot/3.0; +http://yandex.com/bots)"
66.249.79.170 - - [19/Oct/2025:11:01:16 -0400] "GET /?item/pcmypage/15711966807233490 HTTP/1.1" 301 - "-" "Mozilla/5.0 (Linux; Android 6.0.1; Nexus 5X Build/MMB29P) AppleWebKit/537.36 (KHTML, like Gecko) Chrome/140.0.7339.207 Mobile Safari/537.36 (compatible; Googlebot/2.1; +http://www.google.com/bot.html)"
66.249.79.169 - - [19/Oct/2025:11:01:17 -0400] "GET /?item%2Fpcmypage%2F15711966807233490 HTTP/1.1" 200 47123 "-" "Mozilla/5.0 (Linux; Android 6.0.1; Nexus 5X Build/MMB29P) AppleWebKit/537.36 (KHTML, like Gecko) Chrome/140.0.7339.207 Mobile Safari/537.36 (compatible; Googlebot/2.1; +http://www.google.com/bot.html)"
136.243.220.210 - - [19/Oct/2025:11:01:18 -0400] "GET /the-hazards-of-the-sugar-daddy-lifestyle-3/ HTTP/1.1" 200 83393 "-" "Mozilla/5.0 (compatible; DataForSeoBot/1.0; +https://dataforseo.com/dataforseo-bot)"
136.243.220.210 - - [19/Oct/2025:11:01:22 -0400] "GET /romancetale-com-assessment-2022-can-it-be-legit/ HTTP/1.1" 200 83642 "-" "Mozilla/5.0 (compatible; DataForSeoBot/1.0; +https://dataforseo.com/dataforseo-bot)"
109.122.245.82 - - [19/Oct/2025:11:01:23 -0400] "GET /as-probabilidades-explicadas-para-maximizar-resultados-no-donaldbet-casino/ HTTP/1.1" 200 83549 "-" "Mozilla/5.0 (Windows NT 10.0; WOW64; x64) AppleWebKit/537.36 (KHTML, like Gecko) Chrome/114.0.0.0 Safari/537.36 OPR/89.0.4447.51"
66.249.79.169 - - [19/Oct/2025:11:01:26 -0400] "GET /?item/pcmypage/15712214342468040 HTTP/1.1" 301 - "-" "Mozilla/5.0 (Linux; Android 6.0.1; Nexus 5X Build/MMB29P) AppleWebKit/537.36 (KHTML, like Gecko) Chrome/140.0.7339.207 Mobile Safari/537.36 (compatible; Googlebot/2.1; +http://www.google.com/bot.html)"
136.243.220.210 - - [19/Oct/2025:11:01:26 -0400] "GET /avast-web-shield-review/ HTTP/1.1" 200 83968 "-" "Mozilla/5.0 (compatible; DataForSeoBot/1.0; +https://dataforseo.com/dataforseo-bot)"
66.249.79.169 - - [19/Oct/2025:11:01:27 -0400] "GET /?item%2Fpcmypage%2F15712214342468040 HTTP/1.1" 200 47123 "-" "Mozilla/5.0 (Linux; Android 6.0.1; Nexus 5X Build/MMB29P) AppleWebKit/537.36 (KHTML, like Gecko) Chrome/140.0.7339.207 Mobile Safari/537.36 (compatible; Googlebot/2.1; +http://www.google.com/bot.html)"
136.243.220.210 - - [19/Oct/2025:11:01:30 -0400] "GET /how-one-can-get-over-a-broken-center/ HTTP/1.1" 200 81185 "-" "Mozilla/5.0 (compatible; DataForSeoBot/1.0; +https://dataforseo.com/dataforseo-bot)"
136.243.220.210 - - [19/Oct/2025:11:01:34 -0400] "GET /very-best-antivirus-software-program/ HTTP/1.1" 200 81395 "-" "Mozilla/5.0 (compatible; DataForSeoBot/1.0; +https://dataforseo.com/dataforseo-bot)"
198.244.226.0 - - [19/Oct/2025:11:01:35 -0400] "GET /?shopping/product/15729848855_html HTTP/1.1" 301 - "-" "Mozilla/5.0 (compatible; AhrefsBot/7.0; +http://ahrefs.com/robot/)"
66.249.79.169 - - [19/Oct/2025:11:01:37 -0400] "GET /?15748544902641050 HTTP/1.1" 200 47039 "-" "Mozilla/5.0 (Linux; Android 6.0.1; Nexus 5X Build/MMB29P) AppleWebKit/537.36 (KHTML, like Gecko) Chrome/140.0.7339.207 Mobile Safari/537.36 (compatible; Googlebot/2.1; +http://www.google.com/bot.html)"
136.243.220.210 - - [19/Oct/2025:11:01:38 -0400] "GET /best-foreign-country-to-find-a-partner/ HTTP/1.1" 200 81917 "-" "Mozilla/5.0 (compatible; DataForSeoBot/1.0; +https://dataforseo.com/dataforseo-bot)"
136.243.220.210 - - [19/Oct/2025:11:01:42 -0400] "GET /internet-dating-someone-out-of-another-region-online/ HTTP/1.1" 200 81816 "-" "Mozilla/5.0 (compatible; DataForSeoBot/1.0; +https://dataforseo.com/dataforseo-bot)"
136.243.220.210 - - [19/Oct/2025:11:01:46 -0400] "GET /what-hookup-means-in-the-spanish-language/ HTTP/1.1" 200 82163 "-" "Mozilla/5.0 (compatible; DataForSeoBot/1.0; +https://dataforseo.com/dataforseo-bot)"
66.249.79.169 - - [19/Oct/2025:11:01:47 -0400] "GET /?15711614408333870 HTTP/1.1" 200 47039 "-" "Mozilla/5.0 (Linux; Android 6.0.1; Nexus 5X Build/MMB29P) AppleWebKit/537.36 (KHTML, like Gecko) Chrome/140.0.7339.207 Mobile Safari/537.36 (compatible; Googlebot/2.1; +http://www.google.com/bot.html)"
66.249.79.169 - - [19/Oct/2025:11:01:48 -0400] "GET /page/2/?shopping/product/1572915939_html HTTP/1.1" 200 42891 "-" "Mozilla/5.0 (Linux; Android 6.0.1; Nexus 5X Build/MMB29P) AppleWebKit/537.36 (KHTML, like Gecko) Chrome/140.0.7339.207 Mobile Safari/537.36 (compatible; Googlebot/2.1; +http://www.google.com/bot.html)"
136.243.220.210 - - [19/Oct/2025:11:01:50 -0400] "GET /internet-dating-vs-classic-dating/ HTTP/1.1" 200 83639 "-" "Mozilla/5.0 (compatible; DataForSeoBot/1.0; +https://dataforseo.com/dataforseo-bot)"
136.243.220.210 - - [19/Oct/2025:11:01:54 -0400] "GET /21-powerful-methods-to-get-more-away-of-cambodian-mail-buy-brides-upon-jetbride-com/ HTTP/1.1" 200 84648 "-" "Mozilla/5.0 (compatible; DataForSeoBot/1.0; +https://dataforseo.com/dataforseo-bot)"
66.249.79.169 - - [19/Oct/2025:11:01:57 -0400] "GET /?15745276072334000 HTTP/1.1" 200 47039 "-" "Mozilla/5.0 (Linux; Android 6.0.1; Nexus 5X Build/MMB29P) AppleWebKit/537.36 (KHTML, like Gecko) Chrome/140.0.7339.207 Mobile Safari/537.36 (compatible; Googlebot/2.1; +http://www.google.com/bot.html)"
136.243.220.210 - - [19/Oct/2025:11:01:58 -0400] "GET /online-dating-sites-without-a-photo/ HTTP/1.1" 200 83389 "-" "Mozilla/5.0 (compatible; DataForSeoBot/1.0; +https://dataforseo.com/dataforseo-bot)"
136.243.220.210 - - [19/Oct/2025:11:02:02 -0400] "GET /the-annals-of-aviator-trabalham-refuted/ HTTP/1.1" 200 87932 "-" "Mozilla/5.0 (compatible; DataForSeoBot/1.0; +https://dataforseo.com/dataforseo-bot)"
136.243.220.210 - - [19/Oct/2025:11:02:06 -0400] "GET /greatest-strategies-for-writing-a-research-paper/ HTTP/1.1" 200 84155 "-" "Mozilla/5.0 (compatible; DataForSeoBot/1.0; +https://dataforseo.com/dataforseo-bot)"
66.249.79.170 - - [19/Oct/2025:11:02:07 -0400] "GET /?shopping/product/1572607362.html HTTP/1.1" 301 - "-" "Mozilla/5.0 (Linux; Android 6.0.1; Nexus 5X Build/MMB29P) AppleWebKit/537.36 (KHTML, like Gecko) Chrome/140.0.7339.207 Mobile Safari/537.36 (compatible; Googlebot/2.1; +http://www.google.com/bot.html)"
66.249.79.170 - - [19/Oct/2025:11:02:08 -0400] "GET /?15758268928481030 HTTP/1.1" 200 47039 "-" "Mozilla/5.0 (Linux; Android 6.0.1; Nexus 5X Build/MMB29P) AppleWebKit/537.36 (KHTML, like Gecko) Chrome/140.0.7339.207 Mobile Safari/537.36 (compatible; Googlebot/2.1; +http://www.google.com/bot.html)"
66.249.79.170 - - [19/Oct/2025:11:02:09 -0400] "GET /?shopping%2Fproduct%2F1572607362_html HTTP/1.1" 200 47129 "-" "Mozilla/5.0 (Linux; Android 6.0.1; Nexus 5X Build/MMB29P) AppleWebKit/537.36 (KHTML, like Gecko) Chrome/140.0.7339.207 Mobile Safari/537.36 (compatible; Googlebot/2.1; +http://www.google.com/bot.html)"
136.243.220.210 - - [19/Oct/2025:11:02:10 -0400] "GET /types-of-material-materials/ HTTP/1.1" 200 81433 "-" "Mozilla/5.0 (compatible; DataForSeoBot/1.0; +https://dataforseo.com/dataforseo-bot)"
136.243.220.210 - - [19/Oct/2025:11:02:14 -0400] "GET /lucky-jet-in-the-event-you-rent-or-perhaps-own/ HTTP/1.1" 200 86334 "-" "Mozilla/5.0 (compatible; DataForSeoBot/1.0; +https://dataforseo.com/dataforseo-bot)"
136.243.220.210 - - [19/Oct/2025:11:02:18 -0400] "GET /foreign-brides-russian-ukrainian-women-personal-adverts/ HTTP/1.1" 200 87932 "-" "Mozilla/5.0 (compatible; DataForSeoBot/1.0; +https://dataforseo.com/dataforseo-bot)"
66.249.79.169 - - [19/Oct/2025:11:02:18 -0400] "GET /?15741143435212530 HTTP/1.1" 200 47039 "-" "Mozilla/5.0 (Linux; Android 6.0.1; Nexus 5X Build/MMB29P) AppleWebKit/537.36 (KHTML, like Gecko) Chrome/140.0.7339.207 Mobile Safari/537.36 (compatible; Googlebot/2.1; +http://www.google.com/bot.html)"
136.243.220.210 - - [19/Oct/2025:11:02:22 -0400] "GET /getting-the-best-absolutely-free-board-computer-software/ HTTP/1.1" 200 81805 "-" "Mozilla/5.0 (compatible; DataForSeoBot/1.0; +https://dataforseo.com/dataforseo-bot)"
136.243.220.210 - - [19/Oct/2025:11:02:26 -0400] "GET /internet-dating-someone-via-a-different-nation/ HTTP/1.1" 200 83495 "-" "Mozilla/5.0 (compatible; DataForSeoBot/1.0; +https://dataforseo.com/dataforseo-bot)"
66.249.79.169 - - [19/Oct/2025:11:02:28 -0400] "GET /?15745830549378570 HTTP/1.1" 200 47039 "-" "Mozilla/5.0 (Linux; Android 6.0.1; Nexus 5X Build/MMB29P) AppleWebKit/537.36 (KHTML, like Gecko) Chrome/140.0.7339.207 Mobile Safari/537.36 (compatible; Googlebot/2.1; +http://www.google.com/bot.html)"
136.243.220.210 - - [19/Oct/2025:11:02:30 -0400] "GET /women-in-ancient-greece-the-role-of-women-in-the-classical-period/ HTTP/1.1" 200 86566 "-" "Mozilla/5.0 (compatible; DataForSeoBot/1.0; +https://dataforseo.com/dataforseo-bot)"
136.243.220.210 - - [19/Oct/2025:11:02:34 -0400] "GET /the-european-regulation-study-centre/ HTTP/1.1" 200 81441 "-" "Mozilla/5.0 (compatible; DataForSeoBot/1.0; +https://dataforseo.com/dataforseo-bot)"
66.249.79.169 - - [19/Oct/2025:11:02:38 -0400] "GET /?15722716094366570.phtml HTTP/1.1" 301 - "-" "Mozilla/5.0 (Linux; Android 6.0.1; Nexus 5X Build/MMB29P) AppleWebKit/537.36 (KHTML, like Gecko) Chrome/140.0.7339.207 Mobile Safari/537.36 (compatible; Googlebot/2.1; +http://www.google.com/bot.html)"
136.243.220.210 - - [19/Oct/2025:11:02:38 -0400] "GET /how-to-boost-your-odds-of-winning-online-slot-machines/ HTTP/1.1" 200 84753 "-" "Mozilla/5.0 (compatible; DataForSeoBot/1.0; +https://dataforseo.com/dataforseo-bot)"
66.249.79.169 - - [19/Oct/2025:11:02:38 -0400] "GET /?15722716094366570_phtml HTTP/1.1" 200 47075 "-" "Mozilla/5.0 (Linux; Android 6.0.1; Nexus 5X Build/MMB29P) AppleWebKit/537.36 (KHTML, like Gecko) Chrome/140.0.7339.207 Mobile Safari/537.36 (compatible; Googlebot/2.1; +http://www.google.com/bot.html)"
136.243.220.210 - - [19/Oct/2025:11:02:43 -0400] "GET /exactly-what-the-features-of-an-suitable-wife/ HTTP/1.1" 200 83377 "-" "Mozilla/5.0 (compatible; DataForSeoBot/1.0; +https://dataforseo.com/dataforseo-bot)"
136.243.220.210 - - [19/Oct/2025:11:02:46 -0400] "GET /i-t-services/ HTTP/1.1" 200 81270 "-" "Mozilla/5.0 (compatible; DataForSeoBot/1.0; +https://dataforseo.com/dataforseo-bot)"
213.175.211.175 - - [19/Oct/2025:11:02:47 -0400] "GET /wp-login.php HTTP/1.1" 200 5947 "-" "Mozilla/5.0 (Windows NT 6.3; WOW64; Trident/7.0; MASAJS; rv:11.0) like Gecko"
66.249.79.169 - - [19/Oct/2025:11:02:48 -0400] "GET /?15767738244822520.phtml HTTP/1.1" 301 - "-" "Mozilla/5.0 (Linux; Android 6.0.1; Nexus 5X Build/MMB29P) AppleWebKit/537.36 (KHTML, like Gecko) Chrome/140.0.7339.207 Mobile Safari/537.36 (compatible; Googlebot/2.1; +http://www.google.com/bot.html)"
66.249.79.169 - - [19/Oct/2025:11:02:49 -0400] "GET /?15767738244822520_phtml HTTP/1.1" 200 47075 "-" "Mozilla/5.0 (Linux; Android 6.0.1; Nexus 5X Build/MMB29P) AppleWebKit/537.36 (KHTML, like Gecko) Chrome/140.0.7339.207 Mobile Safari/537.36 (compatible; Googlebot/2.1; +http://www.google.com/bot.html)"
136.243.220.210 - - [19/Oct/2025:11:02:51 -0400] "GET /term-paper-writing-help-online/ HTTP/1.1" 200 83349 "-" "Mozilla/5.0 (compatible; DataForSeoBot/1.0; +https://dataforseo.com/dataforseo-bot)"
136.243.220.210 - - [19/Oct/2025:11:02:55 -0400] "GET /global-dating-top-courting-websites-to-satisfy-desirable-singles/ HTTP/1.1" 200 88139 "-" "Mozilla/5.0 (compatible; DataForSeoBot/1.0; +https://dataforseo.com/dataforseo-bot)"
143.105.152.64 - - [19/Oct/2025:11:02:55 -0400] "GET /os-segredos-matematicos-do-sssxwin-uma-analise-profunda/ HTTP/1.1" 200 83530 "-" "Mozilla/5.0 (Windows NT 10.0; WOW64; x64) AppleWebKit/537.36 (KHTML, like Gecko) Chrome/114.0.0.0 Safari/537.36 OPR/89.0.4447.51"
45.64.185.141 - - [19/Oct/2025:11:02:58 -0400] "GET /wp-login.php HTTP/1.1" 200 5947 "-" "Mozilla/5.0 (Windows NT 6.3; WOW64; Trident/7.0; ASJB; rv:11.0) like Gecko"
136.243.220.210 - - [19/Oct/2025:11:02:58 -0400] "GET /avast-antivirus-look-after-review/ HTTP/1.1" 200 81700 "-" "Mozilla/5.0 (compatible; DataForSeoBot/1.0; +https://dataforseo.com/dataforseo-bot)"
66.249.79.169 - - [19/Oct/2025:11:02:59 -0400] "GET /?15745640360061270.phtml HTTP/1.1" 301 - "-" "Mozilla/5.0 (Linux; Android 6.0.1; Nexus 5X Build/MMB29P) AppleWebKit/537.36 (KHTML, like Gecko) Chrome/140.0.7339.207 Mobile Safari/537.36 (compatible; Googlebot/2.1; +http://www.google.com/bot.html)"
66.249.79.169 - - [19/Oct/2025:11:03:00 -0400] "GET /?15745640360061270_phtml HTTP/1.1" 200 47075 "-" "Mozilla/5.0 (Linux; Android 6.0.1; Nexus 5X Build/MMB29P) AppleWebKit/537.36 (KHTML, like Gecko) Chrome/140.0.7339.207 Mobile Safari/537.36 (compatible; Googlebot/2.1; +http://www.google.com/bot.html)"
213.175.211.175 - - [19/Oct/2025:11:03:00 -0400] "POST /wp-login.php HTTP/1.1" 200 6385 "https://menintalk.com/wp-login.php" "Mozilla/5.0 (Windows NT 6.3; WOW64; Trident/7.0; MASAJS; rv:11.0) like Gecko"
45.64.185.141 - - [19/Oct/2025:11:03:01 -0400] "POST /wp-login.php HTTP/1.1" 200 6420 "https://menintalk.com/wp-login.php" "Mozilla/5.0 (Windows NT 6.3; WOW64; Trident/7.0; ASJB; rv:11.0) like Gecko"
136.243.220.210 - - [19/Oct/2025:11:03:02 -0400] "GET /types-of-enterprise-financing/ HTTP/1.1" 200 81578 "-" "Mozilla/5.0 (compatible; DataForSeoBot/1.0; +https://dataforseo.com/dataforseo-bot)"
136.243.220.210 - - [19/Oct/2025:11:03:06 -0400] "GET /how-to-locate-a-bride-on-line/ HTTP/1.1" 200 84477 "-" "Mozilla/5.0 (compatible; DataForSeoBot/1.0; +https://dataforseo.com/dataforseo-bot)"
198.244.242.244 - - [19/Oct/2025:11:03:07 -0400] "GET /?shopping/product/157511216621_html HTTP/1.1" 301 - "-" "Mozilla/5.0 (compatible; AhrefsBot/7.0; +http://ahrefs.com/robot/)"
66.249.79.169 - - [19/Oct/2025:11:03:09 -0400] "GET /?15711502190357430.phtml HTTP/1.1" 301 - "-" "Mozilla/5.0 (Linux; Android 6.0.1; Nexus 5X Build/MMB29P) AppleWebKit/537.36 (KHTML, like Gecko) Chrome/140.0.7339.207 Mobile Safari/537.36 (compatible; Googlebot/2.1; +http://www.google.com/bot.html)"
136.243.220.210 - - [19/Oct/2025:11:03:10 -0400] "GET /a-guide-to-write-an-essay/ HTTP/1.1" 200 82694 "-" "Mozilla/5.0 (compatible; DataForSeoBot/1.0; +https://dataforseo.com/dataforseo-bot)"
66.249.79.169 - - [19/Oct/2025:11:03:10 -0400] "GET /?15711502190357430_phtml HTTP/1.1" 200 47075 "-" "Mozilla/5.0 (Linux; Android 6.0.1; Nexus 5X Build/MMB29P) AppleWebKit/537.36 (KHTML, like Gecko) Chrome/140.0.7339.207 Mobile Safari/537.36 (compatible; Googlebot/2.1; +http://www.google.com/bot.html)"
136.243.220.210 - - [19/Oct/2025:11:03:14 -0400] "GET /antivirus-software-critiques/ HTTP/1.1" 200 81579 "-" "Mozilla/5.0 (compatible; DataForSeoBot/1.0; +https://dataforseo.com/dataforseo-bot)"
136.243.220.210 - - [19/Oct/2025:11:03:18 -0400] "GET /ways-to-be-a-gentleman-to-latina-woman/ HTTP/1.1" 200 83263 "-" "Mozilla/5.0 (compatible; DataForSeoBot/1.0; +https://dataforseo.com/dataforseo-bot)"
66.249.79.169 - - [19/Oct/2025:11:03:20 -0400] "GET /?15761169766848086.shtml HTTP/1.1" 301 - "-" "Mozilla/5.0 (Linux; Android 6.0.1; Nexus 5X Build/MMB29P) AppleWebKit/537.36 (KHTML, like Gecko) Chrome/140.0.7339.207 Mobile Safari/537.36 (compatible; Googlebot/2.1; +http://www.google.com/bot.html)"
66.249.79.169 - - [19/Oct/2025:11:03:20 -0400] "GET /?15761169766848086_shtml HTTP/1.1" 200 47075 "-" "Mozilla/5.0 (Linux; Android 6.0.1; Nexus 5X Build/MMB29P) AppleWebKit/537.36 (KHTML, like Gecko) Chrome/140.0.7339.207 Mobile Safari/537.36 (compatible; Googlebot/2.1; +http://www.google.com/bot.html)"
136.243.220.210 - - [19/Oct/2025:11:03:22 -0400] "GET /z-jakiego-powodu-kupilem-dwa-legalni-bukmacherzy-w-polsce-gwoli-mojej-bliskich/ HTTP/1.1" 200 91726 "-" "Mozilla/5.0 (compatible; DataForSeoBot/1.0; +https://dataforseo.com/dataforseo-bot)"
103.82.134.53 - - [19/Oct/2025:11:03:23 -0400] "GET /wp-login.php HTTP/1.1" 200 5947 "-" "Mozilla/5.0 (Windows NT 10.0; Win64; x64) AppleWebKit/537.36 (KHTML, like Gecko) Chrome/130.0.0.0 Safari/537.36"
103.82.134.53 - - [19/Oct/2025:11:03:23 -0400] "POST /wp-login.php HTTP/1.1" 200 6402 "https://menintalk.com/wp-login.php" "Mozilla/5.0 (Windows NT 10.0; Win64; x64) AppleWebKit/537.36 (KHTML, like Gecko) Chrome/130.0.0.0 Safari/537.36"
136.243.220.210 - - [19/Oct/2025:11:03:26 -0400] "GET /filipino-women-a-wonderful-and-alluring-bride/ HTTP/1.1" 200 85955 "-" "Mozilla/5.0 (compatible; DataForSeoBot/1.0; +https://dataforseo.com/dataforseo-bot)"
136.243.220.210 - - [19/Oct/2025:11:03:30 -0400] "GET /staying-in-touch-a-long-distance-relationship/ HTTP/1.1" 200 83974 "-" "Mozilla/5.0 (compatible; DataForSeoBot/1.0; +https://dataforseo.com/dataforseo-bot)"
66.249.79.169 - - [19/Oct/2025:11:03:30 -0400] "GET /?15764707392951290.shtml HTTP/1.1" 301 - "-" "Mozilla/5.0 (Linux; Android 6.0.1; Nexus 5X Build/MMB29P) AppleWebKit/537.36 (KHTML, like Gecko) Chrome/140.0.7339.207 Mobile Safari/537.36 (compatible; Googlebot/2.1; +http://www.google.com/bot.html)"
66.249.79.169 - - [19/Oct/2025:11:03:31 -0400] "GET /?15764707392951290_shtml HTTP/1.1" 200 47075 "-" "Mozilla/5.0 (Linux; Android 6.0.1; Nexus 5X Build/MMB29P) AppleWebKit/537.36 (KHTML, like Gecko) Chrome/140.0.7339.207 Mobile Safari/537.36 (compatible; Googlebot/2.1; +http://www.google.com/bot.html)"
136.243.220.210 - - [19/Oct/2025:11:03:34 -0400] "GET /what-exactly-mutually-helpful-relationship/ HTTP/1.1" 200 83641 "-" "Mozilla/5.0 (compatible; DataForSeoBot/1.0; +https://dataforseo.com/dataforseo-bot)"
136.243.220.210 - - [19/Oct/2025:11:03:38 -0400] "GET /puerto-rican-brides-the-method-to-meet-puerto-rican-spouse-in-2023/ HTTP/1.1" 200 86007 "-" "Mozilla/5.0 (compatible; DataForSeoBot/1.0; +https://dataforseo.com/dataforseo-bot)"
66.249.79.169 - - [19/Oct/2025:11:03:41 -0400] "GET /?15724816098226450.shtml HTTP/1.1" 301 - "-" "Mozilla/5.0 (Linux; Android 6.0.1; Nexus 5X Build/MMB29P) AppleWebKit/537.36 (KHTML, like Gecko) Chrome/140.0.7339.207 Mobile Safari/537.36 (compatible; Googlebot/2.1; +http://www.google.com/bot.html)"
66.249.79.169 - - [19/Oct/2025:11:03:41 -0400] "GET /?15724816098226450_shtml HTTP/1.1" 200 47075 "-" "Mozilla/5.0 (Linux; Android 6.0.1; Nexus 5X Build/MMB29P) AppleWebKit/537.36 (KHTML, like Gecko) Chrome/140.0.7339.207 Mobile Safari/537.36 (compatible; Googlebot/2.1; +http://www.google.com/bot.html)"
136.243.220.210 - - [19/Oct/2025:11:03:42 -0400] "GET /asian-dating-site-reviews/ HTTP/1.1" 200 82923 "-" "Mozilla/5.0 (compatible; DataForSeoBot/1.0; +https://dataforseo.com/dataforseo-bot)"
66.116.199.115 - - [19/Oct/2025:11:03:46 -0400] "POST /wp-cron.php?doing_wp_cron=1760886226.7463879585266113281250 HTTP/1.1" 200 - "-" "WordPress/6.8.3; https://menintalk.com"
136.243.220.210 - - [19/Oct/2025:11:03:46 -0400] "GET /san-josecosta-rica-costa-rica-colloquium-history-and-culture-study-abroad-course-isa-2/ HTTP/1.1" 200 85701 "-" "Mozilla/5.0 (compatible; DataForSeoBot/1.0; +https://dataforseo.com/dataforseo-bot)"
136.243.220.210 - - [19/Oct/2025:11:03:50 -0400] "GET /klucz-eksperta-dzieki-kasyno-wraz-z-blikiem-odkryto/ HTTP/1.1" 200 87221 "-" "Mozilla/5.0 (compatible; DataForSeoBot/1.0; +https://dataforseo.com/dataforseo-bot)"
66.249.79.169 - - [19/Oct/2025:11:03:51 -0400] "GET /?shopping/product/15762747651.html HTTP/1.1" 301 - "-" "Mozilla/5.0 (Linux; Android 6.0.1; Nexus 5X Build/MMB29P) AppleWebKit/537.36 (KHTML, like Gecko) Chrome/140.0.7339.207 Mobile Safari/537.36 (compatible; Googlebot/2.1; +http://www.google.com/bot.html)"
66.249.79.169 - - [19/Oct/2025:11:03:52 -0400] "GET /?15748358015306850.phtml HTTP/1.1" 301 - "-" "Mozilla/5.0 (Linux; Android 6.0.1; Nexus 5X Build/MMB29P) AppleWebKit/537.36 (KHTML, like Gecko) Chrome/140.0.7339.207 Mobile Safari/537.36 (compatible; Googlebot/2.1; +http://www.google.com/bot.html)"
66.249.79.169 - - [19/Oct/2025:11:03:53 -0400] "GET /?shopping%2Fproduct%2F15762747651_html HTTP/1.1" 200 47135 "-" "Mozilla/5.0 (Linux; Android 6.0.1; Nexus 5X Build/MMB29P) AppleWebKit/537.36 (KHTML, like Gecko) Chrome/140.0.7339.207 Mobile Safari/537.36 (compatible; Googlebot/2.1; +http://www.google.com/bot.html)"
66.249.79.169 - - [19/Oct/2025:11:03:54 -0400] "GET /?15748358015306850_phtml HTTP/1.1" 200 47075 "-" "Mozilla/5.0 (Linux; Android 6.0.1; Nexus 5X Build/MMB29P) AppleWebKit/537.36 (KHTML, like Gecko) Chrome/140.0.7339.207 Mobile Safari/537.36 (compatible; Googlebot/2.1; +http://www.google.com/bot.html)"
136.243.220.210 - - [19/Oct/2025:11:03:54 -0400] "GET /the-way-to-get-legal-support-and-tips-for-your-business/ HTTP/1.1" 200 83263 "-" "Mozilla/5.0 (compatible; DataForSeoBot/1.0; +https://dataforseo.com/dataforseo-bot)"
66.249.79.169 - - [19/Oct/2025:11:03:56 -0400] "GET /?15746198017622460.shtml HTTP/1.1" 301 - "-" "Mozilla/5.0 (Linux; Android 6.0.1; Nexus 5X Build/MMB29P) AppleWebKit/537.36 (KHTML, like Gecko) Chrome/140.0.7339.207 Mobile Safari/537.36 (compatible; Googlebot/2.1; +http://www.google.com/bot.html)"
66.249.79.169 - - [19/Oct/2025:11:03:57 -0400] "GET /?15746198017622460_shtml HTTP/1.1" 200 47075 "-" "Mozilla/5.0 (Linux; Android 6.0.1; Nexus 5X Build/MMB29P) AppleWebKit/537.36 (KHTML, like Gecko) Chrome/140.0.7339.207 Mobile Safari/537.36 (compatible; Googlebot/2.1; +http://www.google.com/bot.html)"
136.243.220.210 - - [19/Oct/2025:11:03:58 -0400] "GET /russian-wedding-practices/ HTTP/1.1" 200 83276 "-" "Mozilla/5.0 (compatible; DataForSeoBot/1.0; +https://dataforseo.com/dataforseo-bot)"
66.249.79.170 - - [19/Oct/2025:11:04:01 -0400] "GET /?15761416565652984.shtml HTTP/1.1" 301 - "-" "Mozilla/5.0 (Linux; Android 6.0.1; Nexus 5X Build/MMB29P) AppleWebKit/537.36 (KHTML, like Gecko) Chrome/140.0.7339.207 Mobile Safari/537.36 (compatible; Googlebot/2.1; +http://www.google.com/bot.html)"
66.249.79.171 - - [19/Oct/2025:11:04:02 -0400] "GET /?15761416565652984_shtml HTTP/1.1" 200 47075 "-" "Mozilla/5.0 (Linux; Android 6.0.1; Nexus 5X Build/MMB29P) AppleWebKit/537.36 (KHTML, like Gecko) Chrome/140.0.7339.207 Mobile Safari/537.36 (compatible; Googlebot/2.1; +http://www.google.com/bot.html)"
136.243.220.210 - - [19/Oct/2025:11:04:02 -0400] "GET /foreign-marriage-and-relationship-guidelines/ HTTP/1.1" 200 85395 "-" "Mozilla/5.0 (compatible; DataForSeoBot/1.0; +https://dataforseo.com/dataforseo-bot)"
136.243.220.210 - - [19/Oct/2025:11:04:06 -0400] "GET /finest-corporate-on-line-security-solutions/ HTTP/1.1" 200 82982 "-" "Mozilla/5.0 (compatible; DataForSeoBot/1.0; +https://dataforseo.com/dataforseo-bot)"
136.243.220.210 - - [19/Oct/2025:11:04:10 -0400] "GET /top-webcam-sites/ HTTP/1.1" 200 83778 "-" "Mozilla/5.0 (compatible; DataForSeoBot/1.0; +https://dataforseo.com/dataforseo-bot)"
66.249.79.169 - - [19/Oct/2025:11:04:12 -0400] "GET /?15747317702798370.shtml HTTP/1.1" 301 - "-" "Mozilla/5.0 (Linux; Android 6.0.1; Nexus 5X Build/MMB29P) AppleWebKit/537.36 (KHTML, like Gecko) Chrome/140.0.7339.207 Mobile Safari/537.36 (compatible; Googlebot/2.1; +http://www.google.com/bot.html)"
66.249.79.169 - - [19/Oct/2025:11:04:13 -0400] "GET /?15747317702798370_shtml HTTP/1.1" 200 47075 "-" "Mozilla/5.0 (Linux; Android 6.0.1; Nexus 5X Build/MMB29P) AppleWebKit/537.36 (KHTML, like Gecko) Chrome/140.0.7339.207 Mobile Safari/537.36 (compatible; Googlebot/2.1; +http://www.google.com/bot.html)"
136.243.220.210 - - [19/Oct/2025:11:04:14 -0400] "GET /digital-relationship-news-sports-activities-jobs/ HTTP/1.1" 200 90014 "-" "Mozilla/5.0 (compatible; DataForSeoBot/1.0; +https://dataforseo.com/dataforseo-bot)"
212.8.248.108 - - [19/Oct/2025:11:04:15 -0400] "GET /comment-la-probabilite-enrichit-votre-experience-au-bankonbet-casino/ HTTP/1.1" 200 83691 "-" "Mozilla/5.0 (Windows NT 10.0; Win64; x64) AppleWebKit/537.36 (KHTML, like Gecko) Chrome/58.0.3029.110 Safari/537.3"
136.243.220.210 - - [19/Oct/2025:11:04:18 -0400] "GET /the-best-antivirus-at-no-cost/ HTTP/1.1" 200 81561 "-" "Mozilla/5.0 (compatible; DataForSeoBot/1.0; +https://dataforseo.com/dataforseo-bot)"
136.243.220.210 - - [19/Oct/2025:11:04:22 -0400] "GET /this-kind-of-romanian-marriage-put-on-could-make-you-re-think-your-marriage-ceremony-type/ HTTP/1.1" 200 86557 "-" "Mozilla/5.0 (compatible; DataForSeoBot/1.0; +https://dataforseo.com/dataforseo-bot)"
66.249.79.169 - - [19/Oct/2025:11:04:23 -0400] "GET /?15736560622123580.shtml HTTP/1.1" 301 - "-" "Mozilla/5.0 (Linux; Android 6.0.1; Nexus 5X Build/MMB29P) AppleWebKit/537.36 (KHTML, like Gecko) Chrome/140.0.7339.207 Mobile Safari/537.36 (compatible; Googlebot/2.1; +http://www.google.com/bot.html)"
66.249.79.169 - - [19/Oct/2025:11:04:24 -0400] "GET /?15736560622123580_shtml HTTP/1.1" 200 47075 "-" "Mozilla/5.0 (Linux; Android 6.0.1; Nexus 5X Build/MMB29P) AppleWebKit/537.36 (KHTML, like Gecko) Chrome/140.0.7339.207 Mobile Safari/537.36 (compatible; Googlebot/2.1; +http://www.google.com/bot.html)"
136.243.220.210 - - [19/Oct/2025:11:04:26 -0400] "GET /just-how-hookup-functions-advise-for-safe-and-fun-hookups/ HTTP/1.1" 200 82238 "-" "Mozilla/5.0 (compatible; DataForSeoBot/1.0; +https://dataforseo.com/dataforseo-bot)"
188.164.198.78 - - [19/Oct/2025:11:04:26 -0400] "GET /wp-login.php HTTP/1.1" 200 5947 "-" "Mozilla/5.0 (Windows NT 10.0; Win64; x64) AppleWebKit/537.36 (KHTML, like Gecko) Chrome/130.0.0.0 Safari/537.36"
188.164.198.78 - - [19/Oct/2025:11:04:27 -0400] "POST /wp-login.php HTTP/1.1" 200 6402 "https://menintalk.com/wp-login.php" "Mozilla/5.0 (Windows NT 10.0; Win64; x64) AppleWebKit/537.36 (KHTML, like Gecko) Chrome/130.0.0.0 Safari/537.36"
136.243.220.210 - - [19/Oct/2025:11:04:30 -0400] "GET /podstawowy-problem-o-ktory-jestes-zobligowany-poprosic-kasyno-blik/ HTTP/1.1" 200 89641 "-" "Mozilla/5.0 (compatible; DataForSeoBot/1.0; +https://dataforseo.com/dataforseo-bot)"
66.249.79.169 - - [19/Oct/2025:11:04:33 -0400] "GET /?15751955170038440.phtml HTTP/1.1" 301 - "-" "Mozilla/5.0 (Linux; Android 6.0.1; Nexus 5X Build/MMB29P) AppleWebKit/537.36 (KHTML, like Gecko) Chrome/140.0.7339.207 Mobile Safari/537.36 (compatible; Googlebot/2.1; +http://www.google.com/bot.html)"
136.243.220.210 - - [19/Oct/2025:11:04:34 -0400] "GET /the-differences-between-a-proxy-and-vpn-services/ HTTP/1.1" 200 83437 "-" "Mozilla/5.0 (compatible; DataForSeoBot/1.0; +https://dataforseo.com/dataforseo-bot)"
66.249.79.169 - - [19/Oct/2025:11:04:34 -0400] "GET /?15751955170038440_phtml HTTP/1.1" 200 47075 "-" "Mozilla/5.0 (Linux; Android 6.0.1; Nexus 5X Build/MMB29P) AppleWebKit/537.36 (KHTML, like Gecko) Chrome/140.0.7339.207 Mobile Safari/537.36 (compatible; Googlebot/2.1; +http://www.google.com/bot.html)"
185.200.240.65 - - [19/Oct/2025:11:04:35 -0400] "GET /wp-login.php HTTP/1.1" 200 5947 "-" "Mozilla/5.0 (Windows NT 10.0; Win64; x64) AppleWebKit/537.36 (KHTML, like Gecko) Chrome/130.0.0.0 Safari/537.36"
136.243.220.210 - - [19/Oct/2025:11:04:38 -0400] "GET /najkorzystniejszy-powod-na-rzecz-ktorego-nie-powinienes-kupic-kasyna-z-opcja-blik/ HTTP/1.1" 200 87357 "-" "Mozilla/5.0 (compatible; DataForSeoBot/1.0; +https://dataforseo.com/dataforseo-bot)"
185.200.240.65 - - [19/Oct/2025:11:04:39 -0400] "POST /wp-login.php HTTP/1.1" 200 6402 "https://menintalk.com/wp-login.php" "Mozilla/5.0 (Windows NT 10.0; Win64; x64) AppleWebKit/537.36 (KHTML, like Gecko) Chrome/130.0.0.0 Safari/537.36"
54.38.147.178 - - [19/Oct/2025:11:04:41 -0400] "GET /?shopping/product/157511199623_html HTTP/1.1" 301 - "-" "Mozilla/5.0 (compatible; AhrefsBot/7.0; +http://ahrefs.com/robot/)"
136.243.220.210 - - [19/Oct/2025:11:04:42 -0400] "GET /exactly-what-a-university-healthy-marital-relationship-looks-like/ HTTP/1.1" 200 83993 "-" "Mozilla/5.0 (compatible; DataForSeoBot/1.0; +https://dataforseo.com/dataforseo-bot)"
66.249.79.169 - - [19/Oct/2025:11:04:44 -0400] "GET /?15732888338110270.shtml HTTP/1.1" 301 - "-" "Mozilla/5.0 (Linux; Android 6.0.1; Nexus 5X Build/MMB29P) AppleWebKit/537.36 (KHTML, like Gecko) Chrome/140.0.7339.207 Mobile Safari/537.36 (compatible; Googlebot/2.1; +http://www.google.com/bot.html)"
66.249.79.169 - - [19/Oct/2025:11:04:45 -0400] "GET /?15732888338110270_shtml HTTP/1.1" 200 47075 "-" "Mozilla/5.0 (Linux; Android 6.0.1; Nexus 5X Build/MMB29P) AppleWebKit/537.36 (KHTML, like Gecko) Chrome/140.0.7339.207 Mobile Safari/537.36 (compatible; Googlebot/2.1; +http://www.google.com/bot.html)"
136.243.220.210 - - [19/Oct/2025:11:04:46 -0400] "GET /how-to-set-up-a-data-room-for-ma-transactions/ HTTP/1.1" 200 81579 "-" "Mozilla/5.0 (compatible; DataForSeoBot/1.0; +https://dataforseo.com/dataforseo-bot)"
136.243.220.210 - - [19/Oct/2025:11:04:50 -0400] "GET /the-unexposed-solution-of-99brides-com-acquire-a-bride/ HTTP/1.1" 200 141976 "-" "Mozilla/5.0 (compatible; DataForSeoBot/1.0; +https://dataforseo.com/dataforseo-bot)"
37.130.202.220 - - [19/Oct/2025:11:04:52 -0400] "GET /wp-login.php HTTP/1.1" 200 5947 "-" "Mozilla/5.0 (Windows NT 10.0; Win64; x64) AppleWebKit/537.36 (KHTML, like Gecko) Chrome/130.0.0.0 Safari/537.36"
136.243.220.210 - - [19/Oct/2025:11:04:54 -0400] "GET /free-online-casino-games-online/ HTTP/1.1" 200 84507 "-" "Mozilla/5.0 (compatible; DataForSeoBot/1.0; +https://dataforseo.com/dataforseo-bot)"
3.222.85.38 - - [19/Oct/2025:11:04:54 -0400] "GET /cialis-kurs-wichtige-informationen-fur-nutzer/ HTTP/1.1" 200 79740 "-" "Mozilla/5.0 AppleWebKit/537.36 (KHTML, like Gecko; compatible; Amazonbot/0.1; +https://developer.amazon.com/support/amazonbot) Chrome/119.0.6045.214 Safari/537.36"
66.249.79.169 - - [19/Oct/2025:11:04:54 -0400] "GET /?15749629967163260.phtml HTTP/1.1" 301 - "-" "Mozilla/5.0 (Linux; Android 6.0.1; Nexus 5X Build/MMB29P) AppleWebKit/537.36 (KHTML, like Gecko) Chrome/140.0.7339.207 Mobile Safari/537.36 (compatible; Googlebot/2.1; +http://www.google.com/bot.html)"
37.130.202.220 - - [19/Oct/2025:11:04:55 -0400] "POST /wp-login.php HTTP/1.1" 200 6402 "https://menintalk.com/wp-login.php" "Mozilla/5.0 (Windows NT 10.0; Win64; x64) AppleWebKit/537.36 (KHTML, like Gecko) Chrome/130.0.0.0 Safari/537.36"
66.249.79.169 - - [19/Oct/2025:11:04:55 -0400] "GET /?15749629967163260_phtml HTTP/1.1" 200 47075 "-" "Mozilla/5.0 (Linux; Android 6.0.1; Nexus 5X Build/MMB29P) AppleWebKit/537.36 (KHTML, like Gecko) Chrome/140.0.7339.207 Mobile Safari/537.36 (compatible; Googlebot/2.1; +http://www.google.com/bot.html)"
54.159.98.248 - - [19/Oct/2025:11:04:56 -0400] "GET /side-effects-of-sex-are-there-any/ HTTP/1.1" 200 85068 "-" "Mozilla/5.0 AppleWebKit/537.36 (KHTML, like Gecko; compatible; Amazonbot/0.1; +https://developer.amazon.com/support/amazonbot) Chrome/119.0.6045.214 Safari/537.36"
185.249.40.156 - - [19/Oct/2025:11:04:56 -0400] "POST /xmlrpc.php HTTP/1.1" 200 401 "-" "Mozilla/5.0 (Windows NT 10.0; WOW64; Trident/7.0; EIE10;ENUSMSN; rv:11.0) like Gecko"
136.243.220.210 - - [19/Oct/2025:11:04:58 -0400] "GET /indications-of-true-love-by-a-man/ HTTP/1.1" 200 83591 "-" "Mozilla/5.0 (compatible; DataForSeoBot/1.0; +https://dataforseo.com/dataforseo-bot)"
103.42.58.162 - - [19/Oct/2025:11:04:58 -0400] "GET /wp-login.php HTTP/1.1" 200 5947 "-" "Mozilla/5.0 (Windows NT 10.0; Win64; x64) AppleWebKit/537.36 (KHTML, like Gecko) Chrome/130.0.0.0 Safari/537.36"
103.42.58.162 - - [19/Oct/2025:11:05:00 -0400] "POST /wp-login.php HTTP/1.1" 200 6402 "https://menintalk.com/wp-login.php" "Mozilla/5.0 (Windows NT 10.0; Win64; x64) AppleWebKit/537.36 (KHTML, like Gecko) Chrome/130.0.0.0 Safari/537.36"
34.225.24.180 - - [19/Oct/2025:11:05:01 -0400] "GET /category/1/page/3/?filter_by=random_posts HTTP/1.1" 200 86344 "-" "Mozilla/5.0 AppleWebKit/537.36 (KHTML, like Gecko; compatible; Amazonbot/0.1; +https://developer.amazon.com/support/amazonbot) Chrome/119.0.6045.214 Safari/537.36"
136.243.220.210 - - [19/Oct/2025:11:05:02 -0400] "GET / HTTP/1.1" 200 97801 "-" "Mozilla/5.0 (compatible; DataForSeoBot/1.0; +https://dataforseo.com/dataforseo-bot)"
3.213.85.234 - - [19/Oct/2025:11:05:04 -0400] "GET /category/1/page/11/?filter_by=random_posts HTTP/1.1" 200 79313 "-" "Mozilla/5.0 AppleWebKit/537.36 (KHTML, like Gecko; compatible; Amazonbot/0.1; +https://developer.amazon.com/support/amazonbot) Chrome/119.0.6045.214 Safari/537.36"
66.249.79.169 - - [19/Oct/2025:11:05:05 -0400] "GET /?15713059840995300.phtml HTTP/1.1" 301 - "-" "Mozilla/5.0 (Linux; Android 6.0.1; Nexus 5X Build/MMB29P) AppleWebKit/537.36 (KHTML, like Gecko) Chrome/140.0.7339.207 Mobile Safari/537.36 (compatible; Googlebot/2.1; +http://www.google.com/bot.html)"
66.249.79.171 - - [19/Oct/2025:11:05:06 -0400] "GET /?15713059840995300_phtml HTTP/1.1" 200 47075 "-" "Mozilla/5.0 (Linux; Android 6.0.1; Nexus 5X Build/MMB29P) AppleWebKit/537.36 (KHTML, like Gecko) Chrome/140.0.7339.207 Mobile Safari/537.36 (compatible; Googlebot/2.1; +http://www.google.com/bot.html)"
136.243.220.210 - - [19/Oct/2025:11:05:06 -0400] "GET /which-are-custom-term-papers/ HTTP/1.1" 200 70530 "-" "Mozilla/5.0 (compatible; DataForSeoBot/1.0; +https://dataforseo.com/dataforseo-bot)"
66.249.79.169 - - [19/Oct/2025:11:05:07 -0400] "GET /?shopping/product/1571346839.html HTTP/1.1" 301 - "-" "Mozilla/5.0 (Linux; Android 6.0.1; Nexus 5X Build/MMB29P) AppleWebKit/537.36 (KHTML, like Gecko) Chrome/140.0.7339.207 Mobile Safari/537.36 (compatible; Googlebot/2.1; +http://www.google.com/bot.html)"
66.249.79.169 - - [19/Oct/2025:11:05:08 -0400] "GET /?shopping%2Fproduct%2F1571346839_html HTTP/1.1" 200 47129 "-" "Mozilla/5.0 (Linux; Android 6.0.1; Nexus 5X Build/MMB29P) AppleWebKit/537.36 (KHTML, like Gecko) Chrome/140.0.7339.207 Mobile Safari/537.36 (compatible; Googlebot/2.1; +http://www.google.com/bot.html)"
44.210.204.255 - - [19/Oct/2025:11:05:08 -0400] "GET /category/uncategorized/?filter_by=popular HTTP/1.1" 200 85152 "-" "Mozilla/5.0 AppleWebKit/537.36 (KHTML, like Gecko; compatible; Amazonbot/0.1; +https://developer.amazon.com/support/amazonbot) Chrome/119.0.6045.214 Safari/537.36"
136.243.220.210 - - [19/Oct/2025:11:05:10 -0400] "GET /international-dating-sites-2/ HTTP/1.1" 200 85288 "-" "Mozilla/5.0 (compatible; DataForSeoBot/1.0; +https://dataforseo.com/dataforseo-bot)"
136.243.220.210 - - [19/Oct/2025:11:05:14 -0400] "GET /pinco-kazino-il%C9%99-boyuk-uduslar-ucun-strategiyalar/ HTTP/1.1" 200 83831 "-" "Mozilla/5.0 (compatible; DataForSeoBot/1.0; +https://dataforseo.com/dataforseo-bot)"
213.199.39.78 - - [19/Oct/2025:11:05:17 -0400] "GET /casombie-casino-comment-les-probabilites-menent-a-la-victoire/ HTTP/1.1" 200 84640 "-" "Mozilla/5.0 (Windows NT 10.0; WOW64; x64) AppleWebKit/537.36 (KHTML, like Gecko) Chrome/114.0.0.0 Safari/537.36 OPR/89.0.4447.51"
66.249.79.169 - - [19/Oct/2025:11:05:18 -0400] "GET /?15716281487800000.phtml HTTP/1.1" 301 - "-" "Mozilla/5.0 (Linux; Android 6.0.1; Nexus 5X Build/MMB29P) AppleWebKit/537.36 (KHTML, like Gecko) Chrome/140.0.7339.207 Mobile Safari/537.36 (compatible; Googlebot/2.1; +http://www.google.com/bot.html)"
136.243.220.210 - - [19/Oct/2025:11:05:18 -0400] "GET /category/slot-bonusu-veren-siteler-com-1500/ HTTP/1.1" 200 72301 "-" "Mozilla/5.0 (compatible; DataForSeoBot/1.0; +https://dataforseo.com/dataforseo-bot)"
66.249.79.169 - - [19/Oct/2025:11:05:18 -0400] "GET /?15716281487800000_phtml HTTP/1.1" 200 47075 "-" "Mozilla/5.0 (Linux; Android 6.0.1; Nexus 5X Build/MMB29P) AppleWebKit/537.36 (KHTML, like Gecko) Chrome/140.0.7339.207 Mobile Safari/537.36 (compatible; Googlebot/2.1; +http://www.google.com/bot.html)"
136.243.220.210 - - [19/Oct/2025:11:05:22 -0400] "GET /category/sh18-ru/ HTTP/1.1" 200 70749 "-" "Mozilla/5.0 (compatible; DataForSeoBot/1.0; +https://dataforseo.com/dataforseo-bot)"
136.243.220.210 - - [19/Oct/2025:11:05:26 -0400] "GET /marriage-ceremony-symbols/ HTTP/1.1" 200 83496 "-" "Mozilla/5.0 (compatible; DataForSeoBot/1.0; +https://dataforseo.com/dataforseo-bot)"
66.249.79.169 - - [19/Oct/2025:11:05:28 -0400] "GET /?15732919256605600.shtml HTTP/1.1" 301 - "-" "Mozilla/5.0 (Linux; Android 6.0.1; Nexus 5X Build/MMB29P) AppleWebKit/537.36 (KHTML, like Gecko) Chrome/140.0.7339.207 Mobile Safari/537.36 (compatible; Googlebot/2.1; +http://www.google.com/bot.html)"
66.249.79.169 - - [19/Oct/2025:11:05:29 -0400] "GET /?15732919256605600_shtml HTTP/1.1" 200 47075 "-" "Mozilla/5.0 (Linux; Android 6.0.1; Nexus 5X Build/MMB29P) AppleWebKit/537.36 (KHTML, like Gecko) Chrome/140.0.7339.207 Mobile Safari/537.36 (compatible; Googlebot/2.1; +http://www.google.com/bot.html)"
136.243.220.210 - - [19/Oct/2025:11:05:30 -0400] "GET /best-slot-machines-in-dalam-negri/ HTTP/1.1" 200 84860 "-" "Mozilla/5.0 (compatible; DataForSeoBot/1.0; +https://dataforseo.com/dataforseo-bot)"
136.243.220.210 - - [19/Oct/2025:11:05:34 -0400] "GET /category/bela-lepin77-ru-500/ HTTP/1.1" 200 71353 "-" "Mozilla/5.0 (compatible; DataForSeoBot/1.0; +https://dataforseo.com/dataforseo-bot)"
136.243.220.210 - - [19/Oct/2025:11:05:38 -0400] "GET /category/caneraker-com-1500/ HTTP/1.1" 200 70813 "-" "Mozilla/5.0 (compatible; DataForSeoBot/1.0; +https://dataforseo.com/dataforseo-bot)"
66.249.79.169 - - [19/Oct/2025:11:05:39 -0400] "GET /?15761259453141935.shtml HTTP/1.1" 301 - "-" "Mozilla/5.0 (Linux; Android 6.0.1; Nexus 5X Build/MMB29P) AppleWebKit/537.36 (KHTML, like Gecko) Chrome/140.0.7339.207 Mobile Safari/537.36 (compatible; Googlebot/2.1; +http://www.google.com/bot.html)"
66.249.79.169 - - [19/Oct/2025:11:05:39 -0400] "GET /?15761259453141935_shtml HTTP/1.1" 200 47075 "-" "Mozilla/5.0 (Linux; Android 6.0.1; Nexus 5X Build/MMB29P) AppleWebKit/537.36 (KHTML, like Gecko) Chrome/140.0.7339.207 Mobile Safari/537.36 (compatible; Googlebot/2.1; +http://www.google.com/bot.html)"
136.243.220.210 - - [19/Oct/2025:11:05:42 -0400] "GET /pinco-da-bonuslar-v%C9%99-qazanmaq-ucun-planlar/ HTTP/1.1" 200 84540 "-" "Mozilla/5.0 (compatible; DataForSeoBot/1.0; +https://dataforseo.com/dataforseo-bot)"
136.243.220.210 - - [19/Oct/2025:11:05:46 -0400] "GET /methods-to-compare-vpns-for-android/ HTTP/1.1" 200 81662 "-" "Mozilla/5.0 (compatible; DataForSeoBot/1.0; +https://dataforseo.com/dataforseo-bot)"
66.249.79.169 - - [19/Oct/2025:11:05:49 -0400] "GET /page/344/?shopping/product/1572870463_html HTTP/1.1" 200 42379 "-" "Mozilla/5.0 (Linux; Android 6.0.1; Nexus 5X Build/MMB29P) AppleWebKit/537.36 (KHTML, like Gecko) Chrome/140.0.7339.207 Mobile Safari/537.36 (compatible; Googlebot/2.1; +http://www.google.com/bot.html)"
136.243.220.210 - - [19/Oct/2025:11:05:50 -0400] "GET /types-of-sugars-arrangements/ HTTP/1.1" 200 83342 "-" "Mozilla/5.0 (compatible; DataForSeoBot/1.0; +https://dataforseo.com/dataforseo-bot)"
66.249.79.169 - - [19/Oct/2025:11:05:50 -0400] "GET /?shopping/product/15762530340.html HTTP/1.1" 301 - "-" "Mozilla/5.0 (Linux; Android 6.0.1; Nexus 5X Build/MMB29P) AppleWebKit/537.36 (KHTML, like Gecko) Chrome/140.0.7339.207 Mobile Safari/537.36 (compatible; Googlebot/2.1; +http://www.google.com/bot.html)"
66.249.79.169 - - [19/Oct/2025:11:05:51 -0400] "GET /?shopping%2Fproduct%2F15762530340_html HTTP/1.1" 200 47135 "-" "Mozilla/5.0 (Linux; Android 6.0.1; Nexus 5X Build/MMB29P) AppleWebKit/537.36 (KHTML, like Gecko) Chrome/140.0.7339.207 Mobile Safari/537.36 (compatible; Googlebot/2.1; +http://www.google.com/bot.html)"
136.243.220.210 - - [19/Oct/2025:11:05:54 -0400] "GET /which-usually-catholic-or-perhaps-different-courting-website-is-true-for-me/ HTTP/1.1" 200 90389 "-" "Mozilla/5.0 (compatible; DataForSeoBot/1.0; +https://dataforseo.com/dataforseo-bot)"
136.243.220.210 - - [19/Oct/2025:11:05:58 -0400] "GET /ways-to-fix-malware-errors/ HTTP/1.1" 200 81463 "-" "Mozilla/5.0 (compatible; DataForSeoBot/1.0; +https://dataforseo.com/dataforseo-bot)"
66.249.79.169 - - [19/Oct/2025:11:06:01 -0400] "GET /page/3/?shopping/product/15741538893_html HTTP/1.1" 200 42514 "-" "Mozilla/5.0 (Linux; Android 6.0.1; Nexus 5X Build/MMB29P) AppleWebKit/537.36 (KHTML, like Gecko) Chrome/140.0.7339.207 Mobile Safari/537.36 (compatible; Googlebot/2.1; +http://www.google.com/bot.html)"
8.211.205.248 - - [19/Oct/2025:11:06:02 -0400] "GET /platinum-xt-1000/ HTTP/1.1" 404 73675 "-" "Mozilla/5.0 (Windows NT 10.0; Win64; x64) AppleWebKit/537.36 (KHTML, like Gecko) Chrome/113.0.0.0 Safari/537.36"
136.243.220.210 - - [19/Oct/2025:11:06:02 -0400] "GET /i-just-obtained-my-first-toy-at-present/ HTTP/1.1" 200 84282 "-" "Mozilla/5.0 (compatible; DataForSeoBot/1.0; +https://dataforseo.com/dataforseo-bot)"
47.237.71.13 - - [19/Oct/2025:11:06:03 -0400] "GET /platinum-xt-1000/ HTTP/1.1" 404 73675 "-" "Mozilla/5.0 (Windows NT 10.0; Win64; x64) AppleWebKit/537.36 (KHTML, like Gecko) Chrome/113.0.0.0 Safari/537.36"
136.243.220.210 - - [19/Oct/2025:11:06:06 -0400] "GET /finest-escort-websites-to-find-legit-escorts-near-you/ HTTP/1.1" 200 81830 "-" "Mozilla/5.0 (compatible; DataForSeoBot/1.0; +https://dataforseo.com/dataforseo-bot)"
198.244.168.216 - - [19/Oct/2025:11:06:10 -0400] "GET /?shopping/product/157310452998_html HTTP/1.1" 301 - "-" "Mozilla/5.0 (compatible; AhrefsBot/7.0; +http://ahrefs.com/robot/)"
136.243.220.210 - - [19/Oct/2025:11:06:10 -0400] "GET /best-virus-safeguard-for-mac-pc/ HTTP/1.1" 200 81518 "-" "Mozilla/5.0 (compatible; DataForSeoBot/1.0; +https://dataforseo.com/dataforseo-bot)"
66.249.79.169 - - [19/Oct/2025:11:06:10 -0400] "GET /page/3/?shopping/product/1572694453_html HTTP/1.1" 200 42505 "-" "Mozilla/5.0 (Linux; Android 6.0.1; Nexus 5X Build/MMB29P) AppleWebKit/537.36 (KHTML, like Gecko) Chrome/140.0.7339.207 Mobile Safari/537.36 (compatible; Googlebot/2.1; +http://www.google.com/bot.html)"
136.243.220.210 - - [19/Oct/2025:11:06:14 -0400] "GET /you-will-of-a-very-good-wife/ HTTP/1.1" 200 83081 "-" "Mozilla/5.0 (compatible; DataForSeoBot/1.0; +https://dataforseo.com/dataforseo-bot)"
136.243.220.210 - - [19/Oct/2025:11:06:18 -0400] "GET /i-didnt-get-an-opportunity-to-test-out-how-stiff-they-had/ HTTP/1.1" 200 85063 "-" "Mozilla/5.0 (compatible; DataForSeoBot/1.0; +https://dataforseo.com/dataforseo-bot)"
66.249.79.169 - - [19/Oct/2025:11:06:20 -0400] "GET /page/396/?shopping/product/1572990403_html HTTP/1.1" 200 42650 "-" "Mozilla/5.0 (Linux; Android 6.0.1; Nexus 5X Build/MMB29P) AppleWebKit/537.36 (KHTML, like Gecko) Chrome/140.0.7339.207 Mobile Safari/537.36 (compatible; Googlebot/2.1; +http://www.google.com/bot.html)"
66.249.79.169 - - [19/Oct/2025:11:06:21 -0400] "GET /page/2/?shopping/product/1572561588_html HTTP/1.1" 200 42891 "-" "Mozilla/5.0 (Linux; Android 6.0.1; Nexus 5X Build/MMB29P) AppleWebKit/537.36 (KHTML, like Gecko) Chrome/140.0.7339.207 Mobile Safari/537.36 (compatible; Googlebot/2.1; +http://www.google.com/bot.html)"
66.249.79.169 - - [19/Oct/2025:11:06:22 -0400] "GET /?page/15711949125413010 HTTP/1.1" 301 - "-" "Mozilla/5.0 (Linux; Android 6.0.1; Nexus 5X Build/MMB29P) AppleWebKit/537.36 (KHTML, like Gecko) Chrome/140.0.7339.207 Mobile Safari/537.36 (compatible; Googlebot/2.1; +http://www.google.com/bot.html)"
136.243.220.210 - - [19/Oct/2025:11:06:22 -0400] "GET /free-software-download-sites/ HTTP/1.1" 200 81546 "-" "Mozilla/5.0 (compatible; DataForSeoBot/1.0; +https://dataforseo.com/dataforseo-bot)"
66.249.79.169 - - [19/Oct/2025:11:06:23 -0400] "GET /?page%2F15711949125413010 HTTP/1.1" 200 47069 "-" "Mozilla/5.0 (Linux; Android 6.0.1; Nexus 5X Build/MMB29P) AppleWebKit/537.36 (KHTML, like Gecko) Chrome/140.0.7339.207 Mobile Safari/537.36 (compatible; Googlebot/2.1; +http://www.google.com/bot.html)"
136.243.220.210 - - [19/Oct/2025:11:06:26 -0400] "GET /just-what-serious-romantic-relationship/ HTTP/1.1" 200 84881 "-" "Mozilla/5.0 (compatible; DataForSeoBot/1.0; +https://dataforseo.com/dataforseo-bot)"
136.243.220.210 - - [19/Oct/2025:11:06:30 -0400] "GET /receiving-a-happy-scandinavian-married-female/ HTTP/1.1" 200 83537 "-" "Mozilla/5.0 (compatible; DataForSeoBot/1.0; +https://dataforseo.com/dataforseo-bot)"
66.249.79.169 - - [19/Oct/2025:11:06:32 -0400] "GET /page/344/?shopping/product/1572884573_html HTTP/1.1" 200 42379 "-" "Mozilla/5.0 (Linux; Android 6.0.1; Nexus 5X Build/MMB29P) AppleWebKit/537.36 (KHTML, like Gecko) Chrome/140.0.7339.207 Mobile Safari/537.36 (compatible; Googlebot/2.1; +http://www.google.com/bot.html)"
136.243.220.210 - - [19/Oct/2025:11:06:34 -0400] "GET /uncover-business-analytics-online/ HTTP/1.1" 200 81789 "-" "Mozilla/5.0 (compatible; DataForSeoBot/1.0; +https://dataforseo.com/dataforseo-bot)"
136.243.220.210 - - [19/Oct/2025:11:06:38 -0400] "GET /utilizing-a-virtual-room-for-a-startups-due-diligence/ HTTP/1.1" 200 83416 "-" "Mozilla/5.0 (compatible; DataForSeoBot/1.0; +https://dataforseo.com/dataforseo-bot)"
66.249.79.169 - - [19/Oct/2025:11:06:42 -0400] "GET /page/3/?shopping/product/1572890774_html HTTP/1.1" 200 42505 "-" "Mozilla/5.0 (Linux; Android 6.0.1; Nexus 5X Build/MMB29P) AppleWebKit/537.36 (KHTML, like Gecko) Chrome/140.0.7339.207 Mobile Safari/537.36 (compatible; Googlebot/2.1; +http://www.google.com/bot.html)"
136.243.220.210 - - [19/Oct/2025:11:06:42 -0400] "GET /internet-dating-reviews-2/ HTTP/1.1" 200 83309 "-" "Mozilla/5.0 (compatible; DataForSeoBot/1.0; +https://dataforseo.com/dataforseo-bot)"
136.243.220.210 - - [19/Oct/2025:11:06:46 -0400] "GET /precisely-what-is-the-best-location-for-anal-sex/ HTTP/1.1" 200 81972 "-" "Mozilla/5.0 (compatible; DataForSeoBot/1.0; +https://dataforseo.com/dataforseo-bot)"
51.68.229.140 - - [19/Oct/2025:11:06:50 -0400] "GET /wp-login.php HTTP/1.1" 200 5947 "-" "Mozilla/5.0 (Windows NT 10.0; Win64; x64) AppleWebKit/537.36 (KHTML, like Gecko) Chrome/130.0.0.0 Safari/537.36"
136.243.220.210 - - [19/Oct/2025:11:06:50 -0400] "GET /digital-data-rooms-2/ HTTP/1.1" 200 82802 "-" "Mozilla/5.0 (compatible; DataForSeoBot/1.0; +https://dataforseo.com/dataforseo-bot)"
51.68.229.140 - - [19/Oct/2025:11:06:50 -0400] "POST /wp-login.php HTTP/1.1" 200 6402 "https://menintalk.com/wp-login.php" "Mozilla/5.0 (Windows NT 10.0; Win64; x64) AppleWebKit/537.36 (KHTML, like Gecko) Chrome/130.0.0.0 Safari/537.36"
66.249.79.169 - - [19/Oct/2025:11:06:52 -0400] "GET /page/2/?shopping/product/1572837878_html HTTP/1.1" 200 42891 "-" "Mozilla/5.0 (Linux; Android 6.0.1; Nexus 5X Build/MMB29P) AppleWebKit/537.36 (KHTML, like Gecko) Chrome/140.0.7339.207 Mobile Safari/537.36 (compatible; Googlebot/2.1; +http://www.google.com/bot.html)"
157.10.199.30 - - [19/Oct/2025:11:06:52 -0400] "GET /wp-login.php HTTP/1.1" 200 5947 "-" "Mozilla/5.0 (Windows NT 10.0; Win64; x64) AppleWebKit/537.36 (KHTML, like Gecko) Chrome/130.0.0.0 Safari/537.36"
66.249.79.169 - - [19/Oct/2025:11:06:53 -0400] "GET /?shopping%2Fproduct%2F15741950628_html HTTP/1.1" 200 47135 "-" "Mozilla/5.0 (Linux; Android 6.0.1; Nexus 5X Build/MMB29P) AppleWebKit/537.36 (KHTML, like Gecko) Chrome/140.0.7339.207 Mobile Safari/537.36 (compatible; Googlebot/2.1; +http://www.google.com/bot.html)"
157.10.199.30 - - [19/Oct/2025:11:06:53 -0400] "POST /wp-login.php HTTP/1.1" 200 6402 "https://menintalk.com/wp-login.php" "Mozilla/5.0 (Windows NT 10.0; Win64; x64) AppleWebKit/537.36 (KHTML, like Gecko) Chrome/130.0.0.0 Safari/537.36"
66.249.79.169 - - [19/Oct/2025:11:06:54 -0400] "GET /?shopping/product/1571124129_html HTTP/1.1" 301 - "-" "Mozilla/5.0 (Linux; Android 6.0.1; Nexus 5X Build/MMB29P) AppleWebKit/537.36 (KHTML, like Gecko) Chrome/140.0.7339.207 Mobile Safari/537.36 (compatible; Googlebot/2.1; +http://www.google.com/bot.html)"
136.243.220.210 - - [19/Oct/2025:11:06:54 -0400] "GET /dont-be-fooled-by-how-cute-this-toy-is-the-low-rumble-of-je/ HTTP/1.1" 200 84057 "-" "Mozilla/5.0 (compatible; DataForSeoBot/1.0; +https://dataforseo.com/dataforseo-bot)"
66.249.79.169 - - [19/Oct/2025:11:06:54 -0400] "GET /?shopping%2Fproduct%2F1571124129_html HTTP/1.1" 200 47129 "-" "Mozilla/5.0 (Linux; Android 6.0.1; Nexus 5X Build/MMB29P) AppleWebKit/537.36 (KHTML, like Gecko) Chrome/140.0.7339.207 Mobile Safari/537.36 (compatible; Googlebot/2.1; +http://www.google.com/bot.html)"
