66.249.79.164 - - [19/Oct/2025:09:36:39 -0400] "GET /?shopping/product/15752002835.html HTTP/1.1" 301 - "-" "Mozilla/5.0 (Linux; Android 6.0.1; Nexus 5X Build/MMB29P) AppleWebKit/537.36 (KHTML, like Gecko) Chrome/140.0.7339.207 Mobile Safari/537.36 (compatible; Googlebot/2.1; +http://www.google.com/bot.html)"
66.249.79.164 - - [19/Oct/2025:09:36:40 -0400] "GET /?shopping%2Fproduct%2F15752002835_html HTTP/1.1" 200 47135 "-" "Mozilla/5.0 (Linux; Android 6.0.1; Nexus 5X Build/MMB29P) AppleWebKit/537.36 (KHTML, like Gecko) Chrome/140.0.7339.207 Mobile Safari/537.36 (compatible; Googlebot/2.1; +http://www.google.com/bot.html)"
198.244.242.70 - - [19/Oct/2025:09:36:46 -0400] "GET /rocky-collection_-_dvd/ HTTP/1.1" 200 66231 "-" "Mozilla/5.0 (compatible; AhrefsBot/7.0; +http://ahrefs.com/robot/)"
66.249.79.164 - - [19/Oct/2025:09:36:48 -0400] "GET /?shopping/product/15741754976.html HTTP/1.1" 301 - "-" "Mozilla/5.0 (Linux; Android 6.0.1; Nexus 5X Build/MMB29P) AppleWebKit/537.36 (KHTML, like Gecko) Chrome/140.0.7339.207 Mobile Safari/537.36 (compatible; Googlebot/2.1; +http://www.google.com/bot.html)"
198.244.226.22 - - [19/Oct/2025:09:36:49 -0400] "GET /wp-content/uploads/2015/05/Rocky-collection_-_DVD.jpg HTTP/1.1" 404 73675 "-" "Mozilla/5.0 (compatible; AhrefsBot/7.0; +http://ahrefs.com/robot/)"
66.249.79.164 - - [19/Oct/2025:09:36:49 -0400] "GET /?shopping%2Fproduct%2F15741754976_html HTTP/1.1" 200 47135 "-" "Mozilla/5.0 (Linux; Android 6.0.1; Nexus 5X Build/MMB29P) AppleWebKit/537.36 (KHTML, like Gecko) Chrome/140.0.7339.207 Mobile Safari/537.36 (compatible; Googlebot/2.1; +http://www.google.com/bot.html)"
66.249.79.164 - - [19/Oct/2025:09:36:57 -0400] "GET /?shopping/product/15741856400.html HTTP/1.1" 301 - "-" "Mozilla/5.0 (Linux; Android 6.0.1; Nexus 5X Build/MMB29P) AppleWebKit/537.36 (KHTML, like Gecko) Chrome/140.0.7339.207 Mobile Safari/537.36 (compatible; Googlebot/2.1; +http://www.google.com/bot.html)"
66.249.79.164 - - [19/Oct/2025:09:36:57 -0400] "GET /?shopping%2Fproduct%2F15741856400_html HTTP/1.1" 200 47135 "-" "Mozilla/5.0 (Linux; Android 6.0.1; Nexus 5X Build/MMB29P) AppleWebKit/537.36 (KHTML, like Gecko) Chrome/140.0.7339.207 Mobile Safari/537.36 (compatible; Googlebot/2.1; +http://www.google.com/bot.html)"
107.189.18.48 - - [19/Oct/2025:09:37:02 -0400] "GET /guia-estrategico-para-explorar-as-odds-no-xpbet-casino/ HTTP/1.1" 200 83260 "-" "Mozilla/5.0 (Windows NT 10.0; WOW64; x64) AppleWebKit/537.36 (KHTML, like Gecko) Chrome/114.0.0.0 Safari/537.36 OPR/89.0.4447.51"
162.240.48.171 - - [19/Oct/2025:09:37:03 -0400] "GET /wp-login.php HTTP/1.1" 200 5947 "-" "Mozilla/5.0 (Windows NT 10.0; Win64; x64) AppleWebKit/537.36 (KHTML, like Gecko) Chrome/130.0.0.0 Safari/537.36"
66.249.79.164 - - [19/Oct/2025:09:37:06 -0400] "GET /?shopping/product/15741524950.html HTTP/1.1" 301 - "-" "Mozilla/5.0 (Linux; Android 6.0.1; Nexus 5X Build/MMB29P) AppleWebKit/537.36 (KHTML, like Gecko) Chrome/140.0.7339.207 Mobile Safari/537.36 (compatible; Googlebot/2.1; +http://www.google.com/bot.html)"
162.240.48.171 - - [19/Oct/2025:09:37:06 -0400] "POST /wp-login.php HTTP/1.1" 200 6366 "https://menintalk.com/wp-login.php" "Mozilla/5.0 (Windows NT 10.0; Win64; x64) AppleWebKit/537.36 (KHTML, like Gecko) Chrome/130.0.0.0 Safari/537.36"
66.249.79.166 - - [19/Oct/2025:09:37:07 -0400] "GET /?shopping%2Fproduct%2F15741524950_html HTTP/1.1" 200 47135 "-" "Mozilla/5.0 (Linux; Android 6.0.1; Nexus 5X Build/MMB29P) AppleWebKit/537.36 (KHTML, like Gecko) Chrome/140.0.7339.207 Mobile Safari/537.36 (compatible; Googlebot/2.1; +http://www.google.com/bot.html)"
162.241.92.55 - - [19/Oct/2025:09:37:08 -0400] "GET /wp-login.php HTTP/1.1" 200 5947 "-" "Mozilla/5.0 (Windows NT 10.0) AppleWebKit/537.36 (KHTML, like Gecko) Chrome/58.0.3029.110 Safari/537.36 Edge/16.16299"
51.195.244.217 - - [19/Oct/2025:09:37:08 -0400] "GET /wp-content/uploads/2015/04/bugati-.jpg HTTP/1.1" 404 73675 "-" "Mozilla/5.0 (compatible; AhrefsBot/7.0; +http://ahrefs.com/robot/)"
51.89.129.206 - - [19/Oct/2025:09:37:10 -0400] "GET /bugati/ HTTP/1.1" 200 66042 "-" "Mozilla/5.0 (compatible; AhrefsBot/7.0; +http://ahrefs.com/robot/)"
198.244.242.245 - - [19/Oct/2025:09:37:12 -0400] "GET /wp-content/uploads/2015/04/vector--150x150.jpg HTTP/1.1" 404 73675 "-" "Mozilla/5.0 (compatible; AhrefsBot/7.0; +http://ahrefs.com/robot/)"
162.241.92.55 - - [19/Oct/2025:09:37:13 -0400] "POST /wp-login.php HTTP/1.1" 200 6422 "https://menintalk.com/wp-login.php" "Mozilla/5.0 (Windows NT 10.0) AppleWebKit/537.36 (KHTML, like Gecko) Chrome/58.0.3029.110 Safari/537.36 Edge/16.16299"
103.211.19.5 - - [19/Oct/2025:09:37:13 -0400] "GET /decrypter-les-probabilites-pour-performer-au-spinsy-casino/ HTTP/1.1" 200 83643 "-" "Mozilla/5.0 (Windows NT 10.0; WOW64; x64) AppleWebKit/537.36 (KHTML, like Gecko) Chrome/114.0.0.0 Safari/537.36 OPR/89.0.4447.51"
51.89.129.53 - - [19/Oct/2025:09:37:14 -0400] "GET /category/uncategorized/page/212/ HTTP/1.1" 200 85514 "-" "Mozilla/5.0 (compatible; AhrefsBot/7.0; +http://ahrefs.com/robot/)"
66.249.79.165 - - [19/Oct/2025:09:37:14 -0400] "GET /?shopping/product/15752076152.html HTTP/1.1" 301 - "-" "Mozilla/5.0 (Linux; Android 6.0.1; Nexus 5X Build/MMB29P) AppleWebKit/537.36 (KHTML, like Gecko) Chrome/140.0.7339.207 Mobile Safari/537.36 (compatible; Googlebot/2.1; +http://www.google.com/bot.html)"
147.124.197.101 - - [19/Oct/2025:09:37:14 -0400] "GET /wp-login.php HTTP/1.1" 200 5947 "-" "Mozilla/5.0 (Windows NT 10.0; Win64; x64) AppleWebKit/537.36 (KHTML, like Gecko) Chrome/130.0.0.0 Safari/537.36"
66.249.79.165 - - [19/Oct/2025:09:37:15 -0400] "GET /?shopping%2Fproduct%2F15752076152_html HTTP/1.1" 200 47135 "-" "Mozilla/5.0 (Linux; Android 6.0.1; Nexus 5X Build/MMB29P) AppleWebKit/537.36 (KHTML, like Gecko) Chrome/140.0.7339.207 Mobile Safari/537.36 (compatible; Googlebot/2.1; +http://www.google.com/bot.html)"
147.124.197.101 - - [19/Oct/2025:09:37:16 -0400] "POST /wp-login.php HTTP/1.1" 200 6402 "https://menintalk.com/wp-login.php" "Mozilla/5.0 (Windows NT 10.0; Win64; x64) AppleWebKit/537.36 (KHTML, like Gecko) Chrome/130.0.0.0 Safari/537.36"
66.249.79.164 - - [19/Oct/2025:09:37:23 -0400] "GET /?shopping/product/15741558807.html HTTP/1.1" 301 - "-" "Mozilla/5.0 (Linux; Android 6.0.1; Nexus 5X Build/MMB29P) AppleWebKit/537.36 (KHTML, like Gecko) Chrome/140.0.7339.207 Mobile Safari/537.36 (compatible; Googlebot/2.1; +http://www.google.com/bot.html)"
66.249.79.164 - - [19/Oct/2025:09:37:24 -0400] "GET /?shopping%2Fproduct%2F15741558807_html HTTP/1.1" 200 47135 "-" "Mozilla/5.0 (Linux; Android 6.0.1; Nexus 5X Build/MMB29P) AppleWebKit/537.36 (KHTML, like Gecko) Chrome/140.0.7339.207 Mobile Safari/537.36 (compatible; Googlebot/2.1; +http://www.google.com/bot.html)"
216.244.66.203 - - [19/Oct/2025:09:37:32 -0400] "GET /being-aware-of-what-sugar-daddies-want/feed/ HTTP/1.1" 200 817 "-" "Mozilla/5.0 (compatible; DotBot/1.2; +https://opensiteexplorer.org/dotbot; [email protected])"
66.249.79.164 - - [19/Oct/2025:09:37:32 -0400] "GET /?shopping/product/15762656978.html HTTP/1.1" 301 - "-" "Mozilla/5.0 (Linux; Android 6.0.1; Nexus 5X Build/MMB29P) AppleWebKit/537.36 (KHTML, like Gecko) Chrome/140.0.7339.207 Mobile Safari/537.36 (compatible; Googlebot/2.1; +http://www.google.com/bot.html)"
198.244.183.191 - - [19/Oct/2025:09:37:32 -0400] "GET /category/uncategorized/page/34/ HTTP/1.1" 200 85922 "-" "Mozilla/5.0 (compatible; AhrefsBot/7.0; +http://ahrefs.com/robot/)"
66.249.79.164 - - [19/Oct/2025:09:37:33 -0400] "GET /?shopping%2Fproduct%2F15762656978_html HTTP/1.1" 200 47135 "-" "Mozilla/5.0 (Linux; Android 6.0.1; Nexus 5X Build/MMB29P) AppleWebKit/537.36 (KHTML, like Gecko) Chrome/140.0.7339.207 Mobile Safari/537.36 (compatible; Googlebot/2.1; +http://www.google.com/bot.html)"
89.117.74.114 - - [19/Oct/2025:09:37:34 -0400] "GET /wp-login.php HTTP/1.1" 200 5947 "-" "Mozilla/5.0 (Windows NT 6.1) AppleWebKit/537.36 (KHTML, like Gecko) Chrome/65.0.3325.181 Safari/537.36 OPR/52.0.2871.64"
216.244.66.203 - - [19/Oct/2025:09:37:34 -0400] "GET /board-rooms-the-nucleus-of-strategic-decision-making/feed/ HTTP/1.1" 200 732 "-" "Mozilla/5.0 (compatible; DotBot/1.2; +https://opensiteexplorer.org/dotbot; [email protected])"
89.117.74.114 - - [19/Oct/2025:09:37:37 -0400] "POST /wp-login.php HTTP/1.1" 200 6420 "https://menintalk.com/wp-login.php" "Mozilla/5.0 (Windows NT 6.1) AppleWebKit/537.36 (KHTML, like Gecko) Chrome/65.0.3325.181 Safari/537.36 OPR/52.0.2871.64"
216.244.66.203 - - [19/Oct/2025:09:37:37 -0400] "GET /data-rooms-and-marketing/feed/ HTTP/1.1" 200 775 "-" "Mozilla/5.0 (compatible; DotBot/1.2; +https://opensiteexplorer.org/dotbot; [email protected])"
216.244.66.203 - - [19/Oct/2025:09:37:39 -0400] "GET /favorislot-giri-favorislot-yeni-adresi-favorislot-33/feed/ HTTP/1.1" 200 732 "-" "Mozilla/5.0 (compatible; DotBot/1.2; +https://opensiteexplorer.org/dotbot; [email protected])"
66.249.79.164 - - [19/Oct/2025:09:37:40 -0400] "GET /?shopping/product/15717185.html HTTP/1.1" 301 - "-" "Mozilla/5.0 (Linux; Android 6.0.1; Nexus 5X Build/MMB29P) AppleWebKit/537.36 (KHTML, like Gecko) Chrome/140.0.7339.207 Mobile Safari/537.36 (compatible; Googlebot/2.1; +http://www.google.com/bot.html)"
66.249.79.164 - - [19/Oct/2025:09:37:41 -0400] "GET /?shopping%2Fproduct%2F15717185_html HTTP/1.1" 200 47117 "-" "Mozilla/5.0 (Linux; Android 6.0.1; Nexus 5X Build/MMB29P) AppleWebKit/537.36 (KHTML, like Gecko) Chrome/140.0.7339.207 Mobile Safari/537.36 (compatible; Googlebot/2.1; +http://www.google.com/bot.html)"
216.244.66.203 - - [19/Oct/2025:09:37:42 -0400] "GET /how-to-choose-a-data-room-provider/feed/ HTTP/1.1" 200 714 "-" "Mozilla/5.0 (compatible; DotBot/1.2; +https://opensiteexplorer.org/dotbot; [email protected])"
216.244.66.203 - - [19/Oct/2025:09:37:43 -0400] "GET /how-to-choose-a-protected-free-peer-to-peer-service/feed/ HTTP/1.1" 200 856 "-" "Mozilla/5.0 (compatible; DotBot/1.2; +https://opensiteexplorer.org/dotbot; [email protected])"
216.244.66.203 - - [19/Oct/2025:09:37:46 -0400] "GET /how-to-run-an-effective-board-meeting/feed/ HTTP/1.1" 200 717 "-" "Mozilla/5.0 (compatible; DotBot/1.2; +https://opensiteexplorer.org/dotbot; [email protected])"
66.249.79.164 - - [19/Oct/2025:09:37:50 -0400] "GET /?shopping/product/15762578796.html HTTP/1.1" 301 - "-" "Mozilla/5.0 (Linux; Android 6.0.1; Nexus 5X Build/MMB29P) AppleWebKit/537.36 (KHTML, like Gecko) Chrome/140.0.7339.207 Mobile Safari/537.36 (compatible; Googlebot/2.1; +http://www.google.com/bot.html)"
216.244.66.203 - - [19/Oct/2025:09:37:50 -0400] "GET /ideal-business-applications-for-small-businesses/feed/ HTTP/1.1" 200 847 "-" "Mozilla/5.0 (compatible; DotBot/1.2; +https://opensiteexplorer.org/dotbot; [email protected])"
66.249.79.164 - - [19/Oct/2025:09:37:50 -0400] "GET /?shopping%2Fproduct%2F15762578796_html HTTP/1.1" 200 47135 "-" "Mozilla/5.0 (Linux; Android 6.0.1; Nexus 5X Build/MMB29P) AppleWebKit/537.36 (KHTML, like Gecko) Chrome/140.0.7339.207 Mobile Safari/537.36 (compatible; Googlebot/2.1; +http://www.google.com/bot.html)"
109.199.112.212 - - [19/Oct/2025:09:37:52 -0400] "POST /wp-login.php HTTP/1.1" 200 6367 "-" "Mozilla/5.0"
109.199.112.212 - - [19/Oct/2025:09:37:52 -0400] "POST /wp-login.php HTTP/1.1" 200 6404 "-" "Mozilla/5.0"
109.199.112.212 - - [19/Oct/2025:09:37:52 -0400] "POST /wp-login.php HTTP/1.1" 200 6404 "-" "Mozilla/5.0"
109.199.112.212 - - [19/Oct/2025:09:37:52 -0400] "POST /wp-login.php HTTP/1.1" 200 6404 "-" "Mozilla/5.0"
109.199.112.212 - - [19/Oct/2025:09:37:52 -0400] "POST /wp-login.php HTTP/1.1" 200 6402 "-" "Mozilla/5.0"
109.199.112.212 - - [19/Oct/2025:09:37:52 -0400] "POST /wp-login.php HTTP/1.1" 200 6367 "-" "Mozilla/5.0"
52.204.253.129 - - [19/Oct/2025:09:37:53 -0400] "GET /page/514/ HTTP/1.1" 200 97673 "-" "Mozilla/5.0 AppleWebKit/537.36 (KHTML, like Gecko; compatible; Amazonbot/0.1; +https://developer.amazon.com/support/amazonbot) Chrome/119.0.6045.214 Safari/537.36"
216.244.66.203 - - [19/Oct/2025:09:37:54 -0400] "GET /internet-dating-someone-out-of-another-region-online/feed/ HTTP/1.1" 200 859 "-" "Mozilla/5.0 (compatible; DotBot/1.2; +https://opensiteexplorer.org/dotbot; [email protected])"
34.193.2.57 - - [19/Oct/2025:09:37:57 -0400] "GET /category/1/page/10/ HTTP/1.1" 200 86676 "-" "Mozilla/5.0 AppleWebKit/537.36 (KHTML, like Gecko; compatible; Amazonbot/0.1; +https://developer.amazon.com/support/amazonbot) Chrome/119.0.6045.214 Safari/537.36"
216.244.66.203 - - [19/Oct/2025:09:37:57 -0400] "GET /the-impact-of-diversity-on-board-performance/feed/ HTTP/1.1" 200 724 "-" "Mozilla/5.0 (compatible; DotBot/1.2; +https://opensiteexplorer.org/dotbot; [email protected])"
144.217.162.28 - - [19/Oct/2025:09:37:58 -0400] "GET /wp-login.php HTTP/1.1" 200 5947 "-" "Mozilla/5.0 (Windows NT 10.0; Win64; x64) AppleWebKit/537.36 (KHTML, like Gecko) Chrome/130.0.0.0 Safari/537.36"
144.217.162.28 - - [19/Oct/2025:09:37:59 -0400] "POST /wp-login.php HTTP/1.1" 200 6402 "https://menintalk.com/wp-login.php" "Mozilla/5.0 (Windows NT 10.0; Win64; x64) AppleWebKit/537.36 (KHTML, like Gecko) Chrome/130.0.0.0 Safari/537.36"
216.244.66.203 - - [19/Oct/2025:09:38:00 -0400] "GET /very-best-antivirus-to-get-small-business-2023/feed/ HTTP/1.1" 200 841 "-" "Mozilla/5.0 (compatible; DotBot/1.2; +https://opensiteexplorer.org/dotbot; [email protected])"
54.156.55.147 - - [19/Oct/2025:09:38:00 -0400] "GET /try-bravado-male-enhancement-for-a-natural-sexual-performance-spike/ HTTP/1.1" 200 92203 "-" "Mozilla/5.0 AppleWebKit/537.36 (KHTML, like Gecko; compatible; Amazonbot/0.1; +https://developer.amazon.com/support/amazonbot) Chrome/119.0.6045.214 Safari/537.36"
217.76.158.60 - - [19/Oct/2025:09:38:01 -0400] "GET /wp-login.php HTTP/1.1" 200 5947 "-" "Mozilla/5.0 (Windows NT 10.0; Win64; x64) AppleWebKit/537.36 (KHTML, like Gecko) Chrome/130.0.0.0 Safari/537.36"
217.76.158.60 - - [19/Oct/2025:09:38:02 -0400] "POST /wp-login.php HTTP/1.1" 200 6402 "https://menintalk.com/wp-login.php" "Mozilla/5.0 (Windows NT 10.0; Win64; x64) AppleWebKit/537.36 (KHTML, like Gecko) Chrome/130.0.0.0 Safari/537.36"
216.244.66.203 - - [19/Oct/2025:09:38:02 -0400] "GET /what-does-it-mean-to-say-youre-powerless-over/feed/ HTTP/1.1" 200 725 "-" "Mozilla/5.0 (compatible; DotBot/1.2; +https://opensiteexplorer.org/dotbot; [email protected])"
18.215.24.66 - - [19/Oct/2025:09:38:04 -0400] "GET /live-casino-vs-rng-games-which-offers-better-odds-126/ HTTP/1.1" 200 90032 "-" "Mozilla/5.0 AppleWebKit/537.36 (KHTML, like Gecko; compatible; Amazonbot/0.1; +https://developer.amazon.com/support/amazonbot) Chrome/119.0.6045.214 Safari/537.36"
66.249.79.170 - - [19/Oct/2025:09:38:05 -0400] "GET /?shopping/product/15752486924.html HTTP/1.1" 301 - "-" "Mozilla/5.0 (Linux; Android 6.0.1; Nexus 5X Build/MMB29P) AppleWebKit/537.36 (KHTML, like Gecko) Chrome/140.0.7339.207 Mobile Safari/537.36 (compatible; Googlebot/2.1; +http://www.google.com/bot.html)"
66.249.79.170 - - [19/Oct/2025:09:38:06 -0400] "GET /?shopping/product/15762862414.html HTTP/1.1" 301 - "-" "Mozilla/5.0 (Linux; Android 6.0.1; Nexus 5X Build/MMB29P) AppleWebKit/537.36 (KHTML, like Gecko) Chrome/140.0.7339.207 Mobile Safari/537.36 (compatible; Googlebot/2.1; +http://www.google.com/bot.html)"
66.249.79.170 - - [19/Oct/2025:09:38:07 -0400] "GET /?shopping%2Fproduct%2F15752486924_html HTTP/1.1" 200 47135 "-" "Mozilla/5.0 (Linux; Android 6.0.1; Nexus 5X Build/MMB29P) AppleWebKit/537.36 (KHTML, like Gecko) Chrome/140.0.7339.207 Mobile Safari/537.36 (compatible; Googlebot/2.1; +http://www.google.com/bot.html)"
66.249.79.170 - - [19/Oct/2025:09:38:08 -0400] "GET /?shopping%2Fproduct%2F15762862414_html HTTP/1.1" 200 47135 "-" "Mozilla/5.0 (Linux; Android 6.0.1; Nexus 5X Build/MMB29P) AppleWebKit/537.36 (KHTML, like Gecko) Chrome/140.0.7339.207 Mobile Safari/537.36 (compatible; Googlebot/2.1; +http://www.google.com/bot.html)"
66.249.79.170 - - [19/Oct/2025:09:38:09 -0400] "GET /?shopping/product/1571441539.html HTTP/1.1" 301 - "-" "Mozilla/5.0 (Linux; Android 6.0.1; Nexus 5X Build/MMB29P) AppleWebKit/537.36 (KHTML, like Gecko) Chrome/140.0.7339.207 Mobile Safari/537.36 (compatible; Googlebot/2.1; +http://www.google.com/bot.html)"
3.217.82.254 - - [19/Oct/2025:09:38:10 -0400] "GET /naked-woman-with-you-10-things-you-must-never-discuss/5/ HTTP/1.1" 200 85059 "-" "Mozilla/5.0 AppleWebKit/537.36 (KHTML, like Gecko; compatible; Amazonbot/0.1; +https://developer.amazon.com/support/amazonbot) Chrome/119.0.6045.214 Safari/537.36"
66.249.79.170 - - [19/Oct/2025:09:38:10 -0400] "GET /?shopping%2Fproduct%2F1571441539_html HTTP/1.1" 200 47129 "-" "Mozilla/5.0 (Linux; Android 6.0.1; Nexus 5X Build/MMB29P) AppleWebKit/537.36 (KHTML, like Gecko) Chrome/140.0.7339.207 Mobile Safari/537.36 (compatible; Googlebot/2.1; +http://www.google.com/bot.html)"
163.223.13.96 - - [19/Oct/2025:09:38:11 -0400] "GET /wp-login.php HTTP/1.1" 200 5947 "-" "Mozilla/5.0 (Windows NT 10.0; Win64; x64) AppleWebKit/537.36 (KHTML, like Gecko) Chrome/130.0.0.0 Safari/537.36"
163.223.13.96 - - [19/Oct/2025:09:38:12 -0400] "POST /wp-login.php HTTP/1.1" 200 6402 "https://menintalk.com/wp-login.php" "Mozilla/5.0 (Windows NT 10.0; Win64; x64) AppleWebKit/537.36 (KHTML, like Gecko) Chrome/130.0.0.0 Safari/537.36"
210.5.164.50 - - [19/Oct/2025:09:38:15 -0400] "GET /wp-login.php HTTP/1.1" 200 5947 "-" "Mozilla/5.0 (Windows NT 10.0; Win64; x64) AppleWebKit/537.36 (KHTML, like Gecko) Chrome/130.0.0.0 Safari/537.36"
66.249.79.169 - - [19/Oct/2025:09:38:16 -0400] "GET /?shopping/product/15731334351.html HTTP/1.1" 301 - "-" "Mozilla/5.0 (Linux; Android 6.0.1; Nexus 5X Build/MMB29P) AppleWebKit/537.36 (KHTML, like Gecko) Chrome/140.0.7339.207 Mobile Safari/537.36 (compatible; Googlebot/2.1; +http://www.google.com/bot.html)"
210.5.164.50 - - [19/Oct/2025:09:38:16 -0400] "POST /wp-login.php HTTP/1.1" 200 6366 "https://menintalk.com/wp-login.php" "Mozilla/5.0 (Windows NT 10.0; Win64; x64) AppleWebKit/537.36 (KHTML, like Gecko) Chrome/130.0.0.0 Safari/537.36"
66.249.79.169 - - [19/Oct/2025:09:38:17 -0400] "GET /?shopping%2Fproduct%2F15731334351_html HTTP/1.1" 200 47135 "-" "Mozilla/5.0 (Linux; Android 6.0.1; Nexus 5X Build/MMB29P) AppleWebKit/537.36 (KHTML, like Gecko) Chrome/140.0.7339.207 Mobile Safari/537.36 (compatible; Googlebot/2.1; +http://www.google.com/bot.html)"
68.65.123.34 - - [19/Oct/2025:09:38:19 -0400] "GET /wp-login.php HTTP/1.1" 200 5947 "-" "Mozilla/5.0 (Windows NT 10.0; Win64; x64) AppleWebKit/537.36 (KHTML, like Gecko) Chrome/130.0.0.0 Safari/537.36"
68.65.123.34 - - [19/Oct/2025:09:38:20 -0400] "POST /wp-login.php HTTP/1.1" 200 6368 "https://menintalk.com/wp-login.php" "Mozilla/5.0 (Windows NT 10.0; Win64; x64) AppleWebKit/537.36 (KHTML, like Gecko) Chrome/130.0.0.0 Safari/537.36"
66.249.79.169 - - [19/Oct/2025:09:38:25 -0400] "GET /?shopping/product/15752357468.html HTTP/1.1" 301 - "-" "Mozilla/5.0 (Linux; Android 6.0.1; Nexus 5X Build/MMB29P) AppleWebKit/537.36 (KHTML, like Gecko) Chrome/140.0.7339.207 Mobile Safari/537.36 (compatible; Googlebot/2.1; +http://www.google.com/bot.html)"
66.249.79.169 - - [19/Oct/2025:09:38:25 -0400] "GET /?shopping%2Fproduct%2F15752357468_html HTTP/1.1" 200 47135 "-" "Mozilla/5.0 (Linux; Android 6.0.1; Nexus 5X Build/MMB29P) AppleWebKit/537.36 (KHTML, like Gecko) Chrome/140.0.7339.207 Mobile Safari/537.36 (compatible; Googlebot/2.1; +http://www.google.com/bot.html)"
66.249.79.169 - - [19/Oct/2025:09:38:34 -0400] "GET /?shopping/product/1572890703.html HTTP/1.1" 301 - "-" "Mozilla/5.0 (Linux; Android 6.0.1; Nexus 5X Build/MMB29P) AppleWebKit/537.36 (KHTML, like Gecko) Chrome/140.0.7339.207 Mobile Safari/537.36 (compatible; Googlebot/2.1; +http://www.google.com/bot.html)"
66.249.79.169 - - [19/Oct/2025:09:38:34 -0400] "GET /?shopping%2Fproduct%2F1572890703_html HTTP/1.1" 200 47129 "-" "Mozilla/5.0 (Linux; Android 6.0.1; Nexus 5X Build/MMB29P) AppleWebKit/537.36 (KHTML, like Gecko) Chrome/140.0.7339.207 Mobile Safari/537.36 (compatible; Googlebot/2.1; +http://www.google.com/bot.html)"
66.249.79.169 - - [19/Oct/2025:09:38:42 -0400] "GET /?shopping/product/15762961087.html HTTP/1.1" 301 - "-" "Mozilla/5.0 (Linux; Android 6.0.1; Nexus 5X Build/MMB29P) AppleWebKit/537.36 (KHTML, like Gecko) Chrome/140.0.7339.207 Mobile Safari/537.36 (compatible; Googlebot/2.1; +http://www.google.com/bot.html)"
66.249.79.169 - - [19/Oct/2025:09:38:43 -0400] "GET /?shopping%2Fproduct%2F15762961087_html HTTP/1.1" 200 47135 "-" "Mozilla/5.0 (Linux; Android 6.0.1; Nexus 5X Build/MMB29P) AppleWebKit/537.36 (KHTML, like Gecko) Chrome/140.0.7339.207 Mobile Safari/537.36 (compatible; Googlebot/2.1; +http://www.google.com/bot.html)"
162.243.84.218 - - [19/Oct/2025:09:38:48 -0400] "GET /wp-login.php HTTP/1.1" 200 5947 "-" "Mozilla/5.0 (Windows NT 10.0; Win64; x64) AppleWebKit/537.36 (KHTML, like Gecko) Chrome/130.0.0.0 Safari/537.36"
162.243.84.218 - - [19/Oct/2025:09:38:51 -0400] "POST /wp-login.php HTTP/1.1" 200 6363 "https://menintalk.com/wp-login.php" "Mozilla/5.0 (Windows NT 10.0; Win64; x64) AppleWebKit/537.36 (KHTML, like Gecko) Chrome/130.0.0.0 Safari/537.36"
66.249.79.169 - - [19/Oct/2025:09:38:51 -0400] "GET /?shopping/product/15762985661.html HTTP/1.1" 301 - "-" "Mozilla/5.0 (Linux; Android 6.0.1; Nexus 5X Build/MMB29P) AppleWebKit/537.36 (KHTML, like Gecko) Chrome/140.0.7339.207 Mobile Safari/537.36 (compatible; Googlebot/2.1; +http://www.google.com/bot.html)"
66.249.79.169 - - [19/Oct/2025:09:38:52 -0400] "GET /?shopping%2Fproduct%2F15762985661_html HTTP/1.1" 200 47135 "-" "Mozilla/5.0 (Linux; Android 6.0.1; Nexus 5X Build/MMB29P) AppleWebKit/537.36 (KHTML, like Gecko) Chrome/140.0.7339.207 Mobile Safari/537.36 (compatible; Googlebot/2.1; +http://www.google.com/bot.html)"
148.72.247.255 - - [19/Oct/2025:09:38:52 -0400] "GET /wp-login.php HTTP/1.1" 200 5947 "-" "Mozilla/5.0 (Windows NT 6.2; Win64; x64) AppleWebKit/537.36 (KHTML, like Gecko) Chrome/66.0.3359.181 Safari/537.36"
148.72.247.255 - - [19/Oct/2025:09:38:53 -0400] "POST /wp-login.php HTTP/1.1" 200 6385 "https://menintalk.com/wp-login.php" "Mozilla/5.0 (Windows NT 6.2; Win64; x64) AppleWebKit/537.36 (KHTML, like Gecko) Chrome/66.0.3359.181 Safari/537.36"
198.244.183.185 - - [19/Oct/2025:09:38:54 -0400] "GET /category/uncategorized/page/209/?filter_by=popular HTTP/1.1" 200 86294 "-" "Mozilla/5.0 (compatible; AhrefsBot/7.0; +http://ahrefs.com/robot/)"
164.92.134.102 - - [19/Oct/2025:09:38:55 -0400] "GET /wp-login.php HTTP/1.1" 200 5947 "-" "Mozilla/5.0 (Windows NT 10.0; Win64; x64) AppleWebKit/537.36 (KHTML, like Gecko) Chrome/130.0.0.0 Safari/537.36"
164.92.134.102 - - [19/Oct/2025:09:38:56 -0400] "POST /wp-login.php HTTP/1.1" 200 6368 "https://menintalk.com/wp-login.php" "Mozilla/5.0 (Windows NT 10.0; Win64; x64) AppleWebKit/537.36 (KHTML, like Gecko) Chrome/130.0.0.0 Safari/537.36"
37.24.161.119 - - [19/Oct/2025:09:38:57 -0400] "GET /wp-login.php HTTP/1.1" 200 5947 "-" "Mozilla/5.0 (Windows NT 10.0; Win64; x64) AppleWebKit/537.36 (KHTML, like Gecko) Chrome/130.0.0.0 Safari/537.36"
37.24.161.119 - - [19/Oct/2025:09:38:57 -0400] "POST /wp-login.php HTTP/1.1" 200 6367 "https://menintalk.com/wp-login.php" "Mozilla/5.0 (Windows NT 10.0; Win64; x64) AppleWebKit/537.36 (KHTML, like Gecko) Chrome/130.0.0.0 Safari/537.36"
178.239.147.118 - - [19/Oct/2025:09:38:59 -0400] "GET /wp-login.php HTTP/1.1" 200 5947 "-" "Mozilla/5.0 (Windows NT 10.0; Win64; x64) AppleWebKit/537.36 (KHTML, like Gecko) Chrome/130.0.0.0 Safari/537.36"
178.239.147.118 - - [19/Oct/2025:09:39:00 -0400] "POST /wp-login.php HTTP/1.1" 200 6402 "https://menintalk.com/wp-login.php" "Mozilla/5.0 (Windows NT 10.0; Win64; x64) AppleWebKit/537.36 (KHTML, like Gecko) Chrome/130.0.0.0 Safari/537.36"
66.249.79.169 - - [19/Oct/2025:09:39:00 -0400] "GET /?shopping/product/15731361802.html HTTP/1.1" 301 - "-" "Mozilla/5.0 (Linux; Android 6.0.1; Nexus 5X Build/MMB29P) AppleWebKit/537.36 (KHTML, like Gecko) Chrome/140.0.7339.207 Mobile Safari/537.36 (compatible; Googlebot/2.1; +http://www.google.com/bot.html)"
66.249.79.169 - - [19/Oct/2025:09:39:01 -0400] "GET /?shopping%2Fproduct%2F15731361802_html HTTP/1.1" 200 47135 "-" "Mozilla/5.0 (Linux; Android 6.0.1; Nexus 5X Build/MMB29P) AppleWebKit/537.36 (KHTML, like Gecko) Chrome/140.0.7339.207 Mobile Safari/537.36 (compatible; Googlebot/2.1; +http://www.google.com/bot.html)"
163.223.13.96 - - [19/Oct/2025:09:39:05 -0400] "GET /wp-login.php HTTP/1.1" 200 5947 "-" "Mozilla/5.0 (Windows NT 10.0; Win64; x64) AppleWebKit/537.36 (KHTML, like Gecko) Chrome/130.0.0.0 Safari/537.36"
163.223.13.96 - - [19/Oct/2025:09:39:06 -0400] "POST /wp-login.php HTTP/1.1" 200 6402 "https://menintalk.com/wp-login.php" "Mozilla/5.0 (Windows NT 10.0; Win64; x64) AppleWebKit/537.36 (KHTML, like Gecko) Chrome/130.0.0.0 Safari/537.36"
66.249.79.169 - - [19/Oct/2025:09:39:09 -0400] "GET /?shopping/product/15762889521.html HTTP/1.1" 301 - "-" "Mozilla/5.0 (Linux; Android 6.0.1; Nexus 5X Build/MMB29P) AppleWebKit/537.36 (KHTML, like Gecko) Chrome/140.0.7339.207 Mobile Safari/537.36 (compatible; Googlebot/2.1; +http://www.google.com/bot.html)"
66.249.79.169 - - [19/Oct/2025:09:39:10 -0400] "GET /?shopping%2Fproduct%2F15762889521_html HTTP/1.1" 200 47135 "-" "Mozilla/5.0 (Linux; Android 6.0.1; Nexus 5X Build/MMB29P) AppleWebKit/537.36 (KHTML, like Gecko) Chrome/140.0.7339.207 Mobile Safari/537.36 (compatible; Googlebot/2.1; +http://www.google.com/bot.html)"
162.241.62.162 - - [19/Oct/2025:09:39:17 -0400] "GET /wp-login.php HTTP/1.1" 200 5947 "-" "Mozilla/5.0 (Windows NT 10.0; Win64; x64) AppleWebKit/537.36 (KHTML, like Gecko) Chrome/130.0.0.0 Safari/537.36"
66.249.79.169 - - [19/Oct/2025:09:39:17 -0400] "GET /?shopping/product/15762910421.html HTTP/1.1" 301 - "-" "Mozilla/5.0 (Linux; Android 6.0.1; Nexus 5X Build/MMB29P) AppleWebKit/537.36 (KHTML, like Gecko) Chrome/140.0.7339.207 Mobile Safari/537.36 (compatible; Googlebot/2.1; +http://www.google.com/bot.html)"
66.249.79.169 - - [19/Oct/2025:09:39:18 -0400] "GET /?shopping%2Fproduct%2F15762910421_html HTTP/1.1" 200 47135 "-" "Mozilla/5.0 (Linux; Android 6.0.1; Nexus 5X Build/MMB29P) AppleWebKit/537.36 (KHTML, like Gecko) Chrome/140.0.7339.207 Mobile Safari/537.36 (compatible; Googlebot/2.1; +http://www.google.com/bot.html)"
66.249.79.169 - - [19/Oct/2025:09:39:22 -0400] "GET /?shopping/product/15752346854.html HTTP/1.1" 301 - "-" "Mozilla/5.0 (Linux; Android 6.0.1; Nexus 5X Build/MMB29P) AppleWebKit/537.36 (KHTML, like Gecko) Chrome/140.0.7339.207 Mobile Safari/537.36 (compatible; Googlebot/2.1; +http://www.google.com/bot.html)"
66.249.79.169 - - [19/Oct/2025:09:39:23 -0400] "GET /?shopping%2Fproduct%2F15752346854_html HTTP/1.1" 200 47135 "-" "Mozilla/5.0 (Linux; Android 6.0.1; Nexus 5X Build/MMB29P) AppleWebKit/537.36 (KHTML, like Gecko) Chrome/140.0.7339.207 Mobile Safari/537.36 (compatible; Googlebot/2.1; +http://www.google.com/bot.html)"
137.184.246.47 - - [19/Oct/2025:09:39:26 -0400] "GET /favicon.ico HTTP/1.1" 302 - "-" "Mozilla/5.0 (iPhone; CPU iPhone OS 15_0 like Mac OS X) AppleWebKit/605.1.15 (KHTML, like Gecko) Version/15.0 Mobile/15E148 Safari/604.1"
162.241.62.162 - - [19/Oct/2025:09:39:27 -0400] "POST /wp-login.php HTTP/1.1" 200 6402 "https://menintalk.com/wp-login.php" "Mozilla/5.0 (Windows NT 10.0; Win64; x64) AppleWebKit/537.36 (KHTML, like Gecko) Chrome/130.0.0.0 Safari/537.36"
67.215.251.83 - - [19/Oct/2025:09:39:30 -0400] "GET /entendendo-as-chances-de-ganhar-no-pagolbet/ HTTP/1.1" 200 83433 "-" "Mozilla/5.0 (Windows NT 10.0; WOW64; x64) AppleWebKit/537.36 (KHTML, like Gecko) Chrome/114.0.0.0 Safari/537.36 OPR/89.0.4447.51"
66.249.79.169 - - [19/Oct/2025:09:39:32 -0400] "GET /?shopping/product/15741570838.html HTTP/1.1" 301 - "-" "Mozilla/5.0 (Linux; Android 6.0.1; Nexus 5X Build/MMB29P) AppleWebKit/537.36 (KHTML, like Gecko) Chrome/140.0.7339.207 Mobile Safari/537.36 (compatible; Googlebot/2.1; +http://www.google.com/bot.html)"
35.247.3.5 - - [19/Oct/2025:09:39:32 -0400] "GET / HTTP/1.1" 200 97801 "-" "Mozilla/5.0 (Windows NT 10.0; Win64; x64) AppleWebKit/537.36 (KHTML, like Gecko) Chrome/78.0.3904.108 Safari/537.36"
66.249.79.169 - - [19/Oct/2025:09:39:32 -0400] "GET /?shopping%2Fproduct%2F15741570838_html HTTP/1.1" 200 47135 "-" "Mozilla/5.0 (Linux; Android 6.0.1; Nexus 5X Build/MMB29P) AppleWebKit/537.36 (KHTML, like Gecko) Chrome/140.0.7339.207 Mobile Safari/537.36 (compatible; Googlebot/2.1; +http://www.google.com/bot.html)"
35.247.3.5 - - [19/Oct/2025:09:39:33 -0400] "GET //wp-includes/wlwmanifest.xml HTTP/1.1" 301 - "-" "Mozilla/5.0 (Windows NT 10.0; Win64; x64) AppleWebKit/537.36 (KHTML, like Gecko) Chrome/78.0.3904.108 Safari/537.36"
66.249.79.169 - - [19/Oct/2025:09:39:33 -0400] "GET /?shopping/product/1572605741.html HTTP/1.1" 301 - "-" "Mozilla/5.0 (Linux; Android 6.0.1; Nexus 5X Build/MMB29P) AppleWebKit/537.36 (KHTML, like Gecko) Chrome/140.0.7339.207 Mobile Safari/537.36 (compatible; Googlebot/2.1; +http://www.google.com/bot.html)"
35.247.3.5 - - [19/Oct/2025:09:39:34 -0400] "GET //xmlrpc.php?rsd HTTP/1.1" 200 792 "-" "Mozilla/5.0 (Windows NT 10.0; Win64; x64) AppleWebKit/537.36 (KHTML, like Gecko) Chrome/78.0.3904.108 Safari/537.36"
35.247.3.5 - - [19/Oct/2025:09:39:34 -0400] "GET //?author=1 HTTP/1.1" 301 - "-" "Mozilla/5.0 (Windows NT 10.0; Win64; x64) AppleWebKit/537.36 (KHTML, like Gecko) Chrome/78.0.3904.108 Safari/537.36"
54.36.95.199 - - [19/Oct/2025:09:39:34 -0400] "GET /wp-login.php HTTP/1.1" 200 5947 "-" "Mozilla/5.0 (Windows NT 10.0; Win64; x64) AppleWebKit/537.36 (KHTML, like Gecko) Chrome/130.0.0.0 Safari/537.36"
66.249.79.169 - - [19/Oct/2025:09:39:34 -0400] "GET /?shopping%2Fproduct%2F1572605741_html HTTP/1.1" 200 47129 "-" "Mozilla/5.0 (Linux; Android 6.0.1; Nexus 5X Build/MMB29P) AppleWebKit/537.36 (KHTML, like Gecko) Chrome/140.0.7339.207 Mobile Safari/537.36 (compatible; Googlebot/2.1; +http://www.google.com/bot.html)"
35.247.3.5 - - [19/Oct/2025:09:39:35 -0400] "GET //?author=2 HTTP/1.1" 301 - "-" "Mozilla/5.0 (Windows NT 10.0; Win64; x64) AppleWebKit/537.36 (KHTML, like Gecko) Chrome/78.0.3904.108 Safari/537.36"
54.36.95.199 - - [19/Oct/2025:09:39:35 -0400] "POST /wp-login.php HTTP/1.1" 200 6402 "https://menintalk.com/wp-login.php" "Mozilla/5.0 (Windows NT 10.0; Win64; x64) AppleWebKit/537.36 (KHTML, like Gecko) Chrome/130.0.0.0 Safari/537.36"
35.247.3.5 - - [19/Oct/2025:09:39:35 -0400] "GET //wp-json/wp/v2/users/ HTTP/1.1" 200 8856 "-" "Mozilla/5.0 (Windows NT 10.0; Win64; x64) AppleWebKit/537.36 (KHTML, like Gecko) Chrome/78.0.3904.108 Safari/537.36"
35.247.3.5 - - [19/Oct/2025:09:39:36 -0400] "POST //xmlrpc.php HTTP/1.1" 200 401 "-" "Mozilla/5.0 (Windows NT 10.0; Win64; x64) AppleWebKit/537.36 (KHTML, like Gecko) Chrome/78.0.3904.108 Safari/537.36"
35.247.3.5 - - [19/Oct/2025:09:39:36 -0400] "POST //xmlrpc.php HTTP/1.1" 200 401 "-" "Mozilla/5.0 (Windows NT 10.0; Win64; x64) AppleWebKit/537.36 (KHTML, like Gecko) Chrome/78.0.3904.108 Safari/537.36"
35.247.3.5 - - [19/Oct/2025:09:39:37 -0400] "POST //xmlrpc.php HTTP/1.1" 200 401 "-" "Mozilla/5.0 (Windows NT 10.0; Win64; x64) AppleWebKit/537.36 (KHTML, like Gecko) Chrome/78.0.3904.108 Safari/537.36"
35.247.3.5 - - [19/Oct/2025:09:39:38 -0400] "POST //xmlrpc.php HTTP/1.1" 200 401 "-" "Mozilla/5.0 (Windows NT 10.0; Win64; x64) AppleWebKit/537.36 (KHTML, like Gecko) Chrome/78.0.3904.108 Safari/537.36"
35.247.3.5 - - [19/Oct/2025:09:39:39 -0400] "POST //xmlrpc.php HTTP/1.1" 200 401 "-" "Mozilla/5.0 (Windows NT 10.0; Win64; x64) AppleWebKit/537.36 (KHTML, like Gecko) Chrome/78.0.3904.108 Safari/537.36"
35.247.3.5 - - [19/Oct/2025:09:39:40 -0400] "POST //xmlrpc.php HTTP/1.1" 200 401 "-" "Mozilla/5.0 (Windows NT 10.0; Win64; x64) AppleWebKit/537.36 (KHTML, like Gecko) Chrome/78.0.3904.108 Safari/537.36"
35.247.3.5 - - [19/Oct/2025:09:39:40 -0400] "POST //xmlrpc.php HTTP/1.1" 200 401 "-" "Mozilla/5.0 (Windows NT 10.0; Win64; x64) AppleWebKit/537.36 (KHTML, like Gecko) Chrome/78.0.3904.108 Safari/537.36"
35.247.3.5 - - [19/Oct/2025:09:39:41 -0400] "POST //xmlrpc.php HTTP/1.1" 200 401 "-" "Mozilla/5.0 (Windows NT 10.0; Win64; x64) AppleWebKit/537.36 (KHTML, like Gecko) Chrome/78.0.3904.108 Safari/537.36"
35.247.3.5 - - [19/Oct/2025:09:39:42 -0400] "POST //xmlrpc.php HTTP/1.1" 200 401 "-" "Mozilla/5.0 (Windows NT 10.0; Win64; x64) AppleWebKit/537.36 (KHTML, like Gecko) Chrome/78.0.3904.108 Safari/537.36"
35.247.3.5 - - [19/Oct/2025:09:39:43 -0400] "POST //xmlrpc.php HTTP/1.1" 200 401 "-" "Mozilla/5.0 (Windows NT 10.0; Win64; x64) AppleWebKit/537.36 (KHTML, like Gecko) Chrome/78.0.3904.108 Safari/537.36"
66.249.79.169 - - [19/Oct/2025:09:39:43 -0400] "GET /?shopping/product/15762665409.html HTTP/1.1" 301 - "-" "Mozilla/5.0 (Linux; Android 6.0.1; Nexus 5X Build/MMB29P) AppleWebKit/537.36 (KHTML, like Gecko) Chrome/140.0.7339.207 Mobile Safari/537.36 (compatible; Googlebot/2.1; +http://www.google.com/bot.html)"
66.249.79.169 - - [19/Oct/2025:09:39:44 -0400] "GET /?shopping/product/15731271970.html HTTP/1.1" 301 - "-" "Mozilla/5.0 (Linux; Android 6.0.1; Nexus 5X Build/MMB29P) AppleWebKit/537.36 (KHTML, like Gecko) Chrome/140.0.7339.207 Mobile Safari/537.36 (compatible; Googlebot/2.1; +http://www.google.com/bot.html)"
35.247.3.5 - - [19/Oct/2025:09:39:44 -0400] "POST //xmlrpc.php HTTP/1.1" 200 401 "-" "Mozilla/5.0 (Windows NT 10.0; Win64; x64) AppleWebKit/537.36 (KHTML, like Gecko) Chrome/78.0.3904.108 Safari/537.36"
35.247.3.5 - - [19/Oct/2025:09:39:44 -0400] "POST //xmlrpc.php HTTP/1.1" 200 401 "-" "Mozilla/5.0 (Windows NT 10.0; Win64; x64) AppleWebKit/537.36 (KHTML, like Gecko) Chrome/78.0.3904.108 Safari/537.36"
66.249.79.169 - - [19/Oct/2025:09:39:44 -0400] "GET /?shopping%2Fproduct%2F15762665409_html HTTP/1.1" 200 47135 "-" "Mozilla/5.0 (Linux; Android 6.0.1; Nexus 5X Build/MMB29P) AppleWebKit/537.36 (KHTML, like Gecko) Chrome/140.0.7339.207 Mobile Safari/537.36 (compatible; Googlebot/2.1; +http://www.google.com/bot.html)"
35.247.3.5 - - [19/Oct/2025:09:39:45 -0400] "POST //xmlrpc.php HTTP/1.1" 200 401 "-" "Mozilla/5.0 (Windows NT 10.0; Win64; x64) AppleWebKit/537.36 (KHTML, like Gecko) Chrome/78.0.3904.108 Safari/537.36"
66.249.79.169 - - [19/Oct/2025:09:39:45 -0400] "GET /?shopping%2Fproduct%2F15731271970_html HTTP/1.1" 200 47135 "-" "Mozilla/5.0 (Linux; Android 6.0.1; Nexus 5X Build/MMB29P) AppleWebKit/537.36 (KHTML, like Gecko) Chrome/140.0.7339.207 Mobile Safari/537.36 (compatible; Googlebot/2.1; +http://www.google.com/bot.html)"
35.247.3.5 - - [19/Oct/2025:09:39:46 -0400] "POST //xmlrpc.php HTTP/1.1" 200 401 "-" "Mozilla/5.0 (Windows NT 10.0; Win64; x64) AppleWebKit/537.36 (KHTML, like Gecko) Chrome/78.0.3904.108 Safari/537.36"
35.247.3.5 - - [19/Oct/2025:09:39:47 -0400] "POST //xmlrpc.php HTTP/1.1" 200 401 "-" "Mozilla/5.0 (Windows NT 10.0; Win64; x64) AppleWebKit/537.36 (KHTML, like Gecko) Chrome/78.0.3904.108 Safari/537.36"
66.249.79.169 - - [19/Oct/2025:09:39:47 -0400] "GET /?shopping/product/15731421022.html HTTP/1.1" 301 - "-" "Mozilla/5.0 (Linux; Android 6.0.1; Nexus 5X Build/MMB29P) AppleWebKit/537.36 (KHTML, like Gecko) Chrome/140.0.7339.207 Mobile Safari/537.36 (compatible; Googlebot/2.1; +http://www.google.com/bot.html)"
35.247.3.5 - - [19/Oct/2025:09:39:48 -0400] "POST //xmlrpc.php HTTP/1.1" 200 401 "-" "Mozilla/5.0 (Windows NT 10.0; Win64; x64) AppleWebKit/537.36 (KHTML, like Gecko) Chrome/78.0.3904.108 Safari/537.36"
66.249.79.169 - - [19/Oct/2025:09:39:48 -0400] "GET /?shopping%2Fproduct%2F15731421022_html HTTP/1.1" 200 47135 "-" "Mozilla/5.0 (Linux; Android 6.0.1; Nexus 5X Build/MMB29P) AppleWebKit/537.36 (KHTML, like Gecko) Chrome/140.0.7339.207 Mobile Safari/537.36 (compatible; Googlebot/2.1; +http://www.google.com/bot.html)"
35.247.3.5 - - [19/Oct/2025:09:39:48 -0400] "POST //xmlrpc.php HTTP/1.1" 200 401 "-" "Mozilla/5.0 (Windows NT 10.0; Win64; x64) AppleWebKit/537.36 (KHTML, like Gecko) Chrome/78.0.3904.108 Safari/537.36"
35.247.3.5 - - [19/Oct/2025:09:39:49 -0400] "POST //xmlrpc.php HTTP/1.1" 200 401 "-" "Mozilla/5.0 (Windows NT 10.0; Win64; x64) AppleWebKit/537.36 (KHTML, like Gecko) Chrome/78.0.3904.108 Safari/537.36"
35.247.3.5 - - [19/Oct/2025:09:39:50 -0400] "POST //xmlrpc.php HTTP/1.1" 200 401 "-" "Mozilla/5.0 (Windows NT 10.0; Win64; x64) AppleWebKit/537.36 (KHTML, like Gecko) Chrome/78.0.3904.108 Safari/537.36"
35.247.3.5 - - [19/Oct/2025:09:39:51 -0400] "POST //xmlrpc.php HTTP/1.1" 200 401 "-" "Mozilla/5.0 (Windows NT 10.0; Win64; x64) AppleWebKit/537.36 (KHTML, like Gecko) Chrome/78.0.3904.108 Safari/537.36"
35.247.3.5 - - [19/Oct/2025:09:39:52 -0400] "POST //xmlrpc.php HTTP/1.1" 200 401 "-" "Mozilla/5.0 (Windows NT 10.0; Win64; x64) AppleWebKit/537.36 (KHTML, like Gecko) Chrome/78.0.3904.108 Safari/537.36"
35.247.3.5 - - [19/Oct/2025:09:39:52 -0400] "POST //xmlrpc.php HTTP/1.1" 200 401 "-" "Mozilla/5.0 (Windows NT 10.0; Win64; x64) AppleWebKit/537.36 (KHTML, like Gecko) Chrome/78.0.3904.108 Safari/537.36"
66.249.79.169 - - [19/Oct/2025:09:39:52 -0400] "GET /?shopping/product/15731460219.html HTTP/1.1" 301 - "-" "Mozilla/5.0 (Linux; Android 6.0.1; Nexus 5X Build/MMB29P) AppleWebKit/537.36 (KHTML, like Gecko) Chrome/140.0.7339.207 Mobile Safari/537.36 (compatible; Googlebot/2.1; +http://www.google.com/bot.html)"
35.247.3.5 - - [19/Oct/2025:09:39:53 -0400] "POST //xmlrpc.php HTTP/1.1" 200 401 "-" "Mozilla/5.0 (Windows NT 10.0; Win64; x64) AppleWebKit/537.36 (KHTML, like Gecko) Chrome/78.0.3904.108 Safari/537.36"
66.249.79.169 - - [19/Oct/2025:09:39:53 -0400] "GET /?shopping%2Fproduct%2F15731460219_html HTTP/1.1" 200 47135 "-" "Mozilla/5.0 (Linux; Android 6.0.1; Nexus 5X Build/MMB29P) AppleWebKit/537.36 (KHTML, like Gecko) Chrome/140.0.7339.207 Mobile Safari/537.36 (compatible; Googlebot/2.1; +http://www.google.com/bot.html)"
35.247.3.5 - - [19/Oct/2025:09:39:54 -0400] "POST //xmlrpc.php HTTP/1.1" 200 401 "-" "Mozilla/5.0 (Windows NT 10.0; Win64; x64) AppleWebKit/537.36 (KHTML, like Gecko) Chrome/78.0.3904.108 Safari/537.36"
35.247.3.5 - - [19/Oct/2025:09:39:55 -0400] "POST //xmlrpc.php HTTP/1.1" 200 401 "-" "Mozilla/5.0 (Windows NT 10.0; Win64; x64) AppleWebKit/537.36 (KHTML, like Gecko) Chrome/78.0.3904.108 Safari/537.36"
35.247.3.5 - - [19/Oct/2025:09:39:56 -0400] "POST //xmlrpc.php HTTP/1.1" 200 401 "-" "Mozilla/5.0 (Windows NT 10.0; Win64; x64) AppleWebKit/537.36 (KHTML, like Gecko) Chrome/78.0.3904.108 Safari/537.36"
35.247.3.5 - - [19/Oct/2025:09:39:56 -0400] "POST //xmlrpc.php HTTP/1.1" 200 401 "-" "Mozilla/5.0 (Windows NT 10.0; Win64; x64) AppleWebKit/537.36 (KHTML, like Gecko) Chrome/78.0.3904.108 Safari/537.36"
35.247.3.5 - - [19/Oct/2025:09:39:57 -0400] "POST //xmlrpc.php HTTP/1.1" 200 401 "-" "Mozilla/5.0 (Windows NT 10.0; Win64; x64) AppleWebKit/537.36 (KHTML, like Gecko) Chrome/78.0.3904.108 Safari/537.36"
35.247.3.5 - - [19/Oct/2025:09:39:58 -0400] "POST //xmlrpc.php HTTP/1.1" 200 401 "-" "Mozilla/5.0 (Windows NT 10.0; Win64; x64) AppleWebKit/537.36 (KHTML, like Gecko) Chrome/78.0.3904.108 Safari/537.36"
35.247.3.5 - - [19/Oct/2025:09:39:59 -0400] "POST //xmlrpc.php HTTP/1.1" 200 401 "-" "Mozilla/5.0 (Windows NT 10.0; Win64; x64) AppleWebKit/537.36 (KHTML, like Gecko) Chrome/78.0.3904.108 Safari/537.36"
35.247.3.5 - - [19/Oct/2025:09:39:59 -0400] "POST //xmlrpc.php HTTP/1.1" 200 401 "-" "Mozilla/5.0 (Windows NT 10.0; Win64; x64) AppleWebKit/537.36 (KHTML, like Gecko) Chrome/78.0.3904.108 Safari/537.36"
35.247.3.5 - - [19/Oct/2025:09:40:00 -0400] "POST //xmlrpc.php HTTP/1.1" 200 401 "-" "Mozilla/5.0 (Windows NT 10.0; Win64; x64) AppleWebKit/537.36 (KHTML, like Gecko) Chrome/78.0.3904.108 Safari/537.36"
35.247.3.5 - - [19/Oct/2025:09:40:01 -0400] "POST //xmlrpc.php HTTP/1.1" 200 401 "-" "Mozilla/5.0 (Windows NT 10.0; Win64; x64) AppleWebKit/537.36 (KHTML, like Gecko) Chrome/78.0.3904.108 Safari/537.36"
66.249.79.171 - - [19/Oct/2025:09:40:01 -0400] "GET /?shopping/product/15752196972.html HTTP/1.1" 301 - "-" "Mozilla/5.0 (Linux; Android 6.0.1; Nexus 5X Build/MMB29P) AppleWebKit/537.36 (KHTML, like Gecko) Chrome/140.0.7339.207 Mobile Safari/537.36 (compatible; Googlebot/2.1; +http://www.google.com/bot.html)"
35.247.3.5 - - [19/Oct/2025:09:40:02 -0400] "POST //xmlrpc.php HTTP/1.1" 200 401 "-" "Mozilla/5.0 (Windows NT 10.0; Win64; x64) AppleWebKit/537.36 (KHTML, like Gecko) Chrome/78.0.3904.108 Safari/537.36"
66.249.79.170 - - [19/Oct/2025:09:40:02 -0400] "GET /?shopping%2Fproduct%2F15752196972_html HTTP/1.1" 200 47135 "-" "Mozilla/5.0 (Linux; Android 6.0.1; Nexus 5X Build/MMB29P) AppleWebKit/537.36 (KHTML, like Gecko) Chrome/140.0.7339.207 Mobile Safari/537.36 (compatible; Googlebot/2.1; +http://www.google.com/bot.html)"
103.56.160.10 - - [19/Oct/2025:09:40:02 -0400] "POST /xmlrpc.php HTTP/1.1" 200 401 "-" "Mozilla/5.0 (Windows NT 10.0; WOW64; Trident/7.0; rv:11.0) like Gecko"
35.247.3.5 - - [19/Oct/2025:09:40:02 -0400] "POST //xmlrpc.php HTTP/1.1" 200 401 "-" "Mozilla/5.0 (Windows NT 10.0; Win64; x64) AppleWebKit/537.36 (KHTML, like Gecko) Chrome/78.0.3904.108 Safari/537.36"
35.247.3.5 - - [19/Oct/2025:09:40:03 -0400] "POST //xmlrpc.php HTTP/1.1" 200 401 "-" "Mozilla/5.0 (Windows NT 10.0; Win64; x64) AppleWebKit/537.36 (KHTML, like Gecko) Chrome/78.0.3904.108 Safari/537.36"
35.247.3.5 - - [19/Oct/2025:09:40:04 -0400] "POST //xmlrpc.php HTTP/1.1" 200 401 "-" "Mozilla/5.0 (Windows NT 10.0; Win64; x64) AppleWebKit/537.36 (KHTML, like Gecko) Chrome/78.0.3904.108 Safari/537.36"
35.247.3.5 - - [19/Oct/2025:09:40:05 -0400] "POST //xmlrpc.php HTTP/1.1" 200 401 "-" "Mozilla/5.0 (Windows NT 10.0; Win64; x64) AppleWebKit/537.36 (KHTML, like Gecko) Chrome/78.0.3904.108 Safari/537.36"
35.247.3.5 - - [19/Oct/2025:09:40:05 -0400] "POST //xmlrpc.php HTTP/1.1" 200 401 "-" "Mozilla/5.0 (Windows NT 10.0; Win64; x64) AppleWebKit/537.36 (KHTML, like Gecko) Chrome/78.0.3904.108 Safari/537.36"
35.247.3.5 - - [19/Oct/2025:09:40:06 -0400] "POST //xmlrpc.php HTTP/1.1" 200 401 "-" "Mozilla/5.0 (Windows NT 10.0; Win64; x64) AppleWebKit/537.36 (KHTML, like Gecko) Chrome/78.0.3904.108 Safari/537.36"
35.247.3.5 - - [19/Oct/2025:09:40:07 -0400] "POST //xmlrpc.php HTTP/1.1" 200 401 "-" "Mozilla/5.0 (Windows NT 10.0; Win64; x64) AppleWebKit/537.36 (KHTML, like Gecko) Chrome/78.0.3904.108 Safari/537.36"
35.247.3.5 - - [19/Oct/2025:09:40:08 -0400] "POST //xmlrpc.php HTTP/1.1" 200 401 "-" "Mozilla/5.0 (Windows NT 10.0; Win64; x64) AppleWebKit/537.36 (KHTML, like Gecko) Chrome/78.0.3904.108 Safari/537.36"
35.247.3.5 - - [19/Oct/2025:09:40:08 -0400] "POST //xmlrpc.php HTTP/1.1" 200 401 "-" "Mozilla/5.0 (Windows NT 10.0; Win64; x64) AppleWebKit/537.36 (KHTML, like Gecko) Chrome/78.0.3904.108 Safari/537.36"
35.247.3.5 - - [19/Oct/2025:09:40:09 -0400] "POST //xmlrpc.php HTTP/1.1" 200 401 "-" "Mozilla/5.0 (Windows NT 10.0; Win64; x64) AppleWebKit/537.36 (KHTML, like Gecko) Chrome/78.0.3904.108 Safari/537.36"
35.247.3.5 - - [19/Oct/2025:09:40:10 -0400] "POST //xmlrpc.php HTTP/1.1" 200 401 "-" "Mozilla/5.0 (Windows NT 10.0; Win64; x64) AppleWebKit/537.36 (KHTML, like Gecko) Chrome/78.0.3904.108 Safari/537.36"
66.249.79.170 - - [19/Oct/2025:09:40:10 -0400] "GET /?shopping/product/15741599431.html HTTP/1.1" 301 - "-" "Mozilla/5.0 (Linux; Android 6.0.1; Nexus 5X Build/MMB29P) AppleWebKit/537.36 (KHTML, like Gecko) Chrome/140.0.7339.207 Mobile Safari/537.36 (compatible; Googlebot/2.1; +http://www.google.com/bot.html)"
35.247.3.5 - - [19/Oct/2025:09:40:11 -0400] "POST //xmlrpc.php HTTP/1.1" 200 401 "-" "Mozilla/5.0 (Windows NT 10.0; Win64; x64) AppleWebKit/537.36 (KHTML, like Gecko) Chrome/78.0.3904.108 Safari/537.36"
66.249.79.170 - - [19/Oct/2025:09:40:11 -0400] "GET /?shopping%2Fproduct%2F15741599431_html HTTP/1.1" 200 47135 "-" "Mozilla/5.0 (Linux; Android 6.0.1; Nexus 5X Build/MMB29P) AppleWebKit/537.36 (KHTML, like Gecko) Chrome/140.0.7339.207 Mobile Safari/537.36 (compatible; Googlebot/2.1; +http://www.google.com/bot.html)"
35.247.3.5 - - [19/Oct/2025:09:40:12 -0400] "POST //xmlrpc.php HTTP/1.1" 200 401 "-" "Mozilla/5.0 (Windows NT 10.0; Win64; x64) AppleWebKit/537.36 (KHTML, like Gecko) Chrome/78.0.3904.108 Safari/537.36"
35.247.3.5 - - [19/Oct/2025:09:40:12 -0400] "POST //xmlrpc.php HTTP/1.1" 200 401 "-" "Mozilla/5.0 (Windows NT 10.0; Win64; x64) AppleWebKit/537.36 (KHTML, like Gecko) Chrome/78.0.3904.108 Safari/537.36"
35.247.3.5 - - [19/Oct/2025:09:40:13 -0400] "POST //xmlrpc.php HTTP/1.1" 200 401 "-" "Mozilla/5.0 (Windows NT 10.0; Win64; x64) AppleWebKit/537.36 (KHTML, like Gecko) Chrome/78.0.3904.108 Safari/537.36"
35.247.3.5 - - [19/Oct/2025:09:40:14 -0400] "POST //xmlrpc.php HTTP/1.1" 200 401 "-" "Mozilla/5.0 (Windows NT 10.0; Win64; x64) AppleWebKit/537.36 (KHTML, like Gecko) Chrome/78.0.3904.108 Safari/537.36"
35.247.3.5 - - [19/Oct/2025:09:40:15 -0400] "POST //xmlrpc.php HTTP/1.1" 200 401 "-" "Mozilla/5.0 (Windows NT 10.0; Win64; x64) AppleWebKit/537.36 (KHTML, like Gecko) Chrome/78.0.3904.108 Safari/537.36"
35.247.3.5 - - [19/Oct/2025:09:40:15 -0400] "POST //xmlrpc.php HTTP/1.1" 200 401 "-" "Mozilla/5.0 (Windows NT 10.0; Win64; x64) AppleWebKit/537.36 (KHTML, like Gecko) Chrome/78.0.3904.108 Safari/537.36"
35.247.3.5 - - [19/Oct/2025:09:40:16 -0400] "POST //xmlrpc.php HTTP/1.1" 200 401 "-" "Mozilla/5.0 (Windows NT 10.0; Win64; x64) AppleWebKit/537.36 (KHTML, like Gecko) Chrome/78.0.3904.108 Safari/537.36"
35.247.3.5 - - [19/Oct/2025:09:40:17 -0400] "POST //xmlrpc.php HTTP/1.1" 200 401 "-" "Mozilla/5.0 (Windows NT 10.0; Win64; x64) AppleWebKit/537.36 (KHTML, like Gecko) Chrome/78.0.3904.108 Safari/537.36"
35.247.3.5 - - [19/Oct/2025:09:40:18 -0400] "POST //xmlrpc.php HTTP/1.1" 200 401 "-" "Mozilla/5.0 (Windows NT 10.0; Win64; x64) AppleWebKit/537.36 (KHTML, like Gecko) Chrome/78.0.3904.108 Safari/537.36"
182.92.110.55 - - [19/Oct/2025:09:40:18 -0400] "POST /xmlrpc.php HTTP/1.1" 200 403 "https://menintalk.com" "Mozilla/5.0 (Windows NT 10.0; Win64; x64) AppleWebKit/537.36 (KHTML, like Gecko) Chrome/115.0.5790.171 Safari/537.36 Edg/115.0.1901.203"
35.247.3.5 - - [19/Oct/2025:09:40:19 -0400] "POST //xmlrpc.php HTTP/1.1" 200 401 "-" "Mozilla/5.0 (Windows NT 10.0; Win64; x64) AppleWebKit/537.36 (KHTML, like Gecko) Chrome/78.0.3904.108 Safari/537.36"
66.249.79.169 - - [19/Oct/2025:09:40:19 -0400] "GET /?shopping/product/15741612133.html HTTP/1.1" 301 - "-" "Mozilla/5.0 (Linux; Android 6.0.1; Nexus 5X Build/MMB29P) AppleWebKit/537.36 (KHTML, like Gecko) Chrome/140.0.7339.207 Mobile Safari/537.36 (compatible; Googlebot/2.1; +http://www.google.com/bot.html)"
35.247.3.5 - - [19/Oct/2025:09:40:19 -0400] "POST //xmlrpc.php HTTP/1.1" 200 401 "-" "Mozilla/5.0 (Windows NT 10.0; Win64; x64) AppleWebKit/537.36 (KHTML, like Gecko) Chrome/78.0.3904.108 Safari/537.36"
66.249.79.169 - - [19/Oct/2025:09:40:20 -0400] "GET /?shopping%2Fproduct%2F15741612133_html HTTP/1.1" 200 47135 "-" "Mozilla/5.0 (Linux; Android 6.0.1; Nexus 5X Build/MMB29P) AppleWebKit/537.36 (KHTML, like Gecko) Chrome/140.0.7339.207 Mobile Safari/537.36 (compatible; Googlebot/2.1; +http://www.google.com/bot.html)"
35.247.3.5 - - [19/Oct/2025:09:40:20 -0400] "POST //xmlrpc.php HTTP/1.1" 200 401 "-" "Mozilla/5.0 (Windows NT 10.0; Win64; x64) AppleWebKit/537.36 (KHTML, like Gecko) Chrome/78.0.3904.108 Safari/537.36"
35.247.3.5 - - [19/Oct/2025:09:40:21 -0400] "POST //xmlrpc.php HTTP/1.1" 200 401 "-" "Mozilla/5.0 (Windows NT 10.0; Win64; x64) AppleWebKit/537.36 (KHTML, like Gecko) Chrome/78.0.3904.108 Safari/537.36"
35.247.3.5 - - [19/Oct/2025:09:40:22 -0400] "POST //xmlrpc.php HTTP/1.1" 200 401 "-" "Mozilla/5.0 (Windows NT 10.0; Win64; x64) AppleWebKit/537.36 (KHTML, like Gecko) Chrome/78.0.3904.108 Safari/537.36"
35.247.3.5 - - [19/Oct/2025:09:40:23 -0400] "POST //xmlrpc.php HTTP/1.1" 200 401 "-" "Mozilla/5.0 (Windows NT 10.0; Win64; x64) AppleWebKit/537.36 (KHTML, like Gecko) Chrome/78.0.3904.108 Safari/537.36"
35.247.3.5 - - [19/Oct/2025:09:40:23 -0400] "POST //xmlrpc.php HTTP/1.1" 200 401 "-" "Mozilla/5.0 (Windows NT 10.0; Win64; x64) AppleWebKit/537.36 (KHTML, like Gecko) Chrome/78.0.3904.108 Safari/537.36"
35.247.3.5 - - [19/Oct/2025:09:40:24 -0400] "POST //xmlrpc.php HTTP/1.1" 200 401 "-" "Mozilla/5.0 (Windows NT 10.0; Win64; x64) AppleWebKit/537.36 (KHTML, like Gecko) Chrome/78.0.3904.108 Safari/537.36"
35.247.3.5 - - [19/Oct/2025:09:40:25 -0400] "POST //xmlrpc.php HTTP/1.1" 200 401 "-" "Mozilla/5.0 (Windows NT 10.0; Win64; x64) AppleWebKit/537.36 (KHTML, like Gecko) Chrome/78.0.3904.108 Safari/537.36"
35.247.3.5 - - [19/Oct/2025:09:40:26 -0400] "POST //xmlrpc.php HTTP/1.1" 200 401 "-" "Mozilla/5.0 (Windows NT 10.0; Win64; x64) AppleWebKit/537.36 (KHTML, like Gecko) Chrome/78.0.3904.108 Safari/537.36"
35.247.3.5 - - [19/Oct/2025:09:40:27 -0400] "POST //xmlrpc.php HTTP/1.1" 200 401 "-" "Mozilla/5.0 (Windows NT 10.0; Win64; x64) AppleWebKit/537.36 (KHTML, like Gecko) Chrome/78.0.3904.108 Safari/537.36"
35.247.3.5 - - [19/Oct/2025:09:40:27 -0400] "POST //xmlrpc.php HTTP/1.1" 200 401 "-" "Mozilla/5.0 (Windows NT 10.0; Win64; x64) AppleWebKit/537.36 (KHTML, like Gecko) Chrome/78.0.3904.108 Safari/537.36"
66.249.79.169 - - [19/Oct/2025:09:40:28 -0400] "GET /?shopping/product/1572517555.html HTTP/1.1" 301 - "-" "Mozilla/5.0 (Linux; Android 6.0.1; Nexus 5X Build/MMB29P) AppleWebKit/537.36 (KHTML, like Gecko) Chrome/140.0.7339.207 Mobile Safari/537.36 (compatible; Googlebot/2.1; +http://www.google.com/bot.html)"
35.247.3.5 - - [19/Oct/2025:09:40:28 -0400] "POST //xmlrpc.php HTTP/1.1" 200 401 "-" "Mozilla/5.0 (Windows NT 10.0; Win64; x64) AppleWebKit/537.36 (KHTML, like Gecko) Chrome/78.0.3904.108 Safari/537.36"
66.249.79.169 - - [19/Oct/2025:09:40:28 -0400] "GET /?shopping%2Fproduct%2F1572517555_html HTTP/1.1" 200 47129 "-" "Mozilla/5.0 (Linux; Android 6.0.1; Nexus 5X Build/MMB29P) AppleWebKit/537.36 (KHTML, like Gecko) Chrome/140.0.7339.207 Mobile Safari/537.36 (compatible; Googlebot/2.1; +http://www.google.com/bot.html)"
35.247.3.5 - - [19/Oct/2025:09:40:29 -0400] "POST //xmlrpc.php HTTP/1.1" 200 401 "-" "Mozilla/5.0 (Windows NT 10.0; Win64; x64) AppleWebKit/537.36 (KHTML, like Gecko) Chrome/78.0.3904.108 Safari/537.36"
