198.244.233.124 - - [19/Oct/2025:11:06:56 -0400] "POST /xmlrpc.php HTTP/1.1" 200 403 "https://menintalk.com" "Mozilla/5.0 (Windows NT 10.0; Win64; x64; rv:127.0) Gecko/20100101 Firefox/127.0"
136.243.220.210 - - [19/Oct/2025:11:06:58 -0400] "GET /tips-on-how-to-marry-a-foreign-girl/ HTTP/1.1" 200 82023 "-" "Mozilla/5.0 (compatible; DataForSeoBot/1.0; +https://dataforseo.com/dataforseo-bot)"
136.243.220.210 - - [19/Oct/2025:11:07:02 -0400] "GET /how-you-can-find-the-best-foreign-online-dating-sites-and-apps/ HTTP/1.1" 200 83861 "-" "Mozilla/5.0 (compatible; DataForSeoBot/1.0; +https://dataforseo.com/dataforseo-bot)"
66.249.79.170 - - [19/Oct/2025:11:07:04 -0400] "GET /page/337/?shopping/product/1572990896_html HTTP/1.1" 200 42420 "-" "Mozilla/5.0 (Linux; Android 6.0.1; Nexus 5X Build/MMB29P) AppleWebKit/537.36 (KHTML, like Gecko) Chrome/140.0.7339.207 Mobile Safari/537.36 (compatible; Googlebot/2.1; +http://www.google.com/bot.html)"
66.249.79.169 - - [19/Oct/2025:11:07:05 -0400] "GET /?shopping/product/157110347.html HTTP/1.1" 301 - "-" "Mozilla/5.0 (Linux; Android 6.0.1; Nexus 5X Build/MMB29P) AppleWebKit/537.36 (KHTML, like Gecko) Chrome/140.0.7339.207 Mobile Safari/537.36 (compatible; Googlebot/2.1; +http://www.google.com/bot.html)"
66.249.79.171 - - [19/Oct/2025:11:07:06 -0400] "GET /?shopping%2Fproduct%2F157110347_html HTTP/1.1" 200 47123 "-" "Mozilla/5.0 (Linux; Android 6.0.1; Nexus 5X Build/MMB29P) AppleWebKit/537.36 (KHTML, like Gecko) Chrome/140.0.7339.207 Mobile Safari/537.36 (compatible; Googlebot/2.1; +http://www.google.com/bot.html)"
136.243.220.210 - - [19/Oct/2025:11:07:06 -0400] "GET /whats-really-taking-place-with-melbet/ HTTP/1.1" 200 86244 "-" "Mozilla/5.0 (compatible; DataForSeoBot/1.0; +https://dataforseo.com/dataforseo-bot)"
103.82.134.53 - - [19/Oct/2025:11:07:07 -0400] "GET /wp-login.php HTTP/1.1" 200 5947 "-" "Mozilla/5.0 (Windows NT 10.0; Win64; x64) AppleWebKit/537.36 (KHTML, like Gecko) Chrome/130.0.0.0 Safari/537.36"
103.82.134.53 - - [19/Oct/2025:11:07:08 -0400] "POST /wp-login.php HTTP/1.1" 200 6402 "https://menintalk.com/wp-login.php" "Mozilla/5.0 (Windows NT 10.0; Win64; x64) AppleWebKit/537.36 (KHTML, like Gecko) Chrome/130.0.0.0 Safari/537.36"
66.249.79.169 - - [19/Oct/2025:11:07:09 -0400] "GET /page/3/?15745353031173600_phtml HTTP/1.1" 200 42424 "-" "Mozilla/5.0 (Linux; Android 6.0.1; Nexus 5X Build/MMB29P) AppleWebKit/537.36 (KHTML, like Gecko) Chrome/140.0.7339.207 Mobile Safari/537.36 (compatible; Googlebot/2.1; +http://www.google.com/bot.html)"
136.243.220.210 - - [19/Oct/2025:11:07:10 -0400] "GET /selecting-a-aboard-room-supplier/ HTTP/1.1" 200 81360 "-" "Mozilla/5.0 (compatible; DataForSeoBot/1.0; +https://dataforseo.com/dataforseo-bot)"
66.249.79.169 - - [19/Oct/2025:11:07:14 -0400] "GET /recruit/15712496213000 HTTP/1.1" 404 42261 "-" "Mozilla/5.0 (Linux; Android 6.0.1; Nexus 5X Build/MMB29P) AppleWebKit/537.36 (KHTML, like Gecko) Chrome/140.0.7339.207 Mobile Safari/537.36 (compatible; Googlebot/2.1; +http://www.google.com/bot.html)"
136.243.220.210 - - [19/Oct/2025:11:07:14 -0400] "GET /accentuate-your-waist-and-full-your-outfit-with-our-stylish/ HTTP/1.1" 200 86635 "-" "Mozilla/5.0 (compatible; DataForSeoBot/1.0; +https://dataforseo.com/dataforseo-bot)"
136.243.220.210 - - [19/Oct/2025:11:07:18 -0400] "GET /china-launched-its-online-wholesale-website-to-make-it-easier/ HTTP/1.1" 200 85195 "-" "Mozilla/5.0 (compatible; DataForSeoBot/1.0; +https://dataforseo.com/dataforseo-bot)"
66.249.79.169 - - [19/Oct/2025:11:07:20 -0400] "GET /page/337/?shopping/product/15752145769_html HTTP/1.1" 200 42429 "-" "Mozilla/5.0 (Linux; Android 6.0.1; Nexus 5X Build/MMB29P) AppleWebKit/537.36 (KHTML, like Gecko) Chrome/140.0.7339.207 Mobile Safari/537.36 (compatible; Googlebot/2.1; +http://www.google.com/bot.html)"
136.243.220.210 - - [19/Oct/2025:11:07:22 -0400] "GET /favorable-qualities-of-any-good-marital-life/ HTTP/1.1" 200 81717 "-" "Mozilla/5.0 (compatible; DataForSeoBot/1.0; +https://dataforseo.com/dataforseo-bot)"
66.249.79.169 - - [19/Oct/2025:11:07:24 -0400] "GET /page/3/?shopping/product/1571313727_html HTTP/1.1" 200 42505 "-" "Mozilla/5.0 (Linux; Android 6.0.1; Nexus 5X Build/MMB29P) AppleWebKit/537.36 (KHTML, like Gecko) Chrome/140.0.7339.207 Mobile Safari/537.36 (compatible; Googlebot/2.1; +http://www.google.com/bot.html)"
136.243.220.210 - - [19/Oct/2025:11:07:26 -0400] "GET /how-you-can-find-a-foreign-bride-to-be/ HTTP/1.1" 200 83355 "-" "Mozilla/5.0 (compatible; DataForSeoBot/1.0; +https://dataforseo.com/dataforseo-bot)"
51.68.229.140 - - [19/Oct/2025:11:07:27 -0400] "GET /wp-login.php HTTP/1.1" 200 5947 "-" "Mozilla/5.0 (Windows NT 10.0; Win64; x64) AppleWebKit/537.36 (KHTML, like Gecko) Chrome/130.0.0.0 Safari/537.36"
51.68.229.140 - - [19/Oct/2025:11:07:28 -0400] "POST /wp-login.php HTTP/1.1" 200 6402 "https://menintalk.com/wp-login.php" "Mozilla/5.0 (Windows NT 10.0; Win64; x64) AppleWebKit/537.36 (KHTML, like Gecko) Chrome/130.0.0.0 Safari/537.36"
66.249.79.169 - - [19/Oct/2025:11:07:29 -0400] "GET /page/3/?shopping/product/15741868378_html HTTP/1.1" 200 42514 "-" "Mozilla/5.0 (Linux; Android 6.0.1; Nexus 5X Build/MMB29P) AppleWebKit/537.36 (KHTML, like Gecko) Chrome/140.0.7339.207 Mobile Safari/537.36 (compatible; Googlebot/2.1; +http://www.google.com/bot.html)"
136.243.220.210 - - [19/Oct/2025:11:07:30 -0400] "GET /very-best-antivirus-for-gamers/ HTTP/1.1" 200 81363 "-" "Mozilla/5.0 (compatible; DataForSeoBot/1.0; +https://dataforseo.com/dataforseo-bot)"
66.249.79.169 - - [19/Oct/2025:11:07:34 -0400] "GET /page/336/?shopping/product/1571285246_html HTTP/1.1" 200 42589 "-" "Mozilla/5.0 (Linux; Android 6.0.1; Nexus 5X Build/MMB29P) AppleWebKit/537.36 (KHTML, like Gecko) Chrome/140.0.7339.207 Mobile Safari/537.36 (compatible; Googlebot/2.1; +http://www.google.com/bot.html)"
136.243.220.210 - - [19/Oct/2025:11:07:34 -0400] "GET /the-right-sites-for-2023/ HTTP/1.1" 200 101221 "-" "Mozilla/5.0 (compatible; DataForSeoBot/1.0; +https://dataforseo.com/dataforseo-bot)"
136.243.220.210 - - [19/Oct/2025:11:07:38 -0400] "GET /ground-breaking-technologies-with-regards-to-audit/ HTTP/1.1" 200 82004 "-" "Mozilla/5.0 (compatible; DataForSeoBot/1.0; +https://dataforseo.com/dataforseo-bot)"
198.244.240.221 - - [19/Oct/2025:11:07:42 -0400] "GET /?shopping/product/157310284160_html HTTP/1.1" 301 - "-" "Mozilla/5.0 (compatible; AhrefsBot/7.0; +http://ahrefs.com/robot/)"
136.243.220.210 - - [19/Oct/2025:11:07:42 -0400] "GET /purchase-fund-supervision-reports/ HTTP/1.1" 200 81507 "-" "Mozilla/5.0 (compatible; DataForSeoBot/1.0; +https://dataforseo.com/dataforseo-bot)"
66.249.79.169 - - [19/Oct/2025:11:07:44 -0400] "GET /pinco-kazino-il%C9%99-asan-v%C9%99-sur%C9%99tli-pul-cixarisi/index.php?shopping/product/15762559178.html HTTP/1.1" 301 - "-" "Mozilla/5.0 (Linux; Android 6.0.1; Nexus 5X Build/MMB29P) AppleWebKit/537.36 (KHTML, like Gecko) Chrome/140.0.7339.207 Mobile Safari/537.36 (compatible; Googlebot/2.1; +http://www.google.com/bot.html)"
66.249.79.169 - - [19/Oct/2025:11:07:45 -0400] "GET /pinco-kazino-il%C9%99-asan-v%C9%99-sur%C9%99tli-pul-cixarisi/?shopping/product/15762559178.html HTTP/1.1" 200 49986 "-" "Mozilla/5.0 (Linux; Android 6.0.1; Nexus 5X Build/MMB29P) AppleWebKit/537.36 (KHTML, like Gecko) Chrome/140.0.7339.207 Mobile Safari/537.36 (compatible; Googlebot/2.1; +http://www.google.com/bot.html)"
136.243.220.210 - - [19/Oct/2025:11:07:46 -0400] "GET /aboard-management-software-what-are-the-very-best-features-of-plank-management-software/ HTTP/1.1" 200 83938 "-" "Mozilla/5.0 (compatible; DataForSeoBot/1.0; +https://dataforseo.com/dataforseo-bot)"
136.243.220.210 - - [19/Oct/2025:11:07:50 -0400] "GET /meet-up-with-local-you-near-you-over-the-safest-online-dating-site/ HTTP/1.1" 200 117570 "-" "Mozilla/5.0 (compatible; DataForSeoBot/1.0; +https://dataforseo.com/dataforseo-bot)"
144.217.162.28 - - [19/Oct/2025:11:07:53 -0400] "GET /wp-login.php HTTP/1.1" 200 5947 "-" "Mozilla/5.0 (Windows NT 6.3; WOW64; Trident/7.0; TNJB; rv:11.0) like Gecko"
136.243.220.210 - - [19/Oct/2025:11:07:54 -0400] "GET /plank-member-software-program/ HTTP/1.1" 200 81344 "-" "Mozilla/5.0 (compatible; DataForSeoBot/1.0; +https://dataforseo.com/dataforseo-bot)"
144.217.162.28 - - [19/Oct/2025:11:07:56 -0400] "POST /wp-login.php HTTP/1.1" 200 6420 "https://menintalk.com/wp-login.php" "Mozilla/5.0 (Windows NT 6.3; WOW64; Trident/7.0; TNJB; rv:11.0) like Gecko"
66.249.79.169 - - [19/Oct/2025:11:07:57 -0400] "GET /page/336/?shopping/product/15731109789_html HTTP/1.1" 200 42598 "-" "Mozilla/5.0 (Linux; Android 6.0.1; Nexus 5X Build/MMB29P) AppleWebKit/537.36 (KHTML, like Gecko) Chrome/140.0.7339.207 Mobile Safari/537.36 (compatible; Googlebot/2.1; +http://www.google.com/bot.html)"
136.243.220.210 - - [19/Oct/2025:11:07:58 -0400] "GET /how-you-can-launch-an-information-room/ HTTP/1.1" 200 81649 "-" "Mozilla/5.0 (compatible; DataForSeoBot/1.0; +https://dataforseo.com/dataforseo-bot)"
136.243.220.210 - - [19/Oct/2025:11:08:02 -0400] "GET /may-dating-someone-with-different-beliefs-work/ HTTP/1.1" 200 81316 "-" "Mozilla/5.0 (compatible; DataForSeoBot/1.0; +https://dataforseo.com/dataforseo-bot)"
66.249.79.169 - - [19/Oct/2025:11:08:06 -0400] "GET /zozo/15715364962700000.html?sc_i=shopping-pc-web-category-catrecom-fshn_sle-item1 HTTP/1.1" 404 42261 "-" "Mozilla/5.0 (Linux; Android 6.0.1; Nexus 5X Build/MMB29P) AppleWebKit/537.36 (KHTML, like Gecko) Chrome/140.0.7339.207 Mobile Safari/537.36 (compatible; Googlebot/2.1; +http://www.google.com/bot.html)"
136.243.220.210 - - [19/Oct/2025:11:08:06 -0400] "GET /how-to-maintain-romantic-marriages/ HTTP/1.1" 200 83530 "-" "Mozilla/5.0 (compatible; DataForSeoBot/1.0; +https://dataforseo.com/dataforseo-bot)"
136.243.220.210 - - [19/Oct/2025:11:08:10 -0400] "GET /essay-writing-service-certified-essay-writer-is-a-click-on-away/ HTTP/1.1" 200 85035 "-" "Mozilla/5.0 (compatible; DataForSeoBot/1.0; +https://dataforseo.com/dataforseo-bot)"
136.243.220.210 - - [19/Oct/2025:11:08:14 -0400] "GET /top-five-international-online-dating-sites/ HTTP/1.1" 200 85873 "-" "Mozilla/5.0 (compatible; DataForSeoBot/1.0; +https://dataforseo.com/dataforseo-bot)"
66.249.79.170 - - [19/Oct/2025:11:08:16 -0400] "GET /how-to-select-an-event-management-company/index.php?shopping/product/1572880538.html HTTP/1.1" 301 - "-" "Mozilla/5.0 (Linux; Android 6.0.1; Nexus 5X Build/MMB29P) AppleWebKit/537.36 (KHTML, like Gecko) Chrome/140.0.7339.207 Mobile Safari/537.36 (compatible; Googlebot/2.1; +http://www.google.com/bot.html)"
66.249.79.170 - - [19/Oct/2025:11:08:17 -0400] "GET /how-to-select-an-event-management-company/?shopping/product/1572880538.html HTTP/1.1" 200 47110 "-" "Mozilla/5.0 (Linux; Android 6.0.1; Nexus 5X Build/MMB29P) AppleWebKit/537.36 (KHTML, like Gecko) Chrome/140.0.7339.207 Mobile Safari/537.36 (compatible; Googlebot/2.1; +http://www.google.com/bot.html)"
136.243.220.210 - - [19/Oct/2025:11:08:19 -0400] "GET /so-for-the-fashionable-couple-who-likes-to-maintain-things/ HTTP/1.1" 200 86432 "-" "Mozilla/5.0 (compatible; DataForSeoBot/1.0; +https://dataforseo.com/dataforseo-bot)"
136.243.220.210 - - [19/Oct/2025:11:08:22 -0400] "GET /options-for-auto-financing-small-business/ HTTP/1.1" 200 81553 "-" "Mozilla/5.0 (compatible; DataForSeoBot/1.0; +https://dataforseo.com/dataforseo-bot)"
136.243.220.210 - - [19/Oct/2025:11:08:26 -0400] "GET /ways-to-ask-a-ukrainian-girlfriend-to-be-your-girlfriend/ HTTP/1.1" 200 83557 "-" "Mozilla/5.0 (compatible; DataForSeoBot/1.0; +https://dataforseo.com/dataforseo-bot)"
66.249.79.169 - - [19/Oct/2025:11:08:26 -0400] "GET /recruit/15749740603492 HTTP/1.1" 404 42261 "-" "Mozilla/5.0 (Linux; Android 6.0.1; Nexus 5X Build/MMB29P) AppleWebKit/537.36 (KHTML, like Gecko) Chrome/140.0.7339.207 Mobile Safari/537.36 (compatible; Googlebot/2.1; +http://www.google.com/bot.html)"
136.243.220.210 - - [19/Oct/2025:11:08:30 -0400] "GET /according-to-hot-octopuss-this-toy-has-sold-over-two-million/ HTTP/1.1" 200 86791 "-" "Mozilla/5.0 (compatible; DataForSeoBot/1.0; +https://dataforseo.com/dataforseo-bot)"
160.25.166.14 - - [19/Oct/2025:11:08:31 -0400] "GET /wp-login.php HTTP/1.1" 200 5947 "-" "Mozilla/5.0 (Windows NT 10.0; Win64; x64) AppleWebKit/537.36 (KHTML, like Gecko) Chrome/130.0.0.0 Safari/537.36"
160.25.166.14 - - [19/Oct/2025:11:08:32 -0400] "POST /wp-login.php HTTP/1.1" 200 6402 "https://menintalk.com/wp-login.php" "Mozilla/5.0 (Windows NT 10.0; Win64; x64) AppleWebKit/537.36 (KHTML, like Gecko) Chrome/130.0.0.0 Safari/537.36"
144.91.111.113 - - [19/Oct/2025:11:08:34 -0400] "GET /wp-login.php HTTP/1.1" 200 5947 "-" "Mozilla/5.0 (Windows NT 10.0; Win64; x64) AppleWebKit/537.36 (KHTML, like Gecko) Chrome/130.0.0.0 Safari/537.36"
136.243.220.210 - - [19/Oct/2025:11:08:34 -0400] "GET /job-echo-gives-doctors-and-community-healthiness-workers-with-each-other/ HTTP/1.1" 200 82262 "-" "Mozilla/5.0 (compatible; DataForSeoBot/1.0; +https://dataforseo.com/dataforseo-bot)"
144.91.111.113 - - [19/Oct/2025:11:08:34 -0400] "POST /wp-login.php HTTP/1.1" 200 6367 "https://menintalk.com/wp-login.php" "Mozilla/5.0 (Windows NT 10.0; Win64; x64) AppleWebKit/537.36 (KHTML, like Gecko) Chrome/130.0.0.0 Safari/537.36"
160.25.166.14 - - [19/Oct/2025:11:08:36 -0400] "GET /wp-login.php HTTP/1.1" 200 5947 "-" "Mozilla/5.0 (Windows NT 10.0; Win64; x64) AppleWebKit/537.36 (KHTML, like Gecko) Chrome/130.0.0.0 Safari/537.36"
66.249.79.169 - - [19/Oct/2025:11:08:36 -0400] "GET /?shopping/product/1571131929.html HTTP/1.1" 301 - "-" "Mozilla/5.0 (Linux; Android 6.0.1; Nexus 5X Build/MMB29P) AppleWebKit/537.36 (KHTML, like Gecko) Chrome/140.0.7339.207 Mobile Safari/537.36 (compatible; Googlebot/2.1; +http://www.google.com/bot.html)"
66.249.79.169 - - [19/Oct/2025:11:08:36 -0400] "GET /page/3/?shopping/product/1572729085_html HTTP/1.1" 200 42505 "-" "Mozilla/5.0 (Linux; Android 6.0.1; Nexus 5X Build/MMB29P) AppleWebKit/537.36 (KHTML, like Gecko) Chrome/140.0.7339.207 Mobile Safari/537.36 (compatible; Googlebot/2.1; +http://www.google.com/bot.html)"
160.25.166.14 - - [19/Oct/2025:11:08:37 -0400] "POST /wp-login.php HTTP/1.1" 200 6402 "https://menintalk.com/wp-login.php" "Mozilla/5.0 (Windows NT 10.0; Win64; x64) AppleWebKit/537.36 (KHTML, like Gecko) Chrome/130.0.0.0 Safari/537.36"
66.249.79.169 - - [19/Oct/2025:11:08:38 -0400] "GET /?shopping%2Fproduct%2F1571131929_html HTTP/1.1" 200 47129 "-" "Mozilla/5.0 (Linux; Android 6.0.1; Nexus 5X Build/MMB29P) AppleWebKit/537.36 (KHTML, like Gecko) Chrome/140.0.7339.207 Mobile Safari/537.36 (compatible; Googlebot/2.1; +http://www.google.com/bot.html)"
136.243.220.210 - - [19/Oct/2025:11:08:38 -0400] "GET /najlepszy-bukmacher-2023-ponad-4000-glosow-stwierdz/ HTTP/1.1" 200 86968 "-" "Mozilla/5.0 (compatible; DataForSeoBot/1.0; +https://dataforseo.com/dataforseo-bot)"
162.144.4.63 - - [19/Oct/2025:11:08:39 -0400] "GET /wp-login.php HTTP/1.1" 200 5947 "-" "Mozilla/5.0 (Windows NT 10.0; Win64; x64) AppleWebKit/537.36 (KHTML, like Gecko) Chrome/130.0.0.0 Safari/537.36"
162.144.4.63 - - [19/Oct/2025:11:08:40 -0400] "POST /wp-login.php HTTP/1.1" 200 6402 "https://menintalk.com/wp-login.php" "Mozilla/5.0 (Windows NT 10.0; Win64; x64) AppleWebKit/537.36 (KHTML, like Gecko) Chrome/130.0.0.0 Safari/537.36"
136.243.220.210 - - [19/Oct/2025:11:08:42 -0400] "GET /organization-applications-planning-analysis-and-setup/ HTTP/1.1" 200 82135 "-" "Mozilla/5.0 (compatible; DataForSeoBot/1.0; +https://dataforseo.com/dataforseo-bot)"
136.243.220.210 - - [19/Oct/2025:11:08:46 -0400] "GET /how-to-find-the-best-absolutely-free-vpn-studies/ HTTP/1.1" 200 81604 "-" "Mozilla/5.0 (compatible; DataForSeoBot/1.0; +https://dataforseo.com/dataforseo-bot)"
66.249.79.169 - - [19/Oct/2025:11:08:48 -0400] "GET /page/3/?shopping/product/15731477066_html HTTP/1.1" 200 42514 "-" "Mozilla/5.0 (Linux; Android 6.0.1; Nexus 5X Build/MMB29P) AppleWebKit/537.36 (KHTML, like Gecko) Chrome/140.0.7339.207 Mobile Safari/537.36 (compatible; Googlebot/2.1; +http://www.google.com/bot.html)"
136.243.220.210 - - [19/Oct/2025:11:08:50 -0400] "GET /what-sex-position-feels-ideal-for-women/ HTTP/1.1" 200 83421 "-" "Mozilla/5.0 (compatible; DataForSeoBot/1.0; +https://dataforseo.com/dataforseo-bot)"
67.225.188.52 - - [19/Oct/2025:11:08:51 -0400] "GET /wp-login.php HTTP/1.1" 200 5947 "-" "Mozilla/5.0 (Windows NT 10.0; Win64; x64) AppleWebKit/537.36 (KHTML, like Gecko) Chrome/130.0.0.0 Safari/537.36"
67.225.188.52 - - [19/Oct/2025:11:08:54 -0400] "POST /wp-login.php HTTP/1.1" 200 6402 "https://menintalk.com/wp-login.php" "Mozilla/5.0 (Windows NT 10.0; Win64; x64) AppleWebKit/537.36 (KHTML, like Gecko) Chrome/130.0.0.0 Safari/537.36"
136.243.220.210 - - [19/Oct/2025:11:08:54 -0400] "GET /its-additionally-waterproof-and-designed-to-unlock-both-the/ HTTP/1.1" 200 87126 "-" "Mozilla/5.0 (compatible; DataForSeoBot/1.0; +https://dataforseo.com/dataforseo-bot)"
185.244.36.159 - - [19/Oct/2025:11:08:56 -0400] "GET /wp-login.php HTTP/1.1" 200 5947 "-" "Mozilla/5.0 (Windows NT 10.0; Win64; x64) AppleWebKit/537.36 (KHTML, like Gecko) Chrome/130.0.0.0 Safari/537.36"
185.244.36.159 - - [19/Oct/2025:11:08:56 -0400] "POST /wp-login.php HTTP/1.1" 200 6402 "https://menintalk.com/wp-login.php" "Mozilla/5.0 (Windows NT 10.0; Win64; x64) AppleWebKit/537.36 (KHTML, like Gecko) Chrome/130.0.0.0 Safari/537.36"
66.249.79.169 - - [19/Oct/2025:11:08:57 -0400] "GET /how-to-select-an-event-management-company/index.php?shopping/product/15762741690.html HTTP/1.1" 301 - "-" "Mozilla/5.0 (Linux; Android 6.0.1; Nexus 5X Build/MMB29P) AppleWebKit/537.36 (KHTML, like Gecko) Chrome/140.0.7339.207 Mobile Safari/537.36 (compatible; Googlebot/2.1; +http://www.google.com/bot.html)"
66.249.79.169 - - [19/Oct/2025:11:08:58 -0400] "GET /how-to-select-an-event-management-company/?shopping/product/15762741690.html HTTP/1.1" 200 47111 "-" "Mozilla/5.0 (Linux; Android 6.0.1; Nexus 5X Build/MMB29P) AppleWebKit/537.36 (KHTML, like Gecko) Chrome/140.0.7339.207 Mobile Safari/537.36 (compatible; Googlebot/2.1; +http://www.google.com/bot.html)"
209.205.228.185 - - [19/Oct/2025:11:08:58 -0400] "GET /wp-login.php HTTP/1.1" 200 5947 "-" "Mozilla/5.0 (Windows NT 10.0; Win64; x64) AppleWebKit/537.36 (KHTML, like Gecko) Chrome/130.0.0.0 Safari/537.36"
136.243.220.210 - - [19/Oct/2025:11:08:58 -0400] "GET /techno-politics-and-governance-of-overseas-alternative-sites/ HTTP/1.1" 200 81897 "-" "Mozilla/5.0 (compatible; DataForSeoBot/1.0; +https://dataforseo.com/dataforseo-bot)"
209.205.228.185 - - [19/Oct/2025:11:08:59 -0400] "POST /wp-login.php HTTP/1.1" 200 6402 "https://menintalk.com/wp-login.php" "Mozilla/5.0 (Windows NT 10.0; Win64; x64) AppleWebKit/537.36 (KHTML, like Gecko) Chrome/130.0.0.0 Safari/537.36"
136.243.220.210 - - [19/Oct/2025:11:09:02 -0400] "GET /utilizing-a-data-bedroom-for-the-investment-deal-process/ HTTP/1.1" 200 81662 "-" "Mozilla/5.0 (compatible; DataForSeoBot/1.0; +https://dataforseo.com/dataforseo-bot)"
198.244.183.161 - - [19/Oct/2025:11:09:04 -0400] "GET /?shopping/product/157310264605_html HTTP/1.1" 301 - "-" "Mozilla/5.0 (compatible; AhrefsBot/7.0; +http://ahrefs.com/robot/)"
136.243.220.210 - - [19/Oct/2025:11:09:06 -0400] "GET /where-to-find-a-free-african-female-webcam/ HTTP/1.1" 200 83312 "-" "Mozilla/5.0 (compatible; DataForSeoBot/1.0; +https://dataforseo.com/dataforseo-bot)"
66.249.79.171 - - [19/Oct/2025:11:09:08 -0400] "GET /pinco-kazino-il%C9%99-oyun-muxt%C9%99lifliyi-v%C9%99-udus-furs%C9%99tl%C9%99ri/index.php?shopping/product/15762641202.html HTTP/1.1" 301 - "-" "Mozilla/5.0 (Linux; Android 6.0.1; Nexus 5X Build/MMB29P) AppleWebKit/537.36 (KHTML, like Gecko) Chrome/140.0.7339.207 Mobile Safari/537.36 (compatible; Googlebot/2.1; +http://www.google.com/bot.html)"
66.249.79.171 - - [19/Oct/2025:11:09:08 -0400] "GET /pinco-kazino-il%C9%99-oyun-muxt%C9%99lifliyi-v%C9%99-udus-furs%C9%99tl%C9%99ri/?shopping/product/15762641202.html HTTP/1.1" 200 49802 "-" "Mozilla/5.0 (Linux; Android 6.0.1; Nexus 5X Build/MMB29P) AppleWebKit/537.36 (KHTML, like Gecko) Chrome/140.0.7339.207 Mobile Safari/537.36 (compatible; Googlebot/2.1; +http://www.google.com/bot.html)"
209.42.21.53 - - [19/Oct/2025:11:09:11 -0400] "GET /wp-login.php HTTP/1.1" 200 5947 "-" "Mozilla/5.0 (Windows NT 10.0; Win64; x64) AppleWebKit/537.36 (KHTML, like Gecko) Chrome/130.0.0.0 Safari/537.36"
136.243.220.210 - - [19/Oct/2025:11:09:11 -0400] "GET /where-to-meet-single-women-in-your-town/ HTTP/1.1" 200 82093 "-" "Mozilla/5.0 (compatible; DataForSeoBot/1.0; +https://dataforseo.com/dataforseo-bot)"
209.42.21.53 - - [19/Oct/2025:11:09:11 -0400] "POST /wp-login.php HTTP/1.1" 200 6402 "https://menintalk.com/wp-login.php" "Mozilla/5.0 (Windows NT 10.0; Win64; x64) AppleWebKit/537.36 (KHTML, like Gecko) Chrome/130.0.0.0 Safari/537.36"
136.243.220.210 - - [19/Oct/2025:11:09:15 -0400] "GET /no-cost-sex-cameras-sites/ HTTP/1.1" 200 83122 "-" "Mozilla/5.0 (compatible; DataForSeoBot/1.0; +https://dataforseo.com/dataforseo-bot)"
103.110.127.136 - - [19/Oct/2025:11:09:17 -0400] "GET /wp-login.php HTTP/1.1" 200 5947 "-" "Mozilla/5.0 (Windows NT 10.0; Win64; x64) AppleWebKit/537.36 (KHTML, like Gecko) Chrome/130.0.0.0 Safari/537.36"
66.249.79.170 - - [19/Oct/2025:11:09:18 -0400] "GET /?shopping/product/1571433190.html HTTP/1.1" 301 - "-" "Mozilla/5.0 (Linux; Android 6.0.1; Nexus 5X Build/MMB29P) AppleWebKit/537.36 (KHTML, like Gecko) Chrome/140.0.7339.207 Mobile Safari/537.36 (compatible; Googlebot/2.1; +http://www.google.com/bot.html)"
136.243.220.210 - - [19/Oct/2025:11:09:18 -0400] "GET /tips-on-how-to-be-a-better-husband-psychologically-2/ HTTP/1.1" 200 81941 "-" "Mozilla/5.0 (compatible; DataForSeoBot/1.0; +https://dataforseo.com/dataforseo-bot)"
66.249.79.169 - - [19/Oct/2025:11:09:19 -0400] "GET /onlajn-kazino-s-vyvodom-deneg-i-momentalnymi-2/index.php?shopping/product/1572505604.html HTTP/1.1" 301 - "-" "Mozilla/5.0 (Linux; Android 6.0.1; Nexus 5X Build/MMB29P) AppleWebKit/537.36 (KHTML, like Gecko) Chrome/140.0.7339.207 Mobile Safari/537.36 (compatible; Googlebot/2.1; +http://www.google.com/bot.html)"
103.110.127.136 - - [19/Oct/2025:11:09:19 -0400] "POST /wp-login.php HTTP/1.1" 200 6402 "https://menintalk.com/wp-login.php" "Mozilla/5.0 (Windows NT 10.0; Win64; x64) AppleWebKit/537.36 (KHTML, like Gecko) Chrome/130.0.0.0 Safari/537.36"
66.249.79.169 - - [19/Oct/2025:11:09:19 -0400] "GET /?shopping%2Fproduct%2F1571433190_html HTTP/1.1" 200 47129 "-" "Mozilla/5.0 (Linux; Android 6.0.1; Nexus 5X Build/MMB29P) AppleWebKit/537.36 (KHTML, like Gecko) Chrome/140.0.7339.207 Mobile Safari/537.36 (compatible; Googlebot/2.1; +http://www.google.com/bot.html)"
34.247.172.200 - - [19/Oct/2025:11:09:20 -0400] "POST /xmlrpc.php HTTP/1.1" 200 401 "-" "Mozilla/5.0 (Windows NT 10.0; Win64; x64) AppleWebKit/537.36 (KHTML, like Gecko) Chrome/65.0.3325.181 Safari/537.36 OPR/52.0.2871.64"
66.249.79.170 - - [19/Oct/2025:11:09:20 -0400] "GET /onlajn-kazino-s-vyvodom-deneg-i-momentalnymi-2/?shopping/product/1572505604.html HTTP/1.1" 200 48944 "-" "Mozilla/5.0 (Linux; Android 6.0.1; Nexus 5X Build/MMB29P) AppleWebKit/537.36 (KHTML, like Gecko) Chrome/140.0.7339.207 Mobile Safari/537.36 (compatible; Googlebot/2.1; +http://www.google.com/bot.html)"
147.124.197.101 - - [19/Oct/2025:11:09:22 -0400] "GET /wp-login.php HTTP/1.1" 200 5947 "-" "Mozilla/5.0 (Windows NT 10.0; Win64; x64) AppleWebKit/537.36 (KHTML, like Gecko) Chrome/130.0.0.0 Safari/537.36"
136.243.220.210 - - [19/Oct/2025:11:09:22 -0400] "GET /overseas-dating-tricks-for-men-and-women/ HTTP/1.1" 200 82081 "-" "Mozilla/5.0 (compatible; DataForSeoBot/1.0; +https://dataforseo.com/dataforseo-bot)"
147.124.197.101 - - [19/Oct/2025:11:09:23 -0400] "POST /wp-login.php HTTP/1.1" 200 6402 "https://menintalk.com/wp-login.php" "Mozilla/5.0 (Windows NT 10.0; Win64; x64) AppleWebKit/537.36 (KHTML, like Gecko) Chrome/130.0.0.0 Safari/537.36"
147.135.136.156 - - [19/Oct/2025:11:09:24 -0400] "GET /wp-login.php HTTP/1.1" 200 5947 "-" "Mozilla/5.0 (Windows NT 10.0; Win64; x64) AppleWebKit/537.36 (KHTML, like Gecko) Chrome/130.0.0.0 Safari/537.36"
147.135.136.156 - - [19/Oct/2025:11:09:24 -0400] "POST /wp-login.php HTTP/1.1" 200 6402 "https://menintalk.com/wp-login.php" "Mozilla/5.0 (Windows NT 10.0; Win64; x64) AppleWebKit/537.36 (KHTML, like Gecko) Chrome/130.0.0.0 Safari/537.36"
136.243.220.210 - - [19/Oct/2025:11:09:26 -0400] "GET /different-wedding-ideas-for-a-smaller-more-intimate-marriage/ HTTP/1.1" 200 84294 "-" "Mozilla/5.0 (compatible; DataForSeoBot/1.0; +https://dataforseo.com/dataforseo-bot)"
160.25.166.14 - - [19/Oct/2025:11:09:27 -0400] "GET /wp-login.php HTTP/1.1" 200 5947 "-" "Mozilla/5.0 (Windows NT 10.0; Win64; x64) AppleWebKit/537.36 (KHTML, like Gecko) Chrome/130.0.0.0 Safari/537.36"
160.25.166.14 - - [19/Oct/2025:11:09:28 -0400] "POST /wp-login.php HTTP/1.1" 200 6402 "https://menintalk.com/wp-login.php" "Mozilla/5.0 (Windows NT 10.0; Win64; x64) AppleWebKit/537.36 (KHTML, like Gecko) Chrome/130.0.0.0 Safari/537.36"
66.249.79.169 - - [19/Oct/2025:11:09:30 -0400] "GET /page/306/?g=703760371d38285 HTTP/1.1" 200 42601 "-" "Mozilla/5.0 (Linux; Android 6.0.1; Nexus 5X Build/MMB29P) AppleWebKit/537.36 (KHTML, like Gecko) Chrome/140.0.7339.207 Mobile Safari/537.36 (compatible; Googlebot/2.1; +http://www.google.com/bot.html)"
136.243.220.210 - - [19/Oct/2025:11:09:30 -0400] "GET /the-main-advantages-of-a-impair-based-storage-area-system/ HTTP/1.1" 200 81948 "-" "Mozilla/5.0 (compatible; DataForSeoBot/1.0; +https://dataforseo.com/dataforseo-bot)"
136.243.220.210 - - [19/Oct/2025:11:09:34 -0400] "GET /the-very-best-free-antivirus-vpn-feedback/ HTTP/1.1" 200 81633 "-" "Mozilla/5.0 (compatible; DataForSeoBot/1.0; +https://dataforseo.com/dataforseo-bot)"
136.243.220.210 - - [19/Oct/2025:11:09:38 -0400] "GET /how-to-begin-your-blog-with-no-investment/ HTTP/1.1" 200 81661 "-" "Mozilla/5.0 (compatible; DataForSeoBot/1.0; +https://dataforseo.com/dataforseo-bot)"
66.249.79.169 - - [19/Oct/2025:11:09:39 -0400] "GET /1/index.php HTTP/1.1" 301 - "-" "Mozilla/5.0 (Linux; Android 6.0.1; Nexus 5X Build/MMB29P) AppleWebKit/537.36 (KHTML, like Gecko) Chrome/140.0.7339.207 Mobile Safari/537.36 (compatible; Googlebot/2.1; +http://www.google.com/bot.html)"
66.249.79.169 - - [19/Oct/2025:11:09:40 -0400] "GET /1/ HTTP/1.1" 200 35473 "-" "Mozilla/5.0 (Linux; Android 6.0.1; Nexus 5X Build/MMB29P) AppleWebKit/537.36 (KHTML, like Gecko) Chrome/140.0.7339.207 Mobile Safari/537.36 (compatible; Googlebot/2.1; +http://www.google.com/bot.html)"
136.243.220.210 - - [19/Oct/2025:11:09:42 -0400] "GET /how-do-you-get-over-someone-you-love/ HTTP/1.1" 200 81115 "-" "Mozilla/5.0 (compatible; DataForSeoBot/1.0; +https://dataforseo.com/dataforseo-bot)"
136.243.220.210 - - [19/Oct/2025:11:09:46 -0400] "GET /marketing-insights-how-promoting-insights-can-certainly-help-your-business/ HTTP/1.1" 200 83760 "-" "Mozilla/5.0 (compatible; DataForSeoBot/1.0; +https://dataforseo.com/dataforseo-bot)"
66.249.79.169 - - [19/Oct/2025:11:09:49 -0400] "GET /search/config?go_url=product/15762625820849 HTTP/1.1" 200 42524 "-" "Mozilla/5.0 (Linux; Android 6.0.1; Nexus 5X Build/MMB29P) AppleWebKit/537.36 (KHTML, like Gecko) Chrome/140.0.7339.207 Mobile Safari/537.36 (compatible; Googlebot/2.1; +http://www.google.com/bot.html)"
136.243.220.210 - - [19/Oct/2025:11:09:50 -0400] "GET /internet-swedish-going-out-with-safety-strategies/ HTTP/1.1" 200 82138 "-" "Mozilla/5.0 (compatible; DataForSeoBot/1.0; +https://dataforseo.com/dataforseo-bot)"
136.243.220.210 - - [19/Oct/2025:11:09:54 -0400] "GET /greatest-places-to-meet-women-in-hyderabad-relationship-guide/ HTTP/1.1" 200 88388 "-" "Mozilla/5.0 (compatible; DataForSeoBot/1.0; +https://dataforseo.com/dataforseo-bot)"
136.243.220.210 - - [19/Oct/2025:11:09:58 -0400] "GET /precisely-what-is-online-news/ HTTP/1.1" 200 81490 "-" "Mozilla/5.0 (compatible; DataForSeoBot/1.0; +https://dataforseo.com/dataforseo-bot)"
66.249.79.169 - - [19/Oct/2025:11:09:59 -0400] "GET /shopping/product/1572740519.html HTTP/1.1" 404 42261 "-" "Mozilla/5.0 (Linux; Android 6.0.1; Nexus 5X Build/MMB29P) AppleWebKit/537.36 (KHTML, like Gecko) Chrome/140.0.7339.207 Mobile Safari/537.36 (compatible; Googlebot/2.1; +http://www.google.com/bot.html)"
66.249.79.169 - - [19/Oct/2025:11:10:00 -0400] "GET /page/363/?shopping/product/1571242432_html HTTP/1.1" 200 42194 "-" "Mozilla/5.0 (Linux; Android 6.0.1; Nexus 5X Build/MMB29P) AppleWebKit/537.36 (KHTML, like Gecko) Chrome/140.0.7339.207 Mobile Safari/537.36 (compatible; Googlebot/2.1; +http://www.google.com/bot.html)"
136.243.220.210 - - [19/Oct/2025:11:10:02 -0400] "GET /how-to-select-an-event-management-company/ HTTP/1.1" 200 81415 "-" "Mozilla/5.0 (compatible; DataForSeoBot/1.0; +https://dataforseo.com/dataforseo-bot)"
136.243.220.210 - - [19/Oct/2025:11:10:06 -0400] "GET /the-value-of-online-business-records/ HTTP/1.1" 200 81644 "-" "Mozilla/5.0 (compatible; DataForSeoBot/1.0; +https://dataforseo.com/dataforseo-bot)"
66.249.79.169 - - [19/Oct/2025:11:10:10 -0400] "GET /pcmypage/15717720461640 HTTP/1.1" 404 42261 "-" "Mozilla/5.0 (Linux; Android 6.0.1; Nexus 5X Build/MMB29P) AppleWebKit/537.36 (KHTML, like Gecko) Chrome/140.0.7339.207 Mobile Safari/537.36 (compatible; Googlebot/2.1; +http://www.google.com/bot.html)"
136.243.220.210 - - [19/Oct/2025:11:10:10 -0400] "GET /digital-data-space-pricing/ HTTP/1.1" 200 81352 "-" "Mozilla/5.0 (compatible; DataForSeoBot/1.0; +https://dataforseo.com/dataforseo-bot)"
136.243.220.210 - - [19/Oct/2025:11:10:14 -0400] "GET /latin-brides-latin-mail-order-brides/ HTTP/1.1" 200 86049 "-" "Mozilla/5.0 (compatible; DataForSeoBot/1.0; +https://dataforseo.com/dataforseo-bot)"
136.243.220.210 - - [19/Oct/2025:11:10:18 -0400] "GET /tips-on-how-to-have-sex-to-the-beach/ HTTP/1.1" 200 81942 "-" "Mozilla/5.0 (compatible; DataForSeoBot/1.0; +https://dataforseo.com/dataforseo-bot)"
65.21.10.23 - - [19/Oct/2025:11:10:19 -0400] "GET /wie-wahrscheinlichkeiten-ihre-gewinne-im-tipico-casino-steigern/ HTTP/1.1" 200 83790 "https://menintalk.com/wie-wahrscheinlichkeiten-ihre-gewinne-im-tipico-casino-steigern/" "Mozilla/5.0 (Windows NT 6.3; Win64; x64) AppleWebKit/537.36 (KHTML, like Gecko) Chrome/103.0.5060.53 Safari/537.36"
66.249.79.169 - - [19/Oct/2025:11:10:20 -0400] "GET /shopping/product/1571392102.html HTTP/1.1" 404 42261 "-" "Mozilla/5.0 (Linux; Android 6.0.1; Nexus 5X Build/MMB29P) AppleWebKit/537.36 (KHTML, like Gecko) Chrome/140.0.7339.207 Mobile Safari/537.36 (compatible; Googlebot/2.1; +http://www.google.com/bot.html)"
66.249.79.169 - - [19/Oct/2025:11:10:20 -0400] "GET /h1-apk-para-android-y-ios-con-ganancias-reales-h1-2/index.php?s=fusce HTTP/1.1" 301 - "-" "Mozilla/5.0 (Linux; Android 6.0.1; Nexus 5X Build/MMB29P) AppleWebKit/537.36 (KHTML, like Gecko) Chrome/140.0.7339.207 Mobile Safari/537.36 (compatible; Googlebot/2.1; +http://www.google.com/bot.html)"
65.21.10.23 - - [19/Oct/2025:11:10:20 -0400] "POST /wp-comments-post.php HTTP/1.1" 302 - "https://menintalk.com/wie-wahrscheinlichkeiten-ihre-gewinne-im-tipico-casino-steigern/" "Mozilla/5.0 (Windows NT 6.3; Win64; x64) AppleWebKit/537.36 (KHTML, like Gecko) Chrome/103.0.5060.53 Safari/537.36"
66.249.79.169 - - [19/Oct/2025:11:10:21 -0400] "GET /h1-apk-para-android-y-ios-con-ganancias-reales-h1-2/?s=fusce HTTP/1.1" 404 42266 "-" "Mozilla/5.0 (Linux; Android 6.0.1; Nexus 5X Build/MMB29P) AppleWebKit/537.36 (KHTML, like Gecko) Chrome/140.0.7339.207 Mobile Safari/537.36 (compatible; Googlebot/2.1; +http://www.google.com/bot.html)"
65.21.10.23 - - [19/Oct/2025:11:10:21 -0400] "GET /wie-wahrscheinlichkeiten-ihre-gewinne-im-tipico-casino-steigern/ HTTP/1.1" 200 242338 "https://menintalk.com/wie-wahrscheinlichkeiten-ihre-gewinne-im-tipico-casino-steigern/#comment-3286" "Mozilla/5.0 (Windows NT 6.3; Win64; x64) AppleWebKit/537.36 (KHTML, like Gecko) Chrome/103.0.5060.53 Safari/537.36"
66.249.79.169 - - [19/Oct/2025:11:10:22 -0400] "GET /?shopping/product/1571275498.html HTTP/1.1" 301 - "-" "Mozilla/5.0 (Linux; Android 6.0.1; Nexus 5X Build/MMB29P) AppleWebKit/537.36 (KHTML, like Gecko) Chrome/140.0.7339.207 Mobile Safari/537.36 (compatible; Googlebot/2.1; +http://www.google.com/bot.html)"
136.243.220.210 - - [19/Oct/2025:11:10:22 -0400] "GET /where-to-look-for-sole-women/ HTTP/1.1" 200 81637 "-" "Mozilla/5.0 (compatible; DataForSeoBot/1.0; +https://dataforseo.com/dataforseo-bot)"
66.249.79.169 - - [19/Oct/2025:11:10:23 -0400] "GET /?shopping%2Fproduct%2F1571275498_html HTTP/1.1" 200 47129 "-" "Mozilla/5.0 (Linux; Android 6.0.1; Nexus 5X Build/MMB29P) AppleWebKit/537.36 (KHTML, like Gecko) Chrome/140.0.7339.207 Mobile Safari/537.36 (compatible; Googlebot/2.1; +http://www.google.com/bot.html)"
66.249.79.169 - - [19/Oct/2025:11:10:24 -0400] "GET /item/feature/15761100868520784.html HTTP/1.1" 404 42261 "-" "Mozilla/5.0 (Linux; Android 6.0.1; Nexus 5X Build/MMB29P) AppleWebKit/537.36 (KHTML, like Gecko) Chrome/140.0.7339.207 Mobile Safari/537.36 (compatible; Googlebot/2.1; +http://www.google.com/bot.html)"
136.243.220.210 - - [19/Oct/2025:11:10:26 -0400] "GET /choosing-the-right-ma-solution/ HTTP/1.1" 200 81467 "-" "Mozilla/5.0 (compatible; DataForSeoBot/1.0; +https://dataforseo.com/dataforseo-bot)"
136.243.220.210 - - [19/Oct/2025:11:10:30 -0400] "GET /symptoms-you-re-meant-to-be-along/ HTTP/1.1" 200 83130 "-" "Mozilla/5.0 (compatible; DataForSeoBot/1.0; +https://dataforseo.com/dataforseo-bot)"
54.38.147.108 - - [19/Oct/2025:11:10:33 -0400] "GET /?shopping/product/15729785123_html HTTP/1.1" 301 - "-" "Mozilla/5.0 (compatible; AhrefsBot/7.0; +http://ahrefs.com/robot/)"
136.243.220.210 - - [19/Oct/2025:11:10:34 -0400] "GET /real-estate-investment-strategies/ HTTP/1.1" 200 81667 "-" "Mozilla/5.0 (compatible; DataForSeoBot/1.0; +https://dataforseo.com/dataforseo-bot)"
66.249.79.169 - - [19/Oct/2025:11:10:34 -0400] "GET /shopping/product/1572941774.html HTTP/1.1" 404 42261 "-" "Mozilla/5.0 (Linux; Android 6.0.1; Nexus 5X Build/MMB29P) AppleWebKit/537.36 (KHTML, like Gecko) Chrome/140.0.7339.207 Mobile Safari/537.36 (compatible; Googlebot/2.1; +http://www.google.com/bot.html)"
136.243.220.210 - - [19/Oct/2025:11:10:38 -0400] "GET /also-for-romantic-seductive-and-luxurious-lingerie-you-may-be/ HTTP/1.1" 200 85682 "-" "Mozilla/5.0 (compatible; DataForSeoBot/1.0; +https://dataforseo.com/dataforseo-bot)"
66.116.199.115 - - [19/Oct/2025:11:10:41 -0400] "GET /.well-known/acme-challenge/RG_J7NEMT-DBUB9685593D_C8DFC0XUR HTTP/1.1" 200 64 "-" "Cpanel-HTTP-Client/1.0"
66.116.199.115 - - [19/Oct/2025:11:10:41 -0400] "GET /.well-known/acme-challenge/CN_4Q60TYD2GVQZE8HXFI99P2FA9TRM4 HTTP/1.1" 200 64 "-" "Cpanel-HTTP-Client/1.0"
136.243.220.210 - - [19/Oct/2025:11:10:42 -0400] "GET /selecting-the-best-android-os-vpn/ HTTP/1.1" 200 81538 "-" "Mozilla/5.0 (compatible; DataForSeoBot/1.0; +https://dataforseo.com/dataforseo-bot)"
66.249.79.169 - - [19/Oct/2025:11:10:44 -0400] "GET /cargo/detail/15711311348300 HTTP/1.1" 404 42261 "-" "Mozilla/5.0 (Linux; Android 6.0.1; Nexus 5X Build/MMB29P) AppleWebKit/537.36 (KHTML, like Gecko) Chrome/140.0.7339.207 Mobile Safari/537.36 (compatible; Googlebot/2.1; +http://www.google.com/bot.html)"
45.86.153.231 - - [19/Oct/2025:11:10:45 -0400] "POST /xmlrpc.php HTTP/1.1" 200 401 "-" "Mozilla/5.0 (X11; Linux x86_64; rv:60.0) Gecko/20100101 Firefox/60.0"
136.243.220.210 - - [19/Oct/2025:11:10:46 -0400] "GET /many-replica-manufacturers-give-consideration-to-high-quality/ HTTP/1.1" 200 85225 "-" "Mozilla/5.0 (compatible; DataForSeoBot/1.0; +https://dataforseo.com/dataforseo-bot)"
136.243.220.210 - - [19/Oct/2025:11:10:50 -0400] "GET /planning-and-programs-development/ HTTP/1.1" 200 81522 "-" "Mozilla/5.0 (compatible; DataForSeoBot/1.0; +https://dataforseo.com/dataforseo-bot)"
75.119.208.120 - - [19/Oct/2025:11:10:53 -0400] "POST /xmlrpc.php HTTP/1.1" 200 403 "https://menintalk.com" "Mozilla/5.0 (Windows NT 10.0; Win64; x64; rv:127.0) Gecko/20100101 Firefox/127.0"
163.223.13.96 - - [19/Oct/2025:11:10:53 -0400] "GET /wp-login.php HTTP/1.1" 200 5947 "-" "Mozilla/5.0 (Windows NT 10.0; Win64; x64) AppleWebKit/537.36 (KHTML, like Gecko) Chrome/130.0.0.0 Safari/537.36"
136.243.220.210 - - [19/Oct/2025:11:10:54 -0400] "GET /many-people-whove-purchased-a-intercourse-toy-are-all-too/ HTTP/1.1" 200 84326 "-" "Mozilla/5.0 (compatible; DataForSeoBot/1.0; +https://dataforseo.com/dataforseo-bot)"
163.223.13.96 - - [19/Oct/2025:11:10:54 -0400] "POST /wp-login.php HTTP/1.1" 200 6402 "https://menintalk.com/wp-login.php" "Mozilla/5.0 (Windows NT 10.0; Win64; x64) AppleWebKit/537.36 (KHTML, like Gecko) Chrome/130.0.0.0 Safari/537.36"
66.249.79.169 - - [19/Oct/2025:11:10:54 -0400] "GET /shopping/product/15752104051.html HTTP/1.1" 404 42261 "-" "Mozilla/5.0 (Linux; Android 6.0.1; Nexus 5X Build/MMB29P) AppleWebKit/537.36 (KHTML, like Gecko) Chrome/140.0.7339.207 Mobile Safari/537.36 (compatible; Googlebot/2.1; +http://www.google.com/bot.html)"
209.42.21.53 - - [19/Oct/2025:11:10:56 -0400] "GET /wp-login.php HTTP/1.1" 200 5947 "-" "Mozilla/5.0 (Windows NT 10.0; Win64; x64) AppleWebKit/537.36 (KHTML, like Gecko) Chrome/130.0.0.0 Safari/537.36"
209.42.21.53 - - [19/Oct/2025:11:10:57 -0400] "POST /wp-login.php HTTP/1.1" 200 6402 "https://menintalk.com/wp-login.php" "Mozilla/5.0 (Windows NT 10.0; Win64; x64) AppleWebKit/537.36 (KHTML, like Gecko) Chrome/130.0.0.0 Safari/537.36"
62.146.234.58 - - [19/Oct/2025:11:10:58 -0400] "GET /wp-login.php HTTP/1.1" 200 5947 "-" "Mozilla/5.0 (Windows NT 10.0; Win64; x64) AppleWebKit/537.36 (KHTML, like Gecko) Chrome/130.0.0.0 Safari/537.36"
136.243.220.210 - - [19/Oct/2025:11:10:58 -0400] "GET /human-resources-outsourcing-and-gratification-management/ HTTP/1.1" 200 81718 "-" "Mozilla/5.0 (compatible; DataForSeoBot/1.0; +https://dataforseo.com/dataforseo-bot)"
62.146.234.58 - - [19/Oct/2025:11:10:59 -0400] "POST /wp-login.php HTTP/1.1" 200 6402 "https://menintalk.com/wp-login.php" "Mozilla/5.0 (Windows NT 10.0; Win64; x64) AppleWebKit/537.36 (KHTML, like Gecko) Chrome/130.0.0.0 Safari/537.36"
51.68.229.140 - - [19/Oct/2025:11:11:00 -0400] "GET /wp-login.php HTTP/1.1" 200 5947 "-" "Mozilla/5.0 (Windows NT 10.0; Win64; x64) AppleWebKit/537.36 (KHTML, like Gecko) Chrome/130.0.0.0 Safari/537.36"
51.68.229.140 - - [19/Oct/2025:11:11:01 -0400] "POST /wp-login.php HTTP/1.1" 200 6402 "https://menintalk.com/wp-login.php" "Mozilla/5.0 (Windows NT 10.0; Win64; x64) AppleWebKit/537.36 (KHTML, like Gecko) Chrome/130.0.0.0 Safari/537.36"
136.243.220.210 - - [19/Oct/2025:11:11:02 -0400] "GET /oriental-women-going-out-with-traditions/ HTTP/1.1" 200 83984 "-" "Mozilla/5.0 (compatible; DataForSeoBot/1.0; +https://dataforseo.com/dataforseo-bot)"
66.249.79.169 - - [19/Oct/2025:11:11:04 -0400] "GET /shopping/product/1571186835.html HTTP/1.1" 404 42261 "-" "Mozilla/5.0 (Linux; Android 6.0.1; Nexus 5X Build/MMB29P) AppleWebKit/537.36 (KHTML, like Gecko) Chrome/140.0.7339.207 Mobile Safari/537.36 (compatible; Googlebot/2.1; +http://www.google.com/bot.html)"
136.243.220.210 - - [19/Oct/2025:11:11:06 -0400] "GET /the-four-freedoms-of-free-program/ HTTP/1.1" 200 81662 "-" "Mozilla/5.0 (compatible; DataForSeoBot/1.0; +https://dataforseo.com/dataforseo-bot)"
136.243.220.210 - - [19/Oct/2025:11:11:10 -0400] "GET /benefits-of-board-of-directors-software/ HTTP/1.1" 200 81486 "-" "Mozilla/5.0 (compatible; DataForSeoBot/1.0; +https://dataforseo.com/dataforseo-bot)"
136.243.220.210 - - [19/Oct/2025:11:11:14 -0400] "GET /if-you-want-to-purchase-counterfeit-luggage-for-personal-use/ HTTP/1.1" 200 82844 "-" "Mozilla/5.0 (compatible; DataForSeoBot/1.0; +https://dataforseo.com/dataforseo-bot)"
66.249.79.169 - - [19/Oct/2025:11:11:15 -0400] "GET /shopping/product/1571361271.html HTTP/1.1" 404 42261 "-" "Mozilla/5.0 (Linux; Android 6.0.1; Nexus 5X Build/MMB29P) AppleWebKit/537.36 (KHTML, like Gecko) Chrome/140.0.7339.207 Mobile Safari/537.36 (compatible; Googlebot/2.1; +http://www.google.com/bot.html)"
136.243.220.210 - - [19/Oct/2025:11:11:19 -0400] "GET /dropping-in-love-with-an-individual-online-out-of-another-country/ HTTP/1.1" 200 83619 "-" "Mozilla/5.0 (compatible; DataForSeoBot/1.0; +https://dataforseo.com/dataforseo-bot)"
136.243.220.210 - - [19/Oct/2025:11:11:22 -0400] "GET /affectionate-ways-to-request-a-european-girlfriend-to-be-the-girl/ HTTP/1.1" 200 83986 "-" "Mozilla/5.0 (compatible; DataForSeoBot/1.0; +https://dataforseo.com/dataforseo-bot)"
66.249.79.169 - - [19/Oct/2025:11:11:25 -0400] "GET /shopping/product/1572527543.html HTTP/1.1" 404 42261 "-" "Mozilla/5.0 (Linux; Android 6.0.1; Nexus 5X Build/MMB29P) AppleWebKit/537.36 (KHTML, like Gecko) Chrome/140.0.7339.207 Mobile Safari/537.36 (compatible; Googlebot/2.1; +http://www.google.com/bot.html)"
136.243.220.210 - - [19/Oct/2025:11:11:26 -0400] "GET /tricks-for-online-dating/ HTTP/1.1" 200 82750 "-" "Mozilla/5.0 (compatible; DataForSeoBot/1.0; +https://dataforseo.com/dataforseo-bot)"
64.227.176.68 - - [19/Oct/2025:11:11:27 -0400] "GET /wp-login.php HTTP/1.1" 200 5947 "-" "Mozilla/5.0 (Windows NT 10.0; Win64; x64) AppleWebKit/537.36 (KHTML, like Gecko) Chrome/130.0.0.0 Safari/537.36"
64.227.176.68 - - [19/Oct/2025:11:11:27 -0400] "POST /wp-login.php HTTP/1.1" 200 6402 "https://menintalk.com/wp-login.php" "Mozilla/5.0 (Windows NT 10.0; Win64; x64) AppleWebKit/537.36 (KHTML, like Gecko) Chrome/130.0.0.0 Safari/537.36"
209.42.21.53 - - [19/Oct/2025:11:11:29 -0400] "GET /wp-login.php HTTP/1.1" 200 5947 "-" "Mozilla/5.0 (Windows NT 10.0; Win64; x64) AppleWebKit/537.36 (KHTML, like Gecko) Chrome/130.0.0.0 Safari/537.36"
209.42.21.53 - - [19/Oct/2025:11:11:29 -0400] "POST /wp-login.php HTTP/1.1" 200 6402 "https://menintalk.com/wp-login.php" "Mozilla/5.0 (Windows NT 10.0; Win64; x64) AppleWebKit/537.36 (KHTML, like Gecko) Chrome/130.0.0.0 Safari/537.36"
136.243.220.210 - - [19/Oct/2025:11:11:30 -0400] "GET /picking-the-right-antivirus-software-program-for-your-computer-system/ HTTP/1.1" 200 82422 "-" "Mozilla/5.0 (compatible; DataForSeoBot/1.0; +https://dataforseo.com/dataforseo-bot)"
136.243.220.210 - - [19/Oct/2025:11:11:34 -0400] "GET /what-you-should-get-dude-for-wedding-anniversary-gifts/ HTTP/1.1" 200 82533 "-" "Mozilla/5.0 (compatible; DataForSeoBot/1.0; +https://dataforseo.com/dataforseo-bot)"
66.249.79.169 - - [19/Oct/2025:11:11:35 -0400] "GET /shopping/product/15741748183.html HTTP/1.1" 404 42261 "-" "Mozilla/5.0 (Linux; Android 6.0.1; Nexus 5X Build/MMB29P) AppleWebKit/537.36 (KHTML, like Gecko) Chrome/140.0.7339.207 Mobile Safari/537.36 (compatible; Googlebot/2.1; +http://www.google.com/bot.html)"
212.30.36.177 - - [19/Oct/2025:11:11:37 -0400] "GET /matematica-e-diversao-o-coracao-do-playuzu/ HTTP/1.1" 200 84027 "-" "Mozilla/5.0 (Windows NT 10.0; WOW64; x64) AppleWebKit/537.36 (KHTML, like Gecko) Chrome/114.0.0.0 Safari/537.36 OPR/89.0.4447.51"
136.243.220.210 - - [19/Oct/2025:11:11:38 -0400] "GET /this-allows-folks-like-you-and-me-to-personal-a-bag-thats/ HTTP/1.1" 200 84234 "-" "Mozilla/5.0 (compatible; DataForSeoBot/1.0; +https://dataforseo.com/dataforseo-bot)"
136.243.220.210 - - [19/Oct/2025:11:11:42 -0400] "GET /when-will-i-satisfy-the-love-of-my-life-the-universe-is-sending-you-signs/ HTTP/1.1" 200 85991 "-" "Mozilla/5.0 (compatible; DataForSeoBot/1.0; +https://dataforseo.com/dataforseo-bot)"
66.249.79.169 - - [19/Oct/2025:11:11:45 -0400] "GET /shopping/product/15762668484.html HTTP/1.1" 404 42261 "-" "Mozilla/5.0 (Linux; Android 6.0.1; Nexus 5X Build/MMB29P) AppleWebKit/537.36 (KHTML, like Gecko) Chrome/140.0.7339.207 Mobile Safari/537.36 (compatible; Googlebot/2.1; +http://www.google.com/bot.html)"
136.243.220.210 - - [19/Oct/2025:11:11:46 -0400] "GET /methods-to-be-appealing-sugar-daddy/ HTTP/1.1" 200 83172 "-" "Mozilla/5.0 (compatible; DataForSeoBot/1.0; +https://dataforseo.com/dataforseo-bot)"
136.243.220.210 - - [19/Oct/2025:11:11:50 -0400] "GET /first-date-manners-rules/ HTTP/1.1" 200 81397 "-" "Mozilla/5.0 (compatible; DataForSeoBot/1.0; +https://dataforseo.com/dataforseo-bot)"
66.249.79.169 - - [19/Oct/2025:11:11:55 -0400] "GET /jp/shop/15714678008800000.shtml HTTP/1.1" 404 42261 "-" "Mozilla/5.0 (Linux; Android 6.0.1; Nexus 5X Build/MMB29P) AppleWebKit/537.36 (KHTML, like Gecko) Chrome/140.0.7339.207 Mobile Safari/537.36 (compatible; Googlebot/2.1; +http://www.google.com/bot.html)"
136.243.220.210 - - [19/Oct/2025:11:11:55 -0400] "GET /sports-betting-in-the-philippines-is-surely-an-increasingly-popular-action/ HTTP/1.1" 200 85073 "-" "Mozilla/5.0 (compatible; DataForSeoBot/1.0; +https://dataforseo.com/dataforseo-bot)"
136.243.220.210 - - [19/Oct/2025:11:11:58 -0400] "GET /how-to-install-wi-fi-signal-boosters/ HTTP/1.1" 200 81409 "-" "Mozilla/5.0 (compatible; DataForSeoBot/1.0; +https://dataforseo.com/dataforseo-bot)"
136.243.220.210 - - [19/Oct/2025:11:12:02 -0400] "GET /%E2%80%8Ebest-asian-birdes-to-be-on-apple-podcasts/ HTTP/1.1" 200 88350 "-" "Mozilla/5.0 (compatible; DataForSeoBot/1.0; +https://dataforseo.com/dataforseo-bot)"
198.244.240.210 - - [19/Oct/2025:11:12:04 -0400] "GET /?shopping/product/15729671100_html HTTP/1.1" 301 - "-" "Mozilla/5.0 (compatible; AhrefsBot/7.0; +http://ahrefs.com/robot/)"
66.249.79.170 - - [19/Oct/2025:11:12:05 -0400] "GET /category/kuzeyyrentacar-com-1500/index.php?s=fusce HTTP/1.1" 200 34703 "-" "Mozilla/5.0 (Linux; Android 6.0.1; Nexus 5X Build/MMB29P) AppleWebKit/537.36 (KHTML, like Gecko) Chrome/140.0.7339.207 Mobile Safari/537.36 (compatible; Googlebot/2.1; +http://www.google.com/bot.html)"
136.243.220.210 - - [19/Oct/2025:11:12:06 -0400] "GET /simply-how-much-does-a-good-mattress-cost/ HTTP/1.1" 200 84611 "-" "Mozilla/5.0 (compatible; DataForSeoBot/1.0; +https://dataforseo.com/dataforseo-bot)"
136.243.220.210 - - [19/Oct/2025:11:12:10 -0400] "GET /avg-antivirus-review/ HTTP/1.1" 200 81425 "-" "Mozilla/5.0 (compatible; DataForSeoBot/1.0; +https://dataforseo.com/dataforseo-bot)"
208.74.151.235 - - [19/Oct/2025:11:12:11 -0400] "GET /wp-login.php HTTP/1.1" 200 5947 "-" "Mozilla/5.0 (Windows NT 10.0; Win64; x64) AppleWebKit/537.36 (KHTML, like Gecko) Chrome/130.0.0.0 Safari/537.36"
208.74.151.235 - - [19/Oct/2025:11:12:12 -0400] "POST /wp-login.php HTTP/1.1" 200 6402 "https://menintalk.com/wp-login.php" "Mozilla/5.0 (Windows NT 10.0; Win64; x64) AppleWebKit/537.36 (KHTML, like Gecko) Chrome/130.0.0.0 Safari/537.36"
136.243.220.210 - - [19/Oct/2025:11:12:14 -0400] "GET /avast-antivirus-assessment/ HTTP/1.1" 200 81457 "-" "Mozilla/5.0 (compatible; DataForSeoBot/1.0; +https://dataforseo.com/dataforseo-bot)"
66.249.79.170 - - [19/Oct/2025:11:12:15 -0400] "GET /goGoods/product/surugaya/15763447236067?campaign_uid=f64d716db5e979ed2f947dbaf4296895b951ae7f HTTP/1.1" 404 42261 "-" "Mozilla/5.0 (Linux; Android 6.0.1; Nexus 5X Build/MMB29P) AppleWebKit/537.36 (KHTML, like Gecko) Chrome/140.0.7339.207 Mobile Safari/537.36 (compatible; Googlebot/2.1; +http://www.google.com/bot.html)"
62.146.234.58 - - [19/Oct/2025:11:12:15 -0400] "GET /wp-login.php HTTP/1.1" 200 5947 "-" "Mozilla/5.0 (Windows NT 10.0; Win64; x64) AppleWebKit/537.36 (KHTML, like Gecko) Chrome/130.0.0.0 Safari/537.36"
62.146.234.58 - - [19/Oct/2025:11:12:16 -0400] "POST /wp-login.php HTTP/1.1" 200 6367 "https://menintalk.com/wp-login.php" "Mozilla/5.0 (Windows NT 10.0; Win64; x64) AppleWebKit/537.36 (KHTML, like Gecko) Chrome/130.0.0.0 Safari/537.36"
136.243.220.210 - - [19/Oct/2025:11:12:18 -0400] "GET /czech-romantic-thoughts/ HTTP/1.1" 200 81670 "-" "Mozilla/5.0 (compatible; DataForSeoBot/1.0; +https://dataforseo.com/dataforseo-bot)"
14.248.80.79 - - [19/Oct/2025:11:12:20 -0400] "GET /wp-login.php HTTP/1.1" 200 5947 "-" "Mozilla/5.0 (Windows NT 10.0; Win64; x64) AppleWebKit/537.36 (KHTML, like Gecko) Chrome/130.0.0.0 Safari/537.36"
14.248.80.79 - - [19/Oct/2025:11:12:21 -0400] "POST /wp-login.php HTTP/1.1" 200 6402 "https://menintalk.com/wp-login.php" "Mozilla/5.0 (Windows NT 10.0; Win64; x64) AppleWebKit/537.36 (KHTML, like Gecko) Chrome/130.0.0.0 Safari/537.36"
37.24.161.119 - - [19/Oct/2025:11:12:22 -0400] "GET /wp-login.php HTTP/1.1" 200 5947 "-" "Mozilla/5.0 (Windows NT 10.0; Win64; x64) AppleWebKit/537.36 (KHTML, like Gecko) Chrome/130.0.0.0 Safari/537.36"
136.243.220.210 - - [19/Oct/2025:11:12:23 -0400] "GET /free-lesbian-chat-rooms-no-registration-chat-room/ HTTP/1.1" 200 87989 "-" "Mozilla/5.0 (compatible; DataForSeoBot/1.0; +https://dataforseo.com/dataforseo-bot)"
37.24.161.119 - - [19/Oct/2025:11:12:23 -0400] "POST /wp-login.php HTTP/1.1" 200 6402 "https://menintalk.com/wp-login.php" "Mozilla/5.0 (Windows NT 10.0; Win64; x64) AppleWebKit/537.36 (KHTML, like Gecko) Chrome/130.0.0.0 Safari/537.36"
92.113.231.204 - - [19/Oct/2025:11:12:26 -0400] "GET /ihr-schlussel-zu-triumphen-im-playjango-casino/ HTTP/1.1" 200 83963 "-" "Mozilla/5.0 (Windows NT 10.0; WOW64; x64) AppleWebKit/537.36 (KHTML, like Gecko) Chrome/114.0.0.0 Safari/537.36 OPR/89.0.4447.51"
103.109.180.104 - - [19/Oct/2025:11:12:26 -0400] "GET /wp-login.php HTTP/1.1" 200 5947 "-" "Mozilla/5.0 (Windows NT 10.0; Win64; x64) AppleWebKit/537.36 (KHTML, like Gecko) Chrome/130.0.0.0 Safari/537.36"
136.243.220.210 - - [19/Oct/2025:11:12:26 -0400] "GET /the-best-board-sites-for-tracking-tasks/ HTTP/1.1" 200 81401 "-" "Mozilla/5.0 (compatible; DataForSeoBot/1.0; +https://dataforseo.com/dataforseo-bot)"
103.109.180.104 - - [19/Oct/2025:11:12:27 -0400] "POST /wp-login.php HTTP/1.1" 200 6367 "https://menintalk.com/wp-login.php" "Mozilla/5.0 (Windows NT 10.0; Win64; x64) AppleWebKit/537.36 (KHTML, like Gecko) Chrome/130.0.0.0 Safari/537.36"
200.58.100.248 - - [19/Oct/2025:11:12:29 -0400] "GET /wp-login.php HTTP/1.1" 200 5947 "-" "Mozilla/5.0 (Windows NT 10.0; Win64; x64) AppleWebKit/537.36 (KHTML, like Gecko) Chrome/130.0.0.0 Safari/537.36"
136.243.220.210 - - [19/Oct/2025:11:12:30 -0400] "GET /hands-kissing-customs/ HTTP/1.1" 200 82528 "-" "Mozilla/5.0 (compatible; DataForSeoBot/1.0; +https://dataforseo.com/dataforseo-bot)"
