66.249.79.169 - - [19/Oct/2025:08:42:56 -0400] "GET /page/396/?shopping/product/15731300885_html HTTP/1.1" 200 42659 "-" "Mozilla/5.0 (Linux; Android 6.0.1; Nexus 5X Build/MMB29P) AppleWebKit/537.36 (KHTML, like Gecko) Chrome/140.0.7339.207 Mobile Safari/537.36 (compatible; Googlebot/2.1; +http://www.google.com/bot.html)"
66.249.79.169 - - [19/Oct/2025:08:42:59 -0400] "GET /?shopping/product/15752478617_html HTTP/1.1" 301 - "-" "Mozilla/5.0 (Linux; Android 6.0.1; Nexus 5X Build/MMB29P) AppleWebKit/537.36 (KHTML, like Gecko) Chrome/140.0.7339.207 Mobile Safari/537.36 (compatible; Googlebot/2.1; +http://www.google.com/bot.html)"
66.249.79.169 - - [19/Oct/2025:08:42:59 -0400] "GET /?shopping%2Fproduct%2F15752478617_html HTTP/1.1" 200 47135 "-" "Mozilla/5.0 (Linux; Android 6.0.1; Nexus 5X Build/MMB29P) AppleWebKit/537.36 (KHTML, like Gecko) Chrome/140.0.7339.207 Mobile Safari/537.36 (compatible; Googlebot/2.1; +http://www.google.com/bot.html)"
66.249.79.169 - - [19/Oct/2025:08:43:02 -0400] "GET /page/3/?shopping/product/1571113703_html HTTP/1.1" 200 42505 "-" "Mozilla/5.0 (Linux; Android 6.0.1; Nexus 5X Build/MMB29P) AppleWebKit/537.36 (KHTML, like Gecko) Chrome/140.0.7339.207 Mobile Safari/537.36 (compatible; Googlebot/2.1; +http://www.google.com/bot.html)"
66.249.79.169 - - [19/Oct/2025:08:43:08 -0400] "GET /?shopping/product/1572882847_html HTTP/1.1" 301 - "-" "Mozilla/5.0 (Linux; Android 6.0.1; Nexus 5X Build/MMB29P) AppleWebKit/537.36 (KHTML, like Gecko) Chrome/140.0.7339.207 Mobile Safari/537.36 (compatible; Googlebot/2.1; +http://www.google.com/bot.html)"
66.249.79.169 - - [19/Oct/2025:08:43:08 -0400] "GET /?shopping%2Fproduct%2F1572882847_html HTTP/1.1" 200 47129 "-" "Mozilla/5.0 (Linux; Android 6.0.1; Nexus 5X Build/MMB29P) AppleWebKit/537.36 (KHTML, like Gecko) Chrome/140.0.7339.207 Mobile Safari/537.36 (compatible; Googlebot/2.1; +http://www.google.com/bot.html)"
66.249.79.169 - - [19/Oct/2025:08:43:13 -0400] "GET /?shopping%2Fproduct%2F15741863418_html HTTP/1.1" 200 47135 "-" "Mozilla/5.0 (Linux; Android 6.0.1; Nexus 5X Build/MMB29P) AppleWebKit/537.36 (KHTML, like Gecko) Chrome/140.0.7339.207 Mobile Safari/537.36 (compatible; Googlebot/2.1; +http://www.google.com/bot.html)"
66.249.79.169 - - [19/Oct/2025:08:43:19 -0400] "GET /page/2/?shopping/product/15731223214_html HTTP/1.1" 200 42899 "-" "Mozilla/5.0 (Linux; Android 6.0.1; Nexus 5X Build/MMB29P) AppleWebKit/537.36 (KHTML, like Gecko) Chrome/140.0.7339.207 Mobile Safari/537.36 (compatible; Googlebot/2.1; +http://www.google.com/bot.html)"
66.249.79.169 - - [19/Oct/2025:08:43:25 -0400] "GET /?shopping/product/1571335928_html HTTP/1.1" 301 - "-" "Mozilla/5.0 (Linux; Android 6.0.1; Nexus 5X Build/MMB29P) AppleWebKit/537.36 (KHTML, like Gecko) Chrome/140.0.7339.207 Mobile Safari/537.36 (compatible; Googlebot/2.1; +http://www.google.com/bot.html)"
66.249.79.169 - - [19/Oct/2025:08:43:26 -0400] "GET /?shopping%2Fproduct%2F1571335928_html HTTP/1.1" 200 47129 "-" "Mozilla/5.0 (Linux; Android 6.0.1; Nexus 5X Build/MMB29P) AppleWebKit/537.36 (KHTML, like Gecko) Chrome/140.0.7339.207 Mobile Safari/537.36 (compatible; Googlebot/2.1; +http://www.google.com/bot.html)"
65.109.81.157 - - [19/Oct/2025:08:43:31 -0400] "GET /wie-wahrscheinlichkeiten-ihre-gewinne-im-tipico-casino-steigern/ HTTP/1.1" 200 83790 "https://menintalk.com/wie-wahrscheinlichkeiten-ihre-gewinne-im-tipico-casino-steigern/" "Mozilla/5.0 (Windows NT 6.1; Win64; x64) AppleWebKit/537.36 (KHTML, like Gecko) Chrome/103.0.0.0 Safari/537.36"
65.109.81.157 - - [19/Oct/2025:08:43:32 -0400] "POST /wp-comments-post.php HTTP/1.1" 302 - "https://menintalk.com/wie-wahrscheinlichkeiten-ihre-gewinne-im-tipico-casino-steigern/" "Mozilla/5.0 (Windows NT 6.1; Win64; x64) AppleWebKit/537.36 (KHTML, like Gecko) Chrome/103.0.0.0 Safari/537.36"
65.109.81.157 - - [19/Oct/2025:08:43:33 -0400] "GET /wie-wahrscheinlichkeiten-ihre-gewinne-im-tipico-casino-steigern/ HTTP/1.1" 200 237333 "https://menintalk.com/wie-wahrscheinlichkeiten-ihre-gewinne-im-tipico-casino-steigern/#comment-3258" "Mozilla/5.0 (Windows NT 6.1; Win64; x64) AppleWebKit/537.36 (KHTML, like Gecko) Chrome/103.0.0.0 Safari/537.36"
66.249.79.169 - - [19/Oct/2025:08:43:33 -0400] "GET /page/3/?shopping/product/15731223214_html HTTP/1.1" 200 42514 "-" "Mozilla/5.0 (Linux; Android 6.0.1; Nexus 5X Build/MMB29P) AppleWebKit/537.36 (KHTML, like Gecko) Chrome/140.0.7339.207 Mobile Safari/537.36 (compatible; Googlebot/2.1; +http://www.google.com/bot.html)"
66.249.79.169 - - [19/Oct/2025:08:43:39 -0400] "GET /?shopping/product/15731485297_html HTTP/1.1" 301 - "-" "Mozilla/5.0 (Linux; Android 6.0.1; Nexus 5X Build/MMB29P) AppleWebKit/537.36 (KHTML, like Gecko) Chrome/140.0.7339.207 Mobile Safari/537.36 (compatible; Googlebot/2.1; +http://www.google.com/bot.html)"
103.178.231.51 - - [19/Oct/2025:08:43:40 -0400] "GET /wp-login.php HTTP/1.1" 200 5947 "-" "Mozilla/4.0 (compatible; MSIE 7.0; Windows NT 6.2; WOW64; Trident/7.0; .NET4.0C; .NET4.0E; .NET CLR 2.0.50727; .NET CLR 3.0.30729; .NET CLR 3.5.30729; InfoPath.2)"
66.249.79.169 - - [19/Oct/2025:08:43:40 -0400] "GET /?shopping%2Fproduct%2F15731485297_html HTTP/1.1" 200 47135 "-" "Mozilla/5.0 (Linux; Android 6.0.1; Nexus 5X Build/MMB29P) AppleWebKit/537.36 (KHTML, like Gecko) Chrome/140.0.7339.207 Mobile Safari/537.36 (compatible; Googlebot/2.1; +http://www.google.com/bot.html)"
103.178.231.51 - - [19/Oct/2025:08:43:42 -0400] "POST /wp-login.php HTTP/1.1" 200 6422 "https://menintalk.com/wp-login.php" "Mozilla/4.0 (compatible; MSIE 7.0; Windows NT 6.2; WOW64; Trident/7.0; .NET4.0C; .NET4.0E; .NET CLR 2.0.50727; .NET CLR 3.0.30729; .NET CLR 3.5.30729; InfoPath.2)"
66.249.79.169 - - [19/Oct/2025:08:43:47 -0400] "GET /?shopping%2Fproduct%2F15762629805_html HTTP/1.1" 200 47135 "-" "Mozilla/5.0 (Linux; Android 6.0.1; Nexus 5X Build/MMB29P) AppleWebKit/537.36 (KHTML, like Gecko) Chrome/140.0.7339.207 Mobile Safari/537.36 (compatible; Googlebot/2.1; +http://www.google.com/bot.html)"
66.249.79.169 - - [19/Oct/2025:08:43:53 -0400] "GET /page/520/?shopping/product/15731223214_html HTTP/1.1" 200 38725 "-" "Mozilla/5.0 (Linux; Android 6.0.1; Nexus 5X Build/MMB29P) AppleWebKit/537.36 (KHTML, like Gecko) Chrome/140.0.7339.207 Mobile Safari/537.36 (compatible; Googlebot/2.1; +http://www.google.com/bot.html)"
66.249.79.169 - - [19/Oct/2025:08:43:59 -0400] "GET /?shopping/product/15762710000_html HTTP/1.1" 301 - "-" "Mozilla/5.0 (Linux; Android 6.0.1; Nexus 5X Build/MMB29P) AppleWebKit/537.36 (KHTML, like Gecko) Chrome/140.0.7339.207 Mobile Safari/537.36 (compatible; Googlebot/2.1; +http://www.google.com/bot.html)"
66.249.79.169 - - [19/Oct/2025:08:43:59 -0400] "GET /?shopping%2Fproduct%2F15762710000_html HTTP/1.1" 200 47135 "-" "Mozilla/5.0 (Linux; Android 6.0.1; Nexus 5X Build/MMB29P) AppleWebKit/537.36 (KHTML, like Gecko) Chrome/140.0.7339.207 Mobile Safari/537.36 (compatible; Googlebot/2.1; +http://www.google.com/bot.html)"
66.249.79.169 - - [19/Oct/2025:08:44:01 -0400] "GET /?shopping/product/1571255076_html HTTP/1.1" 301 - "-" "Mozilla/5.0 (Linux; Android 6.0.1; Nexus 5X Build/MMB29P) AppleWebKit/537.36 (KHTML, like Gecko) Chrome/140.0.7339.207 Mobile Safari/537.36 (compatible; Googlebot/2.1; +http://www.google.com/bot.html)"
66.249.65.70 - - [19/Oct/2025:08:44:02 -0400] "GET /?shopping%2Fproduct%2F1571255076_html HTTP/1.1" 200 47129 "-" "Mozilla/5.0 (Linux; Android 6.0.1; Nexus 5X Build/MMB29P) AppleWebKit/537.36 (KHTML, like Gecko) Chrome/140.0.7339.207 Mobile Safari/537.36 (compatible; Googlebot/2.1; +http://www.google.com/bot.html)"
109.199.112.212 - - [19/Oct/2025:08:44:02 -0400] "POST /wp-login.php HTTP/1.1" 200 6404 "-" "Mozilla/5.0"
109.199.112.212 - - [19/Oct/2025:08:44:03 -0400] "POST /wp-login.php HTTP/1.1" 200 6402 "-" "Mozilla/5.0"
109.199.112.212 - - [19/Oct/2025:08:44:03 -0400] "POST /wp-login.php HTTP/1.1" 200 6367 "-" "Mozilla/5.0"
109.199.112.212 - - [19/Oct/2025:08:44:02 -0400] "POST /wp-login.php HTTP/1.1" 200 6404 "-" "Mozilla/5.0"
109.199.112.212 - - [19/Oct/2025:08:44:02 -0400] "POST /wp-login.php HTTP/1.1" 200 6367 "-" "Mozilla/5.0"
109.199.112.212 - - [19/Oct/2025:08:44:03 -0400] "POST /wp-login.php HTTP/1.1" 200 6404 "-" "Mozilla/5.0"
66.249.79.169 - - [19/Oct/2025:08:44:05 -0400] "GET /page/520/?shopping/product/15741848800_html HTTP/1.1" 200 38725 "-" "Mozilla/5.0 (Linux; Android 6.0.1; Nexus 5X Build/MMB29P) AppleWebKit/537.36 (KHTML, like Gecko) Chrome/140.0.7339.207 Mobile Safari/537.36 (compatible; Googlebot/2.1; +http://www.google.com/bot.html)"
45.12.143.147 - - [19/Oct/2025:08:44:11 -0400] "GET /guia-estrategico-para-explorar-as-odds-no-xpbet-casino/ HTTP/1.1" 200 83260 "-" "Mozilla/5.0 (Windows NT 10.0; WOW64; x64) AppleWebKit/537.36 (KHTML, like Gecko) Chrome/114.0.0.0 Safari/537.36 OPR/89.0.4447.51"
66.249.79.169 - - [19/Oct/2025:08:44:12 -0400] "GET /?shopping/product/15752303942_html HTTP/1.1" 301 - "-" "Mozilla/5.0 (Linux; Android 6.0.1; Nexus 5X Build/MMB29P) AppleWebKit/537.36 (KHTML, like Gecko) Chrome/140.0.7339.207 Mobile Safari/537.36 (compatible; Googlebot/2.1; +http://www.google.com/bot.html)"
66.249.79.169 - - [19/Oct/2025:08:44:13 -0400] "GET /?shopping%2Fproduct%2F15752303942_html HTTP/1.1" 200 47135 "-" "Mozilla/5.0 (Linux; Android 6.0.1; Nexus 5X Build/MMB29P) AppleWebKit/537.36 (KHTML, like Gecko) Chrome/140.0.7339.207 Mobile Safari/537.36 (compatible; Googlebot/2.1; +http://www.google.com/bot.html)"
66.249.79.169 - - [19/Oct/2025:08:44:20 -0400] "GET /?shopping/product/15762904968.html HTTP/1.1" 301 - "-" "Mozilla/5.0 (Linux; Android 6.0.1; Nexus 5X Build/MMB29P) AppleWebKit/537.36 (KHTML, like Gecko) Chrome/140.0.7339.207 Mobile Safari/537.36 (compatible; Googlebot/2.1; +http://www.google.com/bot.html)"
66.249.79.169 - - [19/Oct/2025:08:44:21 -0400] "GET /?shopping%2Fproduct%2F157183922_html HTTP/1.1" 200 47123 "-" "Mozilla/5.0 (Linux; Android 6.0.1; Nexus 5X Build/MMB29P) AppleWebKit/537.36 (KHTML, like Gecko) Chrome/140.0.7339.207 Mobile Safari/537.36 (compatible; Googlebot/2.1; +http://www.google.com/bot.html)"
66.249.79.169 - - [19/Oct/2025:08:44:22 -0400] "GET /?shopping%2Fproduct%2F15762904968_html HTTP/1.1" 200 47135 "-" "Mozilla/5.0 (Linux; Android 6.0.1; Nexus 5X Build/MMB29P) AppleWebKit/537.36 (KHTML, like Gecko) Chrome/140.0.7339.207 Mobile Safari/537.36 (compatible; Googlebot/2.1; +http://www.google.com/bot.html)"
51.89.129.1 - - [19/Oct/2025:08:44:22 -0400] "GET /?shopping/product/157410846160_html HTTP/1.1" 301 - "-" "Mozilla/5.0 (compatible; AhrefsBot/7.0; +http://ahrefs.com/robot/)"
66.249.79.169 - - [19/Oct/2025:08:44:23 -0400] "GET /?shopping/product/15762924828_html HTTP/1.1" 301 - "-" "Mozilla/5.0 (Linux; Android 6.0.1; Nexus 5X Build/MMB29P) AppleWebKit/537.36 (KHTML, like Gecko) Chrome/140.0.7339.207 Mobile Safari/537.36 (compatible; Googlebot/2.1; +http://www.google.com/bot.html)"
66.249.79.169 - - [19/Oct/2025:08:44:24 -0400] "GET /?shopping%2Fproduct%2F15762924828_html HTTP/1.1" 200 47135 "-" "Mozilla/5.0 (Linux; Android 6.0.1; Nexus 5X Build/MMB29P) AppleWebKit/537.36 (KHTML, like Gecko) Chrome/140.0.7339.207 Mobile Safari/537.36 (compatible; Googlebot/2.1; +http://www.google.com/bot.html)"
66.249.79.169 - - [19/Oct/2025:08:44:26 -0400] "GET /?shopping/product/157171682_html HTTP/1.1" 301 - "-" "Mozilla/5.0 (Linux; Android 6.0.1; Nexus 5X Build/MMB29P) AppleWebKit/537.36 (KHTML, like Gecko) Chrome/140.0.7339.207 Mobile Safari/537.36 (compatible; Googlebot/2.1; +http://www.google.com/bot.html)"
66.249.79.169 - - [19/Oct/2025:08:44:27 -0400] "GET /?shopping%2Fproduct%2F157171682_html HTTP/1.1" 200 47123 "-" "Mozilla/5.0 (Linux; Android 6.0.1; Nexus 5X Build/MMB29P) AppleWebKit/537.36 (KHTML, like Gecko) Chrome/140.0.7339.207 Mobile Safari/537.36 (compatible; Googlebot/2.1; +http://www.google.com/bot.html)"
66.249.79.169 - - [19/Oct/2025:08:44:29 -0400] "GET /?shopping%2Fproduct%2F1571107736_html HTTP/1.1" 200 47129 "-" "Mozilla/5.0 (Linux; Android 6.0.1; Nexus 5X Build/MMB29P) AppleWebKit/537.36 (KHTML, like Gecko) Chrome/140.0.7339.207 Mobile Safari/537.36 (compatible; Googlebot/2.1; +http://www.google.com/bot.html)"
83.142.55.228 - - [19/Oct/2025:08:44:29 -0400] "GET /compte-rendu-professionnel-sur-netbet/ HTTP/1.1" 200 82142 "-" "Mozilla/5.0 (Windows NT 10.0; WOW64; x64) AppleWebKit/537.36 (KHTML, like Gecko) Chrome/114.0.0.0 Safari/537.36 OPR/89.0.4447.51"
66.249.79.169 - - [19/Oct/2025:08:44:34 -0400] "GET /?shopping/product/15741876824_html HTTP/1.1" 301 - "-" "Mozilla/5.0 (Linux; Android 6.0.1; Nexus 5X Build/MMB29P) AppleWebKit/537.36 (KHTML, like Gecko) Chrome/140.0.7339.207 Mobile Safari/537.36 (compatible; Googlebot/2.1; +http://www.google.com/bot.html)"
66.249.79.169 - - [19/Oct/2025:08:44:35 -0400] "GET /?shopping%2Fproduct%2F15741876824_html HTTP/1.1" 200 47135 "-" "Mozilla/5.0 (Linux; Android 6.0.1; Nexus 5X Build/MMB29P) AppleWebKit/537.36 (KHTML, like Gecko) Chrome/140.0.7339.207 Mobile Safari/537.36 (compatible; Googlebot/2.1; +http://www.google.com/bot.html)"
66.249.79.169 - - [19/Oct/2025:08:44:40 -0400] "GET /?shopping/product/1571329104_html HTTP/1.1" 301 - "-" "Mozilla/5.0 (Linux; Android 6.0.1; Nexus 5X Build/MMB29P) AppleWebKit/537.36 (KHTML, like Gecko) Chrome/140.0.7339.207 Mobile Safari/537.36 (compatible; Googlebot/2.1; +http://www.google.com/bot.html)"
66.249.79.169 - - [19/Oct/2025:08:44:40 -0400] "GET /?shopping%2Fproduct%2F1571329104_html HTTP/1.1" 200 47129 "-" "Mozilla/5.0 (Linux; Android 6.0.1; Nexus 5X Build/MMB29P) AppleWebKit/537.36 (KHTML, like Gecko) Chrome/140.0.7339.207 Mobile Safari/537.36 (compatible; Googlebot/2.1; +http://www.google.com/bot.html)"
66.249.79.169 - - [19/Oct/2025:08:44:45 -0400] "GET /?shopping/product/15741531330.html HTTP/1.1" 301 - "-" "Mozilla/5.0 (Linux; Android 6.0.1; Nexus 5X Build/MMB29P) AppleWebKit/537.36 (KHTML, like Gecko) Chrome/140.0.7339.207 Mobile Safari/537.36 (compatible; Googlebot/2.1; +http://www.google.com/bot.html)"
66.249.79.169 - - [19/Oct/2025:08:44:46 -0400] "GET /?shopping%2Fproduct%2F15741531330_html HTTP/1.1" 200 47135 "-" "Mozilla/5.0 (Linux; Android 6.0.1; Nexus 5X Build/MMB29P) AppleWebKit/537.36 (KHTML, like Gecko) Chrome/140.0.7339.207 Mobile Safari/537.36 (compatible; Googlebot/2.1; +http://www.google.com/bot.html)"
66.249.79.169 - - [19/Oct/2025:08:44:51 -0400] "GET /?shopping/product/15752296701_html HTTP/1.1" 301 - "-" "Mozilla/5.0 (Linux; Android 6.0.1; Nexus 5X Build/MMB29P) AppleWebKit/537.36 (KHTML, like Gecko) Chrome/140.0.7339.207 Mobile Safari/537.36 (compatible; Googlebot/2.1; +http://www.google.com/bot.html)"
66.249.79.169 - - [19/Oct/2025:08:44:52 -0400] "GET /?shopping%2Fproduct%2F15752296701_html HTTP/1.1" 200 47135 "-" "Mozilla/5.0 (Linux; Android 6.0.1; Nexus 5X Build/MMB29P) AppleWebKit/537.36 (KHTML, like Gecko) Chrome/140.0.7339.207 Mobile Safari/537.36 (compatible; Googlebot/2.1; +http://www.google.com/bot.html)"
185.65.247.253 - - [19/Oct/2025:08:44:55 -0400] "GET /wp-login.php HTTP/1.1" 200 5947 "-" "Mozilla/4.0 (compatible; MSIE 7.0; Windows NT 6.2; WOW64; Trident/7.0; .NET4.0C; .NET4.0E; .NET CLR 2.0.50727; .NET CLR 3.0.30729; .NET CLR 3.5.30729; InfoPath.2; Creative AutoUpdate v1.41.07)"
185.65.247.253 - - [19/Oct/2025:08:44:55 -0400] "POST /wp-login.php HTTP/1.1" 200 6385 "https://menintalk.com/wp-login.php" "Mozilla/4.0 (compatible; MSIE 7.0; Windows NT 6.2; WOW64; Trident/7.0; .NET4.0C; .NET4.0E; .NET CLR 2.0.50727; .NET CLR 3.0.30729; .NET CLR 3.5.30729; InfoPath.2; Creative AutoUpdate v1.41.07)"
66.249.79.169 - - [19/Oct/2025:08:44:57 -0400] "GET /?shopping/product/15741636062_html HTTP/1.1" 301 - "-" "Mozilla/5.0 (Linux; Android 6.0.1; Nexus 5X Build/MMB29P) AppleWebKit/537.36 (KHTML, like Gecko) Chrome/140.0.7339.207 Mobile Safari/537.36 (compatible; Googlebot/2.1; +http://www.google.com/bot.html)"
66.249.79.169 - - [19/Oct/2025:08:44:58 -0400] "GET /?shopping%2Fproduct%2F15741636062_html HTTP/1.1" 200 47135 "-" "Mozilla/5.0 (Linux; Android 6.0.1; Nexus 5X Build/MMB29P) AppleWebKit/537.36 (KHTML, like Gecko) Chrome/140.0.7339.207 Mobile Safari/537.36 (compatible; Googlebot/2.1; +http://www.google.com/bot.html)"
66.249.79.169 - - [19/Oct/2025:08:45:07 -0400] "GET /?shopping/product/15741610579.html HTTP/1.1" 301 - "-" "Mozilla/5.0 (Linux; Android 6.0.1; Nexus 5X Build/MMB29P) AppleWebKit/537.36 (KHTML, like Gecko) Chrome/140.0.7339.207 Mobile Safari/537.36 (compatible; Googlebot/2.1; +http://www.google.com/bot.html)"
66.249.79.169 - - [19/Oct/2025:08:45:07 -0400] "GET /?shopping%2Fproduct%2F15741610579_html HTTP/1.1" 200 47135 "-" "Mozilla/5.0 (Linux; Android 6.0.1; Nexus 5X Build/MMB29P) AppleWebKit/537.36 (KHTML, like Gecko) Chrome/140.0.7339.207 Mobile Safari/537.36 (compatible; Googlebot/2.1; +http://www.google.com/bot.html)"
66.249.79.169 - - [19/Oct/2025:08:45:13 -0400] "GET /?shopping/product/15762982177_html HTTP/1.1" 301 - "-" "Mozilla/5.0 (Linux; Android 6.0.1; Nexus 5X Build/MMB29P) AppleWebKit/537.36 (KHTML, like Gecko) Chrome/140.0.7339.207 Mobile Safari/537.36 (compatible; Googlebot/2.1; +http://www.google.com/bot.html)"
66.249.79.169 - - [19/Oct/2025:08:45:14 -0400] "GET /?shopping%2Fproduct%2F15762982177_html HTTP/1.1" 200 47135 "-" "Mozilla/5.0 (Linux; Android 6.0.1; Nexus 5X Build/MMB29P) AppleWebKit/537.36 (KHTML, like Gecko) Chrome/140.0.7339.207 Mobile Safari/537.36 (compatible; Googlebot/2.1; +http://www.google.com/bot.html)"
66.249.79.169 - - [19/Oct/2025:08:45:20 -0400] "GET /?shopping%2Fproduct%2F1572783484_html HTTP/1.1" 200 47129 "-" "Mozilla/5.0 (Linux; Android 6.0.1; Nexus 5X Build/MMB29P) AppleWebKit/537.36 (KHTML, like Gecko) Chrome/140.0.7339.207 Mobile Safari/537.36 (compatible; Googlebot/2.1; +http://www.google.com/bot.html)"
66.249.79.169 - - [19/Oct/2025:08:45:21 -0400] "GET /page/520/?shopping/product/157152930_html HTTP/1.1" 200 38713 "-" "Mozilla/5.0 (Linux; Android 6.0.1; Nexus 5X Build/MMB29P) AppleWebKit/537.36 (KHTML, like Gecko) Chrome/140.0.7339.207 Mobile Safari/537.36 (compatible; Googlebot/2.1; +http://www.google.com/bot.html)"
66.249.79.169 - - [19/Oct/2025:08:45:23 -0400] "GET /?shopping/product/1572722914_html HTTP/1.1" 301 - "-" "Mozilla/5.0 (Linux; Android 6.0.1; Nexus 5X Build/MMB29P) AppleWebKit/537.36 (KHTML, like Gecko) Chrome/140.0.7339.207 Mobile Safari/537.36 (compatible; Googlebot/2.1; +http://www.google.com/bot.html)"
66.249.79.169 - - [19/Oct/2025:08:45:24 -0400] "GET /?shopping%2Fproduct%2F1572722914_html HTTP/1.1" 200 47129 "-" "Mozilla/5.0 (Linux; Android 6.0.1; Nexus 5X Build/MMB29P) AppleWebKit/537.36 (KHTML, like Gecko) Chrome/140.0.7339.207 Mobile Safari/537.36 (compatible; Googlebot/2.1; +http://www.google.com/bot.html)"
66.249.79.169 - - [19/Oct/2025:08:45:26 -0400] "GET /?15753327317178220.phtml HTTP/1.1" 301 - "-" "Mozilla/5.0 (Linux; Android 6.0.1; Nexus 5X Build/MMB29P) AppleWebKit/537.36 (KHTML, like Gecko) Chrome/140.0.7339.207 Mobile Safari/537.36 (compatible; Googlebot/2.1; +http://www.google.com/bot.html)"
66.249.79.169 - - [19/Oct/2025:08:45:27 -0400] "GET /?15753327317178220_phtml HTTP/1.1" 200 47075 "-" "Mozilla/5.0 (Linux; Android 6.0.1; Nexus 5X Build/MMB29P) AppleWebKit/537.36 (KHTML, like Gecko) Chrome/140.0.7339.207 Mobile Safari/537.36 (compatible; Googlebot/2.1; +http://www.google.com/bot.html)"
66.249.79.169 - - [19/Oct/2025:08:45:32 -0400] "GET /?shopping%2Fproduct%2F1571328992_html HTTP/1.1" 200 47129 "-" "Mozilla/5.0 (Linux; Android 6.0.1; Nexus 5X Build/MMB29P) AppleWebKit/537.36 (KHTML, like Gecko) Chrome/140.0.7339.207 Mobile Safari/537.36 (compatible; Googlebot/2.1; +http://www.google.com/bot.html)"
66.249.79.169 - - [19/Oct/2025:08:45:38 -0400] "GET /?shopping%2Fproduct%2F1571486399_html HTTP/1.1" 200 47129 "-" "Mozilla/5.0 (Linux; Android 6.0.1; Nexus 5X Build/MMB29P) AppleWebKit/537.36 (KHTML, like Gecko) Chrome/140.0.7339.207 Mobile Safari/537.36 (compatible; Googlebot/2.1; +http://www.google.com/bot.html)"
66.249.79.169 - - [19/Oct/2025:08:45:44 -0400] "GET /?shopping/product/1571346829.html HTTP/1.1" 301 - "-" "Mozilla/5.0 (Linux; Android 6.0.1; Nexus 5X Build/MMB29P) AppleWebKit/537.36 (KHTML, like Gecko) Chrome/140.0.7339.207 Mobile Safari/537.36 (compatible; Googlebot/2.1; +http://www.google.com/bot.html)"
66.249.79.169 - - [19/Oct/2025:08:45:45 -0400] "GET /?shopping%2Fproduct%2F1571346829_html HTTP/1.1" 200 47129 "-" "Mozilla/5.0 (Linux; Android 6.0.1; Nexus 5X Build/MMB29P) AppleWebKit/537.36 (KHTML, like Gecko) Chrome/140.0.7339.207 Mobile Safari/537.36 (compatible; Googlebot/2.1; +http://www.google.com/bot.html)"
40.77.167.241 - - [19/Oct/2025:08:45:48 -0400] "GET /wp-content/uploads/psr7ez9/71c7c0-ford-thailand-models HTTP/1.1" 404 73675 "-" "Mozilla/5.0 AppleWebKit/537.36 (KHTML, like Gecko; compatible; bingbot/2.0; +http://www.bing.com/bingbot.htm) Chrome/116.0.1938.76 Safari/537.36"
66.249.79.169 - - [19/Oct/2025:08:45:51 -0400] "GET /?shopping/product/15752056501.html HTTP/1.1" 301 - "-" "Mozilla/5.0 (Linux; Android 6.0.1; Nexus 5X Build/MMB29P) AppleWebKit/537.36 (KHTML, like Gecko) Chrome/140.0.7339.207 Mobile Safari/537.36 (compatible; Googlebot/2.1; +http://www.google.com/bot.html)"
66.249.79.169 - - [19/Oct/2025:08:45:52 -0400] "GET /?shopping%2Fproduct%2F15752056501_html HTTP/1.1" 200 47135 "-" "Mozilla/5.0 (Linux; Android 6.0.1; Nexus 5X Build/MMB29P) AppleWebKit/537.36 (KHTML, like Gecko) Chrome/140.0.7339.207 Mobile Safari/537.36 (compatible; Googlebot/2.1; +http://www.google.com/bot.html)"
51.195.244.72 - - [19/Oct/2025:08:45:52 -0400] "GET /?shopping/product/157410938671_html HTTP/1.1" 301 - "-" "Mozilla/5.0 (compatible; AhrefsBot/7.0; +http://ahrefs.com/robot/)"
66.249.79.169 - - [19/Oct/2025:08:45:59 -0400] "GET /?shopping%2Fproduct%2F15741769356_html HTTP/1.1" 200 47135 "-" "Mozilla/5.0 (Linux; Android 6.0.1; Nexus 5X Build/MMB29P) AppleWebKit/537.36 (KHTML, like Gecko) Chrome/140.0.7339.207 Mobile Safari/537.36 (compatible; Googlebot/2.1; +http://www.google.com/bot.html)"
66.249.79.169 - - [19/Oct/2025:08:46:06 -0400] "GET /?shopping%2Fproduct%2F15762712677_html HTTP/1.1" 200 47135 "-" "Mozilla/5.0 (Linux; Android 6.0.1; Nexus 5X Build/MMB29P) AppleWebKit/537.36 (KHTML, like Gecko) Chrome/140.0.7339.207 Mobile Safari/537.36 (compatible; Googlebot/2.1; +http://www.google.com/bot.html)"
66.249.79.169 - - [19/Oct/2025:08:46:07 -0400] "GET /?shopping%2Fproduct%2F15752230002_html HTTP/1.1" 200 47135 "-" "Mozilla/5.0 (Linux; Android 6.0.1; Nexus 5X Build/MMB29P) AppleWebKit/537.36 (KHTML, like Gecko) Chrome/140.0.7339.207 Mobile Safari/537.36 (compatible; Googlebot/2.1; +http://www.google.com/bot.html)"
104.156.254.94 - - [19/Oct/2025:08:46:08 -0400] "GET /matematica-e-diversao-o-coracao-do-playuzu/ HTTP/1.1" 200 84027 "https://menintalk.com/" "Mozilla/5.0 (X11; Linux x86_64) AppleWebKit/537.36 (KHTML, like Gecko) Chrome/114.0.0.0 Safari/537.36 Vivaldi/5.3.2679.68"
104.156.254.94 - - [19/Oct/2025:08:46:10 -0400] "POST /wp-comments-post.php HTTP/1.1" 302 - "https://menintalk.com/matematica-e-diversao-o-coracao-do-playuzu/" "Mozilla/5.0 (X11; Linux x86_64) AppleWebKit/537.36 (KHTML, like Gecko) Chrome/114.0.0.0 Safari/537.36 Vivaldi/5.3.2679.68"
104.156.254.94 - - [19/Oct/2025:08:46:11 -0400] "GET /matematica-e-diversao-o-coracao-do-playuzu/?unapproved=3259&moderation-hash=aedefaf242203b9ca7d657dbf14d100c HTTP/1.1" 200 87391 "https://menintalk.com/wp-comments-post.php" "Mozilla/5.0 (X11; Linux x86_64) AppleWebKit/537.36 (KHTML, like Gecko) Chrome/114.0.0.0 Safari/537.36 Vivaldi/5.3.2679.68"
104.156.254.94 - - [19/Oct/2025:08:46:12 -0400] "GET /matematica-e-diversao-o-coracao-do-playuzu/ HTTP/1.1" 200 84027 "-" "Mozilla/5.0 (X11; Linux x86_64) AppleWebKit/537.36 (KHTML, like Gecko) Chrome/114.0.0.0 Safari/537.36 Vivaldi/5.3.2679.68"
103.178.231.51 - - [19/Oct/2025:08:46:14 -0400] "POST /xmlrpc.php HTTP/1.1" 200 401 "-" "Mozilla/5.0 (Windows NT 10.0; WOW64; Trident/7.0; MDDCJS; rv:11.0) like Gecko"
66.249.79.164 - - [19/Oct/2025:08:46:16 -0400] "GET /?shopping/product/1572671287.html HTTP/1.1" 301 - "-" "Mozilla/5.0 (Linux; Android 6.0.1; Nexus 5X Build/MMB29P) AppleWebKit/537.36 (KHTML, like Gecko) Chrome/140.0.7339.207 Mobile Safari/537.36 (compatible; Googlebot/2.1; +http://www.google.com/bot.html)"
66.249.79.164 - - [19/Oct/2025:08:46:16 -0400] "GET /?shopping%2Fproduct%2F1572671287_html HTTP/1.1" 200 47129 "-" "Mozilla/5.0 (Linux; Android 6.0.1; Nexus 5X Build/MMB29P) AppleWebKit/537.36 (KHTML, like Gecko) Chrome/140.0.7339.207 Mobile Safari/537.36 (compatible; Googlebot/2.1; +http://www.google.com/bot.html)"
66.249.79.164 - - [19/Oct/2025:08:46:25 -0400] "GET /?shopping/product/15762711203.html HTTP/1.1" 301 - "-" "Mozilla/5.0 (Linux; Android 6.0.1; Nexus 5X Build/MMB29P) AppleWebKit/537.36 (KHTML, like Gecko) Chrome/140.0.7339.207 Mobile Safari/537.36 (compatible; Googlebot/2.1; +http://www.google.com/bot.html)"
66.249.79.164 - - [19/Oct/2025:08:46:26 -0400] "GET /?shopping%2Fproduct%2F15762711203_html HTTP/1.1" 200 47135 "-" "Mozilla/5.0 (Linux; Android 6.0.1; Nexus 5X Build/MMB29P) AppleWebKit/537.36 (KHTML, like Gecko) Chrome/140.0.7339.207 Mobile Safari/537.36 (compatible; Googlebot/2.1; +http://www.google.com/bot.html)"
66.249.79.164 - - [19/Oct/2025:08:46:34 -0400] "GET /?shopping%2Fproduct%2F157174413_html HTTP/1.1" 200 47123 "-" "Mozilla/5.0 (Linux; Android 6.0.1; Nexus 5X Build/MMB29P) AppleWebKit/537.36 (KHTML, like Gecko) Chrome/140.0.7339.207 Mobile Safari/537.36 (compatible; Googlebot/2.1; +http://www.google.com/bot.html)"
66.249.79.164 - - [19/Oct/2025:08:46:43 -0400] "GET /?shopping/product/1571306998_html HTTP/1.1" 301 - "-" "Mozilla/5.0 (Linux; Android 6.0.1; Nexus 5X Build/MMB29P) AppleWebKit/537.36 (KHTML, like Gecko) Chrome/140.0.7339.207 Mobile Safari/537.36 (compatible; Googlebot/2.1; +http://www.google.com/bot.html)"
66.249.79.164 - - [19/Oct/2025:08:46:44 -0400] "GET /?shopping/product/1572836983.html HTTP/1.1" 301 - "-" "Mozilla/5.0 (Linux; Android 6.0.1; Nexus 5X Build/MMB29P) AppleWebKit/537.36 (KHTML, like Gecko) Chrome/140.0.7339.207 Mobile Safari/537.36 (compatible; Googlebot/2.1; +http://www.google.com/bot.html)"
66.249.79.164 - - [19/Oct/2025:08:46:45 -0400] "GET /?shopping%2Fproduct%2F1571306998_html HTTP/1.1" 200 47129 "-" "Mozilla/5.0 (Linux; Android 6.0.1; Nexus 5X Build/MMB29P) AppleWebKit/537.36 (KHTML, like Gecko) Chrome/140.0.7339.207 Mobile Safari/537.36 (compatible; Googlebot/2.1; +http://www.google.com/bot.html)"
66.249.79.164 - - [19/Oct/2025:08:46:46 -0400] "GET /?shopping%2Fproduct%2F1572836983_html HTTP/1.1" 200 47129 "-" "Mozilla/5.0 (Linux; Android 6.0.1; Nexus 5X Build/MMB29P) AppleWebKit/537.36 (KHTML, like Gecko) Chrome/140.0.7339.207 Mobile Safari/537.36 (compatible; Googlebot/2.1; +http://www.google.com/bot.html)"
66.249.79.164 - - [19/Oct/2025:08:46:54 -0400] "GET /?shopping/product/1571405411.html HTTP/1.1" 301 - "-" "Mozilla/5.0 (Linux; Android 6.0.1; Nexus 5X Build/MMB29P) AppleWebKit/537.36 (KHTML, like Gecko) Chrome/140.0.7339.207 Mobile Safari/537.36 (compatible; Googlebot/2.1; +http://www.google.com/bot.html)"
66.249.79.164 - - [19/Oct/2025:08:46:55 -0400] "GET /?shopping%2Fproduct%2F1571405411_html HTTP/1.1" 200 47129 "-" "Mozilla/5.0 (Linux; Android 6.0.1; Nexus 5X Build/MMB29P) AppleWebKit/537.36 (KHTML, like Gecko) Chrome/140.0.7339.207 Mobile Safari/537.36 (compatible; Googlebot/2.1; +http://www.google.com/bot.html)"
107.152.46.252 - - [19/Oct/2025:08:47:03 -0400] "GET /como-a-teoria-da-probabilidade-impulsiona-resultados-no-stake-casino/ HTTP/1.1" 200 83684 "https://menintalk.com/" "Mozilla/5.0 (Macintosh; Intel Mac OS X 12_5) AppleWebKit/537.36 (KHTML, like Gecko) Chrome/114.0.0.0 Safari/537.36 Vivaldi/5.3.2679.68"
66.249.79.166 - - [19/Oct/2025:08:47:03 -0400] "GET /?shopping%2Fproduct%2F15731202250_html HTTP/1.1" 200 47135 "-" "Mozilla/5.0 (Linux; Android 6.0.1; Nexus 5X Build/MMB29P) AppleWebKit/537.36 (KHTML, like Gecko) Chrome/140.0.7339.207 Mobile Safari/537.36 (compatible; Googlebot/2.1; +http://www.google.com/bot.html)"
107.152.46.252 - - [19/Oct/2025:08:47:06 -0400] "POST /wp-comments-post.php HTTP/1.1" 302 - "https://menintalk.com/como-a-teoria-da-probabilidade-impulsiona-resultados-no-stake-casino/" "Mozilla/5.0 (Macintosh; Intel Mac OS X 12_5) AppleWebKit/537.36 (KHTML, like Gecko) Chrome/114.0.0.0 Safari/537.36 Vivaldi/5.3.2679.68"
107.152.46.252 - - [19/Oct/2025:08:47:07 -0400] "GET /como-a-teoria-da-probabilidade-impulsiona-resultados-no-stake-casino/?unapproved=3260&moderation-hash=495f314799b133f5faffacaf06837e1f HTTP/1.1" 200 86514 "https://menintalk.com/wp-comments-post.php" "Mozilla/5.0 (Macintosh; Intel Mac OS X 12_5) AppleWebKit/537.36 (KHTML, like Gecko) Chrome/114.0.0.0 Safari/537.36 Vivaldi/5.3.2679.68"
107.152.46.252 - - [19/Oct/2025:08:47:08 -0400] "GET /como-a-teoria-da-probabilidade-impulsiona-resultados-no-stake-casino/ HTTP/1.1" 200 83684 "-" "Mozilla/5.0 (Macintosh; Intel Mac OS X 12_5) AppleWebKit/537.36 (KHTML, like Gecko) Chrome/114.0.0.0 Safari/537.36 Vivaldi/5.3.2679.68"
52.167.144.150 - - [19/Oct/2025:08:47:12 -0400] "GET /ways-to-ask-a-ukrainian-girlfriend-to-be-your-girlfriend/ HTTP/1.1" 200 83557 "-" "Mozilla/5.0 AppleWebKit/537.36 (KHTML, like Gecko; compatible; bingbot/2.0; +http://www.bing.com/bingbot.htm) Chrome/116.0.1938.76 Safari/537.36"
66.249.79.165 - - [19/Oct/2025:08:47:12 -0400] "GET /?shopping%2Fproduct%2F15762583693_html HTTP/1.1" 200 47135 "-" "Mozilla/5.0 (Linux; Android 6.0.1; Nexus 5X Build/MMB29P) AppleWebKit/537.36 (KHTML, like Gecko) Chrome/140.0.7339.207 Mobile Safari/537.36 (compatible; Googlebot/2.1; +http://www.google.com/bot.html)"
66.249.79.165 - - [19/Oct/2025:08:47:13 -0400] "GET /?shopping%2Fproduct%2F1572890602_html HTTP/1.1" 200 47129 "-" "Mozilla/5.0 (Linux; Android 6.0.1; Nexus 5X Build/MMB29P) AppleWebKit/537.36 (KHTML, like Gecko) Chrome/140.0.7339.207 Mobile Safari/537.36 (compatible; Googlebot/2.1; +http://www.google.com/bot.html)"
66.249.79.164 - - [19/Oct/2025:08:47:17 -0400] "GET /?shopping/product/1572898946.html HTTP/1.1" 301 - "-" "Mozilla/5.0 (Linux; Android 6.0.1; Nexus 5X Build/MMB29P) AppleWebKit/537.36 (KHTML, like Gecko) Chrome/140.0.7339.207 Mobile Safari/537.36 (compatible; Googlebot/2.1; +http://www.google.com/bot.html)"
66.249.79.164 - - [19/Oct/2025:08:47:17 -0400] "GET /?shopping%2Fproduct%2F1572898946_html HTTP/1.1" 200 47129 "-" "Mozilla/5.0 (Linux; Android 6.0.1; Nexus 5X Build/MMB29P) AppleWebKit/537.36 (KHTML, like Gecko) Chrome/140.0.7339.207 Mobile Safari/537.36 (compatible; Googlebot/2.1; +http://www.google.com/bot.html)"
66.249.79.164 - - [19/Oct/2025:08:47:23 -0400] "GET /?shopping%2Fproduct%2F1572861398_html HTTP/1.1" 200 47129 "-" "Mozilla/5.0 (Linux; Android 6.0.1; Nexus 5X Build/MMB29P) AppleWebKit/537.36 (KHTML, like Gecko) Chrome/140.0.7339.207 Mobile Safari/537.36 (compatible; Googlebot/2.1; +http://www.google.com/bot.html)"
66.249.79.164 - - [19/Oct/2025:08:47:32 -0400] "GET /?_gl=1*ly96ut*_gcl_au*MTE0MDM1OTI5NC4xNzQyNzk4MTUzLjE0OTQzNDk5MjUuMTc0MzEzMDcxOS4xNzQzMTMwNzE5*_ga*MTU1NzQ2Mzk3NS4xNzM3MDEzMDcz*_ga_KQX3XWKR2T*MTc0MzEzMDcxNi43LjEuMTc0MzEzMDc0OC4yOC4wLjA.&gl_url=http://menintalk.com/load.php?15732443353 HTTP/1.1" 301 - "-" "Mozilla/5.0 (Linux; Android 6.0.1; Nexus 5X Build/MMB29P) AppleWebKit/537.36 (KHTML, like Gecko) Chrome/140.0.7339.207 Mobile Safari/537.36 (compatible; Googlebot/2.1; +http://www.google.com/bot.html)"
66.249.79.164 - - [19/Oct/2025:08:47:33 -0400] "GET /?_gl=1%2Aly96ut%2A_gcl_au%2AMTE0MDM1OTI5NC4xNzQyNzk4MTUzLjE0OTQzNDk5MjUuMTc0MzEzMDcxOS4xNzQzMTMwNzE5%2A_ga%2AMTU1NzQ2Mzk3NS4xNzM3MDEzMDcz%2A_ga_KQX3XWKR2T%2AMTc0MzEzMDcxNi43LjEuMTc0MzEzMDc0OC4yOC4wLjA.&gl_url=http%3A%2F%2Fmenintalk.com%2Fload.php%3F15732443353 HTTP/1.1" 200 48521 "-" "Mozilla/5.0 (Linux; Android 6.0.1; Nexus 5X Build/MMB29P) AppleWebKit/537.36 (KHTML, like Gecko) Chrome/140.0.7339.207 Mobile Safari/537.36 (compatible; Googlebot/2.1; +http://www.google.com/bot.html)"
198.244.242.110 - - [19/Oct/2025:08:47:33 -0400] "GET /?shopping/product/157511039485_html HTTP/1.1" 301 - "-" "Mozilla/5.0 (compatible; AhrefsBot/7.0; +http://ahrefs.com/robot/)"
66.249.79.164 - - [19/Oct/2025:08:47:41 -0400] "GET /?shopping%2Fproduct%2F1572845554_html HTTP/1.1" 200 47129 "-" "Mozilla/5.0 (Linux; Android 6.0.1; Nexus 5X Build/MMB29P) AppleWebKit/537.36 (KHTML, like Gecko) Chrome/140.0.7339.207 Mobile Safari/537.36 (compatible; Googlebot/2.1; +http://www.google.com/bot.html)"
216.244.66.203 - - [19/Oct/2025:08:47:41 -0400] "GET /aviator-casino-jouez-demo-gratuite-bonus-10/feed/ HTTP/1.1" 200 723 "-" "Mozilla/5.0 (compatible; DotBot/1.2; +https://opensiteexplorer.org/dotbot; [email protected])"
143.105.152.64 - - [19/Oct/2025:08:47:44 -0400] "GET /a-fascinante-matematica-dos-jogos-no-monsterwin/ HTTP/1.1" 200 83433 "https://menintalk.com/" "Mozilla/5.0 (Macintosh; Intel Mac OS X 12_5) AppleWebKit/537.36 (KHTML, like Gecko) Chrome/114.0.0.0 Safari/537.36 OPR/89.0.4447.51"
216.244.66.203 - - [19/Oct/2025:08:47:45 -0400] "GET /conheca-os-10-melhores-slots-para-apostar-online/feed/ HTTP/1.1" 200 728 "-" "Mozilla/5.0 (compatible; DotBot/1.2; +https://opensiteexplorer.org/dotbot; [email protected])"
216.244.66.203 - - [19/Oct/2025:08:47:49 -0400] "GET /diese-besten-verbunden-spielsaal-qua-paypal-einzahlung-ostmark/feed/ HTTP/1.1" 200 742 "-" "Mozilla/5.0 (compatible; DotBot/1.2; +https://opensiteexplorer.org/dotbot; [email protected])"
66.249.79.169 - - [19/Oct/2025:08:47:49 -0400] "GET /?shopping/product/15741628810.html HTTP/1.1" 301 - "-" "Mozilla/5.0 (Linux; Android 6.0.1; Nexus 5X Build/MMB29P) AppleWebKit/537.36 (KHTML, like Gecko) Chrome/140.0.7339.207 Mobile Safari/537.36 (compatible; Googlebot/2.1; +http://www.google.com/bot.html)"
143.105.152.64 - - [19/Oct/2025:08:47:50 -0400] "GET /a-fascinante-matematica-dos-jogos-no-monsterwin/ HTTP/1.1" 200 83433 "https://menintalk.com/a-fascinante-matematica-dos-jogos-no-monsterwin/" "Mozilla/5.0 (Windows NT 6.3; Win64; x64) AppleWebKit/537.36 (KHTML, like Gecko) Chrome/103.0.0.0 Safari/537.36"
66.249.79.169 - - [19/Oct/2025:08:47:50 -0400] "GET /?shopping%2Fproduct%2F15741628810_html HTTP/1.1" 200 47135 "-" "Mozilla/5.0 (Linux; Android 6.0.1; Nexus 5X Build/MMB29P) AppleWebKit/537.36 (KHTML, like Gecko) Chrome/140.0.7339.207 Mobile Safari/537.36 (compatible; Googlebot/2.1; +http://www.google.com/bot.html)"
216.244.66.203 - - [19/Oct/2025:08:47:51 -0400] "GET /erreichbar-spielbank-uber-5-ecu-einzahlung-2024-jetzt-finden/feed/ HTTP/1.1" 200 740 "-" "Mozilla/5.0 (compatible; DotBot/1.2; +https://opensiteexplorer.org/dotbot; [email protected])"
143.105.152.64 - - [19/Oct/2025:08:47:51 -0400] "GET /a-fascinante-matematica-dos-jogos-no-monsterwin/ HTTP/1.1" 200 83433 "https://menintalk.com/a-fascinante-matematica-dos-jogos-no-monsterwin/" "Mozilla/5.0 (Windows NT 6.3; Win64; x64) AppleWebKit/537.36 (KHTML, like Gecko) Chrome/103.0.0.0 Safari/537.36"
143.105.152.64 - - [19/Oct/2025:08:47:53 -0400] "POST /wp-comments-post.php HTTP/1.1" 302 - "https://menintalk.com/a-fascinante-matematica-dos-jogos-no-monsterwin/" "Mozilla/5.0 (Windows NT 6.3; Win64; x64) AppleWebKit/537.36 (KHTML, like Gecko) Chrome/103.0.0.0 Safari/537.36"
216.244.66.203 - - [19/Oct/2025:08:47:54 -0400] "GET /euro-mail-purchase-brides-courting-development/feed/ HTTP/1.1" 200 841 "-" "Mozilla/5.0 (compatible; DotBot/1.2; +https://opensiteexplorer.org/dotbot; [email protected])"
143.105.152.64 - - [19/Oct/2025:08:47:54 -0400] "GET /a-fascinante-matematica-dos-jogos-no-monsterwin/?unapproved=3261&moderation-hash=bf030035092235b3d6e447678bdbcbbc HTTP/1.1" 200 86605 "https://menintalk.com/wp-comments-post.php" "Mozilla/5.0 (Windows NT 6.3; Win64; x64) AppleWebKit/537.36 (KHTML, like Gecko) Chrome/103.0.0.0 Safari/537.36"
143.105.152.64 - - [19/Oct/2025:08:47:56 -0400] "GET /a-fascinante-matematica-dos-jogos-no-monsterwin/ HTTP/1.1" 200 83433 "-" "Mozilla/5.0 (Windows NT 6.3; Win64; x64) AppleWebKit/537.36 (KHTML, like Gecko) Chrome/103.0.0.0 Safari/537.36"
104.156.254.94 - - [19/Oct/2025:08:47:56 -0400] "GET /matematica-e-diversao-o-coracao-do-playuzu/ HTTP/1.1" 200 84027 "-" "Mozilla/5.0 (Windows NT 10.0; WOW64; x64) AppleWebKit/537.36 (KHTML, like Gecko) Chrome/114.0.0.0 Safari/537.36 OPR/89.0.4447.51"
216.244.66.203 - - [19/Oct/2025:08:47:57 -0400] "GET /find-your-perfect-match-web-christian-chinese-ladies/feed/ HTTP/1.1" 200 732 "-" "Mozilla/5.0 (compatible; DotBot/1.2; +https://opensiteexplorer.org/dotbot; [email protected])"
66.249.79.169 - - [19/Oct/2025:08:47:58 -0400] "GET /?shopping/product/15762716911.html HTTP/1.1" 301 - "-" "Mozilla/5.0 (Linux; Android 6.0.1; Nexus 5X Build/MMB29P) AppleWebKit/537.36 (KHTML, like Gecko) Chrome/140.0.7339.207 Mobile Safari/537.36 (compatible; Googlebot/2.1; +http://www.google.com/bot.html)"
66.249.79.169 - - [19/Oct/2025:08:47:59 -0400] "GET /?shopping%2Fproduct%2F15762716911_html HTTP/1.1" 200 47135 "-" "Mozilla/5.0 (Linux; Android 6.0.1; Nexus 5X Build/MMB29P) AppleWebKit/537.36 (KHTML, like Gecko) Chrome/140.0.7339.207 Mobile Safari/537.36 (compatible; Googlebot/2.1; +http://www.google.com/bot.html)"
216.244.66.203 - - [19/Oct/2025:08:48:00 -0400] "GET /how-an-online-mother-board-management-system-can-help-nonprofits/feed/ HTTP/1.1" 200 895 "-" "Mozilla/5.0 (compatible; DotBot/1.2; +https://opensiteexplorer.org/dotbot; [email protected])"
216.244.66.203 - - [19/Oct/2025:08:48:02 -0400] "GET /receiving-a-happy-scandinavian-married-female/feed/ HTTP/1.1" 200 838 "-" "Mozilla/5.0 (compatible; DotBot/1.2; +https://opensiteexplorer.org/dotbot; [email protected])"
216.244.66.203 - - [19/Oct/2025:08:48:04 -0400] "GET /safeness-tips-for-online-dating-sites/feed/ HTTP/1.1" 200 814 "-" "Mozilla/5.0 (compatible; DotBot/1.2; +https://opensiteexplorer.org/dotbot; [email protected])"
216.244.66.203 - - [19/Oct/2025:08:48:06 -0400] "GET /the-challenges-of-dating-far-away-2/feed/ HTTP/1.1" 200 806 "-" "Mozilla/5.0 (compatible; DotBot/1.2; +https://opensiteexplorer.org/dotbot; [email protected])"
107.152.46.252 - - [19/Oct/2025:08:48:06 -0400] "GET /estrategias-baseadas-em-probabilidade-para-vencer-no-marjosports-casino/ HTTP/1.1" 200 84206 "-" "Mozilla/5.0 (Windows NT 10.0; WOW64; x64) AppleWebKit/537.36 (KHTML, like Gecko) Chrome/114.0.0.0 Safari/537.36 OPR/89.0.4447.51"
217.145.224.242 - - [19/Oct/2025:08:48:07 -0400] "GET /decouvrez-lexcitation-du-roobet-casino-ou-la-chance-rencontre-la-probabilite/ HTTP/1.1" 200 84893 "-" "Mozilla/5.0 (Windows NT 10.0; WOW64; x64) AppleWebKit/537.36 (KHTML, like Gecko) Chrome/114.0.0.0 Safari/537.36 OPR/89.0.4447.51"
66.249.79.169 - - [19/Oct/2025:08:48:07 -0400] "GET /?shopping/product/1571190227.html HTTP/1.1" 301 - "-" "Mozilla/5.0 (Linux; Android 6.0.1; Nexus 5X Build/MMB29P) AppleWebKit/537.36 (KHTML, like Gecko) Chrome/140.0.7339.207 Mobile Safari/537.36 (compatible; Googlebot/2.1; +http://www.google.com/bot.html)"
66.249.79.169 - - [19/Oct/2025:08:48:08 -0400] "GET /?shopping%2Fproduct%2F1571190227_html HTTP/1.1" 200 47129 "-" "Mozilla/5.0 (Linux; Android 6.0.1; Nexus 5X Build/MMB29P) AppleWebKit/537.36 (KHTML, like Gecko) Chrome/140.0.7339.207 Mobile Safari/537.36 (compatible; Googlebot/2.1; +http://www.google.com/bot.html)"
216.244.66.203 - - [19/Oct/2025:08:48:09 -0400] "GET /totalav-antivirus-assessment/feed/ HTTP/1.1" 200 787 "-" "Mozilla/5.0 (compatible; DotBot/1.2; +https://opensiteexplorer.org/dotbot; [email protected])"
216.244.66.203 - - [19/Oct/2025:08:48:11 -0400] "GET /vavada-besplatno-bez-registracii-sloty-live-kazino/feed/ HTTP/1.1" 200 730 "-" "Mozilla/5.0 (compatible; DotBot/1.2; +https://opensiteexplorer.org/dotbot; [email protected])"
2607:f130:0:103:ff:ff:f02c:3079 - - [19/Oct/2025:08:48:13 -0400] "POST /xmlrpc.php HTTP/1.1" 200 403 "https://menintalk.com" "Mozilla/5.0 (Macintosh; Intel Mac OS X 10_15_7) AppleWebKit/537.36 (KHTML, like Gecko) Chrome/112.0.5615.138 Safari/537.36"
216.244.66.203 - - [19/Oct/2025:08:48:14 -0400] "GET /what-to-look-for-in-a-vpn-review/feed/ HTTP/1.1" 200 799 "-" "Mozilla/5.0 (compatible; DotBot/1.2; +https://opensiteexplorer.org/dotbot; [email protected])"
125.141.26.12 - - [19/Oct/2025:08:48:15 -0400] "GET /les-cles-des-probabilites-pour-des-gains-spectaculaires-au-plaza-royal-casino/ HTTP/1.1" 200 84273 "https://menintalk.com/" "Mozilla/5.0 (X11; Linux x86_64) AppleWebKit/537.36 (KHTML, like Gecko) Chrome/114.0.0.0 Safari/537.36 Vivaldi/5.3.2679.68"
66.249.79.169 - - [19/Oct/2025:08:48:16 -0400] "GET /?shopping%2Fproduct%2F1571460163_html HTTP/1.1" 200 47129 "-" "Mozilla/5.0 (Linux; Android 6.0.1; Nexus 5X Build/MMB29P) AppleWebKit/537.36 (KHTML, like Gecko) Chrome/140.0.7339.207 Mobile Safari/537.36 (compatible; Googlebot/2.1; +http://www.google.com/bot.html)"
125.141.26.12 - - [19/Oct/2025:08:48:18 -0400] "POST /wp-comments-post.php HTTP/1.1" 302 - "https://menintalk.com/les-cles-des-probabilites-pour-des-gains-spectaculaires-au-plaza-royal-casino/" "Mozilla/5.0 (X11; Linux x86_64) AppleWebKit/537.36 (KHTML, like Gecko) Chrome/114.0.0.0 Safari/537.36 Vivaldi/5.3.2679.68"
125.141.26.12 - - [19/Oct/2025:08:48:20 -0400] "GET /les-cles-des-probabilites-pour-des-gains-spectaculaires-au-plaza-royal-casino/?unapproved=3262&moderation-hash=dbf562f0366bf715ba566c8d77d55b9b HTTP/1.1" 200 87988 "https://menintalk.com/wp-comments-post.php" "Mozilla/5.0 (X11; Linux x86_64) AppleWebKit/537.36 (KHTML, like Gecko) Chrome/114.0.0.0 Safari/537.36 Vivaldi/5.3.2679.68"
125.141.26.12 - - [19/Oct/2025:08:48:22 -0400] "GET /les-cles-des-probabilites-pour-des-gains-spectaculaires-au-plaza-royal-casino/ HTTP/1.1" 200 84273 "-" "Mozilla/5.0 (X11; Linux x86_64) AppleWebKit/537.36 (KHTML, like Gecko) Chrome/114.0.0.0 Safari/537.36 Vivaldi/5.3.2679.68"
66.249.79.169 - - [19/Oct/2025:08:48:25 -0400] "GET /?shopping/product/1571413700.html HTTP/1.1" 301 - "-" "Mozilla/5.0 (Linux; Android 6.0.1; Nexus 5X Build/MMB29P) AppleWebKit/537.36 (KHTML, like Gecko) Chrome/140.0.7339.207 Mobile Safari/537.36 (compatible; Googlebot/2.1; +http://www.google.com/bot.html)"
66.249.79.169 - - [19/Oct/2025:08:48:25 -0400] "GET /?shopping%2Fproduct%2F1571413700_html HTTP/1.1" 200 47129 "-" "Mozilla/5.0 (Linux; Android 6.0.1; Nexus 5X Build/MMB29P) AppleWebKit/537.36 (KHTML, like Gecko) Chrome/140.0.7339.207 Mobile Safari/537.36 (compatible; Googlebot/2.1; +http://www.google.com/bot.html)"
66.249.79.169 - - [19/Oct/2025:08:48:33 -0400] "GET /?shopping/product/1571345261.html HTTP/1.1" 301 - "-" "Mozilla/5.0 (Linux; Android 6.0.1; Nexus 5X Build/MMB29P) AppleWebKit/537.36 (KHTML, like Gecko) Chrome/140.0.7339.207 Mobile Safari/537.36 (compatible; Googlebot/2.1; +http://www.google.com/bot.html)"
109.199.112.212 - - [19/Oct/2025:08:48:33 -0400] "POST /wp-login.php HTTP/1.1" 200 6367 "-" "Mozilla/5.0"
109.199.112.212 - - [19/Oct/2025:08:48:33 -0400] "POST /wp-login.php HTTP/1.1" 200 6404 "-" "Mozilla/5.0"
109.199.112.212 - - [19/Oct/2025:08:48:33 -0400] "POST /wp-login.php HTTP/1.1" 200 6367 "-" "Mozilla/5.0"
109.199.112.212 - - [19/Oct/2025:08:48:33 -0400] "POST /wp-login.php HTTP/1.1" 200 6402 "-" "Mozilla/5.0"
109.199.112.212 - - [19/Oct/2025:08:48:33 -0400] "POST /wp-login.php HTTP/1.1" 200 6404 "-" "Mozilla/5.0"
109.199.112.212 - - [19/Oct/2025:08:48:33 -0400] "POST /wp-login.php HTTP/1.1" 200 6404 "-" "Mozilla/5.0"
66.249.79.169 - - [19/Oct/2025:08:48:34 -0400] "GET /?shopping%2Fproduct%2F1571345261_html HTTP/1.1" 200 47129 "-" "Mozilla/5.0 (Linux; Android 6.0.1; Nexus 5X Build/MMB29P) AppleWebKit/537.36 (KHTML, like Gecko) Chrome/140.0.7339.207 Mobile Safari/537.36 (compatible; Googlebot/2.1; +http://www.google.com/bot.html)"
66.249.79.169 - - [19/Oct/2025:08:48:42 -0400] "GET /?15712519200000000.phtml HTTP/1.1" 301 - "-" "Mozilla/5.0 (Linux; Android 6.0.1; Nexus 5X Build/MMB29P) AppleWebKit/537.36 (KHTML, like Gecko) Chrome/140.0.7339.207 Mobile Safari/537.36 (compatible; Googlebot/2.1; +http://www.google.com/bot.html)"
66.249.79.169 - - [19/Oct/2025:08:48:43 -0400] "GET /?15712519200000000_phtml HTTP/1.1" 200 47075 "-" "Mozilla/5.0 (Linux; Android 6.0.1; Nexus 5X Build/MMB29P) AppleWebKit/537.36 (KHTML, like Gecko) Chrome/140.0.7339.207 Mobile Safari/537.36 (compatible; Googlebot/2.1; +http://www.google.com/bot.html)"
66.249.79.169 - - [19/Oct/2025:08:48:51 -0400] "GET /?shopping/product/15741887660.html HTTP/1.1" 301 - "-" "Mozilla/5.0 (Linux; Android 6.0.1; Nexus 5X Build/MMB29P) AppleWebKit/537.36 (KHTML, like Gecko) Chrome/140.0.7339.207 Mobile Safari/537.36 (compatible; Googlebot/2.1; +http://www.google.com/bot.html)"
66.249.79.169 - - [19/Oct/2025:08:48:52 -0400] "GET /?shopping%2Fproduct%2F15741887660_html HTTP/1.1" 200 47135 "-" "Mozilla/5.0 (Linux; Android 6.0.1; Nexus 5X Build/MMB29P) AppleWebKit/537.36 (KHTML, like Gecko) Chrome/140.0.7339.207 Mobile Safari/537.36 (compatible; Googlebot/2.1; +http://www.google.com/bot.html)"
66.249.79.169 - - [19/Oct/2025:08:49:00 -0400] "GET /?shopping/product/15731451257.html HTTP/1.1" 301 - "-" "Mozilla/5.0 (Linux; Android 6.0.1; Nexus 5X Build/MMB29P) AppleWebKit/537.36 (KHTML, like Gecko) Chrome/140.0.7339.207 Mobile Safari/537.36 (compatible; Googlebot/2.1; +http://www.google.com/bot.html)"
66.249.79.169 - - [19/Oct/2025:08:49:01 -0400] "GET /?shopping%2Fproduct%2F15731451257_html HTTP/1.1" 200 47135 "-" "Mozilla/5.0 (Linux; Android 6.0.1; Nexus 5X Build/MMB29P) AppleWebKit/537.36 (KHTML, like Gecko) Chrome/140.0.7339.207 Mobile Safari/537.36 (compatible; Googlebot/2.1; +http://www.google.com/bot.html)"
66.249.79.169 - - [19/Oct/2025:08:49:09 -0400] "GET /?15713379811000000 HTTP/1.1" 200 47039 "-" "Mozilla/5.0 (Linux; Android 6.0.1; Nexus 5X Build/MMB29P) AppleWebKit/537.36 (KHTML, like Gecko) Chrome/140.0.7339.207 Mobile Safari/537.36 (compatible; Googlebot/2.1; +http://www.google.com/bot.html)"
66.249.79.169 - - [19/Oct/2025:08:49:18 -0400] "GET /?shopping/product/15741931724.html HTTP/1.1" 301 - "-" "Mozilla/5.0 (Linux; Android 6.0.1; Nexus 5X Build/MMB29P) AppleWebKit/537.36 (KHTML, like Gecko) Chrome/140.0.7339.207 Mobile Safari/537.36 (compatible; Googlebot/2.1; +http://www.google.com/bot.html)"
66.249.79.169 - - [19/Oct/2025:08:49:18 -0400] "GET /?shopping%2Fproduct%2F15741931724_html HTTP/1.1" 200 47135 "-" "Mozilla/5.0 (Linux; Android 6.0.1; Nexus 5X Build/MMB29P) AppleWebKit/537.36 (KHTML, like Gecko) Chrome/140.0.7339.207 Mobile Safari/537.36 (compatible; Googlebot/2.1; +http://www.google.com/bot.html)"
66.249.79.169 - - [19/Oct/2025:08:49:27 -0400] "GET /home/ HTTP/1.1" 301 - "-" "Mozilla/5.0 (Linux; Android 6.0.1; Nexus 5X Build/MMB29P) AppleWebKit/537.36 (KHTML, like Gecko) Chrome/140.0.7339.207 Mobile Safari/537.36 (compatible; Googlebot/2.1; +http://www.google.com/bot.html)"
51.195.183.130 - - [19/Oct/2025:08:49:27 -0400] "GET /?shopping/product/157511233700_html HTTP/1.1" 301 - "-" "Mozilla/5.0 (compatible; AhrefsBot/7.0; +http://ahrefs.com/robot/)"
66.249.79.169 - - [19/Oct/2025:08:49:35 -0400] "GET /?shopping%2Fproduct%2F15731165455_html HTTP/1.1" 200 47135 "-" "Mozilla/5.0 (Linux; Android 6.0.1; Nexus 5X Build/MMB29P) AppleWebKit/537.36 (KHTML, like Gecko) Chrome/140.0.7339.207 Mobile Safari/537.36 (compatible; Googlebot/2.1; +http://www.google.com/bot.html)"
103.109.180.104 - - [19/Oct/2025:08:49:36 -0400] "GET /wp-login.php HTTP/1.1" 200 5947 "-" "Mozilla/5.0 (Windows NT 10.0; Win64; x64) AppleWebKit/537.36 (KHTML, like Gecko) Chrome/130.0.0.0 Safari/537.36"
103.109.180.104 - - [19/Oct/2025:08:49:37 -0400] "POST /wp-login.php HTTP/1.1" 200 6402 "https://menintalk.com/wp-login.php" "Mozilla/5.0 (Windows NT 10.0; Win64; x64) AppleWebKit/537.36 (KHTML, like Gecko) Chrome/130.0.0.0 Safari/537.36"
146.70.181.249 - - [19/Oct/2025:08:49:40 -0400] "GET /a-fascinante-matematica-dos-jogos-no-monsterwin/ HTTP/1.1" 200 83433 "-" "Mozilla/5.0 (Windows NT 10.0; WOW64; x64) AppleWebKit/537.36 (KHTML, like Gecko) Chrome/114.0.0.0 Safari/537.36 OPR/89.0.4447.51"
66.249.79.169 - - [19/Oct/2025:08:49:44 -0400] "GET /?shopping%2Fproduct%2F1571455471_html HTTP/1.1" 200 47129 "-" "Mozilla/5.0 (Linux; Android 6.0.1; Nexus 5X Build/MMB29P) AppleWebKit/537.36 (KHTML, like Gecko) Chrome/140.0.7339.207 Mobile Safari/537.36 (compatible; Googlebot/2.1; +http://www.google.com/bot.html)"
103.178.231.51 - - [19/Oct/2025:08:49:45 -0400] "GET /wp-login.php HTTP/1.1" 200 5947 "-" "Mozilla/5.0 (Windows NT 10.0; Win64; x64) AppleWebKit/537.36 (KHTML, like Gecko) Chrome/130.0.0.0 Safari/537.36"
103.178.231.51 - - [19/Oct/2025:08:49:46 -0400] "POST /wp-login.php HTTP/1.1" 200 6402 "https://menintalk.com/wp-login.php" "Mozilla/5.0 (Windows NT 10.0; Win64; x64) AppleWebKit/537.36 (KHTML, like Gecko) Chrome/130.0.0.0 Safari/537.36"
178.254.13.61 - - [19/Oct/2025:08:49:48 -0400] "GET /wp-login.php HTTP/1.1" 200 5947 "-" "Mozilla/5.0 (Windows NT 10.0; Win64; x64) AppleWebKit/537.36 (KHTML, like Gecko) Chrome/130.0.0.0 Safari/537.36"
178.254.13.61 - - [19/Oct/2025:08:49:49 -0400] "POST /wp-login.php HTTP/1.1" 200 6402 "https://menintalk.com/wp-login.php" "Mozilla/5.0 (Windows NT 10.0; Win64; x64) AppleWebKit/537.36 (KHTML, like Gecko) Chrome/130.0.0.0 Safari/537.36"
104.219.248.236 - - [19/Oct/2025:08:49:51 -0400] "GET /wp-login.php HTTP/1.1" 200 5947 "-" "Mozilla/5.0 (Windows NT 10.0; Win64; x64) AppleWebKit/537.36 (KHTML, like Gecko) Chrome/130.0.0.0 Safari/537.36"
104.219.248.236 - - [19/Oct/2025:08:49:52 -0400] "POST /wp-login.php HTTP/1.1" 200 6402 "https://menintalk.com/wp-login.php" "Mozilla/5.0 (Windows NT 10.0; Win64; x64) AppleWebKit/537.36 (KHTML, like Gecko) Chrome/130.0.0.0 Safari/537.36"
66.249.79.169 - - [19/Oct/2025:08:49:53 -0400] "GET /?shopping/product/1571242016.html HTTP/1.1" 301 - "-" "Mozilla/5.0 (Linux; Android 6.0.1; Nexus 5X Build/MMB29P) AppleWebKit/537.36 (KHTML, like Gecko) Chrome/140.0.7339.207 Mobile Safari/537.36 (compatible; Googlebot/2.1; +http://www.google.com/bot.html)"
