52.169.13.133 - - [19/Oct/2025:09:58:54 -0400] "GET /wp-admin/includes/wp-login.php HTTP/1.1" 404 73675 "-" "-"
52.169.13.133 - - [19/Oct/2025:09:58:54 -0400] "GET /wp-includes/88.php HTTP/1.1" 404 73675 "-" "-"
66.249.79.164 - - [19/Oct/2025:09:58:54 -0400] "GET /?shopping/product/15741793509.html HTTP/1.1" 301 - "-" "Mozilla/5.0 (Linux; Android 6.0.1; Nexus 5X Build/MMB29P) AppleWebKit/537.36 (KHTML, like Gecko) Chrome/140.0.7339.207 Mobile Safari/537.36 (compatible; Googlebot/2.1; +http://www.google.com/bot.html)"
103.178.231.51 - - [19/Oct/2025:09:58:55 -0400] "GET /wp-login.php HTTP/1.1" 200 5947 "-" "Mozilla/5.0 (Windows NT 10.0; Win64; x64) AppleWebKit/537.36 (KHTML, like Gecko) Chrome/130.0.0.0 Safari/537.36"
52.169.13.133 - - [19/Oct/2025:09:58:55 -0400] "GET /wp-includes/js/js420.php HTTP/1.1" 404 73675 "-" "-"
52.169.13.133 - - [19/Oct/2025:09:58:55 -0400] "GET /wp-includes/24.php HTTP/1.1" 404 73675 "-" "-"
103.178.231.51 - - [19/Oct/2025:09:58:55 -0400] "POST /wp-login.php HTTP/1.1" 200 6402 "https://menintalk.com/wp-login.php" "Mozilla/5.0 (Windows NT 10.0; Win64; x64) AppleWebKit/537.36 (KHTML, like Gecko) Chrome/130.0.0.0 Safari/537.36"
66.249.79.164 - - [19/Oct/2025:09:58:56 -0400] "GET /?shopping/product/1571138435.html HTTP/1.1" 301 - "-" "Mozilla/5.0 (Linux; Android 6.0.1; Nexus 5X Build/MMB29P) AppleWebKit/537.36 (KHTML, like Gecko) Chrome/140.0.7339.207 Mobile Safari/537.36 (compatible; Googlebot/2.1; +http://www.google.com/bot.html)"
52.169.13.133 - - [19/Oct/2025:09:58:56 -0400] "GET /0x1949.php HTTP/1.1" 404 73675 "-" "-"
52.169.13.133 - - [19/Oct/2025:09:58:57 -0400] "GET /system_log.php HTTP/1.1" 404 73675 "-" "-"
52.169.13.133 - - [19/Oct/2025:09:58:57 -0400] "GET /atomlib.php HTTP/1.1" 404 73675 "-" "-"
66.249.79.164 - - [19/Oct/2025:09:58:57 -0400] "GET /?shopping%2Fproduct%2F15741793509_html HTTP/1.1" 200 47135 "-" "Mozilla/5.0 (Linux; Android 6.0.1; Nexus 5X Build/MMB29P) AppleWebKit/537.36 (KHTML, like Gecko) Chrome/140.0.7339.207 Mobile Safari/537.36 (compatible; Googlebot/2.1; +http://www.google.com/bot.html)"
52.169.13.133 - - [19/Oct/2025:09:58:58 -0400] "GET /wp-includes/0.php HTTP/1.1" 404 73675 "-" "-"
58.64.45.45 - - [19/Oct/2025:09:58:58 -0400] "GET /wp-login.php HTTP/1.1" 200 5947 "-" "Mozilla/5.0 (Windows NT 10.0; Win64; x64) AppleWebKit/537.36 (KHTML, like Gecko) Chrome/130.0.0.0 Safari/537.36"
52.169.13.133 - - [19/Oct/2025:09:58:58 -0400] "GET /13.php HTTP/1.1" 404 73675 "-" "-"
66.249.79.164 - - [19/Oct/2025:09:58:58 -0400] "GET /?shopping%2Fproduct%2F1571138435_html HTTP/1.1" 200 47129 "-" "Mozilla/5.0 (Linux; Android 6.0.1; Nexus 5X Build/MMB29P) AppleWebKit/537.36 (KHTML, like Gecko) Chrome/140.0.7339.207 Mobile Safari/537.36 (compatible; Googlebot/2.1; +http://www.google.com/bot.html)"
52.169.13.133 - - [19/Oct/2025:09:58:59 -0400] "GET /lock360.php HTTP/1.1" 404 73675 "-" "-"
58.64.45.45 - - [19/Oct/2025:09:58:59 -0400] "POST /wp-login.php HTTP/1.1" 200 6402 "https://menintalk.com/wp-login.php" "Mozilla/5.0 (Windows NT 10.0; Win64; x64) AppleWebKit/537.36 (KHTML, like Gecko) Chrome/130.0.0.0 Safari/537.36"
52.169.13.133 - - [19/Oct/2025:09:58:59 -0400] "GET /6.php HTTP/1.1" 404 73675 "-" "-"
52.169.13.133 - - [19/Oct/2025:09:59:00 -0400] "GET /1100.php HTTP/1.1" 404 73675 "-" "-"
52.169.13.133 - - [19/Oct/2025:09:59:01 -0400] "GET /vv.php HTTP/1.1" 404 73675 "-" "-"
52.169.13.133 - - [19/Oct/2025:09:59:01 -0400] "GET /oo.php HTTP/1.1" 404 73675 "-" "-"
52.169.13.133 - - [19/Oct/2025:09:59:02 -0400] "GET /sk.php HTTP/1.1" 404 73675 "-" "-"
147.124.197.101 - - [19/Oct/2025:09:59:02 -0400] "GET /wp-login.php HTTP/1.1" 200 5947 "-" "Mozilla/5.0 (Windows NT 10.0; Win64; x64) AppleWebKit/537.36 (KHTML, like Gecko) Chrome/130.0.0.0 Safari/537.36"
52.169.13.133 - - [19/Oct/2025:09:59:02 -0400] "GET /7.php HTTP/1.1" 404 73675 "-" "-"
52.169.13.133 - - [19/Oct/2025:09:59:03 -0400] "GET /000.php HTTP/1.1" 404 73675 "-" "-"
147.124.197.101 - - [19/Oct/2025:09:59:03 -0400] "POST /wp-login.php HTTP/1.1" 200 6402 "https://menintalk.com/wp-login.php" "Mozilla/5.0 (Windows NT 10.0; Win64; x64) AppleWebKit/537.36 (KHTML, like Gecko) Chrome/130.0.0.0 Safari/537.36"
52.169.13.133 - - [19/Oct/2025:09:59:04 -0400] "GET /20.php HTTP/1.1" 404 73675 "-" "-"
52.169.13.133 - - [19/Oct/2025:09:59:04 -0400] "GET /456.php HTTP/1.1" 404 73675 "-" "-"
52.169.13.133 - - [19/Oct/2025:09:59:05 -0400] "GET /23.php HTTP/1.1" 404 73675 "-" "-"
52.169.13.133 - - [19/Oct/2025:09:59:05 -0400] "GET /V3.php HTTP/1.1" 404 73675 "-" "-"
52.169.13.133 - - [19/Oct/2025:09:59:06 -0400] "GET /222.php HTTP/1.1" 404 73675 "-" "-"
185.93.109.190 - - [19/Oct/2025:09:59:06 -0400] "GET /wp-login.php HTTP/1.1" 200 5947 "-" "Mozilla/5.0 (Windows NT 10.0; Win64; x64) AppleWebKit/537.36 (KHTML, like Gecko) Chrome/130.0.0.0 Safari/537.36"
52.169.13.133 - - [19/Oct/2025:09:59:06 -0400] "GET /suu.php HTTP/1.1" 404 73675 "-" "-"
185.93.109.190 - - [19/Oct/2025:09:59:07 -0400] "POST /wp-login.php HTTP/1.1" 200 6402 "https://menintalk.com/wp-login.php" "Mozilla/5.0 (Windows NT 10.0; Win64; x64) AppleWebKit/537.36 (KHTML, like Gecko) Chrome/130.0.0.0 Safari/537.36"
52.169.13.133 - - [19/Oct/2025:09:59:07 -0400] "GET /build.php HTTP/1.1" 404 73675 "-" "-"
52.169.13.133 - - [19/Oct/2025:09:59:08 -0400] "GET /i1.php HTTP/1.1" 404 73675 "-" "-"
52.169.13.133 - - [19/Oct/2025:09:59:08 -0400] "GET /4.php HTTP/1.1" 404 73675 "-" "-"
52.169.13.133 - - [19/Oct/2025:09:59:09 -0400] "GET /002.php HTTP/1.1" 404 73675 "-" "-"
52.169.13.133 - - [19/Oct/2025:09:59:09 -0400] "GET /user/info.php HTTP/1.1" 404 73675 "-" "-"
52.169.13.133 - - [19/Oct/2025:09:59:10 -0400] "GET /w.php HTTP/1.1" 404 73675 "-" "-"
52.169.13.133 - - [19/Oct/2025:09:59:10 -0400] "GET /wxo.php HTTP/1.1" 404 73675 "-" "-"
52.169.13.133 - - [19/Oct/2025:09:59:11 -0400] "GET /an.php HTTP/1.1" 404 73675 "-" "-"
52.169.13.133 - - [19/Oct/2025:09:59:11 -0400] "GET /al.php HTTP/1.1" 404 73675 "-" "-"
66.249.79.164 - - [19/Oct/2025:09:59:12 -0400] "GET /?shopping/product/15762589400.html HTTP/1.1" 301 - "-" "Mozilla/5.0 (Linux; Android 6.0.1; Nexus 5X Build/MMB29P) AppleWebKit/537.36 (KHTML, like Gecko) Chrome/140.0.7339.207 Mobile Safari/537.36 (compatible; Googlebot/2.1; +http://www.google.com/bot.html)"
52.169.13.133 - - [19/Oct/2025:09:59:12 -0400] "GET /45.php HTTP/1.1" 404 73675 "-" "-"
66.249.79.164 - - [19/Oct/2025:09:59:12 -0400] "GET /?shopping/product/15762865346.html HTTP/1.1" 301 - "-" "Mozilla/5.0 (Linux; Android 6.0.1; Nexus 5X Build/MMB29P) AppleWebKit/537.36 (KHTML, like Gecko) Chrome/140.0.7339.207 Mobile Safari/537.36 (compatible; Googlebot/2.1; +http://www.google.com/bot.html)"
52.169.13.133 - - [19/Oct/2025:09:59:13 -0400] "GET /map.php HTTP/1.1" 404 73675 "-" "-"
66.249.79.166 - - [19/Oct/2025:09:59:13 -0400] "GET /?shopping%2Fproduct%2F15762589400_html HTTP/1.1" 200 47135 "-" "Mozilla/5.0 (Linux; Android 6.0.1; Nexus 5X Build/MMB29P) AppleWebKit/537.36 (KHTML, like Gecko) Chrome/140.0.7339.207 Mobile Safari/537.36 (compatible; Googlebot/2.1; +http://www.google.com/bot.html)"
52.169.13.133 - - [19/Oct/2025:09:59:13 -0400] "GET /17.php HTTP/1.1" 404 73675 "-" "-"
64.227.176.68 - - [19/Oct/2025:09:59:14 -0400] "GET /wp-login.php HTTP/1.1" 200 5947 "-" "Mozilla/5.0 (Windows NT 10.0; Win64; x64) AppleWebKit/537.36 (KHTML, like Gecko) Chrome/130.0.0.0 Safari/537.36"
52.169.13.133 - - [19/Oct/2025:09:59:14 -0400] "GET /yu.php HTTP/1.1" 404 73675 "-" "-"
66.249.79.166 - - [19/Oct/2025:09:59:14 -0400] "GET /?shopping%2Fproduct%2F15762865346_html HTTP/1.1" 200 47135 "-" "Mozilla/5.0 (Linux; Android 6.0.1; Nexus 5X Build/MMB29P) AppleWebKit/537.36 (KHTML, like Gecko) Chrome/140.0.7339.207 Mobile Safari/537.36 (compatible; Googlebot/2.1; +http://www.google.com/bot.html)"
52.169.13.133 - - [19/Oct/2025:09:59:14 -0400] "GET /v.php HTTP/1.1" 404 73675 "-" "-"
52.169.13.133 - - [19/Oct/2025:09:59:15 -0400] "GET /ge.php HTTP/1.1" 404 73675 "-" "-"
52.169.13.133 - - [19/Oct/2025:09:59:15 -0400] "GET /25.php HTTP/1.1" 404 73675 "-" "-"
52.169.13.133 - - [19/Oct/2025:09:59:16 -0400] "GET /16.php HTTP/1.1" 404 73675 "-" "-"
52.169.13.133 - - [19/Oct/2025:09:59:17 -0400] "GET /info/info.php HTTP/1.1" 404 73675 "-" "-"
52.169.13.133 - - [19/Oct/2025:09:59:17 -0400] "GET /fm2.php HTTP/1.1" 404 73675 "-" "-"
52.169.13.133 - - [19/Oct/2025:09:59:18 -0400] "GET /gel4y.php HTTP/1.1" 404 73675 "-" "-"
52.169.13.133 - - [19/Oct/2025:09:59:18 -0400] "GET /ab.php HTTP/1.1" 404 73675 "-" "-"
52.169.13.133 - - [19/Oct/2025:09:59:19 -0400] "GET /xc.php HTTP/1.1" 404 73675 "-" "-"
64.227.176.68 - - [19/Oct/2025:09:59:19 -0400] "POST /wp-login.php HTTP/1.1" 200 6368 "https://menintalk.com/wp-login.php" "Mozilla/5.0 (Windows NT 10.0; Win64; x64) AppleWebKit/537.36 (KHTML, like Gecko) Chrome/130.0.0.0 Safari/537.36"
52.169.13.133 - - [19/Oct/2025:09:59:19 -0400] "GET /q.php HTTP/1.1" 404 73675 "-" "-"
52.169.13.133 - - [19/Oct/2025:09:59:20 -0400] "GET /qa.php HTTP/1.1" 404 73675 "-" "-"
52.169.13.133 - - [19/Oct/2025:09:59:21 -0400] "GET /n.php HTTP/1.1" 404 73675 "-" "-"
52.169.13.133 - - [19/Oct/2025:09:59:21 -0400] "GET /v4.php HTTP/1.1" 404 73675 "-" "-"
198.244.226.41 - - [19/Oct/2025:09:59:21 -0400] "GET /?shopping%2Fproduct%2F157511256598_html HTTP/1.1" 200 98011 "-" "Mozilla/5.0 (compatible; AhrefsBot/7.0; +http://ahrefs.com/robot/)"
52.169.13.133 - - [19/Oct/2025:09:59:22 -0400] "GET /mail.php HTTP/1.1" 404 73675 "-" "-"
52.169.13.133 - - [19/Oct/2025:09:59:22 -0400] "GET /k.php HTTP/1.1" 404 73675 "-" "-"
52.169.13.133 - - [19/Oct/2025:09:59:23 -0400] "GET /jga.php HTTP/1.1" 404 73675 "-" "-"
52.169.13.133 - - [19/Oct/2025:09:59:23 -0400] "GET /wi.php HTTP/1.1" 404 73675 "-" "-"
52.169.13.133 - - [19/Oct/2025:09:59:24 -0400] "GET /sim.php HTTP/1.1" 404 73675 "-" "-"
52.169.13.133 - - [19/Oct/2025:09:59:24 -0400] "GET /past1.php HTTP/1.1" 404 73675 "-" "-"
52.169.13.133 - - [19/Oct/2025:09:59:25 -0400] "GET /foo.php HTTP/1.1" 404 73675 "-" "-"
52.169.13.133 - - [19/Oct/2025:09:59:26 -0400] "GET /wso403.php HTTP/1.1" 404 73675 "-" "-"
52.169.13.133 - - [19/Oct/2025:09:59:26 -0400] "GET /yy.php HTTP/1.1" 404 73675 "-" "-"
66.249.79.165 - - [19/Oct/2025:09:59:26 -0400] "GET /?shopping/product/15731247070.html HTTP/1.1" 301 - "-" "Mozilla/5.0 (Linux; Android 6.0.1; Nexus 5X Build/MMB29P) AppleWebKit/537.36 (KHTML, like Gecko) Chrome/140.0.7339.207 Mobile Safari/537.36 (compatible; Googlebot/2.1; +http://www.google.com/bot.html)"
147.124.197.101 - - [19/Oct/2025:09:59:26 -0400] "GET /wp-login.php HTTP/1.1" 200 5947 "-" "Mozilla/5.0 (Windows NT 10.0; Win64; x64) AppleWebKit/537.36 (KHTML, like Gecko) Chrome/130.0.0.0 Safari/537.36"
52.169.13.133 - - [19/Oct/2025:09:59:27 -0400] "GET /f35.php HTTP/1.1" 404 73675 "-" "-"
66.249.79.164 - - [19/Oct/2025:09:59:27 -0400] "GET /?shopping/product/15762591078.html HTTP/1.1" 301 - "-" "Mozilla/5.0 (Linux; Android 6.0.1; Nexus 5X Build/MMB29P) AppleWebKit/537.36 (KHTML, like Gecko) Chrome/140.0.7339.207 Mobile Safari/537.36 (compatible; Googlebot/2.1; +http://www.google.com/bot.html)"
147.124.197.101 - - [19/Oct/2025:09:59:27 -0400] "POST /wp-login.php HTTP/1.1" 200 6373 "https://menintalk.com/wp-login.php" "Mozilla/5.0 (Windows NT 10.0; Win64; x64) AppleWebKit/537.36 (KHTML, like Gecko) Chrome/130.0.0.0 Safari/537.36"
52.169.13.133 - - [19/Oct/2025:09:59:27 -0400] "GET /checker.php HTTP/1.1" 404 73675 "-" "-"
66.249.79.165 - - [19/Oct/2025:09:59:28 -0400] "GET /?shopping%2Fproduct%2F15731247070_html HTTP/1.1" 200 47135 "-" "Mozilla/5.0 (Linux; Android 6.0.1; Nexus 5X Build/MMB29P) AppleWebKit/537.36 (KHTML, like Gecko) Chrome/140.0.7339.207 Mobile Safari/537.36 (compatible; Googlebot/2.1; +http://www.google.com/bot.html)"
52.169.13.133 - - [19/Oct/2025:09:59:28 -0400] "GET /menu.php HTTP/1.1" 404 73675 "-" "-"
52.169.13.133 - - [19/Oct/2025:09:59:28 -0400] "GET /about.php HTTP/1.1" 404 73675 "-" "-"
66.249.79.164 - - [19/Oct/2025:09:59:29 -0400] "GET /?shopping%2Fproduct%2F15762591078_html HTTP/1.1" 200 47135 "-" "Mozilla/5.0 (Linux; Android 6.0.1; Nexus 5X Build/MMB29P) AppleWebKit/537.36 (KHTML, like Gecko) Chrome/140.0.7339.207 Mobile Safari/537.36 (compatible; Googlebot/2.1; +http://www.google.com/bot.html)"
52.169.13.133 - - [19/Oct/2025:09:59:29 -0400] "GET /kk.php HTTP/1.1" 404 73675 "-" "-"
52.169.13.133 - - [19/Oct/2025:09:59:30 -0400] "GET /cf.php HTTP/1.1" 404 73675 "-" "-"
52.169.13.133 - - [19/Oct/2025:09:59:30 -0400] "GET /admin/uploads/images/autoload_classmap.php HTTP/1.1" 404 73675 "-" "-"
147.124.197.101 - - [19/Oct/2025:09:59:30 -0400] "GET /wp-login.php HTTP/1.1" 200 5947 "-" "Mozilla/5.0 (Windows NT 10.0; Win64; x64) AppleWebKit/537.36 (KHTML, like Gecko) Chrome/130.0.0.0 Safari/537.36"
52.169.13.133 - - [19/Oct/2025:09:59:31 -0400] "GET /Js.php HTTP/1.1" 404 73675 "-" "-"
147.124.197.101 - - [19/Oct/2025:09:59:31 -0400] "POST /wp-login.php HTTP/1.1" 200 6367 "https://menintalk.com/wp-login.php" "Mozilla/5.0 (Windows NT 10.0; Win64; x64) AppleWebKit/537.36 (KHTML, like Gecko) Chrome/130.0.0.0 Safari/537.36"
52.169.13.133 - - [19/Oct/2025:09:59:31 -0400] "GET /s.php HTTP/1.1" 404 73675 "-" "-"
52.169.13.133 - - [19/Oct/2025:09:59:32 -0400] "GET /lock.php HTTP/1.1" 404 73675 "-" "-"
52.169.13.133 - - [19/Oct/2025:09:59:32 -0400] "GET /ss.php HTTP/1.1" 404 73675 "-" "-"
52.169.13.133 - - [19/Oct/2025:09:59:33 -0400] "GET /if.php HTTP/1.1" 404 73675 "-" "-"
51.38.53.154 - - [19/Oct/2025:09:59:33 -0400] "GET /wp-login.php HTTP/1.1" 200 5947 "-" "Mozilla/5.0 (Windows NT 10.0; Win64; x64) AppleWebKit/537.36 (KHTML, like Gecko) Chrome/130.0.0.0 Safari/537.36"
52.169.13.133 - - [19/Oct/2025:09:59:34 -0400] "GET /ff.php HTTP/1.1" 404 73675 "-" "-"
51.38.53.154 - - [19/Oct/2025:09:59:34 -0400] "POST /wp-login.php HTTP/1.1" 200 6368 "https://menintalk.com/wp-login.php" "Mozilla/5.0 (Windows NT 10.0; Win64; x64) AppleWebKit/537.36 (KHTML, like Gecko) Chrome/130.0.0.0 Safari/537.36"
45.12.143.147 - - [19/Oct/2025:09:59:34 -0400] "GET /guia-completo-de-probabilidades-para-triunfar-no-jonbet-casino/ HTTP/1.1" 200 84387 "-" "Mozilla/5.0 (Windows NT 10.0; WOW64; x64) AppleWebKit/537.36 (KHTML, like Gecko) Chrome/114.0.0.0 Safari/537.36 OPR/89.0.4447.51"
52.169.13.133 - - [19/Oct/2025:09:59:34 -0400] "GET /er.php HTTP/1.1" 404 73675 "-" "-"
52.169.13.133 - - [19/Oct/2025:09:59:35 -0400] "GET /alfa-shell-v4.php HTTP/1.1" 404 73675 "-" "-"
52.169.13.133 - - [19/Oct/2025:09:59:35 -0400] "GET /333.php HTTP/1.1" 404 73675 "-" "-"
52.169.13.133 - - [19/Oct/2025:09:59:36 -0400] "GET /c.php HTTP/1.1" 404 73675 "-" "-"
52.169.13.133 - - [19/Oct/2025:09:59:36 -0400] "GET /jp.php HTTP/1.1" 404 73675 "-" "-"
52.169.13.133 - - [19/Oct/2025:09:59:37 -0400] "GET /10.php HTTP/1.1" 404 73675 "-" "-"
52.169.13.133 - - [19/Oct/2025:09:59:38 -0400] "GET /3.php HTTP/1.1" 404 73675 "-" "-"
52.169.13.133 - - [19/Oct/2025:09:59:38 -0400] "GET /g.php HTTP/1.1" 404 73675 "-" "-"
52.169.13.133 - - [19/Oct/2025:09:59:39 -0400] "GET /bypass.php HTTP/1.1" 404 73675 "-" "-"
66.249.79.164 - - [19/Oct/2025:09:59:39 -0400] "GET /?shopping/product/1571125501.html HTTP/1.1" 301 - "-" "Mozilla/5.0 (Linux; Android 6.0.1; Nexus 5X Build/MMB29P) AppleWebKit/537.36 (KHTML, like Gecko) Chrome/140.0.7339.207 Mobile Safari/537.36 (compatible; Googlebot/2.1; +http://www.google.com/bot.html)"
52.169.13.133 - - [19/Oct/2025:09:59:39 -0400] "GET /ww.php HTTP/1.1" 404 73675 "-" "-"
66.249.79.164 - - [19/Oct/2025:09:59:40 -0400] "GET /?shopping%2Fproduct%2F1571125501_html HTTP/1.1" 200 47129 "-" "Mozilla/5.0 (Linux; Android 6.0.1; Nexus 5X Build/MMB29P) AppleWebKit/537.36 (KHTML, like Gecko) Chrome/140.0.7339.207 Mobile Safari/537.36 (compatible; Googlebot/2.1; +http://www.google.com/bot.html)"
52.169.13.133 - - [19/Oct/2025:09:59:40 -0400] "GET /config.php HTTP/1.1" 404 73675 "-" "-"
52.169.13.133 - - [19/Oct/2025:09:59:40 -0400] "GET /makeasmtp.php?p= HTTP/1.1" 301 - "-" "-"
52.169.13.133 - - [19/Oct/2025:09:59:41 -0400] "GET /makeasmtp.php HTTP/1.1" 404 73675 "-" "-"
52.169.13.133 - - [19/Oct/2025:09:59:41 -0400] "GET /lv.php HTTP/1.1" 404 73675 "-" "-"
52.169.13.133 - - [19/Oct/2025:09:59:42 -0400] "GET /ee.php HTTP/1.1" 404 73675 "-" "-"
52.169.13.133 - - [19/Oct/2025:09:59:43 -0400] "GET /wp-admin/maint/index.php HTTP/1.1" 301 - "-" "-"
52.169.13.133 - - [19/Oct/2025:09:59:43 -0400] "GET /wp-admin/maint/ HTTP/1.1" 200 805 "-" "-"
52.169.13.133 - - [19/Oct/2025:09:59:43 -0400] "GET /goods.php HTTP/1.1" 404 73675 "-" "-"
96.9.213.132 - - [19/Oct/2025:09:59:47 -0400] "GET /as-probabilidades-explicadas-para-maximizar-resultados-no-fogo777-casino/ HTTP/1.1" 200 84089 "-" "Mozilla/5.0 (Windows NT 10.0; WOW64; x64) AppleWebKit/537.36 (KHTML, like Gecko) Chrome/114.0.0.0 Safari/537.36 OPR/89.0.4447.51"
66.249.79.164 - - [19/Oct/2025:09:59:52 -0400] "GET /pariez-avec-assurance-au-luckyblock-casino-emotion-et-recompenses-exclusives/ HTTP/1.1" 200 49733 "-" "Mozilla/5.0 (Linux; Android 6.0.1; Nexus 5X Build/MMB29P) AppleWebKit/537.36 (KHTML, like Gecko) Chrome/140.0.7339.207 Mobile Safari/537.36 (compatible; Googlebot/2.1; +http://www.google.com/bot.html)"
193.202.82.252 - - [19/Oct/2025:09:59:54 -0400] "GET /entendendo-as-chances-de-ganhar-no-pagolbet/ HTTP/1.1" 200 83433 "-" "Mozilla/5.0 (Windows NT 10.0; WOW64; x64) AppleWebKit/537.36 (KHTML, like Gecko) Chrome/114.0.0.0 Safari/537.36 OPR/89.0.4447.51"
66.249.79.165 - - [19/Oct/2025:10:00:05 -0400] "GET /zozo/15715330003760100.html?sc_i=shopping-pc-web-category-catrecom-fshn_sle-item1 HTTP/1.1" 404 42261 "-" "Mozilla/5.0 (Linux; Android 6.0.1; Nexus 5X Build/MMB29P) AppleWebKit/537.36 (KHTML, like Gecko) Chrome/140.0.7339.207 Mobile Safari/537.36 (compatible; Googlebot/2.1; +http://www.google.com/bot.html)"
66.249.79.165 - - [19/Oct/2025:10:00:06 -0400] "GET /?shopping/product/15741894615.html HTTP/1.1" 301 - "-" "Mozilla/5.0 (Linux; Android 6.0.1; Nexus 5X Build/MMB29P) AppleWebKit/537.36 (KHTML, like Gecko) Chrome/140.0.7339.207 Mobile Safari/537.36 (compatible; Googlebot/2.1; +http://www.google.com/bot.html)"
66.249.79.165 - - [19/Oct/2025:10:00:07 -0400] "GET /?shopping/product/1571285647.html HTTP/1.1" 301 - "-" "Mozilla/5.0 (Linux; Android 6.0.1; Nexus 5X Build/MMB29P) AppleWebKit/537.36 (KHTML, like Gecko) Chrome/140.0.7339.207 Mobile Safari/537.36 (compatible; Googlebot/2.1; +http://www.google.com/bot.html)"
66.249.79.166 - - [19/Oct/2025:10:00:08 -0400] "GET /?shopping%2Fproduct%2F15741894615_html HTTP/1.1" 200 47135 "-" "Mozilla/5.0 (Linux; Android 6.0.1; Nexus 5X Build/MMB29P) AppleWebKit/537.36 (KHTML, like Gecko) Chrome/140.0.7339.207 Mobile Safari/537.36 (compatible; Googlebot/2.1; +http://www.google.com/bot.html)"
66.249.79.164 - - [19/Oct/2025:10:00:09 -0400] "GET /?shopping%2Fproduct%2F1571285647_html HTTP/1.1" 200 47129 "-" "Mozilla/5.0 (Linux; Android 6.0.1; Nexus 5X Build/MMB29P) AppleWebKit/537.36 (KHTML, like Gecko) Chrome/140.0.7339.207 Mobile Safari/537.36 (compatible; Googlebot/2.1; +http://www.google.com/bot.html)"
14.248.80.79 - - [19/Oct/2025:10:00:10 -0400] "GET /wp-login.php HTTP/1.1" 200 5947 "-" "Mozilla/5.0 (Windows NT 10.0; Win64; x64) AppleWebKit/537.36 (KHTML, like Gecko) Chrome/130.0.0.0 Safari/537.36"
14.248.80.79 - - [19/Oct/2025:10:00:12 -0400] "POST /wp-login.php HTTP/1.1" 200 6366 "https://menintalk.com/wp-login.php" "Mozilla/5.0 (Windows NT 10.0; Win64; x64) AppleWebKit/537.36 (KHTML, like Gecko) Chrome/130.0.0.0 Safari/537.36"
109.199.112.212 - - [19/Oct/2025:10:00:19 -0400] "POST /wp-login.php HTTP/1.1" 200 6367 "-" "Mozilla/5.0"
109.199.112.212 - - [19/Oct/2025:10:00:20 -0400] "POST /wp-login.php HTTP/1.1" 200 6404 "-" "Mozilla/5.0"
109.199.112.212 - - [19/Oct/2025:10:00:19 -0400] "POST /wp-login.php HTTP/1.1" 200 6367 "-" "Mozilla/5.0"
109.199.112.212 - - [19/Oct/2025:10:00:19 -0400] "POST /wp-login.php HTTP/1.1" 200 6404 "-" "Mozilla/5.0"
109.199.112.212 - - [19/Oct/2025:10:00:20 -0400] "POST /wp-login.php HTTP/1.1" 200 6402 "-" "Mozilla/5.0"
109.199.112.212 - - [19/Oct/2025:10:00:19 -0400] "POST /wp-login.php HTTP/1.1" 200 6404 "-" "Mozilla/5.0"
66.249.79.164 - - [19/Oct/2025:10:00:22 -0400] "GET /?_gl=1*ly96ut*_gcl_au*MTE0MDM1OTI5NC4xNzQyNzk4MTUzLjE0OTQzNDk5MjUuMTc0MzEzMDcxOS4xNzQzMTMwNzE5*_ga*MTU1NzQ2Mzk3NS4xNzM3MDEzMDcz*_ga_KQX3XWKR2T*MTc0MzEzMDcxNi43LjEuMTc0MzEzMDc0OC4yOC4wLjA.&gl_url=http://menintalk.com/load.php?1572648761 HTTP/1.1" 301 - "-" "Mozilla/5.0 (Linux; Android 6.0.1; Nexus 5X Build/MMB29P) AppleWebKit/537.36 (KHTML, like Gecko) Chrome/140.0.7339.207 Mobile Safari/537.36 (compatible; Googlebot/2.1; +http://www.google.com/bot.html)"
66.249.79.164 - - [19/Oct/2025:10:00:23 -0400] "GET /?item/pcmypage/15713865863400000 HTTP/1.1" 301 - "-" "Mozilla/5.0 (Linux; Android 6.0.1; Nexus 5X Build/MMB29P) AppleWebKit/537.36 (KHTML, like Gecko) Chrome/140.0.7339.207 Mobile Safari/537.36 (compatible; Googlebot/2.1; +http://www.google.com/bot.html)"
66.249.79.164 - - [19/Oct/2025:10:00:24 -0400] "GET /?_gl=1%2Aly96ut%2A_gcl_au%2AMTE0MDM1OTI5NC4xNzQyNzk4MTUzLjE0OTQzNDk5MjUuMTc0MzEzMDcxOS4xNzQzMTMwNzE5%2A_ga%2AMTU1NzQ2Mzk3NS4xNzM3MDEzMDcz%2A_ga_KQX3XWKR2T%2AMTc0MzEzMDcxNi43LjEuMTc0MzEzMDc0OC4yOC4wLjA.&gl_url=http%3A%2F%2Fmenintalk.com%2Fload.php%3F1572648761 HTTP/1.1" 200 48515 "-" "Mozilla/5.0 (Linux; Android 6.0.1; Nexus 5X Build/MMB29P) AppleWebKit/537.36 (KHTML, like Gecko) Chrome/140.0.7339.207 Mobile Safari/537.36 (compatible; Googlebot/2.1; +http://www.google.com/bot.html)"
66.249.79.164 - - [19/Oct/2025:10:00:25 -0400] "GET /?item%2Fpcmypage%2F15713865863400000 HTTP/1.1" 200 47123 "-" "Mozilla/5.0 (Linux; Android 6.0.1; Nexus 5X Build/MMB29P) AppleWebKit/537.36 (KHTML, like Gecko) Chrome/140.0.7339.207 Mobile Safari/537.36 (compatible; Googlebot/2.1; +http://www.google.com/bot.html)"
66.249.79.164 - - [19/Oct/2025:10:00:28 -0400] "GET /50-tl-deneme-bonusu-veren-siteler-2022-deneme/ HTTP/1.1" 200 48448 "-" "Mozilla/5.0 (Linux; Android 6.0.1; Nexus 5X Build/MMB29P) AppleWebKit/537.36 (KHTML, like Gecko) Chrome/140.0.7339.207 Mobile Safari/537.36 (compatible; Googlebot/2.1; +http://www.google.com/bot.html)"
66.249.79.164 - - [19/Oct/2025:10:00:35 -0400] "GET /?15767096613064030 HTTP/1.1" 200 47039 "-" "Mozilla/5.0 (Linux; Android 6.0.1; Nexus 5X Build/MMB29P) AppleWebKit/537.36 (KHTML, like Gecko) Chrome/140.0.7339.207 Mobile Safari/537.36 (compatible; Googlebot/2.1; +http://www.google.com/bot.html)"
103.82.38.57 - - [19/Oct/2025:10:00:43 -0400] "GET /wp-login.php HTTP/1.1" 200 5947 "-" "Mozilla/5.0 (Windows NT 10.0; Win64; x64) AppleWebKit/537.36 (KHTML, like Gecko) Chrome/130.0.0.0 Safari/537.36"
103.82.38.57 - - [19/Oct/2025:10:00:44 -0400] "POST /wp-login.php HTTP/1.1" 200 6366 "https://menintalk.com/wp-login.php" "Mozilla/5.0 (Windows NT 10.0; Win64; x64) AppleWebKit/537.36 (KHTML, like Gecko) Chrome/130.0.0.0 Safari/537.36"
83.142.55.208 - - [19/Oct/2025:10:00:46 -0400] "GET /compte-rendu-professionnel-sur-netbet/ HTTP/1.1" 200 82142 "-" "Mozilla/5.0 (Windows NT 10.0; WOW64; x64) AppleWebKit/537.36 (KHTML, like Gecko) Chrome/114.0.0.0 Safari/537.36 OPR/89.0.4447.51"
51.195.244.200 - - [19/Oct/2025:10:00:47 -0400] "GET /?shopping%2Fproduct%2F157410766376_html HTTP/1.1" 200 98011 "-" "Mozilla/5.0 (compatible; AhrefsBot/7.0; +http://ahrefs.com/robot/)"
66.249.79.164 - - [19/Oct/2025:10:00:52 -0400] "GET /?15745302185137400.phtml HTTP/1.1" 301 - "-" "Mozilla/5.0 (Linux; Android 6.0.1; Nexus 5X Build/MMB29P) AppleWebKit/537.36 (KHTML, like Gecko) Chrome/140.0.7339.207 Mobile Safari/537.36 (compatible; Googlebot/2.1; +http://www.google.com/bot.html)"
66.249.79.164 - - [19/Oct/2025:10:00:53 -0400] "GET /?15745302185137400_phtml HTTP/1.1" 200 47075 "-" "Mozilla/5.0 (Linux; Android 6.0.1; Nexus 5X Build/MMB29P) AppleWebKit/537.36 (KHTML, like Gecko) Chrome/140.0.7339.207 Mobile Safari/537.36 (compatible; Googlebot/2.1; +http://www.google.com/bot.html)"
52.242.231.163 - - [19/Oct/2025:10:01:00 -0400] "GET /wp-login.php HTTP/1.1" 200 5947 "-" "Mozilla/5.0 (Windows NT 10.0; Win64; x64) AppleWebKit/537.36 (KHTML, like Gecko) Chrome/130.0.0.0 Safari/537.36"
52.242.231.163 - - [19/Oct/2025:10:01:02 -0400] "POST /wp-login.php HTTP/1.1" 200 6402 "https://menintalk.com/wp-login.php" "Mozilla/5.0 (Windows NT 10.0; Win64; x64) AppleWebKit/537.36 (KHTML, like Gecko) Chrome/130.0.0.0 Safari/537.36"
203.210.237.200 - - [19/Oct/2025:10:01:05 -0400] "GET /wp-login.php HTTP/1.1" 200 5947 "-" "Mozilla/5.0 (Windows NT 10.0; Win64; x64) AppleWebKit/537.36 (KHTML, like Gecko) Chrome/130.0.0.0 Safari/537.36"
66.249.79.165 - - [19/Oct/2025:10:01:06 -0400] "GET /search?search_word=15742712570928300 HTTP/1.1" 301 - "-" "Mozilla/5.0 (Linux; Android 6.0.1; Nexus 5X Build/MMB29P) AppleWebKit/537.36 (KHTML, like Gecko) Chrome/140.0.7339.207 Mobile Safari/537.36 (compatible; Googlebot/2.1; +http://www.google.com/bot.html)"
66.249.79.164 - - [19/Oct/2025:10:01:07 -0400] "GET /shopping/product/15719836.html HTTP/1.1" 404 42261 "-" "Mozilla/5.0 (Linux; Android 6.0.1; Nexus 5X Build/MMB29P) AppleWebKit/537.36 (KHTML, like Gecko) Chrome/140.0.7339.207 Mobile Safari/537.36 (compatible; Googlebot/2.1; +http://www.google.com/bot.html)"
203.210.237.200 - - [19/Oct/2025:10:01:07 -0400] "POST /wp-login.php HTTP/1.1" 200 6402 "https://menintalk.com/wp-login.php" "Mozilla/5.0 (Windows NT 10.0; Win64; x64) AppleWebKit/537.36 (KHTML, like Gecko) Chrome/130.0.0.0 Safari/537.36"
66.249.79.166 - - [19/Oct/2025:10:01:08 -0400] "GET /search-for-asian-girlfriend/?search_word=15742712570928300 HTTP/1.1" 200 47449 "-" "Mozilla/5.0 (Linux; Android 6.0.1; Nexus 5X Build/MMB29P) AppleWebKit/537.36 (KHTML, like Gecko) Chrome/140.0.7339.207 Mobile Safari/537.36 (compatible; Googlebot/2.1; +http://www.google.com/bot.html)"
66.249.79.165 - - [19/Oct/2025:10:01:13 -0400] "GET /?shopping/product/15741993544.html HTTP/1.1" 301 - "-" "Mozilla/5.0 (Linux; Android 6.0.1; Nexus 5X Build/MMB29P) AppleWebKit/537.36 (KHTML, like Gecko) Chrome/140.0.7339.207 Mobile Safari/537.36 (compatible; Googlebot/2.1; +http://www.google.com/bot.html)"
66.249.79.164 - - [19/Oct/2025:10:01:14 -0400] "GET /?shopping%2Fproduct%2F15741993544_html HTTP/1.1" 200 47135 "-" "Mozilla/5.0 (Linux; Android 6.0.1; Nexus 5X Build/MMB29P) AppleWebKit/537.36 (KHTML, like Gecko) Chrome/140.0.7339.207 Mobile Safari/537.36 (compatible; Googlebot/2.1; +http://www.google.com/bot.html)"
213.180.203.20 - - [19/Oct/2025:10:01:16 -0400] "GET /what-does-creatine-do/4/ HTTP/1.1" 200 83909 "-" "Mozilla/5.0 (compatible; YandexBot/3.0; +http://yandex.com/bots)"
103.13.208.232 - - [19/Oct/2025:10:01:20 -0400] "GET /wp-login.php HTTP/1.1" 200 5947 "-" "Mozilla/5.0 (Windows NT 10.0; Win64; x64) AppleWebKit/537.36 (KHTML, like Gecko) Chrome/130.0.0.0 Safari/537.36"
103.13.208.232 - - [19/Oct/2025:10:01:20 -0400] "POST /wp-login.php HTTP/1.1" 200 6402 "https://menintalk.com/wp-login.php" "Mozilla/5.0 (Windows NT 10.0; Win64; x64) AppleWebKit/537.36 (KHTML, like Gecko) Chrome/130.0.0.0 Safari/537.36"
66.249.79.164 - - [19/Oct/2025:10:01:26 -0400] "GET /?shopping/product/1571166881.html HTTP/1.1" 301 - "-" "Mozilla/5.0 (Linux; Android 6.0.1; Nexus 5X Build/MMB29P) AppleWebKit/537.36 (KHTML, like Gecko) Chrome/140.0.7339.207 Mobile Safari/537.36 (compatible; Googlebot/2.1; +http://www.google.com/bot.html)"
66.249.79.164 - - [19/Oct/2025:10:01:27 -0400] "GET /?shopping%2Fproduct%2F1571166881_html HTTP/1.1" 200 47129 "-" "Mozilla/5.0 (Linux; Android 6.0.1; Nexus 5X Build/MMB29P) AppleWebKit/537.36 (KHTML, like Gecko) Chrome/140.0.7339.207 Mobile Safari/537.36 (compatible; Googlebot/2.1; +http://www.google.com/bot.html)"
198.244.240.154 - - [19/Oct/2025:10:01:28 -0400] "GET /?shopping%2Fproduct%2F157410964886_html HTTP/1.1" 200 98011 "-" "Mozilla/5.0 (compatible; AhrefsBot/7.0; +http://ahrefs.com/robot/)"
178.150.14.250 - - [19/Oct/2025:10:01:30 -0400] "GET /robots.txt HTTP/1.1" 200 114 "-" "Mozilla/5.0 (compatible; MJ12bot/v1.4.8; http://mj12bot.com/)"
178.150.14.250 - - [19/Oct/2025:10:01:32 -0400] "GET /best-betting-apps-finding-the-uk-s-top-betting-app/ HTTP/1.1" 200 84035 "-" "Mozilla/5.0 (compatible; MJ12bot/v1.4.8; http://mj12bot.com/)"
178.150.14.250 - - [19/Oct/2025:10:01:35 -0400] "GET /category/shishaparadise-escasinos-sin-licencia-c/ HTTP/1.1" 200 71052 "-" "Mozilla/5.0 (compatible; MJ12bot/v1.4.8; http://mj12bot.com/)"
178.150.14.250 - - [19/Oct/2025:10:01:37 -0400] "GET /category/watfordathletics-co-uk/ HTTP/1.1" 200 71092 "-" "Mozilla/5.0 (compatible; MJ12bot/v1.4.8; http://mj12bot.com/)"
178.150.14.250 - - [19/Oct/2025:10:01:39 -0400] "GET /ck44-%E0%A6%85%E0%A6%A8%E0%A6%B2%E0%A6%BE%E0%A6%87%E0%A6%A8-%E0%A6%95%E0%A7%8D%E0%A6%AF%E0%A6%BE%E0%A6%B8%E0%A6%BF%E0%A6%A8%E0%A7%8B-%E0%A6%AC%E0%A6%BE%E0%A6%82%E0%A6%B2%E0%A6%BE%E0%A6%A6%E0%A7%87/ HTTP/1.1" 200 89006 "-" "Mozilla/5.0 (compatible; MJ12bot/v1.4.8; http://mj12bot.com/)"
66.249.79.164 - - [19/Oct/2025:10:01:40 -0400] "GET /?shopping/product/15762889636.html HTTP/1.1" 301 - "-" "Mozilla/5.0 (Linux; Android 6.0.1; Nexus 5X Build/MMB29P) AppleWebKit/537.36 (KHTML, like Gecko) Chrome/140.0.7339.207 Mobile Safari/537.36 (compatible; Googlebot/2.1; +http://www.google.com/bot.html)"
66.249.79.164 - - [19/Oct/2025:10:01:41 -0400] "GET /?shopping%2Fproduct%2F15762889636_html HTTP/1.1" 200 47135 "-" "Mozilla/5.0 (Linux; Android 6.0.1; Nexus 5X Build/MMB29P) AppleWebKit/537.36 (KHTML, like Gecko) Chrome/140.0.7339.207 Mobile Safari/537.36 (compatible; Googlebot/2.1; +http://www.google.com/bot.html)"
178.150.14.250 - - [19/Oct/2025:10:01:41 -0400] "GET /ck44-%E0%A6%95%E0%A7%8D%E0%A6%AF%E0%A6%BE%E0%A6%B8%E0%A6%BF%E0%A6%A8%E0%A7%8B-%E0%A6%AC%E0%A7%8D%E0%A6%B2%E0%A7%8D%E0%A6%AF%E0%A6%BE%E0%A6%95%E0%A6%9C%E0%A7%8D%E0%A6%AF%E0%A6%BE%E0%A6%95-%E0%A6%A6/ HTTP/1.1" 200 89348 "-" "Mozilla/5.0 (compatible; MJ12bot/v1.4.8; http://mj12bot.com/)"
178.150.14.250 - - [19/Oct/2025:10:01:43 -0400] "GET /ck44-%E0%A6%97%E0%A7%87%E0%A6%AE%E0%A6%BF%E0%A6%82-%E0%A6%AA%E0%A7%8D%E0%A6%B2%E0%A7%8D%E0%A6%AF%E0%A6%BE%E0%A6%9F%E0%A6%AB%E0%A6%B0%E0%A7%8D%E0%A6%AE-%E0%A6%96%E0%A7%87%E0%A6%B2%E0%A7%81%E0%A6%A8/ HTTP/1.1" 200 88327 "-" "Mozilla/5.0 (compatible; MJ12bot/v1.4.8; http://mj12bot.com/)"
178.150.14.250 - - [19/Oct/2025:10:01:45 -0400] "GET /ck44-%E0%A6%B8%E0%A7%8D%E0%A6%AA%E0%A7%8B%E0%A6%B0%E0%A7%8D%E0%A6%9F%E0%A6%B8-%E0%A6%AC%E0%A7%87%E0%A6%9F-%E0%A6%87%E0%A6%A8-%E0%A6%AA%E0%A7%8D%E0%A6%B2%E0%A7%87-%E0%A6%AC%E0%A6%BE%E0%A6%82%E0%A6%B2/feed/ HTTP/1.1" 200 1194 "-" "Mozilla/5.0 (compatible; MJ12bot/v1.4.8; http://mj12bot.com/)"
178.150.14.250 - - [19/Oct/2025:10:01:47 -0400] "GET /ck44-com-%E0%A6%85%E0%A6%AB%E0%A6%BF%E0%A6%B8%E0%A6%BF%E0%A6%AF%E0%A6%BC%E0%A6%BE%E0%A6%B2-%E0%A6%B8%E0%A6%BE%E0%A6%87%E0%A6%9F-%E0%A6%B9%E0%A6%BE%E0%A6%9C%E0%A6%BE%E0%A6%B0-%E0%A6%9F%E0%A6%BE/ HTTP/1.1" 200 88935 "-" "Mozilla/5.0 (compatible; MJ12bot/v1.4.8; http://mj12bot.com/)"
178.150.14.250 - - [19/Oct/2025:10:01:49 -0400] "GET /ck444-%E0%A6%85%E0%A6%A8%E0%A6%B2%E0%A6%BE%E0%A6%87%E0%A6%A8-%E0%A6%95%E0%A7%8D%E0%A6%AF%E0%A6%BE%E0%A6%B8%E0%A6%BF%E0%A6%A8%E0%A7%8B-%E0%A6%AC%E0%A6%BE%E0%A6%82%E0%A6%B2%E0%A6%BE%E0%A6%A6%E0%A7%87/feed/ HTTP/1.1" 200 1223 "-" "Mozilla/5.0 (compatible; MJ12bot/v1.4.8; http://mj12bot.com/)"
178.150.14.250 - - [19/Oct/2025:10:01:51 -0400] "GET /ck444-%E0%A6%85%E0%A6%A8%E0%A6%B2%E0%A6%BE%E0%A6%87%E0%A6%A8-%E0%A6%95%E0%A7%8D%E0%A6%AF%E0%A6%BE%E0%A6%B8%E0%A6%BF%E0%A6%A8%E0%A7%8B-%E0%A6%B0%E0%A7%87%E0%A6%9C%E0%A6%BF%E0%A6%B8%E0%A7%8D%E0%A6%9F/feed/ HTTP/1.1" 200 1195 "-" "Mozilla/5.0 (compatible; MJ12bot/v1.4.8; http://mj12bot.com/)"
178.150.14.250 - - [19/Oct/2025:10:01:53 -0400] "GET /ck444-%E0%A6%85%E0%A7%8D%E0%A6%AF%E0%A6%BE%E0%A6%AA-%E0%A6%A1%E0%A6%BE%E0%A6%89%E0%A6%A8%E0%A6%B2%E0%A7%8B%E0%A6%A1-android-%E0%A6%8F-%E0%A6%AC%E0%A7%87%E0%A6%9F-%E0%A6%95%E0%A6%B0%E0%A7%81%E0%A6%A8/ HTTP/1.1" 200 88581 "-" "Mozilla/5.0 (compatible; MJ12bot/v1.4.8; http://mj12bot.com/)"
66.249.79.164 - - [19/Oct/2025:10:01:53 -0400] "GET /?shopping/product/15741870165.html HTTP/1.1" 301 - "-" "Mozilla/5.0 (Linux; Android 6.0.1; Nexus 5X Build/MMB29P) AppleWebKit/537.36 (KHTML, like Gecko) Chrome/140.0.7339.207 Mobile Safari/537.36 (compatible; Googlebot/2.1; +http://www.google.com/bot.html)"
66.249.79.164 - - [19/Oct/2025:10:01:54 -0400] "GET /?shopping%2Fproduct%2F15741870165_html HTTP/1.1" 200 47135 "-" "Mozilla/5.0 (Linux; Android 6.0.1; Nexus 5X Build/MMB29P) AppleWebKit/537.36 (KHTML, like Gecko) Chrome/140.0.7339.207 Mobile Safari/537.36 (compatible; Googlebot/2.1; +http://www.google.com/bot.html)"
178.150.14.250 - - [19/Oct/2025:10:01:55 -0400] "GET /ck444-%E0%A6%95%E0%A7%8D%E0%A6%AF%E0%A6%BE%E0%A6%B8%E0%A6%BF%E0%A6%A8%E0%A7%8B-%E0%A6%97%E0%A7%87%E0%A6%AE%E0%A6%B8-%E0%A6%87%E0%A6%A8%E0%A6%B8%E0%A7%8D%E0%A6%9F%E0%A7%8D%E0%A6%AF%E0%A6%BE%E0%A6%A8/feed/ HTTP/1.1" 200 1201 "-" "Mozilla/5.0 (compatible; MJ12bot/v1.4.8; http://mj12bot.com/)"
178.150.14.250 - - [19/Oct/2025:10:01:57 -0400] "GET /ck444-%E0%A6%95%E0%A7%8D%E0%A6%AF%E0%A6%BE%E0%A6%B8%E0%A6%BF%E0%A6%A8%E0%A7%8B-%E0%A6%AA%E0%A7%8B%E0%A6%95%E0%A6%BE%E0%A6%B0-%E0%A6%B0%E0%A6%BF%E0%A6%AF%E0%A6%BC%E0%A7%87%E0%A6%B2-%E0%A6%AE%E0%A6%BE/feed/ HTTP/1.1" 200 1185 "-" "Mozilla/5.0 (compatible; MJ12bot/v1.4.8; http://mj12bot.com/)"
198.244.242.67 - - [19/Oct/2025:10:01:58 -0400] "GET /?shopping%2Fproduct%2F157112355605_html HTTP/1.1" 200 98011 "-" "Mozilla/5.0 (compatible; AhrefsBot/7.0; +http://ahrefs.com/robot/)"
178.150.14.250 - - [19/Oct/2025:10:01:58 -0400] "GET /ck444-%E0%A6%AB%E0%A7%81%E0%A6%9F%E0%A6%AC%E0%A6%B2-%E0%A6%AC%E0%A7%87%E0%A6%9F-%E0%A6%AA%E0%A7%8D%E0%A6%B0%E0%A6%BF-%E0%A6%AE%E0%A7%8D%E0%A6%AF%E0%A6%BE%E0%A6%9A-%E0%A6%AC%E0%A6%BE%E0%A6%82/feed/ HTTP/1.1" 200 1179 "-" "Mozilla/5.0 (compatible; MJ12bot/v1.4.8; http://mj12bot.com/)"
198.244.183.248 - - [19/Oct/2025:10:01:58 -0400] "GET /?shopping%2Fproduct%2F157511256598_html HTTP/1.1" 200 98011 "-" "Mozilla/5.0 (compatible; AhrefsBot/7.0; +http://ahrefs.com/robot/)"
178.150.14.250 - - [19/Oct/2025:10:02:00 -0400] "GET /ck444-%E0%A6%B2%E0%A6%97%E0%A6%87%E0%A6%A8-%E0%A6%95%E0%A6%B0%E0%A7%81%E0%A6%A8-%E0%A6%8F%E0%A6%AC%E0%A6%82-%E0%A6%A1%E0%A6%AC%E0%A6%B2-%E0%A6%AA%E0%A6%AF%E0%A6%BC%E0%A7%87%E0%A6%A8%E0%A7%8D%E0%A6%9F/ HTTP/1.1" 200 88513 "-" "Mozilla/5.0 (compatible; MJ12bot/v1.4.8; http://mj12bot.com/)"
178.150.14.250 - - [19/Oct/2025:10:02:03 -0400] "GET /ck444-app-%E0%A6%A1%E0%A6%BE%E0%A6%89%E0%A6%A8%E0%A6%B2%E0%A7%8B%E0%A6%A1-%E0%A6%AE%E0%A7%8B%E0%A6%AC%E0%A6%BE%E0%A6%87%E0%A6%B2-%E0%A6%8F-%E0%A6%96%E0%A7%87%E0%A6%B2%E0%A7%81%E0%A6%A8/ HTTP/1.1" 200 88104 "-" "Mozilla/5.0 (compatible; MJ12bot/v1.4.8; http://mj12bot.com/)"
66.249.79.165 - - [19/Oct/2025:10:02:07 -0400] "GET /?shopping/product/1572965502.html HTTP/1.1" 301 - "-" "Mozilla/5.0 (Linux; Android 6.0.1; Nexus 5X Build/MMB29P) AppleWebKit/537.36 (KHTML, like Gecko) Chrome/140.0.7339.207 Mobile Safari/537.36 (compatible; Googlebot/2.1; +http://www.google.com/bot.html)"
66.249.79.164 - - [19/Oct/2025:10:02:08 -0400] "GET /?shopping%2Fproduct%2F1572965502_html HTTP/1.1" 200 47129 "-" "Mozilla/5.0 (Linux; Android 6.0.1; Nexus 5X Build/MMB29P) AppleWebKit/537.36 (KHTML, like Gecko) Chrome/140.0.7339.207 Mobile Safari/537.36 (compatible; Googlebot/2.1; +http://www.google.com/bot.html)"
66.249.79.165 - - [19/Oct/2025:10:02:21 -0400] "GET /?shopping/product/15752492232.html HTTP/1.1" 301 - "-" "Mozilla/5.0 (Linux; Android 6.0.1; Nexus 5X Build/MMB29P) AppleWebKit/537.36 (KHTML, like Gecko) Chrome/140.0.7339.207 Mobile Safari/537.36 (compatible; Googlebot/2.1; +http://www.google.com/bot.html)"
66.249.79.165 - - [19/Oct/2025:10:02:21 -0400] "GET /?shopping%2Fproduct%2F15752492232_html HTTP/1.1" 200 47135 "-" "Mozilla/5.0 (Linux; Android 6.0.1; Nexus 5X Build/MMB29P) AppleWebKit/537.36 (KHTML, like Gecko) Chrome/140.0.7339.207 Mobile Safari/537.36 (compatible; Googlebot/2.1; +http://www.google.com/bot.html)"
51.81.2.86 - - [19/Oct/2025:10:02:22 -0400] "GET /wp-login.php HTTP/1.1" 200 5947 "-" "Mozilla/5.0 (Windows NT 10.0; Win64; x64) AppleWebKit/537.36 (KHTML, like Gecko) Chrome/130.0.0.0 Safari/537.36"
51.81.2.86 - - [19/Oct/2025:10:02:23 -0400] "POST /wp-login.php HTTP/1.1" 200 6402 "https://menintalk.com/wp-login.php" "Mozilla/5.0 (Windows NT 10.0; Win64; x64) AppleWebKit/537.36 (KHTML, like Gecko) Chrome/130.0.0.0 Safari/537.36"
62.146.234.58 - - [19/Oct/2025:10:02:26 -0400] "GET /wp-login.php HTTP/1.1" 200 5947 "-" "Mozilla/5.0 (Windows NT 10.0; Win64; x64) AppleWebKit/537.36 (KHTML, like Gecko) Chrome/130.0.0.0 Safari/537.36"
62.146.234.58 - - [19/Oct/2025:10:02:30 -0400] "POST /wp-login.php HTTP/1.1" 200 6402 "https://menintalk.com/wp-login.php" "Mozilla/5.0 (Windows NT 10.0; Win64; x64) AppleWebKit/537.36 (KHTML, like Gecko) Chrome/130.0.0.0 Safari/537.36"
147.124.197.101 - - [19/Oct/2025:10:02:33 -0400] "GET /wp-login.php HTTP/1.1" 200 5947 "-" "Mozilla/5.0 (Windows NT 10.0; Win64; x64) AppleWebKit/537.36 (KHTML, like Gecko) Chrome/130.0.0.0 Safari/537.36"
66.249.79.164 - - [19/Oct/2025:10:02:34 -0400] "GET /?shopping/product/15762986705.html HTTP/1.1" 301 - "-" "Mozilla/5.0 (Linux; Android 6.0.1; Nexus 5X Build/MMB29P) AppleWebKit/537.36 (KHTML, like Gecko) Chrome/140.0.7339.207 Mobile Safari/537.36 (compatible; Googlebot/2.1; +http://www.google.com/bot.html)"
147.124.197.101 - - [19/Oct/2025:10:02:34 -0400] "POST /wp-login.php HTTP/1.1" 200 6402 "https://menintalk.com/wp-login.php" "Mozilla/5.0 (Windows NT 10.0; Win64; x64) AppleWebKit/537.36 (KHTML, like Gecko) Chrome/130.0.0.0 Safari/537.36"
66.249.79.164 - - [19/Oct/2025:10:02:35 -0400] "GET /?shopping%2Fproduct%2F15762986705_html HTTP/1.1" 200 47135 "-" "Mozilla/5.0 (Linux; Android 6.0.1; Nexus 5X Build/MMB29P) AppleWebKit/537.36 (KHTML, like Gecko) Chrome/140.0.7339.207 Mobile Safari/537.36 (compatible; Googlebot/2.1; +http://www.google.com/bot.html)"
148.72.247.255 - - [19/Oct/2025:10:02:41 -0400] "GET /wp-login.php HTTP/1.1" 200 5947 "-" "Mozilla/5.0 (Windows NT 10.0; Win64; x64) AppleWebKit/537.36 (KHTML, like Gecko) Chrome/130.0.0.0 Safari/537.36"
148.72.247.255 - - [19/Oct/2025:10:02:42 -0400] "POST /wp-login.php HTTP/1.1" 200 6367 "https://menintalk.com/wp-login.php" "Mozilla/5.0 (Windows NT 10.0; Win64; x64) AppleWebKit/537.36 (KHTML, like Gecko) Chrome/130.0.0.0 Safari/537.36"
103.74.116.73 - - [19/Oct/2025:10:02:47 -0400] "GET /wp-login.php HTTP/1.1" 200 5947 "-" "Mozilla/5.0 (Windows NT 10.0; Win64; x64) AppleWebKit/537.36 (KHTML, like Gecko) Chrome/130.0.0.0 Safari/537.36"
66.249.79.164 - - [19/Oct/2025:10:02:48 -0400] "GET /?shopping/product/15731341459.html HTTP/1.1" 301 - "-" "Mozilla/5.0 (Linux; Android 6.0.1; Nexus 5X Build/MMB29P) AppleWebKit/537.36 (KHTML, like Gecko) Chrome/140.0.7339.207 Mobile Safari/537.36 (compatible; Googlebot/2.1; +http://www.google.com/bot.html)"
103.74.116.73 - - [19/Oct/2025:10:02:48 -0400] "POST /wp-login.php HTTP/1.1" 200 6402 "https://menintalk.com/wp-login.php" "Mozilla/5.0 (Windows NT 10.0; Win64; x64) AppleWebKit/537.36 (KHTML, like Gecko) Chrome/130.0.0.0 Safari/537.36"
66.249.79.164 - - [19/Oct/2025:10:02:49 -0400] "GET /?shopping%2Fproduct%2F15731341459_html HTTP/1.1" 200 47135 "-" "Mozilla/5.0 (Linux; Android 6.0.1; Nexus 5X Build/MMB29P) AppleWebKit/537.36 (KHTML, like Gecko) Chrome/140.0.7339.207 Mobile Safari/537.36 (compatible; Googlebot/2.1; +http://www.google.com/bot.html)"
209.74.89.72 - - [19/Oct/2025:10:02:52 -0400] "GET /wp-login.php HTTP/1.1" 200 5947 "-" "Mozilla/5.0 (Windows NT 10.0; Win64; x64) AppleWebKit/537.36 (KHTML, like Gecko) Chrome/130.0.0.0 Safari/537.36"
209.74.89.72 - - [19/Oct/2025:10:02:53 -0400] "POST /wp-login.php HTTP/1.1" 200 6402 "https://menintalk.com/wp-login.php" "Mozilla/5.0 (Windows NT 10.0; Win64; x64) AppleWebKit/537.36 (KHTML, like Gecko) Chrome/130.0.0.0 Safari/537.36"
66.249.79.165 - - [19/Oct/2025:10:03:01 -0400] "GET /?shopping/product/15741590625.html HTTP/1.1" 301 - "-" "Mozilla/5.0 (Linux; Android 6.0.1; Nexus 5X Build/MMB29P) AppleWebKit/537.36 (KHTML, like Gecko) Chrome/140.0.7339.207 Mobile Safari/537.36 (compatible; Googlebot/2.1; +http://www.google.com/bot.html)"
66.249.79.166 - - [19/Oct/2025:10:03:02 -0400] "GET /?shopping%2Fproduct%2F15741590625_html HTTP/1.1" 200 47135 "-" "Mozilla/5.0 (Linux; Android 6.0.1; Nexus 5X Build/MMB29P) AppleWebKit/537.36 (KHTML, like Gecko) Chrome/140.0.7339.207 Mobile Safari/537.36 (compatible; Googlebot/2.1; +http://www.google.com/bot.html)"
157.245.200.131 - - [19/Oct/2025:10:03:10 -0400] "GET /wp-login.php HTTP/1.1" 200 5947 "-" "Mozilla/5.0 (Windows NT 10.0; Win64; x64) AppleWebKit/537.36 (KHTML, like Gecko) Chrome/130.0.0.0 Safari/537.36"
157.245.200.131 - - [19/Oct/2025:10:03:11 -0400] "POST /wp-login.php HTTP/1.1" 200 6402 "https://menintalk.com/wp-login.php" "Mozilla/5.0 (Windows NT 10.0; Win64; x64) AppleWebKit/537.36 (KHTML, like Gecko) Chrome/130.0.0.0 Safari/537.36"
208.74.151.235 - - [19/Oct/2025:10:03:11 -0400] "POST /xmlrpc.php HTTP/1.1" 200 401 "-" "Mozilla/5.0 (Windows NT 6.1) AppleWebKit/537.36 (KHTML, like Gecko) Chrome/66.0.3359.139 Safari/537.36"
66.249.79.164 - - [19/Oct/2025:10:03:15 -0400] "GET /?shopping/product/15762924053.html HTTP/1.1" 301 - "-" "Mozilla/5.0 (Linux; Android 6.0.1; Nexus 5X Build/MMB29P) AppleWebKit/537.36 (KHTML, like Gecko) Chrome/140.0.7339.207 Mobile Safari/537.36 (compatible; Googlebot/2.1; +http://www.google.com/bot.html)"
66.249.79.165 - - [19/Oct/2025:10:03:16 -0400] "GET /?shopping%2Fproduct%2F15762924053_html HTTP/1.1" 200 47135 "-" "Mozilla/5.0 (Linux; Android 6.0.1; Nexus 5X Build/MMB29P) AppleWebKit/537.36 (KHTML, like Gecko) Chrome/140.0.7339.207 Mobile Safari/537.36 (compatible; Googlebot/2.1; +http://www.google.com/bot.html)"
66.249.79.169 - - [19/Oct/2025:10:03:28 -0400] "GET /?shopping/product/1571342024.html HTTP/1.1" 301 - "-" "Mozilla/5.0 (Linux; Android 6.0.1; Nexus 5X Build/MMB29P) AppleWebKit/537.36 (KHTML, like Gecko) Chrome/140.0.7339.207 Mobile Safari/537.36 (compatible; Googlebot/2.1; +http://www.google.com/bot.html)"
198.244.226.125 - - [19/Oct/2025:10:03:28 -0400] "GET /?shopping%2Fproduct%2F157611922566_html HTTP/1.1" 200 98011 "-" "Mozilla/5.0 (compatible; AhrefsBot/7.0; +http://ahrefs.com/robot/)"
66.249.79.169 - - [19/Oct/2025:10:03:29 -0400] "GET /?shopping%2Fproduct%2F1571342024_html HTTP/1.1" 200 47129 "-" "Mozilla/5.0 (Linux; Android 6.0.1; Nexus 5X Build/MMB29P) AppleWebKit/537.36 (KHTML, like Gecko) Chrome/140.0.7339.207 Mobile Safari/537.36 (compatible; Googlebot/2.1; +http://www.google.com/bot.html)"
66.249.79.169 - - [19/Oct/2025:10:03:42 -0400] "GET /?shopping/product/15731477567.html HTTP/1.1" 301 - "-" "Mozilla/5.0 (Linux; Android 6.0.1; Nexus 5X Build/MMB29P) AppleWebKit/537.36 (KHTML, like Gecko) Chrome/140.0.7339.207 Mobile Safari/537.36 (compatible; Googlebot/2.1; +http://www.google.com/bot.html)"
66.249.79.169 - - [19/Oct/2025:10:03:42 -0400] "GET /?shopping%2Fproduct%2F15731477567_html HTTP/1.1" 200 47135 "-" "Mozilla/5.0 (Linux; Android 6.0.1; Nexus 5X Build/MMB29P) AppleWebKit/537.36 (KHTML, like Gecko) Chrome/140.0.7339.207 Mobile Safari/537.36 (compatible; Googlebot/2.1; +http://www.google.com/bot.html)"
66.116.199.115 - - [19/Oct/2025:10:03:46 -0400] "POST /wp-cron.php?doing_wp_cron=1760882626.5388178825378417968750 HTTP/1.1" 200 - "-" "WordPress/6.8.3; https://menintalk.com"
58.64.45.45 - - [19/Oct/2025:10:03:46 -0400] "GET /wp-login.php HTTP/1.1" 200 5947 "-" "Mozilla/5.0 (Windows NT 10.0; Win64; x64) AppleWebKit/537.36 (KHTML, like Gecko) Chrome/130.0.0.0 Safari/537.36"
58.64.45.45 - - [19/Oct/2025:10:03:47 -0400] "POST /wp-login.php HTTP/1.1" 200 6402 "https://menintalk.com/wp-login.php" "Mozilla/5.0 (Windows NT 10.0; Win64; x64) AppleWebKit/537.36 (KHTML, like Gecko) Chrome/130.0.0.0 Safari/537.36"
148.72.247.255 - - [19/Oct/2025:10:03:49 -0400] "GET /wp-login.php HTTP/1.1" 200 5947 "-" "Mozilla/5.0 (Windows NT 10.0; Win64; x64) AppleWebKit/537.36 (KHTML, like Gecko) Chrome/130.0.0.0 Safari/537.36"
148.72.247.255 - - [19/Oct/2025:10:03:50 -0400] "POST /wp-login.php HTTP/1.1" 200 6402 "https://menintalk.com/wp-login.php" "Mozilla/5.0 (Windows NT 10.0; Win64; x64) AppleWebKit/537.36 (KHTML, like Gecko) Chrome/130.0.0.0 Safari/537.36"
209.74.89.72 - - [19/Oct/2025:10:03:53 -0400] "GET /wp-login.php HTTP/1.1" 200 5947 "-" "Mozilla/5.0 (Windows NT 10.0; Win64; x64) AppleWebKit/537.36 (KHTML, like Gecko) Chrome/130.0.0.0 Safari/537.36"
209.74.89.72 - - [19/Oct/2025:10:03:54 -0400] "POST /wp-login.php HTTP/1.1" 200 6367 "https://menintalk.com/wp-login.php" "Mozilla/5.0 (Windows NT 10.0; Win64; x64) AppleWebKit/537.36 (KHTML, like Gecko) Chrome/130.0.0.0 Safari/537.36"
66.249.79.169 - - [19/Oct/2025:10:03:56 -0400] "GET /?shopping/product/1572873028.html HTTP/1.1" 301 - "-" "Mozilla/5.0 (Linux; Android 6.0.1; Nexus 5X Build/MMB29P) AppleWebKit/537.36 (KHTML, like Gecko) Chrome/140.0.7339.207 Mobile Safari/537.36 (compatible; Googlebot/2.1; +http://www.google.com/bot.html)"
66.249.79.169 - - [19/Oct/2025:10:03:56 -0400] "GET /?shopping%2Fproduct%2F1572873028_html HTTP/1.1" 200 47129 "-" "Mozilla/5.0 (Linux; Android 6.0.1; Nexus 5X Build/MMB29P) AppleWebKit/537.36 (KHTML, like Gecko) Chrome/140.0.7339.207 Mobile Safari/537.36 (compatible; Googlebot/2.1; +http://www.google.com/bot.html)"
137.184.0.143 - - [19/Oct/2025:10:03:57 -0400] "GET /wp-login.php HTTP/1.1" 200 5947 "-" "Mozilla/5.0 (Windows NT 10.0; Win64; x64) AppleWebKit/537.36 (KHTML, like Gecko) Chrome/130.0.0.0 Safari/537.36"
137.184.0.143 - - [19/Oct/2025:10:03:58 -0400] "POST /wp-login.php HTTP/1.1" 200 6402 "https://menintalk.com/wp-login.php" "Mozilla/5.0 (Windows NT 10.0; Win64; x64) AppleWebKit/537.36 (KHTML, like Gecko) Chrome/130.0.0.0 Safari/537.36"
135.125.183.119 - - [19/Oct/2025:10:03:59 -0400] "POST /xmlrpc.php HTTP/1.1" 200 403 "https://menintalk.com" "Mozilla/5.0 (Windows NT 10.0; Win64; x64; rv:128.0) Gecko/20100101 Firefox/128.0"
147.124.197.101 - - [19/Oct/2025:10:04:01 -0400] "GET /wp-login.php HTTP/1.1" 200 5947 "-" "Mozilla/5.0 (Windows NT 10.0; Win64; x64) AppleWebKit/537.36 (KHTML, like Gecko) Chrome/130.0.0.0 Safari/537.36"
147.124.197.101 - - [19/Oct/2025:10:04:02 -0400] "POST /wp-login.php HTTP/1.1" 200 6402 "https://menintalk.com/wp-login.php" "Mozilla/5.0 (Windows NT 10.0; Win64; x64) AppleWebKit/537.36 (KHTML, like Gecko) Chrome/130.0.0.0 Safari/537.36"
144.217.162.28 - - [19/Oct/2025:10:04:04 -0400] "GET /wp-login.php HTTP/1.1" 200 5947 "-" "Mozilla/5.0 (Windows NT 10.0; Win64; x64) AppleWebKit/537.36 (KHTML, like Gecko) Chrome/130.0.0.0 Safari/537.36"
144.217.162.28 - - [19/Oct/2025:10:04:04 -0400] "POST /wp-login.php HTTP/1.1" 200 6402 "https://menintalk.com/wp-login.php" "Mozilla/5.0 (Windows NT 10.0; Win64; x64) AppleWebKit/537.36 (KHTML, like Gecko) Chrome/130.0.0.0 Safari/537.36"
147.124.197.101 - - [19/Oct/2025:10:04:06 -0400] "GET /wp-login.php HTTP/1.1" 200 5947 "-" "Mozilla/5.0 (Windows NT 10.0; Win64; x64) AppleWebKit/537.36 (KHTML, like Gecko) Chrome/130.0.0.0 Safari/537.36"
147.124.197.101 - - [19/Oct/2025:10:04:07 -0400] "POST /wp-login.php HTTP/1.1" 200 6366 "https://menintalk.com/wp-login.php" "Mozilla/5.0 (Windows NT 10.0; Win64; x64) AppleWebKit/537.36 (KHTML, like Gecko) Chrome/130.0.0.0 Safari/537.36"
66.249.79.169 - - [19/Oct/2025:10:04:09 -0400] "GET /?shopping/product/1571194754.html HTTP/1.1" 301 - "-" "Mozilla/5.0 (Linux; Android 6.0.1; Nexus 5X Build/MMB29P) AppleWebKit/537.36 (KHTML, like Gecko) Chrome/140.0.7339.207 Mobile Safari/537.36 (compatible; Googlebot/2.1; +http://www.google.com/bot.html)"
66.249.79.169 - - [19/Oct/2025:10:04:10 -0400] "GET /?shopping%2Fproduct%2F1571194754_html HTTP/1.1" 200 47129 "-" "Mozilla/5.0 (Linux; Android 6.0.1; Nexus 5X Build/MMB29P) AppleWebKit/537.36 (KHTML, like Gecko) Chrome/140.0.7339.207 Mobile Safari/537.36 (compatible; Googlebot/2.1; +http://www.google.com/bot.html)"
223.135.153.215 - - [19/Oct/2025:10:04:12 -0400] "GET /wp-login.php HTTP/1.1" 200 5947 "-" "Mozilla/5.0 (Windows NT 10.0; Win64; x64) AppleWebKit/537.36 (KHTML, like Gecko) Chrome/130.0.0.0 Safari/537.36"
223.135.153.215 - - [19/Oct/2025:10:04:13 -0400] "POST /wp-login.php HTTP/1.1" 200 6402 "https://menintalk.com/wp-login.php" "Mozilla/5.0 (Windows NT 10.0; Win64; x64) AppleWebKit/537.36 (KHTML, like Gecko) Chrome/130.0.0.0 Safari/537.36"
106.10.100.91 - - [19/Oct/2025:10:04:18 -0400] "GET /wp-login.php HTTP/1.1" 200 5947 "-" "Mozilla/5.0 (Windows NT 10.0; Win64; x64) AppleWebKit/537.36 (KHTML, like Gecko) Chrome/130.0.0.0 Safari/537.36"
106.10.100.91 - - [19/Oct/2025:10:04:19 -0400] "POST /wp-login.php HTTP/1.1" 200 6367 "https://menintalk.com/wp-login.php" "Mozilla/5.0 (Windows NT 10.0; Win64; x64) AppleWebKit/537.36 (KHTML, like Gecko) Chrome/130.0.0.0 Safari/537.36"
147.124.197.101 - - [19/Oct/2025:10:04:21 -0400] "GET /wp-login.php HTTP/1.1" 200 5947 "-" "Mozilla/5.0 (Windows NT 10.0; Win64; x64) AppleWebKit/537.36 (KHTML, like Gecko) Chrome/130.0.0.0 Safari/537.36"
147.124.197.101 - - [19/Oct/2025:10:04:22 -0400] "POST /wp-login.php HTTP/1.1" 200 6402 "https://menintalk.com/wp-login.php" "Mozilla/5.0 (Windows NT 10.0; Win64; x64) AppleWebKit/537.36 (KHTML, like Gecko) Chrome/130.0.0.0 Safari/537.36"
66.249.79.169 - - [19/Oct/2025:10:04:23 -0400] "GET /?shopping/product/1571291671.html HTTP/1.1" 301 - "-" "Mozilla/5.0 (Linux; Android 6.0.1; Nexus 5X Build/MMB29P) AppleWebKit/537.36 (KHTML, like Gecko) Chrome/140.0.7339.207 Mobile Safari/537.36 (compatible; Googlebot/2.1; +http://www.google.com/bot.html)"
66.249.79.169 - - [19/Oct/2025:10:04:23 -0400] "GET /?shopping%2Fproduct%2F1571291671_html HTTP/1.1" 200 47129 "-" "Mozilla/5.0 (Linux; Android 6.0.1; Nexus 5X Build/MMB29P) AppleWebKit/537.36 (KHTML, like Gecko) Chrome/140.0.7339.207 Mobile Safari/537.36 (compatible; Googlebot/2.1; +http://www.google.com/bot.html)"
74.220.219.165 - - [19/Oct/2025:10:04:25 -0400] "GET /wp-login.php HTTP/1.1" 200 5947 "-" "Mozilla/5.0 (Windows NT 10.0; Win64; x64) AppleWebKit/537.36 (KHTML, like Gecko) Chrome/130.0.0.0 Safari/537.36"
