66.249.79.164 - - [19/Oct/2025:09:22:26 -0400] "GET /?shopping%2Fproduct%2F15752444957_html HTTP/1.1" 200 47135 "-" "Mozilla/5.0 (Linux; Android 6.0.1; Nexus 5X Build/MMB29P) AppleWebKit/537.36 (KHTML, like Gecko) Chrome/140.0.7339.207 Mobile Safari/537.36 (compatible; Googlebot/2.1; +http://www.google.com/bot.html)"
202.131.96.220 - - [19/Oct/2025:09:22:28 -0400] "POST /wp-login.php HTTP/1.1" 200 6369 "https://menintalk.com/wp-login.php" "Mozilla/5.0 (Windows NT 10.0; Win64; x64) AppleWebKit/537.36 (KHTML, like Gecko) Chrome/130.0.0.0 Safari/537.36"
66.249.79.164 - - [19/Oct/2025:09:22:29 -0400] "GET /they-offer-a-more-affordable-option-for-trend-lovers-who-need/ HTTP/1.1" 200 51610 "-" "Mozilla/5.0 (Linux; Android 6.0.1; Nexus 5X Build/MMB29P) AppleWebKit/537.36 (KHTML, like Gecko) Chrome/140.0.7339.207 Mobile Safari/537.36 (compatible; Googlebot/2.1; +http://www.google.com/bot.html)"
51.195.215.160 - - [19/Oct/2025:09:22:31 -0400] "GET /category/uncategorized/page/332/?filter_by=random_posts HTTP/1.1" 200 87083 "-" "Mozilla/5.0 (compatible; AhrefsBot/7.0; +http://ahrefs.com/robot/)"
66.249.79.164 - - [19/Oct/2025:09:22:34 -0400] "GET /?shopping/product/15762579643.html HTTP/1.1" 301 - "-" "Mozilla/5.0 (Linux; Android 6.0.1; Nexus 5X Build/MMB29P) AppleWebKit/537.36 (KHTML, like Gecko) Chrome/140.0.7339.207 Mobile Safari/537.36 (compatible; Googlebot/2.1; +http://www.google.com/bot.html)"
45.86.153.231 - - [19/Oct/2025:09:22:35 -0400] "GET /wp-login.php HTTP/1.1" 200 5947 "-" "Mozilla/5.0 (Windows NT 10.0; Win64; x64) AppleWebKit/537.36 (KHTML, like Gecko) Chrome/130.0.0.0 Safari/537.36"
66.249.79.164 - - [19/Oct/2025:09:22:35 -0400] "GET /?shopping%2Fproduct%2F15762579643_html HTTP/1.1" 200 47135 "-" "Mozilla/5.0 (Linux; Android 6.0.1; Nexus 5X Build/MMB29P) AppleWebKit/537.36 (KHTML, like Gecko) Chrome/140.0.7339.207 Mobile Safari/537.36 (compatible; Googlebot/2.1; +http://www.google.com/bot.html)"
45.86.153.231 - - [19/Oct/2025:09:22:35 -0400] "POST /wp-login.php HTTP/1.1" 200 6367 "https://menintalk.com/wp-login.php" "Mozilla/5.0 (Windows NT 10.0; Win64; x64) AppleWebKit/537.36 (KHTML, like Gecko) Chrome/130.0.0.0 Safari/537.36"
13.232.160.37 - - [19/Oct/2025:09:22:36 -0400] "GET /wp-login.php HTTP/1.1" 200 5947 "-" "Mozilla/5.0 (Windows NT 10.0; Win64; x64) AppleWebKit/537.36 (KHTML, like Gecko) Chrome/130.0.0.0 Safari/537.36"
13.232.160.37 - - [19/Oct/2025:09:22:37 -0400] "POST /wp-login.php HTTP/1.1" 200 6368 "https://menintalk.com/wp-login.php" "Mozilla/5.0 (Windows NT 10.0; Win64; x64) AppleWebKit/537.36 (KHTML, like Gecko) Chrome/130.0.0.0 Safari/537.36"
142.93.120.13 - - [19/Oct/2025:09:22:38 -0400] "GET /wp-login.php HTTP/1.1" 200 5947 "-" "Mozilla/5.0 (Windows NT 10.0; Win64; x64) AppleWebKit/537.36 (KHTML, like Gecko) Chrome/130.0.0.0 Safari/537.36"
142.93.120.13 - - [19/Oct/2025:09:22:39 -0400] "POST /wp-login.php HTTP/1.1" 200 6366 "https://menintalk.com/wp-login.php" "Mozilla/5.0 (Windows NT 10.0; Win64; x64) AppleWebKit/537.36 (KHTML, like Gecko) Chrome/130.0.0.0 Safari/537.36"
147.124.197.101 - - [19/Oct/2025:09:22:41 -0400] "GET /wp-login.php HTTP/1.1" 200 5947 "-" "Mozilla/5.0 (Windows NT 10.0; Win64; x64) AppleWebKit/537.36 (KHTML, like Gecko) Chrome/130.0.0.0 Safari/537.36"
147.124.197.101 - - [19/Oct/2025:09:22:41 -0400] "POST /wp-login.php HTTP/1.1" 200 6366 "https://menintalk.com/wp-login.php" "Mozilla/5.0 (Windows NT 10.0; Win64; x64) AppleWebKit/537.36 (KHTML, like Gecko) Chrome/130.0.0.0 Safari/537.36"
66.249.79.164 - - [19/Oct/2025:09:22:44 -0400] "GET /?shopping/product/15752350495.html HTTP/1.1" 301 - "-" "Mozilla/5.0 (Linux; Android 6.0.1; Nexus 5X Build/MMB29P) AppleWebKit/537.36 (KHTML, like Gecko) Chrome/140.0.7339.207 Mobile Safari/537.36 (compatible; Googlebot/2.1; +http://www.google.com/bot.html)"
66.249.79.164 - - [19/Oct/2025:09:22:44 -0400] "GET /?shopping%2Fproduct%2F15752350495_html HTTP/1.1" 200 47135 "-" "Mozilla/5.0 (Linux; Android 6.0.1; Nexus 5X Build/MMB29P) AppleWebKit/537.36 (KHTML, like Gecko) Chrome/140.0.7339.207 Mobile Safari/537.36 (compatible; Googlebot/2.1; +http://www.google.com/bot.html)"
163.223.13.96 - - [19/Oct/2025:09:22:45 -0400] "GET /wp-login.php HTTP/1.1" 200 5947 "-" "Mozilla/5.0 (Windows NT 10.0; Win64; x64) AppleWebKit/537.36 (KHTML, like Gecko) Chrome/130.0.0.0 Safari/537.36"
163.223.13.96 - - [19/Oct/2025:09:22:46 -0400] "POST /wp-login.php HTTP/1.1" 200 6363 "https://menintalk.com/wp-login.php" "Mozilla/5.0 (Windows NT 10.0; Win64; x64) AppleWebKit/537.36 (KHTML, like Gecko) Chrome/130.0.0.0 Safari/537.36"
103.178.231.51 - - [19/Oct/2025:09:22:50 -0400] "GET /wp-login.php HTTP/1.1" 200 5947 "-" "Mozilla/5.0 (Windows NT 10.0; Win64; x64) AppleWebKit/537.36 (KHTML, like Gecko) Chrome/130.0.0.0 Safari/537.36"
103.178.231.51 - - [19/Oct/2025:09:22:52 -0400] "POST /wp-login.php HTTP/1.1" 200 6367 "https://menintalk.com/wp-login.php" "Mozilla/5.0 (Windows NT 10.0; Win64; x64) AppleWebKit/537.36 (KHTML, like Gecko) Chrome/130.0.0.0 Safari/537.36"
164.92.134.102 - - [19/Oct/2025:09:22:53 -0400] "GET /wp-login.php HTTP/1.1" 200 5947 "-" "Mozilla/5.0 (Windows NT 10.0; Win64; x64) AppleWebKit/537.36 (KHTML, like Gecko) Chrome/130.0.0.0 Safari/537.36"
66.249.79.169 - - [19/Oct/2025:09:22:53 -0400] "GET /?shopping/product/15752170513.html HTTP/1.1" 301 - "-" "Mozilla/5.0 (Linux; Android 6.0.1; Nexus 5X Build/MMB29P) AppleWebKit/537.36 (KHTML, like Gecko) Chrome/140.0.7339.207 Mobile Safari/537.36 (compatible; Googlebot/2.1; +http://www.google.com/bot.html)"
164.92.134.102 - - [19/Oct/2025:09:22:53 -0400] "POST /wp-login.php HTTP/1.1" 200 6368 "https://menintalk.com/wp-login.php" "Mozilla/5.0 (Windows NT 10.0; Win64; x64) AppleWebKit/537.36 (KHTML, like Gecko) Chrome/130.0.0.0 Safari/537.36"
66.249.79.169 - - [19/Oct/2025:09:22:53 -0400] "GET /?shopping%2Fproduct%2F15752170513_html HTTP/1.1" 200 47135 "-" "Mozilla/5.0 (Linux; Android 6.0.1; Nexus 5X Build/MMB29P) AppleWebKit/537.36 (KHTML, like Gecko) Chrome/140.0.7339.207 Mobile Safari/537.36 (compatible; Googlebot/2.1; +http://www.google.com/bot.html)"
66.249.79.169 - - [19/Oct/2025:09:23:02 -0400] "GET /?shopping/product/15752291273.html HTTP/1.1" 301 - "-" "Mozilla/5.0 (Linux; Android 6.0.1; Nexus 5X Build/MMB29P) AppleWebKit/537.36 (KHTML, like Gecko) Chrome/140.0.7339.207 Mobile Safari/537.36 (compatible; Googlebot/2.1; +http://www.google.com/bot.html)"
66.249.79.170 - - [19/Oct/2025:09:23:03 -0400] "GET /?shopping%2Fproduct%2F15752291273_html HTTP/1.1" 200 47135 "-" "Mozilla/5.0 (Linux; Android 6.0.1; Nexus 5X Build/MMB29P) AppleWebKit/537.36 (KHTML, like Gecko) Chrome/140.0.7339.207 Mobile Safari/537.36 (compatible; Googlebot/2.1; +http://www.google.com/bot.html)"
147.124.197.101 - - [19/Oct/2025:09:23:06 -0400] "GET /wp-login.php HTTP/1.1" 200 5947 "-" "Mozilla/5.0 (Windows NT 10.0; Win64; x64) AppleWebKit/537.36 (KHTML, like Gecko) Chrome/130.0.0.0 Safari/537.36"
147.124.197.101 - - [19/Oct/2025:09:23:08 -0400] "POST /wp-login.php HTTP/1.1" 200 6402 "https://menintalk.com/wp-login.php" "Mozilla/5.0 (Windows NT 10.0; Win64; x64) AppleWebKit/537.36 (KHTML, like Gecko) Chrome/130.0.0.0 Safari/537.36"
162.241.138.4 - - [19/Oct/2025:09:23:09 -0400] "GET /wp-login.php HTTP/1.1" 200 5947 "-" "Mozilla/5.0 (Windows NT 10.0; Win64; x64) AppleWebKit/537.36 (KHTML, like Gecko) Chrome/130.0.0.0 Safari/537.36"
162.241.138.4 - - [19/Oct/2025:09:23:10 -0400] "POST /wp-login.php HTTP/1.1" 200 6402 "https://menintalk.com/wp-login.php" "Mozilla/5.0 (Windows NT 10.0; Win64; x64) AppleWebKit/537.36 (KHTML, like Gecko) Chrome/130.0.0.0 Safari/537.36"
66.249.79.169 - - [19/Oct/2025:09:23:12 -0400] "GET /?shopping/product/15752169453.html HTTP/1.1" 301 - "-" "Mozilla/5.0 (Linux; Android 6.0.1; Nexus 5X Build/MMB29P) AppleWebKit/537.36 (KHTML, like Gecko) Chrome/140.0.7339.207 Mobile Safari/537.36 (compatible; Googlebot/2.1; +http://www.google.com/bot.html)"
37.130.202.220 - - [19/Oct/2025:09:23:12 -0400] "GET /wp-login.php HTTP/1.1" 200 5947 "-" "Mozilla/5.0 (Windows NT 10.0; Win64; x64) AppleWebKit/537.36 (KHTML, like Gecko) Chrome/130.0.0.0 Safari/537.36"
66.249.79.170 - - [19/Oct/2025:09:23:13 -0400] "GET /?shopping%2Fproduct%2F15752169453_html HTTP/1.1" 200 47135 "-" "Mozilla/5.0 (Linux; Android 6.0.1; Nexus 5X Build/MMB29P) AppleWebKit/537.36 (KHTML, like Gecko) Chrome/140.0.7339.207 Mobile Safari/537.36 (compatible; Googlebot/2.1; +http://www.google.com/bot.html)"
37.130.202.220 - - [19/Oct/2025:09:23:13 -0400] "POST /wp-login.php HTTP/1.1" 200 6402 "https://menintalk.com/wp-login.php" "Mozilla/5.0 (Windows NT 10.0; Win64; x64) AppleWebKit/537.36 (KHTML, like Gecko) Chrome/130.0.0.0 Safari/537.36"
103.178.231.51 - - [19/Oct/2025:09:23:15 -0400] "GET /wp-login.php HTTP/1.1" 200 5947 "-" "Mozilla/5.0 (Windows NT 10.0; Win64; x64) AppleWebKit/537.36 (KHTML, like Gecko) Chrome/130.0.0.0 Safari/537.36"
103.178.231.51 - - [19/Oct/2025:09:23:16 -0400] "POST /wp-login.php HTTP/1.1" 200 6402 "https://menintalk.com/wp-login.php" "Mozilla/5.0 (Windows NT 10.0; Win64; x64) AppleWebKit/537.36 (KHTML, like Gecko) Chrome/130.0.0.0 Safari/537.36"
203.210.237.200 - - [19/Oct/2025:09:23:16 -0400] "GET /wp-login.php HTTP/1.1" 200 5947 "-" "Mozilla/4.0 (compatible; MSIE 7.0; Windows NT 6.2; WOW64; Trident/7.0; .NET4.0C; .NET4.0E; Tablet PC 2.0; .NET CLR 2.0.50727; .NET CLR 3.0.30729; .NET CLR 3.5.30729)"
203.210.237.200 - - [19/Oct/2025:09:23:17 -0400] "POST /wp-login.php HTTP/1.1" 200 6420 "https://menintalk.com/wp-login.php" "Mozilla/4.0 (compatible; MSIE 7.0; Windows NT 6.2; WOW64; Trident/7.0; .NET4.0C; .NET4.0E; Tablet PC 2.0; .NET CLR 2.0.50727; .NET CLR 3.0.30729; .NET CLR 3.5.30729)"
163.223.13.96 - - [19/Oct/2025:09:23:19 -0400] "GET /wp-login.php HTTP/1.1" 200 5947 "-" "Mozilla/5.0 (Windows NT 10.0; Win64; x64) AppleWebKit/537.36 (KHTML, like Gecko) Chrome/130.0.0.0 Safari/537.36"
163.223.13.96 - - [19/Oct/2025:09:23:20 -0400] "POST /wp-login.php HTTP/1.1" 200 6402 "https://menintalk.com/wp-login.php" "Mozilla/5.0 (Windows NT 10.0; Win64; x64) AppleWebKit/537.36 (KHTML, like Gecko) Chrome/130.0.0.0 Safari/537.36"
66.249.79.169 - - [19/Oct/2025:09:23:21 -0400] "GET /?shopping/product/1572907075.html HTTP/1.1" 301 - "-" "Mozilla/5.0 (Linux; Android 6.0.1; Nexus 5X Build/MMB29P) AppleWebKit/537.36 (KHTML, like Gecko) Chrome/140.0.7339.207 Mobile Safari/537.36 (compatible; Googlebot/2.1; +http://www.google.com/bot.html)"
108.179.252.70 - - [19/Oct/2025:09:23:21 -0400] "GET /wp-login.php HTTP/1.1" 200 5947 "-" "Mozilla/5.0 (Windows NT 10.0; Win64; x64) AppleWebKit/537.36 (KHTML, like Gecko) Chrome/130.0.0.0 Safari/537.36"
66.249.79.169 - - [19/Oct/2025:09:23:22 -0400] "GET /?shopping%2Fproduct%2F1572907075_html HTTP/1.1" 200 47129 "-" "Mozilla/5.0 (Linux; Android 6.0.1; Nexus 5X Build/MMB29P) AppleWebKit/537.36 (KHTML, like Gecko) Chrome/140.0.7339.207 Mobile Safari/537.36 (compatible; Googlebot/2.1; +http://www.google.com/bot.html)"
108.179.252.70 - - [19/Oct/2025:09:23:22 -0400] "POST /wp-login.php HTTP/1.1" 200 6402 "https://menintalk.com/wp-login.php" "Mozilla/5.0 (Windows NT 10.0; Win64; x64) AppleWebKit/537.36 (KHTML, like Gecko) Chrome/130.0.0.0 Safari/537.36"
54.36.95.199 - - [19/Oct/2025:09:23:24 -0400] "GET /wp-login.php HTTP/1.1" 200 5947 "-" "Mozilla/5.0 (Windows NT 10.0; Win64; x64) AppleWebKit/537.36 (KHTML, like Gecko) Chrome/130.0.0.0 Safari/537.36"
54.36.95.199 - - [19/Oct/2025:09:23:24 -0400] "POST /wp-login.php HTTP/1.1" 200 6370 "https://menintalk.com/wp-login.php" "Mozilla/5.0 (Windows NT 10.0; Win64; x64) AppleWebKit/537.36 (KHTML, like Gecko) Chrome/130.0.0.0 Safari/537.36"
185.159.123.134 - - [19/Oct/2025:09:23:26 -0400] "GET /wp-content/uploads/2015/04/penis-massage-so-geht-s_opengraph.jpg HTTP/1.1" 404 73675 "-" "-"
196.251.72.223 - - [19/Oct/2025:09:23:27 -0400] "POST /wp-login.php HTTP/1.1" 200 6367 "-" "Mozilla/5.0"
196.251.72.223 - - [19/Oct/2025:09:23:27 -0400] "POST /wp-login.php HTTP/1.1" 200 6366 "-" "Mozilla/5.0"
162.241.153.13 - - [19/Oct/2025:09:23:28 -0400] "GET /wp-login.php HTTP/1.1" 200 5947 "-" "Mozilla/5.0 (Windows NT 10.0; Win64; x64) AppleWebKit/537.36 (KHTML, like Gecko) Chrome/130.0.0.0 Safari/537.36"
162.241.153.13 - - [19/Oct/2025:09:23:29 -0400] "POST /wp-login.php HTTP/1.1" 200 6367 "https://menintalk.com/wp-login.php" "Mozilla/5.0 (Windows NT 10.0; Win64; x64) AppleWebKit/537.36 (KHTML, like Gecko) Chrome/130.0.0.0 Safari/537.36"
66.249.79.169 - - [19/Oct/2025:09:23:31 -0400] "GET /?shopping/product/15752333549.html HTTP/1.1" 301 - "-" "Mozilla/5.0 (Linux; Android 6.0.1; Nexus 5X Build/MMB29P) AppleWebKit/537.36 (KHTML, like Gecko) Chrome/140.0.7339.207 Mobile Safari/537.36 (compatible; Googlebot/2.1; +http://www.google.com/bot.html)"
66.249.79.169 - - [19/Oct/2025:09:23:31 -0400] "GET /?shopping/product/1572893889.html HTTP/1.1" 301 - "-" "Mozilla/5.0 (Linux; Android 6.0.1; Nexus 5X Build/MMB29P) AppleWebKit/537.36 (KHTML, like Gecko) Chrome/140.0.7339.207 Mobile Safari/537.36 (compatible; Googlebot/2.1; +http://www.google.com/bot.html)"
46.101.0.130 - - [19/Oct/2025:09:23:31 -0400] "GET /wp-login.php HTTP/1.1" 200 5947 "-" "Mozilla/5.0 (Windows NT 10.0; Win64; x64) AppleWebKit/537.36 (KHTML, like Gecko) Chrome/130.0.0.0 Safari/537.36"
66.249.79.169 - - [19/Oct/2025:09:23:32 -0400] "GET /?shopping%2Fproduct%2F15752333549_html HTTP/1.1" 200 47135 "-" "Mozilla/5.0 (Linux; Android 6.0.1; Nexus 5X Build/MMB29P) AppleWebKit/537.36 (KHTML, like Gecko) Chrome/140.0.7339.207 Mobile Safari/537.36 (compatible; Googlebot/2.1; +http://www.google.com/bot.html)"
46.101.0.130 - - [19/Oct/2025:09:23:32 -0400] "POST /wp-login.php HTTP/1.1" 200 6367 "https://menintalk.com/wp-login.php" "Mozilla/5.0 (Windows NT 10.0; Win64; x64) AppleWebKit/537.36 (KHTML, like Gecko) Chrome/130.0.0.0 Safari/537.36"
72.14.199.41 - - [19/Oct/2025:09:23:34 -0400] "GET /feed/ HTTP/1.1" 200 53008 "-" "FeedFetcher-Google; (+http://www.google.com/feedfetcher.html)"
20.253.155.235 - - [19/Oct/2025:09:23:34 -0400] "GET /wp-login.php HTTP/1.1" 200 5947 "-" "Mozilla/5.0 (Windows NT 10.0; Win64; x64) AppleWebKit/537.36 (KHTML, like Gecko) Chrome/130.0.0.0 Safari/537.36"
20.253.155.235 - - [19/Oct/2025:09:23:35 -0400] "POST /wp-login.php HTTP/1.1" 200 6402 "https://menintalk.com/wp-login.php" "Mozilla/5.0 (Windows NT 10.0; Win64; x64) AppleWebKit/537.36 (KHTML, like Gecko) Chrome/130.0.0.0 Safari/537.36"
66.249.79.169 - - [19/Oct/2025:09:23:35 -0400] "GET /?shopping%2Fproduct%2F1572893889_html HTTP/1.1" 200 47129 "-" "Mozilla/5.0 (Linux; Android 6.0.1; Nexus 5X Build/MMB29P) AppleWebKit/537.36 (KHTML, like Gecko) Chrome/140.0.7339.207 Mobile Safari/537.36 (compatible; Googlebot/2.1; +http://www.google.com/bot.html)"
143.110.189.28 - - [19/Oct/2025:09:23:37 -0400] "GET /wp-login.php HTTP/1.1" 200 5947 "-" "Mozilla/5.0 (Windows NT 10.0; Win64; x64) AppleWebKit/537.36 (KHTML, like Gecko) Chrome/130.0.0.0 Safari/537.36"
66.249.79.169 - - [19/Oct/2025:09:23:37 -0400] "GET /?shopping/product/15752181982.html HTTP/1.1" 301 - "-" "Mozilla/5.0 (Linux; Android 6.0.1; Nexus 5X Build/MMB29P) AppleWebKit/537.36 (KHTML, like Gecko) Chrome/140.0.7339.207 Mobile Safari/537.36 (compatible; Googlebot/2.1; +http://www.google.com/bot.html)"
143.110.189.28 - - [19/Oct/2025:09:23:37 -0400] "POST /wp-login.php HTTP/1.1" 200 6402 "https://menintalk.com/wp-login.php" "Mozilla/5.0 (Windows NT 10.0; Win64; x64) AppleWebKit/537.36 (KHTML, like Gecko) Chrome/130.0.0.0 Safari/537.36"
66.249.79.169 - - [19/Oct/2025:09:23:38 -0400] "GET /?shopping%2Fproduct%2F15752181982_html HTTP/1.1" 200 47135 "-" "Mozilla/5.0 (Linux; Android 6.0.1; Nexus 5X Build/MMB29P) AppleWebKit/537.36 (KHTML, like Gecko) Chrome/140.0.7339.207 Mobile Safari/537.36 (compatible; Googlebot/2.1; +http://www.google.com/bot.html)"
178.239.147.118 - - [19/Oct/2025:09:23:39 -0400] "GET /wp-login.php HTTP/1.1" 200 5947 "-" "Mozilla/5.0 (Windows NT 10.0; Win64; x64) AppleWebKit/537.36 (KHTML, like Gecko) Chrome/130.0.0.0 Safari/537.36"
178.239.147.118 - - [19/Oct/2025:09:23:40 -0400] "POST /wp-login.php HTTP/1.1" 200 6402 "https://menintalk.com/wp-login.php" "Mozilla/5.0 (Windows NT 10.0; Win64; x64) AppleWebKit/537.36 (KHTML, like Gecko) Chrome/130.0.0.0 Safari/537.36"
66.249.79.169 - - [19/Oct/2025:09:23:42 -0400] "GET /feed/ HTTP/1.1" 200 53008 "-" "Mozilla/5.0 (compatible; Googlebot/2.1; +http://www.google.com/bot.html)"
217.76.158.60 - - [19/Oct/2025:09:23:43 -0400] "GET /wp-login.php HTTP/1.1" 200 5947 "-" "Mozilla/5.0 (Windows NT 10.0; Win64; x64) AppleWebKit/537.36 (KHTML, like Gecko) Chrome/130.0.0.0 Safari/537.36"
217.76.158.60 - - [19/Oct/2025:09:23:43 -0400] "POST /wp-login.php HTTP/1.1" 200 6367 "https://menintalk.com/wp-login.php" "Mozilla/5.0 (Windows NT 10.0; Win64; x64) AppleWebKit/537.36 (KHTML, like Gecko) Chrome/130.0.0.0 Safari/537.36"
66.249.79.169 - - [19/Oct/2025:09:23:45 -0400] "GET /?shopping/product/1571277376.html HTTP/1.1" 301 - "-" "Mozilla/5.0 (Linux; Android 6.0.1; Nexus 5X Build/MMB29P) AppleWebKit/537.36 (KHTML, like Gecko) Chrome/140.0.7339.207 Mobile Safari/537.36 (compatible; Googlebot/2.1; +http://www.google.com/bot.html)"
66.249.79.169 - - [19/Oct/2025:09:23:45 -0400] "GET /?shopping%2Fproduct%2F1571277376_html HTTP/1.1" 200 47129 "-" "Mozilla/5.0 (Linux; Android 6.0.1; Nexus 5X Build/MMB29P) AppleWebKit/537.36 (KHTML, like Gecko) Chrome/140.0.7339.207 Mobile Safari/537.36 (compatible; Googlebot/2.1; +http://www.google.com/bot.html)"
132.148.75.116 - - [19/Oct/2025:09:23:47 -0400] "GET /wp-login.php HTTP/1.1" 200 5947 "-" "Mozilla/5.0 (Windows NT 10.0; Win64; x64) AppleWebKit/537.36 (KHTML, like Gecko) Chrome/130.0.0.0 Safari/537.36"
132.148.75.116 - - [19/Oct/2025:09:23:48 -0400] "POST /wp-login.php HTTP/1.1" 200 6402 "https://menintalk.com/wp-login.php" "Mozilla/5.0 (Windows NT 10.0; Win64; x64) AppleWebKit/537.36 (KHTML, like Gecko) Chrome/130.0.0.0 Safari/537.36"
209.205.228.185 - - [19/Oct/2025:09:23:50 -0400] "GET /wp-login.php HTTP/1.1" 200 5947 "-" "Mozilla/5.0 (Windows NT 10.0; Win64; x64) AppleWebKit/537.36 (KHTML, like Gecko) Chrome/130.0.0.0 Safari/537.36"
209.205.228.185 - - [19/Oct/2025:09:23:51 -0400] "POST /wp-login.php HTTP/1.1" 200 6402 "https://menintalk.com/wp-login.php" "Mozilla/5.0 (Windows NT 10.0; Win64; x64) AppleWebKit/537.36 (KHTML, like Gecko) Chrome/130.0.0.0 Safari/537.36"
66.249.79.169 - - [19/Oct/2025:09:23:54 -0400] "GET /?shopping/product/1572684444.html HTTP/1.1" 301 - "-" "Mozilla/5.0 (Linux; Android 6.0.1; Nexus 5X Build/MMB29P) AppleWebKit/537.36 (KHTML, like Gecko) Chrome/140.0.7339.207 Mobile Safari/537.36 (compatible; Googlebot/2.1; +http://www.google.com/bot.html)"
103.82.38.57 - - [19/Oct/2025:09:23:54 -0400] "GET /wp-login.php HTTP/1.1" 200 5947 "-" "Mozilla/5.0 (Windows NT 10.0; Win64; x64) AppleWebKit/537.36 (KHTML, like Gecko) Chrome/130.0.0.0 Safari/537.36"
66.249.79.169 - - [19/Oct/2025:09:23:54 -0400] "GET /?shopping%2Fproduct%2F1572684444_html HTTP/1.1" 200 47129 "-" "Mozilla/5.0 (Linux; Android 6.0.1; Nexus 5X Build/MMB29P) AppleWebKit/537.36 (KHTML, like Gecko) Chrome/140.0.7339.207 Mobile Safari/537.36 (compatible; Googlebot/2.1; +http://www.google.com/bot.html)"
103.82.38.57 - - [19/Oct/2025:09:23:56 -0400] "POST /wp-login.php HTTP/1.1" 200 6402 "https://menintalk.com/wp-login.php" "Mozilla/5.0 (Windows NT 10.0; Win64; x64) AppleWebKit/537.36 (KHTML, like Gecko) Chrome/130.0.0.0 Safari/537.36"
148.72.77.215 - - [19/Oct/2025:09:23:59 -0400] "GET /wp-login.php HTTP/1.1" 200 5947 "-" "Mozilla/5.0 (Windows NT 10.0; Win64; x64) AppleWebKit/537.36 (KHTML, like Gecko) Chrome/130.0.0.0 Safari/537.36"
148.72.77.215 - - [19/Oct/2025:09:24:00 -0400] "POST /wp-login.php HTTP/1.1" 200 6402 "https://menintalk.com/wp-login.php" "Mozilla/5.0 (Windows NT 10.0; Win64; x64) AppleWebKit/537.36 (KHTML, like Gecko) Chrome/130.0.0.0 Safari/537.36"
54.38.147.158 - - [19/Oct/2025:09:24:02 -0400] "GET /category/uncategorized/page/277/?filter_by=random_posts HTTP/1.1" 200 86786 "-" "Mozilla/5.0 (compatible; AhrefsBot/7.0; +http://ahrefs.com/robot/)"
66.249.79.169 - - [19/Oct/2025:09:24:03 -0400] "GET /?shopping/product/15741857608.html HTTP/1.1" 301 - "-" "Mozilla/5.0 (Linux; Android 6.0.1; Nexus 5X Build/MMB29P) AppleWebKit/537.36 (KHTML, like Gecko) Chrome/140.0.7339.207 Mobile Safari/537.36 (compatible; Googlebot/2.1; +http://www.google.com/bot.html)"
66.249.79.169 - - [19/Oct/2025:09:24:03 -0400] "GET /?shopping%2Fproduct%2F15741857608_html HTTP/1.1" 200 47135 "-" "Mozilla/5.0 (Linux; Android 6.0.1; Nexus 5X Build/MMB29P) AppleWebKit/537.36 (KHTML, like Gecko) Chrome/140.0.7339.207 Mobile Safari/537.36 (compatible; Googlebot/2.1; +http://www.google.com/bot.html)"
66.249.79.169 - - [19/Oct/2025:09:24:11 -0400] "GET /?shopping/product/15762895759.html HTTP/1.1" 301 - "-" "Mozilla/5.0 (Linux; Android 6.0.1; Nexus 5X Build/MMB29P) AppleWebKit/537.36 (KHTML, like Gecko) Chrome/140.0.7339.207 Mobile Safari/537.36 (compatible; Googlebot/2.1; +http://www.google.com/bot.html)"
66.249.79.169 - - [19/Oct/2025:09:24:12 -0400] "GET /?shopping%2Fproduct%2F15762895759_html HTTP/1.1" 200 47135 "-" "Mozilla/5.0 (Linux; Android 6.0.1; Nexus 5X Build/MMB29P) AppleWebKit/537.36 (KHTML, like Gecko) Chrome/140.0.7339.207 Mobile Safari/537.36 (compatible; Googlebot/2.1; +http://www.google.com/bot.html)"
66.249.79.169 - - [19/Oct/2025:09:24:20 -0400] "GET /?shopping/product/15741714334.html HTTP/1.1" 301 - "-" "Mozilla/5.0 (Linux; Android 6.0.1; Nexus 5X Build/MMB29P) AppleWebKit/537.36 (KHTML, like Gecko) Chrome/140.0.7339.207 Mobile Safari/537.36 (compatible; Googlebot/2.1; +http://www.google.com/bot.html)"
66.249.79.169 - - [19/Oct/2025:09:24:21 -0400] "GET /?shopping%2Fproduct%2F15741714334_html HTTP/1.1" 200 47135 "-" "Mozilla/5.0 (Linux; Android 6.0.1; Nexus 5X Build/MMB29P) AppleWebKit/537.36 (KHTML, like Gecko) Chrome/140.0.7339.207 Mobile Safari/537.36 (compatible; Googlebot/2.1; +http://www.google.com/bot.html)"
47.128.16.161 - - [19/Oct/2025:09:24:22 -0400] "GET /penis-girth-surgery-enhance-penis-girth-and-length/3/ HTTP/1.1" 200 49619 "-" "Mozilla/5.0 (Linux; Android 5.0) AppleWebKit/537.36 (KHTML, like Gecko) Mobile Safari/537.36 (compatible; TikTokSpider; [email protected])"
47.128.16.161 - - [19/Oct/2025:09:24:23 -0400] "GET /wp-includes/css/dist/block-library/style.min.css?ver=6.8.3 HTTP/1.1" 304 - "https://menintalk.com/penis-girth-surgery-enhance-penis-girth-and-length/3/" "Mozilla/5.0 (Linux; Android 5.0) AppleWebKit/537.36 (KHTML, like Gecko) Mobile Safari/537.36 (compatible; TikTokSpider; [email protected])"
47.128.16.161 - - [19/Oct/2025:09:24:23 -0400] "GET /wp-content/plugins/td-composer/td-multi-purpose/style.css?ver=e462493fbefecc1c77b3f5de91c3f3ed HTTP/1.1" 304 - "https://menintalk.com/penis-girth-surgery-enhance-penis-girth-and-length/3/" "Mozilla/5.0 (Linux; Android 5.0) AppleWebKit/537.36 (KHTML, like Gecko) Mobile Safari/537.36 (compatible; TikTokSpider; [email protected])"
47.128.16.161 - - [19/Oct/2025:09:24:23 -0400] "GET /wp-content/plugins/td-subscription/assets/css/tds-front.css?ver=1.7.2 HTTP/1.1" 304 - "https://menintalk.com/penis-girth-surgery-enhance-penis-girth-and-length/3/" "Mozilla/5.0 (Linux; Android 5.0) AppleWebKit/537.36 (KHTML, like Gecko) Mobile Safari/537.36 (compatible; TikTokSpider; [email protected])"
47.128.16.161 - - [19/Oct/2025:09:24:23 -0400] "GET /wp-content/plugins/td-composer/mobile/style.css?ver=12.7.2 HTTP/1.1" 304 - "https://menintalk.com/penis-girth-surgery-enhance-penis-girth-and-length/3/" "Mozilla/5.0 (Linux; Android 5.0) AppleWebKit/537.36 (KHTML, like Gecko) Mobile Safari/537.36 (compatible; TikTokSpider; [email protected])"
47.128.16.161 - - [19/Oct/2025:09:24:23 -0400] "GET /wp-content/plugins/td-newsletter/style.css?ver=12.7.2 HTTP/1.1" 304 - "https://menintalk.com/penis-girth-surgery-enhance-penis-girth-and-length/3/" "Mozilla/5.0 (Linux; Android 5.0) AppleWebKit/537.36 (KHTML, like Gecko) Mobile Safari/537.36 (compatible; TikTokSpider; [email protected])"
47.128.16.161 - - [19/Oct/2025:09:24:23 -0400] "GET /wp-content/uploads/2015/03/Penis-girth-surgery-Enhance-penis-girth-and-length.jpg HTTP/1.1" 404 42261 "https://menintalk.com/penis-girth-surgery-enhance-penis-girth-and-length/3/" "Mozilla/5.0 (Linux; Android 5.0) AppleWebKit/537.36 (KHTML, like Gecko) Mobile Safari/537.36 (compatible; TikTokSpider; [email protected])"
47.128.16.161 - - [19/Oct/2025:09:24:23 -0400] "GET /wp-content/uploads/2018/09/Viantis-Advanced-Blend-Male.jpg HTTP/1.1" 404 42261 "https://menintalk.com/penis-girth-surgery-enhance-penis-girth-and-length/3/" "Mozilla/5.0 (Linux; Android 5.0) AppleWebKit/537.36 (KHTML, like Gecko) Mobile Safari/537.36 (compatible; TikTokSpider; [email protected])"
47.128.16.161 - - [19/Oct/2025:09:24:23 -0400] "GET /wp-content/uploads/2018/09/Test-Troxin-satisfaction.jpg HTTP/1.1" 404 42261 "https://menintalk.com/penis-girth-surgery-enhance-penis-girth-and-length/3/" "Mozilla/5.0 (Linux; Android 5.0) AppleWebKit/537.36 (KHTML, like Gecko) Mobile Safari/537.36 (compatible; TikTokSpider; [email protected])"
47.128.16.161 - - [19/Oct/2025:09:24:23 -0400] "GET /wp-content/uploads/2015/04/Penis1.jpg HTTP/1.1" 404 42261 "https://menintalk.com/penis-girth-surgery-enhance-penis-girth-and-length/3/" "Mozilla/5.0 (Linux; Android 5.0) AppleWebKit/537.36 (KHTML, like Gecko) Mobile Safari/537.36 (compatible; TikTokSpider; [email protected])"
47.128.16.161 - - [19/Oct/2025:09:24:27 -0400] "GET /wp-content/uploads/2015/03/Penis-girth-surgery-Enhance-penis-girth-and-length-295x197.jpg HTTP/1.1" 404 42261 "https://menintalk.com/penis-girth-surgery-enhance-penis-girth-and-length/3/" "Mozilla/5.0 (Linux; Android 5.0) AppleWebKit/537.36 (KHTML, like Gecko) Mobile Safari/537.36 (compatible; TikTokSpider; [email protected])"
47.128.16.161 - - [19/Oct/2025:09:24:27 -0400] "GET /wp-content/uploads/2018/09/Viantis-Advanced-Blend-Male-300x180.jpg HTTP/1.1" 404 42261 "https://menintalk.com/penis-girth-surgery-enhance-penis-girth-and-length/3/" "Mozilla/5.0 (Linux; Android 5.0) AppleWebKit/537.36 (KHTML, like Gecko) Mobile Safari/537.36 (compatible; TikTokSpider; [email protected])"
47.128.16.161 - - [19/Oct/2025:09:24:27 -0400] "GET /wp-content/uploads/2018/09/Test-Troxin-satisfaction.jpg HTTP/1.1" 404 42261 "https://menintalk.com/penis-girth-surgery-enhance-penis-girth-and-length/3/" "Mozilla/5.0 (Linux; Android 5.0) AppleWebKit/537.36 (KHTML, like Gecko) Mobile Safari/537.36 (compatible; TikTokSpider; [email protected])"
47.128.16.161 - - [19/Oct/2025:09:24:27 -0400] "GET /wp-content/uploads/2018/09/Viantis-Advanced-Blend-Male.jpg HTTP/1.1" 404 42261 "https://menintalk.com/penis-girth-surgery-enhance-penis-girth-and-length/3/" "Mozilla/5.0 (Linux; Android 5.0) AppleWebKit/537.36 (KHTML, like Gecko) Mobile Safari/537.36 (compatible; TikTokSpider; [email protected])"
47.128.16.161 - - [19/Oct/2025:09:24:27 -0400] "GET /wp-content/uploads/2018/09/Test-Troxin-satisfaction-300x180.jpg HTTP/1.1" 404 42261 "https://menintalk.com/penis-girth-surgery-enhance-penis-girth-and-length/3/" "Mozilla/5.0 (Linux; Android 5.0) AppleWebKit/537.36 (KHTML, like Gecko) Mobile Safari/537.36 (compatible; TikTokSpider; [email protected])"
47.128.16.161 - - [19/Oct/2025:09:24:27 -0400] "GET /wp-content/uploads/2015/03/Penis-girth-surgery-Enhance-penis-girth-and-length.jpg HTTP/1.1" 404 42261 "https://menintalk.com/penis-girth-surgery-enhance-penis-girth-and-length/3/" "Mozilla/5.0 (Linux; Android 5.0) AppleWebKit/537.36 (KHTML, like Gecko) Mobile Safari/537.36 (compatible; TikTokSpider; [email protected])"
47.128.16.161 - - [19/Oct/2025:09:24:27 -0400] "GET /wp-content/uploads/2015/04/Penis1.jpg HTTP/1.1" 404 42261 "https://menintalk.com/penis-girth-surgery-enhance-penis-girth-and-length/3/" "Mozilla/5.0 (Linux; Android 5.0) AppleWebKit/537.36 (KHTML, like Gecko) Mobile Safari/537.36 (compatible; TikTokSpider; [email protected])"
66.249.79.169 - - [19/Oct/2025:09:24:29 -0400] "GET /?shopping/product/1571147737.html HTTP/1.1" 301 - "-" "Mozilla/5.0 (Linux; Android 6.0.1; Nexus 5X Build/MMB29P) AppleWebKit/537.36 (KHTML, like Gecko) Chrome/140.0.7339.207 Mobile Safari/537.36 (compatible; Googlebot/2.1; +http://www.google.com/bot.html)"
66.249.79.169 - - [19/Oct/2025:09:24:30 -0400] "GET /?shopping/product/15741881756.html HTTP/1.1" 301 - "-" "Mozilla/5.0 (Linux; Android 6.0.1; Nexus 5X Build/MMB29P) AppleWebKit/537.36 (KHTML, like Gecko) Chrome/140.0.7339.207 Mobile Safari/537.36 (compatible; Googlebot/2.1; +http://www.google.com/bot.html)"
109.199.112.212 - - [19/Oct/2025:09:24:31 -0400] "POST /wp-login.php HTTP/1.1" 200 6402 "-" "Mozilla/5.0"
109.199.112.212 - - [19/Oct/2025:09:24:31 -0400] "POST /wp-login.php HTTP/1.1" 200 6404 "-" "Mozilla/5.0"
109.199.112.212 - - [19/Oct/2025:09:24:31 -0400] "POST /wp-login.php HTTP/1.1" 200 6367 "-" "Mozilla/5.0"
109.199.112.212 - - [19/Oct/2025:09:24:31 -0400] "POST /wp-login.php HTTP/1.1" 200 6404 "-" "Mozilla/5.0"
109.199.112.212 - - [19/Oct/2025:09:24:31 -0400] "POST /wp-login.php HTTP/1.1" 200 6367 "-" "Mozilla/5.0"
109.199.112.212 - - [19/Oct/2025:09:24:31 -0400] "POST /wp-login.php HTTP/1.1" 200 6404 "-" "Mozilla/5.0"
66.249.79.169 - - [19/Oct/2025:09:24:31 -0400] "GET /?shopping%2Fproduct%2F1571147737_html HTTP/1.1" 200 47129 "-" "Mozilla/5.0 (Linux; Android 6.0.1; Nexus 5X Build/MMB29P) AppleWebKit/537.36 (KHTML, like Gecko) Chrome/140.0.7339.207 Mobile Safari/537.36 (compatible; Googlebot/2.1; +http://www.google.com/bot.html)"
51.89.167.163 - - [19/Oct/2025:09:24:31 -0400] "GET /category/done-240679-17-10/ HTTP/1.1" 200 70662 "-" "Mozilla/5.0 (Windows NT 10.0; Win64; x64) AppleWebKit/537.36 (KHTML, like Gecko) Chrome/139.0.0.0 Safari/537.36"
66.249.79.169 - - [19/Oct/2025:09:24:32 -0400] "GET /?shopping%2Fproduct%2F15741881756_html HTTP/1.1" 200 47135 "-" "Mozilla/5.0 (Linux; Android 6.0.1; Nexus 5X Build/MMB29P) AppleWebKit/537.36 (KHTML, like Gecko) Chrome/140.0.7339.207 Mobile Safari/537.36 (compatible; Googlebot/2.1; +http://www.google.com/bot.html)"
141.94.76.134 - - [19/Oct/2025:09:24:36 -0400] "GET /category/done-241498-16-10/?filter_by=popular HTTP/1.1" 200 70665 "-" "Mozilla/5.0 (Windows NT 10.0; Win64; x64) AppleWebKit/537.36 (KHTML, like Gecko) Chrome/139.0.0.0 Safari/537.36"
66.249.79.169 - - [19/Oct/2025:09:24:38 -0400] "GET /?shopping/product/15752182503.html HTTP/1.1" 301 - "-" "Mozilla/5.0 (Linux; Android 6.0.1; Nexus 5X Build/MMB29P) AppleWebKit/537.36 (KHTML, like Gecko) Chrome/140.0.7339.207 Mobile Safari/537.36 (compatible; Googlebot/2.1; +http://www.google.com/bot.html)"
2001:41d0:404:200::215e - - [19/Oct/2025:09:24:38 -0400] "GET /reinventer-lart-du-jeu-au-mad-casino/ HTTP/1.1" 200 82744 "-" "Mozilla/5.0 (Windows NT 10.0; Win64; x64) AppleWebKit/537.36 (KHTML, like Gecko) Chrome/139.0.0.0 Safari/537.36"
66.249.79.169 - - [19/Oct/2025:09:24:38 -0400] "GET /?shopping%2Fproduct%2F15752182503_html HTTP/1.1" 200 47135 "-" "Mozilla/5.0 (Linux; Android 6.0.1; Nexus 5X Build/MMB29P) AppleWebKit/537.36 (KHTML, like Gecko) Chrome/140.0.7339.207 Mobile Safari/537.36 (compatible; Googlebot/2.1; +http://www.google.com/bot.html)"
51.77.211.229 - - [19/Oct/2025:09:24:40 -0400] "GET /category/done-241498-16-10/?filter_by=featured HTTP/1.1" 200 67648 "-" "Mozilla/5.0 (Windows NT 10.0; Win64; x64) AppleWebKit/537.36 (KHTML, like Gecko) Chrome/139.0.0.0 Safari/537.36"
66.249.79.169 - - [19/Oct/2025:09:24:47 -0400] "GET /?shopping/product/1572581937.html HTTP/1.1" 301 - "-" "Mozilla/5.0 (Linux; Android 6.0.1; Nexus 5X Build/MMB29P) AppleWebKit/537.36 (KHTML, like Gecko) Chrome/140.0.7339.207 Mobile Safari/537.36 (compatible; Googlebot/2.1; +http://www.google.com/bot.html)"
66.249.79.169 - - [19/Oct/2025:09:24:47 -0400] "GET /?shopping%2Fproduct%2F1572581937_html HTTP/1.1" 200 47129 "-" "Mozilla/5.0 (Linux; Android 6.0.1; Nexus 5X Build/MMB29P) AppleWebKit/537.36 (KHTML, like Gecko) Chrome/140.0.7339.207 Mobile Safari/537.36 (compatible; Googlebot/2.1; +http://www.google.com/bot.html)"
2001:41d0:305:2100::4e79 - - [19/Oct/2025:09:24:49 -0400] "GET /category/done-241498-16-10/?filter_by=review_high HTTP/1.1" 200 67649 "-" "Mozilla/5.0 (Windows NT 10.0; Win64; x64) AppleWebKit/537.36 (KHTML, like Gecko) Chrome/139.0.0.0 Safari/537.36"
66.249.79.169 - - [19/Oct/2025:09:24:55 -0400] "GET /?shopping/product/15731038696.html HTTP/1.1" 301 - "-" "Mozilla/5.0 (Linux; Android 6.0.1; Nexus 5X Build/MMB29P) AppleWebKit/537.36 (KHTML, like Gecko) Chrome/140.0.7339.207 Mobile Safari/537.36 (compatible; Googlebot/2.1; +http://www.google.com/bot.html)"
66.249.79.169 - - [19/Oct/2025:09:24:56 -0400] "GET /?shopping%2Fproduct%2F15731038696_html HTTP/1.1" 200 47135 "-" "Mozilla/5.0 (Linux; Android 6.0.1; Nexus 5X Build/MMB29P) AppleWebKit/537.36 (KHTML, like Gecko) Chrome/140.0.7339.207 Mobile Safari/537.36 (compatible; Googlebot/2.1; +http://www.google.com/bot.html)"
121.29.51.28 - - [19/Oct/2025:09:25:02 -0400] "GET /favicon.ico HTTP/1.1" 302 - "-" "Dalvik/2.1.0 (Linux; U; Android 9.0; ZTE BA520 Build/MRA58K)"
66.249.79.171 - - [19/Oct/2025:09:25:04 -0400] "GET /?shopping/product/1571161283.html HTTP/1.1" 301 - "-" "Mozilla/5.0 (Linux; Android 6.0.1; Nexus 5X Build/MMB29P) AppleWebKit/537.36 (KHTML, like Gecko) Chrome/140.0.7339.207 Mobile Safari/537.36 (compatible; Googlebot/2.1; +http://www.google.com/bot.html)"
66.249.79.169 - - [19/Oct/2025:09:25:05 -0400] "GET /?shopping%2Fproduct%2F1571161283_html HTTP/1.1" 200 47129 "-" "Mozilla/5.0 (Linux; Android 6.0.1; Nexus 5X Build/MMB29P) AppleWebKit/537.36 (KHTML, like Gecko) Chrome/140.0.7339.207 Mobile Safari/537.36 (compatible; Googlebot/2.1; +http://www.google.com/bot.html)"
50.6.184.26 - - [19/Oct/2025:09:25:08 -0400] "GET /wp-login.php HTTP/1.1" 200 5947 "-" "Mozilla/5.0 (Windows NT 10.0; Win64; x64; rv:60.0) Gecko/20100101 Firefox/60.0"
92.205.110.219 - - [19/Oct/2025:09:25:10 -0400] "GET /wp-login.php HTTP/1.1" 200 5947 "-" "Mozilla/5.0 (Windows NT 10.0; Win64; x64) AppleWebKit/537.36 (KHTML, like Gecko) Chrome/130.0.0.0 Safari/537.36"
92.205.110.219 - - [19/Oct/2025:09:25:10 -0400] "POST /wp-login.php HTTP/1.1" 200 6402 "https://menintalk.com/wp-login.php" "Mozilla/5.0 (Windows NT 10.0; Win64; x64) AppleWebKit/537.36 (KHTML, like Gecko) Chrome/130.0.0.0 Safari/537.36"
50.6.184.26 - - [19/Oct/2025:09:25:11 -0400] "POST /wp-login.php HTTP/1.1" 200 6422 "https://menintalk.com/wp-login.php" "Mozilla/5.0 (Windows NT 10.0; Win64; x64; rv:60.0) Gecko/20100101 Firefox/60.0"
62.146.234.58 - - [19/Oct/2025:09:25:12 -0400] "GET /wp-login.php HTTP/1.1" 200 5947 "-" "Mozilla/5.0 (Windows NT 10.0; Win64; x64) AppleWebKit/537.36 (KHTML, like Gecko) Chrome/130.0.0.0 Safari/537.36"
141.94.76.134 - - [19/Oct/2025:09:25:12 -0400] "GET /category/done-241498-16-10/?filter_by=random_posts HTTP/1.1" 200 70659 "-" "Mozilla/5.0 (Windows NT 10.0; Win64; x64) AppleWebKit/537.36 (KHTML, like Gecko) Chrome/139.0.0.0 Safari/537.36"
62.146.234.58 - - [19/Oct/2025:09:25:12 -0400] "POST /wp-login.php HTTP/1.1" 200 6402 "https://menintalk.com/wp-login.php" "Mozilla/5.0 (Windows NT 10.0; Win64; x64) AppleWebKit/537.36 (KHTML, like Gecko) Chrome/130.0.0.0 Safari/537.36"
66.249.79.169 - - [19/Oct/2025:09:25:13 -0400] "GET /?shopping/product/1572812747.html HTTP/1.1" 301 - "-" "Mozilla/5.0 (Linux; Android 6.0.1; Nexus 5X Build/MMB29P) AppleWebKit/537.36 (KHTML, like Gecko) Chrome/140.0.7339.207 Mobile Safari/537.36 (compatible; Googlebot/2.1; +http://www.google.com/bot.html)"
67.225.188.52 - - [19/Oct/2025:09:25:14 -0400] "GET /wp-login.php HTTP/1.1" 200 5947 "-" "Mozilla/5.0 (Windows NT 10.0; Win64; x64) AppleWebKit/537.36 (KHTML, like Gecko) Chrome/130.0.0.0 Safari/537.36"
66.249.79.169 - - [19/Oct/2025:09:25:14 -0400] "GET /?shopping%2Fproduct%2F1572812747_html HTTP/1.1" 200 47129 "-" "Mozilla/5.0 (Linux; Android 6.0.1; Nexus 5X Build/MMB29P) AppleWebKit/537.36 (KHTML, like Gecko) Chrome/140.0.7339.207 Mobile Safari/537.36 (compatible; Googlebot/2.1; +http://www.google.com/bot.html)"
67.225.188.52 - - [19/Oct/2025:09:25:15 -0400] "POST /wp-login.php HTTP/1.1" 200 6402 "https://menintalk.com/wp-login.php" "Mozilla/5.0 (Windows NT 10.0; Win64; x64) AppleWebKit/537.36 (KHTML, like Gecko) Chrome/130.0.0.0 Safari/537.36"
209.205.228.185 - - [19/Oct/2025:09:25:16 -0400] "GET /wp-login.php HTTP/1.1" 200 5947 "-" "Mozilla/5.0 (Windows NT 10.0; Win64; x64) AppleWebKit/537.36 (KHTML, like Gecko) Chrome/130.0.0.0 Safari/537.36"
209.205.228.185 - - [19/Oct/2025:09:25:17 -0400] "POST /wp-login.php HTTP/1.1" 200 6367 "https://menintalk.com/wp-login.php" "Mozilla/5.0 (Windows NT 10.0; Win64; x64) AppleWebKit/537.36 (KHTML, like Gecko) Chrome/130.0.0.0 Safari/537.36"
66.249.79.169 - - [19/Oct/2025:09:25:22 -0400] "GET /?shopping/product/1572997762.html HTTP/1.1" 301 - "-" "Mozilla/5.0 (Linux; Android 6.0.1; Nexus 5X Build/MMB29P) AppleWebKit/537.36 (KHTML, like Gecko) Chrome/140.0.7339.207 Mobile Safari/537.36 (compatible; Googlebot/2.1; +http://www.google.com/bot.html)"
66.249.79.169 - - [19/Oct/2025:09:25:22 -0400] "GET /?shopping%2Fproduct%2F1572997762_html HTTP/1.1" 200 47129 "-" "Mozilla/5.0 (Linux; Android 6.0.1; Nexus 5X Build/MMB29P) AppleWebKit/537.36 (KHTML, like Gecko) Chrome/140.0.7339.207 Mobile Safari/537.36 (compatible; Googlebot/2.1; +http://www.google.com/bot.html)"
198.244.226.179 - - [19/Oct/2025:09:25:30 -0400] "GET /as-probabilidades-explicadas-para-maximizar-resultados-no-fogo777-casino/ HTTP/1.1" 200 84089 "-" "Mozilla/5.0 (compatible; AhrefsBot/7.0; +http://ahrefs.com/robot/)"
66.249.79.169 - - [19/Oct/2025:09:25:31 -0400] "GET /?shopping/product/1571127388.html HTTP/1.1" 301 - "-" "Mozilla/5.0 (Linux; Android 6.0.1; Nexus 5X Build/MMB29P) AppleWebKit/537.36 (KHTML, like Gecko) Chrome/140.0.7339.207 Mobile Safari/537.36 (compatible; Googlebot/2.1; +http://www.google.com/bot.html)"
66.249.79.169 - - [19/Oct/2025:09:25:31 -0400] "GET /?shopping%2Fproduct%2F1571127388_html HTTP/1.1" 200 47129 "-" "Mozilla/5.0 (Linux; Android 6.0.1; Nexus 5X Build/MMB29P) AppleWebKit/537.36 (KHTML, like Gecko) Chrome/140.0.7339.207 Mobile Safari/537.36 (compatible; Googlebot/2.1; +http://www.google.com/bot.html)"
66.249.79.169 - - [19/Oct/2025:09:25:39 -0400] "GET /?shopping/product/15741855242.html HTTP/1.1" 301 - "-" "Mozilla/5.0 (Linux; Android 6.0.1; Nexus 5X Build/MMB29P) AppleWebKit/537.36 (KHTML, like Gecko) Chrome/140.0.7339.207 Mobile Safari/537.36 (compatible; Googlebot/2.1; +http://www.google.com/bot.html)"
66.249.79.169 - - [19/Oct/2025:09:25:40 -0400] "GET /?shopping%2Fproduct%2F15741855242_html HTTP/1.1" 200 47135 "-" "Mozilla/5.0 (Linux; Android 6.0.1; Nexus 5X Build/MMB29P) AppleWebKit/537.36 (KHTML, like Gecko) Chrome/140.0.7339.207 Mobile Safari/537.36 (compatible; Googlebot/2.1; +http://www.google.com/bot.html)"
141.94.76.134 - - [19/Oct/2025:09:25:42 -0400] "GET /category/gambling/?filter_by=random_posts HTTP/1.1" 200 71758 "-" "Mozilla/5.0 (Windows NT 10.0; Win64; x64) AppleWebKit/537.36 (KHTML, like Gecko) Chrome/139.0.0.0 Safari/537.36"
57.129.69.52 - - [19/Oct/2025:09:25:45 -0400] "GET /avis-sur-winabet365-codes-bonus-inscription-et-25/ HTTP/1.1" 200 92869 "-" "Mozilla/5.0 (Windows NT 10.0; Win64; x64) AppleWebKit/537.36 (KHTML, like Gecko) Chrome/139.0.0.0 Safari/537.36"
57.129.81.226 - - [19/Oct/2025:09:25:47 -0400] "GET /sugar-casino-les-mathematiques-au-service-de-vos-victoires/ HTTP/1.1" 200 84703 "-" "Mozilla/5.0 (Windows NT 10.0; Win64; x64) AppleWebKit/537.36 (KHTML, like Gecko) Chrome/139.0.0.0 Safari/537.36"
43.163.206.70 - - [19/Oct/2025:09:25:47 -0400] "GET / HTTP/1.1" 301 - "http://www.menintalk.com" "Mozilla/5.0 (iPhone; CPU iPhone OS 13_2_3 like Mac OS X) AppleWebKit/605.1.15 (KHTML, like Gecko) Version/13.0.3 Mobile/15E148 Safari/604.1"
185.199.53.70 - - [19/Oct/2025:09:25:47 -0400] "GET /wp-login.php HTTP/1.1" 200 5947 "-" "Mozilla/5.0 (Windows NT 10.0; Win64; x64) AppleWebKit/537.36 (KHTML, like Gecko) Chrome/130.0.0.0 Safari/537.36"
185.199.53.70 - - [19/Oct/2025:09:25:48 -0400] "POST /wp-login.php HTTP/1.1" 200 6402 "https://menintalk.com/wp-login.php" "Mozilla/5.0 (Windows NT 10.0; Win64; x64) AppleWebKit/537.36 (KHTML, like Gecko) Chrome/130.0.0.0 Safari/537.36"
66.249.79.169 - - [19/Oct/2025:09:25:48 -0400] "GET /?shopping/product/1571338744.html HTTP/1.1" 301 - "-" "Mozilla/5.0 (Linux; Android 6.0.1; Nexus 5X Build/MMB29P) AppleWebKit/537.36 (KHTML, like Gecko) Chrome/140.0.7339.207 Mobile Safari/537.36 (compatible; Googlebot/2.1; +http://www.google.com/bot.html)"
43.163.206.70 - - [19/Oct/2025:09:25:48 -0400] "GET / HTTP/1.1" 200 46931 "https://www.menintalk.com/" "Mozilla/5.0 (iPhone; CPU iPhone OS 13_2_3 like Mac OS X) AppleWebKit/605.1.15 (KHTML, like Gecko) Version/13.0.3 Mobile/15E148 Safari/604.1"
66.249.79.169 - - [19/Oct/2025:09:25:49 -0400] "GET /?shopping%2Fproduct%2F1571338744_html HTTP/1.1" 200 47129 "-" "Mozilla/5.0 (Linux; Android 6.0.1; Nexus 5X Build/MMB29P) AppleWebKit/537.36 (KHTML, like Gecko) Chrome/140.0.7339.207 Mobile Safari/537.36 (compatible; Googlebot/2.1; +http://www.google.com/bot.html)"
20.253.155.235 - - [19/Oct/2025:09:25:49 -0400] "GET /wp-login.php HTTP/1.1" 200 5947 "-" "Mozilla/5.0 (Windows NT 10.0; Win64; x64) AppleWebKit/537.36 (KHTML, like Gecko) Chrome/130.0.0.0 Safari/537.36"
20.253.155.235 - - [19/Oct/2025:09:25:50 -0400] "POST /wp-login.php HTTP/1.1" 200 6402 "https://menintalk.com/wp-login.php" "Mozilla/5.0 (Windows NT 10.0; Win64; x64) AppleWebKit/537.36 (KHTML, like Gecko) Chrome/130.0.0.0 Safari/537.36"
64.227.176.68 - - [19/Oct/2025:09:25:51 -0400] "GET /wp-login.php HTTP/1.1" 200 5947 "-" "Mozilla/5.0 (Windows NT 10.0; Win64; x64) AppleWebKit/537.36 (KHTML, like Gecko) Chrome/130.0.0.0 Safari/537.36"
64.227.176.68 - - [19/Oct/2025:09:25:52 -0400] "POST /wp-login.php HTTP/1.1" 200 6366 "https://menintalk.com/wp-login.php" "Mozilla/5.0 (Windows NT 10.0; Win64; x64) AppleWebKit/537.36 (KHTML, like Gecko) Chrome/130.0.0.0 Safari/537.36"
67.225.188.52 - - [19/Oct/2025:09:25:53 -0400] "GET /wp-login.php HTTP/1.1" 200 5947 "-" "Mozilla/5.0 (Windows NT 10.0; Win64; x64) AppleWebKit/537.36 (KHTML, like Gecko) Chrome/130.0.0.0 Safari/537.36"
67.225.188.52 - - [19/Oct/2025:09:25:54 -0400] "POST /wp-login.php HTTP/1.1" 200 6367 "https://menintalk.com/wp-login.php" "Mozilla/5.0 (Windows NT 10.0; Win64; x64) AppleWebKit/537.36 (KHTML, like Gecko) Chrome/130.0.0.0 Safari/537.36"
57.129.139.88 - - [19/Oct/2025:09:25:54 -0400] "GET /category/vodkacasino-biz/bancorallz-200-2/ HTTP/1.1" 200 71419 "-" "Mozilla/5.0 (Windows NT 10.0; Win64; x64) AppleWebKit/537.36 (KHTML, like Gecko) Chrome/139.0.0.0 Safari/537.36"
62.146.234.58 - - [19/Oct/2025:09:25:56 -0400] "GET /wp-login.php HTTP/1.1" 200 5947 "-" "Mozilla/5.0 (Windows NT 10.0; Win64; x64) AppleWebKit/537.36 (KHTML, like Gecko) Chrome/130.0.0.0 Safari/537.36"
62.146.234.58 - - [19/Oct/2025:09:25:56 -0400] "POST /wp-login.php HTTP/1.1" 200 6367 "https://menintalk.com/wp-login.php" "Mozilla/5.0 (Windows NT 10.0; Win64; x64) AppleWebKit/537.36 (KHTML, like Gecko) Chrome/130.0.0.0 Safari/537.36"
208.74.151.235 - - [19/Oct/2025:09:25:57 -0400] "GET /wp-login.php HTTP/1.1" 200 5947 "-" "Mozilla/5.0 (Windows NT 10.0; Win64; x64) AppleWebKit/537.36 (KHTML, like Gecko) Chrome/130.0.0.0 Safari/537.36"
208.74.151.235 - - [19/Oct/2025:09:25:58 -0400] "POST /wp-login.php HTTP/1.1" 200 6366 "https://menintalk.com/wp-login.php" "Mozilla/5.0 (Windows NT 10.0; Win64; x64) AppleWebKit/537.36 (KHTML, like Gecko) Chrome/130.0.0.0 Safari/537.36"
20.253.155.235 - - [19/Oct/2025:09:26:00 -0400] "GET /wp-login.php HTTP/1.1" 200 5947 "-" "Mozilla/5.0 (Windows NT 10.0; Win64; x64) AppleWebKit/537.36 (KHTML, like Gecko) Chrome/130.0.0.0 Safari/537.36"
20.253.155.235 - - [19/Oct/2025:09:26:01 -0400] "POST /wp-login.php HTTP/1.1" 200 6402 "https://menintalk.com/wp-login.php" "Mozilla/5.0 (Windows NT 10.0; Win64; x64) AppleWebKit/537.36 (KHTML, like Gecko) Chrome/130.0.0.0 Safari/537.36"
14.248.80.79 - - [19/Oct/2025:09:26:02 -0400] "GET /wp-login.php HTTP/1.1" 200 5947 "-" "Mozilla/5.0 (Windows NT 10.0; Win64; x64) AppleWebKit/537.36 (KHTML, like Gecko) Chrome/130.0.0.0 Safari/537.36"
2001:41d0:404:200::7893 - - [19/Oct/2025:09:26:03 -0400] "GET /category/new-folder-a5kj7frtpab/ HTTP/1.1" 200 72006 "-" "Mozilla/5.0 (Windows NT 10.0; Win64; x64) AppleWebKit/537.36 (KHTML, like Gecko) Chrome/139.0.0.0 Safari/537.36"
14.248.80.79 - - [19/Oct/2025:09:26:03 -0400] "POST /wp-login.php HTTP/1.1" 200 6402 "https://menintalk.com/wp-login.php" "Mozilla/5.0 (Windows NT 10.0; Win64; x64) AppleWebKit/537.36 (KHTML, like Gecko) Chrome/130.0.0.0 Safari/537.36"
66.249.79.170 - - [19/Oct/2025:09:26:04 -0400] "GET /dostavka-gruzov-kremenchug-onlajn-gorodskoj/index.php HTTP/1.1" 301 - "-" "Mozilla/5.0 (Linux; Android 6.0.1; Nexus 5X Build/MMB29P) AppleWebKit/537.36 (KHTML, like Gecko) Chrome/140.0.7339.207 Mobile Safari/537.36 (compatible; Googlebot/2.1; +http://www.google.com/bot.html)"
185.193.19.102 - - [19/Oct/2025:09:26:04 -0400] "GET /wp-login.php HTTP/1.1" 200 5947 "-" "Mozilla/5.0 (Windows NT 10.0; Win64; x64) AppleWebKit/537.36 (KHTML, like Gecko) Chrome/130.0.0.0 Safari/537.36"
66.249.79.171 - - [19/Oct/2025:09:26:05 -0400] "GET /?shopping/product/15752319119.html HTTP/1.1" 301 - "-" "Mozilla/5.0 (Linux; Android 6.0.1; Nexus 5X Build/MMB29P) AppleWebKit/537.36 (KHTML, like Gecko) Chrome/140.0.7339.207 Mobile Safari/537.36 (compatible; Googlebot/2.1; +http://www.google.com/bot.html)"
185.193.19.102 - - [19/Oct/2025:09:26:05 -0400] "POST /wp-login.php HTTP/1.1" 200 6402 "https://menintalk.com/wp-login.php" "Mozilla/5.0 (Windows NT 10.0; Win64; x64) AppleWebKit/537.36 (KHTML, like Gecko) Chrome/130.0.0.0 Safari/537.36"
145.239.81.31 - - [19/Oct/2025:09:26:05 -0400] "GET /nandrolone-decanoate-100-mg-von-gm-pharmaceuticals-ein-uberblick-fur-bodybuilder/ HTTP/1.1" 200 80571 "-" "Mozilla/5.0 (Windows NT 10.0; Win64; x64) AppleWebKit/537.36 (KHTML, like Gecko) Chrome/139.0.0.0 Safari/537.36"
66.249.79.171 - - [19/Oct/2025:09:26:05 -0400] "GET /?shopping/product/15741573904.html HTTP/1.1" 301 - "-" "Mozilla/5.0 (Linux; Android 6.0.1; Nexus 5X Build/MMB29P) AppleWebKit/537.36 (KHTML, like Gecko) Chrome/140.0.7339.207 Mobile Safari/537.36 (compatible; Googlebot/2.1; +http://www.google.com/bot.html)"
14.248.80.79 - - [19/Oct/2025:09:26:06 -0400] "GET /wp-login.php HTTP/1.1" 200 5947 "-" "Mozilla/5.0 (Windows NT 10.0; Win64; x64) AppleWebKit/537.36 (KHTML, like Gecko) Chrome/130.0.0.0 Safari/537.36"
66.249.79.171 - - [19/Oct/2025:09:26:06 -0400] "GET /dostavka-gruzov-kremenchug-onlajn-gorodskoj/ HTTP/1.1" 200 62465 "-" "Mozilla/5.0 (Linux; Android 6.0.1; Nexus 5X Build/MMB29P) AppleWebKit/537.36 (KHTML, like Gecko) Chrome/140.0.7339.207 Mobile Safari/537.36 (compatible; Googlebot/2.1; +http://www.google.com/bot.html)"
14.248.80.79 - - [19/Oct/2025:09:26:07 -0400] "POST /wp-login.php HTTP/1.1" 200 6402 "https://menintalk.com/wp-login.php" "Mozilla/5.0 (Windows NT 10.0; Win64; x64) AppleWebKit/537.36 (KHTML, like Gecko) Chrome/130.0.0.0 Safari/537.36"
66.249.79.169 - - [19/Oct/2025:09:26:08 -0400] "GET /?shopping%2Fproduct%2F15752319119_html HTTP/1.1" 200 47135 "-" "Mozilla/5.0 (Linux; Android 6.0.1; Nexus 5X Build/MMB29P) AppleWebKit/537.36 (KHTML, like Gecko) Chrome/140.0.7339.207 Mobile Safari/537.36 (compatible; Googlebot/2.1; +http://www.google.com/bot.html)"
66.249.79.170 - - [19/Oct/2025:09:26:09 -0400] "GET /?shopping%2Fproduct%2F15741573904_html HTTP/1.1" 200 47135 "-" "Mozilla/5.0 (Linux; Android 6.0.1; Nexus 5X Build/MMB29P) AppleWebKit/537.36 (KHTML, like Gecko) Chrome/140.0.7339.207 Mobile Safari/537.36 (compatible; Googlebot/2.1; +http://www.google.com/bot.html)"
66.249.79.169 - - [19/Oct/2025:09:26:10 -0400] "GET /?shopping/product/1571297096.html HTTP/1.1" 301 - "-" "Mozilla/5.0 (Linux; Android 6.0.1; Nexus 5X Build/MMB29P) AppleWebKit/537.36 (KHTML, like Gecko) Chrome/140.0.7339.207 Mobile Safari/537.36 (compatible; Googlebot/2.1; +http://www.google.com/bot.html)"
151.80.133.55 - - [19/Oct/2025:09:26:10 -0400] "GET /category/gambling/?filter_by=popular HTTP/1.1" 200 71764 "-" "Mozilla/5.0 (Windows NT 10.0; Win64; x64) AppleWebKit/537.36 (KHTML, like Gecko) Chrome/139.0.0.0 Safari/537.36"
66.249.79.170 - - [19/Oct/2025:09:26:11 -0400] "GET /?shopping%2Fproduct%2F1571297096_html HTTP/1.1" 200 47129 "-" "Mozilla/5.0 (Linux; Android 6.0.1; Nexus 5X Build/MMB29P) AppleWebKit/537.36 (KHTML, like Gecko) Chrome/140.0.7339.207 Mobile Safari/537.36 (compatible; Googlebot/2.1; +http://www.google.com/bot.html)"
62.146.234.58 - - [19/Oct/2025:09:26:13 -0400] "GET /wp-login.php HTTP/1.1" 200 5947 "-" "Mozilla/5.0 (Windows NT 10.0; Win64; x64) AppleWebKit/537.36 (KHTML, like Gecko) Chrome/130.0.0.0 Safari/537.36"
62.146.234.58 - - [19/Oct/2025:09:26:14 -0400] "POST /wp-login.php HTTP/1.1" 200 6402 "https://menintalk.com/wp-login.php" "Mozilla/5.0 (Windows NT 10.0; Win64; x64) AppleWebKit/537.36 (KHTML, like Gecko) Chrome/130.0.0.0 Safari/537.36"
217.76.158.60 - - [19/Oct/2025:09:26:15 -0400] "GET /wp-login.php HTTP/1.1" 200 5947 "-" "Mozilla/5.0 (Windows NT 10.0; Win64; x64) AppleWebKit/537.36 (KHTML, like Gecko) Chrome/130.0.0.0 Safari/537.36"
217.76.158.60 - - [19/Oct/2025:09:26:16 -0400] "POST /wp-login.php HTTP/1.1" 200 6402 "https://menintalk.com/wp-login.php" "Mozilla/5.0 (Windows NT 10.0; Win64; x64) AppleWebKit/537.36 (KHTML, like Gecko) Chrome/130.0.0.0 Safari/537.36"
147.135.136.156 - - [19/Oct/2025:09:26:18 -0400] "GET /wp-login.php HTTP/1.1" 200 5947 "-" "Mozilla/5.0 (Windows NT 10.0; Win64; x64) AppleWebKit/537.36 (KHTML, like Gecko) Chrome/130.0.0.0 Safari/537.36"
147.135.136.156 - - [19/Oct/2025:09:26:18 -0400] "POST /wp-login.php HTTP/1.1" 200 6402 "https://menintalk.com/wp-login.php" "Mozilla/5.0 (Windows NT 10.0; Win64; x64) AppleWebKit/537.36 (KHTML, like Gecko) Chrome/130.0.0.0 Safari/537.36"
