66.249.79.164 - - [19/Oct/2025:10:55:50 -0400] "GET /?shopping/product/15731106905.html HTTP/1.1" 301 - "-" "Mozilla/5.0 (Linux; Android 6.0.1; Nexus 5X Build/MMB29P) AppleWebKit/537.36 (KHTML, like Gecko) Chrome/140.0.7339.207 Mobile Safari/537.36 (compatible; Googlebot/2.1; +http://www.google.com/bot.html)"
66.249.79.164 - - [19/Oct/2025:10:55:51 -0400] "GET /?shopping%2Fproduct%2F15731106905_html HTTP/1.1" 200 47135 "-" "Mozilla/5.0 (Linux; Android 6.0.1; Nexus 5X Build/MMB29P) AppleWebKit/537.36 (KHTML, like Gecko) Chrome/140.0.7339.207 Mobile Safari/537.36 (compatible; Googlebot/2.1; +http://www.google.com/bot.html)"
66.249.79.166 - - [19/Oct/2025:10:56:01 -0400] "GET /?shopping/product/15762856159.html HTTP/1.1" 301 - "-" "Mozilla/5.0 (Linux; Android 6.0.1; Nexus 5X Build/MMB29P) AppleWebKit/537.36 (KHTML, like Gecko) Chrome/140.0.7339.207 Mobile Safari/537.36 (compatible; Googlebot/2.1; +http://www.google.com/bot.html)"
66.249.79.165 - - [19/Oct/2025:10:56:01 -0400] "GET /?shopping%2Fproduct%2F15762856159_html HTTP/1.1" 200 47135 "-" "Mozilla/5.0 (Linux; Android 6.0.1; Nexus 5X Build/MMB29P) AppleWebKit/537.36 (KHTML, like Gecko) Chrome/140.0.7339.207 Mobile Safari/537.36 (compatible; Googlebot/2.1; +http://www.google.com/bot.html)"
69.58.1.136 - - [19/Oct/2025:10:56:03 -0400] "GET /comment-la-probabilite-enrichit-votre-experience-au-bankonbet-casino/ HTTP/1.1" 200 83691 "https://menintalk.com/" "Mozilla/5.0 (Windows NT 10.0; Win64; x64; rv:114.0) Gecko/20100101 Firefox/114.0"
69.58.1.136 - - [19/Oct/2025:10:56:09 -0400] "GET /comment-la-probabilite-enrichit-votre-experience-au-bankonbet-casino/ HTTP/1.1" 200 83691 "https://menintalk.com/comment-la-probabilite-enrichit-votre-experience-au-bankonbet-casino/" "Mozilla/5.0 (Windows NT 6.3; Win64; x64) AppleWebKit/537.36 (KHTML, like Gecko) Chrome/103.0.0.0 Safari/537.36"
66.249.79.164 - - [19/Oct/2025:10:56:10 -0400] "GET /?shopping/product/15731194475.html HTTP/1.1" 301 - "-" "Mozilla/5.0 (Linux; Android 6.0.1; Nexus 5X Build/MMB29P) AppleWebKit/537.36 (KHTML, like Gecko) Chrome/140.0.7339.207 Mobile Safari/537.36 (compatible; Googlebot/2.1; +http://www.google.com/bot.html)"
66.249.79.165 - - [19/Oct/2025:10:56:11 -0400] "GET /?shopping%2Fproduct%2F15731194475_html HTTP/1.1" 200 47135 "-" "Mozilla/5.0 (Linux; Android 6.0.1; Nexus 5X Build/MMB29P) AppleWebKit/537.36 (KHTML, like Gecko) Chrome/140.0.7339.207 Mobile Safari/537.36 (compatible; Googlebot/2.1; +http://www.google.com/bot.html)"
69.58.1.136 - - [19/Oct/2025:10:56:11 -0400] "GET /comment-la-probabilite-enrichit-votre-experience-au-bankonbet-casino/ HTTP/1.1" 200 83691 "https://menintalk.com/comment-la-probabilite-enrichit-votre-experience-au-bankonbet-casino/" "Mozilla/5.0 (Windows NT 6.3; Win64; x64) AppleWebKit/537.36 (KHTML, like Gecko) Chrome/103.0.0.0 Safari/537.36"
69.58.1.136 - - [19/Oct/2025:10:56:13 -0400] "POST /wp-comments-post.php HTTP/1.1" 302 - "https://menintalk.com/comment-la-probabilite-enrichit-votre-experience-au-bankonbet-casino/" "Mozilla/5.0 (Windows NT 6.3; Win64; x64) AppleWebKit/537.36 (KHTML, like Gecko) Chrome/103.0.0.0 Safari/537.36"
69.58.1.136 - - [19/Oct/2025:10:56:15 -0400] "GET /comment-la-probabilite-enrichit-votre-experience-au-bankonbet-casino/?unapproved=3285&moderation-hash=0ac6031378b78bf298a041bfde528f9e HTTP/1.1" 200 86797 "https://menintalk.com/wp-comments-post.php" "Mozilla/5.0 (Windows NT 6.3; Win64; x64) AppleWebKit/537.36 (KHTML, like Gecko) Chrome/103.0.0.0 Safari/537.36"
69.58.1.136 - - [19/Oct/2025:10:56:16 -0400] "GET /comment-la-probabilite-enrichit-votre-experience-au-bankonbet-casino/ HTTP/1.1" 200 83691 "-" "Mozilla/5.0 (Windows NT 6.3; Win64; x64) AppleWebKit/537.36 (KHTML, like Gecko) Chrome/103.0.0.0 Safari/537.36"
66.249.79.164 - - [19/Oct/2025:10:56:20 -0400] "GET /?shopping/product/15752102387.html HTTP/1.1" 301 - "-" "Mozilla/5.0 (Linux; Android 6.0.1; Nexus 5X Build/MMB29P) AppleWebKit/537.36 (KHTML, like Gecko) Chrome/140.0.7339.207 Mobile Safari/537.36 (compatible; Googlebot/2.1; +http://www.google.com/bot.html)"
66.249.79.164 - - [19/Oct/2025:10:56:21 -0400] "GET /?shopping%2Fproduct%2F15752102387_html HTTP/1.1" 200 47135 "-" "Mozilla/5.0 (Linux; Android 6.0.1; Nexus 5X Build/MMB29P) AppleWebKit/537.36 (KHTML, like Gecko) Chrome/140.0.7339.207 Mobile Safari/537.36 (compatible; Googlebot/2.1; +http://www.google.com/bot.html)"
54.36.95.199 - - [19/Oct/2025:10:56:30 -0400] "GET /wp-login.php HTTP/1.1" 200 5947 "-" "Mozilla/5.0 (Windows NT 10.0; Win64; x64) AppleWebKit/537.36 (KHTML, like Gecko) Chrome/130.0.0.0 Safari/537.36"
136.243.220.210 - - [19/Oct/2025:10:56:30 -0400] "GET /robots.txt HTTP/1.1" 200 114 "-" "Mozilla/5.0 (compatible; DataForSeoBot/1.0; +https://dataforseo.com/dataforseo-bot)"
66.249.79.164 - - [19/Oct/2025:10:56:30 -0400] "GET /?shopping/product/1572609085.html HTTP/1.1" 301 - "-" "Mozilla/5.0 (Linux; Android 6.0.1; Nexus 5X Build/MMB29P) AppleWebKit/537.36 (KHTML, like Gecko) Chrome/140.0.7339.207 Mobile Safari/537.36 (compatible; Googlebot/2.1; +http://www.google.com/bot.html)"
136.243.220.210 - - [19/Oct/2025:10:56:30 -0400] "GET /wp-sitemap.xml HTTP/1.1" 200 694 "-" "Mozilla/5.0 (compatible; DataForSeoBot/1.0; +https://dataforseo.com/dataforseo-bot)"
136.243.220.210 - - [19/Oct/2025:10:56:30 -0400] "GET /alpha-tech-labs-peak-test/ HTTP/1.1" 404 73675 "-" "Mozilla/5.0 (compatible; DataForSeoBot/1.0; +https://dataforseo.com/dataforseo-bot)"
66.249.79.164 - - [19/Oct/2025:10:56:31 -0400] "GET /?shopping%2Fproduct%2F1572609085_html HTTP/1.1" 200 47129 "-" "Mozilla/5.0 (Linux; Android 6.0.1; Nexus 5X Build/MMB29P) AppleWebKit/537.36 (KHTML, like Gecko) Chrome/140.0.7339.207 Mobile Safari/537.36 (compatible; Googlebot/2.1; +http://www.google.com/bot.html)"
136.243.220.210 - - [19/Oct/2025:10:56:31 -0400] "GET /wp-sitemap-posts-post-1.xml HTTP/1.1" 200 273726 "-" "Mozilla/5.0 (compatible; DataForSeoBot/1.0; +https://dataforseo.com/dataforseo-bot)"
54.36.95.199 - - [19/Oct/2025:10:56:32 -0400] "POST /wp-login.php HTTP/1.1" 200 6402 "https://menintalk.com/wp-login.php" "Mozilla/5.0 (Windows NT 10.0; Win64; x64) AppleWebKit/537.36 (KHTML, like Gecko) Chrome/130.0.0.0 Safari/537.36"
136.243.220.210 - - [19/Oct/2025:10:56:33 -0400] "GET /wp-sitemap-posts-post-2.xml HTTP/1.1" 200 160355 "-" "Mozilla/5.0 (compatible; DataForSeoBot/1.0; +https://dataforseo.com/dataforseo-bot)"
136.243.220.210 - - [19/Oct/2025:10:56:34 -0400] "GET /wp-sitemap-posts-page-1.xml HTTP/1.1" 200 5304 "-" "Mozilla/5.0 (compatible; DataForSeoBot/1.0; +https://dataforseo.com/dataforseo-bot)"
136.243.220.210 - - [19/Oct/2025:10:56:35 -0400] "GET /wp-sitemap-taxonomies-category-1.xml HTTP/1.1" 200 14131 "-" "Mozilla/5.0 (compatible; DataForSeoBot/1.0; +https://dataforseo.com/dataforseo-bot)"
136.243.220.210 - - [19/Oct/2025:10:56:35 -0400] "GET /wp-sitemap-taxonomies-post_tag-1.xml HTTP/1.1" 200 14194 "-" "Mozilla/5.0 (compatible; DataForSeoBot/1.0; +https://dataforseo.com/dataforseo-bot)"
136.243.220.210 - - [19/Oct/2025:10:56:36 -0400] "GET /wp-sitemap-users-1.xml HTTP/1.1" 200 770 "-" "Mozilla/5.0 (compatible; DataForSeoBot/1.0; +https://dataforseo.com/dataforseo-bot)"
66.249.79.164 - - [19/Oct/2025:10:56:40 -0400] "GET /?shopping/product/15741968510.html HTTP/1.1" 301 - "-" "Mozilla/5.0 (Linux; Android 6.0.1; Nexus 5X Build/MMB29P) AppleWebKit/537.36 (KHTML, like Gecko) Chrome/140.0.7339.207 Mobile Safari/537.36 (compatible; Googlebot/2.1; +http://www.google.com/bot.html)"
66.249.79.164 - - [19/Oct/2025:10:56:41 -0400] "GET /?shopping%2Fproduct%2F15741968510_html HTTP/1.1" 200 47135 "-" "Mozilla/5.0 (Linux; Android 6.0.1; Nexus 5X Build/MMB29P) AppleWebKit/537.36 (KHTML, like Gecko) Chrome/140.0.7339.207 Mobile Safari/537.36 (compatible; Googlebot/2.1; +http://www.google.com/bot.html)"
120.29.76.214 - - [19/Oct/2025:10:56:49 -0400] "GET /as-probabilidades-explicadas-para-maximizar-resultados-no-fogo777-casino/ HTTP/1.1" 200 84089 "-" "Mozilla/5.0 (Windows NT 10.0; WOW64; x64) AppleWebKit/537.36 (KHTML, like Gecko) Chrome/114.0.0.0 Safari/537.36 OPR/89.0.4447.51"
66.249.79.164 - - [19/Oct/2025:10:56:50 -0400] "GET /?shopping/product/15741923047.html HTTP/1.1" 301 - "-" "Mozilla/5.0 (Linux; Android 6.0.1; Nexus 5X Build/MMB29P) AppleWebKit/537.36 (KHTML, like Gecko) Chrome/140.0.7339.207 Mobile Safari/537.36 (compatible; Googlebot/2.1; +http://www.google.com/bot.html)"
66.249.79.164 - - [19/Oct/2025:10:56:51 -0400] "GET /?shopping%2Fproduct%2F15741923047_html HTTP/1.1" 200 47135 "-" "Mozilla/5.0 (Linux; Android 6.0.1; Nexus 5X Build/MMB29P) AppleWebKit/537.36 (KHTML, like Gecko) Chrome/140.0.7339.207 Mobile Safari/537.36 (compatible; Googlebot/2.1; +http://www.google.com/bot.html)"
66.249.79.164 - - [19/Oct/2025:10:56:57 -0400] "GET /wp-content/plugins/td-composer/td-multi-purpose/style.css?ver=e462493fbefecc1c77b3f5de91c3f3ed HTTP/1.1" 304 - "https://menintalk.com/?shopping%2Fproduct%2F1572826509_html" "Mozilla/5.0 (Linux; Android 6.0.1; Nexus 5X Build/MMB29P) AppleWebKit/537.36 (KHTML, like Gecko) Chrome/140.0.7339.207 Mobile Safari/537.36 (compatible; Googlebot/2.1; +http://www.google.com/bot.html)"
74.208.92.227 - - [19/Oct/2025:10:56:57 -0400] "GET /wp-login.php HTTP/1.1" 200 5947 "-" "Mozilla/5.0 (Windows NT 10.0; Win64; x64) AppleWebKit/537.36 (KHTML, like Gecko) Chrome/130.0.0.0 Safari/537.36"
198.244.242.149 - - [19/Oct/2025:10:57:00 -0400] "GET /?shopping/product/157611816430_html HTTP/1.1" 301 - "-" "Mozilla/5.0 (compatible; AhrefsBot/7.0; +http://ahrefs.com/robot/)"
74.208.92.227 - - [19/Oct/2025:10:57:00 -0400] "POST /wp-login.php HTTP/1.1" 200 6371 "https://menintalk.com/wp-login.php" "Mozilla/5.0 (Windows NT 10.0; Win64; x64) AppleWebKit/537.36 (KHTML, like Gecko) Chrome/130.0.0.0 Safari/537.36"
66.249.79.164 - - [19/Oct/2025:10:57:02 -0400] "GET /?shopping/product/15731187717.html HTTP/1.1" 301 - "-" "Mozilla/5.0 (Linux; Android 6.0.1; Nexus 5X Build/MMB29P) AppleWebKit/537.36 (KHTML, like Gecko) Chrome/140.0.7339.207 Mobile Safari/537.36 (compatible; Googlebot/2.1; +http://www.google.com/bot.html)"
136.243.220.210 - - [19/Oct/2025:10:57:02 -0400] "GET /spanish-relationship-strategies/ HTTP/1.1" 200 81866 "-" "Mozilla/5.0 (compatible; DataForSeoBot/1.0; +https://dataforseo.com/dataforseo-bot)"
66.249.79.165 - - [19/Oct/2025:10:57:03 -0400] "GET /?shopping%2Fproduct%2F15731187717_html HTTP/1.1" 200 47135 "-" "Mozilla/5.0 (Linux; Android 6.0.1; Nexus 5X Build/MMB29P) AppleWebKit/537.36 (KHTML, like Gecko) Chrome/140.0.7339.207 Mobile Safari/537.36 (compatible; Googlebot/2.1; +http://www.google.com/bot.html)"
136.243.220.210 - - [19/Oct/2025:10:57:06 -0400] "GET /getting-to-grips-with-a-data-room-solution/ HTTP/1.1" 200 81593 "-" "Mozilla/5.0 (compatible; DataForSeoBot/1.0; +https://dataforseo.com/dataforseo-bot)"
136.243.220.210 - - [19/Oct/2025:10:57:10 -0400] "GET /choosing-virtual-data-room-computer-software/ HTTP/1.1" 200 81743 "-" "Mozilla/5.0 (compatible; DataForSeoBot/1.0; +https://dataforseo.com/dataforseo-bot)"
52.167.144.211 - - [19/Oct/2025:10:57:12 -0400] "GET /wp-content/uploads/psr7ez9/71c7c0-russian-taiga-animals HTTP/1.1" 404 73675 "-" "Mozilla/5.0 AppleWebKit/537.36 (KHTML, like Gecko; compatible; bingbot/2.0; +http://www.bing.com/bingbot.htm) Chrome/116.0.1938.76 Safari/537.36"
66.249.79.164 - - [19/Oct/2025:10:57:13 -0400] "GET /?shopping/product/15752065777.html HTTP/1.1" 301 - "-" "Mozilla/5.0 (Linux; Android 6.0.1; Nexus 5X Build/MMB29P) AppleWebKit/537.36 (KHTML, like Gecko) Chrome/140.0.7339.207 Mobile Safari/537.36 (compatible; Googlebot/2.1; +http://www.google.com/bot.html)"
136.243.220.210 - - [19/Oct/2025:10:57:14 -0400] "GET /the-benefits-of-applying-cascading-style-sheets/ HTTP/1.1" 200 81667 "-" "Mozilla/5.0 (compatible; DataForSeoBot/1.0; +https://dataforseo.com/dataforseo-bot)"
66.249.79.165 - - [19/Oct/2025:10:57:14 -0400] "GET /?shopping%2Fproduct%2F15752065777_html HTTP/1.1" 200 47135 "-" "Mozilla/5.0 (Linux; Android 6.0.1; Nexus 5X Build/MMB29P) AppleWebKit/537.36 (KHTML, like Gecko) Chrome/140.0.7339.207 Mobile Safari/537.36 (compatible; Googlebot/2.1; +http://www.google.com/bot.html)"
136.243.220.210 - - [19/Oct/2025:10:57:18 -0400] "GET /how-to-choose-the-right-electronic-data-bedroom-provider/ HTTP/1.1" 200 81892 "-" "Mozilla/5.0 (compatible; DataForSeoBot/1.0; +https://dataforseo.com/dataforseo-bot)"
136.243.220.210 - - [19/Oct/2025:10:57:22 -0400] "GET /spots-to-meet-solo-women/ HTTP/1.1" 200 82222 "-" "Mozilla/5.0 (compatible; DataForSeoBot/1.0; +https://dataforseo.com/dataforseo-bot)"
66.249.79.164 - - [19/Oct/2025:10:57:24 -0400] "GET /?shopping/product/15762943082.html HTTP/1.1" 301 - "-" "Mozilla/5.0 (Linux; Android 6.0.1; Nexus 5X Build/MMB29P) AppleWebKit/537.36 (KHTML, like Gecko) Chrome/140.0.7339.207 Mobile Safari/537.36 (compatible; Googlebot/2.1; +http://www.google.com/bot.html)"
66.249.79.164 - - [19/Oct/2025:10:57:25 -0400] "GET /?shopping/product/15752421359.html HTTP/1.1" 301 - "-" "Mozilla/5.0 (Linux; Android 6.0.1; Nexus 5X Build/MMB29P) AppleWebKit/537.36 (KHTML, like Gecko) Chrome/140.0.7339.207 Mobile Safari/537.36 (compatible; Googlebot/2.1; +http://www.google.com/bot.html)"
66.249.79.164 - - [19/Oct/2025:10:57:26 -0400] "GET /?shopping%2Fproduct%2F15762943082_html HTTP/1.1" 200 47135 "-" "Mozilla/5.0 (Linux; Android 6.0.1; Nexus 5X Build/MMB29P) AppleWebKit/537.36 (KHTML, like Gecko) Chrome/140.0.7339.207 Mobile Safari/537.36 (compatible; Googlebot/2.1; +http://www.google.com/bot.html)"
136.243.220.210 - - [19/Oct/2025:10:57:26 -0400] "GET /copmany-communications-technique/ HTTP/1.1" 200 82717 "-" "Mozilla/5.0 (compatible; DataForSeoBot/1.0; +https://dataforseo.com/dataforseo-bot)"
66.249.79.164 - - [19/Oct/2025:10:57:27 -0400] "GET /?shopping%2Fproduct%2F15752421359_html HTTP/1.1" 200 47135 "-" "Mozilla/5.0 (Linux; Android 6.0.1; Nexus 5X Build/MMB29P) AppleWebKit/537.36 (KHTML, like Gecko) Chrome/140.0.7339.207 Mobile Safari/537.36 (compatible; Googlebot/2.1; +http://www.google.com/bot.html)"
136.243.220.210 - - [19/Oct/2025:10:57:30 -0400] "GET /21-2/ HTTP/1.1" 200 83038 "-" "Mozilla/5.0 (compatible; DataForSeoBot/1.0; +https://dataforseo.com/dataforseo-bot)"
136.243.220.210 - - [19/Oct/2025:10:57:34 -0400] "GET /being-a-business-innovator/ HTTP/1.1" 200 81396 "-" "Mozilla/5.0 (compatible; DataForSeoBot/1.0; +https://dataforseo.com/dataforseo-bot)"
66.249.79.164 - - [19/Oct/2025:10:57:36 -0400] "GET /?shopping/product/1571378860.html HTTP/1.1" 301 - "-" "Mozilla/5.0 (Linux; Android 6.0.1; Nexus 5X Build/MMB29P) AppleWebKit/537.36 (KHTML, like Gecko) Chrome/140.0.7339.207 Mobile Safari/537.36 (compatible; Googlebot/2.1; +http://www.google.com/bot.html)"
66.249.79.164 - - [19/Oct/2025:10:57:37 -0400] "GET /?shopping%2Fproduct%2F1571378860_html HTTP/1.1" 200 47129 "-" "Mozilla/5.0 (Linux; Android 6.0.1; Nexus 5X Build/MMB29P) AppleWebKit/537.36 (KHTML, like Gecko) Chrome/140.0.7339.207 Mobile Safari/537.36 (compatible; Googlebot/2.1; +http://www.google.com/bot.html)"
66.249.79.164 - - [19/Oct/2025:10:57:38 -0400] "GET /category/fcommunity-ru/ HTTP/1.1" 200 50335 "-" "Mozilla/5.0 (Linux; Android 6.0.1; Nexus 5X Build/MMB29P) AppleWebKit/537.36 (KHTML, like Gecko) Chrome/140.0.7339.207 Mobile Safari/537.36 (compatible; Googlebot/2.1; +http://www.google.com/bot.html)"
136.243.220.210 - - [19/Oct/2025:10:57:39 -0400] "GET /japancupid-japanese-courting-apps-on-google-play/ HTTP/1.1" 200 85300 "-" "Mozilla/5.0 (compatible; DataForSeoBot/1.0; +https://dataforseo.com/dataforseo-bot)"
136.243.220.210 - - [19/Oct/2025:10:57:42 -0400] "GET /methods-to-hug-how-to-provide-a-good-hug/ HTTP/1.1" 200 82167 "-" "Mozilla/5.0 (compatible; DataForSeoBot/1.0; +https://dataforseo.com/dataforseo-bot)"
136.243.220.210 - - [19/Oct/2025:10:57:46 -0400] "GET /how-to-write-a-appealing-and-seductive-headline-with-regards-to-dating-websites/ HTTP/1.1" 200 82877 "-" "Mozilla/5.0 (compatible; DataForSeoBot/1.0; +https://dataforseo.com/dataforseo-bot)"
66.249.79.164 - - [19/Oct/2025:10:57:47 -0400] "GET /?shopping/product/157169778.html HTTP/1.1" 301 - "-" "Mozilla/5.0 (Linux; Android 6.0.1; Nexus 5X Build/MMB29P) AppleWebKit/537.36 (KHTML, like Gecko) Chrome/140.0.7339.207 Mobile Safari/537.36 (compatible; Googlebot/2.1; +http://www.google.com/bot.html)"
66.249.79.164 - - [19/Oct/2025:10:57:48 -0400] "GET /?shopping%2Fproduct%2F157169778_html HTTP/1.1" 200 47123 "-" "Mozilla/5.0 (Linux; Android 6.0.1; Nexus 5X Build/MMB29P) AppleWebKit/537.36 (KHTML, like Gecko) Chrome/140.0.7339.207 Mobile Safari/537.36 (compatible; Googlebot/2.1; +http://www.google.com/bot.html)"
66.249.79.164 - - [19/Oct/2025:10:57:49 -0400] "GET /page/2/?shopping/product/1572688974_html HTTP/1.1" 200 42891 "-" "Mozilla/5.0 (Linux; Android 6.0.1; Nexus 5X Build/MMB29P) AppleWebKit/537.36 (KHTML, like Gecko) Chrome/140.0.7339.207 Mobile Safari/537.36 (compatible; Googlebot/2.1; +http://www.google.com/bot.html)"
136.243.220.210 - - [19/Oct/2025:10:57:50 -0400] "GET /the-nuances-of-dating-and-also-the/ HTTP/1.1" 200 83456 "-" "Mozilla/5.0 (compatible; DataForSeoBot/1.0; +https://dataforseo.com/dataforseo-bot)"
136.243.220.210 - - [19/Oct/2025:10:57:54 -0400] "GET /hard-anodized-cookware-dating-websites/ HTTP/1.1" 200 81572 "-" "Mozilla/5.0 (compatible; DataForSeoBot/1.0; +https://dataforseo.com/dataforseo-bot)"
136.243.220.210 - - [19/Oct/2025:10:57:59 -0400] "GET /selecting-the-best-sugar-daddy-site/ HTTP/1.1" 200 83697 "-" "Mozilla/5.0 (compatible; DataForSeoBot/1.0; +https://dataforseo.com/dataforseo-bot)"
66.249.79.164 - - [19/Oct/2025:10:57:59 -0400] "GET /?shopping/product/1572762757.html HTTP/1.1" 301 - "-" "Mozilla/5.0 (Linux; Android 6.0.1; Nexus 5X Build/MMB29P) AppleWebKit/537.36 (KHTML, like Gecko) Chrome/140.0.7339.207 Mobile Safari/537.36 (compatible; Googlebot/2.1; +http://www.google.com/bot.html)"
66.249.79.164 - - [19/Oct/2025:10:57:59 -0400] "GET /?shopping/product/1572984620.html HTTP/1.1" 301 - "-" "Mozilla/5.0 (Linux; Android 6.0.1; Nexus 5X Build/MMB29P) AppleWebKit/537.36 (KHTML, like Gecko) Chrome/140.0.7339.207 Mobile Safari/537.36 (compatible; Googlebot/2.1; +http://www.google.com/bot.html)"
66.249.79.164 - - [19/Oct/2025:10:58:00 -0400] "GET /?shopping%2Fproduct%2F1572762757_html HTTP/1.1" 200 47129 "-" "Mozilla/5.0 (Linux; Android 6.0.1; Nexus 5X Build/MMB29P) AppleWebKit/537.36 (KHTML, like Gecko) Chrome/140.0.7339.207 Mobile Safari/537.36 (compatible; Googlebot/2.1; +http://www.google.com/bot.html)"
66.249.79.164 - - [19/Oct/2025:10:58:01 -0400] "GET /?shopping%2Fproduct%2F1572984620_html HTTP/1.1" 200 47129 "-" "Mozilla/5.0 (Linux; Android 6.0.1; Nexus 5X Build/MMB29P) AppleWebKit/537.36 (KHTML, like Gecko) Chrome/140.0.7339.207 Mobile Safari/537.36 (compatible; Googlebot/2.1; +http://www.google.com/bot.html)"
136.243.220.210 - - [19/Oct/2025:10:58:02 -0400] "GET /the-17-very-best-relationship-sites-and-software-in-2023/ HTTP/1.1" 200 86759 "-" "Mozilla/5.0 (compatible; DataForSeoBot/1.0; +https://dataforseo.com/dataforseo-bot)"
136.243.220.210 - - [19/Oct/2025:10:58:06 -0400] "GET /choosing-a-file-sharing-service-that-complies-with-your-providers-needs/ HTTP/1.1" 200 82253 "-" "Mozilla/5.0 (compatible; DataForSeoBot/1.0; +https://dataforseo.com/dataforseo-bot)"
202.142.184.234 - - [19/Oct/2025:10:58:09 -0400] "GET /wp-login.php HTTP/1.1" 200 5947 "-" "Mozilla/5.0 (Windows NT 10.0; Win64; x64) AppleWebKit/537.36 (KHTML, like Gecko) Chrome/130.0.0.0 Safari/537.36"
202.142.184.234 - - [19/Oct/2025:10:58:10 -0400] "POST /wp-login.php HTTP/1.1" 200 6367 "https://menintalk.com/wp-login.php" "Mozilla/5.0 (Windows NT 10.0; Win64; x64) AppleWebKit/537.36 (KHTML, like Gecko) Chrome/130.0.0.0 Safari/537.36"
136.243.220.210 - - [19/Oct/2025:10:58:10 -0400] "GET /porn-games-free-grownup-intercourse-games-xxx-fuck-video-games/ HTTP/1.1" 200 82174 "-" "Mozilla/5.0 (compatible; DataForSeoBot/1.0; +https://dataforseo.com/dataforseo-bot)"
66.249.79.164 - - [19/Oct/2025:10:58:11 -0400] "GET /?shopping/product/1571374626.html HTTP/1.1" 301 - "-" "Mozilla/5.0 (Linux; Android 6.0.1; Nexus 5X Build/MMB29P) AppleWebKit/537.36 (KHTML, like Gecko) Chrome/140.0.7339.207 Mobile Safari/537.36 (compatible; Googlebot/2.1; +http://www.google.com/bot.html)"
66.249.79.164 - - [19/Oct/2025:10:58:11 -0400] "GET /?shopping/product/15731031624.html HTTP/1.1" 301 - "-" "Mozilla/5.0 (Linux; Android 6.0.1; Nexus 5X Build/MMB29P) AppleWebKit/537.36 (KHTML, like Gecko) Chrome/140.0.7339.207 Mobile Safari/537.36 (compatible; Googlebot/2.1; +http://www.google.com/bot.html)"
66.249.79.164 - - [19/Oct/2025:10:58:12 -0400] "GET /?shopping%2Fproduct%2F1571374626_html HTTP/1.1" 200 47129 "-" "Mozilla/5.0 (Linux; Android 6.0.1; Nexus 5X Build/MMB29P) AppleWebKit/537.36 (KHTML, like Gecko) Chrome/140.0.7339.207 Mobile Safari/537.36 (compatible; Googlebot/2.1; +http://www.google.com/bot.html)"
147.124.197.101 - - [19/Oct/2025:10:58:13 -0400] "GET /wp-login.php HTTP/1.1" 200 5947 "-" "Mozilla/5.0 (Windows NT 10.0; Win64; x64) AppleWebKit/537.36 (KHTML, like Gecko) Chrome/130.0.0.0 Safari/537.36"
66.249.79.164 - - [19/Oct/2025:10:58:13 -0400] "GET /?shopping%2Fproduct%2F15731031624_html HTTP/1.1" 200 47135 "-" "Mozilla/5.0 (Linux; Android 6.0.1; Nexus 5X Build/MMB29P) AppleWebKit/537.36 (KHTML, like Gecko) Chrome/140.0.7339.207 Mobile Safari/537.36 (compatible; Googlebot/2.1; +http://www.google.com/bot.html)"
147.124.197.101 - - [19/Oct/2025:10:58:13 -0400] "POST /wp-login.php HTTP/1.1" 200 6367 "https://menintalk.com/wp-login.php" "Mozilla/5.0 (Windows NT 10.0; Win64; x64) AppleWebKit/537.36 (KHTML, like Gecko) Chrome/130.0.0.0 Safari/537.36"
136.243.220.210 - - [19/Oct/2025:10:58:14 -0400] "GET /scanguard-antivirus-assessment/ HTTP/1.1" 200 81466 "-" "Mozilla/5.0 (compatible; DataForSeoBot/1.0; +https://dataforseo.com/dataforseo-bot)"
82.64.157.6 - - [19/Oct/2025:10:58:18 -0400] "GET /wp-login.php HTTP/1.1" 200 5947 "-" "Mozilla/5.0 (Windows NT 10.0; Win64; x64) AppleWebKit/537.36 (KHTML, like Gecko) Chrome/130.0.0.0 Safari/537.36"
136.243.220.210 - - [19/Oct/2025:10:58:18 -0400] "GET /table-portal-expense/ HTTP/1.1" 200 81353 "-" "Mozilla/5.0 (compatible; DataForSeoBot/1.0; +https://dataforseo.com/dataforseo-bot)"
82.64.157.6 - - [19/Oct/2025:10:58:20 -0400] "POST /wp-login.php HTTP/1.1" 200 6370 "https://menintalk.com/wp-login.php" "Mozilla/5.0 (Windows NT 10.0; Win64; x64) AppleWebKit/537.36 (KHTML, like Gecko) Chrome/130.0.0.0 Safari/537.36"
66.249.79.164 - - [19/Oct/2025:10:58:22 -0400] "GET /?shopping/product/15762549990.html HTTP/1.1" 301 - "-" "Mozilla/5.0 (Linux; Android 6.0.1; Nexus 5X Build/MMB29P) AppleWebKit/537.36 (KHTML, like Gecko) Chrome/140.0.7339.207 Mobile Safari/537.36 (compatible; Googlebot/2.1; +http://www.google.com/bot.html)"
136.243.220.210 - - [19/Oct/2025:10:58:22 -0400] "GET /the-challenges-of-dating-far-away/ HTTP/1.1" 200 81642 "-" "Mozilla/5.0 (compatible; DataForSeoBot/1.0; +https://dataforseo.com/dataforseo-bot)"
103.13.208.232 - - [19/Oct/2025:10:58:23 -0400] "GET /wp-login.php HTTP/1.1" 200 5947 "-" "Mozilla/5.0 (Windows NT 10.0; Win64; x64) AppleWebKit/537.36 (KHTML, like Gecko) Chrome/130.0.0.0 Safari/537.36"
66.249.79.164 - - [19/Oct/2025:10:58:23 -0400] "GET /?shopping%2Fproduct%2F15762549990_html HTTP/1.1" 200 47135 "-" "Mozilla/5.0 (Linux; Android 6.0.1; Nexus 5X Build/MMB29P) AppleWebKit/537.36 (KHTML, like Gecko) Chrome/140.0.7339.207 Mobile Safari/537.36 (compatible; Googlebot/2.1; +http://www.google.com/bot.html)"
103.13.208.232 - - [19/Oct/2025:10:58:24 -0400] "POST /wp-login.php HTTP/1.1" 200 6402 "https://menintalk.com/wp-login.php" "Mozilla/5.0 (Windows NT 10.0; Win64; x64) AppleWebKit/537.36 (KHTML, like Gecko) Chrome/130.0.0.0 Safari/537.36"
136.243.220.210 - - [19/Oct/2025:10:58:26 -0400] "GET /avoid-these-online-business-design-mistakes/ HTTP/1.1" 200 81761 "-" "Mozilla/5.0 (compatible; DataForSeoBot/1.0; +https://dataforseo.com/dataforseo-bot)"
147.124.197.101 - - [19/Oct/2025:10:58:27 -0400] "GET /wp-login.php HTTP/1.1" 200 5947 "-" "Mozilla/5.0 (Windows NT 10.0; Win64; x64) AppleWebKit/537.36 (KHTML, like Gecko) Chrome/130.0.0.0 Safari/537.36"
147.124.197.101 - - [19/Oct/2025:10:58:28 -0400] "POST /wp-login.php HTTP/1.1" 200 6368 "https://menintalk.com/wp-login.php" "Mozilla/5.0 (Windows NT 10.0; Win64; x64) AppleWebKit/537.36 (KHTML, like Gecko) Chrome/130.0.0.0 Safari/537.36"
136.243.220.210 - - [19/Oct/2025:10:58:30 -0400] "GET /crystal-clear-detailing/ HTTP/1.1" 200 80704 "-" "Mozilla/5.0 (compatible; DataForSeoBot/1.0; +https://dataforseo.com/dataforseo-bot)"
66.249.79.164 - - [19/Oct/2025:10:58:33 -0400] "GET /?shopping/product/1571177288.html HTTP/1.1" 301 - "-" "Mozilla/5.0 (Linux; Android 6.0.1; Nexus 5X Build/MMB29P) AppleWebKit/537.36 (KHTML, like Gecko) Chrome/140.0.7339.207 Mobile Safari/537.36 (compatible; Googlebot/2.1; +http://www.google.com/bot.html)"
66.249.79.164 - - [19/Oct/2025:10:58:33 -0400] "GET /?shopping%2Fproduct%2F1571177288_html HTTP/1.1" 200 47129 "-" "Mozilla/5.0 (Linux; Android 6.0.1; Nexus 5X Build/MMB29P) AppleWebKit/537.36 (KHTML, like Gecko) Chrome/140.0.7339.207 Mobile Safari/537.36 (compatible; Googlebot/2.1; +http://www.google.com/bot.html)"
136.243.220.210 - - [19/Oct/2025:10:58:34 -0400] "GET /tips-on-how-to-stay-connected-as-a-web-wife/ HTTP/1.1" 200 82408 "-" "Mozilla/5.0 (compatible; DataForSeoBot/1.0; +https://dataforseo.com/dataforseo-bot)"
136.243.220.210 - - [19/Oct/2025:10:58:38 -0400] "GET /on-line-mexican-online-dating-safety-ideas/ HTTP/1.1" 200 83537 "-" "Mozilla/5.0 (compatible; DataForSeoBot/1.0; +https://dataforseo.com/dataforseo-bot)"
136.243.220.210 - - [19/Oct/2025:10:58:42 -0400] "GET /putting-in-a-data-room-for-startup-companies/ HTTP/1.1" 200 83073 "-" "Mozilla/5.0 (compatible; DataForSeoBot/1.0; +https://dataforseo.com/dataforseo-bot)"
38.92.48.38 - - [19/Oct/2025:10:58:43 -0400] "GET /wp-login.php HTTP/1.1" 200 5947 "-" "Mozilla/5.0 (Windows NT 10.0; Win64; x64) AppleWebKit/537.36 (KHTML, like Gecko) Chrome/130.0.0.0 Safari/537.36"
66.249.79.164 - - [19/Oct/2025:10:58:43 -0400] "GET /?shopping/product/1572523333.html HTTP/1.1" 301 - "-" "Mozilla/5.0 (Linux; Android 6.0.1; Nexus 5X Build/MMB29P) AppleWebKit/537.36 (KHTML, like Gecko) Chrome/140.0.7339.207 Mobile Safari/537.36 (compatible; Googlebot/2.1; +http://www.google.com/bot.html)"
66.249.79.164 - - [19/Oct/2025:10:58:44 -0400] "GET /?shopping/product/15752128701.html HTTP/1.1" 301 - "-" "Mozilla/5.0 (Linux; Android 6.0.1; Nexus 5X Build/MMB29P) AppleWebKit/537.36 (KHTML, like Gecko) Chrome/140.0.7339.207 Mobile Safari/537.36 (compatible; Googlebot/2.1; +http://www.google.com/bot.html)"
66.249.79.164 - - [19/Oct/2025:10:58:44 -0400] "GET /?shopping%2Fproduct%2F1572523333_html HTTP/1.1" 200 47129 "-" "Mozilla/5.0 (Linux; Android 6.0.1; Nexus 5X Build/MMB29P) AppleWebKit/537.36 (KHTML, like Gecko) Chrome/140.0.7339.207 Mobile Safari/537.36 (compatible; Googlebot/2.1; +http://www.google.com/bot.html)"
66.249.79.164 - - [19/Oct/2025:10:58:45 -0400] "GET /?shopping%2Fproduct%2F15752128701_html HTTP/1.1" 200 47135 "-" "Mozilla/5.0 (Linux; Android 6.0.1; Nexus 5X Build/MMB29P) AppleWebKit/537.36 (KHTML, like Gecko) Chrome/140.0.7339.207 Mobile Safari/537.36 (compatible; Googlebot/2.1; +http://www.google.com/bot.html)"
136.243.220.210 - - [19/Oct/2025:10:58:46 -0400] "GET /deciding-on-a-data-place-provider/ HTTP/1.1" 200 81477 "-" "Mozilla/5.0 (compatible; DataForSeoBot/1.0; +https://dataforseo.com/dataforseo-bot)"
136.243.220.210 - - [19/Oct/2025:10:58:50 -0400] "GET /snail-mail-order-brides-meet-the-mail-buy-spouse-in-2022/ HTTP/1.1" 200 86835 "-" "Mozilla/5.0 (compatible; DataForSeoBot/1.0; +https://dataforseo.com/dataforseo-bot)"
136.243.220.210 - - [19/Oct/2025:10:58:54 -0400] "GET /on-the-web-croatian-dating-safety-guidelines/ HTTP/1.1" 200 83474 "-" "Mozilla/5.0 (compatible; DataForSeoBot/1.0; +https://dataforseo.com/dataforseo-bot)"
38.92.48.38 - - [19/Oct/2025:10:58:55 -0400] "POST /wp-login.php HTTP/1.1" 200 6367 "https://menintalk.com/wp-login.php" "Mozilla/5.0 (Windows NT 10.0; Win64; x64) AppleWebKit/537.36 (KHTML, like Gecko) Chrome/130.0.0.0 Safari/537.36"
66.249.79.164 - - [19/Oct/2025:10:58:55 -0400] "GET /?shopping/product/15731358740.html HTTP/1.1" 301 - "-" "Mozilla/5.0 (Linux; Android 6.0.1; Nexus 5X Build/MMB29P) AppleWebKit/537.36 (KHTML, like Gecko) Chrome/140.0.7339.207 Mobile Safari/537.36 (compatible; Googlebot/2.1; +http://www.google.com/bot.html)"
66.249.79.164 - - [19/Oct/2025:10:58:55 -0400] "GET /?shopping%2Fproduct%2F15731358740_html HTTP/1.1" 200 47135 "-" "Mozilla/5.0 (Linux; Android 6.0.1; Nexus 5X Build/MMB29P) AppleWebKit/537.36 (KHTML, like Gecko) Chrome/140.0.7339.207 Mobile Safari/537.36 (compatible; Googlebot/2.1; +http://www.google.com/bot.html)"
136.243.220.210 - - [19/Oct/2025:10:58:58 -0400] "GET /the-good-qualities-and-disadvantages-of-online-dating-services/ HTTP/1.1" 200 85303 "-" "Mozilla/5.0 (compatible; DataForSeoBot/1.0; +https://dataforseo.com/dataforseo-bot)"
136.243.220.210 - - [19/Oct/2025:10:59:02 -0400] "GET /utilizing-a-data-bedroom-for-complicated-due-diligence/ HTTP/1.1" 200 83424 "-" "Mozilla/5.0 (compatible; DataForSeoBot/1.0; +https://dataforseo.com/dataforseo-bot)"
51.89.129.37 - - [19/Oct/2025:10:59:02 -0400] "GET /?shopping/product/157410964886_html HTTP/1.1" 301 - "-" "Mozilla/5.0 (compatible; AhrefsBot/7.0; +http://ahrefs.com/robot/)"
66.249.79.164 - - [19/Oct/2025:10:59:05 -0400] "GET /?shopping/product/157169469.html HTTP/1.1" 301 - "-" "Mozilla/5.0 (Linux; Android 6.0.1; Nexus 5X Build/MMB29P) AppleWebKit/537.36 (KHTML, like Gecko) Chrome/140.0.7339.207 Mobile Safari/537.36 (compatible; Googlebot/2.1; +http://www.google.com/bot.html)"
122.180.248.182 - - [19/Oct/2025:10:59:05 -0400] "POST /xmlrpc.php HTTP/1.1" 200 401 "-" "Mozilla/4.0 (compatible; MSIE 7.0; Windows NT 6.2; Win64; x64; Trident/7.0; .NET4.0C; .NET4.0E; .NET CLR 2.0.50727; .NET CLR 3.0.30729; .NET CLR 3.5.30729; Tablet PC 2.0)"
66.249.79.164 - - [19/Oct/2025:10:59:06 -0400] "GET /?shopping%2Fproduct%2F157169469_html HTTP/1.1" 200 47123 "-" "Mozilla/5.0 (Linux; Android 6.0.1; Nexus 5X Build/MMB29P) AppleWebKit/537.36 (KHTML, like Gecko) Chrome/140.0.7339.207 Mobile Safari/537.36 (compatible; Googlebot/2.1; +http://www.google.com/bot.html)"
136.243.220.210 - - [19/Oct/2025:10:59:06 -0400] "GET /slavic-bridal-practices-precisely-what-are-slavic-girls-dating/ HTTP/1.1" 200 82506 "-" "Mozilla/5.0 (compatible; DataForSeoBot/1.0; +https://dataforseo.com/dataforseo-bot)"
20.204.164.126 - - [19/Oct/2025:10:59:09 -0400] "POST /xmlrpc.php HTTP/1.1" 200 403 "https://menintalk.com" "Mozilla/5.0 (Macintosh; Intel Mac OS X 10_15_7) AppleWebKit/537.36 (KHTML, like Gecko) Chrome/116.0.5845.96 Safari/537.36"
136.243.220.210 - - [19/Oct/2025:10:59:10 -0400] "GET /the-importance-of-collecting-data/ HTTP/1.1" 200 81667 "-" "Mozilla/5.0 (compatible; DataForSeoBot/1.0; +https://dataforseo.com/dataforseo-bot)"
136.243.220.210 - - [19/Oct/2025:10:59:14 -0400] "GET /compare-bitdefender-and-avast/ HTTP/1.1" 200 81345 "-" "Mozilla/5.0 (compatible; DataForSeoBot/1.0; +https://dataforseo.com/dataforseo-bot)"
66.249.79.164 - - [19/Oct/2025:10:59:16 -0400] "GET /?shopping/product/1572643329.html HTTP/1.1" 301 - "-" "Mozilla/5.0 (Linux; Android 6.0.1; Nexus 5X Build/MMB29P) AppleWebKit/537.36 (KHTML, like Gecko) Chrome/140.0.7339.207 Mobile Safari/537.36 (compatible; Googlebot/2.1; +http://www.google.com/bot.html)"
51.38.53.154 - - [19/Oct/2025:10:59:16 -0400] "GET /wp-login.php HTTP/1.1" 200 5947 "-" "Mozilla/5.0 (Windows NT 10.0; Win64; x64) AppleWebKit/537.36 (KHTML, like Gecko) Chrome/130.0.0.0 Safari/537.36"
66.249.79.164 - - [19/Oct/2025:10:59:16 -0400] "GET /?shopping%2Fproduct%2F1572643329_html HTTP/1.1" 200 47129 "-" "Mozilla/5.0 (Linux; Android 6.0.1; Nexus 5X Build/MMB29P) AppleWebKit/537.36 (KHTML, like Gecko) Chrome/140.0.7339.207 Mobile Safari/537.36 (compatible; Googlebot/2.1; +http://www.google.com/bot.html)"
51.38.53.154 - - [19/Oct/2025:10:59:17 -0400] "POST /wp-login.php HTTP/1.1" 200 6367 "https://menintalk.com/wp-login.php" "Mozilla/5.0 (Windows NT 10.0; Win64; x64) AppleWebKit/537.36 (KHTML, like Gecko) Chrome/130.0.0.0 Safari/537.36"
136.243.220.210 - - [19/Oct/2025:10:59:18 -0400] "GET /how-you-can-get-the-most-out-of-online-info-rooms/ HTTP/1.1" 200 81625 "-" "Mozilla/5.0 (compatible; DataForSeoBot/1.0; +https://dataforseo.com/dataforseo-bot)"
103.56.161.36 - - [19/Oct/2025:10:59:20 -0400] "GET /wp-login.php HTTP/1.1" 200 5947 "-" "Mozilla/5.0 (Windows NT 10.0; Win64; x64) AppleWebKit/537.36 (KHTML, like Gecko) Chrome/130.0.0.0 Safari/537.36"
103.56.161.36 - - [19/Oct/2025:10:59:20 -0400] "POST /wp-login.php HTTP/1.1" 200 6402 "https://menintalk.com/wp-login.php" "Mozilla/5.0 (Windows NT 10.0; Win64; x64) AppleWebKit/537.36 (KHTML, like Gecko) Chrome/130.0.0.0 Safari/537.36"
136.243.220.210 - - [19/Oct/2025:10:59:22 -0400] "GET /absolutely-free-vpn-pertaining-to-android-what-to-look-for-in-a-vpn/ HTTP/1.1" 200 82030 "-" "Mozilla/5.0 (compatible; DataForSeoBot/1.0; +https://dataforseo.com/dataforseo-bot)"
136.243.220.210 - - [19/Oct/2025:10:59:26 -0400] "GET /wedding-ceremony-planning-guide-5-important-steps-to-planning-your-big-event/ HTTP/1.1" 200 83929 "-" "Mozilla/5.0 (compatible; DataForSeoBot/1.0; +https://dataforseo.com/dataforseo-bot)"
66.249.79.169 - - [19/Oct/2025:10:59:26 -0400] "GET /?shopping/product/15731249726.html HTTP/1.1" 301 - "-" "Mozilla/5.0 (Linux; Android 6.0.1; Nexus 5X Build/MMB29P) AppleWebKit/537.36 (KHTML, like Gecko) Chrome/140.0.7339.207 Mobile Safari/537.36 (compatible; Googlebot/2.1; +http://www.google.com/bot.html)"
66.249.79.169 - - [19/Oct/2025:10:59:27 -0400] "GET /?shopping%2Fproduct%2F15731249726_html HTTP/1.1" 200 47135 "-" "Mozilla/5.0 (Linux; Android 6.0.1; Nexus 5X Build/MMB29P) AppleWebKit/537.36 (KHTML, like Gecko) Chrome/140.0.7339.207 Mobile Safari/537.36 (compatible; Googlebot/2.1; +http://www.google.com/bot.html)"
66.249.79.169 - - [19/Oct/2025:10:59:28 -0400] "GET /?shopping/product/15741574145.html HTTP/1.1" 301 - "-" "Mozilla/5.0 (Linux; Android 6.0.1; Nexus 5X Build/MMB29P) AppleWebKit/537.36 (KHTML, like Gecko) Chrome/140.0.7339.207 Mobile Safari/537.36 (compatible; Googlebot/2.1; +http://www.google.com/bot.html)"
66.249.79.169 - - [19/Oct/2025:10:59:29 -0400] "GET /?shopping%2Fproduct%2F15741574145_html HTTP/1.1" 200 47135 "-" "Mozilla/5.0 (Linux; Android 6.0.1; Nexus 5X Build/MMB29P) AppleWebKit/537.36 (KHTML, like Gecko) Chrome/140.0.7339.207 Mobile Safari/537.36 (compatible; Googlebot/2.1; +http://www.google.com/bot.html)"
15.204.97.227 - - [19/Oct/2025:10:59:29 -0400] "POST /xmlrpc.php HTTP/1.1" 200 401 "-" "Mozilla/5.0 (Macintosh; Intel Mac OS X 10_13_4) AppleWebKit/537.36 (KHTML, like Gecko) Chrome/67.0.3396.62 Safari/537.36"
136.243.220.210 - - [19/Oct/2025:10:59:30 -0400] "GET /good-interracial-marriages/ HTTP/1.1" 200 81743 "-" "Mozilla/5.0 (compatible; DataForSeoBot/1.0; +https://dataforseo.com/dataforseo-bot)"
136.243.220.210 - - [19/Oct/2025:10:59:34 -0400] "GET /alternatives-to-craigslist/ HTTP/1.1" 200 82581 "-" "Mozilla/5.0 (compatible; DataForSeoBot/1.0; +https://dataforseo.com/dataforseo-bot)"
66.249.79.169 - - [19/Oct/2025:10:59:38 -0400] "GET /?shopping/product/15762748061.html HTTP/1.1" 301 - "-" "Mozilla/5.0 (Linux; Android 6.0.1; Nexus 5X Build/MMB29P) AppleWebKit/537.36 (KHTML, like Gecko) Chrome/140.0.7339.207 Mobile Safari/537.36 (compatible; Googlebot/2.1; +http://www.google.com/bot.html)"
136.243.220.210 - - [19/Oct/2025:10:59:38 -0400] "GET /philippine-wedding-practices/ HTTP/1.1" 200 81794 "-" "Mozilla/5.0 (compatible; DataForSeoBot/1.0; +https://dataforseo.com/dataforseo-bot)"
66.249.79.169 - - [19/Oct/2025:10:59:39 -0400] "GET /?shopping%2Fproduct%2F15762748061_html HTTP/1.1" 200 47135 "-" "Mozilla/5.0 (Linux; Android 6.0.1; Nexus 5X Build/MMB29P) AppleWebKit/537.36 (KHTML, like Gecko) Chrome/140.0.7339.207 Mobile Safari/537.36 (compatible; Googlebot/2.1; +http://www.google.com/bot.html)"
136.243.220.210 - - [19/Oct/2025:10:59:42 -0400] "GET /17-nederlandse-sex-chat-websites/ HTTP/1.1" 200 81603 "-" "Mozilla/5.0 (compatible; DataForSeoBot/1.0; +https://dataforseo.com/dataforseo-bot)"
147.124.197.101 - - [19/Oct/2025:10:59:44 -0400] "GET /wp-login.php HTTP/1.1" 200 5947 "-" "Mozilla/5.0 (Windows NT 10.0; Win64; x64) AppleWebKit/537.36 (KHTML, like Gecko) Chrome/130.0.0.0 Safari/537.36"
69.58.1.136 - - [19/Oct/2025:10:59:44 -0400] "GET /comment-la-probabilite-enrichit-votre-experience-au-bankonbet-casino/ HTTP/1.1" 200 83691 "-" "Mozilla/5.0 (Windows NT 10.0; WOW64; x64) AppleWebKit/537.36 (KHTML, like Gecko) Chrome/114.0.0.0 Safari/537.36 OPR/89.0.4447.51"
147.124.197.101 - - [19/Oct/2025:10:59:44 -0400] "POST /wp-login.php HTTP/1.1" 200 6402 "https://menintalk.com/wp-login.php" "Mozilla/5.0 (Windows NT 10.0; Win64; x64) AppleWebKit/537.36 (KHTML, like Gecko) Chrome/130.0.0.0 Safari/537.36"
136.243.220.210 - - [19/Oct/2025:10:59:46 -0400] "GET /how-can-a-data-bedroom-cost/ HTTP/1.1" 200 81119 "-" "Mozilla/5.0 (compatible; DataForSeoBot/1.0; +https://dataforseo.com/dataforseo-bot)"
66.249.79.169 - - [19/Oct/2025:10:59:49 -0400] "GET /category/entertainment/celeb-spooks/index.php?author=1 HTTP/1.1" 301 - "-" "Mozilla/5.0 (Linux; Android 6.0.1; Nexus 5X Build/MMB29P) AppleWebKit/537.36 (KHTML, like Gecko) Chrome/140.0.7339.207 Mobile Safari/537.36 (compatible; Googlebot/2.1; +http://www.google.com/bot.html)"
66.249.79.169 - - [19/Oct/2025:10:59:50 -0400] "GET /author/admin/ HTTP/1.1" 200 43288 "-" "Mozilla/5.0 (Linux; Android 6.0.1; Nexus 5X Build/MMB29P) AppleWebKit/537.36 (KHTML, like Gecko) Chrome/140.0.7339.207 Mobile Safari/537.36 (compatible; Googlebot/2.1; +http://www.google.com/bot.html)"
136.243.220.210 - - [19/Oct/2025:10:59:50 -0400] "GET /safeguarded-technologies-and-data-safe-keeping/ HTTP/1.1" 200 81712 "-" "Mozilla/5.0 (compatible; DataForSeoBot/1.0; +https://dataforseo.com/dataforseo-bot)"
136.243.220.210 - - [19/Oct/2025:10:59:54 -0400] "GET /how-to-choose-the-best-mobile-antivirus/ HTTP/1.1" 200 81675 "-" "Mozilla/5.0 (compatible; DataForSeoBot/1.0; +https://dataforseo.com/dataforseo-bot)"
54.36.95.199 - - [19/Oct/2025:10:59:55 -0400] "GET /wp-login.php HTTP/1.1" 200 5947 "-" "Mozilla/5.0 (Windows NT 10.0; Win64; x64) AppleWebKit/537.36 (KHTML, like Gecko) Chrome/130.0.0.0 Safari/537.36"
136.243.220.210 - - [19/Oct/2025:10:59:58 -0400] "GET /how-to-choose-secure-plank-portal-alternatives/ HTTP/1.1" 200 81666 "-" "Mozilla/5.0 (compatible; DataForSeoBot/1.0; +https://dataforseo.com/dataforseo-bot)"
66.249.79.169 - - [19/Oct/2025:10:59:59 -0400] "GET /?item/pcmypage/15758503889332600 HTTP/1.1" 301 - "-" "Mozilla/5.0 (Linux; Android 6.0.1; Nexus 5X Build/MMB29P) AppleWebKit/537.36 (KHTML, like Gecko) Chrome/140.0.7339.207 Mobile Safari/537.36 (compatible; Googlebot/2.1; +http://www.google.com/bot.html)"
66.249.79.169 - - [19/Oct/2025:11:00:00 -0400] "GET /?item%2Fpcmypage%2F15758503889332600 HTTP/1.1" 200 47123 "-" "Mozilla/5.0 (Linux; Android 6.0.1; Nexus 5X Build/MMB29P) AppleWebKit/537.36 (KHTML, like Gecko) Chrome/140.0.7339.207 Mobile Safari/537.36 (compatible; Googlebot/2.1; +http://www.google.com/bot.html)"
66.249.79.169 - - [19/Oct/2025:11:00:01 -0400] "GET /?shopping/product/15762923822.html HTTP/1.1" 301 - "-" "Mozilla/5.0 (Linux; Android 6.0.1; Nexus 5X Build/MMB29P) AppleWebKit/537.36 (KHTML, like Gecko) Chrome/140.0.7339.207 Mobile Safari/537.36 (compatible; Googlebot/2.1; +http://www.google.com/bot.html)"
54.36.95.199 - - [19/Oct/2025:11:00:02 -0400] "POST /wp-login.php HTTP/1.1" 200 6367 "https://menintalk.com/wp-login.php" "Mozilla/5.0 (Windows NT 10.0; Win64; x64) AppleWebKit/537.36 (KHTML, like Gecko) Chrome/130.0.0.0 Safari/537.36"
136.243.220.210 - - [19/Oct/2025:11:00:02 -0400] "GET /ways-to-have-missionary-sex/ HTTP/1.1" 200 81646 "-" "Mozilla/5.0 (compatible; DataForSeoBot/1.0; +https://dataforseo.com/dataforseo-bot)"
66.249.79.169 - - [19/Oct/2025:11:00:03 -0400] "GET /?shopping%2Fproduct%2F15762923822_html HTTP/1.1" 200 47135 "-" "Mozilla/5.0 (Linux; Android 6.0.1; Nexus 5X Build/MMB29P) AppleWebKit/537.36 (KHTML, like Gecko) Chrome/140.0.7339.207 Mobile Safari/537.36 (compatible; Googlebot/2.1; +http://www.google.com/bot.html)"
136.243.220.210 - - [19/Oct/2025:11:00:06 -0400] "GET /hard-anodized-cookware-relationship-stereotypes/ HTTP/1.1" 200 82460 "-" "Mozilla/5.0 (compatible; DataForSeoBot/1.0; +https://dataforseo.com/dataforseo-bot)"
136.243.220.210 - - [19/Oct/2025:11:00:10 -0400] "GET /data-safety-instructions/ HTTP/1.1" 200 81294 "-" "Mozilla/5.0 (compatible; DataForSeoBot/1.0; +https://dataforseo.com/dataforseo-bot)"
62.146.234.58 - - [19/Oct/2025:11:00:12 -0400] "GET /wp-login.php HTTP/1.1" 200 5947 "-" "Mozilla/5.0 (Windows NT 10.0; Win64; x64) AppleWebKit/537.36 (KHTML, like Gecko) Chrome/130.0.0.0 Safari/537.36"
212.30.36.220 - - [19/Oct/2025:11:00:12 -0400] "GET /matematica-e-diversao-o-coracao-do-playuzu/ HTTP/1.1" 200 84027 "-" "Mozilla/5.0 (Windows NT 10.0; WOW64; x64) AppleWebKit/537.36 (KHTML, like Gecko) Chrome/114.0.0.0 Safari/537.36 OPR/89.0.4447.51"
66.249.79.169 - - [19/Oct/2025:11:00:13 -0400] "GET /?item/pcmypage/15752516284168100 HTTP/1.1" 301 - "-" "Mozilla/5.0 (Linux; Android 6.0.1; Nexus 5X Build/MMB29P) AppleWebKit/537.36 (KHTML, like Gecko) Chrome/140.0.7339.207 Mobile Safari/537.36 (compatible; Googlebot/2.1; +http://www.google.com/bot.html)"
62.146.234.58 - - [19/Oct/2025:11:00:13 -0400] "POST /wp-login.php HTTP/1.1" 200 6402 "https://menintalk.com/wp-login.php" "Mozilla/5.0 (Windows NT 10.0; Win64; x64) AppleWebKit/537.36 (KHTML, like Gecko) Chrome/130.0.0.0 Safari/537.36"
66.249.79.169 - - [19/Oct/2025:11:00:13 -0400] "GET /?item%2Fpcmypage%2F15752516284168100 HTTP/1.1" 200 47123 "-" "Mozilla/5.0 (Linux; Android 6.0.1; Nexus 5X Build/MMB29P) AppleWebKit/537.36 (KHTML, like Gecko) Chrome/140.0.7339.207 Mobile Safari/537.36 (compatible; Googlebot/2.1; +http://www.google.com/bot.html)"
136.243.220.210 - - [19/Oct/2025:11:00:14 -0400] "GET /online-polish-dating-safety-ideas/ HTTP/1.1" 200 83422 "-" "Mozilla/5.0 (compatible; DataForSeoBot/1.0; +https://dataforseo.com/dataforseo-bot)"
69.49.112.73 - - [19/Oct/2025:11:00:15 -0400] "GET /wp-login.php HTTP/1.1" 200 5947 "-" "Mozilla/5.0 (Windows NT 10.0; Win64; x64) AppleWebKit/537.36 (KHTML, like Gecko) Chrome/130.0.0.0 Safari/537.36"
69.49.112.73 - - [19/Oct/2025:11:00:16 -0400] "POST /wp-login.php HTTP/1.1" 200 6402 "https://menintalk.com/wp-login.php" "Mozilla/5.0 (Windows NT 10.0; Win64; x64) AppleWebKit/537.36 (KHTML, like Gecko) Chrome/130.0.0.0 Safari/537.36"
136.243.220.210 - - [19/Oct/2025:11:00:18 -0400] "GET /top-5-dating-websites-and-software/ HTTP/1.1" 200 81448 "-" "Mozilla/5.0 (compatible; DataForSeoBot/1.0; +https://dataforseo.com/dataforseo-bot)"
67.225.188.52 - - [19/Oct/2025:11:00:20 -0400] "GET /wp-login.php HTTP/1.1" 200 5947 "-" "Mozilla/5.0 (Windows NT 10.0; Win64; x64) AppleWebKit/537.36 (KHTML, like Gecko) Chrome/130.0.0.0 Safari/537.36"
2a01:4f8:c2c:5742::1 - - [19/Oct/2025:11:00:20 -0400] "POST /xmlrpc.php HTTP/1.1" 200 401 "-" "Mozilla/5.0 (X11; Ubuntu; Linux x86_64; rv:85.0) Gecko/20100101 Firefox/91.0"
67.225.188.52 - - [19/Oct/2025:11:00:21 -0400] "POST /wp-login.php HTTP/1.1" 200 6367 "https://menintalk.com/wp-login.php" "Mozilla/5.0 (Windows NT 10.0; Win64; x64) AppleWebKit/537.36 (KHTML, like Gecko) Chrome/130.0.0.0 Safari/537.36"
136.243.220.210 - - [19/Oct/2025:11:00:22 -0400] "GET /exactly-what-russian-girls-like/ HTTP/1.1" 200 83016 "-" "Mozilla/5.0 (compatible; DataForSeoBot/1.0; +https://dataforseo.com/dataforseo-bot)"
66.249.79.169 - - [19/Oct/2025:11:00:23 -0400] "GET /?item/pcmypage/15733975179533890 HTTP/1.1" 301 - "-" "Mozilla/5.0 (Linux; Android 6.0.1; Nexus 5X Build/MMB29P) AppleWebKit/537.36 (KHTML, like Gecko) Chrome/140.0.7339.207 Mobile Safari/537.36 (compatible; Googlebot/2.1; +http://www.google.com/bot.html)"
66.249.79.169 - - [19/Oct/2025:11:00:24 -0400] "GET /?item%2Fpcmypage%2F15733975179533890 HTTP/1.1" 200 47123 "-" "Mozilla/5.0 (Linux; Android 6.0.1; Nexus 5X Build/MMB29P) AppleWebKit/537.36 (KHTML, like Gecko) Chrome/140.0.7339.207 Mobile Safari/537.36 (compatible; Googlebot/2.1; +http://www.google.com/bot.html)"
136.243.220.210 - - [19/Oct/2025:11:00:26 -0400] "GET /5-romantic-tips-to-keep-the-ignite-alive/ HTTP/1.1" 200 82117 "-" "Mozilla/5.0 (compatible; DataForSeoBot/1.0; +https://dataforseo.com/dataforseo-bot)"
136.243.220.210 - - [19/Oct/2025:11:00:30 -0400] "GET /dlaczego-maszyny-online-blik-upraszcza-zycie/ HTTP/1.1" 200 86433 "-" "Mozilla/5.0 (compatible; DataForSeoBot/1.0; +https://dataforseo.com/dataforseo-bot)"
202.142.184.234 - - [19/Oct/2025:11:00:31 -0400] "GET /wp-login.php HTTP/1.1" 200 5947 "-" "Mozilla/5.0 (Windows NT 10.0; Win64; x64) AppleWebKit/537.36 (KHTML, like Gecko) Chrome/130.0.0.0 Safari/537.36"
66.249.79.169 - - [19/Oct/2025:11:00:34 -0400] "GET /?item/pcmypage/15762018224491460 HTTP/1.1" 301 - "-" "Mozilla/5.0 (Linux; Android 6.0.1; Nexus 5X Build/MMB29P) AppleWebKit/537.36 (KHTML, like Gecko) Chrome/140.0.7339.207 Mobile Safari/537.36 (compatible; Googlebot/2.1; +http://www.google.com/bot.html)"
136.243.220.210 - - [19/Oct/2025:11:00:34 -0400] "GET /how-to-meet-foreign-women-on-line/ HTTP/1.1" 200 81923 "-" "Mozilla/5.0 (compatible; DataForSeoBot/1.0; +https://dataforseo.com/dataforseo-bot)"
66.249.79.169 - - [19/Oct/2025:11:00:34 -0400] "GET /?item%2Fpcmypage%2F15762018224491460 HTTP/1.1" 200 47123 "-" "Mozilla/5.0 (Linux; Android 6.0.1; Nexus 5X Build/MMB29P) AppleWebKit/537.36 (KHTML, like Gecko) Chrome/140.0.7339.207 Mobile Safari/537.36 (compatible; Googlebot/2.1; +http://www.google.com/bot.html)"
202.142.184.234 - - [19/Oct/2025:11:00:35 -0400] "POST /wp-login.php HTTP/1.1" 200 6402 "https://menintalk.com/wp-login.php" "Mozilla/5.0 (Windows NT 10.0; Win64; x64) AppleWebKit/537.36 (KHTML, like Gecko) Chrome/130.0.0.0 Safari/537.36"
46.4.29.155 - - [19/Oct/2025:11:00:38 -0400] "GET /wp-login.php HTTP/1.1" 200 5947 "-" "Mozilla/5.0 (Windows NT 10.0; Win64; x64) AppleWebKit/537.36 (KHTML, like Gecko) Chrome/130.0.0.0 Safari/537.36"
136.243.220.210 - - [19/Oct/2025:11:00:38 -0400] "GET /choosing-the-best-virus-removal-software/ HTTP/1.1" 200 81554 "-" "Mozilla/5.0 (compatible; DataForSeoBot/1.0; +https://dataforseo.com/dataforseo-bot)"
46.4.29.155 - - [19/Oct/2025:11:00:38 -0400] "POST /wp-login.php HTTP/1.1" 200 6402 "https://menintalk.com/wp-login.php" "Mozilla/5.0 (Windows NT 10.0; Win64; x64) AppleWebKit/537.36 (KHTML, like Gecko) Chrome/130.0.0.0 Safari/537.36"
147.124.197.101 - - [19/Oct/2025:11:00:40 -0400] "GET /wp-login.php HTTP/1.1" 200 5947 "-" "Mozilla/5.0 (Windows NT 10.0; Win64; x64) AppleWebKit/537.36 (KHTML, like Gecko) Chrome/130.0.0.0 Safari/537.36"
147.124.197.101 - - [19/Oct/2025:11:00:41 -0400] "POST /wp-login.php HTTP/1.1" 200 6402 "https://menintalk.com/wp-login.php" "Mozilla/5.0 (Windows NT 10.0; Win64; x64) AppleWebKit/537.36 (KHTML, like Gecko) Chrome/130.0.0.0 Safari/537.36"
136.243.220.210 - - [19/Oct/2025:11:00:42 -0400] "GET /how-much-does-game-mean-in-online-dating/ HTTP/1.1" 200 81716 "-" "Mozilla/5.0 (compatible; DataForSeoBot/1.0; +https://dataforseo.com/dataforseo-bot)"
66.249.79.169 - - [19/Oct/2025:11:00:44 -0400] "GET /?item/pcmypage/15751072805753000 HTTP/1.1" 301 - "-" "Mozilla/5.0 (Linux; Android 6.0.1; Nexus 5X Build/MMB29P) AppleWebKit/537.36 (KHTML, like Gecko) Chrome/140.0.7339.207 Mobile Safari/537.36 (compatible; Googlebot/2.1; +http://www.google.com/bot.html)"
148.72.247.255 - - [19/Oct/2025:11:00:44 -0400] "GET /wp-login.php HTTP/1.1" 200 5947 "-" "Mozilla/5.0 (Windows NT 10.0; Win64; x64) AppleWebKit/537.36 (KHTML, like Gecko) Chrome/130.0.0.0 Safari/537.36"
66.249.79.169 - - [19/Oct/2025:11:00:45 -0400] "GET /?item%2Fpcmypage%2F15751072805753000 HTTP/1.1" 200 47123 "-" "Mozilla/5.0 (Linux; Android 6.0.1; Nexus 5X Build/MMB29P) AppleWebKit/537.36 (KHTML, like Gecko) Chrome/140.0.7339.207 Mobile Safari/537.36 (compatible; Googlebot/2.1; +http://www.google.com/bot.html)"
148.72.247.255 - - [19/Oct/2025:11:00:45 -0400] "POST /wp-login.php HTTP/1.1" 200 6402 "https://menintalk.com/wp-login.php" "Mozilla/5.0 (Windows NT 10.0; Win64; x64) AppleWebKit/537.36 (KHTML, like Gecko) Chrome/130.0.0.0 Safari/537.36"
136.243.220.210 - - [19/Oct/2025:11:00:46 -0400] "GET /the-best-data-room-providers/ HTTP/1.1" 200 81350 "-" "Mozilla/5.0 (compatible; DataForSeoBot/1.0; +https://dataforseo.com/dataforseo-bot)"
147.135.136.156 - - [19/Oct/2025:11:00:48 -0400] "GET /wp-login.php HTTP/1.1" 200 5947 "-" "Mozilla/5.0 (Windows NT 10.0; Win64; x64) AppleWebKit/537.36 (KHTML, like Gecko) Chrome/130.0.0.0 Safari/537.36"
147.135.136.156 - - [19/Oct/2025:11:00:48 -0400] "POST /wp-login.php HTTP/1.1" 200 6402 "https://menintalk.com/wp-login.php" "Mozilla/5.0 (Windows NT 10.0; Win64; x64) AppleWebKit/537.36 (KHTML, like Gecko) Chrome/130.0.0.0 Safari/537.36"
136.243.220.210 - - [19/Oct/2025:11:00:50 -0400] "GET /how-you-can-find-latin-women-online/ HTTP/1.1" 200 83040 "-" "Mozilla/5.0 (compatible; DataForSeoBot/1.0; +https://dataforseo.com/dataforseo-bot)"
51.89.129.182 - - [19/Oct/2025:11:00:50 -0400] "GET /?shopping/product/157410933455_html HTTP/1.1" 301 - "-" "Mozilla/5.0 (compatible; AhrefsBot/7.0; +http://ahrefs.com/robot/)"
108.167.189.61 - - [19/Oct/2025:11:00:51 -0400] "GET /wp-login.php HTTP/1.1" 200 5947 "-" "Mozilla/5.0 (Windows NT 10.0; Win64; x64) AppleWebKit/537.36 (KHTML, like Gecko) Chrome/130.0.0.0 Safari/537.36"
108.167.189.61 - - [19/Oct/2025:11:00:52 -0400] "POST /wp-login.php HTTP/1.1" 200 6402 "https://menintalk.com/wp-login.php" "Mozilla/5.0 (Windows NT 10.0; Win64; x64) AppleWebKit/537.36 (KHTML, like Gecko) Chrome/130.0.0.0 Safari/537.36"
136.243.220.210 - - [19/Oct/2025:11:00:54 -0400] "GET /ideal-foreign-country-to-find-a-partner/ HTTP/1.1" 200 81966 "-" "Mozilla/5.0 (compatible; DataForSeoBot/1.0; +https://dataforseo.com/dataforseo-bot)"
