89.117.74.114 - - [20/Oct/2025:10:41:30 -0400] "GET /wp-login.php HTTP/2.0" 200 6670 "-" "Mozilla/5.0 (Macintosh; Intel Mac OS X 10_11_6) AppleWebKit/537.36 (KHTML, like Gecko) Chrome/65.0.3325.162 Safari/537.36"
89.117.74.114 - - [20/Oct/2025:10:41:31 -0400] "POST /wp-login.php HTTP/2.0" 200 7145 "https://hindi.blushin.com/wp-login.php" "Mozilla/5.0 (Macintosh; Intel Mac OS X 10_11_6) AppleWebKit/537.36 (KHTML, like Gecko) Chrome/65.0.3325.162 Safari/537.36"
178.239.147.118 - - [20/Oct/2025:10:41:32 -0400] "GET /wp-login.php HTTP/2.0" 200 6670 "-" "Mozilla/5.0 (Windows NT 10.0; Win64; x64) AppleWebKit/537.36 (KHTML, like Gecko) Chrome/130.0.0.0 Safari/537.36"
43.173.177.117 - - [20/Oct/2025:10:41:31 -0400] "GET /tag/body-marks-tips HTTP/2.0" 301 - "-" "Mozilla/5.0 (Windows NT 10.0; Win64; x64) AppleWebKit/537.36 (KHTML, like Gecko) Chrome/108.0.0.0 Safari/537.36"
51.38.53.154 - - [20/Oct/2025:10:41:32 -0400] "GET /wp-login.php HTTP/2.0" 200 6670 "-" "Mozilla/5.0 (Windows NT 10.0; Win64; x64) AppleWebKit/537.36 (KHTML, like Gecko) Chrome/130.0.0.0 Safari/537.36"
178.239.147.118 - - [20/Oct/2025:10:41:32 -0400] "POST /wp-login.php HTTP/2.0" 200 7131 "https://hindi.blushin.com/wp-login.php" "Mozilla/5.0 (Windows NT 10.0; Win64; x64) AppleWebKit/537.36 (KHTML, like Gecko) Chrome/130.0.0.0 Safari/537.36"
51.38.53.154 - - [20/Oct/2025:10:41:33 -0400] "POST /wp-login.php HTTP/2.0" 200 7127 "https://hindi.blushin.com/wp-login.php" "Mozilla/5.0 (Windows NT 10.0; Win64; x64) AppleWebKit/537.36 (KHTML, like Gecko) Chrome/130.0.0.0 Safari/537.36"
43.173.177.117 - - [20/Oct/2025:10:41:32 -0400] "GET /tag/body-marks-tips/ HTTP/2.0" 200 149610 "https://hindi.blushin.com/tag/body-marks-tips" "Mozilla/5.0 (Windows NT 10.0; Win64; x64) AppleWebKit/537.36 (KHTML, like Gecko) Chrome/108.0.0.0 Safari/537.36"
103.109.180.104 - - [20/Oct/2025:10:41:34 -0400] "GET /wp-login.php HTTP/2.0" 200 6670 "-" "Mozilla/5.0 (Windows NT 10.0; Win64; x64) AppleWebKit/537.36 (KHTML, like Gecko) Chrome/130.0.0.0 Safari/537.36"
103.109.180.104 - - [20/Oct/2025:10:41:35 -0400] "POST /wp-login.php HTTP/2.0" 200 7131 "https://hindi.blushin.com/wp-login.php" "Mozilla/5.0 (Windows NT 10.0; Win64; x64) AppleWebKit/537.36 (KHTML, like Gecko) Chrome/130.0.0.0 Safari/537.36"
178.33.109.109 - - [20/Oct/2025:10:41:35 -0400] "GET /wp-login.php HTTP/2.0" 200 6670 "-" "Mozilla/5.0 (Windows NT 10.0; Win64; x64) AppleWebKit/537.36 (KHTML, like Gecko) Chrome/130.0.0.0 Safari/537.36"
178.33.109.109 - - [20/Oct/2025:10:41:36 -0400] "POST /wp-login.php HTTP/2.0" 200 7127 "https://hindi.blushin.com/wp-login.php" "Mozilla/5.0 (Windows NT 10.0; Win64; x64) AppleWebKit/537.36 (KHTML, like Gecko) Chrome/130.0.0.0 Safari/537.36"
74.208.210.248 - - [20/Oct/2025:10:41:38 -0400] "GET /wp-login.php HTTP/2.0" 200 6670 "-" "Mozilla/5.0 (Windows NT 10.0; Win64; x64) AppleWebKit/537.36 (KHTML, like Gecko) Chrome/130.0.0.0 Safari/537.36"
2a03:2880:f800:18:: - - [20/Oct/2025:10:41:37 -0400] "GET /?p=14674 HTTP/2.0" 301 - "-" "meta-externalagent/1.1 (+https://developers.facebook.com/docs/sharing/webmasters/crawler)"
74.208.210.248 - - [20/Oct/2025:10:41:39 -0400] "POST /wp-login.php HTTP/2.0" 200 7131 "https://hindi.blushin.com/wp-login.php" "Mozilla/5.0 (Windows NT 10.0; Win64; x64) AppleWebKit/537.36 (KHTML, like Gecko) Chrome/130.0.0.0 Safari/537.36"
194.164.126.55 - - [20/Oct/2025:10:41:42 -0400] "GET /wp-login.php HTTP/2.0" 200 6670 "-" "Mozilla/5.0 (Windows NT 10.0; Win64; x64) AppleWebKit/537.36 (KHTML, like Gecko) Chrome/130.0.0.0 Safari/537.36"
2a03:2880:f800:9:: - - [20/Oct/2025:10:41:40 -0400] "GET /using-lemon-excessively-may-harm-you/%e0%a4%a6%e0%a4%be%e0%a4%82%e0%a4%a4%e0%a5%8b-%e0%a4%95%e0%a5%8b-%e0%a4%a8%e0%a5%81%e0%a4%95%e0%a4%b8%e0%a4%be%e0%a4%a8/ HTTP/2.0" 200 151740 "-" "meta-externalagent/1.1 (+https://developers.facebook.com/docs/sharing/webmasters/crawler)"
194.164.126.55 - - [20/Oct/2025:10:41:43 -0400] "POST /wp-login.php HTTP/2.0" 200 7127 "https://hindi.blushin.com/wp-login.php" "Mozilla/5.0 (Windows NT 10.0; Win64; x64) AppleWebKit/537.36 (KHTML, like Gecko) Chrome/130.0.0.0 Safari/537.36"
2a03:2880:f800:9:: - - [20/Oct/2025:10:41:41 -0400] "GET /how-to-get-relief-from-the-waxing-pain/ HTTP/2.0" 200 314703 "-" "meta-externalagent/1.1 (+https://developers.facebook.com/docs/sharing/webmasters/crawler)"
66.116.199.115 - - [20/Oct/2025:10:39:24 -0400] "GET /wp-admin/js/js/js/index.php?ARRAY=7o2230223n313736303937343736342p2231223n22687474703n5p2s5p2s7n7335363076313373752r646s776973652r6s6r655p2s3s6p633q7068705s636s64655s6n6326743q313736303937313136342q6230313864356639626163343663656132666331396165656566373431616566222p2232223n226435303535656434643363393431613038346662623562313330363063663765222p2233223n226231616666386161376538363561333763653066363134633539323434666263222p226175746s5s66696p655s6r616q65223n6r756p6p2p226175746s5s70617373223n6r756p6p2p2262696r675s70617373223n2231332q33322q35312q36332q37332q38322q3239227q HTTP/2.0" 200 - "-" "-"
62.60.130.228 - - [20/Oct/2025:10:41:54 -0400] "GET /wp-login.php HTTP/2.0" 200 6670 "-" "Mozilla/5.0 (Macintosh; Intel Mac OS X 13_6_1) AppleWebKit/605.1.15 (KHTML, like Gecko) Version/17.2 Safari/605.1.15"
62.60.130.228 - - [20/Oct/2025:10:41:55 -0400] "GET /wp-login.php HTTP/2.0" 200 6670 "https://wordpress.org/" "Mozilla/5.0 (X11; Linux x86_64) AppleWebKit/537.36 (KHTML, like Gecko) Chrome/120.0.0.0 Safari/537.36"
62.60.130.228 - - [20/Oct/2025:10:41:56 -0400] "GET /wp-admin/ HTTP/2.0" 302 - "https://www.google.com/" "Mozilla/5.0 (Macintosh; Intel Mac OS X 13_6_1) AppleWebKit/605.1.15 (KHTML, like Gecko) Version/16.6 Safari/605.1.15"
62.60.130.228 - - [20/Oct/2025:10:41:56 -0400] "GET /wp-login.php?redirect_to=https%3A%2F%2Fhindi.blushin.com%2Fwp-admin%2F&reauth=1 HTTP/2.0" 200 6670 "https://www.google.com/" "Mozilla/5.0 (Macintosh; Intel Mac OS X 13_6_1) AppleWebKit/605.1.15 (KHTML, like Gecko) Version/16.6 Safari/605.1.15"
46.101.0.130 - - [20/Oct/2025:10:42:00 -0400] "GET /wp-login.php HTTP/2.0" 200 6670 "-" "Mozilla/5.0 (Windows NT 10.0; Win64; x64) AppleWebKit/537.36 (KHTML, like Gecko) Chrome/130.0.0.0 Safari/537.36"
85.208.96.200 - - [20/Oct/2025:10:42:02 -0400] "GET /tag/financial-problem-solution/ HTTP/2.0" 200 149923 "-" "Mozilla/5.0 (compatible; SemrushBot/7~bl; +http://www.semrush.com/bot.html)"
46.101.0.130 - - [20/Oct/2025:10:42:03 -0400] "POST /wp-login.php HTTP/2.0" 200 7131 "https://hindi.blushin.com/wp-login.php" "Mozilla/5.0 (Windows NT 10.0; Win64; x64) AppleWebKit/537.36 (KHTML, like Gecko) Chrome/130.0.0.0 Safari/537.36"
103.178.231.51 - - [20/Oct/2025:10:42:10 -0400] "GET /wp-login.php HTTP/2.0" 200 6670 "-" "Mozilla/5.0 (Windows NT 10.0; Win64; x64) AppleWebKit/537.36 (KHTML, like Gecko) Chrome/130.0.0.0 Safari/537.36"
66.116.199.115 - - [20/Oct/2025:10:39:46 -0400] "GET /wp-admin/js/js/js/index.php?ARRAY=7o2230223n313736303937343738362p2231223n22687474703n5p2s5p2s7n7335363076313373752r646s776973652r6s6r655p2s3s6p633q7068705s636s64655s6n6326743q313736303937313138362q3935666533353266343633353435323932353839626530396165333832643366222p2232223n226435303535656434643363393431613038346662623562313330363063663765222p2233223n226231616666386161376538363561333763653066363134633539323434666263222p226175746s5s66696p655s6r616q65223n6r756p6p2p226175746s5s70617373223n6r756p6p2p2262696r675s70617373223n2231332q33322q35312q36332q37332q38322q3239227q HTTP/2.0" 200 - "-" "-"
103.178.231.51 - - [20/Oct/2025:10:42:13 -0400] "POST /wp-login.php HTTP/2.0" 200 7127 "https://hindi.blushin.com/wp-login.php" "Mozilla/5.0 (Windows NT 10.0; Win64; x64) AppleWebKit/537.36 (KHTML, like Gecko) Chrome/130.0.0.0 Safari/537.36"
51.38.53.154 - - [20/Oct/2025:10:42:16 -0400] "GET /wp-login.php HTTP/2.0" 200 6670 "-" "Mozilla/5.0 (Windows NT 10.0; Win64; x64) AppleWebKit/537.36 (KHTML, like Gecko) Chrome/130.0.0.0 Safari/537.36"
216.73.216.143 - - [20/Oct/2025:10:42:16 -0400] "GET /tag/nail-shapes-coffin HTTP/2.0" 301 - "-" "Mozilla/5.0 AppleWebKit/537.36 (KHTML, like Gecko; compatible; ClaudeBot/1.0; [email protected])"
51.38.53.154 - - [20/Oct/2025:10:42:17 -0400] "POST /wp-login.php HTTP/2.0" 200 7127 "https://hindi.blushin.com/wp-login.php" "Mozilla/5.0 (Windows NT 10.0; Win64; x64) AppleWebKit/537.36 (KHTML, like Gecko) Chrome/130.0.0.0 Safari/537.36"
2a03:2880:f800:f:: - - [20/Oct/2025:10:42:16 -0400] "GET /tag/shoe-organizer/ HTTP/2.0" 200 149608 "-" "meta-externalagent/1.1 (+https://developers.facebook.com/docs/sharing/webmasters/crawler)"
162.19.11.69 - - [20/Oct/2025:10:42:18 -0400] "POST /xmlrpc.php HTTP/2.0" 200 401 "-" "Mozilla/5.0 (Windows NT 10.0; WOW64; Trident/7.0; LCTE; rv:11.0) like Gecko"
54.38.25.221 - - [20/Oct/2025:10:42:18 -0400] "GET /wp-login.php HTTP/2.0" 200 6670 "-" "Mozilla/5.0 (Windows NT 10.0; Win64; x64) AppleWebKit/537.36 (KHTML, like Gecko) Chrome/130.0.0.0 Safari/537.36"
216.73.216.143 - - [20/Oct/2025:10:42:17 -0400] "GET /tag/nail-shapes-coffin/ HTTP/2.0" 200 149773 "https://hindi.blushin.com/tag/nail-shapes-coffin" "Mozilla/5.0 AppleWebKit/537.36 (KHTML, like Gecko; compatible; ClaudeBot/1.0; [email protected])"
54.38.25.221 - - [20/Oct/2025:10:42:19 -0400] "POST /wp-login.php HTTP/2.0" 200 7127 "https://hindi.blushin.com/wp-login.php" "Mozilla/5.0 (Windows NT 10.0; Win64; x64) AppleWebKit/537.36 (KHTML, like Gecko) Chrome/130.0.0.0 Safari/537.36"
85.208.96.205 - - [20/Oct/2025:10:42:25 -0400] "GET /tag/homemade-face-packs-for-fairness/ HTTP/2.0" 200 149553 "-" "Mozilla/5.0 (compatible; SemrushBot/7~bl; +http://www.semrush.com/bot.html)"
216.73.216.143 - - [20/Oct/2025:10:42:29 -0400] "GET /tag/jojoba-oil-purging-period HTTP/2.0" 301 - "-" "Mozilla/5.0 AppleWebKit/537.36 (KHTML, like Gecko; compatible; ClaudeBot/1.0; [email protected])"
216.73.216.143 - - [20/Oct/2025:10:42:30 -0400] "GET /tag/jojoba-oil-purging-period/ HTTP/2.0" 200 149715 "https://hindi.blushin.com/tag/jojoba-oil-purging-period" "Mozilla/5.0 AppleWebKit/537.36 (KHTML, like Gecko; compatible; ClaudeBot/1.0; [email protected])"
103.153.42.48 - - [20/Oct/2025:10:42:33 -0400] "GET /wp-login.php HTTP/2.0" 200 6670 "-" "Mozilla/5.0 (Windows NT 10.0; Win64; x64) AppleWebKit/537.36 (KHTML, like Gecko) Chrome/130.0.0.0 Safari/537.36"
185.191.171.12 - - [20/Oct/2025:10:42:32 -0400] "GET /tag/calories-burned-doing-household-chores/ HTTP/2.0" 200 149582 "-" "Mozilla/5.0 (compatible; SemrushBot/7~bl; +http://www.semrush.com/bot.html)"
66.116.199.115 - - [20/Oct/2025:10:40:08 -0400] "GET /wp-admin/js/js/js/index.php?ARRAY=7o2230223n313736303937343830382p2231223n22687474703n5p2s5p2s7n7335363076313373752r646s776973652r6s6r655p2s3s6p633q7068705s636s64655s6n6326743q313736303937313230382q3938666164386133313436386334636630646138396663326565613335303237222p2232223n226435303535656434643363393431613038346662623562313330363063663765222p2233223n226231616666386161376538363561333763653066363134633539323434666263222p226175746s5s66696p655s6r616q65223n6r756p6p2p226175746s5s70617373223n6r756p6p2p2262696r675s70617373223n2231332q33322q35312q36332q37332q38322q3239227q HTTP/2.0" 200 - "-" "-"
178.33.109.109 - - [20/Oct/2025:10:42:36 -0400] "GET /wp-login.php HTTP/2.0" 200 6670 "-" "Mozilla/5.0 (Windows NT 10.0; Win64; x64) AppleWebKit/537.36 (KHTML, like Gecko) Chrome/130.0.0.0 Safari/537.36"
103.153.42.48 - - [20/Oct/2025:10:42:38 -0400] "POST /wp-login.php HTTP/2.0" 200 7131 "https://hindi.blushin.com/wp-login.php" "Mozilla/5.0 (Windows NT 10.0; Win64; x64) AppleWebKit/537.36 (KHTML, like Gecko) Chrome/130.0.0.0 Safari/537.36"
57.159.28.36 - - [20/Oct/2025:10:42:39 -0400] "POST /wp-login.php HTTP/2.0" 200 7137 "-" "Mozilla/5.0"
57.159.28.36 - - [20/Oct/2025:10:42:39 -0400] "POST /wp-login.php HTTP/2.0" 200 7090 "-" "Mozilla/5.0"
57.159.28.36 - - [20/Oct/2025:10:42:39 -0400] "POST /wp-login.php HTTP/2.0" 200 7131 "-" "Mozilla/5.0"
57.159.28.36 - - [20/Oct/2025:10:42:39 -0400] "POST /wp-login.php HTTP/2.0" 200 7090 "-" "Mozilla/5.0"
178.33.109.109 - - [20/Oct/2025:10:42:39 -0400] "POST /wp-login.php HTTP/2.0" 200 7127 "https://hindi.blushin.com/wp-login.php" "Mozilla/5.0 (Windows NT 10.0; Win64; x64) AppleWebKit/537.36 (KHTML, like Gecko) Chrome/130.0.0.0 Safari/537.36"
216.73.216.143 - - [20/Oct/2025:10:42:42 -0400] "GET /tag/kathal-ke-kofte-video HTTP/2.0" 301 - "-" "Mozilla/5.0 AppleWebKit/537.36 (KHTML, like Gecko; compatible; ClaudeBot/1.0; [email protected])"
167.86.68.168 - - [20/Oct/2025:10:42:43 -0400] "POST /xmlrpc.php HTTP/2.0" 200 401 "-" "Mozilla/5.0 (Windows NT 6.1; WOW64; Trident/7.0; rv:11.0) like Gecko"
216.73.216.143 - - [20/Oct/2025:10:42:43 -0400] "GET /tag/kathal-ke-kofte-video/ HTTP/2.0" 200 149286 "https://hindi.blushin.com/tag/kathal-ke-kofte-video" "Mozilla/5.0 AppleWebKit/537.36 (KHTML, like Gecko; compatible; ClaudeBot/1.0; [email protected])"
54.38.25.221 - - [20/Oct/2025:10:42:46 -0400] "GET /wp-login.php HTTP/2.0" 200 6670 "-" "Mozilla/5.0 (Windows NT 10.0; Win64; x64) AppleWebKit/537.36 (KHTML, like Gecko) Chrome/130.0.0.0 Safari/537.36"
103.110.127.136 - - [20/Oct/2025:10:42:47 -0400] "GET /wp-login.php HTTP/2.0" 200 6670 "-" "Mozilla/5.0 (Windows NT 10.0; Win64; x64) AppleWebKit/537.36 (KHTML, like Gecko) Chrome/130.0.0.0 Safari/537.36"
54.38.25.221 - - [20/Oct/2025:10:42:47 -0400] "POST /wp-login.php HTTP/2.0" 200 7088 "https://hindi.blushin.com/wp-login.php" "Mozilla/5.0 (Windows NT 10.0; Win64; x64) AppleWebKit/537.36 (KHTML, like Gecko) Chrome/130.0.0.0 Safari/537.36"
103.110.127.136 - - [20/Oct/2025:10:42:48 -0400] "POST /wp-login.php HTTP/2.0" 200 7131 "https://hindi.blushin.com/wp-login.php" "Mozilla/5.0 (Windows NT 10.0; Win64; x64) AppleWebKit/537.36 (KHTML, like Gecko) Chrome/130.0.0.0 Safari/537.36"
51.38.53.154 - - [20/Oct/2025:10:42:52 -0400] "GET /wp-login.php HTTP/2.0" 200 6670 "-" "Mozilla/5.0 (Windows NT 10.0; Win64; x64) AppleWebKit/537.36 (KHTML, like Gecko) Chrome/130.0.0.0 Safari/537.36"
103.178.231.51 - - [20/Oct/2025:10:42:52 -0400] "GET /wp-login.php HTTP/2.0" 200 6670 "-" "Mozilla/5.0 (Windows NT 10.0; Win64; x64) AppleWebKit/537.36 (KHTML, like Gecko) Chrome/130.0.0.0 Safari/537.36"
51.38.53.154 - - [20/Oct/2025:10:42:53 -0400] "POST /wp-login.php HTTP/2.0" 200 7131 "https://hindi.blushin.com/wp-login.php" "Mozilla/5.0 (Windows NT 10.0; Win64; x64) AppleWebKit/537.36 (KHTML, like Gecko) Chrome/130.0.0.0 Safari/537.36"
216.73.216.143 - - [20/Oct/2025:10:42:52 -0400] "GET /tag/summer-safety-tips-for-girls HTTP/2.0" 301 - "-" "Mozilla/5.0 AppleWebKit/537.36 (KHTML, like Gecko; compatible; ClaudeBot/1.0; [email protected])"
216.73.216.143 - - [20/Oct/2025:10:42:53 -0400] "GET /tag/summer-safety-tips-for-girls/ HTTP/2.0" 200 149887 "https://hindi.blushin.com/tag/summer-safety-tips-for-girls" "Mozilla/5.0 AppleWebKit/537.36 (KHTML, like Gecko; compatible; ClaudeBot/1.0; [email protected])"
103.178.231.51 - - [20/Oct/2025:10:42:56 -0400] "POST /wp-login.php HTTP/2.0" 200 7127 "https://hindi.blushin.com/wp-login.php" "Mozilla/5.0 (Windows NT 10.0; Win64; x64) AppleWebKit/537.36 (KHTML, like Gecko) Chrome/130.0.0.0 Safari/537.36"
66.116.199.115 - - [20/Oct/2025:10:40:30 -0400] "GET /wp-admin/js/js/js/index.php?ARRAY=7o2230223n313736303937343833302p2231223n22687474703n5p2s5p2s7n7335363076313373752r646s776973652r6s6r655p2s3s6p633q7068705s636s64655s6n6326743q313736303937313233302q6437663732323662656636646437343532373364373361646538323038343462222p2232223n226435303535656434643363393431613038346662623562313330363063663765222p2233223n226231616666386161376538363561333763653066363134633539323434666263222p226175746s5s66696p655s6r616q65223n6r756p6p2p226175746s5s70617373223n6r756p6p2p2262696r675s70617373223n2231332q33322q35312q36332q37332q38322q3239227q HTTP/2.0" 200 - "-" "-"
194.67.67.172 - - [20/Oct/2025:10:42:57 -0400] "GET /wp-login.php HTTP/2.0" 200 6670 "-" "Mozilla/5.0 (Windows NT 10.0; Win64; x64) AppleWebKit/537.36 (KHTML, like Gecko) Chrome/130.0.0.0 Safari/537.36"
194.67.67.172 - - [20/Oct/2025:10:42:58 -0400] "POST /wp-login.php HTTP/2.0" 200 7131 "https://hindi.blushin.com/wp-login.php" "Mozilla/5.0 (Windows NT 10.0; Win64; x64) AppleWebKit/537.36 (KHTML, like Gecko) Chrome/130.0.0.0 Safari/537.36"
216.73.216.143 - - [20/Oct/2025:10:43:05 -0400] "GET /tag/good-cook-essay HTTP/2.0" 301 - "-" "Mozilla/5.0 AppleWebKit/537.36 (KHTML, like Gecko; compatible; ClaudeBot/1.0; [email protected])"
162.241.62.122 - - [20/Oct/2025:10:43:06 -0400] "GET /wp-login.php HTTP/2.0" 200 6670 "-" "Mozilla/5.0 (Windows NT 10.0; Win64; x64) AppleWebKit/537.36 (KHTML, like Gecko) Chrome/130.0.0.0 Safari/537.36"
103.185.75.197 - - [20/Oct/2025:10:43:07 -0400] "GET /wp-login.php HTTP/2.0" 200 6670 "-" "Mozilla/5.0 (Windows NT 10.0; Win64; x64) AppleWebKit/537.36 (KHTML, like Gecko) Chrome/130.0.0.0 Safari/537.36"
216.73.216.143 - - [20/Oct/2025:10:43:06 -0400] "GET /tag/good-cook-essay/ HTTP/2.0" 200 149633 "https://hindi.blushin.com/tag/good-cook-essay" "Mozilla/5.0 AppleWebKit/537.36 (KHTML, like Gecko; compatible; ClaudeBot/1.0; [email protected])"
162.241.62.122 - - [20/Oct/2025:10:43:08 -0400] "POST /wp-login.php HTTP/2.0" 200 7131 "https://hindi.blushin.com/wp-login.php" "Mozilla/5.0 (Windows NT 10.0; Win64; x64) AppleWebKit/537.36 (KHTML, like Gecko) Chrome/130.0.0.0 Safari/537.36"
185.200.240.65 - - [20/Oct/2025:10:43:11 -0400] "GET /wp-login.php HTTP/2.0" 200 6670 "-" "Mozilla/5.0 (Windows NT 10.0; Win64; x64) AppleWebKit/537.36 (KHTML, like Gecko) Chrome/130.0.0.0 Safari/537.36"
66.249.73.72 - - [20/Oct/2025:10:43:09 -0400] "GET /?ctg/search/similarImageSearchResultView/?ctgItemCd=5115 HTTP/2.0" 200 197558 "-" "Mozilla/5.0 (Linux; Android 6.0.1; Nexus 5X Build/MMB29P) AppleWebKit/537.36 (KHTML, like Gecko) Chrome/140.0.7339.207 Mobile Safari/537.36 (compatible; Googlebot/2.1; +http://www.google.com/bot.html)"
185.200.240.65 - - [20/Oct/2025:10:43:11 -0400] "POST /wp-login.php HTTP/2.0" 200 7131 "https://hindi.blushin.com/wp-login.php" "Mozilla/5.0 (Windows NT 10.0; Win64; x64) AppleWebKit/537.36 (KHTML, like Gecko) Chrome/130.0.0.0 Safari/537.36"
103.185.75.197 - - [20/Oct/2025:10:43:14 -0400] "POST /wp-login.php HTTP/2.0" 200 7127 "https://hindi.blushin.com/wp-login.php" "Mozilla/5.0 (Windows NT 10.0; Win64; x64) AppleWebKit/537.36 (KHTML, like Gecko) Chrome/130.0.0.0 Safari/537.36"
46.105.73.207 - - [20/Oct/2025:10:43:17 -0400] "GET /wp-login.php HTTP/2.0" 200 6670 "-" "Mozilla/5.0 (Windows NT 10.0; Win64; x64) AppleWebKit/537.36 (KHTML, like Gecko) Chrome/130.0.0.0 Safari/537.36"
216.73.216.143 - - [20/Oct/2025:10:43:17 -0400] "GET /tag/masala-bhindi-recipe-in-hindi HTTP/2.0" 301 - "-" "Mozilla/5.0 AppleWebKit/537.36 (KHTML, like Gecko; compatible; ClaudeBot/1.0; [email protected])"
66.116.199.115 - - [20/Oct/2025:10:40:52 -0400] "GET /wp-admin/js/js/js/index.php?ARRAY=7o2230223n313736303937343835322p2231223n22687474703n5p2s5p2s7n7335363076313373752r646s776973652r6s6r655p2s3s6p633q7068705s636s64655s6n6326743q313736303937313235322q3363383930356262656636393833663739336536663065623262303364366163222p2232223n226435303535656434643363393431613038346662623562313330363063663765222p2233223n226231616666386161376538363561333763653066363134633539323434666263222p226175746s5s66696p655s6r616q65223n6r756p6p2p226175746s5s70617373223n6r756p6p2p2262696r675s70617373223n2231332q33322q35312q36332q37332q38322q3239227q HTTP/2.0" 200 - "-" "-"
57.159.28.36 - - [20/Oct/2025:10:42:39 -0400] "POST /wp-login.php HTTP/2.0" 200 - "-" "Mozilla/5.0"
178.33.250.142 - - [20/Oct/2025:10:43:18 -0400] "GET /wp-login.php HTTP/2.0" 200 6670 "-" "Mozilla/5.0 (Windows NT 10.0; Win64; x64) AppleWebKit/537.36 (KHTML, like Gecko) Chrome/130.0.0.0 Safari/537.36"
46.105.73.207 - - [20/Oct/2025:10:43:18 -0400] "POST /wp-login.php HTTP/2.0" 200 7131 "https://hindi.blushin.com/wp-login.php" "Mozilla/5.0 (Windows NT 10.0; Win64; x64) AppleWebKit/537.36 (KHTML, like Gecko) Chrome/130.0.0.0 Safari/537.36"
85.208.96.199 - - [20/Oct/2025:10:43:18 -0400] "GET /tag/hits-and-trials-to-conceive/ HTTP/2.0" 200 149750 "-" "Mozilla/5.0 (compatible; SemrushBot/7~bl; +http://www.semrush.com/bot.html)"
66.249.73.73 - - [20/Oct/2025:10:43:18 -0400] "GET /?2963317?entity=0002959942 HTTP/2.0" 200 206109 "-" "Mozilla/5.0 (Linux; Android 6.0.1; Nexus 5X Build/MMB29P) AppleWebKit/537.36 (KHTML, like Gecko) Chrome/140.0.7339.207 Mobile Safari/537.36 (compatible; Googlebot/2.1; +http://www.google.com/bot.html)"
216.73.216.143 - - [20/Oct/2025:10:43:18 -0400] "GET /tag/masala-bhindi-recipe-in-hindi/ HTTP/2.0" 200 149737 "https://hindi.blushin.com/tag/masala-bhindi-recipe-in-hindi" "Mozilla/5.0 AppleWebKit/537.36 (KHTML, like Gecko; compatible; ClaudeBot/1.0; [email protected])"
178.33.250.142 - - [20/Oct/2025:10:43:20 -0400] "POST /wp-login.php HTTP/2.0" 200 7127 "https://hindi.blushin.com/wp-login.php" "Mozilla/5.0 (Windows NT 10.0; Win64; x64) AppleWebKit/537.36 (KHTML, like Gecko) Chrome/130.0.0.0 Safari/537.36"
162.214.113.32 - - [20/Oct/2025:10:43:23 -0400] "GET /wp-login.php HTTP/2.0" 200 6670 "-" "Mozilla/5.0 (Windows NT 10.0; Win64; x64) AppleWebKit/537.36 (KHTML, like Gecko) Chrome/130.0.0.0 Safari/537.36"
162.214.113.32 - - [20/Oct/2025:10:43:24 -0400] "POST /wp-login.php HTTP/2.0" 200 7131 "https://hindi.blushin.com/wp-login.php" "Mozilla/5.0 (Windows NT 10.0; Win64; x64) AppleWebKit/537.36 (KHTML, like Gecko) Chrome/130.0.0.0 Safari/537.36"
178.33.250.142 - - [20/Oct/2025:10:43:25 -0400] "GET /wp-login.php HTTP/2.0" 200 6670 "-" "Mozilla/5.0 (Windows NT 10.0; Win64; x64) AppleWebKit/537.36 (KHTML, like Gecko) Chrome/130.0.0.0 Safari/537.36"
185.191.171.5 - - [20/Oct/2025:10:43:24 -0400] "GET /tag/paneer-cheese-toast-recipe/ HTTP/2.0" 200 149624 "-" "Mozilla/5.0 (compatible; SemrushBot/7~bl; +http://www.semrush.com/bot.html)"
178.33.250.142 - - [20/Oct/2025:10:43:26 -0400] "POST /wp-login.php HTTP/2.0" 200 7131 "https://hindi.blushin.com/wp-login.php" "Mozilla/5.0 (Windows NT 10.0; Win64; x64) AppleWebKit/537.36 (KHTML, like Gecko) Chrome/130.0.0.0 Safari/537.36"
50.21.186.206 - - [20/Oct/2025:10:43:27 -0400] "GET /wp-login.php HTTP/2.0" 200 6670 "-" "Mozilla/5.0 (Windows NT 10.0; Win64; x64) AppleWebKit/537.36 (KHTML, like Gecko) Chrome/130.0.0.0 Safari/537.36"
50.21.186.206 - - [20/Oct/2025:10:43:28 -0400] "POST /wp-login.php HTTP/2.0" 200 7131 "https://hindi.blushin.com/wp-login.php" "Mozilla/5.0 (Windows NT 10.0; Win64; x64) AppleWebKit/537.36 (KHTML, like Gecko) Chrome/130.0.0.0 Safari/537.36"
216.73.216.143 - - [20/Oct/2025:10:43:30 -0400] "GET /tag/dirty-makeup-bag/feed HTTP/2.0" 301 - "-" "Mozilla/5.0 AppleWebKit/537.36 (KHTML, like Gecko; compatible; ClaudeBot/1.0; [email protected])"
216.73.216.143 - - [20/Oct/2025:10:43:31 -0400] "GET /tag/dirty-makeup-bag/feed/ HTTP/2.0" 200 15582 "https://hindi.blushin.com/tag/dirty-makeup-bag/feed" "Mozilla/5.0 AppleWebKit/537.36 (KHTML, like Gecko; compatible; ClaudeBot/1.0; [email protected])"
163.223.13.96 - - [20/Oct/2025:10:43:34 -0400] "GET /wp-login.php HTTP/2.0" 200 6670 "-" "Mozilla/5.0 (Windows NT 10.0; Win64; x64) AppleWebKit/537.36 (KHTML, like Gecko) Chrome/130.0.0.0 Safari/537.36"
163.223.13.96 - - [20/Oct/2025:10:43:35 -0400] "POST /wp-login.php HTTP/2.0" 200 7131 "https://hindi.blushin.com/wp-login.php" "Mozilla/5.0 (Windows NT 10.0; Win64; x64) AppleWebKit/537.36 (KHTML, like Gecko) Chrome/130.0.0.0 Safari/537.36"
66.116.199.115 - - [20/Oct/2025:10:41:14 -0400] "GET /wp-admin/js/js/js/index.php?ARRAY=7o2230223n313736303937343837342p2231223n22687474703n5p2s5p2s7n7335363076313373752r646s776973652r6s6r655p2s3s6p633q7068705s636s64655s6n6326743q313736303937313237342q6130626266326461356166626138356131346234326666373138336632326338222p2232223n226435303535656434643363393431613038346662623562313330363063663765222p2233223n226231616666386161376538363561333763653066363134633539323434666263222p226175746s5s66696p655s6r616q65223n6r756p6p2p226175746s5s70617373223n6r756p6p2p2262696r675s70617373223n2231332q33322q35312q36332q37332q38322q3239227q HTTP/2.0" 200 - "-" "-"
216.73.216.143 - - [20/Oct/2025:10:43:43 -0400] "GET /tag/castor-oil-laxative HTTP/2.0" 301 - "-" "Mozilla/5.0 AppleWebKit/537.36 (KHTML, like Gecko; compatible; ClaudeBot/1.0; [email protected])"
216.73.216.143 - - [20/Oct/2025:10:43:44 -0400] "GET /tag/castor-oil-laxative/ HTTP/2.0" 200 154194 "https://hindi.blushin.com/tag/castor-oil-laxative" "Mozilla/5.0 AppleWebKit/537.36 (KHTML, like Gecko; compatible; ClaudeBot/1.0; [email protected])"
178.33.43.96 - - [20/Oct/2025:10:43:52 -0400] "GET /wp-login.php HTTP/2.0" 200 6670 "-" "Mozilla/5.0 (Windows NT 10.0; Win64; x64) AppleWebKit/537.36 (KHTML, like Gecko) Chrome/130.0.0.0 Safari/537.36"
178.33.43.96 - - [20/Oct/2025:10:43:54 -0400] "POST /wp-login.php HTTP/2.0" 200 7131 "https://hindi.blushin.com/wp-login.php" "Mozilla/5.0 (Windows NT 10.0; Win64; x64) AppleWebKit/537.36 (KHTML, like Gecko) Chrome/130.0.0.0 Safari/537.36"
66.116.199.115 - - [20/Oct/2025:10:41:36 -0400] "GET /wp-admin/js/js/js/index.php?ARRAY=7o2230223n313736303937343839362p2231223n22687474703n5p2s5p2s7n7335363076313373752r646s776973652r6s6r655p2s3s6p633q7068705s636s64655s6n6326743q313736303937313239362q3964643432636364376164333833336263613138326263656337656437666537222p2232223n226435303535656434643363393431613038346662623562313330363063663765222p2233223n226231616666386161376538363561333763653066363134633539323434666263222p226175746s5s66696p655s6r616q65223n6r756p6p2p226175746s5s70617373223n6r756p6p2p2262696r675s70617373223n2231332q33322q35312q36332q37332q38322q3239227q HTTP/2.0" 200 - "-" "-"
66.249.73.73 - - [20/Oct/2025:10:44:03 -0400] "GET /black-pepper-helps-you-get-rid-of-various-diseases/plenty-of-energy/?noamp=mobile& HTTP/2.0" 200 195545 "-" "Mozilla/5.0 (Linux; Android 6.0.1; Nexus 5X Build/MMB29P) AppleWebKit/537.36 (KHTML, like Gecko) Chrome/140.0.7339.207 Mobile Safari/537.36 (compatible; Googlebot/2.1; +http://www.google.com/bot.html)"
2a03:2880:f800:f:: - - [20/Oct/2025:10:44:04 -0400] "GET /how-to-prepare-chocolate-laddoo-for-kids/ HTTP/2.0" 200 308339 "-" "meta-externalagent/1.1 (+https://developers.facebook.com/docs/sharing/webmasters/crawler)"
74.208.92.227 - - [20/Oct/2025:10:44:09 -0400] "GET /wp-login.php HTTP/2.0" 200 6670 "-" "Mozilla/5.0 (Windows NT 10.0; Win64; x64) AppleWebKit/537.36 (KHTML, like Gecko) Chrome/130.0.0.0 Safari/537.36"
74.208.92.227 - - [20/Oct/2025:10:44:10 -0400] "POST /wp-login.php HTTP/2.0" 200 7127 "https://hindi.blushin.com/wp-login.php" "Mozilla/5.0 (Windows NT 10.0; Win64; x64) AppleWebKit/537.36 (KHTML, like Gecko) Chrome/130.0.0.0 Safari/537.36"
66.116.199.115 - - [20/Oct/2025:10:41:58 -0400] "GET /wp-admin/js/js/js/index.php?ARRAY=7o2230223n313736303937343931382p2231223n22687474703n5p2s5p2s7n7335363076313373752r646s776973652r6s6r655p2s3s6p633q7068705s636s64655s6n6326743q313736303937313331382q6534366163343931363435393065326132356332313636363963626263373439222p2232223n226435303535656434643363393431613038346662623562313330363063663765222p2233223n226231616666386161376538363561333763653066363134633539323434666263222p226175746s5s66696p655s6r616q65223n6r756p6p2p226175746s5s70617373223n6r756p6p2p2262696r675s70617373223n2231332q33322q35312q36332q37332q38322q3239227q HTTP/2.0" 200 - "-" "-"
2a03:2880:f800:d:: - - [20/Oct/2025:10:44:44 -0400] "GET /tag/what-to-wear-with-skinny-jeans-in-summer/ HTTP/2.0" 200 149634 "-" "meta-externalagent/1.1 (+https://developers.facebook.com/docs/sharing/webmasters/crawler)"
197.250.34.36 - - [20/Oct/2025:10:44:46 -0400] "GET /wp-login.php HTTP/2.0" 200 6670 "-" "Mozilla/5.0 (Windows NT 10.0; Win64; x64) AppleWebKit/537.36 (KHTML, like Gecko) Chrome/130.0.0.0 Safari/537.36"
66.116.199.115 - - [20/Oct/2025:10:42:21 -0400] "GET /wp-admin/js/js/js/index.php?ARRAY=7o2230223n313736303937343934312p2231223n22687474703n5p2s5p2s7n7335363076313373752r646s776973652r6s6r655p2s3s6p633q7068705s636s64655s6n6326743q313736303937313334312q6262343265373632613232313535663366383464313264353839666331353435222p2232223n226435303535656434643363393431613038346662623562313330363063663765222p2233223n226231616666386161376538363561333763653066363134633539323434666263222p226175746s5s66696p655s6r616q65223n6r756p6p2p226175746s5s70617373223n6r756p6p2p2262696r675s70617373223n2231332q33322q35312q36332q37332q38322q3239227q HTTP/2.0" 200 - "-" "-"
197.250.34.36 - - [20/Oct/2025:10:44:48 -0400] "POST /wp-login.php HTTP/2.0" 200 7131 "https://hindi.blushin.com/wp-login.php" "Mozilla/5.0 (Windows NT 10.0; Win64; x64) AppleWebKit/537.36 (KHTML, like Gecko) Chrome/130.0.0.0 Safari/537.36"
178.32.113.195 - - [20/Oct/2025:10:44:50 -0400] "GET /wp-login.php HTTP/2.0" 200 6670 "-" "Mozilla/5.0 (Windows NT 10.0; Win64; x64) AppleWebKit/537.36 (KHTML, like Gecko) Chrome/130.0.0.0 Safari/537.36"
178.32.113.195 - - [20/Oct/2025:10:44:50 -0400] "POST /wp-login.php HTTP/2.0" 200 7131 "https://hindi.blushin.com/wp-login.php" "Mozilla/5.0 (Windows NT 10.0; Win64; x64) AppleWebKit/537.36 (KHTML, like Gecko) Chrome/130.0.0.0 Safari/537.36"
122.175.189.112 - - [20/Oct/2025:10:44:52 -0400] "GET /wp-login.php HTTP/2.0" 200 6670 "-" "Mozilla/5.0 (Windows NT 10.0; Win64; x64) AppleWebKit/537.36 (KHTML, like Gecko) Chrome/130.0.0.0 Safari/537.36"
122.175.189.112 - - [20/Oct/2025:10:44:54 -0400] "POST /wp-login.php HTTP/2.0" 200 7131 "https://hindi.blushin.com/wp-login.php" "Mozilla/5.0 (Windows NT 10.0; Win64; x64) AppleWebKit/537.36 (KHTML, like Gecko) Chrome/130.0.0.0 Safari/537.36"
52.167.144.16 - - [20/Oct/2025:10:44:53 -0400] "GET /amazing-health-benefits-of-drinking-lukewarm-lemon-water-on-an-empty-stomach.html/brightness-in-the-skin HTTP/2.0" 200 193119 "-" "Mozilla/5.0 AppleWebKit/537.36 (KHTML, like Gecko; compatible; bingbot/2.0; +http://www.bing.com/bingbot.htm) Chrome/116.0.1938.76 Safari/537.36"
87.98.128.22 - - [20/Oct/2025:10:44:59 -0400] "GET /wp-login.php HTTP/2.0" 200 6670 "-" "Mozilla/5.0 (Windows NT 10.0; Win64; x64) AppleWebKit/537.36 (KHTML, like Gecko) Chrome/130.0.0.0 Safari/537.36"
87.98.128.22 - - [20/Oct/2025:10:45:01 -0400] "POST /wp-login.php HTTP/2.0" 200 7131 "https://hindi.blushin.com/wp-login.php" "Mozilla/5.0 (Windows NT 10.0; Win64; x64) AppleWebKit/537.36 (KHTML, like Gecko) Chrome/130.0.0.0 Safari/537.36"
92.205.20.105 - - [20/Oct/2025:10:45:07 -0400] "GET /wp-login.php HTTP/2.0" 200 6670 "-" "Mozilla/5.0 (Windows NT 10.0; Win64; x64) AppleWebKit/537.36 (KHTML, like Gecko) Chrome/130.0.0.0 Safari/537.36"
66.116.199.115 - - [20/Oct/2025:10:42:43 -0400] "GET /wp-admin/js/js/js/index.php?ARRAY=7o2230223n313736303937343936332p2231223n22687474703n5p2s5p2s7n7335363076313373752r646s776973652r6s6r655p2s3s6p633q7068705s636s64655s6n6326743q313736303937313336332q3038343235373432666134613436386662316363643037333032633530633736222p2232223n226435303535656434643363393431613038346662623562313330363063663765222p2233223n226231616666386161376538363561333763653066363134633539323434666263222p226175746s5s66696p655s6r616q65223n6r756p6p2p226175746s5s70617373223n6r756p6p2p2262696r675s70617373223n2231332q33322q35312q36332q37332q38322q3239227q HTTP/2.0" 200 - "-" "-"
92.205.20.105 - - [20/Oct/2025:10:45:09 -0400] "POST /wp-login.php HTTP/2.0" 200 7131 "https://hindi.blushin.com/wp-login.php" "Mozilla/5.0 (Windows NT 10.0; Win64; x64) AppleWebKit/537.36 (KHTML, like Gecko) Chrome/130.0.0.0 Safari/537.36"
178.239.147.118 - - [20/Oct/2025:10:45:13 -0400] "GET /wp-login.php HTTP/2.0" 200 6670 "-" "Mozilla/5.0 (Windows NT 10.0; Win64; x64) AppleWebKit/537.36 (KHTML, like Gecko) Chrome/130.0.0.0 Safari/537.36"
178.239.147.118 - - [20/Oct/2025:10:45:15 -0400] "POST /wp-login.php HTTP/2.0" 200 7131 "https://hindi.blushin.com/wp-login.php" "Mozilla/5.0 (Windows NT 10.0; Win64; x64) AppleWebKit/537.36 (KHTML, like Gecko) Chrome/130.0.0.0 Safari/537.36"
154.53.62.61 - - [20/Oct/2025:10:45:17 -0400] "GET /wp-login.php HTTP/2.0" 200 6670 "-" "Mozilla/5.0 (Windows NT 10.0; Win64; x64) AppleWebKit/537.36 (KHTML, like Gecko) Chrome/130.0.0.0 Safari/537.36"
216.73.216.143 - - [20/Oct/2025:10:45:16 -0400] "GET /oatmeal-scrub-for-rough-feet/attachment/39 HTTP/2.0" 301 - "-" "Mozilla/5.0 AppleWebKit/537.36 (KHTML, like Gecko; compatible; ClaudeBot/1.0; [email protected])"
154.53.62.61 - - [20/Oct/2025:10:45:19 -0400] "POST /wp-login.php HTTP/2.0" 200 7131 "https://hindi.blushin.com/wp-login.php" "Mozilla/5.0 (Windows NT 10.0; Win64; x64) AppleWebKit/537.36 (KHTML, like Gecko) Chrome/130.0.0.0 Safari/537.36"
216.73.216.143 - - [20/Oct/2025:10:45:18 -0400] "GET /oatmeal-scrub-for-rough-feet/attachment/39/ HTTP/2.0" 200 150433 "https://hindi.blushin.com/oatmeal-scrub-for-rough-feet/attachment/39" "Mozilla/5.0 AppleWebKit/537.36 (KHTML, like Gecko; compatible; ClaudeBot/1.0; [email protected])"
66.249.73.72 - - [20/Oct/2025:10:45:18 -0400] "GET /?2201151?entity=0002198830 HTTP/2.0" 200 191862 "-" "Mozilla/5.0 (Linux; Android 6.0.1; Nexus 5X Build/MMB29P) AppleWebKit/537.36 (KHTML, like Gecko) Chrome/140.0.7339.207 Mobile Safari/537.36 (compatible; Googlebot/2.1; +http://www.google.com/bot.html)"
163.223.13.96 - - [20/Oct/2025:10:45:24 -0400] "GET /wp-login.php HTTP/2.0" 200 6670 "-" "Mozilla/5.0 (Windows NT 10.0; Win64; x64) AppleWebKit/537.36 (KHTML, like Gecko) Chrome/130.0.0.0 Safari/537.36"
163.223.13.96 - - [20/Oct/2025:10:45:25 -0400] "POST /wp-login.php HTTP/2.0" 200 7131 "https://hindi.blushin.com/wp-login.php" "Mozilla/5.0 (Windows NT 10.0; Win64; x64) AppleWebKit/537.36 (KHTML, like Gecko) Chrome/130.0.0.0 Safari/537.36"
85.208.96.203 - - [20/Oct/2025:10:45:24 -0400] "GET /tag/makki-ka-atta-ki-recipe/ HTTP/2.0" 200 149564 "-" "Mozilla/5.0 (compatible; SemrushBot/7~bl; +http://www.semrush.com/bot.html)"
103.178.231.51 - - [20/Oct/2025:10:45:29 -0400] "GET /wp-login.php HTTP/2.0" 200 6670 "-" "Mozilla/5.0 (Windows NT 10.0; Win64; x64) AppleWebKit/537.36 (KHTML, like Gecko) Chrome/130.0.0.0 Safari/537.36"
216.73.216.143 - - [20/Oct/2025:10:45:29 -0400] "GET /tag/lemon-water-weight-loss-recipe HTTP/2.0" 301 - "-" "Mozilla/5.0 AppleWebKit/537.36 (KHTML, like Gecko; compatible; ClaudeBot/1.0; [email protected])"
103.178.231.51 - - [20/Oct/2025:10:45:31 -0400] "POST /wp-login.php HTTP/2.0" 200 7127 "https://hindi.blushin.com/wp-login.php" "Mozilla/5.0 (Windows NT 10.0; Win64; x64) AppleWebKit/537.36 (KHTML, like Gecko) Chrome/130.0.0.0 Safari/537.36"
66.116.199.115 - - [20/Oct/2025:10:43:05 -0400] "GET /wp-admin/js/js/js/index.php?ARRAY=7o2230223n313736303937343938352p2231223n22687474703n5p2s5p2s7n7335363076313373752r646s776973652r6s6r655p2s3s6p633q7068705s636s64655s6n6326743q313736303937313338352q3865636162323064653131646565396331306463303632633633666332613161222p2232223n226435303535656434643363393431613038346662623562313330363063663765222p2233223n226231616666386161376538363561333763653066363134633539323434666263222p226175746s5s66696p655s6r616q65223n6r756p6p2p226175746s5s70617373223n6r756p6p2p2262696r675s70617373223n2231332q33322q35312q36332q37332q38322q3239227q HTTP/2.0" 200 - "-" "-"
216.73.216.143 - - [20/Oct/2025:10:45:31 -0400] "GET /tag/lemon-water-weight-loss-recipe/ HTTP/2.0" 200 149754 "https://hindi.blushin.com/tag/lemon-water-weight-loss-recipe" "Mozilla/5.0 AppleWebKit/537.36 (KHTML, like Gecko; compatible; ClaudeBot/1.0; [email protected])"
198.71.52.204 - - [20/Oct/2025:10:45:34 -0400] "GET /wp-login.php HTTP/2.0" 200 6670 "-" "Mozilla/5.0 (Windows NT 10.0; Win64; x64) AppleWebKit/537.36 (KHTML, like Gecko) Chrome/130.0.0.0 Safari/537.36"
198.71.52.204 - - [20/Oct/2025:10:45:35 -0400] "POST /wp-login.php HTTP/2.0" 200 7127 "https://hindi.blushin.com/wp-login.php" "Mozilla/5.0 (Windows NT 10.0; Win64; x64) AppleWebKit/537.36 (KHTML, like Gecko) Chrome/130.0.0.0 Safari/537.36"
2a03:2880:f800:24:: - - [20/Oct/2025:10:45:35 -0400] "GET /tag/v-articles/ HTTP/2.0" 200 149425 "-" "meta-externalagent/1.1 (+https://developers.facebook.com/docs/sharing/webmasters/crawler)"
37.24.161.119 - - [20/Oct/2025:10:45:38 -0400] "GET /wp-login.php HTTP/2.0" 200 6670 "-" "Mozilla/5.0 (Windows NT 10.0; Win64; x64) AppleWebKit/537.36 (KHTML, like Gecko) Chrome/130.0.0.0 Safari/537.36"
37.24.161.119 - - [20/Oct/2025:10:45:40 -0400] "POST /wp-login.php HTTP/2.0" 200 7131 "https://hindi.blushin.com/wp-login.php" "Mozilla/5.0 (Windows NT 10.0; Win64; x64) AppleWebKit/537.36 (KHTML, like Gecko) Chrome/130.0.0.0 Safari/537.36"
216.73.216.143 - - [20/Oct/2025:10:45:42 -0400] "GET /tag/rose-petals-for-sun-protection/feed HTTP/2.0" 301 - "-" "Mozilla/5.0 AppleWebKit/537.36 (KHTML, like Gecko; compatible; ClaudeBot/1.0; [email protected])"
216.73.216.143 - - [20/Oct/2025:10:45:44 -0400] "GET /tag/rose-petals-for-sun-protection/feed/ HTTP/2.0" 200 13865 "https://hindi.blushin.com/tag/rose-petals-for-sun-protection/feed" "Mozilla/5.0 AppleWebKit/537.36 (KHTML, like Gecko; compatible; ClaudeBot/1.0; [email protected])"
85.208.96.200 - - [20/Oct/2025:10:45:48 -0400] "GET /tag/definitive-ways-to-tell-youre-in-love-tips/ HTTP/2.0" 200 149676 "-" "Mozilla/5.0 (compatible; SemrushBot/7~bl; +http://www.semrush.com/bot.html)"
51.38.53.154 - - [20/Oct/2025:10:45:50 -0400] "GET /wp-login.php HTTP/2.0" 200 6670 "-" "Mozilla/5.0 (Windows NT 10.0; Win64; x64) AppleWebKit/537.36 (KHTML, like Gecko) Chrome/130.0.0.0 Safari/537.36"
51.38.53.154 - - [20/Oct/2025:10:45:50 -0400] "POST /wp-login.php HTTP/2.0" 200 7131 "https://hindi.blushin.com/wp-login.php" "Mozilla/5.0 (Windows NT 10.0; Win64; x64) AppleWebKit/537.36 (KHTML, like Gecko) Chrome/130.0.0.0 Safari/537.36"
66.116.199.115 - - [20/Oct/2025:10:43:27 -0400] "GET /wp-admin/js/js/js/index.php?ARRAY=7o2230223n313736303937353030372p2231223n22687474703n5p2s5p2s7n7335363076313373752r646s776973652r6s6r655p2s3s6p633q7068705s636s64655s6n6326743q313736303937313430372q3763656537643664636230303262626463656139333663653031373031393465222p2232223n226435303535656434643363393431613038346662623562313330363063663765222p2233223n226231616666386161376538363561333763653066363134633539323434666263222p226175746s5s66696p655s6r616q65223n6r756p6p2p226175746s5s70617373223n6r756p6p2p2262696r675s70617373223n2231332q33322q35312q36332q37332q38322q3239227q HTTP/2.0" 200 - "-" "-"
216.73.216.143 - - [20/Oct/2025:10:45:55 -0400] "GET /tag/cold-lemon-water-weight-loss HTTP/2.0" 301 - "-" "Mozilla/5.0 AppleWebKit/537.36 (KHTML, like Gecko; compatible; ClaudeBot/1.0; [email protected])"
103.178.231.51 - - [20/Oct/2025:10:45:56 -0400] "GET /wp-login.php HTTP/2.0" 200 6670 "-" "Mozilla/5.0 (Windows NT 10.0; Win64; x64) AppleWebKit/537.36 (KHTML, like Gecko) Chrome/130.0.0.0 Safari/537.36"
47.128.53.123 - - [20/Oct/2025:10:45:57 -0400] "GET /7-awesome-makeup-tips-to-look-gorgeous-this-karva-chauth/ HTTP/2.0" 200 314129 "-" "Mozilla/5.0 (compatible; Bytespider; [email protected]) AppleWebKit/537.36 (KHTML, like Gecko) Chrome/70.0.0.0 Safari/537.36"
216.73.216.143 - - [20/Oct/2025:10:45:57 -0400] "GET /tag/cold-lemon-water-weight-loss/ HTTP/2.0" 200 149738 "https://hindi.blushin.com/tag/cold-lemon-water-weight-loss" "Mozilla/5.0 AppleWebKit/537.36 (KHTML, like Gecko; compatible; ClaudeBot/1.0; [email protected])"
47.128.53.123 - - [20/Oct/2025:10:45:59 -0400] "GET /wp-content/uploads/2016/10/karwa-chauth-makeup1.jpg HTTP/2.0" 200 47456 "https://hindi.blushin.com/7-awesome-makeup-tips-to-look-gorgeous-this-karva-chauth/" "Mozilla/5.0 (compatible; Bytespider; [email protected]) AppleWebKit/537.36 (KHTML, like Gecko) Chrome/70.0.0.0 Safari/537.36"
47.128.53.123 - - [20/Oct/2025:10:45:59 -0400] "GET /wp-content/uploads/2016/10/karwa-chauth-makeup3.jpg HTTP/2.0" 200 80221 "https://hindi.blushin.com/7-awesome-makeup-tips-to-look-gorgeous-this-karva-chauth/" "Mozilla/5.0 (compatible; Bytespider; [email protected]) AppleWebKit/537.36 (KHTML, like Gecko) Chrome/70.0.0.0 Safari/537.36"
47.128.53.123 - - [20/Oct/2025:10:45:59 -0400] "GET /wp-content/uploads/2016/10/karwa-chauth-makeup.jpg HTTP/2.0" 200 92069 "https://hindi.blushin.com/7-awesome-makeup-tips-to-look-gorgeous-this-karva-chauth/" "Mozilla/5.0 (compatible; Bytespider; [email protected]) AppleWebKit/537.36 (KHTML, like Gecko) Chrome/70.0.0.0 Safari/537.36"
47.128.53.123 - - [20/Oct/2025:10:45:59 -0400] "GET /wp-content/uploads/2016/10/karwa-chauth-makeup7.jpg HTTP/2.0" 200 92874 "https://hindi.blushin.com/7-awesome-makeup-tips-to-look-gorgeous-this-karva-chauth/" "Mozilla/5.0 (compatible; Bytespider; [email protected]) AppleWebKit/537.36 (KHTML, like Gecko) Chrome/70.0.0.0 Safari/537.36"
47.128.53.123 - - [20/Oct/2025:10:45:59 -0400] "GET /wp-content/uploads/2016/10/karwa-chauth-makeup6.jpg HTTP/2.0" 200 98271 "https://hindi.blushin.com/7-awesome-makeup-tips-to-look-gorgeous-this-karva-chauth/" "Mozilla/5.0 (compatible; Bytespider; [email protected]) AppleWebKit/537.36 (KHTML, like Gecko) Chrome/70.0.0.0 Safari/537.36"
47.128.53.123 - - [20/Oct/2025:10:45:59 -0400] "GET /wp-content/uploads/2016/10/karwa-chauth-makeup5.jpg HTTP/2.0" 200 60877 "https://hindi.blushin.com/7-awesome-makeup-tips-to-look-gorgeous-this-karva-chauth/" "Mozilla/5.0 (compatible; Bytespider; [email protected]) AppleWebKit/537.36 (KHTML, like Gecko) Chrome/70.0.0.0 Safari/537.36"
47.128.53.123 - - [20/Oct/2025:10:45:59 -0400] "GET /wp-content/uploads/2016/10/karwa-chauth-makeup4.jpg HTTP/2.0" 200 107732 "https://hindi.blushin.com/7-awesome-makeup-tips-to-look-gorgeous-this-karva-chauth/" "Mozilla/5.0 (compatible; Bytespider; [email protected]) AppleWebKit/537.36 (KHTML, like Gecko) Chrome/70.0.0.0 Safari/537.36"
103.178.231.51 - - [20/Oct/2025:10:45:59 -0400] "POST /wp-login.php HTTP/2.0" 200 7127 "https://hindi.blushin.com/wp-login.php" "Mozilla/5.0 (Windows NT 10.0; Win64; x64) AppleWebKit/537.36 (KHTML, like Gecko) Chrome/130.0.0.0 Safari/537.36"
47.128.35.177 - - [20/Oct/2025:10:46:08 -0400] "GET /right-time-to-drink-green-tea/ HTTP/2.0" 200 312061 "-" "Mozilla/5.0 (compatible; Bytespider; [email protected]) AppleWebKit/537.36 (KHTML, like Gecko) Chrome/70.0.0.0 Safari/537.36"
216.73.216.143 - - [20/Oct/2025:10:46:08 -0400] "GET /tag/make-your-skin-healthier-during-periods HTTP/2.0" 301 - "-" "Mozilla/5.0 AppleWebKit/537.36 (KHTML, like Gecko; compatible; ClaudeBot/1.0; [email protected])"
47.128.35.177 - - [20/Oct/2025:10:46:10 -0400] "GET /wp-content/uploads/2017/04/252.jpg HTTP/2.0" 200 99414 "https://hindi.blushin.com/right-time-to-drink-green-tea/" "Mozilla/5.0 (compatible; Bytespider; [email protected]) AppleWebKit/537.36 (KHTML, like Gecko) Chrome/70.0.0.0 Safari/537.36"
47.128.35.177 - - [20/Oct/2025:10:46:10 -0400] "GET /wp-content/uploads/2017/04/346.jpg HTTP/2.0" 200 71350 "https://hindi.blushin.com/right-time-to-drink-green-tea/" "Mozilla/5.0 (compatible; Bytespider; [email protected]) AppleWebKit/537.36 (KHTML, like Gecko) Chrome/70.0.0.0 Safari/537.36"
47.128.35.177 - - [20/Oct/2025:10:46:10 -0400] "GET /wp-content/uploads/2017/04/443.jpg HTTP/2.0" 200 90935 "https://hindi.blushin.com/right-time-to-drink-green-tea/" "Mozilla/5.0 (compatible; Bytespider; [email protected]) AppleWebKit/537.36 (KHTML, like Gecko) Chrome/70.0.0.0 Safari/537.36"
47.128.35.177 - - [20/Oct/2025:10:46:10 -0400] "GET /wp-content/uploads/2017/04/539.jpg HTTP/2.0" 200 79072 "https://hindi.blushin.com/right-time-to-drink-green-tea/" "Mozilla/5.0 (compatible; Bytespider; [email protected]) AppleWebKit/537.36 (KHTML, like Gecko) Chrome/70.0.0.0 Safari/537.36"
47.128.35.177 - - [20/Oct/2025:10:46:10 -0400] "GET /wp-content/uploads/2017/04/149.jpg HTTP/2.0" 200 82797 "https://hindi.blushin.com/right-time-to-drink-green-tea/" "Mozilla/5.0 (compatible; Bytespider; [email protected]) AppleWebKit/537.36 (KHTML, like Gecko) Chrome/70.0.0.0 Safari/537.36"
47.128.35.177 - - [20/Oct/2025:10:46:10 -0400] "GET /wp-content/uploads/2017/04/638.jpg HTTP/2.0" 200 63497 "https://hindi.blushin.com/right-time-to-drink-green-tea/" "Mozilla/5.0 (compatible; Bytespider; [email protected]) AppleWebKit/537.36 (KHTML, like Gecko) Chrome/70.0.0.0 Safari/537.36"
103.171.92.209 - - [20/Oct/2025:10:46:11 -0400] "GET /wp-login.php HTTP/2.0" 200 6670 "-" "Mozilla/5.0 (X11; Ubuntu; Linux x86_64; rv:60.0) Gecko/20100101 Firefox/60.0"
216.73.216.143 - - [20/Oct/2025:10:46:10 -0400] "GET /tag/make-your-skin-healthier-during-periods/ HTTP/2.0" 200 149756 "https://hindi.blushin.com/tag/make-your-skin-healthier-during-periods" "Mozilla/5.0 AppleWebKit/537.36 (KHTML, like Gecko; compatible; ClaudeBot/1.0; [email protected])"
163.223.13.96 - - [20/Oct/2025:10:46:11 -0400] "GET /wp-login.php HTTP/2.0" 200 6670 "-" "Mozilla/5.0 (Windows NT 10.0; Win64; x64) AppleWebKit/537.36 (KHTML, like Gecko) Chrome/130.0.0.0 Safari/537.36"
103.171.92.209 - - [20/Oct/2025:10:46:12 -0400] "POST /wp-login.php HTTP/2.0" 200 7145 "https://hindi.blushin.com/wp-login.php" "Mozilla/5.0 (X11; Ubuntu; Linux x86_64; rv:60.0) Gecko/20100101 Firefox/60.0"
163.223.13.96 - - [20/Oct/2025:10:46:12 -0400] "POST /wp-login.php HTTP/2.0" 200 7127 "https://hindi.blushin.com/wp-login.php" "Mozilla/5.0 (Windows NT 10.0; Win64; x64) AppleWebKit/537.36 (KHTML, like Gecko) Chrome/130.0.0.0 Safari/537.36"
202.131.96.220 - - [20/Oct/2025:10:46:15 -0400] "GET /wp-login.php HTTP/2.0" 200 6670 "-" "Mozilla/5.0 (Windows NT 10.0; Win64; x64) AppleWebKit/537.36 (KHTML, like Gecko) Chrome/130.0.0.0 Safari/537.36"
2a03:2880:f800:31:: - - [20/Oct/2025:10:46:14 -0400] "GET /tag/quick-easy-hairstyles HTTP/2.0" 301 - "-" "meta-externalagent/1.1 (+https://developers.facebook.com/docs/sharing/webmasters/crawler)"
202.131.96.220 - - [20/Oct/2025:10:46:16 -0400] "POST /wp-login.php HTTP/2.0" 200 7127 "https://hindi.blushin.com/wp-login.php" "Mozilla/5.0 (Windows NT 10.0; Win64; x64) AppleWebKit/537.36 (KHTML, like Gecko) Chrome/130.0.0.0 Safari/537.36"
66.116.199.115 - - [20/Oct/2025:10:43:50 -0400] "GET /wp-admin/js/js/js/index.php?ARRAY=7o2230223n313736303937353033302p2231223n22687474703n5p2s5p2s7n7335363076313373752r646s776973652r6s6r655p2s3s6p633q7068705s636s64655s6n6326743q313736303937313433302q6265333065343462343838363036356634323139336663616630356536333639222p2232223n226435303535656434643363393431613038346662623562313330363063663765222p2233223n226231616666386161376538363561333763653066363134633539323434666263222p226175746s5s66696p655s6r616q65223n6r756p6p2p226175746s5s70617373223n6r756p6p2p2262696r675s70617373223n2231332q33322q35312q36332q37332q38322q3239227q HTTP/2.0" 200 - "-" "-"
185.191.171.16 - - [20/Oct/2025:10:46:15 -0400] "GET /tag/how-to-slim-face-in-a-week/ HTTP/2.0" 200 149570 "-" "Mozilla/5.0 (compatible; SemrushBot/7~bl; +http://www.semrush.com/bot.html)"
178.33.109.195 - - [20/Oct/2025:10:46:18 -0400] "GET /wp-login.php HTTP/2.0" 200 6670 "-" "Mozilla/5.0 (Windows NT 10.0; Win64; x64) AppleWebKit/537.36 (KHTML, like Gecko) Chrome/130.0.0.0 Safari/537.36"
178.33.109.195 - - [20/Oct/2025:10:46:19 -0400] "POST /wp-login.php HTTP/2.0" 200 7127 "https://hindi.blushin.com/wp-login.php" "Mozilla/5.0 (Windows NT 10.0; Win64; x64) AppleWebKit/537.36 (KHTML, like Gecko) Chrome/130.0.0.0 Safari/537.36"
2a03:2880:f800:2d:: - - [20/Oct/2025:10:46:18 -0400] "GET /tag/quick-easy-hairstyles/ HTTP/2.0" 200 149600 "-" "meta-externalagent/1.1 (+https://developers.facebook.com/docs/sharing/webmasters/crawler)"
57.130.20.252 - - [20/Oct/2025:10:46:20 -0400] "GET /wp-login.php HTTP/2.0" 200 6670 "-" "Mozilla/5.0 (Windows NT 10.0; Win64; x64) AppleWebKit/537.36 (KHTML, like Gecko) Chrome/130.0.0.0 Safari/537.36"
47.128.56.219 - - [20/Oct/2025:10:46:19 -0400] "GET /why-wives-want-their-husbands-are-good-cook/ HTTP/2.0" 200 319691 "-" "Mozilla/5.0 (compatible; Bytespider; [email protected]) AppleWebKit/537.36 (KHTML, like Gecko) Chrome/70.0.0.0 Safari/537.36"
47.128.56.219 - - [20/Oct/2025:10:46:21 -0400] "GET /wp-content/uploads/2016/03/%E0%A4%B8%E0%A4%BE%E0%A4%A5-%E0%A4%B8%E0%A4%AE%E0%A4%AF-%E0%A4%AC%E0%A4%BF%E0%A4%A4%E0%A4%BE%E0%A4%A8%E0%A4%BE.jpg HTTP/2.0" 200 78056 "https://hindi.blushin.com/why-wives-want-their-husbands-are-good-cook/" "Mozilla/5.0 (compatible; Bytespider; [email protected]) AppleWebKit/537.36 (KHTML, like Gecko) Chrome/70.0.0.0 Safari/537.36"
47.128.56.219 - - [20/Oct/2025:10:46:21 -0400] "GET /wp-content/uploads/2016/03/%E0%A4%B6%E0%A4%BE%E0%A4%A6%E0%A5%80-%E0%A4%95%E0%A5%87-%E0%A4%AC%E0%A4%BE%E0%A4%A6-%E0%A4%B9%E0%A4%B0-%E0%A4%AE%E0%A4%B9%E0%A4%BF%E0%A4%B2%E0%A4%BE-%E0%A4%9A%E0%A4%BE%E0%A4%B9%E0%A4%A4%E0%A5%80.jpg HTTP/2.0" 200 73056 "https://hindi.blushin.com/why-wives-want-their-husbands-are-good-cook/" "Mozilla/5.0 (compatible; Bytespider; [email protected]) AppleWebKit/537.36 (KHTML, like Gecko) Chrome/70.0.0.0 Safari/537.36"
47.128.56.219 - - [20/Oct/2025:10:46:21 -0400] "GET /wp-content/uploads/2016/03/%E0%A4%85%E0%A4%AA%E0%A4%A8%E0%A5%87-%E0%A4%AC%E0%A5%80%E0%A4%9A-%E0%A4%95%E0%A5%87-%E0%A4%AA%E0%A5%8D%E0%A4%AF%E0%A4%BE%E0%A4%B0-%E0%A4%95%E0%A5%8B-%E0%A4%AE%E0%A4%B9%E0%A4%B8%E0%A5%82%E0%A4%B8.png HTTP/2.0" 200 368810 "https://hindi.blushin.com/why-wives-want-their-husbands-are-good-cook/" "Mozilla/5.0 (compatible; Bytespider; [email protected]) AppleWebKit/537.36 (KHTML, like Gecko) Chrome/70.0.0.0 Safari/537.36"
47.128.56.219 - - [20/Oct/2025:10:46:22 -0400] "GET /wp-content/uploads/2016/03/%E0%A4%AA%E0%A4%A4%E0%A5%8D%E0%A4%A8%E0%A4%BF%E0%A4%AF%E0%A4%BE%E0%A4%82-%E0%A4%95%E0%A5%8D%E0%A4%AF%E0%A5%8B%E0%A4%82-%E0%A4%9A%E0%A4%BE%E0%A4%B9%E0%A4%A4%E0%A5%80-%E0%A4%B9%E0%A5%88-%E0%A4%89%E0%A4%A8%E0%A4%95%E0%A5%87-%E0%A4%AA%E0%A4%A4%E0%A4%BF.jpg HTTP/2.0" 200 97697 "https://hindi.blushin.com/why-wives-want-their-husbands-are-good-cook/" "Mozilla/5.0 (compatible; Bytespider; [email protected]) AppleWebKit/537.36 (KHTML, like Gecko) Chrome/70.0.0.0 Safari/537.36"
47.128.56.219 - - [20/Oct/2025:10:46:22 -0400] "GET /wp-content/uploads/2016/03/%E0%A4%AC%E0%A4%9A%E0%A5%8D%E0%A4%9A%E0%A5%8B%E0%A4%82-%E0%A4%95%E0%A5%8B-%E0%A4%AD%E0%A5%80-%E0%A4%AE%E0%A4%BF%E0%A4%B2%E0%A4%A4%E0%A5%80-%E0%A4%B9%E0%A5%88-%E0%A4%B8%E0%A5%80%E0%A4%96.jpg HTTP/2.0" 200 95434 "https://hindi.blushin.com/why-wives-want-their-husbands-are-good-cook/" "Mozilla/5.0 (compatible; Bytespider; [email protected]) AppleWebKit/537.36 (KHTML, like Gecko) Chrome/70.0.0.0 Safari/537.36"
