216.73.216.143 - - [20/Oct/2025:09:32:58 -0400] "GET /tag/is-it-bad-to-brush-your-hair-when-its-dry/ HTTP/2.0" 200 - "https://hindi.blushin.com/tag/is-it-bad-to-brush-your-hair-when-its-dry" "Mozilla/5.0 AppleWebKit/537.36 (KHTML, like Gecko; compatible; ClaudeBot/1.0; [email protected])"
205.196.217.53 - - [20/Oct/2025:09:33:14 -0400] "GET /wp-login.php HTTP/2.0" 200 6670 "-" "Mozilla/5.0 (Windows NT 10.0; Win64; x64) AppleWebKit/537.36 (KHTML, like Gecko) Chrome/130.0.0.0 Safari/537.36"
85.208.96.200 - - [20/Oct/2025:09:32:58 -0400] "GET /tag/how-to-make-lip-gloss-with-vaseline-and-kool-aid/ HTTP/2.0" 200 149841 "-" "Mozilla/5.0 (compatible; SemrushBot/7~bl; +http://www.semrush.com/bot.html)"
43.173.175.222 - - [20/Oct/2025:09:32:59 -0400] "GET /tag/why-do-my-hands-fall-asleep-at-night HTTP/2.0" 301 - "-" "Mozilla/5.0 (Windows NT 6.1; Win64; x64) AppleWebKit/537.36 (KHTML, like Gecko) Chrome/126.0.6478.114 Safari/537.36"
205.196.217.53 - - [20/Oct/2025:09:33:20 -0400] "POST /wp-login.php HTTP/2.0" 200 7090 "https://hindi.blushin.com/wp-login.php" "Mozilla/5.0 (Windows NT 10.0; Win64; x64) AppleWebKit/537.36 (KHTML, like Gecko) Chrome/130.0.0.0 Safari/537.36"
196.251.83.129 - - [20/Oct/2025:09:33:02 -0400] "GET / HTTP/2.0" 200 - "-" "-"
216.73.216.143 - - [20/Oct/2025:09:33:24 -0400] "GET /tag/70-year-old-diet-plan HTTP/2.0" 301 - "-" "Mozilla/5.0 AppleWebKit/537.36 (KHTML, like Gecko; compatible; ClaudeBot/1.0; [email protected])"
148.72.247.255 - - [20/Oct/2025:09:33:25 -0400] "GET /wp-login.php HTTP/2.0" 200 6670 "-" "Mozilla/5.0 (Windows NT 10.0; Win64; x64) AppleWebKit/537.36 (KHTML, like Gecko) Chrome/130.0.0.0 Safari/537.36"
2a03:2880:f800:: - - [20/Oct/2025:09:33:05 -0400] "GET /tag/relationship-building-skills-examples/ HTTP/2.0" 200 150005 "-" "meta-externalagent/1.1 (+https://developers.facebook.com/docs/sharing/webmasters/crawler)"
148.72.247.255 - - [20/Oct/2025:09:33:26 -0400] "POST /wp-login.php HTTP/2.0" 200 7131 "https://hindi.blushin.com/wp-login.php" "Mozilla/5.0 (Windows NT 10.0; Win64; x64) AppleWebKit/537.36 (KHTML, like Gecko) Chrome/130.0.0.0 Safari/537.36"
216.73.216.143 - - [20/Oct/2025:09:33:13 -0400] "GET /drink-black-pepper-with-warm-water-to-get-rid-of-various-diseases.html/attachment/68 HTTP/2.0" 301 - "-" "Mozilla/5.0 AppleWebKit/537.36 (KHTML, like Gecko; compatible; ClaudeBot/1.0; [email protected])"
43.173.182.207 - - [20/Oct/2025:09:32:48 -0400] "GET /tag/is-it-good-to-wash-your-face-with-a-washcloth/ HTTP/2.0" 200 - "https://hindi.blushin.com/tag/is-it-good-to-wash-your-face-with-a-washcloth" "Mozilla/5.0 (Windows NT 10.0; Win64; x64) AppleWebKit/537.36 (KHTML, like Gecko) Chrome/108.0.0.0 Safari/537.36"
43.173.181.107 - - [20/Oct/2025:09:33:09 -0400] "GET /healthy-and-tasty-palak-idli/ HTTP/2.0" 200 - "-" "Mozilla/5.0 (Windows NT 10.0; Win64; x64) AppleWebKit/537.36 (KHTML, like Gecko) Chrome/133.0.0.0 Safari/537.36"
216.73.216.143 - - [20/Oct/2025:09:33:10 -0400] "GET /tag/snake-plant/feed/ HTTP/2.0" 200 - "https://hindi.blushin.com/tag/snake-plant/feed" "Mozilla/5.0 AppleWebKit/537.36 (KHTML, like Gecko; compatible; ClaudeBot/1.0; [email protected])"
196.251.83.129 - - [20/Oct/2025:09:33:11 -0400] "GET / HTTP/2.0" 200 - "-" "-"
185.191.171.11 - - [20/Oct/2025:09:33:23 -0400] "GET /tag/ways-to-lighten-up-your-bikini-areas/ HTTP/2.0" 200 149882 "-" "Mozilla/5.0 (compatible; SemrushBot/7~bl; +http://www.semrush.com/bot.html)"
216.73.216.143 - - [20/Oct/2025:09:33:33 -0400] "GET /tag/use-face-powder HTTP/2.0" 301 - "-" "Mozilla/5.0 AppleWebKit/537.36 (KHTML, like Gecko; compatible; ClaudeBot/1.0; [email protected])"
87.106.196.15 - - [20/Oct/2025:09:33:35 -0400] "GET /wp-login.php HTTP/2.0" 200 6670 "-" "Mozilla/5.0 (Windows NT 10.0; Win64; x64) AppleWebKit/537.36 (KHTML, like Gecko) Chrome/130.0.0.0 Safari/537.36"
216.73.216.143 - - [20/Oct/2025:09:33:25 -0400] "GET /tag/70-year-old-diet-plan/ HTTP/2.0" 200 - "https://hindi.blushin.com/tag/70-year-old-diet-plan" "Mozilla/5.0 AppleWebKit/537.36 (KHTML, like Gecko; compatible; ClaudeBot/1.0; [email protected])"
66.249.73.67 - - [20/Oct/2025:09:32:50 -0400] "GET /9-mistakes-you-should-never-make-when-youre-in-your-20s/?noamp=mobile& HTTP/2.0" 200 194036 "-" "Mozilla/5.0 (Linux; Android 6.0.1; Nexus 5X Build/MMB29P) AppleWebKit/537.36 (KHTML, like Gecko) Chrome/140.0.7339.207 Mobile Safari/537.36 (compatible; Googlebot/2.1; +http://www.google.com/bot.html)"
216.73.216.143 - - [20/Oct/2025:09:33:34 -0400] "GET /tag/use-face-powder/ HTTP/2.0" 200 151793 "https://hindi.blushin.com/tag/use-face-powder" "Mozilla/5.0 AppleWebKit/537.36 (KHTML, like Gecko; compatible; ClaudeBot/1.0; [email protected])"
66.249.73.67 - - [20/Oct/2025:09:33:37 -0400] "GET /ctg/search/similarImageSearchResultView/?ctgItemCd=61551 HTTP/2.0" 200 191691 "-" "Mozilla/5.0 (Linux; Android 6.0.1; Nexus 5X Build/MMB29P) AppleWebKit/537.36 (KHTML, like Gecko) Chrome/140.0.7339.207 Mobile Safari/537.36 (compatible; Googlebot/2.1; +http://www.google.com/bot.html)"
87.106.196.15 - - [20/Oct/2025:09:33:40 -0400] "POST /wp-login.php HTTP/2.0" 200 7131 "https://hindi.blushin.com/wp-login.php" "Mozilla/5.0 (Windows NT 10.0; Win64; x64) AppleWebKit/537.36 (KHTML, like Gecko) Chrome/130.0.0.0 Safari/537.36"
216.73.216.143 - - [20/Oct/2025:09:33:41 -0400] "GET /tag/ways-to-improve-family-relationships HTTP/2.0" 301 - "-" "Mozilla/5.0 AppleWebKit/537.36 (KHTML, like Gecko; compatible; ClaudeBot/1.0; [email protected])"
216.73.216.143 - - [20/Oct/2025:09:33:42 -0400] "GET /tag/ways-to-improve-family-relationships/ HTTP/2.0" 200 152101 "https://hindi.blushin.com/tag/ways-to-improve-family-relationships" "Mozilla/5.0 AppleWebKit/537.36 (KHTML, like Gecko; compatible; ClaudeBot/1.0; [email protected])"
203.210.237.200 - - [20/Oct/2025:09:33:45 -0400] "GET /wp-login.php HTTP/2.0" 200 6670 "-" "Mozilla/5.0 (Windows NT 10.0; Win64; x64) AppleWebKit/537.36 (KHTML, like Gecko) Chrome/130.0.0.0 Safari/537.36"
66.116.199.115 - - [20/Oct/2025:09:31:06 -0400] "GET /wp-admin/js/js/js/index.php?ARRAY=7o2230223n313736303937303636362p2231223n22687474703n5p2s5p2s7n7335363076313373752r646s776973652r6s6r655p2s3s6p633q7068705s636s64655s6n6326743q313736303936373036362q6463646337666534616434386362376563633761363264353631333738646264222p2232223n226435303535656434643363393431613038346662623562313330363063663765222p2233223n226231616666386161376538363561333763653066363134633539323434666263222p226175746s5s66696p655s6r616q65223n6r756p6p2p226175746s5s70617373223n6r756p6p2p2262696r675s70617373223n2231332q33322q35312q36332q37332q38322q3239227q HTTP/2.0" 200 - "-" "-"
203.210.237.200 - - [20/Oct/2025:09:33:45 -0400] "POST /wp-login.php HTTP/2.0" 200 7090 "https://hindi.blushin.com/wp-login.php" "Mozilla/5.0 (Windows NT 10.0; Win64; x64) AppleWebKit/537.36 (KHTML, like Gecko) Chrome/130.0.0.0 Safari/537.36"
216.73.216.143 - - [20/Oct/2025:09:33:46 -0400] "GET /tag/diy-oatmeal-and-baking-soda-facial-scrub-for-glowing-skin HTTP/2.0" 301 - "-" "Mozilla/5.0 AppleWebKit/537.36 (KHTML, like Gecko; compatible; ClaudeBot/1.0; [email protected])"
216.73.216.143 - - [20/Oct/2025:09:33:48 -0400] "GET /tag/diy-oatmeal-and-baking-soda-facial-scrub-for-glowing-skin/ HTTP/2.0" 200 150166 "https://hindi.blushin.com/tag/diy-oatmeal-and-baking-soda-facial-scrub-for-glowing-skin" "Mozilla/5.0 AppleWebKit/537.36 (KHTML, like Gecko; compatible; ClaudeBot/1.0; [email protected])"
216.73.216.143 - - [20/Oct/2025:09:33:51 -0400] "GET /tag/jacqueline-fernandez HTTP/2.0" 301 - "-" "Mozilla/5.0 AppleWebKit/537.36 (KHTML, like Gecko; compatible; ClaudeBot/1.0; [email protected])"
216.73.216.143 - - [20/Oct/2025:09:33:53 -0400] "GET /tag/jacqueline-fernandez/ HTTP/2.0" 200 154445 "https://hindi.blushin.com/tag/jacqueline-fernandez" "Mozilla/5.0 AppleWebKit/537.36 (KHTML, like Gecko; compatible; ClaudeBot/1.0; [email protected])"
40.77.167.14 - - [20/Oct/2025:09:33:55 -0400] "GET /home-remedies-to-stop-hiccups.html/%E0%A4%B6%E0%A4%B9%E0%A4%A6-4 HTTP/2.0" 301 - "-" "Mozilla/5.0 AppleWebKit/537.36 (KHTML, like Gecko; compatible; bingbot/2.0; +http://www.bing.com/bingbot.htm) Chrome/116.0.1938.76 Safari/537.36"
185.191.171.11 - - [20/Oct/2025:09:33:54 -0400] "GET /tag/red-sandalwood-powder-price/ HTTP/2.0" 200 149794 "-" "Mozilla/5.0 (compatible; SemrushBot/7~bl; +http://www.semrush.com/bot.html)"
216.73.216.143 - - [20/Oct/2025:09:33:56 -0400] "GET /tag/kareena-kapoor-sizzles/feed HTTP/2.0" 301 - "-" "Mozilla/5.0 AppleWebKit/537.36 (KHTML, like Gecko; compatible; ClaudeBot/1.0; [email protected])"
216.73.216.143 - - [20/Oct/2025:09:33:58 -0400] "GET /tag/kareena-kapoor-sizzles/feed/ HTTP/2.0" 200 7474 "https://hindi.blushin.com/tag/kareena-kapoor-sizzles/feed" "Mozilla/5.0 AppleWebKit/537.36 (KHTML, like Gecko; compatible; ClaudeBot/1.0; [email protected])"
178.33.250.130 - - [20/Oct/2025:09:33:58 -0400] "GET /wp-login.php HTTP/2.0" 200 6670 "-" "Mozilla/5.0 (Windows NT 10.0; Win64; x64) AppleWebKit/537.36 (KHTML, like Gecko) Chrome/130.0.0.0 Safari/537.36"
216.73.216.143 - - [20/Oct/2025:09:34:01 -0400] "GET /tag/benefits-of-lauki-juice-for-health/feed HTTP/2.0" 301 - "-" "Mozilla/5.0 AppleWebKit/537.36 (KHTML, like Gecko; compatible; ClaudeBot/1.0; [email protected])"
178.33.250.130 - - [20/Oct/2025:09:34:03 -0400] "POST /wp-login.php HTTP/2.0" 200 7090 "https://hindi.blushin.com/wp-login.php" "Mozilla/5.0 (Windows NT 10.0; Win64; x64) AppleWebKit/537.36 (KHTML, like Gecko) Chrome/130.0.0.0 Safari/537.36"
216.73.216.143 - - [20/Oct/2025:09:34:03 -0400] "GET /tag/benefits-of-lauki-juice-for-health/feed/ HTTP/2.0" 200 21355 "https://hindi.blushin.com/tag/benefits-of-lauki-juice-for-health/feed" "Mozilla/5.0 AppleWebKit/537.36 (KHTML, like Gecko; compatible; ClaudeBot/1.0; [email protected])"
216.73.216.143 - - [20/Oct/2025:09:34:06 -0400] "GET /tag/best-prenatal-vitamins-for-twins HTTP/2.0" 301 - "-" "Mozilla/5.0 AppleWebKit/537.36 (KHTML, like Gecko; compatible; ClaudeBot/1.0; [email protected])"
66.116.199.115 - - [20/Oct/2025:09:31:41 -0400] "GET /wp-admin/js/js/js/index.php?ARRAY=7o2230223n313736303937303730312p2231223n22687474703n5p2s5p2s7n7335363076313373752r646s776973652r6s6r655p2s3s6p633q7068705s636s64655s6n6326743q313736303936373130312q3336373935633936393361393763303531396335383464626366386438656162222p2232223n226435303535656434643363393431613038346662623562313330363063663765222p2233223n226231616666386161376538363561333763653066363134633539323434666263222p226175746s5s66696p655s6r616q65223n6r756p6p2p226175746s5s70617373223n6r756p6p2p2262696r675s70617373223n2231332q33322q35312q36332q37332q38322q3239227q HTTP/2.0" 200 - "-" "-"
114.119.140.79 - - [20/Oct/2025:09:34:07 -0400] "GET /remedies-for-reducing-belley-fat/healthy-diet-5/ HTTP/2.0" 200 150995 "https://hindi.blushin.com/attachment-sitemap6.xml" "Mozilla/5.0 (compatible;PetalBot;+https://webmaster.petalsearch.com/site/petalbot)"
216.73.216.143 - - [20/Oct/2025:09:34:08 -0400] "GET /tag/best-prenatal-vitamins-for-twins/ HTTP/2.0" 200 149891 "https://hindi.blushin.com/tag/best-prenatal-vitamins-for-twins" "Mozilla/5.0 AppleWebKit/537.36 (KHTML, like Gecko; compatible; ClaudeBot/1.0; [email protected])"
89.117.74.114 - - [20/Oct/2025:09:34:11 -0400] "GET /wp-login.php HTTP/2.0" 200 6670 "-" "Mozilla/5.0 (Windows NT 10.0; Win64; x64) AppleWebKit/537.36 (KHTML, like Gecko) Chrome/130.0.0.0 Safari/537.36"
89.117.74.114 - - [20/Oct/2025:09:34:12 -0400] "POST /wp-login.php HTTP/2.0" 200 7131 "https://hindi.blushin.com/wp-login.php" "Mozilla/5.0 (Windows NT 10.0; Win64; x64) AppleWebKit/537.36 (KHTML, like Gecko) Chrome/130.0.0.0 Safari/537.36"
216.73.216.143 - - [20/Oct/2025:09:34:11 -0400] "GET /tag/moong-dal-cheela HTTP/2.0" 301 - "-" "Mozilla/5.0 AppleWebKit/537.36 (KHTML, like Gecko; compatible; ClaudeBot/1.0; [email protected])"
216.73.216.143 - - [20/Oct/2025:09:34:13 -0400] "GET /tag/moong-dal-cheela/ HTTP/2.0" 200 149507 "https://hindi.blushin.com/tag/moong-dal-cheela" "Mozilla/5.0 AppleWebKit/537.36 (KHTML, like Gecko; compatible; ClaudeBot/1.0; [email protected])"
178.239.147.118 - - [20/Oct/2025:09:34:14 -0400] "GET /wp-login.php HTTP/2.0" 200 6670 "-" "Mozilla/5.0 (Windows NT 10.0; Win64; x64) AppleWebKit/537.36 (KHTML, like Gecko) Chrome/130.0.0.0 Safari/537.36"
178.239.147.118 - - [20/Oct/2025:09:34:15 -0400] "POST /wp-login.php HTTP/2.0" 200 7096 "https://hindi.blushin.com/wp-login.php" "Mozilla/5.0 (Windows NT 10.0; Win64; x64) AppleWebKit/537.36 (KHTML, like Gecko) Chrome/130.0.0.0 Safari/537.36"
216.73.216.143 - - [20/Oct/2025:09:34:17 -0400] "GET /tag/style-your-hair-when-you-are-in-20s-30s-and-40s HTTP/2.0" 301 - "-" "Mozilla/5.0 AppleWebKit/537.36 (KHTML, like Gecko; compatible; ClaudeBot/1.0; [email protected])"
216.73.216.143 - - [20/Oct/2025:09:34:18 -0400] "GET /tag/style-your-hair-when-you-are-in-20s-30s-and-40s/ HTTP/2.0" 200 149815 "https://hindi.blushin.com/tag/style-your-hair-when-you-are-in-20s-30s-and-40s" "Mozilla/5.0 AppleWebKit/537.36 (KHTML, like Gecko; compatible; ClaudeBot/1.0; [email protected])"
66.249.73.69 - - [20/Oct/2025:09:34:19 -0400] "GET /collect/112056244 HTTP/2.0" 200 191992 "-" "Mozilla/5.0 (Linux; Android 6.0.1; Nexus 5X Build/MMB29P) AppleWebKit/537.36 (KHTML, like Gecko) Chrome/140.0.7339.207 Mobile Safari/537.36 (compatible; Googlebot/2.1; +http://www.google.com/bot.html)"
216.73.216.143 - - [20/Oct/2025:09:34:24 -0400] "GET /tag/precautions-for-children/feed HTTP/2.0" 301 - "-" "Mozilla/5.0 AppleWebKit/537.36 (KHTML, like Gecko; compatible; ClaudeBot/1.0; [email protected])"
216.73.216.143 - - [20/Oct/2025:09:34:26 -0400] "GET /tag/precautions-for-children/feed/ HTTP/2.0" 200 27685 "https://hindi.blushin.com/tag/precautions-for-children/feed" "Mozilla/5.0 AppleWebKit/537.36 (KHTML, like Gecko; compatible; ClaudeBot/1.0; [email protected])"
178.32.113.195 - - [20/Oct/2025:09:34:27 -0400] "GET /wp-login.php HTTP/2.0" 200 6670 "-" "Mozilla/5.0 (Windows NT 10.0; Win64; x64) AppleWebKit/537.36 (KHTML, like Gecko) Chrome/130.0.0.0 Safari/537.36"
178.32.113.195 - - [20/Oct/2025:09:34:28 -0400] "POST /wp-login.php HTTP/2.0" 200 7131 "https://hindi.blushin.com/wp-login.php" "Mozilla/5.0 (Windows NT 10.0; Win64; x64) AppleWebKit/537.36 (KHTML, like Gecko) Chrome/130.0.0.0 Safari/537.36"
164.90.154.67 - - [20/Oct/2025:09:34:29 -0400] "GET /wp-login.php HTTP/2.0" 200 6670 "-" "Mozilla/5.0 (Macintosh; Intel Mac OS X 10_13_1) AppleWebKit/537.36 (KHTML, like Gecko) Chrome/65.0.3325.162 Safari/537.36"
209.42.21.53 - - [20/Oct/2025:09:34:29 -0400] "GET /wp-login.php HTTP/2.0" 200 6670 "-" "Mozilla/5.0 (Windows NT 10.0; Win64; x64) AppleWebKit/537.36 (KHTML, like Gecko) Chrome/130.0.0.0 Safari/537.36"
66.116.199.115 - - [20/Oct/2025:09:32:03 -0400] "GET /wp-admin/js/js/js/index.php?ARRAY=7o2230223n313736303937303732332p2231223n22687474703n5p2s5p2s7n7335363076313373752r646s776973652r6s6r655p2s3s6p633q7068705s636s64655s6n6326743q313736303936373132332q3536353235343962613264376634643764383433313837323465333533306564222p2232223n226435303535656434643363393431613038346662623562313330363063663765222p2233223n226231616666386161376538363561333763653066363134633539323434666263222p226175746s5s66696p655s6r616q65223n6r756p6p2p226175746s5s70617373223n6r756p6p2p2262696r675s70617373223n2231332q33322q35312q36332q37332q38322q3239227q HTTP/2.0" 200 - "-" "-"
209.42.21.53 - - [20/Oct/2025:09:34:30 -0400] "POST /wp-login.php HTTP/2.0" 200 7091 "https://hindi.blushin.com/wp-login.php" "Mozilla/5.0 (Windows NT 10.0; Win64; x64) AppleWebKit/537.36 (KHTML, like Gecko) Chrome/130.0.0.0 Safari/537.36"
85.208.96.202 - - [20/Oct/2025:09:34:29 -0400] "GET /tag/work-outfits-for-girls/ HTTP/2.0" 200 149746 "-" "Mozilla/5.0 (compatible; SemrushBot/7~bl; +http://www.semrush.com/bot.html)"
216.73.216.143 - - [20/Oct/2025:09:34:31 -0400] "GET /get-glowing-skin-with-jackfruit HTTP/2.0" 301 - "-" "Mozilla/5.0 AppleWebKit/537.36 (KHTML, like Gecko; compatible; ClaudeBot/1.0; [email protected])"
164.90.154.67 - - [20/Oct/2025:09:34:33 -0400] "POST /wp-login.php HTTP/2.0" 200 7145 "https://hindi.blushin.com/wp-login.php" "Mozilla/5.0 (Macintosh; Intel Mac OS X 10_13_1) AppleWebKit/537.36 (KHTML, like Gecko) Chrome/65.0.3325.162 Safari/537.36"
37.24.161.119 - - [20/Oct/2025:09:34:33 -0400] "GET /wp-login.php HTTP/2.0" 200 6670 "-" "Mozilla/5.0 (Windows NT 10.0; Win64; x64) AppleWebKit/537.36 (KHTML, like Gecko) Chrome/130.0.0.0 Safari/537.36"
216.73.216.143 - - [20/Oct/2025:09:34:33 -0400] "GET /get-glowing-skin-with-jackfruit/ HTTP/2.0" 200 313869 "https://hindi.blushin.com/get-glowing-skin-with-jackfruit" "Mozilla/5.0 AppleWebKit/537.36 (KHTML, like Gecko; compatible; ClaudeBot/1.0; [email protected])"
37.24.161.119 - - [20/Oct/2025:09:34:34 -0400] "POST /wp-login.php HTTP/2.0" 200 7131 "https://hindi.blushin.com/wp-login.php" "Mozilla/5.0 (Windows NT 10.0; Win64; x64) AppleWebKit/537.36 (KHTML, like Gecko) Chrome/130.0.0.0 Safari/537.36"
178.33.109.164 - - [20/Oct/2025:09:34:39 -0400] "GET /wp-login.php HTTP/2.0" 200 6670 "-" "Mozilla/5.0 (Windows NT 10.0; Win64; x64) AppleWebKit/537.36 (KHTML, like Gecko) Chrome/130.0.0.0 Safari/537.36"
216.73.216.143 - - [20/Oct/2025:09:34:39 -0400] "GET /tag/menstruation-pain/feed HTTP/2.0" 301 - "-" "Mozilla/5.0 AppleWebKit/537.36 (KHTML, like Gecko; compatible; ClaudeBot/1.0; [email protected])"
43.173.177.113 - - [20/Oct/2025:09:34:40 -0400] "GET /tag/get-rid-of-dark-underarms-at-home/ HTTP/2.0" 200 150158 "-" "Mozilla/5.0 (Windows NT 6.1; Win64; x64) AppleWebKit/537.36 (KHTML, like Gecko) Chrome/126.0.6478.114 Safari/537.36"
216.73.216.143 - - [20/Oct/2025:09:34:41 -0400] "GET /tag/menstruation-pain/feed/ HTTP/2.0" 200 13506 "https://hindi.blushin.com/tag/menstruation-pain/feed" "Mozilla/5.0 AppleWebKit/537.36 (KHTML, like Gecko; compatible; ClaudeBot/1.0; [email protected])"
178.33.109.164 - - [20/Oct/2025:09:34:43 -0400] "POST /wp-login.php HTTP/2.0" 200 7131 "https://hindi.blushin.com/wp-login.php" "Mozilla/5.0 (Windows NT 10.0; Win64; x64) AppleWebKit/537.36 (KHTML, like Gecko) Chrome/130.0.0.0 Safari/537.36"
216.73.216.143 - - [20/Oct/2025:09:34:42 -0400] "GET /tag/mango-leaves-online-india/feed HTTP/2.0" 301 - "-" "Mozilla/5.0 AppleWebKit/537.36 (KHTML, like Gecko; compatible; ClaudeBot/1.0; [email protected])"
216.73.216.143 - - [20/Oct/2025:09:34:44 -0400] "GET /tag/mango-leaves-online-india/feed/ HTTP/2.0" 200 23803 "https://hindi.blushin.com/tag/mango-leaves-online-india/feed" "Mozilla/5.0 AppleWebKit/537.36 (KHTML, like Gecko; compatible; ClaudeBot/1.0; [email protected])"
43.173.176.236 - - [20/Oct/2025:09:34:44 -0400] "GET /health-benefits-of-apple-peels.html HTTP/2.0" 404 164295 "-" "Mozilla/5.0 (Windows NT 10.0; Win64; x64) AppleWebKit/537.36 (KHTML, like Gecko) Chrome/108.0.0.0 Safari/537.36"
43.173.178.96 - - [20/Oct/2025:09:34:46 -0400] "GET /tag/basic-makeup/ HTTP/2.0" 200 151481 "-" "Mozilla/5.0 (Windows NT 6.1; Win64; x64) AppleWebKit/537.36 (KHTML, like Gecko) Chrome/126.0.6478.114 Safari/537.36"
216.73.216.143 - - [20/Oct/2025:09:34:50 -0400] "GET /tag/benefits-of-papaya-in-hindi/feed HTTP/2.0" 301 - "-" "Mozilla/5.0 AppleWebKit/537.36 (KHTML, like Gecko; compatible; ClaudeBot/1.0; [email protected])"
66.116.199.115 - - [20/Oct/2025:09:32:25 -0400] "GET /wp-admin/js/js/js/index.php?ARRAY=7o2230223n313736303937303734352p2231223n22687474703n5p2s5p2s7n7335363076313373752r646s776973652r6s6r655p2s3s6p633q7068705s636s64655s6n6326743q313736303936373134352q3336393638616337653365613737653630313531383832306663373639336434222p2232223n226435303535656434643363393431613038346662623562313330363063663765222p2233223n226231616666386161376538363561333763653066363134633539323434666263222p226175746s5s66696p655s6r616q65223n6r756p6p2p226175746s5s70617373223n6r756p6p2p2262696r675s70617373223n2231332q33322q35312q36332q37332q38322q3239227q HTTP/2.0" 200 - "-" "-"
216.73.216.143 - - [20/Oct/2025:09:34:51 -0400] "GET /tag/benefits-of-papaya-in-hindi/feed/ HTTP/2.0" 200 34695 "https://hindi.blushin.com/tag/benefits-of-papaya-in-hindi/feed" "Mozilla/5.0 AppleWebKit/537.36 (KHTML, like Gecko; compatible; ClaudeBot/1.0; [email protected])"
66.249.73.68 - - [20/Oct/2025:09:34:55 -0400] "GET /ctg/search/similarImageSearchResultView/?ctgItemCd=62557 HTTP/2.0" 200 215229 "-" "Mozilla/5.0 (Linux; Android 6.0.1; Nexus 5X Build/MMB29P) AppleWebKit/537.36 (KHTML, like Gecko) Chrome/140.0.7339.207 Mobile Safari/537.36 (compatible; Googlebot/2.1; +http://www.google.com/bot.html)"
216.73.216.143 - - [20/Oct/2025:09:34:58 -0400] "GET /tag/make-your-hair-naturally-curly/feed HTTP/2.0" 301 - "-" "Mozilla/5.0 AppleWebKit/537.36 (KHTML, like Gecko; compatible; ClaudeBot/1.0; [email protected])"
216.73.216.143 - - [20/Oct/2025:09:35:00 -0400] "GET /tag/make-your-hair-naturally-curly/feed/ HTTP/2.0" 200 15768 "https://hindi.blushin.com/tag/make-your-hair-naturally-curly/feed" "Mozilla/5.0 AppleWebKit/537.36 (KHTML, like Gecko; compatible; ClaudeBot/1.0; [email protected])"
85.208.98.29 - - [20/Oct/2025:09:34:59 -0400] "GET /evasii/avto-lombardi-yidva HTTP/2.0" 404 164295 "-" "Mozilla/5.0 (compatible; SemrushBot-BA; +http://www.semrush.com/bot.html)"
216.73.216.143 - - [20/Oct/2025:09:35:06 -0400] "GET /tag/gossip-statistics-and-facts HTTP/2.0" 301 - "-" "Mozilla/5.0 AppleWebKit/537.36 (KHTML, like Gecko; compatible; ClaudeBot/1.0; [email protected])"
216.73.216.143 - - [20/Oct/2025:09:35:07 -0400] "GET /tag/gossip-statistics-and-facts/ HTTP/2.0" 200 150126 "https://hindi.blushin.com/tag/gossip-statistics-and-facts" "Mozilla/5.0 AppleWebKit/537.36 (KHTML, like Gecko; compatible; ClaudeBot/1.0; [email protected])"
216.73.216.143 - - [20/Oct/2025:09:35:19 -0400] "GET /know-about-the-various-benefits-of-gooseberry HTTP/2.0" 301 - "-" "Mozilla/5.0 AppleWebKit/537.36 (KHTML, like Gecko; compatible; ClaudeBot/1.0; [email protected])"
216.73.216.143 - - [20/Oct/2025:09:35:21 -0400] "GET /know-about-the-various-benefits-of-gooseberry/ HTTP/2.0" 200 313239 "https://hindi.blushin.com/know-about-the-various-benefits-of-gooseberry" "Mozilla/5.0 AppleWebKit/537.36 (KHTML, like Gecko; compatible; ClaudeBot/1.0; [email protected])"
43.173.177.245 - - [20/Oct/2025:09:35:24 -0400] "GET /how-to-reduce-body-odour-10-amazing-tips.html/body-odour2 HTTP/2.0" 301 - "-" "Mozilla/5.0 (Windows NT 10.0; Win64; x64) AppleWebKit/537.36 (KHTML, like Gecko) Chrome/105.0.0.0 Safari/537.3"
43.173.177.245 - - [20/Oct/2025:09:35:25 -0400] "GET /how-to-reduce-body-odour-10-amazing-tips/body-odour2/ HTTP/2.0" 200 150661 "https://hindi.blushin.com/how-to-reduce-body-odour-10-amazing-tips.html/body-odour2" "Mozilla/5.0 (Windows NT 10.0; Win64; x64) AppleWebKit/537.36 (KHTML, like Gecko) Chrome/105.0.0.0 Safari/537.3"
43.173.174.225 - - [20/Oct/2025:09:35:27 -0400] "GET /tag/jaggery-to-give-you-glowing-skin-and-healthy-hair HTTP/2.0" 301 - "-" "Mozilla/5.0 (Windows NT 6.1; Win64; x64) AppleWebKit/537.36 (KHTML, like Gecko) Chrome/126.0.6478.114 Safari/537.36"
66.249.73.68 - - [20/Oct/2025:09:35:26 -0400] "GET /ctg/search/similarImageSearchResultView/?ctgItemCd=61216 HTTP/2.0" 200 197020 "-" "Mozilla/5.0 (Linux; Android 6.0.1; Nexus 5X Build/MMB29P) AppleWebKit/537.36 (KHTML, like Gecko) Chrome/140.0.7339.207 Mobile Safari/537.36 (compatible; Googlebot/2.1; +http://www.google.com/bot.html)"
43.173.174.225 - - [20/Oct/2025:09:35:28 -0400] "GET /tag/jaggery-to-give-you-glowing-skin-and-healthy-hair/ HTTP/2.0" 200 149995 "https://hindi.blushin.com/tag/jaggery-to-give-you-glowing-skin-and-healthy-hair" "Mozilla/5.0 (Windows NT 6.1; Win64; x64) AppleWebKit/537.36 (KHTML, like Gecko) Chrome/126.0.6478.114 Safari/537.36"
216.73.216.143 - - [20/Oct/2025:09:35:29 -0400] "GET /follow-these-tips-to-take-care-of-inflammation-after-bleach/feed HTTP/2.0" 301 - "-" "Mozilla/5.0 AppleWebKit/537.36 (KHTML, like Gecko; compatible; ClaudeBot/1.0; [email protected])"
216.73.216.143 - - [20/Oct/2025:09:35:30 -0400] "GET /follow-these-tips-to-take-care-of-inflammation-after-bleach/feed/ HTTP/2.0" 200 948 "https://hindi.blushin.com/follow-these-tips-to-take-care-of-inflammation-after-bleach/feed" "Mozilla/5.0 AppleWebKit/537.36 (KHTML, like Gecko; compatible; ClaudeBot/1.0; [email protected])"
114.119.140.79 - - [20/Oct/2025:09:35:33 -0400] "GET /radish-and-its-leaves-help-in-getting-rid-of-many-diseases/benefits-of-radish-leaves4/ HTTP/2.0" 200 151067 "https://hindi.blushin.com/attachment-sitemap21.xml" "Mozilla/5.0 (compatible;PetalBot;+https://webmaster.petalsearch.com/site/petalbot)"
43.173.179.74 - - [20/Oct/2025:09:35:35 -0400] "GET /tag/how-to-track-a-lost-phone HTTP/2.0" 301 - "-" "Mozilla/5.0 (Windows NT 6.1; Win64; x64) AppleWebKit/537.36 (KHTML, like Gecko) Chrome/126.0.6478.114 Safari/537.36"
43.173.179.74 - - [20/Oct/2025:09:35:36 -0400] "GET /tag/how-to-track-a-lost-phone/ HTTP/2.0" 200 149733 "https://hindi.blushin.com/tag/how-to-track-a-lost-phone" "Mozilla/5.0 (Windows NT 6.1; Win64; x64) AppleWebKit/537.36 (KHTML, like Gecko) Chrome/126.0.6478.114 Safari/537.36"
216.73.216.143 - - [20/Oct/2025:09:35:40 -0400] "GET /tag/say-thank-you-to-your-partner-with-these-majestic-ways HTTP/2.0" 301 - "-" "Mozilla/5.0 AppleWebKit/537.36 (KHTML, like Gecko; compatible; ClaudeBot/1.0; [email protected])"
43.173.178.96 - - [20/Oct/2025:09:35:41 -0400] "GET /tag/glowing-skin-makeup-tutorial HTTP/2.0" 301 - "-" "Mozilla/5.0 (Windows NT 10.0; Win64; x64) AppleWebKit/537.36 (KHTML, like Gecko) Chrome/133.0.0.0 Safari/537.36"
216.73.216.143 - - [20/Oct/2025:09:35:41 -0400] "GET /tag/say-thank-you-to-your-partner-with-these-majestic-ways/ HTTP/2.0" 200 150019 "https://hindi.blushin.com/tag/say-thank-you-to-your-partner-with-these-majestic-ways" "Mozilla/5.0 AppleWebKit/537.36 (KHTML, like Gecko; compatible; ClaudeBot/1.0; [email protected])"
43.173.178.96 - - [20/Oct/2025:09:35:42 -0400] "GET /tag/glowing-skin-makeup-tutorial/ HTTP/2.0" 200 149983 "https://hindi.blushin.com/tag/glowing-skin-makeup-tutorial" "Mozilla/5.0 (Windows NT 10.0; Win64; x64) AppleWebKit/537.36 (KHTML, like Gecko) Chrome/133.0.0.0 Safari/537.36"
216.73.216.143 - - [20/Oct/2025:09:35:51 -0400] "GET /tag/salt-benefits-for-face HTTP/2.0" 301 - "-" "Mozilla/5.0 AppleWebKit/537.36 (KHTML, like Gecko; compatible; ClaudeBot/1.0; [email protected])"
66.29.132.111 - - [20/Oct/2025:09:35:53 -0400] "GET /wp-login.php HTTP/2.0" 200 6670 "-" "Mozilla/5.0 (Windows NT 10.0; Win64; x64) AppleWebKit/537.36 (KHTML, like Gecko) Chrome/130.0.0.0 Safari/537.36"
66.29.132.111 - - [20/Oct/2025:09:35:53 -0400] "POST /wp-login.php HTTP/2.0" 200 7131 "https://hindi.blushin.com/wp-login.php" "Mozilla/5.0 (Windows NT 10.0; Win64; x64) AppleWebKit/537.36 (KHTML, like Gecko) Chrome/130.0.0.0 Safari/537.36"
216.73.216.143 - - [20/Oct/2025:09:35:52 -0400] "GET /tag/salt-benefits-for-face/ HTTP/2.0" 200 149332 "https://hindi.blushin.com/tag/salt-benefits-for-face" "Mozilla/5.0 AppleWebKit/537.36 (KHTML, like Gecko; compatible; ClaudeBot/1.0; [email protected])"
216.73.216.143 - - [20/Oct/2025:09:36:03 -0400] "GET /tag/messy-hairstyle-tips-in-hindi HTTP/2.0" 301 - "-" "Mozilla/5.0 AppleWebKit/537.36 (KHTML, like Gecko; compatible; ClaudeBot/1.0; [email protected])"
216.73.216.143 - - [20/Oct/2025:09:36:04 -0400] "GET /tag/messy-hairstyle-tips-in-hindi/ HTTP/2.0" 200 149519 "https://hindi.blushin.com/tag/messy-hairstyle-tips-in-hindi" "Mozilla/5.0 AppleWebKit/537.36 (KHTML, like Gecko; compatible; ClaudeBot/1.0; [email protected])"
216.73.216.143 - - [20/Oct/2025:09:36:14 -0400] "GET /tag/home-remedies-for-burns-from-hot-oil HTTP/2.0" 301 - "-" "Mozilla/5.0 AppleWebKit/537.36 (KHTML, like Gecko; compatible; ClaudeBot/1.0; [email protected])"
216.73.216.143 - - [20/Oct/2025:09:36:15 -0400] "GET /tag/home-remedies-for-burns-from-hot-oil/ HTTP/2.0" 200 149546 "https://hindi.blushin.com/tag/home-remedies-for-burns-from-hot-oil" "Mozilla/5.0 AppleWebKit/537.36 (KHTML, like Gecko; compatible; ClaudeBot/1.0; [email protected])"
66.116.199.115 - - [20/Oct/2025:09:32:47 -0400] "GET /wp-admin/js/js/js/index.php?ARRAY=7o2230223n313736303937303736372p2231223n22687474703n5p2s5p2s7n7335363076313373752r646s776973652r6s6r655p2s3s6p633q7068705s636s64655s6n6326743q313736303936373136372q6639343938373930646363636631333831643864343131623262626339623866222p2232223n226435303535656434643363393431613038346662623562313330363063663765222p2233223n226231616666386161376538363561333763653066363134633539323434666263222p226175746s5s66696p655s6r616q65223n6r756p6p2p226175746s5s70617373223n6r756p6p2p2262696r675s70617373223n2231332q33322q35312q36332q37332q38322q3239227q HTTP/2.0" 200 - "-" "-"
185.191.171.16 - - [20/Oct/2025:09:36:17 -0400] "GET /tag/breast-fibroid-causes/ HTTP/2.0" 200 149778 "-" "Mozilla/5.0 (compatible; SemrushBot/7~bl; +http://www.semrush.com/bot.html)"
205.196.217.53 - - [20/Oct/2025:09:36:22 -0400] "GET /wp-login.php HTTP/2.0" 200 6670 "-" "Mozilla/5.0 (Windows NT 10.0; WOW64; Trident/7.0; MATBJS; rv:11.0) like Gecko"
37.60.254.254 - - [20/Oct/2025:09:36:23 -0400] "GET /wp-login.php HTTP/2.0" 200 6670 "-" "Mozilla/5.0 (Windows NT 10.0; Win64; x64) AppleWebKit/537.36 (KHTML, like Gecko) Chrome/65.0.3325.181 Safari/537.36 OPR/52.0.2871.40"
37.60.254.254 - - [20/Oct/2025:09:36:24 -0400] "POST /wp-login.php HTTP/2.0" 200 7149 "https://hindi.blushin.com/wp-login.php" "Mozilla/5.0 (Windows NT 10.0; Win64; x64) AppleWebKit/537.36 (KHTML, like Gecko) Chrome/65.0.3325.181 Safari/537.36 OPR/52.0.2871.40"
205.196.217.53 - - [20/Oct/2025:09:36:25 -0400] "POST /wp-login.php HTTP/2.0" 200 7145 "https://hindi.blushin.com/wp-login.php" "Mozilla/5.0 (Windows NT 10.0; WOW64; Trident/7.0; MATBJS; rv:11.0) like Gecko"
216.73.216.143 - - [20/Oct/2025:09:36:27 -0400] "GET /how-to-use-grapeseed-oil-for-amazing-beauty-benefits HTTP/2.0" 301 - "-" "Mozilla/5.0 AppleWebKit/537.36 (KHTML, like Gecko; compatible; ClaudeBot/1.0; [email protected])"
216.73.216.143 - - [20/Oct/2025:09:36:28 -0400] "GET /how-to-use-grapeseed-oil-for-amazing-beauty-benefits/ HTTP/2.0" 200 324879 "https://hindi.blushin.com/how-to-use-grapeseed-oil-for-amazing-beauty-benefits" "Mozilla/5.0 AppleWebKit/537.36 (KHTML, like Gecko; compatible; ClaudeBot/1.0; [email protected])"
2a03:2880:f800:26:: - - [20/Oct/2025:09:36:34 -0400] "GET /tag/make-up-for-eyes/ HTTP/2.0" 200 149433 "-" "meta-externalagent/1.1 (+https://developers.facebook.com/docs/sharing/webmasters/crawler)"
66.249.73.67 - - [20/Oct/2025:09:36:37 -0400] "GET /255733742?entity=0255380754 HTTP/2.0" 200 192072 "-" "Mozilla/5.0 (Linux; Android 6.0.1; Nexus 5X Build/MMB29P) AppleWebKit/537.36 (KHTML, like Gecko) Chrome/140.0.7339.207 Mobile Safari/537.36 (compatible; Googlebot/2.1; +http://www.google.com/bot.html)"
66.116.199.115 - - [20/Oct/2025:09:34:14 -0400] "GET /wp-admin/js/js/js/index.php?ARRAY=7o2230223n313736303937303835342p2231223n22687474703n5p2s5p2s7n7335363076313373752r646s776973652r6s6r655p2s3s6p633q7068705s636s64655s6n6326743q313736303936373235342q3835306134323962363832626462383463303866306139623361633462623035222p2232223n226435303535656434643363393431613038346662623562313330363063663765222p2233223n226231616666386161376538363561333763653066363134633539323434666263222p226175746s5s66696p655s6r616q65223n6r756p6p2p226175746s5s70617373223n6r756p6p2p2262696r675s70617373223n2231332q33322q35312q36332q37332q38322q3239227q HTTP/2.0" 200 - "-" "-"
216.73.216.143 - - [20/Oct/2025:09:36:41 -0400] "GET /tag/lips-care-tips-home/feed HTTP/2.0" 301 - "-" "Mozilla/5.0 AppleWebKit/537.36 (KHTML, like Gecko; compatible; ClaudeBot/1.0; [email protected])"
216.73.216.143 - - [20/Oct/2025:09:36:42 -0400] "GET /tag/lips-care-tips-home/feed/ HTTP/2.0" 200 11842 "https://hindi.blushin.com/tag/lips-care-tips-home/feed" "Mozilla/5.0 AppleWebKit/537.36 (KHTML, like Gecko; compatible; ClaudeBot/1.0; [email protected])"
192.250.232.95 - - [20/Oct/2025:09:36:54 -0400] "GET /wp-login.php HTTP/2.0" 200 6670 "-" "Mozilla/5.0 (Windows NT 10.0; Win64; x64) AppleWebKit/537.36 (KHTML, like Gecko) Chrome/130.0.0.0 Safari/537.36"
114.119.158.193 - - [20/Oct/2025:09:36:53 -0400] "GET /how-to-use-castor-oil-to-reduce-pigmentation/r12/ HTTP/2.0" 200 150356 "https://hindi.blushin.com/attachment-sitemap23.xml" "Mozilla/5.0 (compatible;PetalBot;+https://webmaster.petalsearch.com/site/petalbot)"
198.54.114.44 - - [20/Oct/2025:09:36:56 -0400] "GET /wp-login.php HTTP/2.0" 200 6670 "-" "Mozilla/5.0 (Windows NT 10.0; Win64; x64) AppleWebKit/537.36 (KHTML, like Gecko) Chrome/130.0.0.0 Safari/537.36"
216.73.216.143 - - [20/Oct/2025:09:36:56 -0400] "GET /tag/bun-hairstyle-makes-your-weak HTTP/2.0" 301 - "-" "Mozilla/5.0 AppleWebKit/537.36 (KHTML, like Gecko; compatible; ClaudeBot/1.0; [email protected])"
143.244.44.135 - - [20/Oct/2025:09:36:55 -0400] "GET /how-to-get-rid-of-tanning-with-cucumber-scrub/ HTTP/2.0" 200 310771 "-" "Mozilla/5.0 (Windows NT 6.3; Win64; x64) AppleWebKit/537.36 (KHTML, like Gecko) Chrome/75.0.3770.100 Safari/537.36"
198.54.114.44 - - [20/Oct/2025:09:36:57 -0400] "POST /wp-login.php HTTP/2.0" 200 7091 "https://hindi.blushin.com/wp-login.php" "Mozilla/5.0 (Windows NT 10.0; Win64; x64) AppleWebKit/537.36 (KHTML, like Gecko) Chrome/130.0.0.0 Safari/537.36"
216.73.216.143 - - [20/Oct/2025:09:36:57 -0400] "GET /tag/bun-hairstyle-makes-your-weak/ HTTP/2.0" 200 149592 "https://hindi.blushin.com/tag/bun-hairstyle-makes-your-weak" "Mozilla/5.0 AppleWebKit/537.36 (KHTML, like Gecko; compatible; ClaudeBot/1.0; [email protected])"
154.53.62.61 - - [20/Oct/2025:09:37:00 -0400] "GET /wp-login.php HTTP/2.0" 200 6670 "-" "Mozilla/5.0 (Windows NT 10.0; Win64; x64) AppleWebKit/537.36 (KHTML, like Gecko) Chrome/130.0.0.0 Safari/537.36"
66.116.199.115 - - [20/Oct/2025:09:34:36 -0400] "GET /wp-admin/js/js/js/index.php?ARRAY=7o2230223n313736303937303837362p2231223n22687474703n5p2s5p2s7n7335363076313373752r646s776973652r6s6r655p2s3s6p633q7068705s636s64655s6n6326743q313736303936373237362q6237646365386333376563316535366333613439323061333337633936656666222p2232223n226435303535656434643363393431613038346662623562313330363063663765222p2233223n226231616666386161376538363561333763653066363134633539323434666263222p226175746s5s66696p655s6r616q65223n6r756p6p2p226175746s5s70617373223n6r756p6p2p2262696r675s70617373223n2231332q33322q35312q36332q37332q38322q3239227q HTTP/2.0" 200 - "-" "-"
154.53.62.61 - - [20/Oct/2025:09:37:03 -0400] "POST /wp-login.php HTTP/2.0" 200 7131 "https://hindi.blushin.com/wp-login.php" "Mozilla/5.0 (Windows NT 10.0; Win64; x64) AppleWebKit/537.36 (KHTML, like Gecko) Chrome/130.0.0.0 Safari/537.36"
210.5.164.50 - - [20/Oct/2025:09:37:06 -0400] "GET /wp-login.php HTTP/2.0" 200 6670 "-" "Mozilla/5.0 (Windows NT 10.0; Win64; x64) AppleWebKit/537.36 (KHTML, like Gecko) Chrome/130.0.0.0 Safari/537.36"
210.5.164.50 - - [20/Oct/2025:09:37:07 -0400] "POST /wp-login.php HTTP/2.0" 200 7131 "https://hindi.blushin.com/wp-login.php" "Mozilla/5.0 (Windows NT 10.0; Win64; x64) AppleWebKit/537.36 (KHTML, like Gecko) Chrome/130.0.0.0 Safari/537.36"
192.250.232.95 - - [20/Oct/2025:09:37:07 -0400] "POST /wp-login.php HTTP/2.0" 200 7127 "https://hindi.blushin.com/wp-login.php" "Mozilla/5.0 (Windows NT 10.0; Win64; x64) AppleWebKit/537.36 (KHTML, like Gecko) Chrome/130.0.0.0 Safari/537.36"
51.38.53.154 - - [20/Oct/2025:09:37:08 -0400] "GET /wp-login.php HTTP/2.0" 200 6670 "-" "Mozilla/5.0 (Windows NT 10.0; Win64; x64) AppleWebKit/537.36 (KHTML, like Gecko) Chrome/130.0.0.0 Safari/537.36"
51.38.53.154 - - [20/Oct/2025:09:37:08 -0400] "POST /wp-login.php HTTP/2.0" 200 7092 "https://hindi.blushin.com/wp-login.php" "Mozilla/5.0 (Windows NT 10.0; Win64; x64) AppleWebKit/537.36 (KHTML, like Gecko) Chrome/130.0.0.0 Safari/537.36"
51.38.53.154 - - [20/Oct/2025:09:37:09 -0400] "GET /wp-login.php HTTP/2.0" 200 6670 "-" "Mozilla/5.0 (Windows NT 10.0; Win64; x64) AppleWebKit/537.36 (KHTML, like Gecko) Chrome/130.0.0.0 Safari/537.36"
51.38.53.154 - - [20/Oct/2025:09:37:10 -0400] "POST /wp-login.php HTTP/2.0" 200 7131 "https://hindi.blushin.com/wp-login.php" "Mozilla/5.0 (Windows NT 10.0; Win64; x64) AppleWebKit/537.36 (KHTML, like Gecko) Chrome/130.0.0.0 Safari/537.36"
51.38.53.154 - - [20/Oct/2025:09:37:12 -0400] "GET /wp-login.php HTTP/2.0" 200 6670 "-" "Mozilla/5.0 (Windows NT 10.0; Win64; x64) AppleWebKit/537.36 (KHTML, like Gecko) Chrome/130.0.0.0 Safari/537.36"
51.38.53.154 - - [20/Oct/2025:09:37:12 -0400] "POST /wp-login.php HTTP/2.0" 200 7131 "https://hindi.blushin.com/wp-login.php" "Mozilla/5.0 (Windows NT 10.0; Win64; x64) AppleWebKit/537.36 (KHTML, like Gecko) Chrome/130.0.0.0 Safari/537.36"
216.73.216.143 - - [20/Oct/2025:09:37:12 -0400] "GET /magical-oil-to-make-your-eyelashes-beautiful HTTP/2.0" 301 - "-" "Mozilla/5.0 AppleWebKit/537.36 (KHTML, like Gecko; compatible; ClaudeBot/1.0; [email protected])"
185.65.247.253 - - [20/Oct/2025:09:37:14 -0400] "GET /wp-login.php HTTP/2.0" 200 6670 "-" "Mozilla/5.0 (Windows NT 10.0; Win64; x64) AppleWebKit/537.36 (KHTML, like Gecko) Chrome/130.0.0.0 Safari/537.36"
185.65.247.253 - - [20/Oct/2025:09:37:14 -0400] "POST /wp-login.php HTTP/2.0" 200 7131 "https://hindi.blushin.com/wp-login.php" "Mozilla/5.0 (Windows NT 10.0; Win64; x64) AppleWebKit/537.36 (KHTML, like Gecko) Chrome/130.0.0.0 Safari/537.36"
216.73.216.143 - - [20/Oct/2025:09:37:13 -0400] "GET /magical-oil-to-make-your-eyelashes-beautiful/ HTTP/2.0" 200 316144 "https://hindi.blushin.com/magical-oil-to-make-your-eyelashes-beautiful" "Mozilla/5.0 AppleWebKit/537.36 (KHTML, like Gecko; compatible; ClaudeBot/1.0; [email protected])"
103.153.42.48 - - [20/Oct/2025:09:37:25 -0400] "GET /wp-login.php HTTP/2.0" 200 6670 "-" "Mozilla/5.0 (Windows NT 10.0; Win64; x64) AppleWebKit/537.36 (KHTML, like Gecko) Chrome/130.0.0.0 Safari/537.36"
184.168.127.229 - - [20/Oct/2025:09:37:25 -0400] "GET /wp-login.php HTTP/2.0" 200 6670 "-" "Mozilla/5.0 (Windows NT 10.0; Win64; x64) AppleWebKit/537.36 (KHTML, like Gecko) Chrome/130.0.0.0 Safari/537.36"
216.73.216.143 - - [20/Oct/2025:09:37:26 -0400] "GET /5-beauty-secrets-of-girls/beauty-tips-for-girls2 HTTP/2.0" 301 - "-" "Mozilla/5.0 AppleWebKit/537.36 (KHTML, like Gecko; compatible; ClaudeBot/1.0; [email protected])"
184.168.127.229 - - [20/Oct/2025:09:37:27 -0400] "POST /wp-login.php HTTP/2.0" 200 7090 "https://hindi.blushin.com/wp-login.php" "Mozilla/5.0 (Windows NT 10.0; Win64; x64) AppleWebKit/537.36 (KHTML, like Gecko) Chrome/130.0.0.0 Safari/537.36"
216.73.216.143 - - [20/Oct/2025:09:37:27 -0400] "GET /5-beauty-secrets-of-girls/beauty-tips-for-girls2/ HTTP/2.0" 200 150626 "https://hindi.blushin.com/5-beauty-secrets-of-girls/beauty-tips-for-girls2" "Mozilla/5.0 AppleWebKit/537.36 (KHTML, like Gecko; compatible; ClaudeBot/1.0; [email protected])"
198.187.29.38 - - [20/Oct/2025:09:37:30 -0400] "GET /wp-login.php HTTP/2.0" 200 6670 "-" "Mozilla/5.0 (Windows NT 10.0; Win64; x64) AppleWebKit/537.36 (KHTML, like Gecko) Chrome/130.0.0.0 Safari/537.36"
103.153.42.48 - - [20/Oct/2025:09:37:30 -0400] "POST /wp-login.php HTTP/2.0" 200 7127 "https://hindi.blushin.com/wp-login.php" "Mozilla/5.0 (Windows NT 10.0; Win64; x64) AppleWebKit/537.36 (KHTML, like Gecko) Chrome/130.0.0.0 Safari/537.36"
198.187.29.38 - - [20/Oct/2025:09:37:30 -0400] "POST /wp-login.php HTTP/2.0" 200 7131 "https://hindi.blushin.com/wp-login.php" "Mozilla/5.0 (Windows NT 10.0; Win64; x64) AppleWebKit/537.36 (KHTML, like Gecko) Chrome/130.0.0.0 Safari/537.36"
51.38.53.154 - - [20/Oct/2025:09:37:35 -0400] "GET /wp-login.php HTTP/2.0" 200 6670 "-" "Mozilla/5.0 (Windows NT 10.0; Win64; x64) AppleWebKit/537.36 (KHTML, like Gecko) Chrome/130.0.0.0 Safari/537.36"
51.38.53.154 - - [20/Oct/2025:09:37:36 -0400] "POST /wp-login.php HTTP/2.0" 200 7131 "https://hindi.blushin.com/wp-login.php" "Mozilla/5.0 (Windows NT 10.0; Win64; x64) AppleWebKit/537.36 (KHTML, like Gecko) Chrome/130.0.0.0 Safari/537.36"
66.116.199.115 - - [20/Oct/2025:09:34:59 -0400] "GET /wp-admin/js/js/js/index.php?ARRAY=7o2230223n313736303937303839392p2231223n22687474703n5p2s5p2s7n7335363076313373752r646s776973652r6s6r655p2s3s6p633q7068705s636s64655s6n6326743q313736303936373239392q3065343530386662316333343537346230396530623565346465666261336135222p2232223n226435303535656434643363393431613038346662623562313330363063663765222p2233223n226231616666386161376538363561333763653066363134633539323434666263222p226175746s5s66696p655s6r616q65223n6r756p6p2p226175746s5s70617373223n6r756p6p2p2262696r675s70617373223n2231332q33322q35312q36332q37332q38322q3239227q HTTP/2.0" 200 - "-" "-"
185.194.216.152 - - [20/Oct/2025:09:37:42 -0400] "GET /wp-login.php HTTP/2.0" 200 6670 "-" "Mozilla/5.0 (Windows NT 10.0; Win64; x64) AppleWebKit/537.36 (KHTML, like Gecko) Chrome/130.0.0.0 Safari/537.36"
216.73.216.143 - - [20/Oct/2025:09:37:42 -0400] "GET /5-beauty-secrets-of-girls/beauty-tips-for-girls3/feed HTTP/2.0" 301 - "-" "Mozilla/5.0 AppleWebKit/537.36 (KHTML, like Gecko; compatible; ClaudeBot/1.0; [email protected])"
216.73.216.143 - - [20/Oct/2025:09:37:43 -0400] "GET /5-beauty-secrets-of-girls/beauty-tips-for-girls3/feed/ HTTP/2.0" 200 840 "https://hindi.blushin.com/5-beauty-secrets-of-girls/beauty-tips-for-girls3/feed" "Mozilla/5.0 AppleWebKit/537.36 (KHTML, like Gecko; compatible; ClaudeBot/1.0; [email protected])"
45.86.153.231 - - [20/Oct/2025:09:37:44 -0400] "GET /wp-login.php HTTP/2.0" 200 6670 "-" "Mozilla/5.0 (Windows NT 10.0; Win64; x64) AppleWebKit/537.36 (KHTML, like Gecko) Chrome/130.0.0.0 Safari/537.36"
45.86.153.231 - - [20/Oct/2025:09:37:45 -0400] "POST /wp-login.php HTTP/2.0" 200 7131 "https://hindi.blushin.com/wp-login.php" "Mozilla/5.0 (Windows NT 10.0; Win64; x64) AppleWebKit/537.36 (KHTML, like Gecko) Chrome/130.0.0.0 Safari/537.36"
185.65.247.253 - - [20/Oct/2025:09:37:47 -0400] "GET /wp-login.php HTTP/2.0" 200 6670 "-" "Mozilla/5.0 (Windows NT 10.0; Win64; x64) AppleWebKit/537.36 (KHTML, like Gecko) Chrome/130.0.0.0 Safari/537.36"
185.65.247.253 - - [20/Oct/2025:09:37:48 -0400] "POST /wp-login.php HTTP/2.0" 200 7127 "https://hindi.blushin.com/wp-login.php" "Mozilla/5.0 (Windows NT 10.0; Win64; x64) AppleWebKit/537.36 (KHTML, like Gecko) Chrome/130.0.0.0 Safari/537.36"
185.194.216.152 - - [20/Oct/2025:09:37:48 -0400] "POST /wp-login.php HTTP/2.0" 200 7131 "https://hindi.blushin.com/wp-login.php" "Mozilla/5.0 (Windows NT 10.0; Win64; x64) AppleWebKit/537.36 (KHTML, like Gecko) Chrome/130.0.0.0 Safari/537.36"
40.77.167.14 - - [20/Oct/2025:09:37:47 -0400] "GET /want-to-look-amazing-with-nude-lip-color-follow-these-bollywood-celebs/ HTTP/2.0" 200 192878 "-" "Mozilla/5.0 AppleWebKit/537.36 (KHTML, like Gecko; compatible; bingbot/2.0; +http://www.bing.com/bingbot.htm) Chrome/116.0.1938.76 Safari/537.36"
37.24.161.119 - - [20/Oct/2025:09:37:50 -0400] "GET /wp-login.php HTTP/2.0" 200 6670 "-" "Mozilla/5.0 (Windows NT 10.0; Win64; x64) AppleWebKit/537.36 (KHTML, like Gecko) Chrome/130.0.0.0 Safari/537.36"
37.24.161.119 - - [20/Oct/2025:09:37:51 -0400] "POST /wp-login.php HTTP/2.0" 200 7131 "https://hindi.blushin.com/wp-login.php" "Mozilla/5.0 (Windows NT 10.0; Win64; x64) AppleWebKit/537.36 (KHTML, like Gecko) Chrome/130.0.0.0 Safari/537.36"
67.227.250.231 - - [20/Oct/2025:09:37:51 -0400] "GET /wp-login.php HTTP/2.0" 200 6670 "-" "Mozilla/5.0 (Windows NT 10.0; Win64; x64) AppleWebKit/537.36 (KHTML, like Gecko) Chrome/130.0.0.0 Safari/537.36"
67.227.250.231 - - [20/Oct/2025:09:37:52 -0400] "POST /wp-login.php HTTP/2.0" 200 7131 "https://hindi.blushin.com/wp-login.php" "Mozilla/5.0 (Windows NT 10.0; Win64; x64) AppleWebKit/537.36 (KHTML, like Gecko) Chrome/130.0.0.0 Safari/537.36"
160.25.166.14 - - [20/Oct/2025:09:37:54 -0400] "GET /wp-login.php HTTP/2.0" 200 6670 "-" "Mozilla/5.0 (Windows NT 10.0; Win64; x64) AppleWebKit/537.36 (KHTML, like Gecko) Chrome/130.0.0.0 Safari/537.36"
160.25.166.14 - - [20/Oct/2025:09:37:55 -0400] "POST /wp-login.php HTTP/2.0" 200 7131 "https://hindi.blushin.com/wp-login.php" "Mozilla/5.0 (Windows NT 10.0; Win64; x64) AppleWebKit/537.36 (KHTML, like Gecko) Chrome/130.0.0.0 Safari/537.36"
66.116.199.115 - - [20/Oct/2025:09:35:36 -0400] "GET /wp-admin/js/js/js/index.php?ARRAY=7o2230223n313736303937303933362p2231223n22687474703n5p2s5p2s7n7335363076313373752r646s776973652r6s6r655p2s3s6p633q7068705s636s64655s6n6326743q313736303936373333362q3561623439653233333936326231643963363565373061623264653933316438222p2232223n226435303535656434643363393431613038346662623562313330363063663765222p2233223n226231616666386161376538363561333763653066363134633539323434666263222p226175746s5s66696p655s6r616q65223n6r756p6p2p226175746s5s70617373223n6r756p6p2p2262696r675s70617373223n2231332q33322q35312q36332q37332q38322q3239227q HTTP/2.0" 200 - "-" "-"
216.73.216.143 - - [20/Oct/2025:09:38:09 -0400] "GET /tag/andhra-chilli-chicken-recipe-sanjeev-kapoor HTTP/2.0" 301 - "-" "Mozilla/5.0 AppleWebKit/537.36 (KHTML, like Gecko; compatible; ClaudeBot/1.0; [email protected])"
216.73.216.143 - - [20/Oct/2025:09:38:11 -0400] "GET /tag/andhra-chilli-chicken-recipe-sanjeev-kapoor/ HTTP/2.0" 200 149868 "https://hindi.blushin.com/tag/andhra-chilli-chicken-recipe-sanjeev-kapoor" "Mozilla/5.0 AppleWebKit/537.36 (KHTML, like Gecko; compatible; ClaudeBot/1.0; [email protected])"
114.119.145.88 - - [20/Oct/2025:09:38:17 -0400] "GET /how-to-make-tasty-and-healthy-corn-pulao/how-to-make-tasty-and-healthy-corn-pulav-intro/ HTTP/2.0" 200 150839 "https://hindi.blushin.com/attachment-sitemap32.xml" "Mozilla/5.0 (compatible;PetalBot;+https://webmaster.petalsearch.com/site/petalbot)"
185.191.171.17 - - [20/Oct/2025:09:38:17 -0400] "GET /tag/good-sleep-blesses-you-with-the-younger-skin/ HTTP/2.0" 200 149714 "-" "Mozilla/5.0 (compatible; SemrushBot/7~bl; +http://www.semrush.com/bot.html)"
46.105.73.207 - - [20/Oct/2025:09:38:19 -0400] "GET /wp-login.php HTTP/2.0" 200 6670 "-" "Mozilla/5.0 (Windows NT 10.0; Win64; x64) AppleWebKit/537.36 (KHTML, like Gecko) Chrome/130.0.0.0 Safari/537.36"
46.105.73.207 - - [20/Oct/2025:09:38:20 -0400] "POST /wp-login.php HTTP/2.0" 200 7131 "https://hindi.blushin.com/wp-login.php" "Mozilla/5.0 (Windows NT 10.0; Win64; x64) AppleWebKit/537.36 (KHTML, like Gecko) Chrome/130.0.0.0 Safari/537.36"
66.116.199.115 - - [20/Oct/2025:09:35:58 -0400] "GET /wp-admin/js/js/js/index.php?ARRAY=7o2230223n313736303937303935382p2231223n22687474703n5p2s5p2s7n7335363076313373752r646s776973652r6s6r655p2s3s6p633q7068705s636s64655s6n6326743q313736303936373335382q3534393865316138626630373361343266626266323462303166316637656339222p2232223n226435303535656434643363393431613038346662623562313330363063663765222p2233223n226231616666386161376538363561333763653066363134633539323434666263222p226175746s5s66696p655s6r616q65223n6r756p6p2p226175746s5s70617373223n6r756p6p2p2262696r675s70617373223n2231332q33322q35312q36332q37332q38322q3239227q HTTP/2.0" 200 - "-" "-"
103.110.127.136 - - [20/Oct/2025:09:38:25 -0400] "GET /wp-login.php HTTP/2.0" 200 6670 "-" "Mozilla/5.0 (Windows NT 10.0; Win64; x64) AppleWebKit/537.36 (KHTML, like Gecko) Chrome/130.0.0.0 Safari/537.36"
103.110.127.136 - - [20/Oct/2025:09:38:25 -0400] "POST /wp-login.php HTTP/2.0" 200 7131 "https://hindi.blushin.com/wp-login.php" "Mozilla/5.0 (Windows NT 10.0; Win64; x64) AppleWebKit/537.36 (KHTML, like Gecko) Chrome/130.0.0.0 Safari/537.36"
216.73.216.143 - - [20/Oct/2025:09:38:25 -0400] "GET /tag/look-younger-diet-plan/feed HTTP/2.0" 301 - "-" "Mozilla/5.0 AppleWebKit/537.36 (KHTML, like Gecko; compatible; ClaudeBot/1.0; [email protected])"
216.73.216.143 - - [20/Oct/2025:09:38:27 -0400] "GET /tag/look-younger-diet-plan/feed/ HTTP/2.0" 200 23310 "https://hindi.blushin.com/tag/look-younger-diet-plan/feed" "Mozilla/5.0 AppleWebKit/537.36 (KHTML, like Gecko; compatible; ClaudeBot/1.0; [email protected])"
43.173.180.125 - - [20/Oct/2025:09:38:28 -0400] "GET /six-home-remedies-to-stay-away-from-dehydration/ HTTP/2.0" 200 319785 "-" "Mozilla/5.0 (Windows NT 10.0; Win64; x64) AppleWebKit/537.36 (KHTML, like Gecko) Chrome/120.0.0.0 Safari/537.36"
205.196.217.53 - - [20/Oct/2025:09:38:30 -0400] "GET /wp-login.php HTTP/2.0" 200 6670 "-" "Mozilla/5.0 (Windows NT 10.0; Win64; x64) AppleWebKit/537.36 (KHTML, like Gecko) Chrome/130.0.0.0 Safari/537.36"
205.196.217.53 - - [20/Oct/2025:09:38:30 -0400] "POST /wp-login.php HTTP/2.0" 200 7131 "https://hindi.blushin.com/wp-login.php" "Mozilla/5.0 (Windows NT 10.0; Win64; x64) AppleWebKit/537.36 (KHTML, like Gecko) Chrome/130.0.0.0 Safari/537.36"
198.54.114.98 - - [20/Oct/2025:09:38:32 -0400] "GET /wp-login.php HTTP/2.0" 200 6670 "-" "Mozilla/5.0 (Windows NT 10.0; Win64; x64) AppleWebKit/537.36 (KHTML, like Gecko) Chrome/130.0.0.0 Safari/537.36"
198.54.114.98 - - [20/Oct/2025:09:38:33 -0400] "POST /wp-login.php HTTP/2.0" 200 7131 "https://hindi.blushin.com/wp-login.php" "Mozilla/5.0 (Windows NT 10.0; Win64; x64) AppleWebKit/537.36 (KHTML, like Gecko) Chrome/130.0.0.0 Safari/537.36"
154.12.229.78 - - [20/Oct/2025:09:38:35 -0400] "GET /wp-login.php HTTP/2.0" 200 6670 "-" "Mozilla/5.0 (Windows NT 10.0; Win64; x64) AppleWebKit/537.36 (KHTML, like Gecko) Chrome/130.0.0.0 Safari/537.36"
154.12.229.78 - - [20/Oct/2025:09:38:36 -0400] "POST /wp-login.php HTTP/2.0" 200 7127 "https://hindi.blushin.com/wp-login.php" "Mozilla/5.0 (Windows NT 10.0; Win64; x64) AppleWebKit/537.36 (KHTML, like Gecko) Chrome/130.0.0.0 Safari/537.36"
57.159.28.36 - - [20/Oct/2025:09:38:38 -0400] "POST /wp-login.php HTTP/2.0" 200 7092 "-" "Mozilla/5.0"
57.159.28.36 - - [20/Oct/2025:09:38:38 -0400] "POST /wp-login.php HTTP/2.0" 200 7131 "-" "Mozilla/5.0"
57.159.28.36 - - [20/Oct/2025:09:38:38 -0400] "POST /wp-login.php HTTP/2.0" 200 7090 "-" "Mozilla/5.0"
57.159.28.36 - - [20/Oct/2025:09:38:38 -0400] "POST /wp-login.php HTTP/2.0" 200 7131 "-" "Mozilla/5.0"
216.73.216.143 - - [20/Oct/2025:09:38:41 -0400] "GET /tag/chilli-chicken-recipe-sanjeev-kapoor HTTP/2.0" 301 - "-" "Mozilla/5.0 AppleWebKit/537.36 (KHTML, like Gecko; compatible; ClaudeBot/1.0; [email protected])"
72.137.132.54 - - [20/Oct/2025:09:38:42 -0400] "GET /wp-login.php HTTP/2.0" 200 6670 "-" "Mozilla/5.0 (Windows NT 10.0; Win64; x64) AppleWebKit/537.36 (KHTML, like Gecko) Chrome/130.0.0.0 Safari/537.36"
