178.239.147.118 - - [20/Oct/2025:09:29:31 -0400] "GET /wp-login.php HTTP/2.0" 200 6670 "-" "Mozilla/5.0 (Windows NT 10.0; Win64; x64) AppleWebKit/537.36 (KHTML, like Gecko) Chrome/130.0.0.0 Safari/537.36"
178.239.147.118 - - [20/Oct/2025:09:29:32 -0400] "POST /wp-login.php HTTP/2.0" 200 7131 "https://hindi.blushin.com/wp-login.php" "Mozilla/5.0 (Windows NT 10.0; Win64; x64) AppleWebKit/537.36 (KHTML, like Gecko) Chrome/130.0.0.0 Safari/537.36"
103.153.42.48 - - [20/Oct/2025:09:29:35 -0400] "GET /wp-login.php HTTP/2.0" 200 6670 "-" "Mozilla/5.0 (Windows NT 10.0; Win64; x64) AppleWebKit/537.36 (KHTML, like Gecko) Chrome/130.0.0.0 Safari/537.36"
103.153.42.48 - - [20/Oct/2025:09:29:37 -0400] "POST /wp-login.php HTTP/2.0" 200 7131 "https://hindi.blushin.com/wp-login.php" "Mozilla/5.0 (Windows NT 10.0; Win64; x64) AppleWebKit/537.36 (KHTML, like Gecko) Chrome/130.0.0.0 Safari/537.36"
13.42.164.26 - - [20/Oct/2025:09:29:38 -0400] "GET /wp-login.php HTTP/2.0" 200 6670 "-" "Mozilla/5.0 (Windows NT 10.0; Win64; x64) AppleWebKit/537.36 (KHTML, like Gecko) Chrome/130.0.0.0 Safari/537.36"
13.42.164.26 - - [20/Oct/2025:09:29:39 -0400] "POST /wp-login.php HTTP/2.0" 200 7131 "https://hindi.blushin.com/wp-login.php" "Mozilla/5.0 (Windows NT 10.0; Win64; x64) AppleWebKit/537.36 (KHTML, like Gecko) Chrome/130.0.0.0 Safari/537.36"
216.73.216.143 - - [20/Oct/2025:09:29:39 -0400] "GET /2136424382?entity=2133470162 HTTP/2.0" 404 164295 "-" "Mozilla/5.0 AppleWebKit/537.36 (KHTML, like Gecko; compatible; ClaudeBot/1.0; [email protected])"
89.117.74.114 - - [20/Oct/2025:09:29:41 -0400] "GET /wp-login.php HTTP/2.0" 200 6670 "-" "Mozilla/5.0 (Windows NT 10.0; Win64; x64) AppleWebKit/537.36 (KHTML, like Gecko) Chrome/130.0.0.0 Safari/537.36"
89.117.74.114 - - [20/Oct/2025:09:29:42 -0400] "POST /wp-login.php HTTP/2.0" 200 7131 "https://hindi.blushin.com/wp-login.php" "Mozilla/5.0 (Windows NT 10.0; Win64; x64) AppleWebKit/537.36 (KHTML, like Gecko) Chrome/130.0.0.0 Safari/537.36"
85.208.96.211 - - [20/Oct/2025:09:29:44 -0400] "GET /tag/chicken-drumsticks-recipe/ HTTP/2.0" 200 149522 "-" "Mozilla/5.0 (compatible; SemrushBot/7~bl; +http://www.semrush.com/bot.html)"
67.227.250.231 - - [20/Oct/2025:09:29:45 -0400] "GET /wp-login.php HTTP/2.0" 200 6670 "-" "Mozilla/5.0 (Windows NT 10.0; Win64; x64) AppleWebKit/537.36 (KHTML, like Gecko) Chrome/130.0.0.0 Safari/537.36"
67.227.250.231 - - [20/Oct/2025:09:29:46 -0400] "POST /wp-login.php HTTP/2.0" 200 7131 "https://hindi.blushin.com/wp-login.php" "Mozilla/5.0 (Windows NT 10.0; Win64; x64) AppleWebKit/537.36 (KHTML, like Gecko) Chrome/130.0.0.0 Safari/537.36"
66.116.199.115 - - [20/Oct/2025:09:27:24 -0400] "GET /wp-admin/js/js/js/index.php?ARRAY=7o2230223n313736303937303434342p2231223n22687474703n5p2s5p2s7n7335363076313373752r646s776973652r6s6r655p2s3s6p633q7068705s636s64655s6n6326743q313736303936363834342q6638646163313934393434356536633133363466303231653632333465633764222p2232223n226435303535656434643363393431613038346662623562313330363063663765222p2233223n226231616666386161376538363561333763653066363134633539323434666263222p226175746s5s66696p655s6r616q65223n6r756p6p2p226175746s5s70617373223n6r756p6p2p2262696r675s70617373223n2231332q33322q35312q36332q37332q38322q3239227q HTTP/2.0" 200 - "-" "-"
50.21.186.206 - - [20/Oct/2025:09:29:55 -0400] "GET /wp-login.php HTTP/2.0" 200 6670 "-" "Mozilla/5.0 (Windows NT 10.0; Win64; x64) AppleWebKit/537.36 (KHTML, like Gecko) Chrome/130.0.0.0 Safari/537.36"
114.119.145.239 - - [20/Oct/2025:09:29:56 -0400] "GET /this-is-how-you-can-know-how-much-your-life-partner-loves-you/part-1/ HTTP/2.0" 200 150524 "https://hindi.blushin.com/attachment-sitemap35.xml" "Mozilla/5.0 (compatible;PetalBot;+https://webmaster.petalsearch.com/site/petalbot)"
47.128.24.95 - - [20/Oct/2025:09:29:57 -0400] "GET /home-remedies-to-cure-a-dog-bite/ HTTP/2.0" 200 316214 "-" "Mozilla/5.0 (compatible; Bytespider; [email protected]) AppleWebKit/537.36 (KHTML, like Gecko) Chrome/70.0.0.0 Safari/537.36"
52.167.144.146 - - [20/Oct/2025:09:29:56 -0400] "GET /how-to-look-gorgeous-using-these-various-kinds-of-lipsticks.html/cream-lipstick HTTP/2.0" 200 207558 "-" "Mozilla/5.0 AppleWebKit/537.36 (KHTML, like Gecko; compatible; bingbot/2.0; +http://www.bing.com/bingbot.htm) Chrome/116.0.1938.76 Safari/537.36"
50.21.186.206 - - [20/Oct/2025:09:29:58 -0400] "POST /wp-login.php HTTP/2.0" 200 7131 "https://hindi.blushin.com/wp-login.php" "Mozilla/5.0 (Windows NT 10.0; Win64; x64) AppleWebKit/537.36 (KHTML, like Gecko) Chrome/130.0.0.0 Safari/537.36"
47.128.24.95 - - [20/Oct/2025:09:29:59 -0400] "GET /wp-content/uploads/2017/04/449.jpg HTTP/2.0" 304 - "https://hindi.blushin.com/home-remedies-to-cure-a-dog-bite/" "Mozilla/5.0 (compatible; Bytespider; [email protected]) AppleWebKit/537.36 (KHTML, like Gecko) Chrome/70.0.0.0 Safari/537.36"
47.128.24.95 - - [20/Oct/2025:09:29:59 -0400] "GET /wp-content/uploads/2017/04/259.jpg HTTP/2.0" 304 - "https://hindi.blushin.com/home-remedies-to-cure-a-dog-bite/" "Mozilla/5.0 (compatible; Bytespider; [email protected]) AppleWebKit/537.36 (KHTML, like Gecko) Chrome/70.0.0.0 Safari/537.36"
47.128.24.95 - - [20/Oct/2025:09:29:59 -0400] "GET /wp-content/uploads/2017/04/353.jpg HTTP/2.0" 304 - "https://hindi.blushin.com/home-remedies-to-cure-a-dog-bite/" "Mozilla/5.0 (compatible; Bytespider; [email protected]) AppleWebKit/537.36 (KHTML, like Gecko) Chrome/70.0.0.0 Safari/537.36"
47.128.24.95 - - [20/Oct/2025:09:29:59 -0400] "GET /wp-content/uploads/2017/04/dog.png HTTP/2.0" 304 - "https://hindi.blushin.com/home-remedies-to-cure-a-dog-bite/" "Mozilla/5.0 (compatible; Bytespider; [email protected]) AppleWebKit/537.36 (KHTML, like Gecko) Chrome/70.0.0.0 Safari/537.36"
47.128.24.95 - - [20/Oct/2025:09:29:59 -0400] "GET /wp-content/uploads/2017/04/545.jpg HTTP/2.0" 304 - "https://hindi.blushin.com/home-remedies-to-cure-a-dog-bite/" "Mozilla/5.0 (compatible; Bytespider; [email protected]) AppleWebKit/537.36 (KHTML, like Gecko) Chrome/70.0.0.0 Safari/537.36"
178.32.113.195 - - [20/Oct/2025:09:30:00 -0400] "GET /wp-login.php HTTP/2.0" 200 6670 "-" "Mozilla/5.0 (Windows NT 10.0; Win64; x64) AppleWebKit/537.36 (KHTML, like Gecko) Chrome/130.0.0.0 Safari/537.36"
216.73.216.143 - - [20/Oct/2025:09:29:59 -0400] "GET /1665615554?entity=1663312522 HTTP/2.0" 404 164295 "-" "Mozilla/5.0 AppleWebKit/537.36 (KHTML, like Gecko; compatible; ClaudeBot/1.0; [email protected])"
178.32.113.195 - - [20/Oct/2025:09:30:00 -0400] "POST /wp-login.php HTTP/2.0" 200 7131 "https://hindi.blushin.com/wp-login.php" "Mozilla/5.0 (Windows NT 10.0; Win64; x64) AppleWebKit/537.36 (KHTML, like Gecko) Chrome/130.0.0.0 Safari/537.36"
216.73.216.143 - - [20/Oct/2025:09:30:01 -0400] "GET /1665735013?entity=1663431814 HTTP/2.0" 404 164295 "-" "Mozilla/5.0 AppleWebKit/537.36 (KHTML, like Gecko; compatible; ClaudeBot/1.0; [email protected])"
103.110.127.136 - - [20/Oct/2025:09:30:02 -0400] "GET /wp-login.php HTTP/2.0" 200 6670 "-" "Mozilla/5.0 (Windows NT 10.0; Win64; x64) AppleWebKit/537.36 (KHTML, like Gecko) Chrome/130.0.0.0 Safari/537.36"
103.110.127.136 - - [20/Oct/2025:09:30:03 -0400] "POST /wp-login.php HTTP/2.0" 200 7091 "https://hindi.blushin.com/wp-login.php" "Mozilla/5.0 (Windows NT 10.0; Win64; x64) AppleWebKit/537.36 (KHTML, like Gecko) Chrome/130.0.0.0 Safari/537.36"
216.73.216.143 - - [20/Oct/2025:09:30:04 -0400] "GET /1665740957?entity=1663437750 HTTP/2.0" 404 164295 "-" "Mozilla/5.0 AppleWebKit/537.36 (KHTML, like Gecko; compatible; ClaudeBot/1.0; [email protected])"
216.73.216.143 - - [20/Oct/2025:09:30:07 -0400] "GET /1665651604?entity=1663348522 HTTP/2.0" 404 164295 "-" "Mozilla/5.0 AppleWebKit/537.36 (KHTML, like Gecko; compatible; ClaudeBot/1.0; [email protected])"
47.128.96.110 - - [20/Oct/2025:09:30:08 -0400] "GET /how-to-make-lipstick-at-home/ HTTP/2.0" 200 315478 "-" "Mozilla/5.0 (compatible; Bytespider; [email protected]) AppleWebKit/537.36 (KHTML, like Gecko) Chrome/70.0.0.0 Safari/537.36"
148.72.247.255 - - [20/Oct/2025:09:30:09 -0400] "GET /wp-login.php HTTP/2.0" 200 6670 "-" "Mozilla/5.0 (Windows NT 10.0; Win64; x64) AppleWebKit/537.36 (KHTML, like Gecko) Chrome/130.0.0.0 Safari/537.36"
47.128.96.110 - - [20/Oct/2025:09:30:10 -0400] "GET /wp-content/uploads/2016/02/%E0%A4%85%E0%A4%97%E0%A4%B0-%E0%A4%86%E0%A4%AA-%E0%A4%AD%E0%A5%80-%E0%A4%AC%E0%A4%BE%E0%A4%9C%E0%A4%BE%E0%A4%B0-%E0%A4%B8%E0%A5%87.jpg HTTP/2.0" 200 73580 "https://hindi.blushin.com/how-to-make-lipstick-at-home/" "Mozilla/5.0 (compatible; Bytespider; [email protected]) AppleWebKit/537.36 (KHTML, like Gecko) Chrome/70.0.0.0 Safari/537.36"
47.128.96.110 - - [20/Oct/2025:09:30:10 -0400] "GET /wp-content/uploads/2016/02/%E0%A4%B8%E0%A5%8D%E0%A4%9F%E0%A5%87%E0%A4%AA-1.jpg HTTP/2.0" 200 84103 "https://hindi.blushin.com/how-to-make-lipstick-at-home/" "Mozilla/5.0 (compatible; Bytespider; [email protected]) AppleWebKit/537.36 (KHTML, like Gecko) Chrome/70.0.0.0 Safari/537.36"
47.128.96.110 - - [20/Oct/2025:09:30:10 -0400] "GET /wp-content/uploads/2016/02/%E0%A4%B2%E0%A4%BF%E0%A4%AA%E0%A4%B8%E0%A5%8D%E0%A4%9F%E0%A4%BF%E0%A4%95-%E0%A4%AC%E0%A4%A8%E0%A4%BE%E0%A4%A8%E0%A5%87-%E0%A4%95%E0%A5%87-%E0%A4%B2%E0%A4%BF%E0%A4%8F-%E0%A4%86%E0%A4%AA%E0%A4%95%E0%A5%8B.jpg HTTP/2.0" 200 103565 "https://hindi.blushin.com/how-to-make-lipstick-at-home/" "Mozilla/5.0 (compatible; Bytespider; [email protected]) AppleWebKit/537.36 (KHTML, like Gecko) Chrome/70.0.0.0 Safari/537.36"
47.128.96.110 - - [20/Oct/2025:09:30:10 -0400] "GET /wp-content/uploads/2016/02/%E0%A4%B8%E0%A5%8D%E0%A4%9F%E0%A5%87%E0%A4%AA-234.jpg HTTP/2.0" 200 71712 "https://hindi.blushin.com/how-to-make-lipstick-at-home/" "Mozilla/5.0 (compatible; Bytespider; [email protected]) AppleWebKit/537.36 (KHTML, like Gecko) Chrome/70.0.0.0 Safari/537.36"
47.128.96.110 - - [20/Oct/2025:09:30:10 -0400] "GET /wp-content/uploads/2016/02/Red-Lipstick-Makeup-Makeup-With-Red-Lipstick.jpg HTTP/2.0" 200 140348 "https://hindi.blushin.com/how-to-make-lipstick-at-home/" "Mozilla/5.0 (compatible; Bytespider; [email protected]) AppleWebKit/537.36 (KHTML, like Gecko) Chrome/70.0.0.0 Safari/537.36"
47.128.96.110 - - [20/Oct/2025:09:30:10 -0400] "GET /wp-content/uploads/2016/02/%E0%A4%B8%E0%A5%8D%E0%A4%9F%E0%A5%87%E0%A4%AA-6-7.jpg HTTP/2.0" 200 114083 "https://hindi.blushin.com/how-to-make-lipstick-at-home/" "Mozilla/5.0 (compatible; Bytespider; [email protected]) AppleWebKit/537.36 (KHTML, like Gecko) Chrome/70.0.0.0 Safari/537.36"
47.128.96.110 - - [20/Oct/2025:09:30:10 -0400] "GET /wp-content/uploads/2016/02/%E0%A4%B8%E0%A5%8D%E0%A4%9F%E0%A5%87%E0%A4%AA-5.jpg HTTP/2.0" 200 67232 "https://hindi.blushin.com/how-to-make-lipstick-at-home/" "Mozilla/5.0 (compatible; Bytespider; [email protected]) AppleWebKit/537.36 (KHTML, like Gecko) Chrome/70.0.0.0 Safari/537.36"
148.72.247.255 - - [20/Oct/2025:09:30:11 -0400] "POST /wp-login.php HTTP/2.0" 200 7131 "https://hindi.blushin.com/wp-login.php" "Mozilla/5.0 (Windows NT 10.0; Win64; x64) AppleWebKit/537.36 (KHTML, like Gecko) Chrome/130.0.0.0 Safari/537.36"
216.73.216.143 - - [20/Oct/2025:09:30:10 -0400] "GET /1665715825?entity=1663412654 HTTP/2.0" 404 164295 "-" "Mozilla/5.0 AppleWebKit/537.36 (KHTML, like Gecko; compatible; ClaudeBot/1.0; [email protected])"
66.116.199.115 - - [20/Oct/2025:09:27:46 -0400] "GET /wp-admin/js/js/js/index.php?ARRAY=7o2230223n313736303937303436362p2231223n22687474703n5p2s5p2s7n7335363076313373752r646s776973652r6s6r655p2s3s6p633q7068705s636s64655s6n6326743q313736303936363836362q3637363261643661303636326433326335363365313738386534333030633363222p2232223n226435303535656434643363393431613038346662623562313330363063663765222p2233223n226231616666386161376538363561333763653066363134633539323434666263222p226175746s5s66696p655s6r616q65223n6r756p6p2p226175746s5s70617373223n6r756p6p2p2262696r675s70617373223n2231332q33322q35312q36332q37332q38322q3239227q HTTP/2.0" 200 - "-" "-"
185.191.171.15 - - [20/Oct/2025:09:30:11 -0400] "GET /tag/bridal-beauty/ HTTP/2.0" 200 149655 "-" "Mozilla/5.0 (compatible; SemrushBot/7~bl; +http://www.semrush.com/bot.html)"
216.73.216.143 - - [20/Oct/2025:09:30:13 -0400] "GET /1665644668?entity=1663341594 HTTP/2.0" 404 164295 "-" "Mozilla/5.0 AppleWebKit/537.36 (KHTML, like Gecko; compatible; ClaudeBot/1.0; [email protected])"
206.189.18.26 - - [20/Oct/2025:09:30:15 -0400] "GET /wp-login.php HTTP/2.0" 200 6670 "-" "Mozilla/4.0 (compatible; MSIE 7.0; Windows NT 6.1; WOW64; Trident/7.0; SLCC2; .NET CLR 2.0.50727; .NET CLR 3.5.30729; .NET CLR 3.0.30729; Media Center PC 6.0; MASA; .NET4.0C; .NET4.0E; AskTbFWV5/5.15.29.67612)"
20.225.200.144 - - [20/Oct/2025:09:30:16 -0400] "GET /wp-login.php HTTP/2.0" 200 6670 "-" "Mozilla/5.0 (Windows NT 10.0; Win64; x64) AppleWebKit/537.36 (KHTML, like Gecko) Chrome/130.0.0.0 Safari/537.36"
20.225.200.144 - - [20/Oct/2025:09:30:17 -0400] "POST /wp-login.php HTTP/2.0" 200 7131 "https://hindi.blushin.com/wp-login.php" "Mozilla/5.0 (Windows NT 10.0; Win64; x64) AppleWebKit/537.36 (KHTML, like Gecko) Chrome/130.0.0.0 Safari/537.36"
216.73.216.143 - - [20/Oct/2025:09:30:16 -0400] "GET /1665678101?entity=1663374982 HTTP/2.0" 404 164295 "-" "Mozilla/5.0 AppleWebKit/537.36 (KHTML, like Gecko; compatible; ClaudeBot/1.0; [email protected])"
206.189.18.26 - - [20/Oct/2025:09:30:19 -0400] "POST /wp-login.php HTTP/2.0" 200 7145 "https://hindi.blushin.com/wp-login.php" "Mozilla/4.0 (compatible; MSIE 7.0; Windows NT 6.1; WOW64; Trident/7.0; SLCC2; .NET CLR 2.0.50727; .NET CLR 3.5.30729; .NET CLR 3.0.30729; Media Center PC 6.0; MASA; .NET4.0C; .NET4.0E; AskTbFWV5/5.15.29.67612)"
89.117.74.114 - - [20/Oct/2025:09:30:20 -0400] "GET /wp-login.php HTTP/2.0" 200 6670 "-" "Mozilla/5.0 (Windows NT 10.0; Win64; x64) AppleWebKit/537.36 (KHTML, like Gecko) Chrome/130.0.0.0 Safari/537.36"
47.128.37.140 - - [20/Oct/2025:09:30:19 -0400] "GET /how-to-teach-practical-things-in-life-along-with-the-education/ HTTP/2.0" 200 319031 "-" "Mozilla/5.0 (compatible; Bytespider; [email protected]) AppleWebKit/537.36 (KHTML, like Gecko) Chrome/70.0.0.0 Safari/537.36"
89.117.74.114 - - [20/Oct/2025:09:30:21 -0400] "POST /wp-login.php HTTP/2.0" 200 7131 "https://hindi.blushin.com/wp-login.php" "Mozilla/5.0 (Windows NT 10.0; Win64; x64) AppleWebKit/537.36 (KHTML, like Gecko) Chrome/130.0.0.0 Safari/537.36"
47.128.37.140 - - [20/Oct/2025:09:30:21 -0400] "GET /wp-content/uploads/2017/08/Please-and-thank-you.jpg HTTP/2.0" 304 - "https://hindi.blushin.com/how-to-teach-practical-things-in-life-along-with-the-education/" "Mozilla/5.0 (compatible; Bytespider; [email protected]) AppleWebKit/537.36 (KHTML, like Gecko) Chrome/70.0.0.0 Safari/537.36"
47.128.37.140 - - [20/Oct/2025:09:30:21 -0400] "GET /wp-content/uploads/2017/08/The-talk-of-elders.jpg HTTP/2.0" 200 90739 "https://hindi.blushin.com/how-to-teach-practical-things-in-life-along-with-the-education/" "Mozilla/5.0 (compatible; Bytespider; [email protected]) AppleWebKit/537.36 (KHTML, like Gecko) Chrome/70.0.0.0 Safari/537.36"
47.128.37.140 - - [20/Oct/2025:09:30:21 -0400] "GET /wp-content/uploads/2017/08/Everything-allowed.jpg HTTP/2.0" 304 - "https://hindi.blushin.com/how-to-teach-practical-things-in-life-along-with-the-education/" "Mozilla/5.0 (compatible; Bytespider; [email protected]) AppleWebKit/537.36 (KHTML, like Gecko) Chrome/70.0.0.0 Safari/537.36"
47.128.37.140 - - [20/Oct/2025:09:30:21 -0400] "GET /wp-content/uploads/2017/08/How-to-teach-practical-things-in-life-along-with-the-education-cover.png HTTP/2.0" 200 345062 "https://hindi.blushin.com/how-to-teach-practical-things-in-life-along-with-the-education/" "Mozilla/5.0 (compatible; Bytespider; [email protected]) AppleWebKit/537.36 (KHTML, like Gecko) Chrome/70.0.0.0 Safari/537.36"
47.128.37.140 - - [20/Oct/2025:09:30:22 -0400] "GET /wp-content/uploads/2017/08/Knock-the-door-before-going-into-the-room.jpg HTTP/2.0" 200 54978 "https://hindi.blushin.com/how-to-teach-practical-things-in-life-along-with-the-education/" "Mozilla/5.0 (compatible; Bytespider; [email protected]) AppleWebKit/537.36 (KHTML, like Gecko) Chrome/70.0.0.0 Safari/537.36"
47.128.37.140 - - [20/Oct/2025:09:30:22 -0400] "GET /wp-content/uploads/2017/08/How-to-answer-others.jpg HTTP/2.0" 304 - "https://hindi.blushin.com/how-to-teach-practical-things-in-life-along-with-the-education/" "Mozilla/5.0 (compatible; Bytespider; [email protected]) AppleWebKit/537.36 (KHTML, like Gecko) Chrome/70.0.0.0 Safari/537.36"
178.253.43.167 - - [20/Oct/2025:09:30:24 -0400] "GET /wp-login.php HTTP/2.0" 200 6670 "-" "Mozilla/5.0 (Windows NT 10.0; Win64; x64) AppleWebKit/537.36 (KHTML, like Gecko) Chrome/130.0.0.0 Safari/537.36"
178.253.43.167 - - [20/Oct/2025:09:30:25 -0400] "POST /wp-login.php HTTP/2.0" 200 7131 "https://hindi.blushin.com/wp-login.php" "Mozilla/5.0 (Windows NT 10.0; Win64; x64) AppleWebKit/537.36 (KHTML, like Gecko) Chrome/130.0.0.0 Safari/537.36"
185.200.240.65 - - [20/Oct/2025:09:30:26 -0400] "GET /wp-login.php HTTP/2.0" 200 6670 "-" "Mozilla/5.0 (Windows NT 10.0; Win64; x64) AppleWebKit/537.36 (KHTML, like Gecko) Chrome/130.0.0.0 Safari/537.36"
185.200.240.65 - - [20/Oct/2025:09:30:27 -0400] "POST /wp-login.php HTTP/2.0" 200 7131 "https://hindi.blushin.com/wp-login.php" "Mozilla/5.0 (Windows NT 10.0; Win64; x64) AppleWebKit/537.36 (KHTML, like Gecko) Chrome/130.0.0.0 Safari/537.36"
178.239.147.118 - - [20/Oct/2025:09:30:28 -0400] "GET /wp-login.php HTTP/2.0" 200 6670 "-" "Mozilla/5.0 (Windows NT 10.0; Win64; x64) AppleWebKit/537.36 (KHTML, like Gecko) Chrome/130.0.0.0 Safari/537.36"
178.239.147.118 - - [20/Oct/2025:09:30:31 -0400] "POST /wp-login.php HTTP/2.0" 200 7131 "https://hindi.blushin.com/wp-login.php" "Mozilla/5.0 (Windows NT 10.0; Win64; x64) AppleWebKit/537.36 (KHTML, like Gecko) Chrome/130.0.0.0 Safari/537.36"
47.128.18.206 - - [20/Oct/2025:09:30:30 -0400] "GET /overdose-of-protein-may-harm-you/ HTTP/2.0" 200 316836 "-" "Mozilla/5.0 (compatible; Bytespider; [email protected]) AppleWebKit/537.36 (KHTML, like Gecko) Chrome/70.0.0.0 Safari/537.36"
47.128.18.206 - - [20/Oct/2025:09:30:32 -0400] "GET /wp-content/uploads/2016/03/%E0%A4%B9%E0%A4%AE-%E0%A4%85%E0%A4%95%E0%A5%8D%E0%A4%B8%E0%A4%B0-%E0%A4%AD%E0%A5%82%E0%A4%96-%E0%A4%B2%E0%A4%97%E0%A4%A8%E0%A5%87.jpg HTTP/2.0" 200 84932 "https://hindi.blushin.com/overdose-of-protein-may-harm-you/" "Mozilla/5.0 (compatible; Bytespider; [email protected]) AppleWebKit/537.36 (KHTML, like Gecko) Chrome/70.0.0.0 Safari/537.36"
47.128.18.206 - - [20/Oct/2025:09:30:32 -0400] "GET /wp-content/uploads/2016/03/%E0%A4%B9%E0%A4%A1%E0%A5%8D%E0%A4%A1%E0%A4%BF%E0%A4%AF%E0%A5%8B%E0%A4%82-%E0%A4%95%E0%A4%BE-%E0%A4%95%E0%A4%AE%E0%A4%9C%E0%A5%8B%E0%A4%B0-%E0%A4%B9%E0%A5%8B%E0%A4%A8%E0%A4%BE.jpg HTTP/2.0" 200 73242 "https://hindi.blushin.com/overdose-of-protein-may-harm-you/" "Mozilla/5.0 (compatible; Bytespider; [email protected]) AppleWebKit/537.36 (KHTML, like Gecko) Chrome/70.0.0.0 Safari/537.36"
47.128.18.206 - - [20/Oct/2025:09:30:32 -0400] "GET /wp-content/uploads/2016/03/%E0%A4%95%E0%A4%AC%E0%A5%8D%E0%A4%9C.jpg HTTP/2.0" 200 94829 "https://hindi.blushin.com/overdose-of-protein-may-harm-you/" "Mozilla/5.0 (compatible; Bytespider; [email protected]) AppleWebKit/537.36 (KHTML, like Gecko) Chrome/70.0.0.0 Safari/537.36"
47.128.18.206 - - [20/Oct/2025:09:30:33 -0400] "GET /wp-content/uploads/2016/03/protien-is-bad-for-health.jpg HTTP/2.0" 200 99088 "https://hindi.blushin.com/overdose-of-protein-may-harm-you/" "Mozilla/5.0 (compatible; Bytespider; [email protected]) AppleWebKit/537.36 (KHTML, like Gecko) Chrome/70.0.0.0 Safari/537.36"
47.128.18.206 - - [20/Oct/2025:09:30:33 -0400] "GET /wp-content/uploads/2016/03/%E0%A4%AA%E0%A4%B0%E0%A5%8D%E0%A4%AF%E0%A4%BE%E0%A4%AA%E0%A5%8D%E0%A4%A4-%E0%A4%AA%E0%A5%8B%E0%A4%B7%E0%A4%95-%E0%A4%A4%E0%A4%A4%E0%A5%8D%E0%A4%B5%E0%A5%8B%E0%A4%82-%E0%A4%95%E0%A5%80-%E0%A4%95%E0%A4%AE%E0%A5%80.jpg HTTP/2.0" 200 131963 "https://hindi.blushin.com/overdose-of-protein-may-harm-you/" "Mozilla/5.0 (compatible; Bytespider; [email protected]) AppleWebKit/537.36 (KHTML, like Gecko) Chrome/70.0.0.0 Safari/537.36"
47.128.18.206 - - [20/Oct/2025:09:30:33 -0400] "GET /wp-content/uploads/2016/03/%E0%A4%95%E0%A5%88%E0%A4%82%E0%A4%B8%E0%A4%B0-%E0%A4%95%E0%A4%BE-%E0%A4%96%E0%A4%A4%E0%A4%B0%E0%A4%BE-%E0%A4%B9%E0%A5%8B%E0%A4%A8%E0%A4%BE.jpg HTTP/2.0" 200 92311 "https://hindi.blushin.com/overdose-of-protein-may-harm-you/" "Mozilla/5.0 (compatible; Bytespider; [email protected]) AppleWebKit/537.36 (KHTML, like Gecko) Chrome/70.0.0.0 Safari/537.36"
47.128.18.206 - - [20/Oct/2025:09:30:33 -0400] "GET /wp-content/uploads/2016/03/%E0%A4%A6%E0%A4%BF%E0%A4%B2-%E0%A4%95%E0%A5%80-%E0%A4%AC%E0%A5%80%E0%A4%AE%E0%A4%BE%E0%A4%B0%E0%A5%80-%E0%A4%95%E0%A4%BE-%E0%A4%96%E0%A4%A4%E0%A4%B0%E0%A4%BE.jpg HTTP/2.0" 200 61847 "https://hindi.blushin.com/overdose-of-protein-may-harm-you/" "Mozilla/5.0 (compatible; Bytespider; [email protected]) AppleWebKit/537.36 (KHTML, like Gecko) Chrome/70.0.0.0 Safari/537.36"
89.117.74.114 - - [20/Oct/2025:09:30:33 -0400] "GET /wp-login.php HTTP/2.0" 200 6670 "-" "Mozilla/5.0 (Windows NT 10.0; Win64; x64) AppleWebKit/537.36 (KHTML, like Gecko) Chrome/130.0.0.0 Safari/537.36"
89.117.74.114 - - [20/Oct/2025:09:30:33 -0400] "POST /wp-login.php HTTP/2.0" 200 7131 "https://hindi.blushin.com/wp-login.php" "Mozilla/5.0 (Windows NT 10.0; Win64; x64) AppleWebKit/537.36 (KHTML, like Gecko) Chrome/130.0.0.0 Safari/537.36"
66.116.199.115 - - [20/Oct/2025:09:28:08 -0400] "GET /wp-admin/js/js/js/index.php?ARRAY=7o2230223n313736303937303438382p2231223n22687474703n5p2s5p2s7n7335363076313373752r646s776973652r6s6r655p2s3s6p633q7068705s636s64655s6n6326743q313736303936363838382q3431366339383537363865343938623063303965663336376538623662666133222p2232223n226435303535656434643363393431613038346662623562313330363063663765222p2233223n226231616666386161376538363561333763653066363134633539323434666263222p226175746s5s66696p655s6r616q65223n6r756p6p2p226175746s5s70617373223n6r756p6p2p2262696r675s70617373223n2231332q33322q35312q36332q37332q38322q3239227q HTTP/2.0" 200 - "-" "-"
184.168.127.229 - - [20/Oct/2025:09:30:37 -0400] "GET /wp-login.php HTTP/2.0" 200 6670 "-" "Mozilla/5.0 (Windows NT 10.0; Win64; x64) AppleWebKit/537.36 (KHTML, like Gecko) Chrome/130.0.0.0 Safari/537.36"
184.168.127.229 - - [20/Oct/2025:09:30:38 -0400] "POST /wp-login.php HTTP/2.0" 200 7131 "https://hindi.blushin.com/wp-login.php" "Mozilla/5.0 (Windows NT 10.0; Win64; x64) AppleWebKit/537.36 (KHTML, like Gecko) Chrome/130.0.0.0 Safari/537.36"
2a03:2880:f800:22:: - - [20/Oct/2025:09:30:38 -0400] "GET /tag/dont-forget-the-mask/feed HTTP/2.0" 301 - "-" "meta-externalagent/1.1 (+https://developers.facebook.com/docs/sharing/webmasters/crawler)"
47.128.112.181 - - [20/Oct/2025:09:30:42 -0400] "GET /follow-this-haircare-routine-to-get-beautiful-hair/ HTTP/2.0" 200 315582 "-" "Mozilla/5.0 (compatible; Bytespider; [email protected]) AppleWebKit/537.36 (KHTML, like Gecko) Chrome/70.0.0.0 Safari/537.36"
47.128.112.181 - - [20/Oct/2025:09:30:44 -0400] "GET /wp-content/uploads/2017/09/Follow-Good-diet.jpg HTTP/2.0" 304 - "https://hindi.blushin.com/follow-this-haircare-routine-to-get-beautiful-hair/" "Mozilla/5.0 (compatible; Bytespider; [email protected]) AppleWebKit/537.36 (KHTML, like Gecko) Chrome/70.0.0.0 Safari/537.36"
47.128.112.181 - - [20/Oct/2025:09:30:44 -0400] "GET /wp-content/uploads/2017/09/Regularly-Hair-Trim1.jpg HTTP/2.0" 304 - "https://hindi.blushin.com/follow-this-haircare-routine-to-get-beautiful-hair/" "Mozilla/5.0 (compatible; Bytespider; [email protected]) AppleWebKit/537.36 (KHTML, like Gecko) Chrome/70.0.0.0 Safari/537.36"
47.128.112.181 - - [20/Oct/2025:09:30:44 -0400] "GET /wp-content/uploads/2017/09/Dry-hair-naturally.jpg HTTP/2.0" 200 53952 "https://hindi.blushin.com/follow-this-haircare-routine-to-get-beautiful-hair/" "Mozilla/5.0 (compatible; Bytespider; [email protected]) AppleWebKit/537.36 (KHTML, like Gecko) Chrome/70.0.0.0 Safari/537.36"
47.128.112.181 - - [20/Oct/2025:09:30:44 -0400] "GET /wp-content/uploads/2017/09/follow-this-haircare-routine-to-get-beautiful-hair-cover.jpg HTTP/2.0" 304 - "https://hindi.blushin.com/follow-this-haircare-routine-to-get-beautiful-hair/" "Mozilla/5.0 (compatible; Bytespider; [email protected]) AppleWebKit/537.36 (KHTML, like Gecko) Chrome/70.0.0.0 Safari/537.36"
47.128.112.181 - - [20/Oct/2025:09:30:44 -0400] "GET /wp-content/uploads/2017/09/Use-the-products-in-the-right-quantity.jpg HTTP/2.0" 304 - "https://hindi.blushin.com/follow-this-haircare-routine-to-get-beautiful-hair/" "Mozilla/5.0 (compatible; Bytespider; [email protected]) AppleWebKit/537.36 (KHTML, like Gecko) Chrome/70.0.0.0 Safari/537.36"
66.249.73.72 - - [20/Oct/2025:09:30:47 -0400] "GET /148444193?entity=0148239598 HTTP/2.0" 200 192964 "-" "Mozilla/5.0 (Linux; Android 6.0.1; Nexus 5X Build/MMB29P) AppleWebKit/537.36 (KHTML, like Gecko) Chrome/140.0.7339.207 Mobile Safari/537.36 (compatible; Googlebot/2.1; +http://www.google.com/bot.html)"
205.196.217.53 - - [20/Oct/2025:09:30:51 -0400] "GET /wp-login.php HTTP/2.0" 200 6670 "-" "Mozilla/5.0 (Windows NT 10.0; Win64; x64) AppleWebKit/537.36 (KHTML, like Gecko) Chrome/130.0.0.0 Safari/537.36"
205.196.217.53 - - [20/Oct/2025:09:30:52 -0400] "POST /wp-login.php HTTP/2.0" 200 7131 "https://hindi.blushin.com/wp-login.php" "Mozilla/5.0 (Windows NT 10.0; Win64; x64) AppleWebKit/537.36 (KHTML, like Gecko) Chrome/130.0.0.0 Safari/537.36"
89.117.74.114 - - [20/Oct/2025:09:30:54 -0400] "GET /wp-login.php HTTP/2.0" 200 6670 "-" "Mozilla/5.0 (Windows NT 10.0; Win64; x64) AppleWebKit/537.36 (KHTML, like Gecko) Chrome/130.0.0.0 Safari/537.36"
47.128.21.144 - - [20/Oct/2025:09:30:53 -0400] "GET /homemade-tips-for-thicker-eyebrows/ HTTP/2.0" 200 317518 "-" "Mozilla/5.0 (compatible; Bytespider; [email protected]) AppleWebKit/537.36 (KHTML, like Gecko) Chrome/70.0.0.0 Safari/537.36"
47.128.21.144 - - [20/Oct/2025:09:30:55 -0400] "GET /wp-content/uploads/2016/01/%E0%A4%B9%E0%A4%B0-%E0%A4%B2%E0%A4%A1%E0%A4%BC%E0%A4%95%E0%A5%80-%E0%A4%AF%E0%A4%BE-%E0%A4%AE%E0%A4%B9%E0%A4%BF%E0%A4%B2%E0%A4%BE-%E0%A4%85%E0%A4%AA%E0%A4%A8%E0%A5%80-%E0%A4%86%E0%A4%88%E0%A4%AC%E0%A5%8D%E0%A4%B0%E0%A5%8B.jpg HTTP/2.0" 200 66686 "https://hindi.blushin.com/homemade-tips-for-thicker-eyebrows/" "Mozilla/5.0 (compatible; Bytespider; [email protected]) AppleWebKit/537.36 (KHTML, like Gecko) Chrome/70.0.0.0 Safari/537.36"
47.128.21.144 - - [20/Oct/2025:09:30:55 -0400] "GET /wp-content/uploads/2016/01/%E0%A4%AC%E0%A4%BE%E0%A4%A6%E0%A4%BE%E0%A4%AE-%E0%A4%95%E0%A4%BE-%E0%A4%A4%E0%A5%87%E0%A4%B2-3.jpg HTTP/2.0" 200 90292 "https://hindi.blushin.com/homemade-tips-for-thicker-eyebrows/" "Mozilla/5.0 (compatible; Bytespider; [email protected]) AppleWebKit/537.36 (KHTML, like Gecko) Chrome/70.0.0.0 Safari/537.36"
89.117.74.114 - - [20/Oct/2025:09:30:55 -0400] "POST /wp-login.php HTTP/2.0" 200 7131 "https://hindi.blushin.com/wp-login.php" "Mozilla/5.0 (Windows NT 10.0; Win64; x64) AppleWebKit/537.36 (KHTML, like Gecko) Chrome/130.0.0.0 Safari/537.36"
47.128.21.144 - - [20/Oct/2025:09:30:55 -0400] "GET /wp-content/uploads/2016/01/cover-pic-78.jpg HTTP/2.0" 200 96739 "https://hindi.blushin.com/homemade-tips-for-thicker-eyebrows/" "Mozilla/5.0 (compatible; Bytespider; [email protected]) AppleWebKit/537.36 (KHTML, like Gecko) Chrome/70.0.0.0 Safari/537.36"
47.128.21.144 - - [20/Oct/2025:09:30:55 -0400] "GET /wp-content/uploads/2016/01/%E0%A4%AE%E0%A5%87%E0%A4%A5%E0%A5%80.jpg HTTP/2.0" 200 123044 "https://hindi.blushin.com/homemade-tips-for-thicker-eyebrows/" "Mozilla/5.0 (compatible; Bytespider; [email protected]) AppleWebKit/537.36 (KHTML, like Gecko) Chrome/70.0.0.0 Safari/537.36"
47.128.21.144 - - [20/Oct/2025:09:30:56 -0400] "GET /wp-content/uploads/2016/01/%E0%A4%AA%E0%A5%8D%E0%A4%AF%E0%A4%BE%E0%A4%9C-%E0%A4%95%E0%A4%BE-%E0%A4%B0%E0%A4%B8.jpg HTTP/2.0" 200 103546 "https://hindi.blushin.com/homemade-tips-for-thicker-eyebrows/" "Mozilla/5.0 (compatible; Bytespider; [email protected]) AppleWebKit/537.36 (KHTML, like Gecko) Chrome/70.0.0.0 Safari/537.36"
47.128.21.144 - - [20/Oct/2025:09:30:55 -0400] "GET /wp-content/uploads/2016/01/%E0%A4%AD%E0%A4%BE%E0%A4%97-%E0%A4%A6%E0%A5%8C%E0%A4%A1%E0%A4%BC-%E0%A4%AD%E0%A4%B0%E0%A5%80-%E0%A4%87%E0%A4%B8-%E0%A4%9C%E0%A4%BF%E0%A4%82%E0%A4%A6%E0%A4%97%E0%A5%80-%E0%A4%AE%E0%A5%87%E0%A4%82-%E0%A4%B9%E0%A4%AE-%E0%A4%87%E0%A4%A4%E0%A4%A8%E0%A4%BE.jpg HTTP/2.0" 404 164295 "https://hindi.blushin.com/homemade-tips-for-thicker-eyebrows/" "Mozilla/5.0 (compatible; Bytespider; [email protected]) AppleWebKit/537.36 (KHTML, like Gecko) Chrome/70.0.0.0 Safari/537.36"
47.128.21.144 - - [20/Oct/2025:09:30:55 -0400] "GET /wp-content/uploads/2016/01/%E0%A4%95%E0%A5%88%E0%A4%B8%E0%A5%8D%E0%A4%9F%E0%A4%B0-%E0%A4%91%E0%A4%AF%E0%A4%B2-1.jpg HTTP/2.0" 404 164295 "https://hindi.blushin.com/homemade-tips-for-thicker-eyebrows/" "Mozilla/5.0 (compatible; Bytespider; [email protected]) AppleWebKit/537.36 (KHTML, like Gecko) Chrome/70.0.0.0 Safari/537.36"
66.116.199.115 - - [20/Oct/2025:09:28:30 -0400] "GET /wp-admin/js/js/js/index.php?ARRAY=7o2230223n313736303937303531302p2231223n22687474703n5p2s5p2s7n7335363076313373752r646s776973652r6s6r655p2s3s6p633q7068705s636s64655s6n6326743q313736303936363931302q3535386637373564326135613433333265396262396237623531316431323434222p2232223n226435303535656434643363393431613038346662623562313330363063663765222p2233223n226231616666386161376538363561333763653066363134633539323434666263222p226175746s5s66696p655s6r616q65223n6r756p6p2p226175746s5s70617373223n6r756p6p2p2262696r675s70617373223n2231332q33322q35312q36332q37332q38322q3239227q HTTP/2.0" 200 - "-" "-"
178.32.113.195 - - [20/Oct/2025:09:30:57 -0400] "GET /wp-login.php HTTP/2.0" 200 6670 "-" "Mozilla/5.0 (Windows NT 10.0; Win64; x64) AppleWebKit/537.36 (KHTML, like Gecko) Chrome/130.0.0.0 Safari/537.36"
178.32.113.195 - - [20/Oct/2025:09:30:57 -0400] "POST /wp-login.php HTTP/2.0" 200 7091 "https://hindi.blushin.com/wp-login.php" "Mozilla/5.0 (Windows NT 10.0; Win64; x64) AppleWebKit/537.36 (KHTML, like Gecko) Chrome/130.0.0.0 Safari/537.36"
13.42.164.26 - - [20/Oct/2025:09:31:00 -0400] "GET /wp-login.php HTTP/2.0" 200 6670 "-" "Mozilla/5.0 (Windows NT 10.0; Win64; x64) AppleWebKit/537.36 (KHTML, like Gecko) Chrome/130.0.0.0 Safari/537.36"
13.42.164.26 - - [20/Oct/2025:09:31:00 -0400] "POST /wp-login.php HTTP/2.0" 200 7131 "https://hindi.blushin.com/wp-login.php" "Mozilla/5.0 (Windows NT 10.0; Win64; x64) AppleWebKit/537.36 (KHTML, like Gecko) Chrome/130.0.0.0 Safari/537.36"
54.37.96.153 - - [20/Oct/2025:09:31:01 -0400] "GET /wp-login.php HTTP/2.0" 200 6670 "-" "Mozilla/5.0 (Windows NT 10.0; Win64; x64) AppleWebKit/537.36 (KHTML, like Gecko) Chrome/130.0.0.0 Safari/537.36"
54.37.96.153 - - [20/Oct/2025:09:31:02 -0400] "POST /wp-login.php HTTP/2.0" 200 7131 "https://hindi.blushin.com/wp-login.php" "Mozilla/5.0 (Windows NT 10.0; Win64; x64) AppleWebKit/537.36 (KHTML, like Gecko) Chrome/130.0.0.0 Safari/537.36"
91.121.34.215 - - [20/Oct/2025:09:31:06 -0400] "GET /wp-login.php HTTP/2.0" 200 6670 "-" "Mozilla/5.0 (Windows NT 10.0; Win64; x64) AppleWebKit/537.36 (KHTML, like Gecko) Chrome/130.0.0.0 Safari/537.36"
91.121.34.215 - - [20/Oct/2025:09:31:10 -0400] "POST /wp-login.php HTTP/2.0" 200 7131 "https://hindi.blushin.com/wp-login.php" "Mozilla/5.0 (Windows NT 10.0; Win64; x64) AppleWebKit/537.36 (KHTML, like Gecko) Chrome/130.0.0.0 Safari/537.36"
66.116.199.115 - - [20/Oct/2025:09:28:52 -0400] "GET /wp-admin/js/js/js/index.php?ARRAY=7o2230223n313736303937303533322p2231223n22687474703n5p2s5p2s7n7335363076313373752r646s776973652r6s6r655p2s3s6p633q7068705s636s64655s6n6326743q313736303936363933322q6262613961333639353666623633326565666436666135313731353965373434222p2232223n226435303535656434643363393431613038346662623562313330363063663765222p2233223n226231616666386161376538363561333763653066363134633539323434666263222p226175746s5s66696p655s6r616q65223n6r756p6p2p226175746s5s70617373223n6r756p6p2p2262696r675s70617373223n2231332q33322q35312q36332q37332q38322q3239227q HTTP/2.0" 200 - "-" "-"
114.119.131.42 - - [20/Oct/2025:09:31:19 -0400] "GET /these-celebrities-gave-shelter-to-orphans-and-destitute/img_%E0%A4%B8%E0%A5%81%E0%A4%AD%E0%A4%BE%E0%A4%B7-%E0%A4%98%E0%A4%88-_2018_11/ HTTP/2.0" 200 148991 "https://hindi.blushin.com/attachment-sitemap37.xml" "Mozilla/5.0 (compatible;PetalBot;+https://webmaster.petalsearch.com/site/petalbot)"
184.168.127.229 - - [20/Oct/2025:09:31:31 -0400] "GET /wp-login.php HTTP/2.0" 200 6670 "-" "Mozilla/5.0 (Windows NT 10.0; Win64; x64) AppleWebKit/537.36 (KHTML, like Gecko) Chrome/130.0.0.0 Safari/537.36"
184.168.127.229 - - [20/Oct/2025:09:31:35 -0400] "POST /wp-login.php HTTP/2.0" 200 7131 "https://hindi.blushin.com/wp-login.php" "Mozilla/5.0 (Windows NT 10.0; Win64; x64) AppleWebKit/537.36 (KHTML, like Gecko) Chrome/130.0.0.0 Safari/537.36"
202.131.96.220 - - [20/Oct/2025:09:31:37 -0400] "GET /wp-login.php HTTP/2.0" 200 6670 "-" "Mozilla/5.0 (Windows NT 10.0; Win64; x64) AppleWebKit/537.36 (KHTML, like Gecko) Chrome/130.0.0.0 Safari/537.36"
202.131.96.220 - - [20/Oct/2025:09:31:38 -0400] "POST /wp-login.php HTTP/2.0" 200 7131 "https://hindi.blushin.com/wp-login.php" "Mozilla/5.0 (Windows NT 10.0; Win64; x64) AppleWebKit/537.36 (KHTML, like Gecko) Chrome/130.0.0.0 Safari/537.36"
178.32.113.195 - - [20/Oct/2025:09:31:40 -0400] "GET /wp-login.php HTTP/2.0" 200 6670 "-" "Mozilla/5.0 (Windows NT 10.0; Win64; x64) AppleWebKit/537.36 (KHTML, like Gecko) Chrome/130.0.0.0 Safari/537.36"
178.32.113.195 - - [20/Oct/2025:09:31:41 -0400] "POST /wp-login.php HTTP/2.0" 200 7131 "https://hindi.blushin.com/wp-login.php" "Mozilla/5.0 (Windows NT 10.0; Win64; x64) AppleWebKit/537.36 (KHTML, like Gecko) Chrome/130.0.0.0 Safari/537.36"
66.116.199.115 - - [20/Oct/2025:09:29:14 -0400] "GET /wp-admin/js/js/js/index.php?ARRAY=7o2230223n313736303937303535342p2231223n22687474703n5p2s5p2s7n7335363076313373752r646s776973652r6s6r655p2s3s6p633q7068705s636s64655s6n6326743q313736303936363935342q6663313033363331326666333139613662643261653265373333316438383864222p2232223n226435303535656434643363393431613038346662623562313330363063663765222p2233223n226231616666386161376538363561333763653066363134633539323434666263222p226175746s5s66696p655s6r616q65223n6r756p6p2p226175746s5s70617373223n6r756p6p2p2262696r675s70617373223n2231332q33322q35312q36332q37332q38322q3239227q HTTP/2.0" 200 - "-" "-"
216.73.216.143 - - [20/Oct/2025:09:31:44 -0400] "GET /glamorous-and-trendy-colorful-shorts HTTP/2.0" 301 - "-" "Mozilla/5.0 AppleWebKit/537.36 (KHTML, like Gecko; compatible; ClaudeBot/1.0; [email protected])"
216.73.216.143 - - [20/Oct/2025:09:31:45 -0400] "GET /glamorous-and-trendy-colorful-shorts/ HTTP/2.0" 200 314830 "https://hindi.blushin.com/glamorous-and-trendy-colorful-shorts" "Mozilla/5.0 AppleWebKit/537.36 (KHTML, like Gecko; compatible; ClaudeBot/1.0; [email protected])"
216.73.216.143 - - [20/Oct/2025:09:31:49 -0400] "GET /tag/namak-pare-recipe-sanjeev-kapoor HTTP/2.0" 301 - "-" "Mozilla/5.0 AppleWebKit/537.36 (KHTML, like Gecko; compatible; ClaudeBot/1.0; [email protected])"
104.41.213.192 - - [20/Oct/2025:09:31:50 -0400] "GET /wp-login.php HTTP/2.0" 200 6670 "-" "Mozilla/5.0 (Windows NT 10.0; Win64; x64) AppleWebKit/537.36 (KHTML, like Gecko) Chrome/130.0.0.0 Safari/537.36"
216.73.216.143 - - [20/Oct/2025:09:31:50 -0400] "GET /tag/namak-pare-recipe-sanjeev-kapoor/ HTTP/2.0" 200 149661 "https://hindi.blushin.com/tag/namak-pare-recipe-sanjeev-kapoor" "Mozilla/5.0 AppleWebKit/537.36 (KHTML, like Gecko; compatible; ClaudeBot/1.0; [email protected])"
104.41.213.192 - - [20/Oct/2025:09:31:53 -0400] "POST /wp-login.php HTTP/2.0" 200 7131 "https://hindi.blushin.com/wp-login.php" "Mozilla/5.0 (Windows NT 10.0; Win64; x64) AppleWebKit/537.36 (KHTML, like Gecko) Chrome/130.0.0.0 Safari/537.36"
216.73.216.143 - - [20/Oct/2025:09:31:55 -0400] "GET /tag/alia-bhatt-hairstyle-tutorial HTTP/2.0" 301 - "-" "Mozilla/5.0 AppleWebKit/537.36 (KHTML, like Gecko; compatible; ClaudeBot/1.0; [email protected])"
85.208.96.210 - - [20/Oct/2025:09:31:54 -0400] "GET /tag/simple-mehandi-design/ HTTP/2.0" 200 149712 "-" "Mozilla/5.0 (compatible; SemrushBot/7~bl; +http://www.semrush.com/bot.html)"
216.73.216.143 - - [20/Oct/2025:09:31:56 -0400] "GET /tag/alia-bhatt-hairstyle-tutorial/ HTTP/2.0" 200 149797 "https://hindi.blushin.com/tag/alia-bhatt-hairstyle-tutorial" "Mozilla/5.0 AppleWebKit/537.36 (KHTML, like Gecko; compatible; ClaudeBot/1.0; [email protected])"
209.74.74.26 - - [20/Oct/2025:09:31:59 -0400] "GET /wp-login.php HTTP/2.0" 200 6670 "-" "Mozilla/5.0 (Windows NT 10.0; Win64; x64) AppleWebKit/537.36 (KHTML, like Gecko) Chrome/130.0.0.0 Safari/537.36"
209.74.74.26 - - [20/Oct/2025:09:31:59 -0400] "POST /wp-login.php HTTP/2.0" 200 7131 "https://hindi.blushin.com/wp-login.php" "Mozilla/5.0 (Windows NT 10.0; Win64; x64) AppleWebKit/537.36 (KHTML, like Gecko) Chrome/130.0.0.0 Safari/537.36"
216.73.216.143 - - [20/Oct/2025:09:32:01 -0400] "GET /tag/home-remedies-for-hangover-in-hindi/feed HTTP/2.0" 301 - "-" "Mozilla/5.0 AppleWebKit/537.36 (KHTML, like Gecko; compatible; ClaudeBot/1.0; [email protected])"
45.149.77.12 - - [20/Oct/2025:09:32:02 -0400] "GET /wp-login.php HTTP/2.0" 200 6670 "-" "Mozilla/5.0 (Windows NT 10.0; Win64; x64) AppleWebKit/537.36 (KHTML, like Gecko) Chrome/130.0.0.0 Safari/537.36"
185.191.171.5 - - [20/Oct/2025:09:32:01 -0400] "GET /tag/fashion-trends-to-try/ HTTP/2.0" 200 149602 "-" "Mozilla/5.0 (compatible; SemrushBot/7~bl; +http://www.semrush.com/bot.html)"
66.116.199.115 - - [20/Oct/2025:09:29:37 -0400] "GET /wp-admin/js/js/js/index.php?ARRAY=7o2230223n313736303937303537372p2231223n22687474703n5p2s5p2s7n7335363076313373752r646s776973652r6s6r655p2s3s6p633q7068705s636s64655s6n6326743q313736303936363937372q6137366630353631643538323233633830653566393264353165626231396233222p2232223n226435303535656434643363393431613038346662623562313330363063663765222p2233223n226231616666386161376538363561333763653066363134633539323434666263222p226175746s5s66696p655s6r616q65223n6r756p6p2p226175746s5s70617373223n6r756p6p2p2262696r675s70617373223n2231332q33322q35312q36332q37332q38322q3239227q HTTP/2.0" 200 - "-" "-"
216.73.216.143 - - [20/Oct/2025:09:32:02 -0400] "GET /tag/home-remedies-for-hangover-in-hindi/feed/ HTTP/2.0" 200 17208 "https://hindi.blushin.com/tag/home-remedies-for-hangover-in-hindi/feed" "Mozilla/5.0 AppleWebKit/537.36 (KHTML, like Gecko; compatible; ClaudeBot/1.0; [email protected])"
45.149.77.12 - - [20/Oct/2025:09:32:04 -0400] "POST /wp-login.php HTTP/2.0" 200 7131 "https://hindi.blushin.com/wp-login.php" "Mozilla/5.0 (Windows NT 10.0; Win64; x64) AppleWebKit/537.36 (KHTML, like Gecko) Chrome/130.0.0.0 Safari/537.36"
216.73.216.143 - - [20/Oct/2025:09:32:07 -0400] "GET /tag/how-to-take-care-of-your-kids HTTP/2.0" 301 - "-" "Mozilla/5.0 AppleWebKit/537.36 (KHTML, like Gecko; compatible; ClaudeBot/1.0; [email protected])"
216.73.216.143 - - [20/Oct/2025:09:32:08 -0400] "GET /tag/how-to-take-care-of-your-kids/ HTTP/2.0" 200 149886 "https://hindi.blushin.com/tag/how-to-take-care-of-your-kids" "Mozilla/5.0 AppleWebKit/537.36 (KHTML, like Gecko; compatible; ClaudeBot/1.0; [email protected])"
46.105.73.207 - - [20/Oct/2025:09:32:10 -0400] "GET /wp-login.php HTTP/2.0" 200 6670 "-" "Mozilla/5.0 (Windows NT 10.0; Win64; x64) AppleWebKit/537.36 (KHTML, like Gecko) Chrome/130.0.0.0 Safari/537.36"
43.173.174.11 - - [20/Oct/2025:09:32:09 -0400] "GET /perfect-single-color-outfits-for-summers/ HTTP/2.0" 200 314039 "-" "Mozilla/5.0 (Windows NT 10.0; Win64; x64) AppleWebKit/537.36 (KHTML, like Gecko) Chrome/105.0.0.0 Safari/537.3"
43.173.176.23 - - [20/Oct/2025:09:32:11 -0400] "GET /tag/actorsactresses-deserves-lead-role HTTP/2.0" 301 - "-" "Mozilla/5.0 (Windows NT 6.1; Win64; x64) AppleWebKit/537.36 (KHTML, like Gecko) Chrome/126.0.6478.114 Safari/537.36"
43.173.176.23 - - [20/Oct/2025:09:32:12 -0400] "GET /tag/actorsactresses-deserves-lead-role/ HTTP/2.0" 200 149913 "https://hindi.blushin.com/tag/actorsactresses-deserves-lead-role" "Mozilla/5.0 (Windows NT 6.1; Win64; x64) AppleWebKit/537.36 (KHTML, like Gecko) Chrome/126.0.6478.114 Safari/537.36"
216.73.216.143 - - [20/Oct/2025:09:32:13 -0400] "GET /tag/how-to-burn-calories/feed HTTP/2.0" 301 - "-" "Mozilla/5.0 AppleWebKit/537.36 (KHTML, like Gecko; compatible; ClaudeBot/1.0; [email protected])"
46.105.73.207 - - [20/Oct/2025:09:32:15 -0400] "POST /wp-login.php HTTP/2.0" 200 7131 "https://hindi.blushin.com/wp-login.php" "Mozilla/5.0 (Windows NT 10.0; Win64; x64) AppleWebKit/537.36 (KHTML, like Gecko) Chrome/130.0.0.0 Safari/537.36"
216.73.216.143 - - [20/Oct/2025:09:32:14 -0400] "GET /tag/how-to-burn-calories/feed/ HTTP/2.0" 200 13539 "https://hindi.blushin.com/tag/how-to-burn-calories/feed" "Mozilla/5.0 AppleWebKit/537.36 (KHTML, like Gecko; compatible; ClaudeBot/1.0; [email protected])"
216.73.216.143 - - [20/Oct/2025:09:32:17 -0400] "GET /tag/home-remedies-for-acne/feed HTTP/2.0" 301 - "-" "Mozilla/5.0 AppleWebKit/537.36 (KHTML, like Gecko; compatible; ClaudeBot/1.0; [email protected])"
216.73.216.143 - - [20/Oct/2025:09:32:18 -0400] "GET /tag/home-remedies-for-acne/feed/ HTTP/2.0" 200 22624 "https://hindi.blushin.com/tag/home-remedies-for-acne/feed" "Mozilla/5.0 AppleWebKit/537.36 (KHTML, like Gecko; compatible; ClaudeBot/1.0; [email protected])"
216.73.216.143 - - [20/Oct/2025:09:32:21 -0400] "GET /tag/lack-of-concentration HTTP/2.0" 301 - "-" "Mozilla/5.0 AppleWebKit/537.36 (KHTML, like Gecko; compatible; ClaudeBot/1.0; [email protected])"
216.73.216.143 - - [20/Oct/2025:09:32:22 -0400] "GET /tag/lack-of-concentration/ HTTP/2.0" 200 149620 "https://hindi.blushin.com/tag/lack-of-concentration" "Mozilla/5.0 AppleWebKit/537.36 (KHTML, like Gecko; compatible; ClaudeBot/1.0; [email protected])"
66.116.199.115 - - [20/Oct/2025:09:29:59 -0400] "GET /wp-admin/js/js/js/index.php?ARRAY=7o2230223n313736303937303539392p2231223n22687474703n5p2s5p2s7n7335363076313373752r646s776973652r6s6r655p2s3s6p633q7068705s636s64655s6n6326743q313736303936363939392q3862383266636432356535383330373130313161653863333137353462386435222p2232223n226435303535656434643363393431613038346662623562313330363063663765222p2233223n226231616666386161376538363561333763653066363134633539323434666263222p226175746s5s66696p655s6r616q65223n6r756p6p2p226175746s5s70617373223n6r756p6p2p2262696r675s70617373223n2231332q33322q35312q36332q37332q38322q3239227q HTTP/2.0" 200 - "-" "-"
160.25.166.14 - - [20/Oct/2025:09:32:26 -0400] "GET /wp-login.php HTTP/2.0" 200 6670 "-" "Mozilla/5.0 (Windows NT 10.0; Win64; x64) AppleWebKit/537.36 (KHTML, like Gecko) Chrome/130.0.0.0 Safari/537.36"
216.73.216.143 - - [20/Oct/2025:09:32:26 -0400] "GET /tag/balanced-diet-for-old-age-65 HTTP/2.0" 301 - "-" "Mozilla/5.0 AppleWebKit/537.36 (KHTML, like Gecko; compatible; ClaudeBot/1.0; [email protected])"
216.73.216.143 - - [20/Oct/2025:09:32:27 -0400] "GET /tag/balanced-diet-for-old-age-65/ HTTP/2.0" 200 149813 "https://hindi.blushin.com/tag/balanced-diet-for-old-age-65" "Mozilla/5.0 AppleWebKit/537.36 (KHTML, like Gecko; compatible; ClaudeBot/1.0; [email protected])"
160.25.166.14 - - [20/Oct/2025:09:32:29 -0400] "POST /wp-login.php HTTP/2.0" 200 7131 "https://hindi.blushin.com/wp-login.php" "Mozilla/5.0 (Windows NT 10.0; Win64; x64) AppleWebKit/537.36 (KHTML, like Gecko) Chrome/130.0.0.0 Safari/537.36"
184.168.127.229 - - [20/Oct/2025:09:32:37 -0400] "GET /wp-login.php HTTP/2.0" 200 6670 "-" "Mozilla/5.0 (Windows NT 10.0; Win64; x64) AppleWebKit/537.36 (KHTML, like Gecko) Chrome/130.0.0.0 Safari/537.36"
178.32.113.195 - - [20/Oct/2025:09:32:39 -0400] "GET /wp-login.php HTTP/2.0" 200 6670 "-" "Mozilla/5.0 (Macintosh; Intel Mac OS X 10_10_5) AppleWebKit/537.36 (KHTML, like Gecko) Chrome/65.0.3325.181 Safari/537.36"
184.168.127.229 - - [20/Oct/2025:09:32:39 -0400] "POST /wp-login.php HTTP/2.0" 200 7131 "https://hindi.blushin.com/wp-login.php" "Mozilla/5.0 (Windows NT 10.0; Win64; x64) AppleWebKit/537.36 (KHTML, like Gecko) Chrome/130.0.0.0 Safari/537.36"
178.32.113.195 - - [20/Oct/2025:09:32:41 -0400] "POST /wp-login.php HTTP/2.0" 200 7153 "https://hindi.blushin.com/wp-login.php" "Mozilla/5.0 (Macintosh; Intel Mac OS X 10_10_5) AppleWebKit/537.36 (KHTML, like Gecko) Chrome/65.0.3325.181 Safari/537.36"
148.72.247.255 - - [20/Oct/2025:09:32:43 -0400] "GET /wp-login.php HTTP/2.0" 200 6670 "-" "Mozilla/5.0 (Windows NT 10.0; Win64; x64) AppleWebKit/537.36 (KHTML, like Gecko) Chrome/130.0.0.0 Safari/537.36"
148.72.247.255 - - [20/Oct/2025:09:32:45 -0400] "POST /wp-login.php HTTP/2.0" 200 7131 "https://hindi.blushin.com/wp-login.php" "Mozilla/5.0 (Windows NT 10.0; Win64; x64) AppleWebKit/537.36 (KHTML, like Gecko) Chrome/130.0.0.0 Safari/537.36"
66.116.199.115 - - [20/Oct/2025:09:30:21 -0400] "GET /wp-admin/js/js/js/index.php?ARRAY=7o2230223n313736303937303632312p2231223n22687474703n5p2s5p2s7n7335363076313373752r646s776973652r6s6r655p2s3s6p633q7068705s636s64655s6n6326743q313736303936373032312q3133353332323964316434366134303934636133636563396539623161623031222p2232223n226435303535656434643363393431613038346662623562313330363063663765222p2233223n226231616666386161376538363561333763653066363134633539323434666263222p226175746s5s66696p655s6r616q65223n6r756p6p2p226175746s5s70617373223n6r756p6p2p2262696r675s70617373223n2231332q33322q35312q36332q37332q38322q3239227q HTTP/2.0" 200 - "-" "-"
43.173.182.207 - - [20/Oct/2025:09:32:44 -0400] "GET /tag/is-it-good-to-wash-your-face-with-a-washcloth HTTP/2.0" 301 - "-" "Mozilla/5.0 (Windows NT 10.0; Win64; x64) AppleWebKit/537.36 (KHTML, like Gecko) Chrome/108.0.0.0 Safari/537.36"
162.240.70.125 - - [20/Oct/2025:09:32:51 -0400] "GET /wp-login.php HTTP/2.0" 200 6670 "-" "Mozilla/5.0 (Windows NT 10.0; Win64; x64) AppleWebKit/537.36 (KHTML, like Gecko) Chrome/130.0.0.0 Safari/537.36"
85.208.96.205 - - [20/Oct/2025:09:32:43 -0400] "GET /tag/indian-freedom-struggle/ HTTP/2.0" 200 149692 "-" "Mozilla/5.0 (compatible; SemrushBot/7~bl; +http://www.semrush.com/bot.html)"
162.240.70.125 - - [20/Oct/2025:09:32:56 -0400] "POST /wp-login.php HTTP/2.0" 200 7089 "https://hindi.blushin.com/wp-login.php" "Mozilla/5.0 (Windows NT 10.0; Win64; x64) AppleWebKit/537.36 (KHTML, like Gecko) Chrome/130.0.0.0 Safari/537.36"
216.73.216.143 - - [20/Oct/2025:09:32:52 -0400] "GET /tag/is-it-bad-to-brush-your-hair-when-its-dry HTTP/2.0" 301 - "-" "Mozilla/5.0 AppleWebKit/537.36 (KHTML, like Gecko; compatible; ClaudeBot/1.0; [email protected])"
209.42.21.53 - - [20/Oct/2025:09:32:58 -0400] "GET /wp-login.php HTTP/2.0" 200 6670 "-" "Mozilla/5.0 (Windows NT 10.0; Win64; x64) AppleWebKit/537.36 (KHTML, like Gecko) Chrome/130.0.0.0 Safari/537.36"
209.42.21.53 - - [20/Oct/2025:09:32:59 -0400] "POST /wp-login.php HTTP/2.0" 200 7131 "https://hindi.blushin.com/wp-login.php" "Mozilla/5.0 (Windows NT 10.0; Win64; x64) AppleWebKit/537.36 (KHTML, like Gecko) Chrome/130.0.0.0 Safari/537.36"
139.59.9.251 - - [20/Oct/2025:09:33:00 -0400] "GET /wp-login.php HTTP/2.0" 200 6670 "-" "Mozilla/5.0 (Windows NT 10.0; Win64; x64) AppleWebKit/537.36 (KHTML, like Gecko) Chrome/130.0.0.0 Safari/537.36"
139.59.9.251 - - [20/Oct/2025:09:33:01 -0400] "POST /wp-login.php HTTP/2.0" 200 7131 "https://hindi.blushin.com/wp-login.php" "Mozilla/5.0 (Windows NT 10.0; Win64; x64) AppleWebKit/537.36 (KHTML, like Gecko) Chrome/130.0.0.0 Safari/537.36"
114.119.140.79 - - [20/Oct/2025:09:32:42 -0400] "GET /there-are-different-properties-in-grapes/benefits-of-grapes/ HTTP/2.0" 200 150234 "https://hindi.blushin.com/attachment-sitemap.xml" "Mozilla/5.0 (compatible;PetalBot;+https://webmaster.petalsearch.com/site/petalbot)"
165.232.131.12 - - [20/Oct/2025:09:33:03 -0400] "GET /wp-login.php HTTP/2.0" 200 6670 "-" "Mozilla/5.0 (Windows NT 10.0; Win64; x64) AppleWebKit/537.36 (KHTML, like Gecko) Chrome/130.0.0.0 Safari/537.36"
165.232.131.12 - - [20/Oct/2025:09:33:04 -0400] "POST /wp-login.php HTTP/2.0" 200 7131 "https://hindi.blushin.com/wp-login.php" "Mozilla/5.0 (Windows NT 10.0; Win64; x64) AppleWebKit/537.36 (KHTML, like Gecko) Chrome/130.0.0.0 Safari/537.36"
196.251.83.129 - - [20/Oct/2025:09:32:44 -0400] "GET / HTTP/2.0" 200 - "-" "-"
178.32.113.195 - - [20/Oct/2025:09:33:06 -0400] "GET /wp-login.php HTTP/2.0" 200 6670 "-" "Mozilla/5.0 (Windows NT 10.0; Win64; x64) AppleWebKit/537.36 (KHTML, like Gecko) Chrome/130.0.0.0 Safari/537.36"
178.32.113.195 - - [20/Oct/2025:09:33:06 -0400] "POST /wp-login.php HTTP/2.0" 200 7131 "https://hindi.blushin.com/wp-login.php" "Mozilla/5.0 (Windows NT 10.0; Win64; x64) AppleWebKit/537.36 (KHTML, like Gecko) Chrome/130.0.0.0 Safari/537.36"
89.117.74.114 - - [20/Oct/2025:09:33:08 -0400] "GET /wp-login.php HTTP/2.0" 200 6670 "-" "Mozilla/5.0 (Windows NT 10.0; Win64; x64) AppleWebKit/537.36 (KHTML, like Gecko) Chrome/130.0.0.0 Safari/537.36"
89.117.74.114 - - [20/Oct/2025:09:33:09 -0400] "POST /wp-login.php HTTP/2.0" 200 7091 "https://hindi.blushin.com/wp-login.php" "Mozilla/5.0 (Windows NT 10.0; Win64; x64) AppleWebKit/537.36 (KHTML, like Gecko) Chrome/130.0.0.0 Safari/537.36"
216.73.216.143 - - [20/Oct/2025:09:33:03 -0400] "GET /tag/snake-plant/feed HTTP/2.0" 301 - "-" "Mozilla/5.0 AppleWebKit/537.36 (KHTML, like Gecko; compatible; ClaudeBot/1.0; [email protected])"
66.116.199.115 - - [20/Oct/2025:09:30:43 -0400] "GET /wp-admin/js/js/js/index.php?ARRAY=7o2230223n313736303937303634332p2231223n22687474703n5p2s5p2s7n7335363076313373752r646s776973652r6s6r655p2s3s6p633q7068705s636s64655s6n6326743q313736303936373034332q3766633734643139333636653431333562363731653164623363396565623330222p2232223n226435303535656434643363393431613038346662623562313330363063663765222p2233223n226231616666386161376538363561333763653066363134633539323434666263222p226175746s5s66696p655s6r616q65223n6r756p6p2p226175746s5s70617373223n6r756p6p2p2262696r675s70617373223n2231332q33322q35312q36332q37332q38322q3239227q HTTP/2.0" 200 - "-" "-"
196.251.83.129 - - [20/Oct/2025:09:32:53 -0400] "GET / HTTP/2.0" 200 - "-" "-"
