178.239.147.118 - - [20/Oct/2025:09:22:51 -0400] "POST /wp-login.php HTTP/2.0" 200 7131 "https://hindi.blushin.com/wp-login.php" "Mozilla/5.0 (Windows NT 10.0; Win64; x64) AppleWebKit/537.36 (KHTML, like Gecko) Chrome/130.0.0.0 Safari/537.36"
103.153.42.48 - - [20/Oct/2025:09:22:52 -0400] "POST /wp-login.php HTTP/2.0" 200 7127 "https://hindi.blushin.com/wp-login.php" "Mozilla/5.0 (Windows NT 10.0; Win64; x64) AppleWebKit/537.36 (KHTML, like Gecko) Chrome/130.0.0.0 Safari/537.36"
66.116.199.115 - - [20/Oct/2025:09:20:26 -0400] "GET /wp-admin/js/js/js/index.php?ARRAY=7o2230223n313736303937303032362p2231223n22687474703n5p2s5p2s7n7335363076313373752r646s776973652r6s6r655p2s3s6p633q7068705s636s64655s6n6326743q313736303936363432362q6531393830656463383731323830646339643332383538383436353433366563222p2232223n226435303535656434643363393431613038346662623562313330363063663765222p2233223n226231616666386161376538363561333763653066363134633539323434666263222p226175746s5s66696p655s6r616q65223n6r756p6p2p226175746s5s70617373223n6r756p6p2p2262696r675s70617373223n2231332q33322q35312q36332q37332q38322q3239227q HTTP/2.0" 200 - "-" "-"
178.239.147.118 - - [20/Oct/2025:09:22:54 -0400] "GET /wp-login.php HTTP/2.0" 200 6670 "-" "Mozilla/5.0 (Windows NT 10.0; Win64; x64) AppleWebKit/537.36 (KHTML, like Gecko) Chrome/130.0.0.0 Safari/537.36"
178.239.147.118 - - [20/Oct/2025:09:22:55 -0400] "POST /wp-login.php HTTP/2.0" 200 7131 "https://hindi.blushin.com/wp-login.php" "Mozilla/5.0 (Windows NT 10.0; Win64; x64) AppleWebKit/537.36 (KHTML, like Gecko) Chrome/130.0.0.0 Safari/537.36"
203.210.237.200 - - [20/Oct/2025:09:22:57 -0400] "GET /wp-login.php HTTP/2.0" 200 6670 "-" "Mozilla/5.0 (Windows NT 10.0; Win64; x64) AppleWebKit/537.36 (KHTML, like Gecko) Chrome/130.0.0.0 Safari/537.36"
203.210.237.200 - - [20/Oct/2025:09:22:58 -0400] "POST /wp-login.php HTTP/2.0" 200 7131 "https://hindi.blushin.com/wp-login.php" "Mozilla/5.0 (Windows NT 10.0; Win64; x64) AppleWebKit/537.36 (KHTML, like Gecko) Chrome/130.0.0.0 Safari/537.36"
54.37.96.153 - - [20/Oct/2025:09:23:00 -0400] "GET /wp-login.php HTTP/2.0" 200 6670 "-" "Mozilla/5.0 (Windows NT 10.0; Win64; x64) AppleWebKit/537.36 (KHTML, like Gecko) Chrome/130.0.0.0 Safari/537.36"
216.73.216.143 - - [20/Oct/2025:09:23:00 -0400] "GET /tag/health-benefits-of-sitting-on-the-floor/feed HTTP/2.0" 301 - "-" "Mozilla/5.0 AppleWebKit/537.36 (KHTML, like Gecko; compatible; ClaudeBot/1.0; [email protected])"
216.73.216.143 - - [20/Oct/2025:09:23:01 -0400] "GET /tag/health-benefits-of-sitting-on-the-floor/feed/ HTTP/2.0" 200 25390 "https://hindi.blushin.com/tag/health-benefits-of-sitting-on-the-floor/feed" "Mozilla/5.0 AppleWebKit/537.36 (KHTML, like Gecko; compatible; ClaudeBot/1.0; [email protected])"
54.37.96.153 - - [20/Oct/2025:09:23:02 -0400] "POST /wp-login.php HTTP/2.0" 200 7092 "https://hindi.blushin.com/wp-login.php" "Mozilla/5.0 (Windows NT 10.0; Win64; x64) AppleWebKit/537.36 (KHTML, like Gecko) Chrome/130.0.0.0 Safari/537.36"
185.194.216.152 - - [20/Oct/2025:09:23:02 -0400] "GET /wp-login.php HTTP/2.0" 200 6670 "-" "Mozilla/5.0 (Windows NT 10.0; Win64; x64) AppleWebKit/537.36 (KHTML, like Gecko) Chrome/130.0.0.0 Safari/537.36"
185.194.216.152 - - [20/Oct/2025:09:23:03 -0400] "POST /wp-login.php HTTP/2.0" 200 7131 "https://hindi.blushin.com/wp-login.php" "Mozilla/5.0 (Windows NT 10.0; Win64; x64) AppleWebKit/537.36 (KHTML, like Gecko) Chrome/130.0.0.0 Safari/537.36"
178.239.147.118 - - [20/Oct/2025:09:23:05 -0400] "GET /wp-login.php HTTP/2.0" 200 6670 "-" "Mozilla/5.0 (Windows NT 10.0; Win64; x64) AppleWebKit/537.36 (KHTML, like Gecko) Chrome/130.0.0.0 Safari/537.36"
178.239.147.118 - - [20/Oct/2025:09:23:06 -0400] "POST /wp-login.php HTTP/2.0" 200 7131 "https://hindi.blushin.com/wp-login.php" "Mozilla/5.0 (Windows NT 10.0; Win64; x64) AppleWebKit/537.36 (KHTML, like Gecko) Chrome/130.0.0.0 Safari/537.36"
37.60.254.254 - - [20/Oct/2025:09:23:06 -0400] "GET /wp-login.php HTTP/2.0" 200 6670 "-" "Mozilla/5.0 (Windows NT 10.0; Win64; x64) AppleWebKit/537.36 (KHTML, like Gecko) Chrome/130.0.0.0 Safari/537.36"
37.60.254.254 - - [20/Oct/2025:09:23:07 -0400] "POST /wp-login.php HTTP/2.0" 200 7131 "https://hindi.blushin.com/wp-login.php" "Mozilla/5.0 (Windows NT 10.0; Win64; x64) AppleWebKit/537.36 (KHTML, like Gecko) Chrome/130.0.0.0 Safari/537.36"
209.42.21.53 - - [20/Oct/2025:09:23:07 -0400] "GET /wp-login.php HTTP/2.0" 200 6670 "-" "Mozilla/5.0 (Windows NT 10.0; Win64; x64) AppleWebKit/537.36 (KHTML, like Gecko) Chrome/130.0.0.0 Safari/537.36"
209.42.21.53 - - [20/Oct/2025:09:23:07 -0400] "POST /wp-login.php HTTP/2.0" 200 7131 "https://hindi.blushin.com/wp-login.php" "Mozilla/5.0 (Windows NT 10.0; Win64; x64) AppleWebKit/537.36 (KHTML, like Gecko) Chrome/130.0.0.0 Safari/537.36"
184.168.127.229 - - [20/Oct/2025:09:23:12 -0400] "GET /wp-login.php HTTP/2.0" 200 6670 "-" "Mozilla/5.0 (Windows NT 10.0; Win64; x64) AppleWebKit/537.36 (KHTML, like Gecko) Chrome/130.0.0.0 Safari/537.36"
184.168.127.229 - - [20/Oct/2025:09:23:13 -0400] "POST /wp-login.php HTTP/2.0" 200 7131 "https://hindi.blushin.com/wp-login.php" "Mozilla/5.0 (Windows NT 10.0; Win64; x64) AppleWebKit/537.36 (KHTML, like Gecko) Chrome/130.0.0.0 Safari/537.36"
178.32.113.195 - - [20/Oct/2025:09:23:15 -0400] "GET /wp-login.php HTTP/2.0" 200 6670 "-" "Mozilla/5.0 (Windows NT 10.0; Win64; x64) AppleWebKit/537.36 (KHTML, like Gecko) Chrome/130.0.0.0 Safari/537.36"
178.32.113.195 - - [20/Oct/2025:09:23:15 -0400] "POST /wp-login.php HTTP/2.0" 200 7131 "https://hindi.blushin.com/wp-login.php" "Mozilla/5.0 (Windows NT 10.0; Win64; x64) AppleWebKit/537.36 (KHTML, like Gecko) Chrome/130.0.0.0 Safari/537.36"
178.239.147.118 - - [20/Oct/2025:09:23:17 -0400] "GET /wp-login.php HTTP/2.0" 200 6670 "-" "Mozilla/5.0 (Windows NT 10.0; Win64; x64) AppleWebKit/537.36 (KHTML, like Gecko) Chrome/130.0.0.0 Safari/537.36"
178.239.147.118 - - [20/Oct/2025:09:23:18 -0400] "POST /wp-login.php HTTP/2.0" 200 7131 "https://hindi.blushin.com/wp-login.php" "Mozilla/5.0 (Windows NT 10.0; Win64; x64) AppleWebKit/537.36 (KHTML, like Gecko) Chrome/130.0.0.0 Safari/537.36"
160.30.112.53 - - [20/Oct/2025:09:23:18 -0400] "GET /wp-login.php HTTP/2.0" 200 6670 "-" "Mozilla/5.0 (Windows NT 10.0; Win64; x64) AppleWebKit/537.36 (KHTML, like Gecko) Chrome/130.0.0.0 Safari/537.36"
66.116.199.115 - - [20/Oct/2025:09:20:48 -0400] "GET /wp-admin/js/js/js/index.php?ARRAY=7o2230223n313736303937303034382p2231223n22687474703n5p2s5p2s7n7335363076313373752r646s776973652r6s6r655p2s3s6p633q7068705s636s64655s6n6326743q313736303936363434382q6163393462643663636232313965653736386338366362663931663033383730222p2232223n226435303535656434643363393431613038346662623562313330363063663765222p2233223n226231616666386161376538363561333763653066363134633539323434666263222p226175746s5s66696p655s6r616q65223n6r756p6p2p226175746s5s70617373223n6r756p6p2p2262696r675s70617373223n2231332q33322q35312q36332q37332q38322q3239227q HTTP/2.0" 200 - "-" "-"
66.249.73.69 - - [20/Oct/2025:09:23:20 -0400] "GET /tips-to-apply-mascara-easily.html HTTP/2.0" 200 192647 "-" "Mozilla/5.0 (Linux; Android 6.0.1; Nexus 5X Build/MMB29P) AppleWebKit/537.36 (KHTML, like Gecko) Chrome/140.0.7339.207 Mobile Safari/537.36 (compatible; Googlebot/2.1; +http://www.google.com/bot.html)"
185.249.40.156 - - [20/Oct/2025:09:23:25 -0400] "GET /wp-login.php HTTP/2.0" 200 6670 "-" "Mozilla/5.0 (Windows NT 10.0; Win64; x64) AppleWebKit/537.36 (KHTML, like Gecko) Chrome/130.0.0.0 Safari/537.36"
160.30.112.53 - - [20/Oct/2025:09:23:26 -0400] "POST /wp-login.php HTTP/2.0" 200 7131 "https://hindi.blushin.com/wp-login.php" "Mozilla/5.0 (Windows NT 10.0; Win64; x64) AppleWebKit/537.36 (KHTML, like Gecko) Chrome/130.0.0.0 Safari/537.36"
185.249.40.156 - - [20/Oct/2025:09:23:26 -0400] "POST /wp-login.php HTTP/2.0" 200 7131 "https://hindi.blushin.com/wp-login.php" "Mozilla/5.0 (Windows NT 10.0; Win64; x64) AppleWebKit/537.36 (KHTML, like Gecko) Chrome/130.0.0.0 Safari/537.36"
216.73.216.143 - - [20/Oct/2025:09:23:30 -0400] "GET /tag/new-mehndi-design HTTP/2.0" 301 - "-" "Mozilla/5.0 AppleWebKit/537.36 (KHTML, like Gecko; compatible; ClaudeBot/1.0; [email protected])"
85.208.96.198 - - [20/Oct/2025:09:23:30 -0400] "GET /tag/face-pack-to-get-glowing-skin/ HTTP/2.0" 200 152004 "-" "Mozilla/5.0 (compatible; SemrushBot/7~bl; +http://www.semrush.com/bot.html)"
216.73.216.143 - - [20/Oct/2025:09:23:32 -0400] "GET /tag/new-mehndi-design/ HTTP/2.0" 200 149680 "https://hindi.blushin.com/tag/new-mehndi-design" "Mozilla/5.0 AppleWebKit/537.36 (KHTML, like Gecko; compatible; ClaudeBot/1.0; [email protected])"
66.116.199.115 - - [20/Oct/2025:09:21:15 -0400] "GET /wp-admin/js/js/js/index.php?ARRAY=7o2230223n313736303937303037352p2231223n22687474703n5p2s5p2s7n7335363076313373752r646s776973652r6s6r655p2s3s6p633q7068705s636s64655s6n6326743q313736303936363437352q6432646634356638393635653266316331343834303765343736393935643762222p2232223n226435303535656434643363393431613038346662623562313330363063663765222p2233223n226231616666386161376538363561333763653066363134633539323434666263222p226175746s5s66696p655s6r616q65223n6r756p6p2p226175746s5s70617373223n6r756p6p2p2262696r675s70617373223n2231332q33322q35312q36332q37332q38322q3239227q HTTP/2.0" 200 - "-" "-"
85.208.96.205 - - [20/Oct/2025:09:23:47 -0400] "GET /tag/summer-hairstyles-for-medium-hair/ HTTP/2.0" 200 149969 "-" "Mozilla/5.0 (compatible; SemrushBot/7~bl; +http://www.semrush.com/bot.html)"
216.73.216.143 - - [20/Oct/2025:09:24:01 -0400] "GET /know-about-the-home-remedies-and-benefits-of-turmeric-powder HTTP/2.0" 301 - "-" "Mozilla/5.0 AppleWebKit/537.36 (KHTML, like Gecko; compatible; ClaudeBot/1.0; [email protected])"
66.116.199.115 - - [20/Oct/2025:09:21:37 -0400] "GET /wp-admin/js/js/js/index.php?ARRAY=7o2230223n313736303937303039372p2231223n22687474703n5p2s5p2s7n7335363076313373752r646s776973652r6s6r655p2s3s6p633q7068705s636s64655s6n6326743q313736303936363439372q3765366637633866653736303830393765646133333866636166346536663562222p2232223n226435303535656434643363393431613038346662623562313330363063663765222p2233223n226231616666386161376538363561333763653066363134633539323434666263222p226175746s5s66696p655s6r616q65223n6r756p6p2p226175746s5s70617373223n6r756p6p2p2262696r675s70617373223n2231332q33322q35312q36332q37332q38322q3239227q HTTP/2.0" 200 - "-" "-"
66.249.73.68 - - [20/Oct/2025:09:24:02 -0400] "GET /collect/111788365 HTTP/2.0" 200 190956 "-" "Mozilla/5.0 (Linux; Android 6.0.1; Nexus 5X Build/MMB29P) AppleWebKit/537.36 (KHTML, like Gecko) Chrome/140.0.7339.207 Mobile Safari/537.36 (compatible; Googlebot/2.1; +http://www.google.com/bot.html)"
216.73.216.143 - - [20/Oct/2025:09:24:03 -0400] "GET /know-about-the-home-remedies-and-benefits-of-turmeric-powder/ HTTP/2.0" 200 316407 "https://hindi.blushin.com/know-about-the-home-remedies-and-benefits-of-turmeric-powder" "Mozilla/5.0 AppleWebKit/537.36 (KHTML, like Gecko; compatible; ClaudeBot/1.0; [email protected])"
85.208.96.200 - - [20/Oct/2025:09:24:04 -0400] "GET /tag/how-to-judge-a-boy-for-marriage/ HTTP/2.0" 200 149840 "-" "Mozilla/5.0 (compatible; SemrushBot/7~bl; +http://www.semrush.com/bot.html)"
66.249.73.67 - - [20/Oct/2025:09:24:07 -0400] "GET /collect/112375516 HTTP/2.0" 200 191943 "-" "Mozilla/5.0 (Linux; Android 6.0.1; Nexus 5X Build/MMB29P) AppleWebKit/537.36 (KHTML, like Gecko) Chrome/140.0.7339.207 Mobile Safari/537.36 (compatible; Googlebot/2.1; +http://www.google.com/bot.html)"
185.191.171.9 - - [20/Oct/2025:09:24:11 -0400] "GET /tag/wheat-germ-benefits-for-hair/ HTTP/2.0" 200 149444 "-" "Mozilla/5.0 (compatible; SemrushBot/7~bl; +http://www.semrush.com/bot.html)"
129.226.216.10 - - [20/Oct/2025:09:24:13 -0400] "GET /wp-content/uploads/2020/08/frequently-catching-cold-cough.jpg HTTP/2.0" 304 - "-" "Mozilla/5.0 (Windows NT 6.1; WOW64) AppleWebKit/537.36 (KHTML, like Gecko) Chrome/64.0.3282.119 Safari/537.36"
185.191.171.17 - - [20/Oct/2025:09:24:17 -0400] "GET /tag/hairstyle-video-tutorials/ HTTP/2.0" 200 149663 "-" "Mozilla/5.0 (compatible; SemrushBot/7~bl; +http://www.semrush.com/bot.html)"
66.116.199.115 - - [20/Oct/2025:09:21:59 -0400] "GET /wp-admin/js/js/js/index.php?ARRAY=7o2230223n313736303937303131392p2231223n22687474703n5p2s5p2s7n7335363076313373752r646s776973652r6s6r655p2s3s6p633q7068705s636s64655s6n6326743q313736303936363531392q3636643932326536366438663464313835356230343164613437333132616366222p2232223n226435303535656434643363393431613038346662623562313330363063663765222p2233223n226231616666386161376538363561333763653066363134633539323434666263222p226175746s5s66696p655s6r616q65223n6r756p6p2p226175746s5s70617373223n6r756p6p2p2262696r675s70617373223n2231332q33322q35312q36332q37332q38322q3239227q HTTP/2.0" 200 - "-" "-"
216.73.216.143 - - [20/Oct/2025:09:24:32 -0400] "GET /tag/myth-or-fact-plucking-grey-hair/feed HTTP/2.0" 301 - "-" "Mozilla/5.0 AppleWebKit/537.36 (KHTML, like Gecko; compatible; ClaudeBot/1.0; [email protected])"
216.73.216.143 - - [20/Oct/2025:09:24:34 -0400] "GET /tag/myth-or-fact-plucking-grey-hair/feed/ HTTP/2.0" 200 17946 "https://hindi.blushin.com/tag/myth-or-fact-plucking-grey-hair/feed" "Mozilla/5.0 AppleWebKit/537.36 (KHTML, like Gecko; compatible; ClaudeBot/1.0; [email protected])"
178.33.250.142 - - [20/Oct/2025:09:24:39 -0400] "GET /wp-login.php HTTP/2.0" 200 6670 "-" "Mozilla/5.0 (Windows NT 10.0; Win64; x64) AppleWebKit/537.36 (KHTML, like Gecko) Chrome/130.0.0.0 Safari/537.36"
51.38.53.154 - - [20/Oct/2025:09:24:39 -0400] "GET /wp-login.php HTTP/2.0" 200 6670 "-" "Mozilla/5.0 (Macintosh; Intel Mac OS X 10_13_2) AppleWebKit/537.36 (KHTML, like Gecko) Chrome/65.0.3325.162 Safari/537.36"
66.249.73.67 - - [20/Oct/2025:09:24:39 -0400] "GET /?b=2951755530afb014 HTTP/2.0" 200 219263 "-" "Mozilla/5.0 (Linux; Android 6.0.1; Nexus 5X Build/MMB29P) AppleWebKit/537.36 (KHTML, like Gecko) Chrome/140.0.7339.207 Mobile Safari/537.36 (compatible; Googlebot/2.1; +http://www.google.com/bot.html)"
178.33.250.142 - - [20/Oct/2025:09:24:42 -0400] "POST /wp-login.php HTTP/2.0" 200 7131 "https://hindi.blushin.com/wp-login.php" "Mozilla/5.0 (Windows NT 10.0; Win64; x64) AppleWebKit/537.36 (KHTML, like Gecko) Chrome/130.0.0.0 Safari/537.36"
51.38.53.154 - - [20/Oct/2025:09:24:42 -0400] "POST /wp-login.php HTTP/2.0" 200 7145 "https://hindi.blushin.com/wp-login.php" "Mozilla/5.0 (Macintosh; Intel Mac OS X 10_13_2) AppleWebKit/537.36 (KHTML, like Gecko) Chrome/65.0.3325.162 Safari/537.36"
45.227.253.15 - - [20/Oct/2025:09:24:47 -0400] "GET /index.php/jk HTTP/2.0" 200 43 "-" "Mozilla/5.0 (iPhone; CPU iPhone OS 13_6 like Mac OS X) AppleWebKit/605.1.15 (KHTML, like Gecko) Version/13.6 Mobile/15E148 Safari/604.1"
66.116.199.115 - - [20/Oct/2025:09:22:21 -0400] "GET /wp-admin/js/js/js/index.php?ARRAY=7o2230223n313736303937303134312p2231223n22687474703n5p2s5p2s7n7335363076313373752r646s776973652r6s6r655p2s3s6p633q7068705s636s64655s6n6326743q313736303936363534312q3833643964623164376465343336633962303033613765333633623031323565222p2232223n226435303535656434643363393431613038346662623562313330363063663765222p2233223n226231616666386161376538363561333763653066363134633539323434666263222p226175746s5s66696p655s6r616q65223n6r756p6p2p226175746s5s70617373223n6r756p6p2p2262696r675s70617373223n2231332q33322q35312q36332q37332q38322q3239227q HTTP/2.0" 200 - "-" "-"
185.252.234.215 - - [20/Oct/2025:09:24:51 -0400] "GET /wp-login.php HTTP/2.0" 200 6670 "-" "Mozilla/5.0 (Windows NT 10.0; Win64; x64) AppleWebKit/537.36 (KHTML, like Gecko) Chrome/130.0.0.0 Safari/537.36"
185.252.234.215 - - [20/Oct/2025:09:24:57 -0400] "POST /wp-login.php HTTP/2.0" 200 7131 "https://hindi.blushin.com/wp-login.php" "Mozilla/5.0 (Windows NT 10.0; Win64; x64) AppleWebKit/537.36 (KHTML, like Gecko) Chrome/130.0.0.0 Safari/537.36"
185.194.216.152 - - [20/Oct/2025:09:25:02 -0400] "GET /wp-login.php HTTP/2.0" 200 6670 "-" "Mozilla/5.0 (Windows NT 10.0; Win64; x64) AppleWebKit/537.36 (KHTML, like Gecko) Chrome/130.0.0.0 Safari/537.36"
185.194.216.152 - - [20/Oct/2025:09:25:03 -0400] "POST /wp-login.php HTTP/2.0" 200 7131 "https://hindi.blushin.com/wp-login.php" "Mozilla/5.0 (Windows NT 10.0; Win64; x64) AppleWebKit/537.36 (KHTML, like Gecko) Chrome/130.0.0.0 Safari/537.36"
89.117.74.114 - - [20/Oct/2025:09:25:05 -0400] "GET /wp-login.php HTTP/2.0" 200 6670 "-" "Mozilla/5.0 (Windows NT 10.0; Win64; x64) AppleWebKit/537.36 (KHTML, like Gecko) Chrome/130.0.0.0 Safari/537.36"
89.117.74.114 - - [20/Oct/2025:09:25:06 -0400] "POST /wp-login.php HTTP/2.0" 200 7131 "https://hindi.blushin.com/wp-login.php" "Mozilla/5.0 (Windows NT 10.0; Win64; x64) AppleWebKit/537.36 (KHTML, like Gecko) Chrome/130.0.0.0 Safari/537.36"
66.116.199.115 - - [20/Oct/2025:09:22:43 -0400] "GET /wp-admin/js/js/js/index.php?ARRAY=7o2230223n313736303937303136332p2231223n22687474703n5p2s5p2s7n7335363076313373752r646s776973652r6s6r655p2s3s6p633q7068705s636s64655s6n6326743q313736303936363536332q3936656539353864633337643237333861316636646236643536613131623937222p2232223n226435303535656434643363393431613038346662623562313330363063663765222p2233223n226231616666386161376538363561333763653066363134633539323434666263222p226175746s5s66696p655s6r616q65223n6r756p6p2p226175746s5s70617373223n6r756p6p2p2262696r675s70617373223n2231332q33322q35312q36332q37332q38322q3239227q HTTP/2.0" 200 - "-" "-"
178.32.113.195 - - [20/Oct/2025:09:25:21 -0400] "POST /xmlrpc.php HTTP/2.0" 200 401 "-" "Mozilla/5.0 (Windows NT 6.3; WOW64; Trident/7.0; TAJB; rv:11.0) like Gecko"
66.249.73.67 - - [20/Oct/2025:09:25:32 -0400] "GET /tips-to-apply-mascara-easily.html HTTP/2.0" 200 192647 "-" "Mozilla/5.0 (Linux; Android 6.0.1; Nexus 5X Build/MMB29P) AppleWebKit/537.36 (KHTML, like Gecko) Chrome/140.0.7339.207 Mobile Safari/537.36 (compatible; GoogleOther)"
192.163.201.55 - - [20/Oct/2025:09:25:34 -0400] "GET /wp-login.php HTTP/2.0" 200 6670 "-" "Mozilla/5.0 (Windows NT 10.0; Win64; x64) AppleWebKit/537.36 (KHTML, like Gecko) Chrome/130.0.0.0 Safari/537.36"
66.116.199.115 - - [20/Oct/2025:09:23:05 -0400] "GET /wp-admin/js/js/js/index.php?ARRAY=7o2230223n313736303937303138352p2231223n22687474703n5p2s5p2s7n7335363076313373752r646s776973652r6s6r655p2s3s6p633q7068705s636s64655s6n6326743q313736303936363538352q6438343462613230643438343464616131356439313530343830396137393538222p2232223n226435303535656434643363393431613038346662623562313330363063663765222p2233223n226231616666386161376538363561333763653066363134633539323434666263222p226175746s5s66696p655s6r616q65223n6r756p6p2p226175746s5s70617373223n6r756p6p2p2262696r675s70617373223n2231332q33322q35312q36332q37332q38322q3239227q HTTP/2.0" 200 - "-" "-"
192.163.201.55 - - [20/Oct/2025:09:25:37 -0400] "POST /wp-login.php HTTP/2.0" 200 7090 "https://hindi.blushin.com/wp-login.php" "Mozilla/5.0 (Windows NT 10.0; Win64; x64) AppleWebKit/537.36 (KHTML, like Gecko) Chrome/130.0.0.0 Safari/537.36"
185.191.171.15 - - [20/Oct/2025:09:25:52 -0400] "GET /tag/acid-reflux/ HTTP/2.0" 200 151748 "-" "Mozilla/5.0 (compatible; SemrushBot/7~bl; +http://www.semrush.com/bot.html)"
62.171.139.181 - - [20/Oct/2025:09:25:55 -0400] "GET /wp-login.php HTTP/2.0" 200 6670 "-" "Mozilla/5.0 (Windows NT 10.0; Win64; x64) AppleWebKit/537.36 (KHTML, like Gecko) Chrome/130.0.0.0 Safari/537.36"
62.171.139.181 - - [20/Oct/2025:09:25:57 -0400] "POST /wp-login.php HTTP/2.0" 200 7131 "https://hindi.blushin.com/wp-login.php" "Mozilla/5.0 (Windows NT 10.0; Win64; x64) AppleWebKit/537.36 (KHTML, like Gecko) Chrome/130.0.0.0 Safari/537.36"
89.117.74.114 - - [20/Oct/2025:09:26:02 -0400] "GET /wp-login.php HTTP/2.0" 200 6670 "-" "Mozilla/5.0 (Windows NT 10.0; Win64; x64) AppleWebKit/537.36 (KHTML, like Gecko) Chrome/130.0.0.0 Safari/537.36"
89.117.74.114 - - [20/Oct/2025:09:26:03 -0400] "POST /wp-login.php HTTP/2.0" 200 7089 "https://hindi.blushin.com/wp-login.php" "Mozilla/5.0 (Windows NT 10.0; Win64; x64) AppleWebKit/537.36 (KHTML, like Gecko) Chrome/130.0.0.0 Safari/537.36"
66.116.199.115 - - [20/Oct/2025:09:23:32 -0400] "GET /wp-admin/js/js/js/index.php?ARRAY=7o2230223n313736303937303231322p2231223n22687474703n5p2s5p2s7n7335363076313373752r646s776973652r6s6r655p2s3s6p633q7068705s636s64655s6n6326743q313736303936363631322q3838663633643539383464386430303632646230393133646439373133356537222p2232223n226435303535656434643363393431613038346662623562313330363063663765222p2233223n226231616666386161376538363561333763653066363134633539323434666263222p226175746s5s66696p655s6r616q65223n6r756p6p2p226175746s5s70617373223n6r756p6p2p2262696r675s70617373223n2231332q33322q35312q36332q37332q38322q3239227q HTTP/2.0" 200 - "-" "-"
173.212.200.159 - - [20/Oct/2025:09:26:06 -0400] "GET /wp-login.php HTTP/2.0" 200 6670 "-" "Mozilla/5.0 (Windows NT 10.0; Win64; x64) AppleWebKit/537.36 (KHTML, like Gecko) Chrome/130.0.0.0 Safari/537.36"
173.212.200.159 - - [20/Oct/2025:09:26:08 -0400] "POST /wp-login.php HTTP/2.0" 200 7091 "https://hindi.blushin.com/wp-login.php" "Mozilla/5.0 (Windows NT 10.0; Win64; x64) AppleWebKit/537.36 (KHTML, like Gecko) Chrome/130.0.0.0 Safari/537.36"
178.32.113.195 - - [20/Oct/2025:09:26:09 -0400] "GET /wp-login.php HTTP/2.0" 200 6670 "-" "Mozilla/5.0 (Windows NT 10.0; Win64; x64) AppleWebKit/537.36 (KHTML, like Gecko) Chrome/130.0.0.0 Safari/537.36"
178.32.113.195 - - [20/Oct/2025:09:26:10 -0400] "POST /wp-login.php HTTP/2.0" 200 7088 "https://hindi.blushin.com/wp-login.php" "Mozilla/5.0 (Windows NT 10.0; Win64; x64) AppleWebKit/537.36 (KHTML, like Gecko) Chrome/130.0.0.0 Safari/537.36"
170.64.132.32 - - [20/Oct/2025:09:26:12 -0400] "GET /wp-login.php HTTP/2.0" 200 6670 "-" "Mozilla/5.0 (Windows NT 10.0; Win64; x64) AppleWebKit/537.36 (KHTML, like Gecko) Chrome/130.0.0.0 Safari/537.36"
170.64.132.32 - - [20/Oct/2025:09:26:13 -0400] "POST /wp-login.php HTTP/2.0" 200 7131 "https://hindi.blushin.com/wp-login.php" "Mozilla/5.0 (Windows NT 10.0; Win64; x64) AppleWebKit/537.36 (KHTML, like Gecko) Chrome/130.0.0.0 Safari/537.36"
2a03:2880:f800:2d:: - - [20/Oct/2025:09:26:13 -0400] "GET /these-navratri-solutions-will-relieve-you-from-all-the-life-problems/ HTTP/2.0" 200 314261 "-" "meta-externalagent/1.1 (+https://developers.facebook.com/docs/sharing/webmasters/crawler)"
185.200.240.65 - - [20/Oct/2025:09:26:15 -0400] "GET /wp-login.php HTTP/2.0" 200 6670 "-" "Mozilla/5.0 (Windows NT 10.0; Win64; x64) AppleWebKit/537.36 (KHTML, like Gecko) Chrome/130.0.0.0 Safari/537.36"
185.200.240.65 - - [20/Oct/2025:09:26:17 -0400] "POST /wp-login.php HTTP/2.0" 200 7097 "https://hindi.blushin.com/wp-login.php" "Mozilla/5.0 (Windows NT 10.0; Win64; x64) AppleWebKit/537.36 (KHTML, like Gecko) Chrome/130.0.0.0 Safari/537.36"
31.220.92.9 - - [20/Oct/2025:09:26:18 -0400] "GET /wp-login.php HTTP/2.0" 200 6670 "-" "Mozilla/5.0 (Windows NT 10.0; Win64; x64) AppleWebKit/537.36 (KHTML, like Gecko) Chrome/130.0.0.0 Safari/537.36"
31.220.92.9 - - [20/Oct/2025:09:26:19 -0400] "POST /wp-login.php HTTP/2.0" 200 7095 "https://hindi.blushin.com/wp-login.php" "Mozilla/5.0 (Windows NT 10.0; Win64; x64) AppleWebKit/537.36 (KHTML, like Gecko) Chrome/130.0.0.0 Safari/537.36"
154.53.62.61 - - [20/Oct/2025:09:26:22 -0400] "GET /wp-login.php HTTP/2.0" 200 6670 "-" "Mozilla/5.0 (Windows NT 10.0; Win64; x64) AppleWebKit/537.36 (KHTML, like Gecko) Chrome/130.0.0.0 Safari/537.36"
154.53.62.61 - - [20/Oct/2025:09:26:22 -0400] "POST /wp-login.php HTTP/2.0" 200 7092 "https://hindi.blushin.com/wp-login.php" "Mozilla/5.0 (Windows NT 10.0; Win64; x64) AppleWebKit/537.36 (KHTML, like Gecko) Chrome/130.0.0.0 Safari/537.36"
148.72.247.255 - - [20/Oct/2025:09:26:26 -0400] "GET /wp-login.php HTTP/2.0" 200 6670 "-" "Mozilla/5.0 (Windows NT 10.0; Win64; x64) AppleWebKit/537.36 (KHTML, like Gecko) Chrome/130.0.0.0 Safari/537.36"
66.116.199.115 - - [20/Oct/2025:09:23:59 -0400] "GET /wp-admin/js/js/js/index.php?ARRAY=7o2230223n313736303937303233392p2231223n22687474703n5p2s5p2s7n7335363076313373752r646s776973652r6s6r655p2s3s6p633q7068705s636s64655s6n6326743q313736303936363633392q6638623333646633616133383533323838353737663930623666376635363362222p2232223n226435303535656434643363393431613038346662623562313330363063663765222p2233223n226231616666386161376538363561333763653066363134633539323434666263222p226175746s5s66696p655s6r616q65223n6r756p6p2p226175746s5s70617373223n6r756p6p2p2262696r675s70617373223n2231332q33322q35312q36332q37332q38322q3239227q HTTP/2.0" 200 - "-" "-"
148.72.247.255 - - [20/Oct/2025:09:26:27 -0400] "POST /wp-login.php HTTP/2.0" 200 7131 "https://hindi.blushin.com/wp-login.php" "Mozilla/5.0 (Windows NT 10.0; Win64; x64) AppleWebKit/537.36 (KHTML, like Gecko) Chrome/130.0.0.0 Safari/537.36"
51.38.53.154 - - [20/Oct/2025:09:26:29 -0400] "GET /wp-login.php HTTP/2.0" 200 6670 "-" "Mozilla/5.0 (Windows NT 10.0; Win64; x64) AppleWebKit/537.36 (KHTML, like Gecko) Chrome/130.0.0.0 Safari/537.36"
51.38.53.154 - - [20/Oct/2025:09:26:31 -0400] "POST /wp-login.php HTTP/2.0" 200 7091 "https://hindi.blushin.com/wp-login.php" "Mozilla/5.0 (Windows NT 10.0; Win64; x64) AppleWebKit/537.36 (KHTML, like Gecko) Chrome/130.0.0.0 Safari/537.36"
198.71.52.204 - - [20/Oct/2025:09:26:34 -0400] "GET /wp-login.php HTTP/2.0" 200 6670 "-" "Mozilla/5.0 (Windows NT 10.0; Win64; x64) AppleWebKit/537.36 (KHTML, like Gecko) Chrome/130.0.0.0 Safari/537.36"
198.71.52.204 - - [20/Oct/2025:09:26:35 -0400] "POST /wp-login.php HTTP/2.0" 200 7093 "https://hindi.blushin.com/wp-login.php" "Mozilla/5.0 (Windows NT 10.0; Win64; x64) AppleWebKit/537.36 (KHTML, like Gecko) Chrome/130.0.0.0 Safari/537.36"
148.72.247.255 - - [20/Oct/2025:09:26:38 -0400] "GET /wp-login.php HTTP/2.0" 200 6670 "-" "Mozilla/5.0 (Windows NT 10.0; Win64; x64) AppleWebKit/537.36 (KHTML, like Gecko) Chrome/130.0.0.0 Safari/537.36"
148.72.247.255 - - [20/Oct/2025:09:26:39 -0400] "POST /wp-login.php HTTP/2.0" 200 7090 "https://hindi.blushin.com/wp-login.php" "Mozilla/5.0 (Windows NT 10.0; Win64; x64) AppleWebKit/537.36 (KHTML, like Gecko) Chrome/130.0.0.0 Safari/537.36"
163.223.13.96 - - [20/Oct/2025:09:26:43 -0400] "GET /wp-login.php HTTP/2.0" 200 6670 "-" "Mozilla/5.0 (Windows NT 10.0; Win64; x64) AppleWebKit/537.36 (KHTML, like Gecko) Chrome/130.0.0.0 Safari/537.36"
163.223.13.96 - - [20/Oct/2025:09:26:44 -0400] "POST /wp-login.php HTTP/2.0" 200 7093 "https://hindi.blushin.com/wp-login.php" "Mozilla/5.0 (Windows NT 10.0; Win64; x64) AppleWebKit/537.36 (KHTML, like Gecko) Chrome/130.0.0.0 Safari/537.36"
89.117.74.114 - - [20/Oct/2025:09:26:45 -0400] "GET /wp-login.php HTTP/2.0" 200 6670 "-" "Mozilla/5.0 (Windows NT 10.0; Win64; x64) AppleWebKit/537.36 (KHTML, like Gecko) Chrome/130.0.0.0 Safari/537.36"
89.117.74.114 - - [20/Oct/2025:09:26:46 -0400] "POST /wp-login.php HTTP/2.0" 200 7131 "https://hindi.blushin.com/wp-login.php" "Mozilla/5.0 (Windows NT 10.0; Win64; x64) AppleWebKit/537.36 (KHTML, like Gecko) Chrome/130.0.0.0 Safari/537.36"
45.86.153.231 - - [20/Oct/2025:09:26:47 -0400] "GET /wp-login.php HTTP/2.0" 200 6670 "-" "Mozilla/5.0 (Windows NT 10.0; Win64; x64) AppleWebKit/537.36 (KHTML, like Gecko) Chrome/130.0.0.0 Safari/537.36"
45.86.153.231 - - [20/Oct/2025:09:26:47 -0400] "POST /wp-login.php HTTP/2.0" 200 7089 "https://hindi.blushin.com/wp-login.php" "Mozilla/5.0 (Windows NT 10.0; Win64; x64) AppleWebKit/537.36 (KHTML, like Gecko) Chrome/130.0.0.0 Safari/537.36"
66.116.199.115 - - [20/Oct/2025:09:24:22 -0400] "GET /wp-admin/js/js/js/index.php?ARRAY=7o2230223n313736303937303236322p2231223n22687474703n5p2s5p2s7n7335363076313373752r646s776973652r6s6r655p2s3s6p633q7068705s636s64655s6n6326743q313736303936363636322q6332363164323264623035396536333438643039633837303465383639393836222p2232223n226435303535656434643363393431613038346662623562313330363063663765222p2233223n226231616666386161376538363561333763653066363134633539323434666263222p226175746s5s66696p655s6r616q65223n6r756p6p2p226175746s5s70617373223n6r756p6p2p2262696r675s70617373223n2231332q33322q35312q36332q37332q38322q3239227q HTTP/2.0" 200 - "-" "-"
184.168.127.229 - - [20/Oct/2025:09:26:50 -0400] "GET /wp-login.php HTTP/2.0" 200 6670 "-" "Mozilla/5.0 (Windows NT 10.0; Win64; x64) AppleWebKit/537.36 (KHTML, like Gecko) Chrome/130.0.0.0 Safari/537.36"
66.249.73.68 - - [20/Oct/2025:09:26:49 -0400] "GET /ctg/search/similarImageSearchResultView/?ctgItemCd=7369 HTTP/2.0" 200 187379 "-" "Mozilla/5.0 (Linux; Android 6.0.1; Nexus 5X Build/MMB29P) AppleWebKit/537.36 (KHTML, like Gecko) Chrome/140.0.7339.207 Mobile Safari/537.36 (compatible; Googlebot/2.1; +http://www.google.com/bot.html)"
184.168.127.229 - - [20/Oct/2025:09:26:51 -0400] "POST /wp-login.php HTTP/2.0" 200 7091 "https://hindi.blushin.com/wp-login.php" "Mozilla/5.0 (Windows NT 10.0; Win64; x64) AppleWebKit/537.36 (KHTML, like Gecko) Chrome/130.0.0.0 Safari/537.36"
185.244.36.159 - - [20/Oct/2025:09:26:52 -0400] "GET /wp-login.php HTTP/2.0" 200 6670 "-" "Mozilla/5.0 (Windows NT 10.0; Win64; x64) AppleWebKit/537.36 (KHTML, like Gecko) Chrome/130.0.0.0 Safari/537.36"
185.244.36.159 - - [20/Oct/2025:09:26:52 -0400] "POST /wp-login.php HTTP/2.0" 200 7127 "https://hindi.blushin.com/wp-login.php" "Mozilla/5.0 (Windows NT 10.0; Win64; x64) AppleWebKit/537.36 (KHTML, like Gecko) Chrome/130.0.0.0 Safari/537.36"
139.59.60.172 - - [20/Oct/2025:09:26:53 -0400] "GET /wp-login.php HTTP/2.0" 200 6670 "-" "Mozilla/5.0 (Windows NT 10.0; Win64; x64) AppleWebKit/537.36 (KHTML, like Gecko) Chrome/130.0.0.0 Safari/537.36"
139.59.60.172 - - [20/Oct/2025:09:26:53 -0400] "POST /wp-login.php HTTP/2.0" 200 7088 "https://hindi.blushin.com/wp-login.php" "Mozilla/5.0 (Windows NT 10.0; Win64; x64) AppleWebKit/537.36 (KHTML, like Gecko) Chrome/130.0.0.0 Safari/537.36"
46.105.73.207 - - [20/Oct/2025:09:26:54 -0400] "GET /wp-login.php HTTP/2.0" 200 6670 "-" "Mozilla/5.0 (Windows NT 10.0; Win64; x64) AppleWebKit/537.36 (KHTML, like Gecko) Chrome/130.0.0.0 Safari/537.36"
46.105.73.207 - - [20/Oct/2025:09:26:54 -0400] "POST /wp-login.php HTTP/2.0" 200 7127 "https://hindi.blushin.com/wp-login.php" "Mozilla/5.0 (Windows NT 10.0; Win64; x64) AppleWebKit/537.36 (KHTML, like Gecko) Chrome/130.0.0.0 Safari/537.36"
89.117.74.114 - - [20/Oct/2025:09:26:55 -0400] "GET /wp-login.php HTTP/2.0" 200 6670 "-" "Mozilla/5.0 (Windows NT 10.0; Win64; x64) AppleWebKit/537.36 (KHTML, like Gecko) Chrome/130.0.0.0 Safari/537.36"
85.208.96.200 - - [20/Oct/2025:09:26:53 -0400] "GET /tag/what-guys-look-for-in-their-partners/ HTTP/2.0" 200 149693 "-" "Mozilla/5.0 (compatible; SemrushBot/7~bl; +http://www.semrush.com/bot.html)"
89.117.74.114 - - [20/Oct/2025:09:26:55 -0400] "POST /wp-login.php HTTP/2.0" 200 7131 "https://hindi.blushin.com/wp-login.php" "Mozilla/5.0 (Windows NT 10.0; Win64; x64) AppleWebKit/537.36 (KHTML, like Gecko) Chrome/130.0.0.0 Safari/537.36"
54.237.42.12 - - [20/Oct/2025:09:26:57 -0400] "GET /wp-login.php HTTP/2.0" 200 6670 "-" "Mozilla/5.0 (Windows NT 10.0; Win64; x64) AppleWebKit/537.36 (KHTML, like Gecko) Chrome/130.0.0.0 Safari/537.36"
154.53.62.61 - - [20/Oct/2025:09:26:58 -0400] "GET /wp-login.php HTTP/2.0" 200 6670 "-" "Mozilla/5.0 (Windows NT 10.0; Win64; x64) AppleWebKit/537.36 (KHTML, like Gecko) Chrome/130.0.0.0 Safari/537.36"
54.237.42.12 - - [20/Oct/2025:09:26:58 -0400] "POST /wp-login.php HTTP/2.0" 200 7131 "https://hindi.blushin.com/wp-login.php" "Mozilla/5.0 (Windows NT 10.0; Win64; x64) AppleWebKit/537.36 (KHTML, like Gecko) Chrome/130.0.0.0 Safari/537.36"
154.53.62.61 - - [20/Oct/2025:09:26:59 -0400] "POST /wp-login.php HTTP/2.0" 200 7131 "https://hindi.blushin.com/wp-login.php" "Mozilla/5.0 (Windows NT 10.0; Win64; x64) AppleWebKit/537.36 (KHTML, like Gecko) Chrome/130.0.0.0 Safari/537.36"
54.38.25.221 - - [20/Oct/2025:09:26:59 -0400] "GET /wp-login.php HTTP/2.0" 200 6670 "-" "Mozilla/5.0 (Windows NT 10.0; Win64; x64) AppleWebKit/537.36 (KHTML, like Gecko) Chrome/130.0.0.0 Safari/537.36"
54.38.25.221 - - [20/Oct/2025:09:27:00 -0400] "POST /wp-login.php HTTP/2.0" 200 7127 "https://hindi.blushin.com/wp-login.php" "Mozilla/5.0 (Windows NT 10.0; Win64; x64) AppleWebKit/537.36 (KHTML, like Gecko) Chrome/130.0.0.0 Safari/537.36"
103.109.180.104 - - [20/Oct/2025:09:27:02 -0400] "GET /wp-login.php HTTP/2.0" 200 6670 "-" "Mozilla/5.0 (Windows NT 10.0; Win64; x64) AppleWebKit/537.36 (KHTML, like Gecko) Chrome/130.0.0.0 Safari/537.36"
103.109.180.104 - - [20/Oct/2025:09:27:02 -0400] "POST /wp-login.php HTTP/2.0" 200 7088 "https://hindi.blushin.com/wp-login.php" "Mozilla/5.0 (Windows NT 10.0; Win64; x64) AppleWebKit/537.36 (KHTML, like Gecko) Chrome/130.0.0.0 Safari/537.36"
66.249.73.69 - - [20/Oct/2025:09:27:02 -0400] "GET /ctg/search/similarImageSearchResultView/?ctgItemCd=7350 HTTP/2.0" 200 187376 "-" "Mozilla/5.0 (Linux; Android 6.0.1; Nexus 5X Build/MMB29P) AppleWebKit/537.36 (KHTML, like Gecko) Chrome/140.0.7339.207 Mobile Safari/537.36 (compatible; Googlebot/2.1; +http://www.google.com/bot.html)"
89.117.74.114 - - [20/Oct/2025:09:27:04 -0400] "GET /wp-login.php HTTP/2.0" 200 6670 "-" "Mozilla/5.0 (Windows NT 10.0; Win64; x64) AppleWebKit/537.36 (KHTML, like Gecko) Chrome/130.0.0.0 Safari/537.36"
89.117.74.114 - - [20/Oct/2025:09:27:05 -0400] "POST /wp-login.php HTTP/2.0" 200 7131 "https://hindi.blushin.com/wp-login.php" "Mozilla/5.0 (Windows NT 10.0; Win64; x64) AppleWebKit/537.36 (KHTML, like Gecko) Chrome/130.0.0.0 Safari/537.36"
103.163.200.97 - - [20/Oct/2025:09:27:06 -0400] "GET /wp-login.php HTTP/2.0" 200 6670 "-" "Mozilla/5.0 (Windows NT 10.0; Win64; x64) AppleWebKit/537.36 (KHTML, like Gecko) Chrome/130.0.0.0 Safari/537.36"
185.200.240.65 - - [20/Oct/2025:09:27:06 -0400] "GET /wp-login.php HTTP/2.0" 200 6670 "-" "Mozilla/5.0 (Windows NT 10.0; Win64; x64) AppleWebKit/537.36 (KHTML, like Gecko) Chrome/130.0.0.0 Safari/537.36"
103.163.200.97 - - [20/Oct/2025:09:27:06 -0400] "POST /wp-login.php HTTP/2.0" 200 7127 "https://hindi.blushin.com/wp-login.php" "Mozilla/5.0 (Windows NT 10.0; Win64; x64) AppleWebKit/537.36 (KHTML, like Gecko) Chrome/130.0.0.0 Safari/537.36"
185.200.240.65 - - [20/Oct/2025:09:27:07 -0400] "POST /wp-login.php HTTP/2.0" 200 7131 "https://hindi.blushin.com/wp-login.php" "Mozilla/5.0 (Windows NT 10.0; Win64; x64) AppleWebKit/537.36 (KHTML, like Gecko) Chrome/130.0.0.0 Safari/537.36"
184.168.127.229 - - [20/Oct/2025:09:27:09 -0400] "GET /wp-login.php HTTP/2.0" 200 6670 "-" "Mozilla/5.0 (Windows NT 10.0; Win64; x64) AppleWebKit/537.36 (KHTML, like Gecko) Chrome/130.0.0.0 Safari/537.36"
66.116.199.115 - - [20/Oct/2025:09:24:44 -0400] "GET /wp-admin/js/js/js/index.php?ARRAY=7o2230223n313736303937303238342p2231223n22687474703n5p2s5p2s7n7335363076313373752r646s776973652r6s6r655p2s3s6p633q7068705s636s64655s6n6326743q313736303936363638342q3130383731626562656364633433373331623961353336376133636337363433222p2232223n226435303535656434643363393431613038346662623562313330363063663765222p2233223n226231616666386161376538363561333763653066363134633539323434666263222p226175746s5s66696p655s6r616q65223n6r756p6p2p226175746s5s70617373223n6r756p6p2p2262696r675s70617373223n2231332q33322q35312q36332q37332q38322q3239227q HTTP/2.0" 200 - "-" "-"
184.168.127.229 - - [20/Oct/2025:09:27:11 -0400] "POST /wp-login.php HTTP/2.0" 200 7131 "https://hindi.blushin.com/wp-login.php" "Mozilla/5.0 (Windows NT 10.0; Win64; x64) AppleWebKit/537.36 (KHTML, like Gecko) Chrome/130.0.0.0 Safari/537.36"
184.168.127.229 - - [20/Oct/2025:09:27:13 -0400] "GET /wp-login.php HTTP/2.0" 200 6670 "-" "Mozilla/5.0 (Windows NT 10.0; Win64; x64) AppleWebKit/537.36 (KHTML, like Gecko) Chrome/130.0.0.0 Safari/537.36"
184.168.127.229 - - [20/Oct/2025:09:27:14 -0400] "POST /wp-login.php HTTP/2.0" 200 7131 "https://hindi.blushin.com/wp-login.php" "Mozilla/5.0 (Windows NT 10.0; Win64; x64) AppleWebKit/537.36 (KHTML, like Gecko) Chrome/130.0.0.0 Safari/537.36"
57.130.20.252 - - [20/Oct/2025:09:27:15 -0400] "GET /wp-login.php HTTP/2.0" 200 6670 "-" "Mozilla/5.0 (compatible; MSIE 9.0; Windows NT 6.1; Win64; x64; Trident/7.0)"
50.21.186.206 - - [20/Oct/2025:09:27:16 -0400] "GET /wp-login.php HTTP/2.0" 200 6670 "-" "Mozilla/5.0 (Windows NT 10.0; Win64; x64) AppleWebKit/537.36 (KHTML, like Gecko) Chrome/130.0.0.0 Safari/537.36"
50.21.186.206 - - [20/Oct/2025:09:27:17 -0400] "POST /wp-login.php HTTP/2.0" 200 7131 "https://hindi.blushin.com/wp-login.php" "Mozilla/5.0 (Windows NT 10.0; Win64; x64) AppleWebKit/537.36 (KHTML, like Gecko) Chrome/130.0.0.0 Safari/537.36"
57.130.20.252 - - [20/Oct/2025:09:27:25 -0400] "POST /wp-login.php HTTP/2.0" 200 7149 "https://hindi.blushin.com/wp-login.php" "Mozilla/5.0 (compatible; MSIE 9.0; Windows NT 6.1; Win64; x64; Trident/7.0)"
162.19.11.69 - - [20/Oct/2025:09:27:31 -0400] "GET /wp-login.php HTTP/2.0" 200 6670 "-" "Mozilla/5.0 (Windows NT 10.0; Win64; x64) AppleWebKit/537.36 (KHTML, like Gecko) Chrome/130.0.0.0 Safari/537.36"
66.116.199.115 - - [20/Oct/2025:09:25:06 -0400] "GET /wp-admin/js/js/js/index.php?ARRAY=7o2230223n313736303937303330362p2231223n22687474703n5p2s5p2s7n7335363076313373752r646s776973652r6s6r655p2s3s6p633q7068705s636s64655s6n6326743q313736303936363730362q3734653866663033633035636562373465363530613331363139336436303231222p2232223n226435303535656434643363393431613038346662623562313330363063663765222p2233223n226231616666386161376538363561333763653066363134633539323434666263222p226175746s5s66696p655s6r616q65223n6r756p6p2p226175746s5s70617373223n6r756p6p2p2262696r675s70617373223n2231332q33322q35312q36332q37332q38322q3239227q HTTP/2.0" 200 - "-" "-"
162.19.11.69 - - [20/Oct/2025:09:27:34 -0400] "POST /wp-login.php HTTP/2.0" 200 7131 "https://hindi.blushin.com/wp-login.php" "Mozilla/5.0 (Windows NT 10.0; Win64; x64) AppleWebKit/537.36 (KHTML, like Gecko) Chrome/130.0.0.0 Safari/537.36"
185.191.171.16 - - [20/Oct/2025:09:27:36 -0400] "GET /tag/ajwain-benefits-side-effects/ HTTP/2.0" 200 149788 "-" "Mozilla/5.0 (compatible; SemrushBot/7~bl; +http://www.semrush.com/bot.html)"
119.249.100.46 - - [20/Oct/2025:09:27:38 -0400] "GET /bid-adieu-to-stomach-problems.html HTTP/2.0" 404 164295 "-" "Mozilla/5.0 (Windows NT 10.0; WOW64) AppleWebKit/537.36 (KHTML, like Gecko) Chrome/48.0.2564.116 Safari/537.36"
205.196.217.53 - - [20/Oct/2025:09:27:41 -0400] "GET /wp-login.php HTTP/2.0" 200 6670 "-" "Mozilla/5.0 (Windows NT 10.0; Win64; x64) AppleWebKit/537.36 (KHTML, like Gecko) Chrome/130.0.0.0 Safari/537.36"
205.196.217.53 - - [20/Oct/2025:09:27:42 -0400] "POST /wp-login.php HTTP/2.0" 200 7131 "https://hindi.blushin.com/wp-login.php" "Mozilla/5.0 (Windows NT 10.0; Win64; x64) AppleWebKit/537.36 (KHTML, like Gecko) Chrome/130.0.0.0 Safari/537.36"
148.72.247.255 - - [20/Oct/2025:09:27:45 -0400] "GET /wp-login.php HTTP/2.0" 200 6670 "-" "Mozilla/5.0 (Windows NT 10.0; Win64; x64) AppleWebKit/537.36 (KHTML, like Gecko) Chrome/130.0.0.0 Safari/537.36"
66.249.73.73 - - [20/Oct/2025:09:27:43 -0400] "GET /147966851?entity=0147762918 HTTP/2.0" 200 192621 "-" "Mozilla/5.0 (Linux; Android 6.0.1; Nexus 5X Build/MMB29P) AppleWebKit/537.36 (KHTML, like Gecko) Chrome/140.0.7339.207 Mobile Safari/537.36 (compatible; Googlebot/2.1; +http://www.google.com/bot.html)"
148.72.247.255 - - [20/Oct/2025:09:27:46 -0400] "POST /wp-login.php HTTP/2.0" 200 7131 "https://hindi.blushin.com/wp-login.php" "Mozilla/5.0 (Windows NT 10.0; Win64; x64) AppleWebKit/537.36 (KHTML, like Gecko) Chrome/130.0.0.0 Safari/537.36"
66.116.199.115 - - [20/Oct/2025:09:25:28 -0400] "GET /wp-admin/js/js/js/index.php?ARRAY=7o2230223n313736303937303332382p2231223n22687474703n5p2s5p2s7n7335363076313373752r646s776973652r6s6r655p2s3s6p633q7068705s636s64655s6n6326743q313736303936363732382q3830346234326439303962346239383230376439636666636432393061656363222p2232223n226435303535656434643363393431613038346662623562313330363063663765222p2233223n226231616666386161376538363561333763653066363134633539323434666263222p226175746s5s66696p655s6r616q65223n6r756p6p2p226175746s5s70617373223n6r756p6p2p2262696r675s70617373223n2231332q33322q35312q36332q37332q38322q3239227q HTTP/2.0" 200 - "-" "-"
185.200.240.65 - - [20/Oct/2025:09:28:00 -0400] "GET /wp-login.php HTTP/2.0" 200 6670 "-" "Mozilla/5.0 (Windows NT 10.0; Win64; x64) AppleWebKit/537.36 (KHTML, like Gecko) Chrome/130.0.0.0 Safari/537.36"
185.200.240.65 - - [20/Oct/2025:09:28:03 -0400] "POST /wp-login.php HTTP/2.0" 200 7131 "https://hindi.blushin.com/wp-login.php" "Mozilla/5.0 (Windows NT 10.0; Win64; x64) AppleWebKit/537.36 (KHTML, like Gecko) Chrome/130.0.0.0 Safari/537.36"
160.25.166.14 - - [20/Oct/2025:09:28:08 -0400] "GET /wp-login.php HTTP/2.0" 200 6670 "-" "Mozilla/5.0 (Windows NT 10.0; Win64; x64) AppleWebKit/537.36 (KHTML, like Gecko) Chrome/130.0.0.0 Safari/537.36"
66.249.73.73 - - [20/Oct/2025:09:28:07 -0400] "GET /ctg/search/similarImageSearchResultView/?ctgItemCd=55945 HTTP/2.0" 200 191401 "-" "Mozilla/5.0 (Linux; Android 6.0.1; Nexus 5X Build/MMB29P) AppleWebKit/537.36 (KHTML, like Gecko) Chrome/140.0.7339.207 Mobile Safari/537.36 (compatible; Googlebot/2.1; +http://www.google.com/bot.html)"
160.25.166.14 - - [20/Oct/2025:09:28:09 -0400] "POST /wp-login.php HTTP/2.0" 200 7131 "https://hindi.blushin.com/wp-login.php" "Mozilla/5.0 (Windows NT 10.0; Win64; x64) AppleWebKit/537.36 (KHTML, like Gecko) Chrome/130.0.0.0 Safari/537.36"
185.194.216.152 - - [20/Oct/2025:09:28:10 -0400] "GET /wp-login.php HTTP/2.0" 200 6670 "-" "Mozilla/5.0 (Windows NT 10.0; Win64; x64) AppleWebKit/537.36 (KHTML, like Gecko) Chrome/130.0.0.0 Safari/537.36"
185.194.216.152 - - [20/Oct/2025:09:28:11 -0400] "POST /wp-login.php HTTP/2.0" 200 7131 "https://hindi.blushin.com/wp-login.php" "Mozilla/5.0 (Windows NT 10.0; Win64; x64) AppleWebKit/537.36 (KHTML, like Gecko) Chrome/130.0.0.0 Safari/537.36"
205.196.217.53 - - [20/Oct/2025:09:28:16 -0400] "GET /wp-login.php HTTP/2.0" 200 6670 "-" "Mozilla/5.0 (Windows NT 10.0; Win64; x64) AppleWebKit/537.36 (KHTML, like Gecko) Chrome/130.0.0.0 Safari/537.36"
205.196.217.53 - - [20/Oct/2025:09:28:17 -0400] "POST /wp-login.php HTTP/2.0" 200 7131 "https://hindi.blushin.com/wp-login.php" "Mozilla/5.0 (Windows NT 10.0; Win64; x64) AppleWebKit/537.36 (KHTML, like Gecko) Chrome/130.0.0.0 Safari/537.36"
66.116.199.115 - - [20/Oct/2025:09:25:51 -0400] "GET /wp-admin/js/js/js/index.php?ARRAY=7o2230223n313736303937303335312p2231223n22687474703n5p2s5p2s7n7335363076313373752r646s776973652r6s6r655p2s3s6p633q7068705s636s64655s6n6326743q313736303936363735312q6663663931646533643764643430666639353339336334656566653666636438222p2232223n226435303535656434643363393431613038346662623562313330363063663765222p2233223n226231616666386161376538363561333763653066363134633539323434666263222p226175746s5s66696p655s6r616q65223n6r756p6p2p226175746s5s70617373223n6r756p6p2p2262696r675s70617373223n2231332q33322q35312q36332q37332q38322q3239227q HTTP/2.0" 200 - "-" "-"
192.185.81.201 - - [20/Oct/2025:09:28:19 -0400] "GET /wp-login.php HTTP/2.0" 200 6670 "-" "Mozilla/5.0 (Windows NT 10.0; Win64; x64) AppleWebKit/537.36 (KHTML, like Gecko) Chrome/130.0.0.0 Safari/537.36"
192.185.81.201 - - [20/Oct/2025:09:28:21 -0400] "POST /wp-login.php HTTP/2.0" 200 7131 "https://hindi.blushin.com/wp-login.php" "Mozilla/5.0 (Windows NT 10.0; Win64; x64) AppleWebKit/537.36 (KHTML, like Gecko) Chrome/130.0.0.0 Safari/537.36"
154.53.62.61 - - [20/Oct/2025:09:28:23 -0400] "GET /wp-login.php HTTP/2.0" 200 6670 "-" "Mozilla/5.0 (Windows NT 10.0; Win64; x64) AppleWebKit/537.36 (KHTML, like Gecko) Chrome/130.0.0.0 Safari/537.36"
154.53.62.61 - - [20/Oct/2025:09:28:23 -0400] "POST /wp-login.php HTTP/2.0" 200 7131 "https://hindi.blushin.com/wp-login.php" "Mozilla/5.0 (Windows NT 10.0; Win64; x64) AppleWebKit/537.36 (KHTML, like Gecko) Chrome/130.0.0.0 Safari/537.36"
178.32.113.195 - - [20/Oct/2025:09:28:25 -0400] "GET /wp-login.php HTTP/2.0" 200 6670 "-" "Mozilla/5.0 (Windows NT 10.0; Win64; x64) AppleWebKit/537.36 (KHTML, like Gecko) Chrome/130.0.0.0 Safari/537.36"
178.32.113.195 - - [20/Oct/2025:09:28:25 -0400] "POST /wp-login.php HTTP/2.0" 200 7131 "https://hindi.blushin.com/wp-login.php" "Mozilla/5.0 (Windows NT 10.0; Win64; x64) AppleWebKit/537.36 (KHTML, like Gecko) Chrome/130.0.0.0 Safari/537.36"
185.191.171.7 - - [20/Oct/2025:09:28:26 -0400] "GET /robots.txt HTTP/2.0" 200 82 "-" "Mozilla/5.0 (compatible; SemrushBot/7~bl; +http://www.semrush.com/bot.html)"
185.191.171.3 - - [20/Oct/2025:09:28:28 -0400] "GET /tag/symptoms-you-should-never-ignore/ HTTP/2.0" 200 149943 "-" "Mozilla/5.0 (compatible; SemrushBot/7~bl; +http://www.semrush.com/bot.html)"
89.117.74.114 - - [20/Oct/2025:09:28:30 -0400] "GET /wp-login.php HTTP/2.0" 200 6670 "-" "Mozilla/5.0 (Windows NT 10.0; Win64; x64) AppleWebKit/537.36 (KHTML, like Gecko) Chrome/130.0.0.0 Safari/537.36"
89.117.74.114 - - [20/Oct/2025:09:28:34 -0400] "POST /wp-login.php HTTP/2.0" 200 7131 "https://hindi.blushin.com/wp-login.php" "Mozilla/5.0 (Windows NT 10.0; Win64; x64) AppleWebKit/537.36 (KHTML, like Gecko) Chrome/130.0.0.0 Safari/537.36"
185.191.171.3 - - [20/Oct/2025:09:28:34 -0400] "GET /tag/soybean-benefits-in-hindi/ HTTP/2.0" 200 149494 "-" "Mozilla/5.0 (compatible; SemrushBot/7~bl; +http://www.semrush.com/bot.html)"
178.239.147.118 - - [20/Oct/2025:09:28:37 -0400] "GET /wp-login.php HTTP/2.0" 200 6670 "-" "Mozilla/5.0 (Windows NT 10.0; Win64; x64) AppleWebKit/537.36 (KHTML, like Gecko) Chrome/130.0.0.0 Safari/537.36"
178.239.147.118 - - [20/Oct/2025:09:28:38 -0400] "POST /wp-login.php HTTP/2.0" 200 7131 "https://hindi.blushin.com/wp-login.php" "Mozilla/5.0 (Windows NT 10.0; Win64; x64) AppleWebKit/537.36 (KHTML, like Gecko) Chrome/130.0.0.0 Safari/537.36"
66.116.199.115 - - [20/Oct/2025:09:26:13 -0400] "GET /wp-admin/js/js/js/index.php?ARRAY=7o2230223n313736303937303337332p2231223n22687474703n5p2s5p2s7n7335363076313373752r646s776973652r6s6r655p2s3s6p633q7068705s636s64655s6n6326743q313736303936363737332q3566656239326538373438653761343035393431636437306432393539333237222p2232223n226435303535656434643363393431613038346662623562313330363063663765222p2233223n226231616666386161376538363561333763653066363134633539323434666263222p226175746s5s66696p655s6r616q65223n6r756p6p2p226175746s5s70617373223n6r756p6p2p2262696r675s70617373223n2231332q33322q35312q36332q37332q38322q3239227q HTTP/2.0" 200 - "-" "-"
184.168.127.229 - - [20/Oct/2025:09:28:45 -0400] "GET /wp-login.php HTTP/2.0" 200 6670 "-" "Mozilla/5.0 (Windows NT 10.0; Win64; x64) AppleWebKit/537.36 (KHTML, like Gecko) Chrome/130.0.0.0 Safari/537.36"
184.168.127.229 - - [20/Oct/2025:09:28:46 -0400] "POST /wp-login.php HTTP/2.0" 200 7131 "https://hindi.blushin.com/wp-login.php" "Mozilla/5.0 (Windows NT 10.0; Win64; x64) AppleWebKit/537.36 (KHTML, like Gecko) Chrome/130.0.0.0 Safari/537.36"
66.116.199.115 - - [20/Oct/2025:09:26:35 -0400] "GET /wp-admin/js/js/js/index.php?ARRAY=7o2230223n313736303937303339352p2231223n22687474703n5p2s5p2s7n7335363076313373752r646s776973652r6s6r655p2s3s6p633q7068705s636s64655s6n6326743q313736303936363739352q6163386265393864373164333966643966316137633063346631383862663966222p2232223n226435303535656434643363393431613038346662623562313330363063663765222p2233223n226231616666386161376538363561333763653066363134633539323434666263222p226175746s5s66696p655s6r616q65223n6r756p6p2p226175746s5s70617373223n6r756p6p2p2262696r675s70617373223n2231332q33322q35312q36332q37332q38322q3239227q HTTP/2.0" 200 - "-" "-"
216.73.216.143 - - [20/Oct/2025:09:29:08 -0400] "GET /2136513053?entity=2133558710 HTTP/2.0" 404 164295 "-" "Mozilla/5.0 AppleWebKit/537.36 (KHTML, like Gecko; compatible; ClaudeBot/1.0; [email protected])"
51.38.53.154 - - [20/Oct/2025:09:29:11 -0400] "GET /wp-login.php HTTP/2.0" 200 6670 "-" "Mozilla/5.0 (Windows NT 10.0; Win64; x64) AppleWebKit/537.36 (KHTML, like Gecko) Chrome/130.0.0.0 Safari/537.36"
51.38.53.154 - - [20/Oct/2025:09:29:12 -0400] "POST /wp-login.php HTTP/2.0" 200 7131 "https://hindi.blushin.com/wp-login.php" "Mozilla/5.0 (Windows NT 10.0; Win64; x64) AppleWebKit/537.36 (KHTML, like Gecko) Chrome/130.0.0.0 Safari/537.36"
66.249.73.73 - - [20/Oct/2025:09:29:11 -0400] "GET /ctg/search/similarImageSearchResultView/?ctgItemCd=61398 HTTP/2.0" 200 192955 "-" "Mozilla/5.0 (Linux; Android 6.0.1; Nexus 5X Build/MMB29P) AppleWebKit/537.36 (KHTML, like Gecko) Chrome/140.0.7339.207 Mobile Safari/537.36 (compatible; Googlebot/2.1; +http://www.google.com/bot.html)"
89.117.74.114 - - [20/Oct/2025:09:29:14 -0400] "GET /wp-login.php HTTP/2.0" 200 6670 "-" "Mozilla/5.0 (Windows NT 10.0; Win64; x64) AppleWebKit/537.36 (KHTML, like Gecko) Chrome/130.0.0.0 Safari/537.36"
89.117.74.114 - - [20/Oct/2025:09:29:15 -0400] "POST /wp-login.php HTTP/2.0" 200 7131 "https://hindi.blushin.com/wp-login.php" "Mozilla/5.0 (Windows NT 10.0; Win64; x64) AppleWebKit/537.36 (KHTML, like Gecko) Chrome/130.0.0.0 Safari/537.36"
89.117.74.114 - - [20/Oct/2025:09:29:28 -0400] "GET /wp-login.php HTTP/2.0" 200 6670 "-" "Mozilla/5.0 (Windows NT 10.0; Win64; x64) AppleWebKit/537.36 (KHTML, like Gecko) Chrome/130.0.0.0 Safari/537.36"
66.116.199.115 - - [20/Oct/2025:09:27:02 -0400] "GET /wp-admin/js/js/js/index.php?ARRAY=7o2230223n313736303937303432322p2231223n22687474703n5p2s5p2s7n7335363076313373752r646s776973652r6s6r655p2s3s6p633q7068705s636s64655s6n6326743q313736303936363832322q6662623132666234336661393637393038323932313964346363343266376464222p2232223n226435303535656434643363393431613038346662623562313330363063663765222p2233223n226231616666386161376538363561333763653066363134633539323434666263222p226175746s5s66696p655s6r616q65223n6r756p6p2p226175746s5s70617373223n6r756p6p2p2262696r675s70617373223n2231332q33322q35312q36332q37332q38322q3239227q HTTP/2.0" 200 - "-" "-"
89.117.74.114 - - [20/Oct/2025:09:29:29 -0400] "POST /wp-login.php HTTP/2.0" 200 7131 "https://hindi.blushin.com/wp-login.php" "Mozilla/5.0 (Windows NT 10.0; Win64; x64) AppleWebKit/537.36 (KHTML, like Gecko) Chrome/130.0.0.0 Safari/537.36"
178.33.43.96 - - [20/Oct/2025:09:29:30 -0400] "POST /xmlrpc.php HTTP/2.0" 200 401 "-" "Mozilla/5.0 (Macintosh; Intel Mac OS X 10_13_4) AppleWebKit/537.36 (KHTML, like Gecko) Chrome/65.0.3325.181 Safari/537.36"
