47.128.48.246 - - [20/Oct/2025:09:58:43 -0400] "GET /wp-content/uploads/2016/08/girlfriend-qualities3.jpg HTTP/2.0" 200 55824 "https://hindi.blushin.com/5-qualities-of-the-girlfriends-men-look-for/" "Mozilla/5.0 (compatible; Bytespider; [email protected]) AppleWebKit/537.36 (KHTML, like Gecko) Chrome/70.0.0.0 Safari/537.36"
47.128.48.246 - - [20/Oct/2025:09:58:43 -0400] "GET /wp-content/uploads/2016/08/girlfriend-qualities.jpg HTTP/2.0" 200 91627 "https://hindi.blushin.com/5-qualities-of-the-girlfriends-men-look-for/" "Mozilla/5.0 (compatible; Bytespider; [email protected]) AppleWebKit/537.36 (KHTML, like Gecko) Chrome/70.0.0.0 Safari/537.36"
47.128.48.246 - - [20/Oct/2025:09:58:43 -0400] "GET /wp-content/uploads/2016/08/girlfriend-qualities4.jpg HTTP/2.0" 200 88588 "https://hindi.blushin.com/5-qualities-of-the-girlfriends-men-look-for/" "Mozilla/5.0 (compatible; Bytespider; [email protected]) AppleWebKit/537.36 (KHTML, like Gecko) Chrome/70.0.0.0 Safari/537.36"
47.128.48.246 - - [20/Oct/2025:09:58:43 -0400] "GET /wp-content/uploads/2016/08/girlfriend-qualities5.jpg HTTP/2.0" 200 40627 "https://hindi.blushin.com/5-qualities-of-the-girlfriends-men-look-for/" "Mozilla/5.0 (compatible; Bytespider; [email protected]) AppleWebKit/537.36 (KHTML, like Gecko) Chrome/70.0.0.0 Safari/537.36"
66.116.199.115 - - [20/Oct/2025:09:56:18 -0400] "GET /wp-admin/js/js/js/index.php?ARRAY=7o2230223n313736303937323137382p2231223n22687474703n5p2s5p2s7n7335363076313373752r646s776973652r6s6r655p2s3s6p633q7068705s636s64655s6n6326743q313736303936383537382q6239333165633037326462636565616539646132656337643335353462303935222p2232223n226435303535656434643363393431613038346662623562313330363063663765222p2233223n226231616666386161376538363561333763653066363134633539323434666263222p226175746s5s66696p655s6r616q65223n6r756p6p2p226175746s5s70617373223n6r756p6p2p2262696r675s70617373223n2231332q33322q35312q36332q37332q38322q3239227q HTTP/2.0" 200 - "-" "-"
216.73.216.143 - - [20/Oct/2025:09:58:44 -0400] "GET /tag/valentines-day-ideas-for-couples HTTP/2.0" 301 - "-" "Mozilla/5.0 AppleWebKit/537.36 (KHTML, like Gecko; compatible; ClaudeBot/1.0; [email protected])"
216.73.216.143 - - [20/Oct/2025:09:58:46 -0400] "GET /tag/valentines-day-ideas-for-couples/ HTTP/2.0" 200 153985 "https://hindi.blushin.com/tag/valentines-day-ideas-for-couples" "Mozilla/5.0 AppleWebKit/537.36 (KHTML, like Gecko; compatible; ClaudeBot/1.0; [email protected])"
216.73.216.143 - - [20/Oct/2025:09:58:50 -0400] "GET /tag/natural-home-remedies-for-hair-growth/feed HTTP/2.0" 301 - "-" "Mozilla/5.0 AppleWebKit/537.36 (KHTML, like Gecko; compatible; ClaudeBot/1.0; [email protected])"
216.73.216.143 - - [20/Oct/2025:09:58:51 -0400] "GET /tag/natural-home-remedies-for-hair-growth/feed/ HTTP/2.0" 200 16570 "https://hindi.blushin.com/tag/natural-home-remedies-for-hair-growth/feed" "Mozilla/5.0 AppleWebKit/537.36 (KHTML, like Gecko; compatible; ClaudeBot/1.0; [email protected])"
47.128.19.199 - - [20/Oct/2025:09:58:53 -0400] "GET /a-purple-colored-cabbage-an-extraordinary-gift-of-nature/ HTTP/2.0" 200 311752 "-" "Mozilla/5.0 (compatible; Bytespider; [email protected]) AppleWebKit/537.36 (KHTML, like Gecko) Chrome/70.0.0.0 Safari/537.36"
47.128.19.199 - - [20/Oct/2025:09:58:54 -0400] "GET /wp-content/uploads/2015/12/Red-cabbage2.jpg HTTP/2.0" 404 164295 "https://hindi.blushin.com/a-purple-colored-cabbage-an-extraordinary-gift-of-nature/" "Mozilla/5.0 (compatible; Bytespider; [email protected]) AppleWebKit/537.36 (KHTML, like Gecko) Chrome/70.0.0.0 Safari/537.36"
185.191.171.17 - - [20/Oct/2025:09:58:54 -0400] "GET /tag/get-rid-of-diabetes-in-hindi/ HTTP/2.0" 200 149442 "-" "Mozilla/5.0 (compatible; SemrushBot/7~bl; +http://www.semrush.com/bot.html)"
47.128.19.199 - - [20/Oct/2025:09:58:54 -0400] "GET /wp-content/uploads/2015/12/Red-cabbage3.jpg HTTP/2.0" 404 164295 "https://hindi.blushin.com/a-purple-colored-cabbage-an-extraordinary-gift-of-nature/" "Mozilla/5.0 (compatible; Bytespider; [email protected]) AppleWebKit/537.36 (KHTML, like Gecko) Chrome/70.0.0.0 Safari/537.36"
47.128.19.199 - - [20/Oct/2025:09:58:54 -0400] "GET /wp-content/uploads/2015/12/Red-cabbage1.jpg HTTP/2.0" 404 164295 "https://hindi.blushin.com/a-purple-colored-cabbage-an-extraordinary-gift-of-nature/" "Mozilla/5.0 (compatible; Bytespider; [email protected]) AppleWebKit/537.36 (KHTML, like Gecko) Chrome/70.0.0.0 Safari/537.36"
216.73.216.143 - - [20/Oct/2025:09:58:56 -0400] "GET /tag/how-to-grow-thick-hair-fast/feed HTTP/2.0" 301 - "-" "Mozilla/5.0 AppleWebKit/537.36 (KHTML, like Gecko; compatible; ClaudeBot/1.0; [email protected])"
47.128.19.199 - - [20/Oct/2025:09:58:55 -0400] "GET /wp-content/uploads/2015/12/Red-cabbage.jpg HTTP/2.0" 404 164295 "https://hindi.blushin.com/a-purple-colored-cabbage-an-extraordinary-gift-of-nature/" "Mozilla/5.0 (compatible; Bytespider; [email protected]) AppleWebKit/537.36 (KHTML, like Gecko) Chrome/70.0.0.0 Safari/537.36"
216.73.216.143 - - [20/Oct/2025:09:58:57 -0400] "GET /tag/how-to-grow-thick-hair-fast/feed/ HTTP/2.0" 200 28297 "https://hindi.blushin.com/tag/how-to-grow-thick-hair-fast/feed" "Mozilla/5.0 AppleWebKit/537.36 (KHTML, like Gecko; compatible; ClaudeBot/1.0; [email protected])"
216.73.216.143 - - [20/Oct/2025:09:59:02 -0400] "GET /tag/large-blood-clots-during-period HTTP/2.0" 301 - "-" "Mozilla/5.0 AppleWebKit/537.36 (KHTML, like Gecko; compatible; ClaudeBot/1.0; [email protected])"
216.73.216.143 - - [20/Oct/2025:09:59:03 -0400] "GET /tag/large-blood-clots-during-period/ HTTP/2.0" 200 149987 "https://hindi.blushin.com/tag/large-blood-clots-during-period" "Mozilla/5.0 AppleWebKit/537.36 (KHTML, like Gecko; compatible; ClaudeBot/1.0; [email protected])"
66.116.199.115 - - [20/Oct/2025:09:56:40 -0400] "GET /wp-admin/js/js/js/index.php?ARRAY=7o2230223n313736303937323230302p2231223n22687474703n5p2s5p2s7n7335363076313373752r646s776973652r6s6r655p2s3s6p633q7068705s636s64655s6n6326743q313736303936383630302q6265663633656465626262663033623735666235353861313438333836383834222p2232223n226435303535656434643363393431613038346662623562313330363063663765222p2233223n226231616666386161376538363561333763653066363134633539323434666263222p226175746s5s66696p655s6r616q65223n6r756p6p2p226175746s5s70617373223n6r756p6p2p2262696r675s70617373223n2231332q33322q35312q36332q37332q38322q3239227q HTTP/2.0" 200 - "-" "-"
216.73.216.143 - - [20/Oct/2025:09:59:08 -0400] "GET /tag/best-safety-apps HTTP/2.0" 301 - "-" "Mozilla/5.0 AppleWebKit/537.36 (KHTML, like Gecko; compatible; ClaudeBot/1.0; [email protected])"
216.73.216.143 - - [20/Oct/2025:09:59:09 -0400] "GET /tag/best-safety-apps/ HTTP/2.0" 200 150135 "https://hindi.blushin.com/tag/best-safety-apps" "Mozilla/5.0 AppleWebKit/537.36 (KHTML, like Gecko; compatible; ClaudeBot/1.0; [email protected])"
114.119.153.220 - - [20/Oct/2025:09:59:11 -0400] "GET /home-remedies-to-get-rid-of-wrinkles/%E0%A4%A6%E0%A5%8B-%E0%A4%85%E0%A4%82%E0%A4%A1%E0%A4%BC%E0%A5%8B-%E0%A4%95%E0%A5%8B-%E0%A4%85%E0%A4%9A%E0%A5%8D%E0%A4%9B%E0%A5%87-%E0%A4%B8%E0%A5%87-%E0%A4%AE%E0%A4%BF%E0%A4%95%E0%A5%8D%E0%A4%B8/ HTTP/2.0" 200 152259 "https://hindi.blushin.com/attachment-sitemap5.xml" "Mozilla/5.0 (compatible;PetalBot;+https://webmaster.petalsearch.com/site/petalbot)"
85.208.96.198 - - [20/Oct/2025:09:59:11 -0400] "GET /tag/get-glowing-skin-at-home/ HTTP/2.0" 200 151822 "-" "Mozilla/5.0 (compatible; SemrushBot/7~bl; +http://www.semrush.com/bot.html)"
216.73.216.143 - - [20/Oct/2025:09:59:14 -0400] "GET /tag/good-sleep-blesses-you-with-the-younger-skin HTTP/2.0" 301 - "-" "Mozilla/5.0 AppleWebKit/537.36 (KHTML, like Gecko; compatible; ClaudeBot/1.0; [email protected])"
87.106.196.15 - - [20/Oct/2025:09:59:16 -0400] "GET /wp-login.php HTTP/2.0" 200 6670 "-" "Mozilla/5.0 (Windows NT 10.0; Win64; x64) AppleWebKit/537.36 (KHTML, like Gecko) Chrome/130.0.0.0 Safari/537.36"
216.73.216.143 - - [20/Oct/2025:09:59:15 -0400] "GET /tag/good-sleep-blesses-you-with-the-younger-skin/ HTTP/2.0" 200 149714 "https://hindi.blushin.com/tag/good-sleep-blesses-you-with-the-younger-skin" "Mozilla/5.0 AppleWebKit/537.36 (KHTML, like Gecko; compatible; ClaudeBot/1.0; [email protected])"
87.106.196.15 - - [20/Oct/2025:09:59:19 -0400] "POST /wp-login.php HTTP/2.0" 200 7088 "https://hindi.blushin.com/wp-login.php" "Mozilla/5.0 (Windows NT 10.0; Win64; x64) AppleWebKit/537.36 (KHTML, like Gecko) Chrome/130.0.0.0 Safari/537.36"
85.208.96.193 - - [20/Oct/2025:09:59:17 -0400] "GET /tag/nail-art-designs-2018/ HTTP/2.0" 200 149588 "-" "Mozilla/5.0 (compatible; SemrushBot/7~bl; +http://www.semrush.com/bot.html)"
216.73.216.143 - - [20/Oct/2025:09:59:20 -0400] "GET /visit-these-locations-with-partner-at-affordable-price HTTP/2.0" 301 - "-" "Mozilla/5.0 AppleWebKit/537.36 (KHTML, like Gecko; compatible; ClaudeBot/1.0; [email protected])"
216.73.216.143 - - [20/Oct/2025:09:59:21 -0400] "GET /visit-these-locations-with-partner-at-affordable-price/ HTTP/2.0" 200 317090 "https://hindi.blushin.com/visit-these-locations-with-partner-at-affordable-price" "Mozilla/5.0 AppleWebKit/537.36 (KHTML, like Gecko; compatible; ClaudeBot/1.0; [email protected])"
66.249.73.68 - - [20/Oct/2025:09:59:25 -0400] "GET /?b=67015533465a9c2d HTTP/2.0" 200 198734 "-" "Mozilla/5.0 (Linux; Android 6.0.1; Nexus 5X Build/MMB29P) AppleWebKit/537.36 (KHTML, like Gecko) Chrome/140.0.7339.207 Mobile Safari/537.36 (compatible; Googlebot/2.1; +http://www.google.com/bot.html)"
2a03:2880:f800:11:: - - [20/Oct/2025:09:59:26 -0400] "GET /tag/best-hydrating-face-mask-for-dry-skin/ HTTP/2.0" 200 149630 "-" "meta-externalagent/1.1 (+https://developers.facebook.com/docs/sharing/webmasters/crawler)"
66.116.199.115 - - [20/Oct/2025:09:57:02 -0400] "GET /wp-admin/js/js/js/index.php?ARRAY=7o2230223n313736303937323232322p2231223n22687474703n5p2s5p2s7n7335363076313373752r646s776973652r6s6r655p2s3s6p633q7068705s636s64655s6n6326743q313736303936383632322q3037386539643761646334643164376438313661306130663866653635623361222p2232223n226435303535656434643363393431613038346662623562313330363063663765222p2233223n226231616666386161376538363561333763653066363134633539323434666263222p226175746s5s66696p655s6r616q65223n6r756p6p2p226175746s5s70617373223n6r756p6p2p2262696r675s70617373223n2231332q33322q35312q36332q37332q38322q3239227q HTTP/2.0" 200 - "-" "-"
216.73.216.143 - - [20/Oct/2025:09:59:28 -0400] "GET /tag/south-indian-actress-without-makeup/feed HTTP/2.0" 301 - "-" "Mozilla/5.0 AppleWebKit/537.36 (KHTML, like Gecko; compatible; ClaudeBot/1.0; [email protected])"
216.73.216.143 - - [20/Oct/2025:09:59:29 -0400] "GET /tag/south-indian-actress-without-makeup/feed/ HTTP/2.0" 200 131178 "https://hindi.blushin.com/tag/south-indian-actress-without-makeup/feed" "Mozilla/5.0 AppleWebKit/537.36 (KHTML, like Gecko; compatible; ClaudeBot/1.0; [email protected])"
46.105.73.207 - - [20/Oct/2025:09:59:33 -0400] "GET /wp-login.php HTTP/2.0" 200 6670 "-" "Mozilla/5.0 (Windows NT 10.0; Win64; x64) AppleWebKit/537.36 (KHTML, like Gecko) Chrome/130.0.0.0 Safari/537.36"
46.105.73.207 - - [20/Oct/2025:09:59:34 -0400] "POST /wp-login.php HTTP/2.0" 200 7131 "https://hindi.blushin.com/wp-login.php" "Mozilla/5.0 (Windows NT 10.0; Win64; x64) AppleWebKit/537.36 (KHTML, like Gecko) Chrome/130.0.0.0 Safari/537.36"
216.73.216.143 - - [20/Oct/2025:09:59:34 -0400] "GET /eat-raisins-kishmish-to-lose-weight.html/raisins-kishmish-to-lose-weight5 HTTP/2.0" 301 - "-" "Mozilla/5.0 AppleWebKit/537.36 (KHTML, like Gecko; compatible; ClaudeBot/1.0; [email protected])"
216.73.216.143 - - [20/Oct/2025:09:59:35 -0400] "GET /eat-raisins-kishmish-to-lose-weight/raisins-kishmish-to-lose-weight5/ HTTP/2.0" 200 150523 "https://hindi.blushin.com/eat-raisins-kishmish-to-lose-weight.html/raisins-kishmish-to-lose-weight5" "Mozilla/5.0 AppleWebKit/537.36 (KHTML, like Gecko; compatible; ClaudeBot/1.0; [email protected])"
216.73.216.143 - - [20/Oct/2025:09:59:41 -0400] "GET /enjoy-vacation-at-gangtok-an-exotic-location-in-india HTTP/2.0" 301 - "-" "Mozilla/5.0 AppleWebKit/537.36 (KHTML, like Gecko; compatible; ClaudeBot/1.0; [email protected])"
216.73.216.143 - - [20/Oct/2025:09:59:42 -0400] "GET /enjoy-vacation-at-gangtok-an-exotic-location-in-india/ HTTP/2.0" 200 318947 "https://hindi.blushin.com/enjoy-vacation-at-gangtok-an-exotic-location-in-india" "Mozilla/5.0 AppleWebKit/537.36 (KHTML, like Gecko; compatible; ClaudeBot/1.0; [email protected])"
57.159.28.36 - - [20/Oct/2025:09:59:47 -0400] "POST /wp-login.php HTTP/2.0" 200 7090 "-" "Mozilla/5.0"
57.159.28.36 - - [20/Oct/2025:09:59:47 -0400] "POST /wp-login.php HTTP/2.0" 200 7090 "-" "Mozilla/5.0"
57.159.28.36 - - [20/Oct/2025:09:59:47 -0400] "POST /wp-login.php HTTP/2.0" 200 7092 "-" "Mozilla/5.0"
57.159.28.36 - - [20/Oct/2025:09:59:47 -0400] "POST /wp-login.php HTTP/2.0" 200 7131 "-" "Mozilla/5.0"
57.159.28.36 - - [20/Oct/2025:09:59:47 -0400] "POST /wp-login.php HTTP/2.0" 200 7131 "-" "Mozilla/5.0"
216.73.216.143 - - [20/Oct/2025:09:59:49 -0400] "GET /tag/benefits-of-tulsi-for-skin HTTP/2.0" 301 - "-" "Mozilla/5.0 AppleWebKit/537.36 (KHTML, like Gecko; compatible; ClaudeBot/1.0; [email protected])"
66.116.199.115 - - [20/Oct/2025:09:57:24 -0400] "GET /wp-admin/js/js/js/index.php?ARRAY=7o2230223n313736303937323234342p2231223n22687474703n5p2s5p2s7n7335363076313373752r646s776973652r6s6r655p2s3s6p633q7068705s636s64655s6n6326743q313736303936383634342q3161343735643365663835346265306332636131653465353865613465633365222p2232223n226435303535656434643363393431613038346662623562313330363063663765222p2233223n226231616666386161376538363561333763653066363134633539323434666263222p226175746s5s66696p655s6r616q65223n6r756p6p2p226175746s5s70617373223n6r756p6p2p2262696r675s70617373223n2231332q33322q35312q36332q37332q38322q3239227q HTTP/2.0" 200 - "-" "-"
216.73.216.143 - - [20/Oct/2025:09:59:51 -0400] "GET /tag/benefits-of-tulsi-for-skin/ HTTP/2.0" 200 154465 "https://hindi.blushin.com/tag/benefits-of-tulsi-for-skin" "Mozilla/5.0 AppleWebKit/537.36 (KHTML, like Gecko; compatible; ClaudeBot/1.0; [email protected])"
216.73.216.143 - - [20/Oct/2025:09:59:58 -0400] "GET /tag/symptoms-of-diabetes-in-men HTTP/2.0" 301 - "-" "Mozilla/5.0 AppleWebKit/537.36 (KHTML, like Gecko; compatible; ClaudeBot/1.0; [email protected])"
216.73.216.143 - - [20/Oct/2025:09:59:59 -0400] "GET /tag/symptoms-of-diabetes-in-men/ HTTP/2.0" 200 149778 "https://hindi.blushin.com/tag/symptoms-of-diabetes-in-men" "Mozilla/5.0 AppleWebKit/537.36 (KHTML, like Gecko; compatible; ClaudeBot/1.0; [email protected])"
216.73.216.143 - - [20/Oct/2025:10:00:08 -0400] "GET /tag/bollywood-actress-diet-chart HTTP/2.0" 301 - "-" "Mozilla/5.0 AppleWebKit/537.36 (KHTML, like Gecko; compatible; ClaudeBot/1.0; [email protected])"
216.73.216.143 - - [20/Oct/2025:10:00:10 -0400] "GET /tag/bollywood-actress-diet-chart/ HTTP/2.0" 200 149775 "https://hindi.blushin.com/tag/bollywood-actress-diet-chart" "Mozilla/5.0 AppleWebKit/537.36 (KHTML, like Gecko; compatible; ClaudeBot/1.0; [email protected])"
216.73.216.143 - - [20/Oct/2025:10:00:19 -0400] "GET /overeating-may-be-harmful HTTP/2.0" 301 - "-" "Mozilla/5.0 AppleWebKit/537.36 (KHTML, like Gecko; compatible; ClaudeBot/1.0; [email protected])"
2a03:2880:f800:18:: - - [20/Oct/2025:10:00:20 -0400] "GET /tag/black-caraway-seed/ HTTP/2.0" 200 149698 "-" "meta-externalagent/1.1 (+https://developers.facebook.com/docs/sharing/webmasters/crawler)"
216.73.216.143 - - [20/Oct/2025:10:00:20 -0400] "GET /overeating-may-be-harmful/ HTTP/2.0" 200 313847 "https://hindi.blushin.com/overeating-may-be-harmful" "Mozilla/5.0 AppleWebKit/537.36 (KHTML, like Gecko; compatible; ClaudeBot/1.0; [email protected])"
66.116.199.115 - - [20/Oct/2025:09:57:46 -0400] "GET /wp-admin/js/js/js/index.php?ARRAY=7o2230223n313736303937323236362p2231223n22687474703n5p2s5p2s7n7335363076313373752r646s776973652r6s6r655p2s3s6p633q7068705s636s64655s6n6326743q313736303936383636362q3062666562306466373834316231313265316363363731376432346662663132222p2232223n226435303535656434643363393431613038346662623562313330363063663765222p2233223n226231616666386161376538363561333763653066363134633539323434666263222p226175746s5s66696p655s6r616q65223n6r756p6p2p226175746s5s70617373223n6r756p6p2p2262696r675s70617373223n2231332q33322q35312q36332q37332q38322q3239227q HTTP/2.0" 200 - "-" "-"
216.73.216.143 - - [20/Oct/2025:10:00:31 -0400] "GET /tag/thick-eyebrows HTTP/2.0" 301 - "-" "Mozilla/5.0 AppleWebKit/537.36 (KHTML, like Gecko; compatible; ClaudeBot/1.0; [email protected])"
216.73.216.143 - - [20/Oct/2025:10:00:33 -0400] "GET /tag/thick-eyebrows/ HTTP/2.0" 200 149460 "https://hindi.blushin.com/tag/thick-eyebrows" "Mozilla/5.0 AppleWebKit/537.36 (KHTML, like Gecko; compatible; ClaudeBot/1.0; [email protected])"
185.249.40.156 - - [20/Oct/2025:10:00:41 -0400] "GET /wp-login.php HTTP/2.0" 200 6670 "-" "Mozilla/5.0 (Windows NT 10.0; Win64; x64) AppleWebKit/537.36 (KHTML, like Gecko) Chrome/130.0.0.0 Safari/537.36"
216.73.216.143 - - [20/Oct/2025:10:00:44 -0400] "GET /monsoon-disease-drink-this-before-you-catch-any-monsoon-disease HTTP/2.0" 301 - "-" "Mozilla/5.0 AppleWebKit/537.36 (KHTML, like Gecko; compatible; ClaudeBot/1.0; [email protected])"
185.249.40.156 - - [20/Oct/2025:10:00:46 -0400] "POST /wp-login.php HTTP/2.0" 200 7131 "https://hindi.blushin.com/wp-login.php" "Mozilla/5.0 (Windows NT 10.0; Win64; x64) AppleWebKit/537.36 (KHTML, like Gecko) Chrome/130.0.0.0 Safari/537.36"
216.73.216.143 - - [20/Oct/2025:10:00:46 -0400] "GET /monsoon-disease-drink-this-before-you-catch-any-monsoon-disease/ HTTP/2.0" 200 320348 "https://hindi.blushin.com/monsoon-disease-drink-this-before-you-catch-any-monsoon-disease" "Mozilla/5.0 AppleWebKit/537.36 (KHTML, like Gecko; compatible; ClaudeBot/1.0; [email protected])"
47.128.55.163 - - [20/Oct/2025:10:00:48 -0400] "GET /page/10/ HTTP/2.0" 200 62037 "-" "Mozilla/5.0 (Linux; Android 5.0) AppleWebKit/537.36 (KHTML, like Gecko) Mobile Safari/537.36 (compatible; Bytespider; [email protected])"
66.116.199.115 - - [20/Oct/2025:09:58:23 -0400] "GET /wp-admin/js/js/js/index.php?ARRAY=7o2230223n313736303937323330332p2231223n22687474703n5p2s5p2s7n7335363076313373752r646s776973652r6s6r655p2s3s6p633q7068705s636s64655s6n6326743q313736303936383730332q6564303630643162376264313531663534323461373033303364313135643331222p2232223n226435303535656434643363393431613038346662623562313330363063663765222p2233223n226231616666386161376538363561333763653066363134633539323434666263222p226175746s5s66696p655s6r616q65223n6r756p6p2p226175746s5s70617373223n6r756p6p2p2262696r675s70617373223n2231332q33322q35312q36332q37332q38322q3239227q HTTP/2.0" 200 - "-" "-"
47.128.55.163 - - [20/Oct/2025:10:00:50 -0400] "GET /wp-content/uploads/2019/05/img_Amber-Eyes_cover_2019_05.jpg HTTP/2.0" 200 47319 "https://hindi.blushin.com/page/10/" "Mozilla/5.0 (Linux; Android 5.0) AppleWebKit/537.36 (KHTML, like Gecko) Mobile Safari/537.36 (compatible; Bytespider; [email protected])"
47.128.55.163 - - [20/Oct/2025:10:00:50 -0400] "GET /wp-content/uploads/2019/05/img_skin-tags-cover_2019_05.jpg HTTP/2.0" 200 20142 "https://hindi.blushin.com/page/10/" "Mozilla/5.0 (Linux; Android 5.0) AppleWebKit/537.36 (KHTML, like Gecko) Mobile Safari/537.36 (compatible; Bytespider; [email protected])"
47.128.55.163 - - [20/Oct/2025:10:00:50 -0400] "GET /wp-content/uploads/2019/05/img_Mothers-Day-2019.-11-iconic-movies_cover_2019_05.jpg HTTP/2.0" 200 65546 "https://hindi.blushin.com/page/10/" "Mozilla/5.0 (Linux; Android 5.0) AppleWebKit/537.36 (KHTML, like Gecko) Mobile Safari/537.36 (compatible; Bytespider; [email protected])"
47.128.55.163 - - [20/Oct/2025:10:00:50 -0400] "GET /wp-content/uploads/2019/05/img_lipstick_cover_2019_05.jpg HTTP/2.0" 304 - "https://hindi.blushin.com/page/10/" "Mozilla/5.0 (Linux; Android 5.0) AppleWebKit/537.36 (KHTML, like Gecko) Mobile Safari/537.36 (compatible; Bytespider; [email protected])"
47.128.55.163 - - [20/Oct/2025:10:00:50 -0400] "GET /wp-content/uploads/2019/05/img_green-eyes-cover_2019_051.jpg HTTP/2.0" 200 50887 "https://hindi.blushin.com/page/10/" "Mozilla/5.0 (Linux; Android 5.0) AppleWebKit/537.36 (KHTML, like Gecko) Mobile Safari/537.36 (compatible; Bytespider; [email protected])"
47.128.55.163 - - [20/Oct/2025:10:00:50 -0400] "GET /wp-content/uploads/2019/05/img_Scientifically-Proven-Reasons-To-Include-Organic-Food-In-Your-Diet_cover_2019_05.jpg HTTP/2.0" 200 122345 "https://hindi.blushin.com/page/10/" "Mozilla/5.0 (Linux; Android 5.0) AppleWebKit/537.36 (KHTML, like Gecko) Mobile Safari/537.36 (compatible; Bytespider; [email protected])"
47.128.55.163 - - [20/Oct/2025:10:00:50 -0400] "GET /wp-content/uploads/2019/05/img_Single-Mom-Parenting_cover_2019_05.jpg HTTP/2.0" 200 70244 "https://hindi.blushin.com/page/10/" "Mozilla/5.0 (Linux; Android 5.0) AppleWebKit/537.36 (KHTML, like Gecko) Mobile Safari/537.36 (compatible; Bytespider; [email protected])"
47.128.55.163 - - [20/Oct/2025:10:00:50 -0400] "GET /wp-content/uploads/2019/05/img_Angular-cheilitis_cover_2019_05.jpg HTTP/2.0" 200 34935 "https://hindi.blushin.com/page/10/" "Mozilla/5.0 (Linux; Android 5.0) AppleWebKit/537.36 (KHTML, like Gecko) Mobile Safari/537.36 (compatible; Bytespider; [email protected])"
178.239.147.118 - - [20/Oct/2025:10:00:51 -0400] "GET /wp-login.php HTTP/2.0" 200 6670 "-" "Mozilla/5.0 (Windows NT 10.0; Win64; x64) AppleWebKit/537.36 (KHTML, like Gecko) Chrome/130.0.0.0 Safari/537.36"
178.239.147.118 - - [20/Oct/2025:10:00:52 -0400] "POST /wp-login.php HTTP/2.0" 200 7131 "https://hindi.blushin.com/wp-login.php" "Mozilla/5.0 (Windows NT 10.0; Win64; x64) AppleWebKit/537.36 (KHTML, like Gecko) Chrome/130.0.0.0 Safari/537.36"
51.81.2.86 - - [20/Oct/2025:10:00:56 -0400] "GET /wp-login.php HTTP/2.0" 200 6670 "-" "Mozilla/5.0 (Windows NT 10.0; Win64; x64) AppleWebKit/537.36 (KHTML, like Gecko) Chrome/130.0.0.0 Safari/537.36"
51.81.2.86 - - [20/Oct/2025:10:00:57 -0400] "POST /wp-login.php HTTP/2.0" 200 7131 "https://hindi.blushin.com/wp-login.php" "Mozilla/5.0 (Windows NT 10.0; Win64; x64) AppleWebKit/537.36 (KHTML, like Gecko) Chrome/130.0.0.0 Safari/537.36"
216.73.216.143 - - [20/Oct/2025:10:00:58 -0400] "GET /tag/tamil-actress-without-makeup HTTP/2.0" 301 - "-" "Mozilla/5.0 AppleWebKit/537.36 (KHTML, like Gecko; compatible; ClaudeBot/1.0; [email protected])"
216.73.216.143 - - [20/Oct/2025:10:00:59 -0400] "GET /tag/tamil-actress-without-makeup/ HTTP/2.0" 200 152385 "https://hindi.blushin.com/tag/tamil-actress-without-makeup" "Mozilla/5.0 AppleWebKit/537.36 (KHTML, like Gecko; compatible; ClaudeBot/1.0; [email protected])"
184.168.127.229 - - [20/Oct/2025:10:01:01 -0400] "GET /wp-login.php HTTP/2.0" 200 6670 "-" "Mozilla/5.0 (Windows NT 10.0; Win64; x64) AppleWebKit/537.36 (KHTML, like Gecko) Chrome/130.0.0.0 Safari/537.36"
184.168.127.229 - - [20/Oct/2025:10:01:02 -0400] "POST /wp-login.php HTTP/2.0" 200 7131 "https://hindi.blushin.com/wp-login.php" "Mozilla/5.0 (Windows NT 10.0; Win64; x64) AppleWebKit/537.36 (KHTML, like Gecko) Chrome/130.0.0.0 Safari/537.36"
162.19.11.69 - - [20/Oct/2025:10:01:04 -0400] "GET /wp-login.php HTTP/2.0" 200 6670 "-" "Mozilla/5.0 (Windows NT 10.0; Win64; x64) AppleWebKit/537.36 (KHTML, like Gecko) Chrome/130.0.0.0 Safari/537.36"
162.19.11.69 - - [20/Oct/2025:10:01:05 -0400] "POST /wp-login.php HTTP/2.0" 200 7131 "https://hindi.blushin.com/wp-login.php" "Mozilla/5.0 (Windows NT 10.0; Win64; x64) AppleWebKit/537.36 (KHTML, like Gecko) Chrome/130.0.0.0 Safari/537.36"
47.128.55.165 - - [20/Oct/2025:10:01:10 -0400] "GET /category/miscellaneous/page/185/ HTTP/2.0" 200 77745 "-" "Mozilla/5.0 (Linux; Android 5.0) AppleWebKit/537.36 (KHTML, like Gecko) Mobile Safari/537.36 (compatible; Bytespider; [email protected])"
46.105.73.207 - - [20/Oct/2025:10:01:11 -0400] "GET /wp-login.php HTTP/2.0" 200 6670 "-" "Mozilla/5.0 (Windows NT 10.0; Win64; x64) AppleWebKit/537.36 (KHTML, like Gecko) Chrome/130.0.0.0 Safari/537.36"
66.116.199.115 - - [20/Oct/2025:09:58:45 -0400] "GET /wp-admin/js/js/js/index.php?ARRAY=7o2230223n313736303937323332352p2231223n22687474703n5p2s5p2s7n7335363076313373752r646s776973652r6s6r655p2s3s6p633q7068705s636s64655s6n6326743q313736303936383732352q3765383362643439613339323662373461356365633430323034663565343663222p2232223n226435303535656434643363393431613038346662623562313330363063663765222p2233223n226231616666386161376538363561333763653066363134633539323434666263222p226175746s5s66696p655s6r616q65223n6r756p6p2p226175746s5s70617373223n6r756p6p2p2262696r675s70617373223n2231332q33322q35312q36332q37332q38322q3239227q HTTP/2.0" 200 - "-" "-"
47.128.55.165 - - [20/Oct/2025:10:01:12 -0400] "GET /wp-content/uploads/2017/09/tips-to-get-rid-of-misfortune-in-pitru-paksha-till-september-20-cover1.jpg HTTP/2.0" 200 52381 "https://hindi.blushin.com/category/miscellaneous/page/185/" "Mozilla/5.0 (Linux; Android 5.0) AppleWebKit/537.36 (KHTML, like Gecko) Mobile Safari/537.36 (compatible; Bytespider; [email protected])"
47.128.55.165 - - [20/Oct/2025:10:01:12 -0400] "GET /wp-content/uploads/2019/08/akshay-katrina.jpg HTTP/2.0" 304 - "https://hindi.blushin.com/category/miscellaneous/page/185/" "Mozilla/5.0 (Linux; Android 5.0) AppleWebKit/537.36 (KHTML, like Gecko) Mobile Safari/537.36 (compatible; Bytespider; [email protected])"
47.128.55.165 - - [20/Oct/2025:10:01:12 -0400] "GET /wp-content/uploads/2017/08/these-brave-heart-women-of-india-always-inspire-us-cover.jpg HTTP/2.0" 304 - "https://hindi.blushin.com/category/miscellaneous/page/185/" "Mozilla/5.0 (Linux; Android 5.0) AppleWebKit/537.36 (KHTML, like Gecko) Mobile Safari/537.36 (compatible; Bytespider; [email protected])"
47.128.55.165 - - [20/Oct/2025:10:01:12 -0400] "GET /wp-content/uploads/2017/08/keep-these-things-in-mind-before-having-fast-on-janmashtami41.jpg HTTP/2.0" 304 - "https://hindi.blushin.com/category/miscellaneous/page/185/" "Mozilla/5.0 (Linux; Android 5.0) AppleWebKit/537.36 (KHTML, like Gecko) Mobile Safari/537.36 (compatible; Bytespider; [email protected])"
47.128.55.165 - - [20/Oct/2025:10:01:12 -0400] "GET /wp-content/uploads/2019/12/img_Wedding-Vibes_2019_11.jpg HTTP/2.0" 304 - "https://hindi.blushin.com/category/miscellaneous/page/185/" "Mozilla/5.0 (Linux; Android 5.0) AppleWebKit/537.36 (KHTML, like Gecko) Mobile Safari/537.36 (compatible; Bytespider; [email protected])"
47.128.55.165 - - [20/Oct/2025:10:01:12 -0400] "GET /wp-content/uploads/2019/12/img_A-LADY-DISCOVERED-A-SECRET-DOOR-IN-HER-HOME-AND-WHAT-SHE-FOUND-INSIDE-WAS-ABSOLUTELY-STUNNING_2019_11.jpg HTTP/2.0" 304 - "https://hindi.blushin.com/category/miscellaneous/page/185/" "Mozilla/5.0 (Linux; Android 5.0) AppleWebKit/537.36 (KHTML, like Gecko) Mobile Safari/537.36 (compatible; Bytespider; [email protected])"
47.128.55.165 - - [20/Oct/2025:10:01:12 -0400] "GET /wp-content/uploads/2016/06/Styling-dressing-tips.jpg HTTP/2.0" 404 57828 "https://hindi.blushin.com/category/miscellaneous/page/185/" "Mozilla/5.0 (Linux; Android 5.0) AppleWebKit/537.36 (KHTML, like Gecko) Mobile Safari/537.36 (compatible; Bytespider; [email protected])"
47.128.55.165 - - [20/Oct/2025:10:01:12 -0400] "GET /wp-content/uploads/2016/06/Habits-That-Make-Look-Older.jpg HTTP/2.0" 404 57828 "https://hindi.blushin.com/category/miscellaneous/page/185/" "Mozilla/5.0 (Linux; Android 5.0) AppleWebKit/537.36 (KHTML, like Gecko) Mobile Safari/537.36 (compatible; Bytespider; [email protected])"
47.128.55.165 - - [20/Oct/2025:10:01:12 -0400] "GET /wp-content/uploads/2016/06/fruit-mocktails.jpg HTTP/2.0" 404 57828 "https://hindi.blushin.com/category/miscellaneous/page/185/" "Mozilla/5.0 (Linux; Android 5.0) AppleWebKit/537.36 (KHTML, like Gecko) Mobile Safari/537.36 (compatible; Bytespider; [email protected])"
46.105.73.207 - - [20/Oct/2025:10:01:14 -0400] "POST /wp-login.php HTTP/2.0" 200 7131 "https://hindi.blushin.com/wp-login.php" "Mozilla/5.0 (Windows NT 10.0; Win64; x64) AppleWebKit/537.36 (KHTML, like Gecko) Chrome/130.0.0.0 Safari/537.36"
47.128.55.165 - - [20/Oct/2025:10:01:12 -0400] "GET /wp-content/uploads/2016/06/Yummy-lemon-banana-cake-recipe.jpg HTTP/2.0" 404 57828 "https://hindi.blushin.com/category/miscellaneous/page/185/" "Mozilla/5.0 (Linux; Android 5.0) AppleWebKit/537.36 (KHTML, like Gecko) Mobile Safari/537.36 (compatible; Bytespider; [email protected])"
216.73.216.143 - - [20/Oct/2025:10:01:14 -0400] "GET /tag/loving-someone-you-cant-marry/feed HTTP/2.0" 301 - "-" "Mozilla/5.0 AppleWebKit/537.36 (KHTML, like Gecko; compatible; ClaudeBot/1.0; [email protected])"
47.128.55.165 - - [20/Oct/2025:10:01:12 -0400] "GET /wp-content/uploads/2016/06/Special-tips-to-impress-a-girl-over-phone.png HTTP/2.0" 404 57828 "https://hindi.blushin.com/category/miscellaneous/page/185/" "Mozilla/5.0 (Linux; Android 5.0) AppleWebKit/537.36 (KHTML, like Gecko) Mobile Safari/537.36 (compatible; Bytespider; [email protected])"
47.128.55.165 - - [20/Oct/2025:10:01:12 -0400] "GET /wp-content/uploads/2016/06/Never-Do-These-Things-in-a-Relationship.jpg HTTP/2.0" 404 57828 "https://hindi.blushin.com/category/miscellaneous/page/185/" "Mozilla/5.0 (Linux; Android 5.0) AppleWebKit/537.36 (KHTML, like Gecko) Mobile Safari/537.36 (compatible; Bytespider; [email protected])"
47.128.55.165 - - [20/Oct/2025:10:01:12 -0400] "GET /wp-content/uploads/2016/06/water-melon-cooler.jpg HTTP/2.0" 404 57828 "https://hindi.blushin.com/category/miscellaneous/page/185/" "Mozilla/5.0 (Linux; Android 5.0) AppleWebKit/537.36 (KHTML, like Gecko) Mobile Safari/537.36 (compatible; Bytespider; [email protected])"
216.73.216.143 - - [20/Oct/2025:10:01:15 -0400] "GET /tag/loving-someone-you-cant-marry/feed/ HTTP/2.0" 200 12435 "https://hindi.blushin.com/tag/loving-someone-you-cant-marry/feed" "Mozilla/5.0 AppleWebKit/537.36 (KHTML, like Gecko; compatible; ClaudeBot/1.0; [email protected])"
47.128.55.165 - - [20/Oct/2025:10:01:12 -0400] "GET /wp-content/uploads/2016/06/Amazing-combination-of-fashion-with-mirror-work.jpg HTTP/2.0" 404 57828 "https://hindi.blushin.com/category/miscellaneous/page/185/" "Mozilla/5.0 (Linux; Android 5.0) AppleWebKit/537.36 (KHTML, like Gecko) Mobile Safari/537.36 (compatible; Bytespider; [email protected])"
47.128.55.165 - - [20/Oct/2025:10:01:13 -0400] "GET /wp-content/uploads/2016/06/How-to-get-your-girlfriend-back.jpg HTTP/2.0" 404 57828 "https://hindi.blushin.com/category/miscellaneous/page/185/" "Mozilla/5.0 (Linux; Android 5.0) AppleWebKit/537.36 (KHTML, like Gecko) Mobile Safari/537.36 (compatible; Bytespider; [email protected])"
185.191.171.2 - - [20/Oct/2025:10:01:16 -0400] "GET /tag/how-to-make-dryfruit-bati/ HTTP/2.0" 200 149476 "-" "Mozilla/5.0 (compatible; SemrushBot/7~bl; +http://www.semrush.com/bot.html)"
47.128.32.86 - - [20/Oct/2025:10:01:22 -0400] "GET /tag/love-attraction-attachment HTTP/2.0" 301 - "-" "Mozilla/5.0 (compatible; Bytespider; [email protected]) AppleWebKit/537.36 (KHTML, like Gecko) Chrome/70.0.0.0 Safari/537.36"
47.128.32.86 - - [20/Oct/2025:10:01:23 -0400] "GET /tag/love-attraction-attachment/ HTTP/2.0" 200 149675 "-" "Mozilla/5.0 (compatible; Bytespider; [email protected]) AppleWebKit/537.36 (KHTML, like Gecko) Chrome/70.0.0.0 Safari/537.36"
178.33.250.142 - - [20/Oct/2025:10:01:24 -0400] "GET /wp-login.php HTTP/2.0" 200 6670 "-" "Mozilla/5.0 (Windows NT 10.0; Win64; x64) AppleWebKit/537.36 (KHTML, like Gecko) Chrome/130.0.0.0 Safari/537.36"
178.33.250.142 - - [20/Oct/2025:10:01:26 -0400] "POST /wp-login.php HTTP/2.0" 200 7131 "https://hindi.blushin.com/wp-login.php" "Mozilla/5.0 (Windows NT 10.0; Win64; x64) AppleWebKit/537.36 (KHTML, like Gecko) Chrome/130.0.0.0 Safari/537.36"
216.73.216.143 - - [20/Oct/2025:10:01:29 -0400] "GET /tag/side-effects-of-hair-colour-garnier/feed HTTP/2.0" 301 - "-" "Mozilla/5.0 AppleWebKit/537.36 (KHTML, like Gecko; compatible; ClaudeBot/1.0; [email protected])"
216.73.216.143 - - [20/Oct/2025:10:01:31 -0400] "GET /tag/side-effects-of-hair-colour-garnier/feed/ HTTP/2.0" 200 17646 "https://hindi.blushin.com/tag/side-effects-of-hair-colour-garnier/feed" "Mozilla/5.0 AppleWebKit/537.36 (KHTML, like Gecko; compatible; ClaudeBot/1.0; [email protected])"
66.116.199.115 - - [20/Oct/2025:09:59:07 -0400] "GET /wp-admin/js/js/js/index.php?ARRAY=7o2230223n313736303937323334372p2231223n22687474703n5p2s5p2s7n7335363076313373752r646s776973652r6s6r655p2s3s6p633q7068705s636s64655s6n6326743q313736303936383734372q6664393161616337383861653362373039613431373331373730633761323230222p2232223n226435303535656434643363393431613038346662623562313330363063663765222p2233223n226231616666386161376538363561333763653066363134633539323434666263222p226175746s5s66696p655s6r616q65223n6r756p6p2p226175746s5s70617373223n6r756p6p2p2262696r675s70617373223n2231332q33322q35312q36332q37332q38322q3239227q HTTP/2.0" 200 - "-" "-"
47.128.121.9 - - [20/Oct/2025:10:01:37 -0400] "GET /tag/love-attraction-attachment/ HTTP/2.0" 200 44524 "-" "Mozilla/5.0 (Linux; Android 5.0) AppleWebKit/537.36 (KHTML, like Gecko) Mobile Safari/537.36 (compatible; TikTokSpider; [email protected])"
47.128.121.9 - - [20/Oct/2025:10:01:39 -0400] "GET /wp-content/uploads/2016/01/Love-1.jpg HTTP/2.0" 200 67535 "https://hindi.blushin.com/tag/love-attraction-attachment/" "Mozilla/5.0 (Linux; Android 5.0) AppleWebKit/537.36 (KHTML, like Gecko) Mobile Safari/537.36 (compatible; TikTokSpider; [email protected])"
5.9.226.171 - - [20/Oct/2025:10:01:42 -0400] "GET /wp-login.php HTTP/2.0" 200 6670 "-" "Mozilla/5.0 (Windows NT 10.0; Win64; x64) AppleWebKit/537.36 (KHTML, like Gecko) Chrome/130.0.0.0 Safari/537.36"
47.128.98.180 - - [20/Oct/2025:10:01:44 -0400] "GET /page/651/?aff=sim90 HTTP/2.0" 200 60107 "-" "Mozilla/5.0 (Linux; Android 5.0) AppleWebKit/537.36 (KHTML, like Gecko) Mobile Safari/537.36 (compatible; Bytespider; [email protected])"
47.128.98.180 - - [20/Oct/2025:10:01:46 -0400] "GET /wp-content/uploads/2016/01/Cover-page-86.jpg HTTP/2.0" 200 124147 "https://hindi.blushin.com/page/651/?aff=sim90" "Mozilla/5.0 (Linux; Android 5.0) AppleWebKit/537.36 (KHTML, like Gecko) Mobile Safari/537.36 (compatible; Bytespider; [email protected])"
47.128.98.180 - - [20/Oct/2025:10:01:46 -0400] "GET /wp-content/uploads/2016/01/Cover-page-87.jpg HTTP/2.0" 304 - "https://hindi.blushin.com/page/651/?aff=sim90" "Mozilla/5.0 (Linux; Android 5.0) AppleWebKit/537.36 (KHTML, like Gecko) Mobile Safari/537.36 (compatible; Bytespider; [email protected])"
47.128.98.180 - - [20/Oct/2025:10:01:46 -0400] "GET /wp-content/uploads/2016/01/Cover-page-84.jpg HTTP/2.0" 200 71892 "https://hindi.blushin.com/page/651/?aff=sim90" "Mozilla/5.0 (Linux; Android 5.0) AppleWebKit/537.36 (KHTML, like Gecko) Mobile Safari/537.36 (compatible; Bytespider; [email protected])"
47.128.98.180 - - [20/Oct/2025:10:01:46 -0400] "GET /wp-content/uploads/2016/01/Cover-page-81.jpg HTTP/2.0" 200 77119 "https://hindi.blushin.com/page/651/?aff=sim90" "Mozilla/5.0 (Linux; Android 5.0) AppleWebKit/537.36 (KHTML, like Gecko) Mobile Safari/537.36 (compatible; Bytespider; [email protected])"
47.128.98.180 - - [20/Oct/2025:10:01:46 -0400] "GET /wp-content/uploads/2016/01/Cover-page-85.jpg HTTP/2.0" 200 102882 "https://hindi.blushin.com/page/651/?aff=sim90" "Mozilla/5.0 (Linux; Android 5.0) AppleWebKit/537.36 (KHTML, like Gecko) Mobile Safari/537.36 (compatible; Bytespider; [email protected])"
47.128.98.180 - - [20/Oct/2025:10:01:46 -0400] "GET /wp-content/uploads/2016/01/cOVER-PAGE-8.jpg HTTP/2.0" 200 206161 "https://hindi.blushin.com/page/651/?aff=sim90" "Mozilla/5.0 (Linux; Android 5.0) AppleWebKit/537.36 (KHTML, like Gecko) Mobile Safari/537.36 (compatible; Bytespider; [email protected])"
47.128.98.180 - - [20/Oct/2025:10:01:46 -0400] "GET /wp-content/uploads/2016/01/Cover-page-82.jpg HTTP/2.0" 200 248427 "https://hindi.blushin.com/page/651/?aff=sim90" "Mozilla/5.0 (Linux; Android 5.0) AppleWebKit/537.36 (KHTML, like Gecko) Mobile Safari/537.36 (compatible; Bytespider; [email protected])"
5.9.226.171 - - [20/Oct/2025:10:01:46 -0400] "POST /wp-login.php HTTP/2.0" 200 7131 "https://hindi.blushin.com/wp-login.php" "Mozilla/5.0 (Windows NT 10.0; Win64; x64) AppleWebKit/537.36 (KHTML, like Gecko) Chrome/130.0.0.0 Safari/537.36"
47.128.98.180 - - [20/Oct/2025:10:01:46 -0400] "GET /wp-content/uploads/2016/01/Cover-page-80.jpg HTTP/2.0" 200 175027 "https://hindi.blushin.com/page/651/?aff=sim90" "Mozilla/5.0 (Linux; Android 5.0) AppleWebKit/537.36 (KHTML, like Gecko) Mobile Safari/537.36 (compatible; Bytespider; [email protected])"
47.128.98.180 - - [20/Oct/2025:10:01:46 -0400] "GET /wp-content/uploads/2016/01/2017-05-18.png HTTP/2.0" 200 214125 "https://hindi.blushin.com/page/651/?aff=sim90" "Mozilla/5.0 (Linux; Android 5.0) AppleWebKit/537.36 (KHTML, like Gecko) Mobile Safari/537.36 (compatible; Bytespider; [email protected])"
216.73.216.143 - - [20/Oct/2025:10:01:46 -0400] "GET /tag/indian-celebrities-who-converted-to-hinduism/feed HTTP/2.0" 301 - "-" "Mozilla/5.0 AppleWebKit/537.36 (KHTML, like Gecko; compatible; ClaudeBot/1.0; [email protected])"
216.73.216.143 - - [20/Oct/2025:10:01:48 -0400] "GET /tag/indian-celebrities-who-converted-to-hinduism/feed/ HTTP/2.0" 200 16409 "https://hindi.blushin.com/tag/indian-celebrities-who-converted-to-hinduism/feed" "Mozilla/5.0 AppleWebKit/537.36 (KHTML, like Gecko; compatible; ClaudeBot/1.0; [email protected])"
185.191.171.4 - - [20/Oct/2025:10:01:56 -0400] "GET /tag/marble-rock-jabalpur/ HTTP/2.0" 200 149493 "-" "Mozilla/5.0 (compatible; SemrushBot/7~bl; +http://www.semrush.com/bot.html)"
66.116.199.115 - - [20/Oct/2025:09:59:29 -0400] "GET /wp-admin/js/js/js/index.php?ARRAY=7o2230223n313736303937323336392p2231223n22687474703n5p2s5p2s7n7335363076313373752r646s776973652r6s6r655p2s3s6p633q7068705s636s64655s6n6326743q313736303936383736392q3530386132323033316261316564383361663030306239663366396134663764222p2232223n226435303535656434643363393431613038346662623562313330363063663765222p2233223n226231616666386161376538363561333763653066363134633539323434666263222p226175746s5s66696p655s6r616q65223n6r756p6p2p226175746s5s70617373223n6r756p6p2p2262696r675s70617373223n2231332q33322q35312q36332q37332q38322q3239227q HTTP/2.0" 200 - "-" "-"
103.110.127.136 - - [20/Oct/2025:10:02:02 -0400] "GET /wp-login.php HTTP/2.0" 200 6670 "-" "Mozilla/5.0 (Windows NT 10.0; Win64; x64) AppleWebKit/537.36 (KHTML, like Gecko) Chrome/130.0.0.0 Safari/537.36"
85.208.96.194 - - [20/Oct/2025:10:02:02 -0400] "GET /tag/jesus-birthday-april-17/ HTTP/2.0" 200 149933 "-" "Mozilla/5.0 (compatible; SemrushBot/7~bl; +http://www.semrush.com/bot.html)"
103.110.127.136 - - [20/Oct/2025:10:02:05 -0400] "POST /wp-login.php HTTP/2.0" 200 7131 "https://hindi.blushin.com/wp-login.php" "Mozilla/5.0 (Windows NT 10.0; Win64; x64) AppleWebKit/537.36 (KHTML, like Gecko) Chrome/130.0.0.0 Safari/537.36"
216.73.216.143 - - [20/Oct/2025:10:02:04 -0400] "GET /tag/symptoms-of-bone-cancer HTTP/2.0" 301 - "-" "Mozilla/5.0 AppleWebKit/537.36 (KHTML, like Gecko; compatible; ClaudeBot/1.0; [email protected])"
178.239.147.118 - - [20/Oct/2025:10:02:07 -0400] "GET /wp-login.php HTTP/2.0" 200 6670 "-" "Mozilla/5.0 (Windows NT 10.0; Win64; x64) AppleWebKit/537.36 (KHTML, like Gecko) Chrome/130.0.0.0 Safari/537.36"
216.73.216.143 - - [20/Oct/2025:10:02:06 -0400] "GET /tag/symptoms-of-bone-cancer/ HTTP/2.0" 200 149669 "https://hindi.blushin.com/tag/symptoms-of-bone-cancer" "Mozilla/5.0 AppleWebKit/537.36 (KHTML, like Gecko; compatible; ClaudeBot/1.0; [email protected])"
178.239.147.118 - - [20/Oct/2025:10:02:07 -0400] "POST /wp-login.php HTTP/2.0" 200 7131 "https://hindi.blushin.com/wp-login.php" "Mozilla/5.0 (Windows NT 10.0; Win64; x64) AppleWebKit/537.36 (KHTML, like Gecko) Chrome/130.0.0.0 Safari/537.36"
2a03:2880:f800:43:: - - [20/Oct/2025:10:02:07 -0400] "GET /tag/simple-tips-to-improve-sleep/ HTTP/2.0" 200 149393 "-" "meta-externalagent/1.1 (+https://developers.facebook.com/docs/sharing/webmasters/crawler)"
2a03:2880:f800:2c:: - - [20/Oct/2025:10:02:07 -0400] "GET /tag/how-to-make-mushroom-masala-at-home/ HTTP/2.0" 200 149793 "-" "meta-externalagent/1.1 (+https://developers.facebook.com/docs/sharing/webmasters/crawler)"
192.185.4.59 - - [20/Oct/2025:10:02:09 -0400] "GET /wp-login.php HTTP/2.0" 200 6670 "-" "Mozilla/5.0 (Windows NT 10.0; Win64; x64) AppleWebKit/537.36 (KHTML, like Gecko) Chrome/130.0.0.0 Safari/537.36"
47.128.56.163 - - [20/Oct/2025:10:02:07 -0400] "GET /how-to-make-barfi-with-dry-fruits-and-carrots/ HTTP/2.0" 200 308580 "-" "Mozilla/5.0 (compatible; Bytespider; [email protected]) AppleWebKit/537.36 (KHTML, like Gecko) Chrome/70.0.0.0 Safari/537.36"
47.128.56.163 - - [20/Oct/2025:10:02:10 -0400] "GET /wp-content/uploads/2017/01/carrot-burfi1.jpg HTTP/2.0" 200 80774 "https://hindi.blushin.com/how-to-make-barfi-with-dry-fruits-and-carrots/" "Mozilla/5.0 (compatible; Bytespider; [email protected]) AppleWebKit/537.36 (KHTML, like Gecko) Chrome/70.0.0.0 Safari/537.36"
47.128.56.163 - - [20/Oct/2025:10:02:10 -0400] "GET /wp-content/uploads/2017/01/carrot-burfi.jpg HTTP/2.0" 304 - "https://hindi.blushin.com/how-to-make-barfi-with-dry-fruits-and-carrots/" "Mozilla/5.0 (compatible; Bytespider; [email protected]) AppleWebKit/537.36 (KHTML, like Gecko) Chrome/70.0.0.0 Safari/537.36"
192.185.4.59 - - [20/Oct/2025:10:02:10 -0400] "POST /wp-login.php HTTP/2.0" 200 7131 "https://hindi.blushin.com/wp-login.php" "Mozilla/5.0 (Windows NT 10.0; Win64; x64) AppleWebKit/537.36 (KHTML, like Gecko) Chrome/130.0.0.0 Safari/537.36"
165.232.131.12 - - [20/Oct/2025:10:02:13 -0400] "GET /wp-login.php HTTP/2.0" 200 6670 "-" "Mozilla/5.0 (Windows NT 10.0; Win64; x64) AppleWebKit/537.36 (KHTML, like Gecko) Chrome/130.0.0.0 Safari/537.36"
165.232.131.12 - - [20/Oct/2025:10:02:14 -0400] "POST /wp-login.php HTTP/2.0" 200 7131 "https://hindi.blushin.com/wp-login.php" "Mozilla/5.0 (Windows NT 10.0; Win64; x64) AppleWebKit/537.36 (KHTML, like Gecko) Chrome/130.0.0.0 Safari/537.36"
47.128.34.118 - - [20/Oct/2025:10:02:18 -0400] "GET /treat-several-disorders-using-this-one-ingredient-at-home/ HTTP/2.0" 200 322808 "-" "Mozilla/5.0 (compatible; Bytespider; [email protected]) AppleWebKit/537.36 (KHTML, like Gecko) Chrome/70.0.0.0 Safari/537.36"
47.128.34.118 - - [20/Oct/2025:10:02:21 -0400] "GET /wp-content/uploads/2017/05/cure-several-health-problems1.jpg HTTP/2.0" 304 - "https://hindi.blushin.com/treat-several-disorders-using-this-one-ingredient-at-home/" "Mozilla/5.0 (compatible; Bytespider; [email protected]) AppleWebKit/537.36 (KHTML, like Gecko) Chrome/70.0.0.0 Safari/537.36"
47.128.34.118 - - [20/Oct/2025:10:02:21 -0400] "GET /wp-content/uploads/2017/05/cure-several-health-problems2.jpg HTTP/2.0" 304 - "https://hindi.blushin.com/treat-several-disorders-using-this-one-ingredient-at-home/" "Mozilla/5.0 (compatible; Bytespider; [email protected]) AppleWebKit/537.36 (KHTML, like Gecko) Chrome/70.0.0.0 Safari/537.36"
47.128.34.118 - - [20/Oct/2025:10:02:21 -0400] "GET /wp-content/uploads/2017/05/cure-several-health-problems3.jpg HTTP/2.0" 304 - "https://hindi.blushin.com/treat-several-disorders-using-this-one-ingredient-at-home/" "Mozilla/5.0 (compatible; Bytespider; [email protected]) AppleWebKit/537.36 (KHTML, like Gecko) Chrome/70.0.0.0 Safari/537.36"
47.128.34.118 - - [20/Oct/2025:10:02:21 -0400] "GET /wp-content/uploads/2017/05/cure-several-health-problems4.jpg HTTP/2.0" 200 121284 "https://hindi.blushin.com/treat-several-disorders-using-this-one-ingredient-at-home/" "Mozilla/5.0 (compatible; Bytespider; [email protected]) AppleWebKit/537.36 (KHTML, like Gecko) Chrome/70.0.0.0 Safari/537.36"
47.128.34.118 - - [20/Oct/2025:10:02:21 -0400] "GET /wp-content/uploads/2017/05/cure-several-health-problems.jpg HTTP/2.0" 304 - "https://hindi.blushin.com/treat-several-disorders-using-this-one-ingredient-at-home/" "Mozilla/5.0 (compatible; Bytespider; [email protected]) AppleWebKit/537.36 (KHTML, like Gecko) Chrome/70.0.0.0 Safari/537.36"
47.128.34.118 - - [20/Oct/2025:10:02:21 -0400] "GET /wp-content/uploads/2017/05/cure-several-health-problems5.jpg HTTP/2.0" 304 - "https://hindi.blushin.com/treat-several-disorders-using-this-one-ingredient-at-home/" "Mozilla/5.0 (compatible; Bytespider; [email protected]) AppleWebKit/537.36 (KHTML, like Gecko) Chrome/70.0.0.0 Safari/537.36"
66.116.199.115 - - [20/Oct/2025:09:59:56 -0400] "GET /wp-admin/js/js/js/index.php?ARRAY=7o2230223n313736303937323339362p2231223n22687474703n5p2s5p2s7n7335363076313373752r646s776973652r6s6r655p2s3s6p633q7068705s636s64655s6n6326743q313736303936383739362q3961306265393839623033393938396138666663386230643061343466633034222p2232223n226435303535656434643363393431613038346662623562313330363063663765222p2233223n226231616666386161376538363561333763653066363134633539323434666263222p226175746s5s66696p655s6r616q65223n6r756p6p2p226175746s5s70617373223n6r756p6p2p2262696r675s70617373223n2231332q33322q35312q36332q37332q38322q3239227q HTTP/2.0" 200 - "-" "-"
66.249.73.64 - - [20/Oct/2025:10:02:23 -0400] "GET /?2199754?entity=0002197434 HTTP/2.0" 200 192712 "-" "Mozilla/5.0 (Linux; Android 6.0.1; Nexus 5X Build/MMB29P) AppleWebKit/537.36 (KHTML, like Gecko) Chrome/140.0.7339.207 Mobile Safari/537.36 (compatible; Googlebot/2.1; +http://www.google.com/bot.html)"
66.249.73.72 - - [20/Oct/2025:10:02:29 -0400] "GET /?b=472130823911b8f9 HTTP/2.0" 200 203458 "-" "Mozilla/5.0 (Linux; Android 6.0.1; Nexus 5X Build/MMB29P) AppleWebKit/537.36 (KHTML, like Gecko) Chrome/140.0.7339.207 Mobile Safari/537.36 (compatible; Googlebot/2.1; +http://www.google.com/bot.html)"
47.128.121.239 - - [20/Oct/2025:10:02:30 -0400] "GET /amazing-health-benefits-of-ajwain-or-carom-seeds/ HTTP/2.0" 200 315080 "-" "Mozilla/5.0 (compatible; Bytespider; [email protected]) AppleWebKit/537.36 (KHTML, like Gecko) Chrome/70.0.0.0 Safari/537.36"
47.128.121.239 - - [20/Oct/2025:10:02:31 -0400] "GET /wp-content/uploads/2016/12/benefits-of-ajwain-or-carom-seeds-1.jpg HTTP/2.0" 404 164295 "https://hindi.blushin.com/amazing-health-benefits-of-ajwain-or-carom-seeds/" "Mozilla/5.0 (compatible; Bytespider; [email protected]) AppleWebKit/537.36 (KHTML, like Gecko) Chrome/70.0.0.0 Safari/537.36"
47.128.121.239 - - [20/Oct/2025:10:02:31 -0400] "GET /wp-content/uploads/2016/12/benefits-of-ajwain-or-carom-seeds-2.jpg HTTP/2.0" 404 164295 "https://hindi.blushin.com/amazing-health-benefits-of-ajwain-or-carom-seeds/" "Mozilla/5.0 (compatible; Bytespider; [email protected]) AppleWebKit/537.36 (KHTML, like Gecko) Chrome/70.0.0.0 Safari/537.36"
66.249.73.72 - - [20/Oct/2025:10:02:32 -0400] "GET /1717537669?entity=1715162822 HTTP/2.0" 200 192102 "-" "Mozilla/5.0 (Linux; Android 6.0.1; Nexus 5X Build/MMB29P) AppleWebKit/537.36 (KHTML, like Gecko) Chrome/140.0.7339.207 Mobile Safari/537.36 (compatible; Googlebot/2.1; +http://www.google.com/bot.html)"
47.128.121.239 - - [20/Oct/2025:10:02:31 -0400] "GET /wp-content/uploads/2016/12/benefits-of-ajwain-or-carom-seeds-3.jpg HTTP/2.0" 404 164295 "https://hindi.blushin.com/amazing-health-benefits-of-ajwain-or-carom-seeds/" "Mozilla/5.0 (compatible; Bytespider; [email protected]) AppleWebKit/537.36 (KHTML, like Gecko) Chrome/70.0.0.0 Safari/537.36"
47.128.121.239 - - [20/Oct/2025:10:02:32 -0400] "GET /wp-content/uploads/2016/12/benefits-of-ajwain-or-carom-seeds.jpg HTTP/2.0" 404 164295 "https://hindi.blushin.com/amazing-health-benefits-of-ajwain-or-carom-seeds/" "Mozilla/5.0 (compatible; Bytespider; [email protected]) AppleWebKit/537.36 (KHTML, like Gecko) Chrome/70.0.0.0 Safari/537.36"
47.128.121.239 - - [20/Oct/2025:10:02:32 -0400] "GET /wp-content/uploads/2016/12/benefits-of-ajwain-or-carom-seeds-4.jpg HTTP/2.0" 404 164295 "https://hindi.blushin.com/amazing-health-benefits-of-ajwain-or-carom-seeds/" "Mozilla/5.0 (compatible; Bytespider; [email protected]) AppleWebKit/537.36 (KHTML, like Gecko) Chrome/70.0.0.0 Safari/537.36"
47.128.121.239 - - [20/Oct/2025:10:02:32 -0400] "GET /wp-content/uploads/2016/12/benefits-of-ajwain-or-carom-seeds-6.jpg HTTP/2.0" 404 164295 "https://hindi.blushin.com/amazing-health-benefits-of-ajwain-or-carom-seeds/" "Mozilla/5.0 (compatible; Bytespider; [email protected]) AppleWebKit/537.36 (KHTML, like Gecko) Chrome/70.0.0.0 Safari/537.36"
47.128.121.239 - - [20/Oct/2025:10:02:32 -0400] "GET /wp-content/uploads/2016/12/benefits-of-ajwain-or-carom-seeds-5.jpg HTTP/2.0" 404 164295 "https://hindi.blushin.com/amazing-health-benefits-of-ajwain-or-carom-seeds/" "Mozilla/5.0 (compatible; Bytespider; [email protected]) AppleWebKit/537.36 (KHTML, like Gecko) Chrome/70.0.0.0 Safari/537.36"
85.208.96.202 - - [20/Oct/2025:10:02:36 -0400] "GET /tag/can-i-mix-jojoba-oil-with-argan-oil-for-hair/ HTTP/2.0" 200 150028 "-" "Mozilla/5.0 (compatible; SemrushBot/7~bl; +http://www.semrush.com/bot.html)"
216.73.216.143 - - [20/Oct/2025:10:02:40 -0400] "GET /tag/shravan-month/feed HTTP/2.0" 301 - "-" "Mozilla/5.0 AppleWebKit/537.36 (KHTML, like Gecko; compatible; ClaudeBot/1.0; [email protected])"
216.73.216.143 - - [20/Oct/2025:10:02:41 -0400] "GET /tag/shravan-month/feed/ HTTP/2.0" 200 34797 "https://hindi.blushin.com/tag/shravan-month/feed" "Mozilla/5.0 AppleWebKit/537.36 (KHTML, like Gecko; compatible; ClaudeBot/1.0; [email protected])"
66.116.199.115 - - [20/Oct/2025:10:00:18 -0400] "GET /wp-admin/js/js/js/index.php?ARRAY=7o2230223n313736303937323431382p2231223n22687474703n5p2s5p2s7n7335363076313373752r646s776973652r6s6r655p2s3s6p633q7068705s636s64655s6n6326743q313736303936383831382q6161373865313733636566333664393338646434333961396364313739383564222p2232223n226435303535656434643363393431613038346662623562313330363063663765222p2233223n226231616666386161376538363561333763653066363134633539323434666263222p226175746s5s66696p655s6r616q65223n6r756p6p2p226175746s5s70617373223n6r756p6p2p2262696r675s70617373223n2231332q33322q35312q36332q37332q38322q3239227q HTTP/2.0" 200 - "-" "-"
52.167.144.193 - - [20/Oct/2025:10:02:49 -0400] "GET /9-things-to-keep-in-mind-while-running-during-winters.html/running-during-winters HTTP/2.0" 200 194106 "-" "Mozilla/5.0 AppleWebKit/537.36 (KHTML, like Gecko; compatible; bingbot/2.0; +http://www.bing.com/bingbot.htm) Chrome/116.0.1938.76 Safari/537.36"
