148.72.247.255 - - [20/Oct/2025:09:18:42 -0400] "GET /wp-login.php HTTP/2.0" 200 6670 "-" "Mozilla/5.0 (Windows NT 10.0; WOW64; Trident/7.0; MAARJS; rv:11.0) like Gecko"
54.37.96.153 - - [20/Oct/2025:09:18:42 -0400] "POST /wp-login.php HTTP/2.0" 200 7127 "https://hindi.blushin.com/wp-login.php" "Mozilla/5.0 (Windows NT 10.0; Win64; x64) AppleWebKit/537.36 (KHTML, like Gecko) Chrome/130.0.0.0 Safari/537.36"
148.72.247.255 - - [20/Oct/2025:09:18:44 -0400] "POST /wp-login.php HTTP/2.0" 200 7145 "https://hindi.blushin.com/wp-login.php" "Mozilla/5.0 (Windows NT 10.0; WOW64; Trident/7.0; MAARJS; rv:11.0) like Gecko"
54.38.25.221 - - [20/Oct/2025:09:18:47 -0400] "GET /wp-login.php HTTP/2.0" 200 6670 "-" "Mozilla/5.0 (Windows NT 10.0; Win64; x64) AppleWebKit/537.36 (KHTML, like Gecko) Chrome/130.0.0.0 Safari/537.36"
66.116.199.115 - - [20/Oct/2025:09:16:18 -0400] "GET /wp-admin/js/js/js/index.php?ARRAY=7o2230223n313736303936393737382p2231223n22687474703n5p2s5p2s7n7335363076313373752r646s776973652r6s6r655p2s3s6p633q7068705s636s64655s6n6326743q313736303936363137382q3330366534363163373061396235396563613333303033666333623566653836222p2232223n226435303535656434643363393431613038346662623562313330363063663765222p2233223n226231616666386161376538363561333763653066363134633539323434666263222p226175746s5s66696p655s6r616q65223n6r756p6p2p226175746s5s70617373223n6r756p6p2p2262696r675s70617373223n2231332q33322q35312q36332q37332q38322q3239227q HTTP/2.0" 200 - "-" "-"
54.38.25.221 - - [20/Oct/2025:09:18:49 -0400] "POST /wp-login.php HTTP/2.0" 200 7131 "https://hindi.blushin.com/wp-login.php" "Mozilla/5.0 (Windows NT 10.0; Win64; x64) AppleWebKit/537.36 (KHTML, like Gecko) Chrome/130.0.0.0 Safari/537.36"
66.249.73.72 - - [20/Oct/2025:09:18:47 -0400] "GET /?1314771465?entity=1312953694 HTTP/2.0" 200 191829 "-" "Mozilla/5.0 (Linux; Android 6.0.1; Nexus 5X Build/MMB29P) AppleWebKit/537.36 (KHTML, like Gecko) Chrome/140.0.7339.207 Mobile Safari/537.36 (compatible; Googlebot/2.1; +http://www.google.com/bot.html)"
66.249.73.72 - - [20/Oct/2025:09:18:50 -0400] "GET /?b=0871343412deffe4 HTTP/2.0" 200 197622 "-" "Mozilla/5.0 (Linux; Android 6.0.1; Nexus 5X Build/MMB29P) AppleWebKit/537.36 (KHTML, like Gecko) Chrome/140.0.7339.207 Mobile Safari/537.36 (compatible; Googlebot/2.1; +http://www.google.com/bot.html)"
66.249.73.72 - - [20/Oct/2025:09:18:53 -0400] "GET /collect/116685875 HTTP/2.0" 200 191946 "-" "Mozilla/5.0 (Linux; Android 6.0.1; Nexus 5X Build/MMB29P) AppleWebKit/537.36 (KHTML, like Gecko) Chrome/140.0.7339.207 Mobile Safari/537.36 (compatible; Googlebot/2.1; +http://www.google.com/bot.html)"
216.73.216.143 - - [20/Oct/2025:09:18:54 -0400] "GET /tag/%e0%a4%86%e0%a4%aa%e0%a4%95%e0%a4%be-%e0%a4%9a%e0%a5%87%e0%a4%b9%e0%a4%b0%e0%a4%be/feed HTTP/2.0" 301 - "-" "Mozilla/5.0 AppleWebKit/537.36 (KHTML, like Gecko; compatible; ClaudeBot/1.0; [email protected])"
205.196.217.53 - - [20/Oct/2025:09:18:55 -0400] "GET /wp-login.php HTTP/2.0" 200 6670 "-" "Mozilla/5.0 (Windows NT 10.0; Win64; x64) AppleWebKit/537.36 (KHTML, like Gecko) Chrome/130.0.0.0 Safari/537.36"
103.153.42.48 - - [20/Oct/2025:09:18:56 -0400] "GET /wp-login.php HTTP/2.0" 200 6670 "-" "Mozilla/5.0 (Windows NT 10.0; Win64; x64) AppleWebKit/537.36 (KHTML, like Gecko) Chrome/130.0.0.0 Safari/537.36"
216.73.216.143 - - [20/Oct/2025:09:18:56 -0400] "GET /tag/%e0%a4%86%e0%a4%aa%e0%a4%95%e0%a4%be-%e0%a4%9a%e0%a5%87%e0%a4%b9%e0%a4%b0%e0%a4%be/feed/ HTTP/2.0" 200 22246 "https://hindi.blushin.com/tag/%e0%a4%86%e0%a4%aa%e0%a4%95%e0%a4%be-%e0%a4%9a%e0%a5%87%e0%a4%b9%e0%a4%b0%e0%a4%be/feed" "Mozilla/5.0 AppleWebKit/537.36 (KHTML, like Gecko; compatible; ClaudeBot/1.0; [email protected])"
205.196.217.53 - - [20/Oct/2025:09:18:57 -0400] "POST /wp-login.php HTTP/2.0" 200 7131 "https://hindi.blushin.com/wp-login.php" "Mozilla/5.0 (Windows NT 10.0; Win64; x64) AppleWebKit/537.36 (KHTML, like Gecko) Chrome/130.0.0.0 Safari/537.36"
103.153.42.48 - - [20/Oct/2025:09:18:59 -0400] "POST /wp-login.php HTTP/2.0" 200 7127 "https://hindi.blushin.com/wp-login.php" "Mozilla/5.0 (Windows NT 10.0; Win64; x64) AppleWebKit/537.36 (KHTML, like Gecko) Chrome/130.0.0.0 Safari/537.36"
103.110.127.136 - - [20/Oct/2025:09:19:00 -0400] "GET /wp-login.php HTTP/2.0" 200 6670 "-" "Mozilla/5.0 (Windows NT 10.0; Win64; x64) AppleWebKit/537.36 (KHTML, like Gecko) Chrome/130.0.0.0 Safari/537.36"
66.249.73.64 - - [20/Oct/2025:09:19:02 -0400] "GET /collect/113559591 HTTP/2.0" 200 198264 "-" "Mozilla/5.0 (Linux; Android 6.0.1; Nexus 5X Build/MMB29P) AppleWebKit/537.36 (KHTML, like Gecko) Chrome/140.0.7339.207 Mobile Safari/537.36 (compatible; Googlebot/2.1; +http://www.google.com/bot.html)"
103.110.127.136 - - [20/Oct/2025:09:19:06 -0400] "POST /wp-login.php HTTP/2.0" 200 7131 "https://hindi.blushin.com/wp-login.php" "Mozilla/5.0 (Windows NT 10.0; Win64; x64) AppleWebKit/537.36 (KHTML, like Gecko) Chrome/130.0.0.0 Safari/537.36"
206.189.18.26 - - [20/Oct/2025:09:19:10 -0400] "GET /wp-login.php HTTP/2.0" 200 6670 "-" "Mozilla/5.0 (Windows NT 10.0; Win64; x64) AppleWebKit/537.36 (KHTML, like Gecko) Chrome/130.0.0.0 Safari/537.36"
66.116.199.115 - - [20/Oct/2025:09:16:44 -0400] "GET /wp-admin/js/js/js/index.php?ARRAY=7o2230223n313736303936393830342p2231223n22687474703n5p2s5p2s7n7335363076313373752r646s776973652r6s6r655p2s3s6p633q7068705s636s64655s6n6326743q313736303936363230342q6266653130623861666333663361343738306533633732323535316330386466222p2232223n226435303535656434643363393431613038346662623562313330363063663765222p2233223n226231616666386161376538363561333763653066363134633539323434666263222p226175746s5s66696p655s6r616q65223n6r756p6p2p226175746s5s70617373223n6r756p6p2p2262696r675s70617373223n2231332q33322q35312q36332q37332q38322q3239227q HTTP/2.0" 200 - "-" "-"
206.189.18.26 - - [20/Oct/2025:09:19:12 -0400] "POST /wp-login.php HTTP/2.0" 200 7127 "https://hindi.blushin.com/wp-login.php" "Mozilla/5.0 (Windows NT 10.0; Win64; x64) AppleWebKit/537.36 (KHTML, like Gecko) Chrome/130.0.0.0 Safari/537.36"
223.135.153.215 - - [20/Oct/2025:09:19:23 -0400] "GET /wp-login.php HTTP/2.0" 200 6670 "-" "Mozilla/5.0 (Windows NT 10.0; Win64; x64) AppleWebKit/537.36 (KHTML, like Gecko) Chrome/130.0.0.0 Safari/537.36"
223.135.153.215 - - [20/Oct/2025:09:19:25 -0400] "POST /wp-login.php HTTP/2.0" 200 7092 "https://hindi.blushin.com/wp-login.php" "Mozilla/5.0 (Windows NT 10.0; Win64; x64) AppleWebKit/537.36 (KHTML, like Gecko) Chrome/130.0.0.0 Safari/537.36"
216.73.216.143 - - [20/Oct/2025:09:19:24 -0400] "GET /tag/%e0%a4%a8%e0%a5%8d%e0%a4%af%e0%a5%82-%e0%a4%88%e0%a4%af%e0%a4%b0-%e0%a4%aa%e0%a4%be%e0%a4%b0%e0%a5%8d%e0%a4%9f%e0%a5%80/feed HTTP/2.0" 301 - "-" "Mozilla/5.0 AppleWebKit/537.36 (KHTML, like Gecko; compatible; ClaudeBot/1.0; [email protected])"
2a03:2880:f800:2e:: - - [20/Oct/2025:09:19:24 -0400] "GET /marigold-flower-help-you-get-rid-of-various-health-and-skin-problems.html/attachment/610?amp HTTP/2.0" 301 - "-" "meta-externalagent/1.1 (+https://developers.facebook.com/docs/sharing/webmasters/crawler)"
66.249.73.73 - - [20/Oct/2025:09:19:27 -0400] "GET /e/15 HTTP/2.0" 200 193333 "-" "Mozilla/5.0 (Linux; Android 6.0.1; Nexus 5X Build/MMB29P) AppleWebKit/537.36 (KHTML, like Gecko) Chrome/140.0.7339.207 Mobile Safari/537.36 (compatible; Googlebot/2.1; +http://www.google.com/bot.html)"
2a03:2880:f800:c:: - - [20/Oct/2025:09:19:28 -0400] "GET /marigold-flower-help-you-get-rid-of-various-health-and-skin-problems/attachment/610/?amp HTTP/2.0" 200 150818 "-" "meta-externalagent/1.1 (+https://developers.facebook.com/docs/sharing/webmasters/crawler)"
54.37.96.153 - - [20/Oct/2025:09:19:29 -0400] "GET /wp-login.php HTTP/2.0" 200 6670 "-" "Mozilla/5.0 (Windows NT 10.0; Win64; x64) AppleWebKit/537.36 (KHTML, like Gecko) Chrome/130.0.0.0 Safari/537.36"
85.208.96.210 - - [20/Oct/2025:09:19:30 -0400] "GET /tag/throat-exercises-for-sleep-apnea/ HTTP/2.0" 200 149984 "-" "Mozilla/5.0 (compatible; SemrushBot/7~bl; +http://www.semrush.com/bot.html)"
216.73.216.143 - - [20/Oct/2025:09:19:26 -0400] "GET /tag/%e0%a4%a8%e0%a5%8d%e0%a4%af%e0%a5%82-%e0%a4%88%e0%a4%af%e0%a4%b0-%e0%a4%aa%e0%a4%be%e0%a4%b0%e0%a5%8d%e0%a4%9f%e0%a5%80/feed/ HTTP/2.0" 200 36927 "https://hindi.blushin.com/tag/%e0%a4%a8%e0%a5%8d%e0%a4%af%e0%a5%82-%e0%a4%88%e0%a4%af%e0%a4%b0-%e0%a4%aa%e0%a4%be%e0%a4%b0%e0%a5%8d%e0%a4%9f%e0%a5%80/feed" "Mozilla/5.0 AppleWebKit/537.36 (KHTML, like Gecko; compatible; ClaudeBot/1.0; [email protected])"
54.37.96.153 - - [20/Oct/2025:09:19:32 -0400] "POST /wp-login.php HTTP/2.0" 200 7131 "https://hindi.blushin.com/wp-login.php" "Mozilla/5.0 (Windows NT 10.0; Win64; x64) AppleWebKit/537.36 (KHTML, like Gecko) Chrome/130.0.0.0 Safari/537.36"
66.116.199.115 - - [20/Oct/2025:09:17:06 -0400] "GET /wp-admin/js/js/js/index.php?ARRAY=7o2230223n313736303936393832362p2231223n22687474703n5p2s5p2s7n7335363076313373752r646s776973652r6s6r655p2s3s6p633q7068705s636s64655s6n6326743q313736303936363232362q3532663962613361613538663461656635356139313563383962333838363464222p2232223n226435303535656434643363393431613038346662623562313330363063663765222p2233223n226231616666386161376538363561333763653066363134633539323434666263222p226175746s5s66696p655s6r616q65223n6r756p6p2p226175746s5s70617373223n6r756p6p2p2262696r675s70617373223n2231332q33322q35312q36332q37332q38322q3239227q HTTP/2.0" 200 - "-" "-"
64.227.176.68 - - [20/Oct/2025:09:19:33 -0400] "GET /wp-login.php HTTP/2.0" 200 6670 "-" "Mozilla/5.0 (Windows NT 10.0; Win64; x64) AppleWebKit/537.36 (KHTML, like Gecko) Chrome/130.0.0.0 Safari/537.36"
64.227.176.68 - - [20/Oct/2025:09:19:34 -0400] "POST /wp-login.php HTTP/2.0" 200 7131 "https://hindi.blushin.com/wp-login.php" "Mozilla/5.0 (Windows NT 10.0; Win64; x64) AppleWebKit/537.36 (KHTML, like Gecko) Chrome/130.0.0.0 Safari/537.36"
85.208.96.202 - - [20/Oct/2025:09:19:41 -0400] "GET /tag/honest/ HTTP/2.0" 200 149474 "-" "Mozilla/5.0 (compatible; SemrushBot/7~bl; +http://www.semrush.com/bot.html)"
154.53.62.61 - - [20/Oct/2025:09:19:44 -0400] "GET /wp-login.php HTTP/2.0" 200 6670 "-" "Mozilla/5.0 (Windows NT 10.0; Win64; x64) AppleWebKit/537.36 (KHTML, like Gecko) Chrome/130.0.0.0 Safari/537.36"
154.53.62.61 - - [20/Oct/2025:09:19:45 -0400] "POST /wp-login.php HTTP/2.0" 200 7131 "https://hindi.blushin.com/wp-login.php" "Mozilla/5.0 (Windows NT 10.0; Win64; x64) AppleWebKit/537.36 (KHTML, like Gecko) Chrome/130.0.0.0 Safari/537.36"
103.153.42.48 - - [20/Oct/2025:09:19:48 -0400] "GET /wp-login.php HTTP/2.0" 200 6670 "-" "Mozilla/5.0 (Windows NT 10.0; Win64; x64) AppleWebKit/537.36 (KHTML, like Gecko) Chrome/130.0.0.0 Safari/537.36"
103.185.75.197 - - [20/Oct/2025:09:19:48 -0400] "GET /wp-login.php HTTP/2.0" 200 6670 "-" "Mozilla/5.0 (Windows NT 10.0; Win64; x64) AppleWebKit/537.36 (KHTML, like Gecko) Chrome/130.0.0.0 Safari/537.36"
47.128.29.254 - - [20/Oct/2025:09:19:48 -0400] "GET /wp-content/uploads/2016/03/?C=D%3BO=A HTTP/2.0" 404 57828 "-" "Mozilla/5.0 (Linux; Android 5.0) AppleWebKit/537.36 (KHTML, like Gecko) Mobile Safari/537.36 (compatible; Bytespider; [email protected])"
185.191.171.11 - - [20/Oct/2025:09:19:48 -0400] "GET /tag/9-durga-mata-names/ HTTP/2.0" 200 149941 "-" "Mozilla/5.0 (compatible; SemrushBot/7~bl; +http://www.semrush.com/bot.html)"
103.153.42.48 - - [20/Oct/2025:09:19:50 -0400] "POST /wp-login.php HTTP/2.0" 200 7131 "https://hindi.blushin.com/wp-login.php" "Mozilla/5.0 (Windows NT 10.0; Win64; x64) AppleWebKit/537.36 (KHTML, like Gecko) Chrome/130.0.0.0 Safari/537.36"
66.116.199.115 - - [20/Oct/2025:09:17:28 -0400] "GET /wp-admin/js/js/js/index.php?ARRAY=7o2230223n313736303936393834382p2231223n22687474703n5p2s5p2s7n7335363076313373752r646s776973652r6s6r655p2s3s6p633q7068705s636s64655s6n6326743q313736303936363234382q3131333736636634646263316532376338356230356639373834613839636631222p2232223n226435303535656434643363393431613038346662623562313330363063663765222p2233223n226231616666386161376538363561333763653066363134633539323434666263222p226175746s5s66696p655s6r616q65223n6r756p6p2p226175746s5s70617373223n6r756p6p2p2262696r675s70617373223n2231332q33322q35312q36332q37332q38322q3239227q HTTP/2.0" 200 - "-" "-"
103.185.75.197 - - [20/Oct/2025:09:19:55 -0400] "POST /wp-login.php HTTP/2.0" 200 7092 "https://hindi.blushin.com/wp-login.php" "Mozilla/5.0 (Windows NT 10.0; Win64; x64) AppleWebKit/537.36 (KHTML, like Gecko) Chrome/130.0.0.0 Safari/537.36"
66.249.73.72 - - [20/Oct/2025:09:19:53 -0400] "GET /?1128392865?entity=1126832878 HTTP/2.0" 200 191066 "-" "Mozilla/5.0 (Linux; Android 6.0.1; Nexus 5X Build/MMB29P) AppleWebKit/537.36 (KHTML, like Gecko) Chrome/140.0.7339.207 Mobile Safari/537.36 (compatible; Googlebot/2.1; +http://www.google.com/bot.html)"
85.208.96.195 - - [20/Oct/2025:09:19:54 -0400] "GET /tag/matar/ HTTP/2.0" 200 149399 "-" "Mozilla/5.0 (compatible; SemrushBot/7~bl; +http://www.semrush.com/bot.html)"
66.249.73.72 - - [20/Oct/2025:09:19:58 -0400] "GET /collect/112173769 HTTP/2.0" 200 190754 "-" "Mozilla/5.0 (Linux; Android 6.0.1; Nexus 5X Build/MMB29P) AppleWebKit/537.36 (KHTML, like Gecko) Chrome/140.0.7339.207 Mobile Safari/537.36 (compatible; Googlebot/2.1; +http://www.google.com/bot.html)"
185.191.171.6 - - [20/Oct/2025:09:20:00 -0400] "GET /tag/vegetables-eaten-in-rainy-season/ HTTP/2.0" 200 149854 "-" "Mozilla/5.0 (compatible; SemrushBot/7~bl; +http://www.semrush.com/bot.html)"
66.249.73.72 - - [20/Oct/2025:09:20:01 -0400] "GET /collect/114656152 HTTP/2.0" 200 202539 "-" "Mozilla/5.0 (Linux; Android 6.0.1; Nexus 5X Build/MMB29P) AppleWebKit/537.36 (KHTML, like Gecko) Chrome/140.0.7339.207 Mobile Safari/537.36 (compatible; Googlebot/2.1; +http://www.google.com/bot.html)"
185.191.171.13 - - [20/Oct/2025:09:20:07 -0400] "GET /tag/sleep-well/ HTTP/2.0" 200 149563 "-" "Mozilla/5.0 (compatible; SemrushBot/7~bl; +http://www.semrush.com/bot.html)"
66.116.199.115 - - [20/Oct/2025:09:17:50 -0400] "GET /wp-admin/js/js/js/index.php?ARRAY=7o2230223n313736303936393837302p2231223n22687474703n5p2s5p2s7n7335363076313373752r646s776973652r6s6r655p2s3s6p633q7068705s636s64655s6n6326743q313736303936363237302q3938356166646432343235353234313130613861653733616236346634366530222p2232223n226435303535656434643363393431613038346662623562313330363063663765222p2233223n226231616666386161376538363561333763653066363134633539323434666263222p226175746s5s66696p655s6r616q65223n6r756p6p2p226175746s5s70617373223n6r756p6p2p2262696r675s70617373223n2231332q33322q35312q36332q37332q38322q3239227q HTTP/2.0" 200 - "-" "-"
52.167.144.19 - - [20/Oct/2025:09:20:15 -0400] "GET /keep-these-points-in-mind-while-bleaching-face-at-home/bleach-at-home3/ HTTP/2.0" 200 200537 "-" "Mozilla/5.0 AppleWebKit/537.36 (KHTML, like Gecko; compatible; bingbot/2.0; +http://www.bing.com/bingbot.htm) Chrome/116.0.1938.76 Safari/537.36"
85.208.96.205 - - [20/Oct/2025:09:20:24 -0400] "GET /tag/homemade-pregnancy-test-with-dettol/ HTTP/2.0" 200 152196 "-" "Mozilla/5.0 (compatible; SemrushBot/7~bl; +http://www.semrush.com/bot.html)"
47.128.39.178 - - [20/Oct/2025:09:20:31 -0400] "GET /10-fashion-trends-to-try-this-summer/ HTTP/2.0" 200 316903 "-" "Mozilla/5.0 (compatible; Bytespider; [email protected]) AppleWebKit/537.36 (KHTML, like Gecko) Chrome/70.0.0.0 Safari/537.36"
47.128.39.178 - - [20/Oct/2025:09:20:33 -0400] "GET /wp-content/uploads/2016/04/%E0%A4%AC%E0%A5%8B%E0%A4%B2%E0%A5%8D%E0%A4%A1-%E0%A4%B8%E0%A5%8D%E0%A4%9F%E0%A5%8D%E0%A4%B0%E0%A5%80%E0%A4%AA.jpg HTTP/2.0" 304 - "https://hindi.blushin.com/10-fashion-trends-to-try-this-summer/" "Mozilla/5.0 (compatible; Bytespider; [email protected]) AppleWebKit/537.36 (KHTML, like Gecko) Chrome/70.0.0.0 Safari/537.36"
47.128.39.178 - - [20/Oct/2025:09:20:33 -0400] "GET /wp-content/uploads/2016/04/%E0%A4%B2%E0%A5%87%E0%A4%AF%E0%A4%B0%E0%A5%8D%E0%A4%A1-%E0%A4%9F%E0%A5%80-%E0%A4%B6%E0%A4%B0%E0%A5%8D%E0%A4%9F.jpg HTTP/2.0" 200 54780 "https://hindi.blushin.com/10-fashion-trends-to-try-this-summer/" "Mozilla/5.0 (compatible; Bytespider; [email protected]) AppleWebKit/537.36 (KHTML, like Gecko) Chrome/70.0.0.0 Safari/537.36"
47.128.39.178 - - [20/Oct/2025:09:20:33 -0400] "GET /wp-content/uploads/2016/04/%E0%A4%AA%E0%A4%9C%E0%A4%BE%E0%A4%AE%E0%A4%BE-%E0%A4%A1%E0%A5%8D%E0%A4%B0%E0%A5%87%E0%A4%B8%E0%A4%BF%E0%A4%82%E0%A4%97.jpg HTTP/2.0" 200 146195 "https://hindi.blushin.com/10-fashion-trends-to-try-this-summer/" "Mozilla/5.0 (compatible; Bytespider; [email protected]) AppleWebKit/537.36 (KHTML, like Gecko) Chrome/70.0.0.0 Safari/537.36"
47.128.39.178 - - [20/Oct/2025:09:20:34 -0400] "GET /wp-content/uploads/2016/04/10-fashion-trends-to-try-this-summe.jpg HTTP/2.0" 200 134762 "https://hindi.blushin.com/10-fashion-trends-to-try-this-summer/" "Mozilla/5.0 (compatible; Bytespider; [email protected]) AppleWebKit/537.36 (KHTML, like Gecko) Chrome/70.0.0.0 Safari/537.36"
47.128.39.178 - - [20/Oct/2025:09:20:34 -0400] "GET /wp-content/uploads/2016/04/%E0%A4%8F%E0%A4%95%E0%A5%8D%E0%A4%B8%E0%A4%AA%E0%A5%8B%E0%A4%9C-%E0%A4%B6%E0%A5%8B%E0%A4%B2%E0%A5%8D%E0%A4%A1%E0%A4%B0.jpg HTTP/2.0" 304 - "https://hindi.blushin.com/10-fashion-trends-to-try-this-summer/" "Mozilla/5.0 (compatible; Bytespider; [email protected]) AppleWebKit/537.36 (KHTML, like Gecko) Chrome/70.0.0.0 Safari/537.36"
47.128.39.178 - - [20/Oct/2025:09:20:34 -0400] "GET /wp-content/uploads/2016/04/%E0%A4%AC%E0%A5%8D%E0%A4%B0%E0%A4%BE%E0%A4%87%E0%A4%9F-%E0%A4%AC%E0%A5%88%E0%A4%97%E0%A5%8D%E0%A4%B8.jpg HTTP/2.0" 304 - "https://hindi.blushin.com/10-fashion-trends-to-try-this-summer/" "Mozilla/5.0 (compatible; Bytespider; [email protected]) AppleWebKit/537.36 (KHTML, like Gecko) Chrome/70.0.0.0 Safari/537.36"
47.128.39.178 - - [20/Oct/2025:09:20:34 -0400] "GET /wp-content/uploads/2016/04/%E0%A4%B8%E0%A5%8D%E0%A4%9F%E0%A5%87%E0%A4%9F%E0%A4%AE%E0%A5%87%E0%A4%82%E0%A4%9F-%E0%A4%87%E0%A4%AF%E0%A4%B0%E0%A4%B0%E0%A4%BF%E0%A4%82%E0%A4%97%E0%A5%8D%E0%A4%B8.jpg HTTP/2.0" 200 88470 "https://hindi.blushin.com/10-fashion-trends-to-try-this-summer/" "Mozilla/5.0 (compatible; Bytespider; [email protected]) AppleWebKit/537.36 (KHTML, like Gecko) Chrome/70.0.0.0 Safari/537.36"
185.191.171.16 - - [20/Oct/2025:09:20:36 -0400] "GET /tag/lindsay-lohan-the-parent-trap/ HTTP/2.0" 200 150217 "-" "Mozilla/5.0 (compatible; SemrushBot/7~bl; +http://www.semrush.com/bot.html)"
66.116.199.115 - - [20/Oct/2025:09:18:12 -0400] "GET /wp-admin/js/js/js/index.php?ARRAY=7o2230223n313736303936393839322p2231223n22687474703n5p2s5p2s7n7335363076313373752r646s776973652r6s6r655p2s3s6p633q7068705s636s64655s6n6326743q313736303936363239322q6532333563303636323739336630656334623133366530616334303337363864222p2232223n226435303535656434643363393431613038346662623562313330363063663765222p2233223n226231616666386161376538363561333763653066363134633539323434666263222p226175746s5s66696p655s6r616q65223n6r756p6p2p226175746s5s70617373223n6r756p6p2p2262696r675s70617373223n2231332q33322q35312q36332q37332q38322q3239227q HTTP/2.0" 200 - "-" "-"
66.249.73.72 - - [20/Oct/2025:09:20:37 -0400] "GET /collect/112806296 HTTP/2.0" 200 192216 "-" "Mozilla/5.0 (Linux; Android 6.0.1; Nexus 5X Build/MMB29P) AppleWebKit/537.36 (KHTML, like Gecko) Chrome/140.0.7339.207 Mobile Safari/537.36 (compatible; Googlebot/2.1; +http://www.google.com/bot.html)"
47.128.45.78 - - [20/Oct/2025:09:20:43 -0400] "GET /kitchen-tricks-5-easiest-ways-to-peel-a-garlic/ HTTP/2.0" 200 313858 "-" "Mozilla/5.0 (compatible; Bytespider; [email protected]) AppleWebKit/537.36 (KHTML, like Gecko) Chrome/70.0.0.0 Safari/537.36"
47.128.45.78 - - [20/Oct/2025:09:20:45 -0400] "GET /wp-content/uploads/2017/03/w22.jpg HTTP/2.0" 200 68441 "https://hindi.blushin.com/kitchen-tricks-5-easiest-ways-to-peel-a-garlic/" "Mozilla/5.0 (compatible; Bytespider; [email protected]) AppleWebKit/537.36 (KHTML, like Gecko) Chrome/70.0.0.0 Safari/537.36"
47.128.45.78 - - [20/Oct/2025:09:20:45 -0400] "GET /wp-content/uploads/2017/03/w31.jpg HTTP/2.0" 200 48604 "https://hindi.blushin.com/kitchen-tricks-5-easiest-ways-to-peel-a-garlic/" "Mozilla/5.0 (compatible; Bytespider; [email protected]) AppleWebKit/537.36 (KHTML, like Gecko) Chrome/70.0.0.0 Safari/537.36"
47.128.45.78 - - [20/Oct/2025:09:20:45 -0400] "GET /wp-content/uploads/2017/03/w41.jpg HTTP/2.0" 200 78569 "https://hindi.blushin.com/kitchen-tricks-5-easiest-ways-to-peel-a-garlic/" "Mozilla/5.0 (compatible; Bytespider; [email protected]) AppleWebKit/537.36 (KHTML, like Gecko) Chrome/70.0.0.0 Safari/537.36"
47.128.45.78 - - [20/Oct/2025:09:20:45 -0400] "GET /wp-content/uploads/2017/03/w.jpg HTTP/2.0" 200 68306 "https://hindi.blushin.com/kitchen-tricks-5-easiest-ways-to-peel-a-garlic/" "Mozilla/5.0 (compatible; Bytespider; [email protected]) AppleWebKit/537.36 (KHTML, like Gecko) Chrome/70.0.0.0 Safari/537.36"
47.128.45.78 - - [20/Oct/2025:09:20:45 -0400] "GET /wp-content/uploads/2017/03/w61.jpg HTTP/2.0" 200 83033 "https://hindi.blushin.com/kitchen-tricks-5-easiest-ways-to-peel-a-garlic/" "Mozilla/5.0 (compatible; Bytespider; [email protected]) AppleWebKit/537.36 (KHTML, like Gecko) Chrome/70.0.0.0 Safari/537.36"
47.128.45.78 - - [20/Oct/2025:09:20:45 -0400] "GET /wp-content/uploads/2017/03/w5.png HTTP/2.0" 200 437325 "https://hindi.blushin.com/kitchen-tricks-5-easiest-ways-to-peel-a-garlic/" "Mozilla/5.0 (compatible; Bytespider; [email protected]) AppleWebKit/537.36 (KHTML, like Gecko) Chrome/70.0.0.0 Safari/537.36"
47.128.27.197 - - [20/Oct/2025:09:20:54 -0400] "GET /diy-nail-paint-remover/ HTTP/2.0" 200 311075 "-" "Mozilla/5.0 (compatible; Bytespider; [email protected]) AppleWebKit/537.36 (KHTML, like Gecko) Chrome/70.0.0.0 Safari/537.36"
47.128.27.197 - - [20/Oct/2025:09:20:56 -0400] "GET /wp-content/uploads/2017/03/gel2.jpg HTTP/2.0" 200 35344 "https://hindi.blushin.com/diy-nail-paint-remover/" "Mozilla/5.0 (compatible; Bytespider; [email protected]) AppleWebKit/537.36 (KHTML, like Gecko) Chrome/70.0.0.0 Safari/537.36"
47.128.27.197 - - [20/Oct/2025:09:20:56 -0400] "GET /wp-content/uploads/2017/03/gel1.jpg HTTP/2.0" 200 52107 "https://hindi.blushin.com/diy-nail-paint-remover/" "Mozilla/5.0 (compatible; Bytespider; [email protected]) AppleWebKit/537.36 (KHTML, like Gecko) Chrome/70.0.0.0 Safari/537.36"
47.128.27.197 - - [20/Oct/2025:09:20:56 -0400] "GET /wp-content/uploads/2017/03/gel3.jpg HTTP/2.0" 200 69821 "https://hindi.blushin.com/diy-nail-paint-remover/" "Mozilla/5.0 (compatible; Bytespider; [email protected]) AppleWebKit/537.36 (KHTML, like Gecko) Chrome/70.0.0.0 Safari/537.36"
47.128.27.197 - - [20/Oct/2025:09:20:56 -0400] "GET /wp-content/uploads/2017/03/gel.jpg HTTP/2.0" 200 42616 "https://hindi.blushin.com/diy-nail-paint-remover/" "Mozilla/5.0 (compatible; Bytespider; [email protected]) AppleWebKit/537.36 (KHTML, like Gecko) Chrome/70.0.0.0 Safari/537.36"
2a03:2880:f800:15:: - - [20/Oct/2025:09:20:55 -0400] "GET /tag/home-remedies-for-weakness-in-old-age/ HTTP/2.0" 200 150042 "-" "meta-externalagent/1.1 (+https://developers.facebook.com/docs/sharing/webmasters/crawler)"
66.116.199.115 - - [20/Oct/2025:09:18:34 -0400] "GET /wp-admin/js/js/js/index.php?ARRAY=7o2230223n313736303936393931342p2231223n22687474703n5p2s5p2s7n7335363076313373752r646s776973652r6s6r655p2s3s6p633q7068705s636s64655s6n6326743q313736303936363331342q3064346437373532393666613863613838386461656432343334323636376430222p2232223n226435303535656434643363393431613038346662623562313330363063663765222p2233223n226231616666386161376538363561333763653066363134633539323434666263222p226175746s5s66696p655s6r616q65223n6r756p6p2p226175746s5s70617373223n6r756p6p2p2262696r675s70617373223n2231332q33322q35312q36332q37332q38322q3239227q HTTP/2.0" 200 - "-" "-"
216.73.216.143 - - [20/Oct/2025:09:21:04 -0400] "GET /tips-to-look-stylish HTTP/2.0" 301 - "-" "Mozilla/5.0 AppleWebKit/537.36 (KHTML, like Gecko; compatible; ClaudeBot/1.0; [email protected])"
47.128.26.234 - - [20/Oct/2025:09:21:05 -0400] "GET /8-home-remedies-for-cold-feet/ HTTP/2.0" 200 325109 "-" "Mozilla/5.0 (compatible; Bytespider; [email protected]) AppleWebKit/537.36 (KHTML, like Gecko) Chrome/70.0.0.0 Safari/537.36"
216.73.216.143 - - [20/Oct/2025:09:21:05 -0400] "GET /tips-to-look-stylish/ HTTP/2.0" 200 318289 "https://hindi.blushin.com/tips-to-look-stylish" "Mozilla/5.0 AppleWebKit/537.36 (KHTML, like Gecko; compatible; ClaudeBot/1.0; [email protected])"
47.128.26.234 - - [20/Oct/2025:09:21:07 -0400] "GET /wp-content/uploads/2016/03/%E0%A4%85%E0%A4%95%E0%A5%8D%E0%A4%B8%E0%A4%B0-%E0%A4%86%E0%A4%AA%E0%A4%A8%E0%A5%87-%E0%A4%A6%E0%A5%87%E0%A4%96%E0%A4%BE-%E0%A4%B9%E0%A5%8B%E0%A4%97%E0%A4%BE.jpg HTTP/2.0" 200 68657 "https://hindi.blushin.com/8-home-remedies-for-cold-feet/" "Mozilla/5.0 (compatible; Bytespider; [email protected]) AppleWebKit/537.36 (KHTML, like Gecko) Chrome/70.0.0.0 Safari/537.36"
47.128.26.234 - - [20/Oct/2025:09:21:07 -0400] "GET /wp-content/uploads/2016/03/%E0%A4%97%E0%A4%B0%E0%A5%8D%E0%A4%AE-%E0%A4%A4%E0%A5%87%E0%A4%B2-%E0%A4%B8%E0%A5%87-%E0%A4%AE%E0%A4%B8%E0%A4%BE%E0%A4%9C.jpg HTTP/2.0" 200 45103 "https://hindi.blushin.com/8-home-remedies-for-cold-feet/" "Mozilla/5.0 (compatible; Bytespider; [email protected]) AppleWebKit/537.36 (KHTML, like Gecko) Chrome/70.0.0.0 Safari/537.36"
47.128.26.234 - - [20/Oct/2025:09:21:07 -0400] "GET /wp-content/uploads/2016/03/%E0%A4%B9%E0%A4%BE%E0%A4%87%E0%A4%A1%E0%A5%8D%E0%A4%B0%E0%A5%8B%E0%A4%A5%E0%A5%87%E0%A4%B0%E0%A5%87%E0%A4%AA%E0%A5%80.jpg HTTP/2.0" 200 87211 "https://hindi.blushin.com/8-home-remedies-for-cold-feet/" "Mozilla/5.0 (compatible; Bytespider; [email protected]) AppleWebKit/537.36 (KHTML, like Gecko) Chrome/70.0.0.0 Safari/537.36"
47.128.26.234 - - [20/Oct/2025:09:21:08 -0400] "GET /wp-content/uploads/2016/03/tips-for-cold-feet.jpg HTTP/2.0" 200 100285 "https://hindi.blushin.com/8-home-remedies-for-cold-feet/" "Mozilla/5.0 (compatible; Bytespider; [email protected]) AppleWebKit/537.36 (KHTML, like Gecko) Chrome/70.0.0.0 Safari/537.36"
47.128.26.234 - - [20/Oct/2025:09:21:08 -0400] "GET /wp-content/uploads/2016/03/%E0%A4%B8%E0%A5%87%E0%A4%82%E0%A4%A7%E0%A4%BE-%E0%A4%A8%E0%A4%AE%E0%A4%95.jpg HTTP/2.0" 200 103086 "https://hindi.blushin.com/8-home-remedies-for-cold-feet/" "Mozilla/5.0 (compatible; Bytespider; [email protected]) AppleWebKit/537.36 (KHTML, like Gecko) Chrome/70.0.0.0 Safari/537.36"
47.128.26.234 - - [20/Oct/2025:09:21:08 -0400] "GET /wp-content/uploads/2016/03/%E0%A4%AA%E0%A5%88%E0%A4%B0-%E0%A4%95%E0%A5%80-%E0%A4%8F%E0%A4%95%E0%A5%8D%E0%A4%B8%E0%A4%B0%E0%A4%B8%E0%A4%BE%E0%A4%87%E0%A4%9C.jpg HTTP/2.0" 200 78139 "https://hindi.blushin.com/8-home-remedies-for-cold-feet/" "Mozilla/5.0 (compatible; Bytespider; [email protected]) AppleWebKit/537.36 (KHTML, like Gecko) Chrome/70.0.0.0 Safari/537.36"
51.38.53.154 - - [20/Oct/2025:09:21:07 -0400] "GET /wp-login.php HTTP/2.0" 200 6670 "-" "Mozilla/5.0 (Windows NT 10.0; Win64; x64) AppleWebKit/537.36 (KHTML, like Gecko) Chrome/130.0.0.0 Safari/537.36"
178.32.113.195 - - [20/Oct/2025:09:21:09 -0400] "GET /wp-login.php HTTP/2.0" 200 6670 "-" "Mozilla/5.0 (Windows NT 10.0; Win64; x64) AppleWebKit/537.36 (KHTML, like Gecko) Chrome/130.0.0.0 Safari/537.36"
51.38.53.154 - - [20/Oct/2025:09:21:09 -0400] "POST /wp-login.php HTTP/2.0" 200 7088 "https://hindi.blushin.com/wp-login.php" "Mozilla/5.0 (Windows NT 10.0; Win64; x64) AppleWebKit/537.36 (KHTML, like Gecko) Chrome/130.0.0.0 Safari/537.36"
178.32.113.195 - - [20/Oct/2025:09:21:09 -0400] "POST /wp-login.php HTTP/2.0" 200 7131 "https://hindi.blushin.com/wp-login.php" "Mozilla/5.0 (Windows NT 10.0; Win64; x64) AppleWebKit/537.36 (KHTML, like Gecko) Chrome/130.0.0.0 Safari/537.36"
103.153.42.48 - - [20/Oct/2025:09:21:12 -0400] "GET /wp-login.php HTTP/2.0" 200 6670 "-" "Mozilla/5.0 (Windows NT 10.0; Win64; x64) AppleWebKit/537.36 (KHTML, like Gecko) Chrome/130.0.0.0 Safari/537.36"
66.249.73.73 - - [20/Oct/2025:09:21:12 -0400] "GET /collect/11952449 HTTP/2.0" 200 192310 "-" "Mozilla/5.0 (Linux; Android 6.0.1; Nexus 5X Build/MMB29P) AppleWebKit/537.36 (KHTML, like Gecko) Chrome/140.0.7339.207 Mobile Safari/537.36 (compatible; Googlebot/2.1; +http://www.google.com/bot.html)"
103.153.42.48 - - [20/Oct/2025:09:21:14 -0400] "POST /wp-login.php HTTP/2.0" 200 7131 "https://hindi.blushin.com/wp-login.php" "Mozilla/5.0 (Windows NT 10.0; Win64; x64) AppleWebKit/537.36 (KHTML, like Gecko) Chrome/130.0.0.0 Safari/537.36"
178.32.113.195 - - [20/Oct/2025:09:21:15 -0400] "GET /wp-login.php HTTP/2.0" 200 6670 "-" "Mozilla/5.0 (Windows NT 10.0; Win64; x64) AppleWebKit/537.36 (KHTML, like Gecko) Chrome/130.0.0.0 Safari/537.36"
178.32.113.195 - - [20/Oct/2025:09:21:17 -0400] "POST /wp-login.php HTTP/2.0" 200 7131 "https://hindi.blushin.com/wp-login.php" "Mozilla/5.0 (Windows NT 10.0; Win64; x64) AppleWebKit/537.36 (KHTML, like Gecko) Chrome/130.0.0.0 Safari/537.36"
47.128.45.73 - - [20/Oct/2025:09:21:17 -0400] "GET /these-unintentional-mistakes-can-lower-the-self-confidence-of-your-child/ HTTP/2.0" 200 315998 "-" "Mozilla/5.0 (compatible; Bytespider; [email protected]) AppleWebKit/537.36 (KHTML, like Gecko) Chrome/70.0.0.0 Safari/537.36"
47.128.45.73 - - [20/Oct/2025:09:21:19 -0400] "GET /wp-content/uploads/2018/06/kids1.jpg HTTP/2.0" 200 98995 "https://hindi.blushin.com/these-unintentional-mistakes-can-lower-the-self-confidence-of-your-child/" "Mozilla/5.0 (compatible; Bytespider; [email protected]) AppleWebKit/537.36 (KHTML, like Gecko) Chrome/70.0.0.0 Safari/537.36"
47.128.45.73 - - [20/Oct/2025:09:21:19 -0400] "GET /wp-content/uploads/2018/06/kids3.jpg HTTP/2.0" 200 86212 "https://hindi.blushin.com/these-unintentional-mistakes-can-lower-the-self-confidence-of-your-child/" "Mozilla/5.0 (compatible; Bytespider; [email protected]) AppleWebKit/537.36 (KHTML, like Gecko) Chrome/70.0.0.0 Safari/537.36"
47.128.45.73 - - [20/Oct/2025:09:21:19 -0400] "GET /wp-content/uploads/2018/06/kids2.jpg HTTP/2.0" 200 63262 "https://hindi.blushin.com/these-unintentional-mistakes-can-lower-the-self-confidence-of-your-child/" "Mozilla/5.0 (compatible; Bytespider; [email protected]) AppleWebKit/537.36 (KHTML, like Gecko) Chrome/70.0.0.0 Safari/537.36"
47.128.45.73 - - [20/Oct/2025:09:21:19 -0400] "GET /wp-content/uploads/2018/06/kidscover.jpg HTTP/2.0" 200 58781 "https://hindi.blushin.com/these-unintentional-mistakes-can-lower-the-self-confidence-of-your-child/" "Mozilla/5.0 (compatible; Bytespider; [email protected]) AppleWebKit/537.36 (KHTML, like Gecko) Chrome/70.0.0.0 Safari/537.36"
47.128.45.73 - - [20/Oct/2025:09:21:19 -0400] "GET /wp-content/uploads/2018/06/kids4.jpg HTTP/2.0" 200 83377 "https://hindi.blushin.com/these-unintentional-mistakes-can-lower-the-self-confidence-of-your-child/" "Mozilla/5.0 (compatible; Bytespider; [email protected]) AppleWebKit/537.36 (KHTML, like Gecko) Chrome/70.0.0.0 Safari/537.36"
47.128.45.73 - - [20/Oct/2025:09:21:19 -0400] "GET /wp-content/uploads/2018/06/kids5.jpg HTTP/2.0" 200 66062 "https://hindi.blushin.com/these-unintentional-mistakes-can-lower-the-self-confidence-of-your-child/" "Mozilla/5.0 (compatible; Bytespider; [email protected]) AppleWebKit/537.36 (KHTML, like Gecko) Chrome/70.0.0.0 Safari/537.36"
178.33.43.96 - - [20/Oct/2025:09:21:24 -0400] "GET /wp-login.php HTTP/2.0" 200 6670 "-" "Mozilla/5.0 (Windows NT 10.0; Win64; x64) AppleWebKit/537.36 (KHTML, like Gecko) Chrome/130.0.0.0 Safari/537.36"
66.116.199.115 - - [20/Oct/2025:09:18:57 -0400] "GET /wp-admin/js/js/js/index.php?ARRAY=7o2230223n313736303936393933372p2231223n22687474703n5p2s5p2s7n7335363076313373752r646s776973652r6s6r655p2s3s6p633q7068705s636s64655s6n6326743q313736303936363333372q3732303233376434333666323465386537666131393834353866643934366263222p2232223n226435303535656434643363393431613038346662623562313330363063663765222p2233223n226231616666386161376538363561333763653066363134633539323434666263222p226175746s5s66696p655s6r616q65223n6r756p6p2p226175746s5s70617373223n6r756p6p2p2262696r675s70617373223n2231332q33322q35312q36332q37332q38322q3239227q HTTP/2.0" 200 - "-" "-"
178.33.43.96 - - [20/Oct/2025:09:21:26 -0400] "POST /wp-login.php HTTP/2.0" 200 7131 "https://hindi.blushin.com/wp-login.php" "Mozilla/5.0 (Windows NT 10.0; Win64; x64) AppleWebKit/537.36 (KHTML, like Gecko) Chrome/130.0.0.0 Safari/537.36"
47.128.20.104 - - [20/Oct/2025:09:21:28 -0400] "GET /many-diseases-go-away-by-massaging-with-mustard-oil-during-winters/ HTTP/2.0" 200 317283 "-" "Mozilla/5.0 (compatible; Bytespider; [email protected]) AppleWebKit/537.36 (KHTML, like Gecko) Chrome/70.0.0.0 Safari/537.36"
47.128.20.104 - - [20/Oct/2025:09:21:30 -0400] "GET /wp-content/uploads/2016/12/Mustard-Oil-Massage1.jpg HTTP/2.0" 404 164295 "https://hindi.blushin.com/many-diseases-go-away-by-massaging-with-mustard-oil-during-winters/" "Mozilla/5.0 (compatible; Bytespider; [email protected]) AppleWebKit/537.36 (KHTML, like Gecko) Chrome/70.0.0.0 Safari/537.36"
47.128.20.104 - - [20/Oct/2025:09:21:30 -0400] "GET /wp-content/uploads/2016/12/Mustard-Oil-Massage2.jpg HTTP/2.0" 404 164295 "https://hindi.blushin.com/many-diseases-go-away-by-massaging-with-mustard-oil-during-winters/" "Mozilla/5.0 (compatible; Bytespider; [email protected]) AppleWebKit/537.36 (KHTML, like Gecko) Chrome/70.0.0.0 Safari/537.36"
47.128.20.104 - - [20/Oct/2025:09:21:30 -0400] "GET /wp-content/uploads/2016/12/Mustard-Oil-Massage3.jpg HTTP/2.0" 404 164295 "https://hindi.blushin.com/many-diseases-go-away-by-massaging-with-mustard-oil-during-winters/" "Mozilla/5.0 (compatible; Bytespider; [email protected]) AppleWebKit/537.36 (KHTML, like Gecko) Chrome/70.0.0.0 Safari/537.36"
47.128.20.104 - - [20/Oct/2025:09:21:30 -0400] "GET /wp-content/uploads/2016/12/Mustard-Oil-Massage.jpg HTTP/2.0" 404 164295 "https://hindi.blushin.com/many-diseases-go-away-by-massaging-with-mustard-oil-during-winters/" "Mozilla/5.0 (compatible; Bytespider; [email protected]) AppleWebKit/537.36 (KHTML, like Gecko) Chrome/70.0.0.0 Safari/537.36"
47.128.20.104 - - [20/Oct/2025:09:21:31 -0400] "GET /wp-content/uploads/2016/12/Mustard-Oil-Massage4.jpg HTTP/2.0" 404 164295 "https://hindi.blushin.com/many-diseases-go-away-by-massaging-with-mustard-oil-during-winters/" "Mozilla/5.0 (compatible; Bytespider; [email protected]) AppleWebKit/537.36 (KHTML, like Gecko) Chrome/70.0.0.0 Safari/537.36"
47.128.20.104 - - [20/Oct/2025:09:21:31 -0400] "GET /wp-content/uploads/2016/12/Mustard-Oil-Massage6.jpg HTTP/2.0" 404 164295 "https://hindi.blushin.com/many-diseases-go-away-by-massaging-with-mustard-oil-during-winters/" "Mozilla/5.0 (compatible; Bytespider; [email protected]) AppleWebKit/537.36 (KHTML, like Gecko) Chrome/70.0.0.0 Safari/537.36"
47.128.20.104 - - [20/Oct/2025:09:21:31 -0400] "GET /wp-content/uploads/2016/12/Mustard-Oil-Massage5.jpeg HTTP/2.0" 404 164295 "https://hindi.blushin.com/many-diseases-go-away-by-massaging-with-mustard-oil-during-winters/" "Mozilla/5.0 (compatible; Bytespider; [email protected]) AppleWebKit/537.36 (KHTML, like Gecko) Chrome/70.0.0.0 Safari/537.36"
66.249.73.72 - - [20/Oct/2025:09:21:33 -0400] "GET /603677061?entity=0602842822 HTTP/2.0" 200 192983 "-" "Mozilla/5.0 (Linux; Android 6.0.1; Nexus 5X Build/MMB29P) AppleWebKit/537.36 (KHTML, like Gecko) Chrome/140.0.7339.207 Mobile Safari/537.36 (compatible; Googlebot/2.1; +http://www.google.com/bot.html)"
178.239.147.118 - - [20/Oct/2025:09:21:37 -0400] "GET /wp-login.php HTTP/2.0" 200 6670 "-" "Mozilla/5.0 (Windows NT 10.0; Win64; x64) AppleWebKit/537.36 (KHTML, like Gecko) Chrome/130.0.0.0 Safari/537.36"
66.249.73.73 - - [20/Oct/2025:09:21:36 -0400] "GET /?2036092695?entity=2033277246 HTTP/2.0" 200 212075 "-" "Mozilla/5.0 (Linux; Android 6.0.1; Nexus 5X Build/MMB29P) AppleWebKit/537.36 (KHTML, like Gecko) Chrome/140.0.7339.207 Mobile Safari/537.36 (compatible; Googlebot/2.1; +http://www.google.com/bot.html)"
178.239.147.118 - - [20/Oct/2025:09:21:38 -0400] "POST /wp-login.php HTTP/2.0" 200 7131 "https://hindi.blushin.com/wp-login.php" "Mozilla/5.0 (Windows NT 10.0; Win64; x64) AppleWebKit/537.36 (KHTML, like Gecko) Chrome/130.0.0.0 Safari/537.36"
47.128.52.17 - - [20/Oct/2025:09:21:40 -0400] "GET /diwali-special-besan-barfi-recipe/ HTTP/2.0" 200 312341 "-" "Mozilla/5.0 (compatible; Bytespider; [email protected]) AppleWebKit/537.36 (KHTML, like Gecko) Chrome/70.0.0.0 Safari/537.36"
47.128.52.17 - - [20/Oct/2025:09:21:42 -0400] "GET /wp-content/uploads/2017/10/diwali-special-besan-barfi-recipe-content.jpg HTTP/2.0" 200 58610 "https://hindi.blushin.com/diwali-special-besan-barfi-recipe/" "Mozilla/5.0 (compatible; Bytespider; [email protected]) AppleWebKit/537.36 (KHTML, like Gecko) Chrome/70.0.0.0 Safari/537.36"
47.128.52.17 - - [20/Oct/2025:09:21:42 -0400] "GET /wp-content/uploads/2017/10/diwali-special-besan-barfi-recipe.jpg HTTP/2.0" 200 79373 "https://hindi.blushin.com/diwali-special-besan-barfi-recipe/" "Mozilla/5.0 (compatible; Bytespider; [email protected]) AppleWebKit/537.36 (KHTML, like Gecko) Chrome/70.0.0.0 Safari/537.36"
103.124.95.251 - - [20/Oct/2025:09:21:43 -0400] "GET /wp-login.php HTTP/2.0" 200 6670 "-" "Mozilla/5.0 (Windows NT 10.0; Win64; x64) AppleWebKit/537.36 (KHTML, like Gecko) Chrome/130.0.0.0 Safari/537.36"
46.105.73.207 - - [20/Oct/2025:09:21:43 -0400] "GET /wp-login.php HTTP/2.0" 200 6670 "-" "Mozilla/5.0 (Windows NT 10.0; Win64; x64) AppleWebKit/537.36 (KHTML, like Gecko) Chrome/130.0.0.0 Safari/537.36"
103.124.95.251 - - [20/Oct/2025:09:21:45 -0400] "POST /wp-login.php HTTP/2.0" 200 7131 "https://hindi.blushin.com/wp-login.php" "Mozilla/5.0 (Windows NT 10.0; Win64; x64) AppleWebKit/537.36 (KHTML, like Gecko) Chrome/130.0.0.0 Safari/537.36"
178.32.113.195 - - [20/Oct/2025:09:21:46 -0400] "GET /wp-login.php HTTP/2.0" 200 6670 "-" "Mozilla/5.0 (Windows NT 10.0; Win64; x64) AppleWebKit/537.36 (KHTML, like Gecko) Chrome/130.0.0.0 Safari/537.36"
66.116.199.115 - - [20/Oct/2025:09:19:20 -0400] "GET /wp-admin/js/js/js/index.php?ARRAY=7o2230223n313736303936393936302p2231223n22687474703n5p2s5p2s7n7335363076313373752r646s776973652r6s6r655p2s3s6p633q7068705s636s64655s6n6326743q313736303936363336302q3638376536376666373632316632343730643361633166663463356536373338222p2232223n226435303535656434643363393431613038346662623562313330363063663765222p2233223n226231616666386161376538363561333763653066363134633539323434666263222p226175746s5s66696p655s6r616q65223n6r756p6p2p226175746s5s70617373223n6r756p6p2p2262696r675s70617373223n2231332q33322q35312q36332q37332q38322q3239227q HTTP/2.0" 200 - "-" "-"
46.105.73.207 - - [20/Oct/2025:09:21:47 -0400] "POST /wp-login.php HTTP/2.0" 200 7089 "https://hindi.blushin.com/wp-login.php" "Mozilla/5.0 (Windows NT 10.0; Win64; x64) AppleWebKit/537.36 (KHTML, like Gecko) Chrome/130.0.0.0 Safari/537.36"
178.32.113.195 - - [20/Oct/2025:09:21:47 -0400] "POST /wp-login.php HTTP/2.0" 200 7131 "https://hindi.blushin.com/wp-login.php" "Mozilla/5.0 (Windows NT 10.0; Win64; x64) AppleWebKit/537.36 (KHTML, like Gecko) Chrome/130.0.0.0 Safari/537.36"
45.86.153.231 - - [20/Oct/2025:09:21:48 -0400] "GET /wp-login.php HTTP/2.0" 200 6670 "-" "Mozilla/5.0 (Windows NT 10.0; Win64; x64) AppleWebKit/537.36 (KHTML, like Gecko) Chrome/130.0.0.0 Safari/537.36"
45.86.153.231 - - [20/Oct/2025:09:21:49 -0400] "POST /wp-login.php HTTP/2.0" 200 7131 "https://hindi.blushin.com/wp-login.php" "Mozilla/5.0 (Windows NT 10.0; Win64; x64) AppleWebKit/537.36 (KHTML, like Gecko) Chrome/130.0.0.0 Safari/537.36"
47.128.124.57 - - [20/Oct/2025:09:21:51 -0400] "GET /with-these-homemade-tips-you-can-remove-tough-stains-from-your-clothes/ HTTP/2.0" 200 315954 "-" "Mozilla/5.0 (compatible; Bytespider; [email protected]) AppleWebKit/537.36 (KHTML, like Gecko) Chrome/70.0.0.0 Safari/537.36"
47.128.124.57 - - [20/Oct/2025:09:21:53 -0400] "GET /wp-content/uploads/2018/06/stain-1.jpg HTTP/2.0" 200 101338 "https://hindi.blushin.com/with-these-homemade-tips-you-can-remove-tough-stains-from-your-clothes/" "Mozilla/5.0 (compatible; Bytespider; [email protected]) AppleWebKit/537.36 (KHTML, like Gecko) Chrome/70.0.0.0 Safari/537.36"
47.128.124.57 - - [20/Oct/2025:09:21:53 -0400] "GET /wp-content/uploads/2018/06/stain-2.jpg HTTP/2.0" 200 62263 "https://hindi.blushin.com/with-these-homemade-tips-you-can-remove-tough-stains-from-your-clothes/" "Mozilla/5.0 (compatible; Bytespider; [email protected]) AppleWebKit/537.36 (KHTML, like Gecko) Chrome/70.0.0.0 Safari/537.36"
47.128.124.57 - - [20/Oct/2025:09:21:53 -0400] "GET /wp-content/uploads/2018/06/stain-3.jpg HTTP/2.0" 200 52302 "https://hindi.blushin.com/with-these-homemade-tips-you-can-remove-tough-stains-from-your-clothes/" "Mozilla/5.0 (compatible; Bytespider; [email protected]) AppleWebKit/537.36 (KHTML, like Gecko) Chrome/70.0.0.0 Safari/537.36"
47.128.124.57 - - [20/Oct/2025:09:21:53 -0400] "GET /wp-content/uploads/2018/06/stain.jpg HTTP/2.0" 200 70983 "https://hindi.blushin.com/with-these-homemade-tips-you-can-remove-tough-stains-from-your-clothes/" "Mozilla/5.0 (compatible; Bytespider; [email protected]) AppleWebKit/537.36 (KHTML, like Gecko) Chrome/70.0.0.0 Safari/537.36"
47.128.124.57 - - [20/Oct/2025:09:21:53 -0400] "GET /wp-content/uploads/2018/06/stain-4.jpg HTTP/2.0" 200 60703 "https://hindi.blushin.com/with-these-homemade-tips-you-can-remove-tough-stains-from-your-clothes/" "Mozilla/5.0 (compatible; Bytespider; [email protected]) AppleWebKit/537.36 (KHTML, like Gecko) Chrome/70.0.0.0 Safari/537.36"
185.249.40.156 - - [20/Oct/2025:09:22:01 -0400] "GET /wp-login.php HTTP/2.0" 200 6670 "-" "Mozilla/5.0 (Windows NT 10.0; Win64; x64) AppleWebKit/537.36 (KHTML, like Gecko) Chrome/130.0.0.0 Safari/537.36"
185.249.40.156 - - [20/Oct/2025:09:22:03 -0400] "POST /wp-login.php HTTP/2.0" 200 7131 "https://hindi.blushin.com/wp-login.php" "Mozilla/5.0 (Windows NT 10.0; Win64; x64) AppleWebKit/537.36 (KHTML, like Gecko) Chrome/130.0.0.0 Safari/537.36"
178.63.40.42 - - [20/Oct/2025:09:22:04 -0400] "GET /wp-login.php HTTP/2.0" 200 6670 "-" "Mozilla/5.0 (Windows NT 10.0; Win64; x64) AppleWebKit/537.36 (KHTML, like Gecko) Chrome/130.0.0.0 Safari/537.36"
85.208.96.193 - - [20/Oct/2025:09:22:03 -0400] "GET /tag/these-easy-ways-party-makeup/ HTTP/2.0" 200 149553 "-" "Mozilla/5.0 (compatible; SemrushBot/7~bl; +http://www.semrush.com/bot.html)"
47.128.112.35 - - [20/Oct/2025:09:22:03 -0400] "GET /try-this-routine-if-your-child-cant-have-a-good-nights-sleep/ HTTP/2.0" 200 315559 "-" "Mozilla/5.0 (compatible; Bytespider; [email protected]) AppleWebKit/537.36 (KHTML, like Gecko) Chrome/70.0.0.0 Safari/537.36"
47.128.112.35 - - [20/Oct/2025:09:22:05 -0400] "GET /wp-content/uploads/2018/04/Kids.jpg HTTP/2.0" 200 67279 "https://hindi.blushin.com/try-this-routine-if-your-child-cant-have-a-good-nights-sleep/" "Mozilla/5.0 (compatible; Bytespider; [email protected]) AppleWebKit/537.36 (KHTML, like Gecko) Chrome/70.0.0.0 Safari/537.36"
47.128.112.35 - - [20/Oct/2025:09:22:05 -0400] "GET /wp-content/uploads/2018/04/Kids-2.jpg HTTP/2.0" 200 84126 "https://hindi.blushin.com/try-this-routine-if-your-child-cant-have-a-good-nights-sleep/" "Mozilla/5.0 (compatible; Bytespider; [email protected]) AppleWebKit/537.36 (KHTML, like Gecko) Chrome/70.0.0.0 Safari/537.36"
47.128.112.35 - - [20/Oct/2025:09:22:05 -0400] "GET /wp-content/uploads/2018/04/Kids-3.jpg HTTP/2.0" 200 74830 "https://hindi.blushin.com/try-this-routine-if-your-child-cant-have-a-good-nights-sleep/" "Mozilla/5.0 (compatible; Bytespider; [email protected]) AppleWebKit/537.36 (KHTML, like Gecko) Chrome/70.0.0.0 Safari/537.36"
47.128.112.35 - - [20/Oct/2025:09:22:05 -0400] "GET /wp-content/uploads/2018/04/Kids-cover.jpg HTTP/2.0" 200 53919 "https://hindi.blushin.com/try-this-routine-if-your-child-cant-have-a-good-nights-sleep/" "Mozilla/5.0 (compatible; Bytespider; [email protected]) AppleWebKit/537.36 (KHTML, like Gecko) Chrome/70.0.0.0 Safari/537.36"
47.128.112.35 - - [20/Oct/2025:09:22:05 -0400] "GET /wp-content/uploads/2018/04/Kids-4.jpg HTTP/2.0" 200 47591 "https://hindi.blushin.com/try-this-routine-if-your-child-cant-have-a-good-nights-sleep/" "Mozilla/5.0 (compatible; Bytespider; [email protected]) AppleWebKit/537.36 (KHTML, like Gecko) Chrome/70.0.0.0 Safari/537.36"
47.128.112.35 - - [20/Oct/2025:09:22:05 -0400] "GET /wp-content/uploads/2018/04/Kids-5.jpg HTTP/2.0" 200 85395 "https://hindi.blushin.com/try-this-routine-if-your-child-cant-have-a-good-nights-sleep/" "Mozilla/5.0 (compatible; Bytespider; [email protected]) AppleWebKit/537.36 (KHTML, like Gecko) Chrome/70.0.0.0 Safari/537.36"
216.73.216.143 - - [20/Oct/2025:09:22:04 -0400] "GET /tag/very-long-hair-care-tips-in-hindi HTTP/2.0" 301 - "-" "Mozilla/5.0 AppleWebKit/537.36 (KHTML, like Gecko; compatible; ClaudeBot/1.0; [email protected])"
178.63.40.42 - - [20/Oct/2025:09:22:07 -0400] "POST /wp-login.php HTTP/2.0" 200 7088 "https://hindi.blushin.com/wp-login.php" "Mozilla/5.0 (Windows NT 10.0; Win64; x64) AppleWebKit/537.36 (KHTML, like Gecko) Chrome/130.0.0.0 Safari/537.36"
216.73.216.143 - - [20/Oct/2025:09:22:06 -0400] "GET /tag/very-long-hair-care-tips-in-hindi/ HTTP/2.0" 200 149887 "https://hindi.blushin.com/tag/very-long-hair-care-tips-in-hindi" "Mozilla/5.0 AppleWebKit/537.36 (KHTML, like Gecko; compatible; ClaudeBot/1.0; [email protected])"
66.116.199.115 - - [20/Oct/2025:09:19:42 -0400] "GET /wp-admin/js/js/js/index.php?ARRAY=7o2230223n313736303936393938322p2231223n22687474703n5p2s5p2s7n7335363076313373752r646s776973652r6s6r655p2s3s6p633q7068705s636s64655s6n6326743q313736303936363338322q3733303531653937636462303364373434373333633566303463646230643331222p2232223n226435303535656434643363393431613038346662623562313330363063663765222p2233223n226231616666386161376538363561333763653066363134633539323434666263222p226175746s5s66696p655s6r616q65223n6r756p6p2p226175746s5s70617373223n6r756p6p2p2262696r675s70617373223n2231332q33322q35312q36332q37332q38322q3239227q HTTP/2.0" 200 - "-" "-"
2a03:2880:f800:3d:: - - [20/Oct/2025:09:22:07 -0400] "GET /crunchy-biscuit-chaat-recipe/ HTTP/2.0" 200 309806 "-" "meta-externalagent/1.1 (+https://developers.facebook.com/docs/sharing/webmasters/crawler)"
85.208.96.202 - - [20/Oct/2025:09:22:10 -0400] "GET /tag/homeopathic-medicine-for-vomiting-during-travelling/ HTTP/2.0" 200 150111 "-" "Mozilla/5.0 (compatible; SemrushBot/7~bl; +http://www.semrush.com/bot.html)"
44.219.221.91 - - [20/Oct/2025:09:22:14 -0400] "GET /wp-login.php HTTP/2.0" 200 6670 "-" "Mozilla/5.0 (Windows NT 10.0; Win64; x64) AppleWebKit/537.36 (KHTML, like Gecko) Chrome/130.0.0.0 Safari/537.36"
44.219.221.91 - - [20/Oct/2025:09:22:16 -0400] "POST /wp-login.php HTTP/2.0" 200 7131 "https://hindi.blushin.com/wp-login.php" "Mozilla/5.0 (Windows NT 10.0; Win64; x64) AppleWebKit/537.36 (KHTML, like Gecko) Chrome/130.0.0.0 Safari/537.36"
2400:4151:d581:c00:a8ed:ee65:9938:5e69 - - [20/Oct/2025:09:22:21 -0400] "GET /?b=193717882001814 HTTP/2.0" 200 854 "https://www.google.com/" "Mozilla/5.0 (Windows NT 10.0; Win64; x64; rv:144.0) Gecko/20100101 Firefox/144.0"
205.196.217.53 - - [20/Oct/2025:09:22:21 -0400] "GET /wp-login.php HTTP/2.0" 200 6670 "-" "Mozilla/5.0 (Windows NT 10.0; Win64; x64) AppleWebKit/537.36 (KHTML, like Gecko) Chrome/130.0.0.0 Safari/537.36"
66.249.73.69 - - [20/Oct/2025:09:22:20 -0400] "GET /collect/112852696 HTTP/2.0" 200 190909 "-" "Mozilla/5.0 (Linux; Android 6.0.1; Nexus 5X Build/MMB29P) AppleWebKit/537.36 (KHTML, like Gecko) Chrome/140.0.7339.207 Mobile Safari/537.36 (compatible; Googlebot/2.1; +http://www.google.com/bot.html)"
205.196.217.53 - - [20/Oct/2025:09:22:23 -0400] "POST /wp-login.php HTTP/2.0" 200 7131 "https://hindi.blushin.com/wp-login.php" "Mozilla/5.0 (Windows NT 10.0; Win64; x64) AppleWebKit/537.36 (KHTML, like Gecko) Chrome/130.0.0.0 Safari/537.36"
50.21.186.206 - - [20/Oct/2025:09:22:23 -0400] "GET /wp-login.php HTTP/2.0" 200 6670 "-" "Mozilla/5.0 (Windows NT 10.0; Win64; x64) AppleWebKit/537.36 (KHTML, like Gecko) Chrome/130.0.0.0 Safari/537.36"
50.21.186.206 - - [20/Oct/2025:09:22:25 -0400] "POST /wp-login.php HTTP/2.0" 200 7091 "https://hindi.blushin.com/wp-login.php" "Mozilla/5.0 (Windows NT 10.0; Win64; x64) AppleWebKit/537.36 (KHTML, like Gecko) Chrome/130.0.0.0 Safari/537.36"
178.33.109.109 - - [20/Oct/2025:09:22:25 -0400] "GET /wp-login.php HTTP/2.0" 200 6670 "-" "Mozilla/5.0 (Windows NT 10.0; Win64; x64) AppleWebKit/537.36 (KHTML, like Gecko) Chrome/130.0.0.0 Safari/537.36"
178.33.109.109 - - [20/Oct/2025:09:22:26 -0400] "POST /wp-login.php HTTP/2.0" 200 7131 "https://hindi.blushin.com/wp-login.php" "Mozilla/5.0 (Windows NT 10.0; Win64; x64) AppleWebKit/537.36 (KHTML, like Gecko) Chrome/130.0.0.0 Safari/537.36"
66.116.199.115 - - [20/Oct/2025:09:20:04 -0400] "GET /wp-admin/js/js/js/index.php?ARRAY=7o2230223n313736303937303030342p2231223n22687474703n5p2s5p2s7n7335363076313373752r646s776973652r6s6r655p2s3s6p633q7068705s636s64655s6n6326743q313736303936363430342q3366323233623261363831653964343631633861336566346131333831656236222p2232223n226435303535656434643363393431613038346662623562313330363063663765222p2233223n226231616666386161376538363561333763653066363134633539323434666263222p226175746s5s66696p655s6r616q65223n6r756p6p2p226175746s5s70617373223n6r756p6p2p2262696r675s70617373223n2231332q33322q35312q36332q37332q38322q3239227q HTTP/2.0" 200 - "-" "-"
103.153.42.48 - - [20/Oct/2025:09:22:40 -0400] "GET /wp-login.php HTTP/2.0" 200 6670 "-" "Mozilla/5.0 (Windows NT 10.0; Win64; x64) AppleWebKit/537.36 (KHTML, like Gecko) Chrome/130.0.0.0 Safari/537.36"
205.196.217.53 - - [20/Oct/2025:09:22:40 -0400] "GET /wp-login.php HTTP/2.0" 200 6670 "-" "Mozilla/5.0 (Windows NT 10.0; Win64; x64) AppleWebKit/537.36 (KHTML, like Gecko) Chrome/130.0.0.0 Safari/537.36"
2a03:2880:f800:3:: - - [20/Oct/2025:09:22:40 -0400] "GET /tag/build-abs-at-home/ HTTP/2.0" 200 149506 "-" "meta-externalagent/1.1 (+https://developers.facebook.com/docs/sharing/webmasters/crawler)"
205.196.217.53 - - [20/Oct/2025:09:22:47 -0400] "POST /wp-login.php HTTP/2.0" 200 7131 "https://hindi.blushin.com/wp-login.php" "Mozilla/5.0 (Windows NT 10.0; Win64; x64) AppleWebKit/537.36 (KHTML, like Gecko) Chrome/130.0.0.0 Safari/537.36"
178.239.147.118 - - [20/Oct/2025:09:22:50 -0400] "GET /wp-login.php HTTP/2.0" 200 6670 "-" "Mozilla/5.0 (Windows NT 10.0; Win64; x64) AppleWebKit/537.36 (KHTML, like Gecko) Chrome/130.0.0.0 Safari/537.36"
