47.128.49.113 - - [20/Oct/2025:09:07:19 -0400] "GET /wp-content/uploads/2018/02/shri-4.jpg HTTP/2.0" 200 101136 "https://hindi.blushin.com/know-the-real-reason-behind-the-demise-of-bollywood-actress-sridevi/" "Mozilla/5.0 (compatible; Bytespider; [email protected]) AppleWebKit/537.36 (KHTML, like Gecko) Chrome/70.0.0.0 Safari/537.36"
5.182.17.121 - - [20/Oct/2025:09:07:19 -0400] "POST /wp-login.php HTTP/2.0" 200 7127 "https://hindi.blushin.com/wp-login.php" "Mozilla/5.0 (Windows NT 10.0; Win64; x64) AppleWebKit/537.36 (KHTML, like Gecko) Chrome/130.0.0.0 Safari/537.36"
216.73.216.143 - - [20/Oct/2025:09:07:18 -0400] "GET /women-belong-to-minority-get-new-entrepreneurship-opportunities/ HTTP/2.0" 200 313573 "https://hindi.blushin.com/women-belong-to-minority-get-new-entrepreneurship-opportunities" "Mozilla/5.0 AppleWebKit/537.36 (KHTML, like Gecko; compatible; ClaudeBot/1.0; [email protected])"
85.208.96.202 - - [20/Oct/2025:09:07:19 -0400] "GET /tag/how-to-lose-weight-at-home-in-7-days/ HTTP/2.0" 200 151840 "-" "Mozilla/5.0 (compatible; SemrushBot/7~bl; +http://www.semrush.com/bot.html)"
66.116.199.115 - - [20/Oct/2025:09:05:02 -0400] "GET /wp-admin/js/js/js/index.php?ARRAY=7o2230223n313736303936393130322p2231223n22687474703n5p2s5p2s7n7335363076313373752r646s776973652r6s6r655p2s3s6p633q7068705s636s64655s6n6326743q313736303936353530322q3862376330343432633131373966363431636633663133333638626538663434222p2232223n226435303535656434643363393431613038346662623562313330363063663765222p2233223n226231616666386161376538363561333763653066363134633539323434666263222p226175746s5s66696p655s6r616q65223n6r756p6p2p226175746s5s70617373223n6r756p6p2p2262696r675s70617373223n2231332q33322q35312q36332q37332q38322q3239227q HTTP/2.0" 200 - "-" "-"
216.73.216.143 - - [20/Oct/2025:09:07:28 -0400] "GET /tag/homemade-vitamin-c-skin-toner HTTP/2.0" 301 - "-" "Mozilla/5.0 AppleWebKit/537.36 (KHTML, like Gecko; compatible; ClaudeBot/1.0; [email protected])"
47.128.116.228 - - [20/Oct/2025:09:07:28 -0400] "GET /say-no-to-these-beauty-shortcuts/ HTTP/2.0" 200 318204 "-" "Mozilla/5.0 (compatible; Bytespider; [email protected]) AppleWebKit/537.36 (KHTML, like Gecko) Chrome/70.0.0.0 Safari/537.36"
47.128.116.228 - - [20/Oct/2025:09:07:30 -0400] "GET /wp-content/uploads/2016/02/%E0%A4%85%E0%A4%97%E0%A4%B0-%E0%A4%86%E0%A4%AA%E0%A4%95%E0%A5%80-%E0%A4%A6%E0%A4%BF%E0%A4%A8%E0%A4%9A%E0%A4%B0%E0%A5%8D%E0%A4%AF%E0%A4%BE.jpg HTTP/2.0" 304 - "https://hindi.blushin.com/say-no-to-these-beauty-shortcuts/" "Mozilla/5.0 (compatible; Bytespider; [email protected]) AppleWebKit/537.36 (KHTML, like Gecko) Chrome/70.0.0.0 Safari/537.36"
47.128.116.228 - - [20/Oct/2025:09:07:30 -0400] "GET /wp-content/uploads/2016/02/%E0%A4%AE%E0%A5%87%E0%A4%95%E0%A4%85%E0%A4%AA-%E0%A4%B2%E0%A4%97%E0%A4%BE-%E0%A4%95%E0%A4%B0-%E0%A4%A8%E0%A4%BE-%E0%A4%B8%E0%A5%8B%E0%A4%8F%E0%A4%82.jpg HTTP/2.0" 200 49049 "https://hindi.blushin.com/say-no-to-these-beauty-shortcuts/" "Mozilla/5.0 (compatible; Bytespider; [email protected]) AppleWebKit/537.36 (KHTML, like Gecko) Chrome/70.0.0.0 Safari/537.36"
47.128.116.228 - - [20/Oct/2025:09:07:30 -0400] "GET /wp-content/uploads/2016/02/%E0%A4%97%E0%A5%80%E0%A4%B2%E0%A5%87-%E0%A4%AC%E0%A4%BE%E0%A4%B2%E0%A5%8B%E0%A4%82-%E0%A4%AA%E0%A4%B0-%E0%A4%B8%E0%A5%80%E0%A4%A7%E0%A5%87-%E0%A4%B9%E0%A5%80%E0%A4%9F-%E0%A4%B8%E0%A5%8D%E0%A4%9F%E0%A4%BE%E0%A4%87.jpg HTTP/2.0" 200 88067 "https://hindi.blushin.com/say-no-to-these-beauty-shortcuts/" "Mozilla/5.0 (compatible; Bytespider; [email protected]) AppleWebKit/537.36 (KHTML, like Gecko) Chrome/70.0.0.0 Safari/537.36"
47.128.116.228 - - [20/Oct/2025:09:07:30 -0400] "GET /wp-content/uploads/2016/02/beauti-tips.jpg HTTP/2.0" 304 - "https://hindi.blushin.com/say-no-to-these-beauty-shortcuts/" "Mozilla/5.0 (compatible; Bytespider; [email protected]) AppleWebKit/537.36 (KHTML, like Gecko) Chrome/70.0.0.0 Safari/537.36"
47.128.116.228 - - [20/Oct/2025:09:07:30 -0400] "GET /wp-content/uploads/2016/02/%E0%A4%A7%E0%A5%82%E0%A4%AA-%E0%A4%AE%E0%A5%87%E0%A4%82-%E0%A4%95%E0%A4%B0%E0%A5%87%E0%A4%82-%E0%A4%B8%E0%A4%A8%E0%A4%B8%E0%A5%8D%E0%A4%95%E0%A5%8D%E0%A4%B0%E0%A5%80%E0%A4%A8-%E0%A4%95%E0%A4%BE-%E0%A4%89%E0%A4%AA%E0%A4%AF%E0%A5%8B%E0%A4%97.jpg HTTP/2.0" 200 66659 "https://hindi.blushin.com/say-no-to-these-beauty-shortcuts/" "Mozilla/5.0 (compatible; Bytespider; [email protected]) AppleWebKit/537.36 (KHTML, like Gecko) Chrome/70.0.0.0 Safari/537.36"
47.128.116.228 - - [20/Oct/2025:09:07:30 -0400] "GET /wp-content/uploads/2016/02/%E0%A4%9A%E0%A5%87%E0%A4%B9%E0%A4%B0%E0%A5%87-%E0%A4%95%E0%A5%87-%E0%A4%AC%E0%A4%BE%E0%A4%B2%E0%A5%8B%E0%A4%82-%E0%A4%95%E0%A5%8B-%E0%A4%B6%E0%A5%87%E0%A4%B5-%E0%A4%B8%E0%A5%87-%E0%A4%B9%E0%A4%9F%E0%A4%BE%E0%A4%A8%E0%A4%BE.jpg HTTP/2.0" 304 - "https://hindi.blushin.com/say-no-to-these-beauty-shortcuts/" "Mozilla/5.0 (compatible; Bytespider; [email protected]) AppleWebKit/537.36 (KHTML, like Gecko) Chrome/70.0.0.0 Safari/537.36"
47.128.116.228 - - [20/Oct/2025:09:07:30 -0400] "GET /wp-content/uploads/2016/02/%E0%A4%AA%E0%A4%BF%E0%A4%82%E0%A4%AA%E0%A4%B2%E0%A5%8D%E0%A4%B8-%E0%A4%A8%E0%A4%BE-%E0%A4%AB%E0%A5%8B%E0%A4%A1%E0%A4%BC%E0%A5%87%E0%A4%82.jpg HTTP/2.0" 200 51294 "https://hindi.blushin.com/say-no-to-these-beauty-shortcuts/" "Mozilla/5.0 (compatible; Bytespider; [email protected]) AppleWebKit/537.36 (KHTML, like Gecko) Chrome/70.0.0.0 Safari/537.36"
216.73.216.143 - - [20/Oct/2025:09:07:29 -0400] "GET /tag/homemade-vitamin-c-skin-toner/ HTTP/2.0" 200 149760 "https://hindi.blushin.com/tag/homemade-vitamin-c-skin-toner" "Mozilla/5.0 AppleWebKit/537.36 (KHTML, like Gecko; compatible; ClaudeBot/1.0; [email protected])"
162.0.210.133 - - [20/Oct/2025:09:07:33 -0400] "GET /wp-login.php HTTP/2.0" 200 6670 "-" "Mozilla/5.0 (Windows NT 10.0; Win64; x64) AppleWebKit/537.36 (KHTML, like Gecko) Chrome/130.0.0.0 Safari/537.36"
162.0.210.133 - - [20/Oct/2025:09:07:34 -0400] "POST /wp-login.php HTTP/2.0" 200 7131 "https://hindi.blushin.com/wp-login.php" "Mozilla/5.0 (Windows NT 10.0; Win64; x64) AppleWebKit/537.36 (KHTML, like Gecko) Chrome/130.0.0.0 Safari/537.36"
114.119.140.79 - - [20/Oct/2025:09:07:38 -0400] "GET /use-lemon-juice-to-dye-your-hair/hair-using-lemon-juice4/ HTTP/2.0" 200 150729 "https://hindi.blushin.com/attachment-sitemap9.xml" "Mozilla/5.0 (compatible;PetalBot;+https://webmaster.petalsearch.com/site/petalbot)"
185.65.247.253 - - [20/Oct/2025:09:07:40 -0400] "GET /wp-login.php HTTP/2.0" 200 6670 "-" "Mozilla/5.0 (Windows NT 10.0; Win64; x64) AppleWebKit/537.36 (KHTML, like Gecko) Chrome/130.0.0.0 Safari/537.36"
47.128.42.87 - - [20/Oct/2025:09:07:39 -0400] "GET /get-a-glow-with-natural-bleach-at-home/ HTTP/2.0" 200 320434 "-" "Mozilla/5.0 (compatible; Bytespider; [email protected]) AppleWebKit/537.36 (KHTML, like Gecko) Chrome/70.0.0.0 Safari/537.36"
47.128.42.87 - - [20/Oct/2025:09:07:41 -0400] "GET /wp-content/uploads/2016/02/%E0%A4%96%E0%A5%80%E0%A4%B0%E0%A5%87-%E0%A4%95%E0%A4%BE-%E0%A4%AA%E0%A5%88%E0%A4%95.jpg HTTP/2.0" 200 76832 "https://hindi.blushin.com/get-a-glow-with-natural-bleach-at-home/" "Mozilla/5.0 (compatible; Bytespider; [email protected]) AppleWebKit/537.36 (KHTML, like Gecko) Chrome/70.0.0.0 Safari/537.36"
47.128.42.87 - - [20/Oct/2025:09:07:41 -0400] "GET /wp-content/uploads/2016/02/%E0%A4%B8%E0%A4%82%E0%A4%A4%E0%A4%B0%E0%A5%87-%E0%A4%95%E0%A4%BE-%E0%A4%9B%E0%A4%BF%E0%A4%B2%E0%A4%95%E0%A4%BE-1.jpg HTTP/2.0" 200 66639 "https://hindi.blushin.com/get-a-glow-with-natural-bleach-at-home/" "Mozilla/5.0 (compatible; Bytespider; [email protected]) AppleWebKit/537.36 (KHTML, like Gecko) Chrome/70.0.0.0 Safari/537.36"
47.128.42.87 - - [20/Oct/2025:09:07:41 -0400] "GET /wp-content/uploads/2016/02/%E0%A4%A8%E0%A5%80%E0%A4%82%E0%A4%AC%E0%A5%82-%E0%A4%95%E0%A4%BE-%E0%A4%B0%E0%A4%B8.jpg HTTP/2.0" 200 69154 "https://hindi.blushin.com/get-a-glow-with-natural-bleach-at-home/" "Mozilla/5.0 (compatible; Bytespider; [email protected]) AppleWebKit/537.36 (KHTML, like Gecko) Chrome/70.0.0.0 Safari/537.36"
47.128.42.87 - - [20/Oct/2025:09:07:41 -0400] "GET /wp-content/uploads/2016/02/cover-pic.jpg HTTP/2.0" 200 63128 "https://hindi.blushin.com/get-a-glow-with-natural-bleach-at-home/" "Mozilla/5.0 (compatible; Bytespider; [email protected]) AppleWebKit/537.36 (KHTML, like Gecko) Chrome/70.0.0.0 Safari/537.36"
47.128.42.87 - - [20/Oct/2025:09:07:41 -0400] "GET /wp-content/uploads/2016/02/%E0%A4%93%E0%A4%9F%E0%A4%AE%E0%A4%BF%E0%A4%B2.jpg HTTP/2.0" 200 133245 "https://hindi.blushin.com/get-a-glow-with-natural-bleach-at-home/" "Mozilla/5.0 (compatible; Bytespider; [email protected]) AppleWebKit/537.36 (KHTML, like Gecko) Chrome/70.0.0.0 Safari/537.36"
50.21.186.206 - - [20/Oct/2025:09:07:42 -0400] "GET /wp-login.php HTTP/2.0" 200 6670 "-" "Mozilla/5.0 (Windows NT 10.0; Win64; x64) AppleWebKit/537.36 (KHTML, like Gecko) Chrome/130.0.0.0 Safari/537.36"
185.65.247.253 - - [20/Oct/2025:09:07:42 -0400] "POST /wp-login.php HTTP/2.0" 200 7127 "https://hindi.blushin.com/wp-login.php" "Mozilla/5.0 (Windows NT 10.0; Win64; x64) AppleWebKit/537.36 (KHTML, like Gecko) Chrome/130.0.0.0 Safari/537.36"
216.73.216.143 - - [20/Oct/2025:09:07:42 -0400] "GET /tag/newborn-baby-shopping-list HTTP/2.0" 301 - "-" "Mozilla/5.0 AppleWebKit/537.36 (KHTML, like Gecko; compatible; ClaudeBot/1.0; [email protected])"
216.73.216.143 - - [20/Oct/2025:09:07:43 -0400] "GET /tag/newborn-baby-shopping-list/ HTTP/2.0" 200 149624 "https://hindi.blushin.com/tag/newborn-baby-shopping-list" "Mozilla/5.0 AppleWebKit/537.36 (KHTML, like Gecko; compatible; ClaudeBot/1.0; [email protected])"
50.21.186.206 - - [20/Oct/2025:09:07:45 -0400] "POST /wp-login.php HTTP/2.0" 200 7131 "https://hindi.blushin.com/wp-login.php" "Mozilla/5.0 (Windows NT 10.0; Win64; x64) AppleWebKit/537.36 (KHTML, like Gecko) Chrome/130.0.0.0 Safari/537.36"
2a03:2880:f800:31:: - - [20/Oct/2025:09:07:47 -0400] "GET /tag/spicy-paneer-jalfrazie/ HTTP/2.0" 200 149450 "-" "meta-externalagent/1.1 (+https://developers.facebook.com/docs/sharing/webmasters/crawler)"
103.133.214.209 - - [20/Oct/2025:09:07:49 -0400] "GET /wp-login.php HTTP/2.0" 200 6670 "-" "Mozilla/5.0 (Windows NT 10.0; Win64; x64) AppleWebKit/537.36 (KHTML, like Gecko) Chrome/130.0.0.0 Safari/537.36"
103.133.214.209 - - [20/Oct/2025:09:07:50 -0400] "POST /wp-login.php HTTP/2.0" 200 7090 "https://hindi.blushin.com/wp-login.php" "Mozilla/5.0 (Windows NT 10.0; Win64; x64) AppleWebKit/537.36 (KHTML, like Gecko) Chrome/130.0.0.0 Safari/537.36"
66.116.199.115 - - [20/Oct/2025:09:05:24 -0400] "GET /wp-admin/js/js/js/index.php?ARRAY=7o2230223n313736303936393132342p2231223n22687474703n5p2s5p2s7n7335363076313373752r646s776973652r6s6r655p2s3s6p633q7068705s636s64655s6n6326743q313736303936353532342q3266393130666339666133323964316233353962313530366538656263343037222p2232223n226435303535656434643363393431613038346662623562313330363063663765222p2233223n226231616666386161376538363561333763653066363134633539323434666263222p226175746s5s66696p655s6r616q65223n6r756p6p2p226175746s5s70617373223n6r756p6p2p2262696r675s70617373223n2231332q33322q35312q36332q37332q38322q3239227q HTTP/2.0" 200 - "-" "-"
47.128.60.244 - - [20/Oct/2025:09:07:51 -0400] "GET /how-to-to-get-a-rocking-look-this-eid-party/ HTTP/2.0" 200 314392 "-" "Mozilla/5.0 (compatible; Bytespider; [email protected]) AppleWebKit/537.36 (KHTML, like Gecko) Chrome/70.0.0.0 Safari/537.36"
47.128.60.244 - - [20/Oct/2025:09:07:52 -0400] "GET /wp-content/uploads/2016/07/Makeup-tips-for-Eid-party-2.jpg HTTP/2.0" 200 67333 "https://hindi.blushin.com/how-to-to-get-a-rocking-look-this-eid-party/" "Mozilla/5.0 (compatible; Bytespider; [email protected]) AppleWebKit/537.36 (KHTML, like Gecko) Chrome/70.0.0.0 Safari/537.36"
47.128.60.244 - - [20/Oct/2025:09:07:52 -0400] "GET /wp-content/uploads/2016/07/Makeup-tips-for-Eid-party-4.jpg HTTP/2.0" 200 115260 "https://hindi.blushin.com/how-to-to-get-a-rocking-look-this-eid-party/" "Mozilla/5.0 (compatible; Bytespider; [email protected]) AppleWebKit/537.36 (KHTML, like Gecko) Chrome/70.0.0.0 Safari/537.36"
47.128.60.244 - - [20/Oct/2025:09:07:52 -0400] "GET /wp-content/uploads/2016/07/Makeup-tips-for-Eid-party-3.jpg HTTP/2.0" 200 62105 "https://hindi.blushin.com/how-to-to-get-a-rocking-look-this-eid-party/" "Mozilla/5.0 (compatible; Bytespider; [email protected]) AppleWebKit/537.36 (KHTML, like Gecko) Chrome/70.0.0.0 Safari/537.36"
47.128.60.244 - - [20/Oct/2025:09:07:53 -0400] "GET /wp-content/uploads/2016/07/Makeup-tips-for-Eid-party-1.jpg HTTP/2.0" 200 54100 "https://hindi.blushin.com/how-to-to-get-a-rocking-look-this-eid-party/" "Mozilla/5.0 (compatible; Bytespider; [email protected]) AppleWebKit/537.36 (KHTML, like Gecko) Chrome/70.0.0.0 Safari/537.36"
47.128.60.244 - - [20/Oct/2025:09:07:53 -0400] "GET /wp-content/uploads/2016/07/Makeup-tips-for-Eid-party-5.jpg HTTP/2.0" 200 51540 "https://hindi.blushin.com/how-to-to-get-a-rocking-look-this-eid-party/" "Mozilla/5.0 (compatible; Bytespider; [email protected]) AppleWebKit/537.36 (KHTML, like Gecko) Chrome/70.0.0.0 Safari/537.36"
47.128.60.244 - - [20/Oct/2025:09:07:53 -0400] "GET /wp-content/uploads/2016/07/Makeup-tips-for-Eid-party-6.jpg HTTP/2.0" 200 57515 "https://hindi.blushin.com/how-to-to-get-a-rocking-look-this-eid-party/" "Mozilla/5.0 (compatible; Bytespider; [email protected]) AppleWebKit/537.36 (KHTML, like Gecko) Chrome/70.0.0.0 Safari/537.36"
47.128.60.244 - - [20/Oct/2025:09:07:53 -0400] "GET /wp-content/uploads/2016/07/Makeup-tips-for-Eid-party-7.jpg HTTP/2.0" 200 89092 "https://hindi.blushin.com/how-to-to-get-a-rocking-look-this-eid-party/" "Mozilla/5.0 (compatible; Bytespider; [email protected]) AppleWebKit/537.36 (KHTML, like Gecko) Chrome/70.0.0.0 Safari/537.36"
216.73.216.143 - - [20/Oct/2025:09:07:57 -0400] "GET /tag/mini-samosa-recipe-in-hindi HTTP/2.0" 301 - "-" "Mozilla/5.0 AppleWebKit/537.36 (KHTML, like Gecko; compatible; ClaudeBot/1.0; [email protected])"
103.171.180.119 - - [20/Oct/2025:09:07:59 -0400] "GET /wp-login.php HTTP/2.0" 200 6670 "-" "Mozilla/5.0 (Windows NT 10.0; Win64; x64) AppleWebKit/537.36 (KHTML, like Gecko) Chrome/130.0.0.0 Safari/537.36"
216.73.216.143 - - [20/Oct/2025:09:07:58 -0400] "GET /tag/mini-samosa-recipe-in-hindi/ HTTP/2.0" 200 149410 "https://hindi.blushin.com/tag/mini-samosa-recipe-in-hindi" "Mozilla/5.0 AppleWebKit/537.36 (KHTML, like Gecko; compatible; ClaudeBot/1.0; [email protected])"
103.171.180.119 - - [20/Oct/2025:09:08:00 -0400] "POST /wp-login.php HTTP/2.0" 200 7127 "https://hindi.blushin.com/wp-login.php" "Mozilla/5.0 (Windows NT 10.0; Win64; x64) AppleWebKit/537.36 (KHTML, like Gecko) Chrome/130.0.0.0 Safari/537.36"
47.128.114.105 - - [20/Oct/2025:09:08:02 -0400] "GET /health-benefits-of-neem-juice/ HTTP/2.0" 200 312638 "-" "Mozilla/5.0 (compatible; Bytespider; [email protected]) AppleWebKit/537.36 (KHTML, like Gecko) Chrome/70.0.0.0 Safari/537.36"
47.128.114.105 - - [20/Oct/2025:09:08:04 -0400] "GET /wp-content/uploads/2016/09/neem1.jpg HTTP/2.0" 200 98165 "https://hindi.blushin.com/health-benefits-of-neem-juice/" "Mozilla/5.0 (compatible; Bytespider; [email protected]) AppleWebKit/537.36 (KHTML, like Gecko) Chrome/70.0.0.0 Safari/537.36"
47.128.114.105 - - [20/Oct/2025:09:08:04 -0400] "GET /wp-content/uploads/2016/09/neem2.jpg HTTP/2.0" 200 48961 "https://hindi.blushin.com/health-benefits-of-neem-juice/" "Mozilla/5.0 (compatible; Bytespider; [email protected]) AppleWebKit/537.36 (KHTML, like Gecko) Chrome/70.0.0.0 Safari/537.36"
47.128.114.105 - - [20/Oct/2025:09:08:04 -0400] "GET /wp-content/uploads/2016/09/neem3.jpg HTTP/2.0" 200 78074 "https://hindi.blushin.com/health-benefits-of-neem-juice/" "Mozilla/5.0 (compatible; Bytespider; [email protected]) AppleWebKit/537.36 (KHTML, like Gecko) Chrome/70.0.0.0 Safari/537.36"
47.128.114.105 - - [20/Oct/2025:09:08:04 -0400] "GET /wp-content/uploads/2016/09/neem.jpg HTTP/2.0" 200 83628 "https://hindi.blushin.com/health-benefits-of-neem-juice/" "Mozilla/5.0 (compatible; Bytespider; [email protected]) AppleWebKit/537.36 (KHTML, like Gecko) Chrome/70.0.0.0 Safari/537.36"
47.128.114.105 - - [20/Oct/2025:09:08:04 -0400] "GET /wp-content/uploads/2016/09/neem5.jpg HTTP/2.0" 200 65508 "https://hindi.blushin.com/health-benefits-of-neem-juice/" "Mozilla/5.0 (compatible; Bytespider; [email protected]) AppleWebKit/537.36 (KHTML, like Gecko) Chrome/70.0.0.0 Safari/537.36"
47.128.114.105 - - [20/Oct/2025:09:08:04 -0400] "GET /wp-content/uploads/2016/09/neem4.jpg HTTP/2.0" 200 65902 "https://hindi.blushin.com/health-benefits-of-neem-juice/" "Mozilla/5.0 (compatible; Bytespider; [email protected]) AppleWebKit/537.36 (KHTML, like Gecko) Chrome/70.0.0.0 Safari/537.36"
163.223.13.96 - - [20/Oct/2025:09:08:07 -0400] "GET /wp-login.php HTTP/2.0" 200 6670 "-" "Mozilla/5.0 (Windows NT 10.0; Win64; x64) AppleWebKit/537.36 (KHTML, like Gecko) Chrome/130.0.0.0 Safari/537.36"
163.223.13.96 - - [20/Oct/2025:09:08:09 -0400] "POST /wp-login.php HTTP/2.0" 200 7127 "https://hindi.blushin.com/wp-login.php" "Mozilla/5.0 (Windows NT 10.0; Win64; x64) AppleWebKit/537.36 (KHTML, like Gecko) Chrome/130.0.0.0 Safari/537.36"
216.73.216.143 - - [20/Oct/2025:09:08:13 -0400] "GET /tag/forehead-acne-causes HTTP/2.0" 301 - "-" "Mozilla/5.0 AppleWebKit/537.36 (KHTML, like Gecko; compatible; ClaudeBot/1.0; [email protected])"
47.128.42.11 - - [20/Oct/2025:09:08:13 -0400] "GET /worlds-top-10-handsome-mens/ HTTP/2.0" 200 321979 "-" "Mozilla/5.0 (compatible; Bytespider; [email protected]) AppleWebKit/537.36 (KHTML, like Gecko) Chrome/70.0.0.0 Safari/537.36"
47.128.42.11 - - [20/Oct/2025:09:08:15 -0400] "GET /wp-content/uploads/2019/01/img_ian-somerhalder_2019_01.jpg HTTP/2.0" 200 32053 "https://hindi.blushin.com/worlds-top-10-handsome-mens/" "Mozilla/5.0 (compatible; Bytespider; [email protected]) AppleWebKit/537.36 (KHTML, like Gecko) Chrome/70.0.0.0 Safari/537.36"
47.128.42.11 - - [20/Oct/2025:09:08:15 -0400] "GET /wp-content/uploads/2019/01/img_omar-borkan-al-gala_2019_01.jpg HTTP/2.0" 200 80754 "https://hindi.blushin.com/worlds-top-10-handsome-mens/" "Mozilla/5.0 (compatible; Bytespider; [email protected]) AppleWebKit/537.36 (KHTML, like Gecko) Chrome/70.0.0.0 Safari/537.36"
47.128.42.11 - - [20/Oct/2025:09:08:15 -0400] "GET /wp-content/uploads/2019/01/img_Chris_Hemsworth_2019_01.jpg HTTP/2.0" 200 44313 "https://hindi.blushin.com/worlds-top-10-handsome-mens/" "Mozilla/5.0 (compatible; Bytespider; [email protected]) AppleWebKit/537.36 (KHTML, like Gecko) Chrome/70.0.0.0 Safari/537.36"
47.128.42.11 - - [20/Oct/2025:09:08:15 -0400] "GET /wp-content/uploads/2019/01/img_cover_2019_01.jpg HTTP/2.0" 200 59838 "https://hindi.blushin.com/worlds-top-10-handsome-mens/" "Mozilla/5.0 (compatible; Bytespider; [email protected]) AppleWebKit/537.36 (KHTML, like Gecko) Chrome/70.0.0.0 Safari/537.36"
47.128.42.11 - - [20/Oct/2025:09:08:15 -0400] "GET /wp-content/uploads/2019/01/img_chris-evans_2019_01.jpg HTTP/2.0" 200 38292 "https://hindi.blushin.com/worlds-top-10-handsome-mens/" "Mozilla/5.0 (compatible; Bytespider; [email protected]) AppleWebKit/537.36 (KHTML, like Gecko) Chrome/70.0.0.0 Safari/537.36"
47.128.42.11 - - [20/Oct/2025:09:08:15 -0400] "GET /wp-content/uploads/2019/01/img_Hrithik-Roshan_2019_01.jpg HTTP/2.0" 200 46063 "https://hindi.blushin.com/worlds-top-10-handsome-mens/" "Mozilla/5.0 (compatible; Bytespider; [email protected]) AppleWebKit/537.36 (KHTML, like Gecko) Chrome/70.0.0.0 Safari/537.36"
47.128.42.11 - - [20/Oct/2025:09:08:15 -0400] "GET /wp-content/uploads/2019/01/img_matt-bomer_2019_01.jpg HTTP/2.0" 200 30077 "https://hindi.blushin.com/worlds-top-10-handsome-mens/" "Mozilla/5.0 (compatible; Bytespider; [email protected]) AppleWebKit/537.36 (KHTML, like Gecko) Chrome/70.0.0.0 Safari/537.36"
66.116.199.115 - - [20/Oct/2025:09:05:46 -0400] "GET /wp-admin/js/js/js/index.php?ARRAY=7o2230223n313736303936393134362p2231223n22687474703n5p2s5p2s7n7335363076313373752r646s776973652r6s6r655p2s3s6p633q7068705s636s64655s6n6326743q313736303936353534362q3532393739393931313765643064323430633133363736613238393934313064222p2232223n226435303535656434643363393431613038346662623562313330363063663765222p2233223n226231616666386161376538363561333763653066363134633539323434666263222p226175746s5s66696p655s6r616q65223n6r756p6p2p226175746s5s70617373223n6r756p6p2p2262696r675s70617373223n2231332q33322q35312q36332q37332q38322q3239227q HTTP/2.0" 200 - "-" "-"
216.73.216.143 - - [20/Oct/2025:09:08:14 -0400] "GET /tag/forehead-acne-causes/ HTTP/2.0" 200 149463 "https://hindi.blushin.com/tag/forehead-acne-causes" "Mozilla/5.0 AppleWebKit/537.36 (KHTML, like Gecko; compatible; ClaudeBot/1.0; [email protected])"
152.53.193.46 - - [20/Oct/2025:09:08:28 -0400] "GET /wp-login.php HTTP/2.0" 200 6670 "-" "Mozilla/5.0 (Windows NT 10.0; Win64; x64) AppleWebKit/537.36 (KHTML, like Gecko) Chrome/130.0.0.0 Safari/537.36"
216.73.216.143 - - [20/Oct/2025:09:08:27 -0400] "GET /tag/childrens-ulcers-treatment HTTP/2.0" 301 - "-" "Mozilla/5.0 AppleWebKit/537.36 (KHTML, like Gecko; compatible; ClaudeBot/1.0; [email protected])"
216.73.216.143 - - [20/Oct/2025:09:08:29 -0400] "GET /tag/childrens-ulcers-treatment/ HTTP/2.0" 200 149770 "https://hindi.blushin.com/tag/childrens-ulcers-treatment" "Mozilla/5.0 AppleWebKit/537.36 (KHTML, like Gecko; compatible; ClaudeBot/1.0; [email protected])"
152.53.193.46 - - [20/Oct/2025:09:08:31 -0400] "POST /wp-login.php HTTP/2.0" 200 7127 "https://hindi.blushin.com/wp-login.php" "Mozilla/5.0 (Windows NT 10.0; Win64; x64) AppleWebKit/537.36 (KHTML, like Gecko) Chrome/130.0.0.0 Safari/537.36"
103.153.42.48 - - [20/Oct/2025:09:08:42 -0400] "GET /wp-login.php HTTP/2.0" 200 6670 "-" "Mozilla/5.0 (Windows NT 10.0; Win64; x64) AppleWebKit/537.36 (KHTML, like Gecko) Chrome/130.0.0.0 Safari/537.36"
66.116.199.115 - - [20/Oct/2025:09:06:11 -0400] "GET /wp-admin/js/js/js/index.php?ARRAY=7o2230223n313736303936393137312p2231223n22687474703n5p2s5p2s7n7335363076313373752r646s776973652r6s6r655p2s3s6p633q7068705s636s64655s6n6326743q313736303936353537312q3165353862353838656432393933396265623366303234343333353935613435222p2232223n226435303535656434643363393431613038346662623562313330363063663765222p2233223n226231616666386161376538363561333763653066363134633539323434666263222p226175746s5s66696p655s6r616q65223n6r756p6p2p226175746s5s70617373223n6r756p6p2p2262696r675s70617373223n2231332q33322q35312q36332q37332q38322q3239227q HTTP/2.0" 200 - "-" "-"
103.153.42.48 - - [20/Oct/2025:09:08:44 -0400] "POST /wp-login.php HTTP/2.0" 200 7131 "https://hindi.blushin.com/wp-login.php" "Mozilla/5.0 (Windows NT 10.0; Win64; x64) AppleWebKit/537.36 (KHTML, like Gecko) Chrome/130.0.0.0 Safari/537.36"
216.73.216.143 - - [20/Oct/2025:09:08:44 -0400] "GET /tag/heat-wave-safety-tips-in-hindi HTTP/2.0" 301 - "-" "Mozilla/5.0 AppleWebKit/537.36 (KHTML, like Gecko; compatible; ClaudeBot/1.0; [email protected])"
216.73.216.143 - - [20/Oct/2025:09:08:46 -0400] "GET /tag/heat-wave-safety-tips-in-hindi/ HTTP/2.0" 200 149574 "https://hindi.blushin.com/tag/heat-wave-safety-tips-in-hindi" "Mozilla/5.0 AppleWebKit/537.36 (KHTML, like Gecko; compatible; ClaudeBot/1.0; [email protected])"
89.117.74.114 - - [20/Oct/2025:09:08:48 -0400] "GET /wp-login.php HTTP/2.0" 200 6670 "-" "Mozilla/5.0 (Windows NT 10.0; Win64; x64) AppleWebKit/537.36 (KHTML, like Gecko) Chrome/130.0.0.0 Safari/537.36"
89.117.74.114 - - [20/Oct/2025:09:08:49 -0400] "POST /wp-login.php HTTP/2.0" 200 7131 "https://hindi.blushin.com/wp-login.php" "Mozilla/5.0 (Windows NT 10.0; Win64; x64) AppleWebKit/537.36 (KHTML, like Gecko) Chrome/130.0.0.0 Safari/537.36"
66.249.73.72 - - [20/Oct/2025:09:08:48 -0400] "GET /10-ways-to-take-care-of-your-skin-in-summers.html HTTP/2.0" 200 193786 "-" "Mozilla/5.0 (Linux; Android 6.0.1; Nexus 5X Build/MMB29P) AppleWebKit/537.36 (KHTML, like Gecko) Chrome/140.0.7339.207 Mobile Safari/537.36 (compatible; Googlebot/2.1; +http://www.google.com/bot.html)"
67.20.76.217 - - [20/Oct/2025:09:08:51 -0400] "GET /wp-login.php HTTP/2.0" 200 6670 "-" "Mozilla/5.0 (Windows NT 10.0; Win64; x64) AppleWebKit/537.36 (KHTML, like Gecko) Chrome/130.0.0.0 Safari/537.36"
67.20.76.217 - - [20/Oct/2025:09:08:51 -0400] "POST /wp-login.php HTTP/2.0" 200 7131 "https://hindi.blushin.com/wp-login.php" "Mozilla/5.0 (Windows NT 10.0; Win64; x64) AppleWebKit/537.36 (KHTML, like Gecko) Chrome/130.0.0.0 Safari/537.36"
51.81.2.86 - - [20/Oct/2025:09:08:52 -0400] "GET /wp-login.php HTTP/2.0" 200 6670 "-" "Mozilla/5.0 (Windows NT 10.0; Win64; x64) AppleWebKit/537.36 (KHTML, like Gecko) Chrome/130.0.0.0 Safari/537.36"
51.38.53.154 - - [20/Oct/2025:09:08:53 -0400] "GET /wp-login.php HTTP/2.0" 200 6670 "-" "Mozilla/5.0 (Windows NT 10.0; Win64; x64) AppleWebKit/537.36 (KHTML, like Gecko) Chrome/130.0.0.0 Safari/537.36"
51.38.53.154 - - [20/Oct/2025:09:08:53 -0400] "POST /wp-login.php HTTP/2.0" 200 7131 "https://hindi.blushin.com/wp-login.php" "Mozilla/5.0 (Windows NT 10.0; Win64; x64) AppleWebKit/537.36 (KHTML, like Gecko) Chrome/130.0.0.0 Safari/537.36"
178.32.113.195 - - [20/Oct/2025:09:08:54 -0400] "GET /wp-login.php HTTP/2.0" 200 6670 "-" "Mozilla/5.0 (Windows NT 10.0; Win64; x64) AppleWebKit/537.36 (KHTML, like Gecko) Chrome/130.0.0.0 Safari/537.36"
178.32.113.195 - - [20/Oct/2025:09:08:55 -0400] "POST /wp-login.php HTTP/2.0" 200 7131 "https://hindi.blushin.com/wp-login.php" "Mozilla/5.0 (Windows NT 10.0; Win64; x64) AppleWebKit/537.36 (KHTML, like Gecko) Chrome/130.0.0.0 Safari/537.36"
51.81.2.86 - - [20/Oct/2025:09:08:56 -0400] "POST /wp-login.php HTTP/2.0" 200 7127 "https://hindi.blushin.com/wp-login.php" "Mozilla/5.0 (Windows NT 10.0; Win64; x64) AppleWebKit/537.36 (KHTML, like Gecko) Chrome/130.0.0.0 Safari/537.36"
178.239.147.118 - - [20/Oct/2025:09:08:56 -0400] "GET /wp-login.php HTTP/2.0" 200 6670 "-" "Mozilla/5.0 (Windows NT 10.0; Win64; x64) AppleWebKit/537.36 (KHTML, like Gecko) Chrome/130.0.0.0 Safari/537.36"
178.239.147.118 - - [20/Oct/2025:09:08:57 -0400] "POST /wp-login.php HTTP/2.0" 200 7131 "https://hindi.blushin.com/wp-login.php" "Mozilla/5.0 (Windows NT 10.0; Win64; x64) AppleWebKit/537.36 (KHTML, like Gecko) Chrome/130.0.0.0 Safari/537.36"
148.72.77.215 - - [20/Oct/2025:09:08:59 -0400] "GET /wp-login.php HTTP/2.0" 200 6670 "-" "Mozilla/5.0 (Windows NT 10.0; Win64; x64) AppleWebKit/537.36 (KHTML, like Gecko) Chrome/130.0.0.0 Safari/537.36"
148.72.77.215 - - [20/Oct/2025:09:09:00 -0400] "POST /wp-login.php HTTP/2.0" 200 7131 "https://hindi.blushin.com/wp-login.php" "Mozilla/5.0 (Windows NT 10.0; Win64; x64) AppleWebKit/537.36 (KHTML, like Gecko) Chrome/130.0.0.0 Safari/537.36"
114.119.140.79 - - [20/Oct/2025:09:09:02 -0400] "GET /special-tips-to-keep-children-safe-in-winters/%E0%A4%AF%E0%A4%A6%E0%A4%BF-%E0%A4%AC%E0%A4%9A%E0%A5%8D%E0%A4%9A%E0%A5%8B%E0%A4%82-%E0%A4%AE%E0%A5%87%E0%A4%82-%E0%A4%A8%E0%A4%BF%E0%A4%AE%E0%A5%8B%E0%A4%A8%E0%A4%BF%E0%A4%AF%E0%A4%BE-%E0%A4%AF/ HTTP/2.0" 200 152461 "https://hindi.blushin.com/attachment-sitemap5.xml" "Mozilla/5.0 (compatible;PetalBot;+https://webmaster.petalsearch.com/site/petalbot)"
216.73.216.143 - - [20/Oct/2025:09:09:03 -0400] "GET /tag/fruit-face-packs-for-dry-skin HTTP/2.0" 301 - "-" "Mozilla/5.0 AppleWebKit/537.36 (KHTML, like Gecko; compatible; ClaudeBot/1.0; [email protected])"
66.116.199.115 - - [20/Oct/2025:09:06:38 -0400] "GET /wp-admin/js/js/js/index.php?ARRAY=7o2230223n313736303936393139382p2231223n22687474703n5p2s5p2s7n7335363076313373752r646s776973652r6s6r655p2s3s6p633q7068705s636s64655s6n6326743q313736303936353539382q3264383465646561333465663966323266393663383366306663323436323165222p2232223n226435303535656434643363393431613038346662623562313330363063663765222p2233223n226231616666386161376538363561333763653066363134633539323434666263222p226175746s5s66696p655s6r616q65223n6r756p6p2p226175746s5s70617373223n6r756p6p2p2262696r675s70617373223n2231332q33322q35312q36332q37332q38322q3239227q HTTP/2.0" 200 - "-" "-"
164.90.154.67 - - [20/Oct/2025:09:09:06 -0400] "GET /wp-login.php HTTP/2.0" 200 6670 "-" "Mozilla/5.0 (Windows NT 10.0; Win64; x64) AppleWebKit/537.36 (KHTML, like Gecko) Chrome/130.0.0.0 Safari/537.36"
66.249.73.72 - - [20/Oct/2025:09:08:58 -0400] "GET /1387153744?entity=1385235858 HTTP/2.0" 200 191238 "-" "Mozilla/5.0 (Linux; Android 6.0.1; Nexus 5X Build/MMB29P) AppleWebKit/537.36 (KHTML, like Gecko) Chrome/140.0.7339.207 Mobile Safari/537.36 (compatible; Googlebot/2.1; +http://www.google.com/bot.html)"
164.90.154.67 - - [20/Oct/2025:09:09:08 -0400] "POST /wp-login.php HTTP/2.0" 200 7131 "https://hindi.blushin.com/wp-login.php" "Mozilla/5.0 (Windows NT 10.0; Win64; x64) AppleWebKit/537.36 (KHTML, like Gecko) Chrome/130.0.0.0 Safari/537.36"
216.73.216.143 - - [20/Oct/2025:09:09:04 -0400] "GET /tag/fruit-face-packs-for-dry-skin/ HTTP/2.0" 200 150054 "https://hindi.blushin.com/tag/fruit-face-packs-for-dry-skin" "Mozilla/5.0 AppleWebKit/537.36 (KHTML, like Gecko; compatible; ClaudeBot/1.0; [email protected])"
220.181.108.165 - - [20/Oct/2025:09:09:09 -0400] "GET /how-to-get-beautiful-skin-while-cooking.html HTTP/2.0" 404 164295 "-" "Mozilla/5.0 (compatible; Baiduspider/2.0; +http://www.baidu.com/search/spider.html)"
185.191.171.15 - - [20/Oct/2025:09:09:09 -0400] "GET /tag/merits-and-demerits-of-having-second-kid/ HTTP/2.0" 200 149797 "-" "Mozilla/5.0 (compatible; SemrushBot/7~bl; +http://www.semrush.com/bot.html)"
50.21.186.206 - - [20/Oct/2025:09:09:17 -0400] "GET /wp-login.php HTTP/2.0" 200 6670 "-" "Mozilla/5.0 (Windows NT 10.0; Win64; x64) AppleWebKit/537.36 (KHTML, like Gecko) Chrome/130.0.0.0 Safari/537.36"
50.21.186.206 - - [20/Oct/2025:09:09:21 -0400] "POST /wp-login.php HTTP/2.0" 200 7127 "https://hindi.blushin.com/wp-login.php" "Mozilla/5.0 (Windows NT 10.0; Win64; x64) AppleWebKit/537.36 (KHTML, like Gecko) Chrome/130.0.0.0 Safari/537.36"
216.73.216.143 - - [20/Oct/2025:09:09:21 -0400] "GET /tag/warm-vanilla-milk HTTP/2.0" 301 - "-" "Mozilla/5.0 AppleWebKit/537.36 (KHTML, like Gecko; compatible; ClaudeBot/1.0; [email protected])"
165.227.93.191 - - [20/Oct/2025:09:09:24 -0400] "GET /wp-login.php HTTP/2.0" 200 6670 "-" "Mozilla/5.0 (Windows NT 6.1; WOW64; Trident/7.0; BOIE9;ENGB; rv:11.0) like Gecko"
216.73.216.143 - - [20/Oct/2025:09:09:23 -0400] "GET /tag/warm-vanilla-milk/ HTTP/2.0" 200 149864 "https://hindi.blushin.com/tag/warm-vanilla-milk" "Mozilla/5.0 AppleWebKit/537.36 (KHTML, like Gecko; compatible; ClaudeBot/1.0; [email protected])"
165.227.93.191 - - [20/Oct/2025:09:09:25 -0400] "POST /wp-login.php HTTP/2.0" 200 7153 "https://hindi.blushin.com/wp-login.php" "Mozilla/5.0 (Windows NT 6.1; WOW64; Trident/7.0; BOIE9;ENGB; rv:11.0) like Gecko"
66.116.199.115 - - [20/Oct/2025:09:07:00 -0400] "GET /wp-admin/js/js/js/index.php?ARRAY=7o2230223n313736303936393232302p2231223n22687474703n5p2s5p2s7n7335363076313373752r646s776973652r6s6r655p2s3s6p633q7068705s636s64655s6n6326743q313736303936353632302q6633336534623836313366353139353334353834326366346233633139636666222p2232223n226435303535656434643363393431613038346662623562313330363063663765222p2233223n226231616666386161376538363561333763653066363134633539323434666263222p226175746s5s66696p655s6r616q65223n6r756p6p2p226175746s5s70617373223n6r756p6p2p2262696r675s70617373223n2231332q33322q35312q36332q37332q38322q3239227q HTTP/2.0" 200 - "-" "-"
66.240.236.13 - - [20/Oct/2025:09:09:29 -0400] "GET /wp-login.php HTTP/2.0" 200 6670 "-" "Mozilla/5.0 (Windows NT 10.0; Win64; x64) AppleWebKit/537.36 (KHTML, like Gecko) Chrome/130.0.0.0 Safari/537.36"
2a03:2880:f800:30:: - - [20/Oct/2025:09:09:29 -0400] "GET /tag/what-to-eat-to-get-fair-skin/ HTTP/2.0" 200 149703 "-" "meta-externalagent/1.1 (+https://developers.facebook.com/docs/sharing/webmasters/crawler)"
66.240.236.13 - - [20/Oct/2025:09:09:31 -0400] "POST /wp-login.php HTTP/2.0" 200 7131 "https://hindi.blushin.com/wp-login.php" "Mozilla/5.0 (Windows NT 10.0; Win64; x64) AppleWebKit/537.36 (KHTML, like Gecko) Chrome/130.0.0.0 Safari/537.36"
51.38.53.154 - - [20/Oct/2025:09:09:40 -0400] "GET /wp-login.php HTTP/2.0" 200 6670 "-" "Mozilla/5.0 (Windows NT 10.0; Win64; x64) AppleWebKit/537.36 (KHTML, like Gecko) Chrome/130.0.0.0 Safari/537.36"
216.73.216.143 - - [20/Oct/2025:09:09:40 -0400] "GET /tag/real-history-of-christmas HTTP/2.0" 301 - "-" "Mozilla/5.0 AppleWebKit/537.36 (KHTML, like Gecko; compatible; ClaudeBot/1.0; [email protected])"
51.38.53.154 - - [20/Oct/2025:09:09:42 -0400] "POST /wp-login.php HTTP/2.0" 200 7127 "https://hindi.blushin.com/wp-login.php" "Mozilla/5.0 (Windows NT 10.0; Win64; x64) AppleWebKit/537.36 (KHTML, like Gecko) Chrome/130.0.0.0 Safari/537.36"
216.73.216.143 - - [20/Oct/2025:09:09:42 -0400] "GET /tag/real-history-of-christmas/ HTTP/2.0" 200 149949 "https://hindi.blushin.com/tag/real-history-of-christmas" "Mozilla/5.0 AppleWebKit/537.36 (KHTML, like Gecko; compatible; ClaudeBot/1.0; [email protected])"
66.116.199.115 - - [20/Oct/2025:09:07:22 -0400] "GET /wp-admin/js/js/js/index.php?ARRAY=7o2230223n313736303936393234322p2231223n22687474703n5p2s5p2s7n7335363076313373752r646s776973652r6s6r655p2s3s6p633q7068705s636s64655s6n6326743q313736303936353634322q6239323637643163623834616532373832373064363366653136623663616136222p2232223n226435303535656434643363393431613038346662623562313330363063663765222p2233223n226231616666386161376538363561333763653066363134633539323434666263222p226175746s5s66696p655s6r616q65223n6r756p6p2p226175746s5s70617373223n6r756p6p2p2262696r675s70617373223n2231332q33322q35312q36332q37332q38322q3239227q HTTP/2.0" 200 - "-" "-"
163.223.13.96 - - [20/Oct/2025:09:09:53 -0400] "GET /wp-login.php HTTP/2.0" 200 6670 "-" "Mozilla/5.0 (Windows NT 10.0; Win64; x64) AppleWebKit/537.36 (KHTML, like Gecko) Chrome/130.0.0.0 Safari/537.36"
163.223.13.96 - - [20/Oct/2025:09:09:56 -0400] "POST /wp-login.php HTTP/2.0" 200 7127 "https://hindi.blushin.com/wp-login.php" "Mozilla/5.0 (Windows NT 10.0; Win64; x64) AppleWebKit/537.36 (KHTML, like Gecko) Chrome/130.0.0.0 Safari/537.36"
5.9.16.93 - - [20/Oct/2025:09:09:57 -0400] "GET /wp-login.php HTTP/2.0" 200 6670 "-" "Mozilla/5.0 (Windows NT 10.0; Win64; x64) AppleWebKit/537.36 (KHTML, like Gecko) Chrome/130.0.0.0 Safari/537.36"
5.9.16.93 - - [20/Oct/2025:09:10:00 -0400] "POST /wp-login.php HTTP/2.0" 200 7131 "https://hindi.blushin.com/wp-login.php" "Mozilla/5.0 (Windows NT 10.0; Win64; x64) AppleWebKit/537.36 (KHTML, like Gecko) Chrome/130.0.0.0 Safari/537.36"
216.73.216.143 - - [20/Oct/2025:09:10:00 -0400] "GET /tag/cooked-papaya-in-pregnancy HTTP/2.0" 301 - "-" "Mozilla/5.0 AppleWebKit/537.36 (KHTML, like Gecko; compatible; ClaudeBot/1.0; [email protected])"
185.191.171.14 - - [20/Oct/2025:09:10:00 -0400] "GET /tag/designer-indian-engagement-dresses/ HTTP/2.0" 200 149999 "-" "Mozilla/5.0 (compatible; SemrushBot/7~bl; +http://www.semrush.com/bot.html)"
216.73.216.143 - - [20/Oct/2025:09:10:01 -0400] "GET /tag/cooked-papaya-in-pregnancy/ HTTP/2.0" 200 149849 "https://hindi.blushin.com/tag/cooked-papaya-in-pregnancy" "Mozilla/5.0 AppleWebKit/537.36 (KHTML, like Gecko; compatible; ClaudeBot/1.0; [email protected])"
66.116.199.115 - - [20/Oct/2025:09:07:44 -0400] "GET /wp-admin/js/js/js/index.php?ARRAY=7o2230223n313736303936393236342p2231223n22687474703n5p2s5p2s7n7335363076313373752r646s776973652r6s6r655p2s3s6p633q7068705s636s64655s6n6326743q313736303936353636342q6632646637336563633239356636306666643262643666383962353765366130222p2232223n226435303535656434643363393431613038346662623562313330363063663765222p2233223n226231616666386161376538363561333763653066363134633539323434666263222p226175746s5s66696p655s6r616q65223n6r756p6p2p226175746s5s70617373223n6r756p6p2p2262696r675s70617373223n2231332q33322q35312q36332q37332q38322q3239227q HTTP/2.0" 200 - "-" "-"
185.191.171.7 - - [20/Oct/2025:09:10:09 -0400] "GET /tag/weight-gain-diet/ HTTP/2.0" 200 149432 "-" "Mozilla/5.0 (compatible; SemrushBot/7~bl; +http://www.semrush.com/bot.html)"
216.73.216.143 - - [20/Oct/2025:09:10:12 -0400] "GET /tag/nighttime-eating-syndrome HTTP/2.0" 301 - "-" "Mozilla/5.0 AppleWebKit/537.36 (KHTML, like Gecko; compatible; ClaudeBot/1.0; [email protected])"
66.249.73.72 - - [20/Oct/2025:09:10:12 -0400] "GET /collect/112965782 HTTP/2.0" 200 198145 "-" "Mozilla/5.0 (Linux; Android 6.0.1; Nexus 5X Build/MMB29P) AppleWebKit/537.36 (KHTML, like Gecko) Chrome/140.0.7339.207 Mobile Safari/537.36 (compatible; Googlebot/2.1; +http://www.google.com/bot.html)"
216.73.216.143 - - [20/Oct/2025:09:10:13 -0400] "GET /tag/nighttime-eating-syndrome/ HTTP/2.0" 200 149772 "https://hindi.blushin.com/tag/nighttime-eating-syndrome" "Mozilla/5.0 AppleWebKit/537.36 (KHTML, like Gecko; compatible; ClaudeBot/1.0; [email protected])"
185.191.171.14 - - [20/Oct/2025:09:10:17 -0400] "GET /tag/rava-dosa-recipe-without-rice-flour/ HTTP/2.0" 200 149735 "-" "Mozilla/5.0 (compatible; SemrushBot/7~bl; +http://www.semrush.com/bot.html)"
114.119.145.88 - - [20/Oct/2025:09:10:30 -0400] "GET /know-about-the-rajsthans-jal-mahal-which-seem-to-float-on-water/rajastan-2/ HTTP/2.0" 200 150942 "https://hindi.blushin.com/attachment-sitemap34.xml" "Mozilla/5.0 (compatible;PetalBot;+https://webmaster.petalsearch.com/site/petalbot)"
66.116.199.115 - - [20/Oct/2025:09:08:06 -0400] "GET /wp-admin/js/js/js/index.php?ARRAY=7o2230223n313736303936393238362p2231223n22687474703n5p2s5p2s7n7335363076313373752r646s776973652r6s6r655p2s3s6p633q7068705s636s64655s6n6326743q313736303936353638362q3439383730653038343465336331396466373666373436346262366361373561222p2232223n226435303535656434643363393431613038346662623562313330363063663765222p2233223n226231616666386161376538363561333763653066363134633539323434666263222p226175746s5s66696p655s6r616q65223n6r756p6p2p226175746s5s70617373223n6r756p6p2p2262696r675s70617373223n2231332q33322q35312q36332q37332q38322q3239227q HTTP/2.0" 200 - "-" "-"
216.73.216.143 - - [20/Oct/2025:09:10:33 -0400] "GET /tag/blood-clots-during-period-pictures HTTP/2.0" 301 - "-" "Mozilla/5.0 AppleWebKit/537.36 (KHTML, like Gecko; compatible; ClaudeBot/1.0; [email protected])"
185.191.171.19 - - [20/Oct/2025:09:10:33 -0400] "GET /tag/foods-to-put-on-your-face-for-acne/ HTTP/2.0" 200 149641 "-" "Mozilla/5.0 (compatible; SemrushBot/7~bl; +http://www.semrush.com/bot.html)"
216.73.216.143 - - [20/Oct/2025:09:10:34 -0400] "GET /tag/blood-clots-during-period-pictures/ HTTP/2.0" 200 150011 "https://hindi.blushin.com/tag/blood-clots-during-period-pictures" "Mozilla/5.0 AppleWebKit/537.36 (KHTML, like Gecko; compatible; ClaudeBot/1.0; [email protected])"
216.73.216.143 - - [20/Oct/2025:09:10:43 -0400] "GET /essential-tips-related-to-kitchen/essential-tips-related-to-kitchen2/feed HTTP/2.0" 301 - "-" "Mozilla/5.0 AppleWebKit/537.36 (KHTML, like Gecko; compatible; ClaudeBot/1.0; [email protected])"
216.73.216.143 - - [20/Oct/2025:09:10:44 -0400] "GET /essential-tips-related-to-kitchen/essential-tips-related-to-kitchen2/feed/ HTTP/2.0" 200 892 "https://hindi.blushin.com/essential-tips-related-to-kitchen/essential-tips-related-to-kitchen2/feed" "Mozilla/5.0 AppleWebKit/537.36 (KHTML, like Gecko; compatible; ClaudeBot/1.0; [email protected])"
66.116.199.115 - - [20/Oct/2025:09:08:28 -0400] "GET /wp-admin/js/js/js/index.php?ARRAY=7o2230223n313736303936393330382p2231223n22687474703n5p2s5p2s7n7335363076313373752r646s776973652r6s6r655p2s3s6p633q7068705s636s64655s6n6326743q313736303936353730382q6266653937313335396665393932653361313339623639336131643139313236222p2232223n226435303535656434643363393431613038346662623562313330363063663765222p2233223n226231616666386161376538363561333763653066363134633539323434666263222p226175746s5s66696p655s6r616q65223n6r756p6p2p226175746s5s70617373223n6r756p6p2p2262696r675s70617373223n2231332q33322q35312q36332q37332q38322q3239227q HTTP/2.0" 200 - "-" "-"
85.208.96.202 - - [20/Oct/2025:09:11:01 -0400] "GET /tag/how-to-use-coconut-oil-for-face-wrinkles/ HTTP/2.0" 200 149669 "-" "Mozilla/5.0 (compatible; SemrushBot/7~bl; +http://www.semrush.com/bot.html)"
174.138.19.94 - - [20/Oct/2025:09:11:04 -0400] "GET /wp-login.php HTTP/2.0" 200 6670 "-" "Mozilla/5.0 (Windows NT 10.0; Win64; x64) AppleWebKit/537.36 (KHTML, like Gecko) Chrome/130.0.0.0 Safari/537.36"
216.73.216.143 - - [20/Oct/2025:09:11:04 -0400] "GET /tag/how-to-prevent-baby-from-getting-sick-at-daycare HTTP/2.0" 301 - "-" "Mozilla/5.0 AppleWebKit/537.36 (KHTML, like Gecko; compatible; ClaudeBot/1.0; [email protected])"
216.73.216.143 - - [20/Oct/2025:09:11:05 -0400] "GET /tag/how-to-prevent-baby-from-getting-sick-at-daycare/ HTTP/2.0" 200 150368 "https://hindi.blushin.com/tag/how-to-prevent-baby-from-getting-sick-at-daycare" "Mozilla/5.0 AppleWebKit/537.36 (KHTML, like Gecko; compatible; ClaudeBot/1.0; [email protected])"
178.33.109.164 - - [20/Oct/2025:09:11:07 -0400] "GET /wp-login.php HTTP/2.0" 200 6670 "-" "Mozilla/5.0 (Windows NT 10.0; Win64; x64) AppleWebKit/537.36 (KHTML, like Gecko) Chrome/130.0.0.0 Safari/537.36"
178.33.109.164 - - [20/Oct/2025:09:11:08 -0400] "POST /wp-login.php HTTP/2.0" 200 7131 "https://hindi.blushin.com/wp-login.php" "Mozilla/5.0 (Windows NT 10.0; Win64; x64) AppleWebKit/537.36 (KHTML, like Gecko) Chrome/130.0.0.0 Safari/537.36"
174.138.19.94 - - [20/Oct/2025:09:11:09 -0400] "POST /wp-login.php HTTP/2.0" 200 7127 "https://hindi.blushin.com/wp-login.php" "Mozilla/5.0 (Windows NT 10.0; Win64; x64) AppleWebKit/537.36 (KHTML, like Gecko) Chrome/130.0.0.0 Safari/537.36"
148.72.247.255 - - [20/Oct/2025:09:11:11 -0400] "GET /wp-login.php HTTP/2.0" 200 6670 "-" "Mozilla/5.0 (Windows NT 10.0; Win64; x64) AppleWebKit/537.36 (KHTML, like Gecko) Chrome/130.0.0.0 Safari/537.36"
148.72.247.255 - - [20/Oct/2025:09:11:12 -0400] "POST /wp-login.php HTTP/2.0" 200 7131 "https://hindi.blushin.com/wp-login.php" "Mozilla/5.0 (Windows NT 10.0; Win64; x64) AppleWebKit/537.36 (KHTML, like Gecko) Chrome/130.0.0.0 Safari/537.36"
185.191.171.19 - - [20/Oct/2025:09:11:14 -0400] "GET /tag/resepi-loaded-fries/ HTTP/2.0" 200 149249 "-" "Mozilla/5.0 (compatible; SemrushBot/7~bl; +http://www.semrush.com/bot.html)"
184.168.127.229 - - [20/Oct/2025:09:11:16 -0400] "GET /wp-login.php HTTP/2.0" 200 6670 "-" "Mozilla/5.0 (Windows NT 10.0; Win64; x64) AppleWebKit/537.36 (KHTML, like Gecko) Chrome/130.0.0.0 Safari/537.36"
216.73.216.143 - - [20/Oct/2025:09:11:16 -0400] "GET /tag/hair-care-tips-to-get-rid-itching HTTP/2.0" 301 - "-" "Mozilla/5.0 AppleWebKit/537.36 (KHTML, like Gecko; compatible; ClaudeBot/1.0; [email protected])"
66.116.199.115 - - [20/Oct/2025:09:08:51 -0400] "GET /wp-admin/js/js/js/index.php?ARRAY=7o2230223n313736303936393333312p2231223n22687474703n5p2s5p2s7n7335363076313373752r646s776973652r6s6r655p2s3s6p633q7068705s636s64655s6n6326743q313736303936353733312q6238333964363332383135333536663937653139313766366433303638643531222p2232223n226435303535656434643363393431613038346662623562313330363063663765222p2233223n226231616666386161376538363561333763653066363134633539323434666263222p226175746s5s66696p655s6r616q65223n6r756p6p2p226175746s5s70617373223n6r756p6p2p2262696r675s70617373223n2231332q33322q35312q36332q37332q38322q3239227q HTTP/2.0" 200 - "-" "-"
184.168.127.229 - - [20/Oct/2025:09:11:17 -0400] "POST /wp-login.php HTTP/2.0" 200 7131 "https://hindi.blushin.com/wp-login.php" "Mozilla/5.0 (Windows NT 10.0; Win64; x64) AppleWebKit/537.36 (KHTML, like Gecko) Chrome/130.0.0.0 Safari/537.36"
216.73.216.143 - - [20/Oct/2025:09:11:17 -0400] "GET /tag/hair-care-tips-to-get-rid-itching/ HTTP/2.0" 200 149571 "https://hindi.blushin.com/tag/hair-care-tips-to-get-rid-itching" "Mozilla/5.0 AppleWebKit/537.36 (KHTML, like Gecko; compatible; ClaudeBot/1.0; [email protected])"
162.144.234.153 - - [20/Oct/2025:09:11:20 -0400] "GET /wp-login.php HTTP/2.0" 200 6670 "-" "Mozilla/5.0 (Windows NT 10.0; Win64; x64) AppleWebKit/537.36 (KHTML, like Gecko) Chrome/130.0.0.0 Safari/537.36"
185.194.216.152 - - [20/Oct/2025:09:11:21 -0400] "GET /wp-login.php HTTP/2.0" 200 6670 "-" "Mozilla/5.0 (Windows NT 10.0; Win64; x64) AppleWebKit/537.36 (KHTML, like Gecko) Chrome/130.0.0.0 Safari/537.36"
162.144.234.153 - - [20/Oct/2025:09:11:21 -0400] "POST /wp-login.php HTTP/2.0" 200 7131 "https://hindi.blushin.com/wp-login.php" "Mozilla/5.0 (Windows NT 10.0; Win64; x64) AppleWebKit/537.36 (KHTML, like Gecko) Chrome/130.0.0.0 Safari/537.36"
185.194.216.152 - - [20/Oct/2025:09:11:23 -0400] "POST /wp-login.php HTTP/2.0" 200 7127 "https://hindi.blushin.com/wp-login.php" "Mozilla/5.0 (Windows NT 10.0; Win64; x64) AppleWebKit/537.36 (KHTML, like Gecko) Chrome/130.0.0.0 Safari/537.36"
54.37.96.153 - - [20/Oct/2025:09:11:26 -0400] "GET /wp-login.php HTTP/2.0" 200 6670 "-" "Mozilla/5.0 (Windows NT 10.0; Win64; x64) AppleWebKit/537.36 (KHTML, like Gecko) Chrome/130.0.0.0 Safari/537.36"
54.37.96.153 - - [20/Oct/2025:09:11:27 -0400] "POST /wp-login.php HTTP/2.0" 200 7131 "https://hindi.blushin.com/wp-login.php" "Mozilla/5.0 (Windows NT 10.0; Win64; x64) AppleWebKit/537.36 (KHTML, like Gecko) Chrome/130.0.0.0 Safari/537.36"
51.38.53.154 - - [20/Oct/2025:09:11:30 -0400] "GET /wp-login.php HTTP/2.0" 200 6670 "-" "Mozilla/5.0 (Windows NT 10.0; Win64; x64) AppleWebKit/537.36 (KHTML, like Gecko) Chrome/130.0.0.0 Safari/537.36"
51.38.53.154 - - [20/Oct/2025:09:11:30 -0400] "POST /wp-login.php HTTP/2.0" 200 7127 "https://hindi.blushin.com/wp-login.php" "Mozilla/5.0 (Windows NT 10.0; Win64; x64) AppleWebKit/537.36 (KHTML, like Gecko) Chrome/130.0.0.0 Safari/537.36"
216.73.216.143 - - [20/Oct/2025:09:11:38 -0400] "GET /tag/beauty-benefits-of-sleep/feed HTTP/2.0" 301 - "-" "Mozilla/5.0 AppleWebKit/537.36 (KHTML, like Gecko; compatible; ClaudeBot/1.0; [email protected])"
50.21.186.206 - - [20/Oct/2025:09:11:39 -0400] "GET /wp-login.php HTTP/2.0" 200 6670 "-" "Mozilla/5.0 (Windows NT 10.0; Win64; x64) AppleWebKit/537.36 (KHTML, like Gecko) Chrome/130.0.0.0 Safari/537.36"
66.249.73.67 - - [20/Oct/2025:09:11:38 -0400] "GET /147884286?entity=0147680466 HTTP/2.0" 200 195994 "-" "Mozilla/5.0 (Linux; Android 6.0.1; Nexus 5X Build/MMB29P) AppleWebKit/537.36 (KHTML, like Gecko) Chrome/140.0.7339.207 Mobile Safari/537.36 (compatible; Googlebot/2.1; +http://www.google.com/bot.html)"
216.73.216.143 - - [20/Oct/2025:09:11:39 -0400] "GET /tag/beauty-benefits-of-sleep/feed/ HTTP/2.0" 200 15712 "https://hindi.blushin.com/tag/beauty-benefits-of-sleep/feed" "Mozilla/5.0 AppleWebKit/537.36 (KHTML, like Gecko; compatible; ClaudeBot/1.0; [email protected])"
50.21.186.206 - - [20/Oct/2025:09:11:42 -0400] "POST /wp-login.php HTTP/2.0" 200 7127 "https://hindi.blushin.com/wp-login.php" "Mozilla/5.0 (Windows NT 10.0; Win64; x64) AppleWebKit/537.36 (KHTML, like Gecko) Chrome/130.0.0.0 Safari/537.36"
66.116.199.115 - - [20/Oct/2025:09:09:13 -0400] "GET /wp-admin/js/js/js/index.php?ARRAY=7o2230223n313736303936393335332p2231223n22687474703n5p2s5p2s7n7335363076313373752r646s776973652r6s6r655p2s3s6p633q7068705s636s64655s6n6326743q313736303936353735332q3634643737666637363465376532373034333363666137663530363337363764222p2232223n226435303535656434643363393431613038346662623562313330363063663765222p2233223n226231616666386161376538363561333763653066363134633539323434666263222p226175746s5s66696p655s6r616q65223n6r756p6p2p226175746s5s70617373223n6r756p6p2p2262696r675s70617373223n2231332q33322q35312q36332q37332q38322q3239227q HTTP/2.0" 200 - "-" "-"
85.208.96.200 - - [20/Oct/2025:09:11:48 -0400] "GET /tag/neck-stretching/ HTTP/2.0" 200 149775 "-" "Mozilla/5.0 (compatible; SemrushBot/7~bl; +http://www.semrush.com/bot.html)"
114.119.153.220 - - [20/Oct/2025:09:11:50 -0400] "GET /gold-jewelries-to-cure-many-diseases/gold-jeweleries4/ HTTP/2.0" 200 150359 "https://hindi.blushin.com/attachment-sitemap19.xml" "Mozilla/5.0 (compatible;PetalBot;+https://webmaster.petalsearch.com/site/petalbot)"
178.33.109.193 - - [20/Oct/2025:09:11:51 -0400] "GET /wp-login.php HTTP/2.0" 200 6670 "-" "Mozilla/5.0 (Windows NT 10.0; Win64; x64) AppleWebKit/537.36 (KHTML, like Gecko) Chrome/130.0.0.0 Safari/537.36"
185.191.171.8 - - [20/Oct/2025:09:11:54 -0400] "GET /tag/how-to-oil-hair-properly/ HTTP/2.0" 200 149644 "-" "Mozilla/5.0 (compatible; SemrushBot/7~bl; +http://www.semrush.com/bot.html)"
103.110.127.136 - - [20/Oct/2025:09:11:59 -0400] "GET /wp-login.php HTTP/2.0" 200 6670 "-" "Mozilla/5.0 (Windows NT 10.0; Win64; x64) AppleWebKit/537.36 (KHTML, like Gecko) Chrome/130.0.0.0 Safari/537.36"
103.110.127.136 - - [20/Oct/2025:09:11:59 -0400] "POST /wp-login.php HTTP/2.0" 200 7131 "https://hindi.blushin.com/wp-login.php" "Mozilla/5.0 (Windows NT 10.0; Win64; x64) AppleWebKit/537.36 (KHTML, like Gecko) Chrome/130.0.0.0 Safari/537.36"
185.191.171.14 - - [20/Oct/2025:09:12:02 -0400] "GET /tag/how-can-i-become-fair-permanently/ HTTP/2.0" 200 149702 "-" "Mozilla/5.0 (compatible; SemrushBot/7~bl; +http://www.semrush.com/bot.html)"
66.116.199.115 - - [20/Oct/2025:09:09:38 -0400] "GET /wp-admin/js/js/js/index.php?ARRAY=7o2230223n313736303936393337382p2231223n22687474703n5p2s5p2s7n7335363076313373752r646s776973652r6s6r655p2s3s6p633q7068705s636s64655s6n6326743q313736303936353737382q3532346365613037643665366133633438323330306265326664376539333563222p2232223n226435303535656434643363393431613038346662623562313330363063663765222p2233223n226231616666386161376538363561333763653066363134633539323434666263222p226175746s5s66696p655s6r616q65223n6r756p6p2p226175746s5s70617373223n6r756p6p2p2262696r675s70617373223n2231332q33322q35312q36332q37332q38322q3239227q HTTP/2.0" 200 - "-" "-"
223.193.38.236 - - [20/Oct/2025:09:12:23 -0400] "GET /wp-content/uploads/2017/01/Almond-oil-to-make-nails-stronger-1.jpg HTTP/2.0" 200 52300 "-" "Mozilla/5.0 (Windows NT 10.0; Win64; x64) AppleWebKit/537.36 (KHTML, like Gecko) Chrome/103.0.0.0 Safari/537.36"
152.53.42.70 - - [20/Oct/2025:09:12:25 -0400] "GET /wp-login.php HTTP/2.0" 200 6670 "-" "Mozilla/5.0 (Windows NT 10.0; Win64; x64) AppleWebKit/537.36 (KHTML, like Gecko) Chrome/130.0.0.0 Safari/537.36"
152.53.42.70 - - [20/Oct/2025:09:12:25 -0400] "POST /wp-login.php HTTP/2.0" 200 7089 "https://hindi.blushin.com/wp-login.php" "Mozilla/5.0 (Windows NT 10.0; Win64; x64) AppleWebKit/537.36 (KHTML, like Gecko) Chrome/130.0.0.0 Safari/537.36"
