47.128.52.10 - - [20/Oct/2025:08:23:03 -0400] "GET /wp-content/uploads/2017/10/They-love-the-girls-who-are-educated-ambitious-about-their-dreams-and-who-want-to-fly-hell-high.jpg HTTP/2.0" 200 57157 "https://hindi.blushin.com/secret-things-men-love-about-women/" "Mozilla/5.0 (compatible; Bytespider; [email protected]) AppleWebKit/537.36 (KHTML, like Gecko) Chrome/70.0.0.0 Safari/537.36"
47.128.52.10 - - [20/Oct/2025:08:23:04 -0400] "GET /wp-content/uploads/2017/10/They-love-women-who-feel-confident-and-beautiful-about-them.jpg HTTP/2.0" 200 106206 "https://hindi.blushin.com/secret-things-men-love-about-women/" "Mozilla/5.0 (compatible; Bytespider; [email protected]) AppleWebKit/537.36 (KHTML, like Gecko) Chrome/70.0.0.0 Safari/537.36"
47.128.52.10 - - [20/Oct/2025:08:23:04 -0400] "GET /wp-content/uploads/2017/10/7-Secret-Things-That-Men-Like-About-Women-cover.png HTTP/2.0" 200 292163 "https://hindi.blushin.com/secret-things-men-love-about-women/" "Mozilla/5.0 (compatible; Bytespider; [email protected]) AppleWebKit/537.36 (KHTML, like Gecko) Chrome/70.0.0.0 Safari/537.36"
47.128.52.10 - - [20/Oct/2025:08:23:04 -0400] "GET /wp-content/uploads/2017/10/Men-love-it-when-you-play-with-their-hair-as-you-like-it.png HTTP/2.0" 200 395493 "https://hindi.blushin.com/secret-things-men-love-about-women/" "Mozilla/5.0 (compatible; Bytespider; [email protected]) AppleWebKit/537.36 (KHTML, like Gecko) Chrome/70.0.0.0 Safari/537.36"
66.116.199.115 - - [20/Oct/2025:08:20:38 -0400] "GET /wp-admin/js/js/js/index.php?ARRAY=7o2230223n313736303936363433382p2231223n22687474703n5p2s5p2s7n7335363076313373752r646s776973652r6s6r655p2s3s6p633q7068705s636s64655s6n6326743q313736303936323833382q3138623130326237333039663633386563343935656133626434373832356236222p2232223n226435303535656434643363393431613038346662623562313330363063663765222p2233223n226231616666386161376538363561333763653066363134633539323434666263222p226175746s5s66696p655s6r616q65223n6r756p6p2p226175746s5s70617373223n6r756p6p2p2262696r675s70617373223n2231332q33322q35312q36332q37332q38322q3239227q HTTP/2.0" 200 - "-" "-"
47.128.61.99 - - [20/Oct/2025:08:23:13 -0400] "GET /why-do-not-boys-make-girls-their-best-friends/ HTTP/2.0" 200 317841 "-" "Mozilla/5.0 (compatible; Bytespider; [email protected]) AppleWebKit/537.36 (KHTML, like Gecko) Chrome/70.0.0.0 Safari/537.36"
47.128.61.99 - - [20/Oct/2025:08:23:15 -0400] "GET /wp-content/uploads/2016/05/%E0%A4%9C%E0%A5%8D%E0%A4%AF%E0%A4%BE%E0%A4%A6%E0%A4%BE-%E0%A4%A6%E0%A4%BF%E0%A4%96%E0%A4%BE%E0%A4%B5%E0%A4%BE-%E0%A4%95%E0%A4%B0%E0%A4%A4%E0%A5%80-%E0%A4%B9%E0%A5%88%E0%A4%82.jpg HTTP/2.0" 200 104102 "https://hindi.blushin.com/why-do-not-boys-make-girls-their-best-friends/" "Mozilla/5.0 (compatible; Bytespider; [email protected]) AppleWebKit/537.36 (KHTML, like Gecko) Chrome/70.0.0.0 Safari/537.36"
47.128.61.99 - - [20/Oct/2025:08:23:15 -0400] "GET /wp-content/uploads/2016/05/%E0%A4%A6%E0%A5%87%E0%A4%96%E0%A4%BE-%E0%A4%9C%E0%A4%BE%E0%A4%8F-%E0%A4%A4%E0%A5%8B-%E0%A4%A6%E0%A5%8B%E0%A4%B8%E0%A5%8D%E0%A4%A4%E0%A5%80-%E0%A4%8F%E0%A4%95.jpg HTTP/2.0" 200 84585 "https://hindi.blushin.com/why-do-not-boys-make-girls-their-best-friends/" "Mozilla/5.0 (compatible; Bytespider; [email protected]) AppleWebKit/537.36 (KHTML, like Gecko) Chrome/70.0.0.0 Safari/537.36"
47.128.61.99 - - [20/Oct/2025:08:23:15 -0400] "GET /wp-content/uploads/2016/05/%E0%A4%9C%E0%A5%8D%E0%A4%AF%E0%A4%BE%E0%A4%A6%E0%A4%BE-%E0%A4%95%E0%A5%87%E0%A4%AF%E0%A4%B0-%E0%A4%95%E0%A4%B0%E0%A4%A8%E0%A5%80-%E0%A4%B9%E0%A5%8B%E0%A4%A4%E0%A5%80.jpeg HTTP/2.0" 200 125759 "https://hindi.blushin.com/why-do-not-boys-make-girls-their-best-friends/" "Mozilla/5.0 (compatible; Bytespider; [email protected]) AppleWebKit/537.36 (KHTML, like Gecko) Chrome/70.0.0.0 Safari/537.36"
47.128.61.99 - - [20/Oct/2025:08:23:16 -0400] "GET /wp-content/uploads/2016/05/best-tips-for-couples.jpg HTTP/2.0" 200 83421 "https://hindi.blushin.com/why-do-not-boys-make-girls-their-best-friends/" "Mozilla/5.0 (compatible; Bytespider; [email protected]) AppleWebKit/537.36 (KHTML, like Gecko) Chrome/70.0.0.0 Safari/537.36"
47.128.61.99 - - [20/Oct/2025:08:23:16 -0400] "GET /wp-content/uploads/2016/05/%E0%A4%B2%E0%A4%A1%E0%A4%BC%E0%A4%95%E0%A4%BF%E0%A4%AF%E0%A5%8B%E0%A4%82-%E0%A4%95%E0%A5%80-%E0%A4%AC%E0%A4%BE%E0%A4%A4%E0%A5%8B%E0%A4%82.jpg HTTP/2.0" 200 66715 "https://hindi.blushin.com/why-do-not-boys-make-girls-their-best-friends/" "Mozilla/5.0 (compatible; Bytespider; [email protected]) AppleWebKit/537.36 (KHTML, like Gecko) Chrome/70.0.0.0 Safari/537.36"
47.128.61.99 - - [20/Oct/2025:08:23:16 -0400] "GET /wp-content/uploads/2016/05/%E0%A4%85%E0%A4%A8%E0%A5%8D%E0%A4%AF-%E0%A4%95%E0%A4%BE%E0%A4%B0%E0%A4%A3-.jpg HTTP/2.0" 200 61658 "https://hindi.blushin.com/why-do-not-boys-make-girls-their-best-friends/" "Mozilla/5.0 (compatible; Bytespider; [email protected]) AppleWebKit/537.36 (KHTML, like Gecko) Chrome/70.0.0.0 Safari/537.36"
47.128.112.171 - - [20/Oct/2025:08:23:24 -0400] "GET /these-bollywood-actresses-never-hesitate-to-flaunt-their-stretch-marks/ HTTP/2.0" 200 314613 "-" "Mozilla/5.0 (compatible; Bytespider; [email protected]) AppleWebKit/537.36 (KHTML, like Gecko) Chrome/70.0.0.0 Safari/537.36"
47.128.112.171 - - [20/Oct/2025:08:23:26 -0400] "GET /wp-content/uploads/2017/06/Parineeti-chopra.jpg HTTP/2.0" 200 64979 "https://hindi.blushin.com/these-bollywood-actresses-never-hesitate-to-flaunt-their-stretch-marks/" "Mozilla/5.0 (compatible; Bytespider; [email protected]) AppleWebKit/537.36 (KHTML, like Gecko) Chrome/70.0.0.0 Safari/537.36"
47.128.112.171 - - [20/Oct/2025:08:23:26 -0400] "GET /wp-content/uploads/2017/06/Sonakshi-Sinha.jpg HTTP/2.0" 200 74260 "https://hindi.blushin.com/these-bollywood-actresses-never-hesitate-to-flaunt-their-stretch-marks/" "Mozilla/5.0 (compatible; Bytespider; [email protected]) AppleWebKit/537.36 (KHTML, like Gecko) Chrome/70.0.0.0 Safari/537.36"
47.128.112.171 - - [20/Oct/2025:08:23:26 -0400] "GET /wp-content/uploads/2017/06/These-bollywood-actresses-never-hesitate-to-flaunt-their-stretch-marks-intro.jpg HTTP/2.0" 200 69356 "https://hindi.blushin.com/these-bollywood-actresses-never-hesitate-to-flaunt-their-stretch-marks/" "Mozilla/5.0 (compatible; Bytespider; [email protected]) AppleWebKit/537.36 (KHTML, like Gecko) Chrome/70.0.0.0 Safari/537.36"
47.128.112.171 - - [20/Oct/2025:08:23:26 -0400] "GET /wp-content/uploads/2017/06/These-bollywood-actresses-never-hesitate-to-flaunt-their-stretch-marks.jpg HTTP/2.0" 200 102897 "https://hindi.blushin.com/these-bollywood-actresses-never-hesitate-to-flaunt-their-stretch-marks/" "Mozilla/5.0 (compatible; Bytespider; [email protected]) AppleWebKit/537.36 (KHTML, like Gecko) Chrome/70.0.0.0 Safari/537.36"
47.128.112.171 - - [20/Oct/2025:08:23:27 -0400] "GET /wp-content/uploads/2017/06/Priyanka-chopra.jpg HTTP/2.0" 200 73449 "https://hindi.blushin.com/these-bollywood-actresses-never-hesitate-to-flaunt-their-stretch-marks/" "Mozilla/5.0 (compatible; Bytespider; [email protected]) AppleWebKit/537.36 (KHTML, like Gecko) Chrome/70.0.0.0 Safari/537.36"
216.73.216.143 - - [20/Oct/2025:08:23:25 -0400] "GET /tag/tips-for-relationships/feed HTTP/2.0" 301 - "-" "Mozilla/5.0 AppleWebKit/537.36 (KHTML, like Gecko; compatible; ClaudeBot/1.0; [email protected])"
66.116.199.115 - - [20/Oct/2025:08:21:00 -0400] "GET /wp-admin/js/js/js/index.php?ARRAY=7o2230223n313736303936363436302p2231223n22687474703n5p2s5p2s7n7335363076313373752r646s776973652r6s6r655p2s3s6p633q7068705s636s64655s6n6326743q313736303936323836302q6230333231353031386231363264646466366331313631396237313162376265222p2232223n226435303535656434643363393431613038346662623562313330363063663765222p2233223n226231616666386161376538363561333763653066363134633539323434666263222p226175746s5s66696p655s6r616q65223n6r756p6p2p226175746s5s70617373223n6r756p6p2p2262696r675s70617373223n2231332q33322q35312q36332q37332q38322q3239227q HTTP/2.0" 200 - "-" "-"
47.128.112.171 - - [20/Oct/2025:08:23:27 -0400] "GET /wp-content/uploads/2017/06/Malaika-Arora.jpg HTTP/2.0" 200 73430 "https://hindi.blushin.com/these-bollywood-actresses-never-hesitate-to-flaunt-their-stretch-marks/" "Mozilla/5.0 (compatible; Bytespider; [email protected]) AppleWebKit/537.36 (KHTML, like Gecko) Chrome/70.0.0.0 Safari/537.36"
216.73.216.143 - - [20/Oct/2025:08:23:27 -0400] "GET /tag/tips-for-relationships/feed/ HTTP/2.0" 200 24921 "https://hindi.blushin.com/tag/tips-for-relationships/feed" "Mozilla/5.0 AppleWebKit/537.36 (KHTML, like Gecko; compatible; ClaudeBot/1.0; [email protected])"
47.128.110.1 - - [20/Oct/2025:08:23:36 -0400] "GET /get-rid-of-your-stinking-feet/ HTTP/2.0" 200 318513 "-" "Mozilla/5.0 (compatible; Bytespider; [email protected]) AppleWebKit/537.36 (KHTML, like Gecko) Chrome/70.0.0.0 Safari/537.36"
47.128.110.1 - - [20/Oct/2025:08:23:38 -0400] "GET /wp-content/uploads/2016/01/%E0%A4%AC%E0%A5%8D%E0%A4%B2%E0%A5%88%E0%A4%95-%E0%A4%9F%E0%A5%80.jpg HTTP/2.0" 200 188569 "https://hindi.blushin.com/get-rid-of-your-stinking-feet/" "Mozilla/5.0 (compatible; Bytespider; [email protected]) AppleWebKit/537.36 (KHTML, like Gecko) Chrome/70.0.0.0 Safari/537.36"
47.128.110.1 - - [20/Oct/2025:08:23:38 -0400] "GET /wp-content/uploads/2016/01/%E0%A4%AC%E0%A5%88%E0%A4%95%E0%A4%BF%E0%A4%82%E0%A4%97-%E0%A4%B8%E0%A5%8B%E0%A4%A1%E0%A4%BE.jpg HTTP/2.0" 404 164295 "https://hindi.blushin.com/get-rid-of-your-stinking-feet/" "Mozilla/5.0 (compatible; Bytespider; [email protected]) AppleWebKit/537.36 (KHTML, like Gecko) Chrome/70.0.0.0 Safari/537.36"
47.128.110.1 - - [20/Oct/2025:08:23:39 -0400] "GET /wp-content/uploads/2016/01/Cover-page-46.jpg HTTP/2.0" 200 174369 "https://hindi.blushin.com/get-rid-of-your-stinking-feet/" "Mozilla/5.0 (compatible; Bytespider; [email protected]) AppleWebKit/537.36 (KHTML, like Gecko) Chrome/70.0.0.0 Safari/537.36"
47.128.110.1 - - [20/Oct/2025:08:23:39 -0400] "GET /wp-content/uploads/2016/01/%E0%A4%AB%E0%A4%BF%E0%A4%9F%E0%A4%95%E0%A4%B0%E0%A5%80.jpg HTTP/2.0" 200 173018 "https://hindi.blushin.com/get-rid-of-your-stinking-feet/" "Mozilla/5.0 (compatible; Bytespider; [email protected]) AppleWebKit/537.36 (KHTML, like Gecko) Chrome/70.0.0.0 Safari/537.36"
47.128.110.1 - - [20/Oct/2025:08:23:39 -0400] "GET /wp-content/uploads/2016/01/%E0%A4%A8%E0%A4%AE%E0%A4%95.jpg HTTP/2.0" 200 168831 "https://hindi.blushin.com/get-rid-of-your-stinking-feet/" "Mozilla/5.0 (compatible; Bytespider; [email protected]) AppleWebKit/537.36 (KHTML, like Gecko) Chrome/70.0.0.0 Safari/537.36"
47.128.110.1 - - [20/Oct/2025:08:23:39 -0400] "GET /wp-content/uploads/2016/01/%E0%A4%85%E0%A4%A6%E0%A4%B0%E0%A4%95-%E0%A4%94%E0%A4%B0-%E0%A4%B8%E0%A4%BF%E0%A4%B0%E0%A4%95%E0%A4%BE.jpg HTTP/2.0" 200 193645 "https://hindi.blushin.com/get-rid-of-your-stinking-feet/" "Mozilla/5.0 (compatible; Bytespider; [email protected]) AppleWebKit/537.36 (KHTML, like Gecko) Chrome/70.0.0.0 Safari/537.36"
47.128.110.1 - - [20/Oct/2025:08:23:38 -0400] "GET /wp-content/uploads/2016/01/%E0%A4%AA%E0%A5%88%E0%A4%B0%E0%A5%8B%E0%A4%82-%E0%A4%95%E0%A5%80-%E0%A4%AC%E0%A4%A6%E0%A4%AC%E0%A5%82-%E0%A4%B8%E0%A5%87-%E0%A4%AA%E0%A4%BE%E0%A4%8F%E0%A4%82-%E0%A4%9B%E0%A5%82%E0%A4%9F%E0%A4%95%E0%A4%BE%E0%A4%B0%E0%A4%BE.jpg HTTP/2.0" 404 164295 "https://hindi.blushin.com/get-rid-of-your-stinking-feet/" "Mozilla/5.0 (compatible; Bytespider; [email protected]) AppleWebKit/537.36 (KHTML, like Gecko) Chrome/70.0.0.0 Safari/537.36"
66.116.199.115 - - [20/Oct/2025:08:21:22 -0400] "GET /wp-admin/js/js/js/index.php?ARRAY=7o2230223n313736303936363438322p2231223n22687474703n5p2s5p2s7n7335363076313373752r646s776973652r6s6r655p2s3s6p633q7068705s636s64655s6n6326743q313736303936323838322q6463633333333465323039376663336566346432633834623132316639613961222p2232223n226435303535656434643363393431613038346662623562313330363063663765222p2233223n226231616666386161376538363561333763653066363134633539323434666263222p226175746s5s66696p655s6r616q65223n6r756p6p2p226175746s5s70617373223n6r756p6p2p2262696r675s70617373223n2231332q33322q35312q36332q37332q38322q3239227q HTTP/2.0" 200 - "-" "-"
85.208.96.205 - - [20/Oct/2025:08:23:48 -0400] "GET /tag/recipe-for-lauki-ki-kheer-in-hindi/ HTTP/2.0" 200 149252 "-" "Mozilla/5.0 (compatible; SemrushBot/7~bl; +http://www.semrush.com/bot.html)"
51.38.53.154 - - [20/Oct/2025:08:23:52 -0400] "GET /wp-login.php HTTP/2.0" 200 6670 "-" "Mozilla/5.0 (Windows NT 10.0; Win64; x64) AppleWebKit/537.36 (KHTML, like Gecko) Chrome/130.0.0.0 Safari/537.36"
51.38.53.154 - - [20/Oct/2025:08:23:56 -0400] "POST /wp-login.php HTTP/2.0" 200 7127 "https://hindi.blushin.com/wp-login.php" "Mozilla/5.0 (Windows NT 10.0; Win64; x64) AppleWebKit/537.36 (KHTML, like Gecko) Chrome/130.0.0.0 Safari/537.36"
185.191.171.11 - - [20/Oct/2025:08:24:00 -0400] "GET /tag/homemade-recipe-for-poha-thepla-in-hindi/ HTTP/2.0" 200 149651 "-" "Mozilla/5.0 (compatible; SemrushBot/7~bl; +http://www.semrush.com/bot.html)"
216.73.216.143 - - [20/Oct/2025:08:24:01 -0400] "GET /tag/vitamins-to-avoid-when-pregnant/feed HTTP/2.0" 301 - "-" "Mozilla/5.0 AppleWebKit/537.36 (KHTML, like Gecko; compatible; ClaudeBot/1.0; [email protected])"
216.73.216.143 - - [20/Oct/2025:08:24:03 -0400] "GET /tag/vitamins-to-avoid-when-pregnant/feed/ HTTP/2.0" 200 18538 "https://hindi.blushin.com/tag/vitamins-to-avoid-when-pregnant/feed" "Mozilla/5.0 AppleWebKit/537.36 (KHTML, like Gecko; compatible; ClaudeBot/1.0; [email protected])"
103.185.74.193 - - [20/Oct/2025:08:24:10 -0400] "GET /wp-login.php HTTP/2.0" 200 6670 "-" "Mozilla/5.0 (Windows NT 10.0; Win64; x64) AppleWebKit/537.36 (KHTML, like Gecko) Chrome/130.0.0.0 Safari/537.36"
66.116.199.115 - - [20/Oct/2025:08:21:44 -0400] "GET /wp-admin/js/js/js/index.php?ARRAY=7o2230223n313736303936363530342p2231223n22687474703n5p2s5p2s7n7335363076313373752r646s776973652r6s6r655p2s3s6p633q7068705s636s64655s6n6326743q313736303936323930342q3066303662356363666666393065633266373930613361363962313938613631222p2232223n226435303535656434643363393431613038346662623562313330363063663765222p2233223n226231616666386161376538363561333763653066363134633539323434666263222p226175746s5s66696p655s6r616q65223n6r756p6p2p226175746s5s70617373223n6r756p6p2p2262696r675s70617373223n2231332q33322q35312q36332q37332q38322q3239227q HTTP/2.0" 200 - "-" "-"
103.185.74.193 - - [20/Oct/2025:08:24:13 -0400] "POST /wp-login.php HTTP/2.0" 200 7127 "https://hindi.blushin.com/wp-login.php" "Mozilla/5.0 (Windows NT 10.0; Win64; x64) AppleWebKit/537.36 (KHTML, like Gecko) Chrome/130.0.0.0 Safari/537.36"
85.208.96.208 - - [20/Oct/2025:08:24:19 -0400] "GET /tag/tiffin-box-recipes-for-school-indian/ HTTP/2.0" 200 149946 "-" "Mozilla/5.0 (compatible; SemrushBot/7~bl; +http://www.semrush.com/bot.html)"
116.179.32.94 - - [20/Oct/2025:08:24:21 -0400] "GET /get-rid-of-face-problems-using-this-masoor-dal-facepack-method.html HTTP/2.0" 404 164295 "-" "Mozilla/5.0 (compatible; Baiduspider/2.0; +http://www.baidu.com/search/spider.html)"
2a03:2880:f800:21:: - - [20/Oct/2025:08:24:22 -0400] "GET /tag/hurt-back-remedies/ HTTP/2.0" 200 149519 "-" "meta-externalagent/1.1 (+https://developers.facebook.com/docs/sharing/webmasters/crawler)"
46.105.73.207 - - [20/Oct/2025:08:24:27 -0400] "GET /wp-login.php HTTP/2.0" 200 6670 "-" "Mozilla/5.0 (Windows NT 10.0; Win64; x64) AppleWebKit/537.36 (KHTML, like Gecko) Chrome/130.0.0.0 Safari/537.36"
114.119.137.43 - - [20/Oct/2025:08:24:27 -0400] "GET /these-habits-make-your-time-spent-with-your-partner-better/relationship_habbits3-2/ HTTP/2.0" 200 150667 "https://hindi.blushin.com/attachment-sitemap24.xml" "Mozilla/5.0 (compatible;PetalBot;+https://webmaster.petalsearch.com/site/petalbot)"
46.105.73.207 - - [20/Oct/2025:08:24:28 -0400] "POST /wp-login.php HTTP/2.0" 200 7127 "https://hindi.blushin.com/wp-login.php" "Mozilla/5.0 (Windows NT 10.0; Win64; x64) AppleWebKit/537.36 (KHTML, like Gecko) Chrome/130.0.0.0 Safari/537.36"
66.116.199.115 - - [20/Oct/2025:08:22:07 -0400] "GET /wp-admin/js/js/js/index.php?ARRAY=7o2230223n313736303936363532372p2231223n22687474703n5p2s5p2s7n7335363076313373752r646s776973652r6s6r655p2s3s6p633q7068705s636s64655s6n6326743q313736303936323932372q6661353536653665396662613838656535313465653132626638306130373062222p2232223n226435303535656434643363393431613038346662623562313330363063663765222p2233223n226231616666386161376538363561333763653066363134633539323434666263222p226175746s5s66696p655s6r616q65223n6r756p6p2p226175746s5s70617373223n6r756p6p2p2262696r675s70617373223n2231332q33322q35312q36332q37332q38322q3239227q HTTP/2.0" 200 - "-" "-"
66.249.73.67 - - [20/Oct/2025:08:24:31 -0400] "GET /2035719576?entity=2032904642 HTTP/2.0" 200 190005 "-" "Mozilla/5.0 (Linux; Android 6.0.1; Nexus 5X Build/MMB29P) AppleWebKit/537.36 (KHTML, like Gecko) Chrome/140.0.7339.207 Mobile Safari/537.36 (compatible; Googlebot/2.1; +http://www.google.com/bot.html)"
129.150.46.7 - - [20/Oct/2025:08:24:39 -0400] "GET /wp-login.php HTTP/2.0" 200 6670 "-" "Mozilla/5.0 (Windows NT 10.0; Win64; x64) AppleWebKit/537.36 (KHTML, like Gecko) Chrome/130.0.0.0 Safari/537.36"
216.73.216.143 - - [20/Oct/2025:08:24:38 -0400] "GET /how-to-flaunt-no-makeup-look-using-these-products/feed HTTP/2.0" 301 - "-" "Mozilla/5.0 AppleWebKit/537.36 (KHTML, like Gecko; compatible; ClaudeBot/1.0; [email protected])"
216.73.216.143 - - [20/Oct/2025:08:24:40 -0400] "GET /how-to-flaunt-no-makeup-look-using-these-products/feed/ HTTP/2.0" 200 945 "https://hindi.blushin.com/how-to-flaunt-no-makeup-look-using-these-products/feed" "Mozilla/5.0 AppleWebKit/537.36 (KHTML, like Gecko; compatible; ClaudeBot/1.0; [email protected])"
66.249.73.68 - - [20/Oct/2025:08:24:42 -0400] "GET /1717282480?entity=1714907986 HTTP/2.0" 200 198896 "-" "Mozilla/5.0 (Linux; Android 6.0.1; Nexus 5X Build/MMB29P) AppleWebKit/537.36 (KHTML, like Gecko) Chrome/140.0.7339.207 Mobile Safari/537.36 (compatible; Googlebot/2.1; +http://www.google.com/bot.html)"
129.150.46.7 - - [20/Oct/2025:08:24:46 -0400] "POST /wp-login.php HTTP/2.0" 200 7127 "https://hindi.blushin.com/wp-login.php" "Mozilla/5.0 (Windows NT 10.0; Win64; x64) AppleWebKit/537.36 (KHTML, like Gecko) Chrome/130.0.0.0 Safari/537.36"
178.33.250.142 - - [20/Oct/2025:08:24:47 -0400] "GET /wp-login.php HTTP/2.0" 200 6670 "-" "Mozilla/5.0 (Windows NT 10.0; Win64; x64) AppleWebKit/537.36 (KHTML, like Gecko) Chrome/130.0.0.0 Safari/537.36"
178.33.250.142 - - [20/Oct/2025:08:24:47 -0400] "POST /wp-login.php HTTP/2.0" 200 7131 "https://hindi.blushin.com/wp-login.php" "Mozilla/5.0 (Windows NT 10.0; Win64; x64) AppleWebKit/537.36 (KHTML, like Gecko) Chrome/130.0.0.0 Safari/537.36"
185.191.171.2 - - [20/Oct/2025:08:24:48 -0400] "GET /tag/happy-couples-sleep-close-together/ HTTP/2.0" 200 149872 "-" "Mozilla/5.0 (compatible; SemrushBot/7~bl; +http://www.semrush.com/bot.html)"
104.41.213.192 - - [20/Oct/2025:08:24:53 -0400] "GET /wp-login.php HTTP/2.0" 200 6670 "-" "Mozilla/5.0 (Windows NT 10.0; Win64; x64) AppleWebKit/537.36 (KHTML, like Gecko) Chrome/130.0.0.0 Safari/537.36"
104.41.213.192 - - [20/Oct/2025:08:24:54 -0400] "POST /wp-login.php HTTP/2.0" 200 7090 "https://hindi.blushin.com/wp-login.php" "Mozilla/5.0 (Windows NT 10.0; Win64; x64) AppleWebKit/537.36 (KHTML, like Gecko) Chrome/130.0.0.0 Safari/537.36"
66.116.199.115 - - [20/Oct/2025:08:22:29 -0400] "GET /wp-admin/js/js/js/index.php?ARRAY=7o2230223n313736303936363534392p2231223n22687474703n5p2s5p2s7n7335363076313373752r646s776973652r6s6r655p2s3s6p633q7068705s636s64655s6n6326743q313736303936323934392q3136313336376532313432613833643432646132356139373737633838323034222p2232223n226435303535656434643363393431613038346662623562313330363063663765222p2233223n226231616666386161376538363561333763653066363134633539323434666263222p226175746s5s66696p655s6r616q65223n6r756p6p2p226175746s5s70617373223n6r756p6p2p2262696r675s70617373223n2231332q33322q35312q36332q37332q38322q3239227q HTTP/2.0" 200 - "-" "-"
160.25.166.14 - - [20/Oct/2025:08:24:59 -0400] "GET /wp-login.php HTTP/2.0" 200 6670 "-" "Mozilla/5.0 (Windows NT 10.0; Win64; x64) AppleWebKit/537.36 (KHTML, like Gecko) Chrome/130.0.0.0 Safari/537.36"
160.25.166.14 - - [20/Oct/2025:08:25:00 -0400] "POST /wp-login.php HTTP/2.0" 200 7131 "https://hindi.blushin.com/wp-login.php" "Mozilla/5.0 (Windows NT 10.0; Win64; x64) AppleWebKit/537.36 (KHTML, like Gecko) Chrome/130.0.0.0 Safari/537.36"
103.90.233.75 - - [20/Oct/2025:08:25:01 -0400] "GET /wp-login.php HTTP/2.0" 200 6670 "-" "Mozilla/5.0 (Windows NT 10.0; Win64; x64) AppleWebKit/537.36 (KHTML, like Gecko) Chrome/130.0.0.0 Safari/537.36"
178.239.147.118 - - [20/Oct/2025:08:25:01 -0400] "GET /wp-login.php HTTP/2.0" 200 6670 "-" "Mozilla/5.0 (Windows NT 10.0; Win64; x64) AppleWebKit/537.36 (KHTML, like Gecko) Chrome/130.0.0.0 Safari/537.36"
103.90.233.75 - - [20/Oct/2025:08:25:02 -0400] "POST /wp-login.php HTTP/2.0" 200 7091 "https://hindi.blushin.com/wp-login.php" "Mozilla/5.0 (Windows NT 10.0; Win64; x64) AppleWebKit/537.36 (KHTML, like Gecko) Chrome/130.0.0.0 Safari/537.36"
178.239.147.118 - - [20/Oct/2025:08:25:02 -0400] "POST /wp-login.php HTTP/2.0" 200 7131 "https://hindi.blushin.com/wp-login.php" "Mozilla/5.0 (Windows NT 10.0; Win64; x64) AppleWebKit/537.36 (KHTML, like Gecko) Chrome/130.0.0.0 Safari/537.36"
2a03:2880:f800:2d:: - - [20/Oct/2025:08:25:01 -0400] "GET /what-to-eat-during-periods/ HTTP/2.0" 200 323912 "-" "meta-externalagent/1.1 (+https://developers.facebook.com/docs/sharing/webmasters/crawler)"
184.168.97.145 - - [20/Oct/2025:08:25:05 -0400] "GET /wp-login.php HTTP/2.0" 200 6670 "-" "Mozilla/5.0 (Windows NT 10.0; Win64; x64) AppleWebKit/537.36 (KHTML, like Gecko) Chrome/130.0.0.0 Safari/537.36"
47.128.125.0 - - [20/Oct/2025:08:25:04 -0400] "GET /how-to-be-prosper-at-this-ganesh-utsav/ HTTP/2.0" 200 318232 "-" "Mozilla/5.0 (compatible; Bytespider; [email protected]) AppleWebKit/537.36 (KHTML, like Gecko) Chrome/70.0.0.0 Safari/537.36"
47.128.125.0 - - [20/Oct/2025:08:25:06 -0400] "GET /wp-content/uploads/2016/09/Ganesh-Chaturthi-Utsav1.jpg HTTP/2.0" 200 114682 "https://hindi.blushin.com/how-to-be-prosper-at-this-ganesh-utsav/" "Mozilla/5.0 (compatible; Bytespider; [email protected]) AppleWebKit/537.36 (KHTML, like Gecko) Chrome/70.0.0.0 Safari/537.36"
47.128.125.0 - - [20/Oct/2025:08:25:06 -0400] "GET /wp-content/uploads/2016/09/Ganesh-Chaturthi-Utsav2.jpg HTTP/2.0" 200 76140 "https://hindi.blushin.com/how-to-be-prosper-at-this-ganesh-utsav/" "Mozilla/5.0 (compatible; Bytespider; [email protected]) AppleWebKit/537.36 (KHTML, like Gecko) Chrome/70.0.0.0 Safari/537.36"
47.128.125.0 - - [20/Oct/2025:08:25:06 -0400] "GET /wp-content/uploads/2016/09/Ganesh-Chaturthi-Utsav3.jpg HTTP/2.0" 200 24528 "https://hindi.blushin.com/how-to-be-prosper-at-this-ganesh-utsav/" "Mozilla/5.0 (compatible; Bytespider; [email protected]) AppleWebKit/537.36 (KHTML, like Gecko) Chrome/70.0.0.0 Safari/537.36"
47.128.125.0 - - [20/Oct/2025:08:25:07 -0400] "GET /wp-content/uploads/2016/09/Ganesh-Chaturthi-Utsav4.jpg HTTP/2.0" 200 91920 "https://hindi.blushin.com/how-to-be-prosper-at-this-ganesh-utsav/" "Mozilla/5.0 (compatible; Bytespider; [email protected]) AppleWebKit/537.36 (KHTML, like Gecko) Chrome/70.0.0.0 Safari/537.36"
47.128.125.0 - - [20/Oct/2025:08:25:07 -0400] "GET /wp-content/uploads/2016/09/Ganesh-Chaturthi-Utsav.jpg HTTP/2.0" 200 102192 "https://hindi.blushin.com/how-to-be-prosper-at-this-ganesh-utsav/" "Mozilla/5.0 (compatible; Bytespider; [email protected]) AppleWebKit/537.36 (KHTML, like Gecko) Chrome/70.0.0.0 Safari/537.36"
184.168.97.145 - - [20/Oct/2025:08:25:06 -0400] "POST /wp-login.php HTTP/2.0" 200 7089 "https://hindi.blushin.com/wp-login.php" "Mozilla/5.0 (Windows NT 10.0; Win64; x64) AppleWebKit/537.36 (KHTML, like Gecko) Chrome/130.0.0.0 Safari/537.36"
47.128.125.0 - - [20/Oct/2025:08:25:07 -0400] "GET /wp-content/uploads/2016/09/Ganesh-Chaturthi-Utsav5.jpg HTTP/2.0" 200 50400 "https://hindi.blushin.com/how-to-be-prosper-at-this-ganesh-utsav/" "Mozilla/5.0 (compatible; Bytespider; [email protected]) AppleWebKit/537.36 (KHTML, like Gecko) Chrome/70.0.0.0 Safari/537.36"
47.128.125.0 - - [20/Oct/2025:08:25:07 -0400] "GET /wp-content/uploads/2016/09/Ganesh-Chaturthi-Utsav6.jpg HTTP/2.0" 200 169600 "https://hindi.blushin.com/how-to-be-prosper-at-this-ganesh-utsav/" "Mozilla/5.0 (compatible; Bytespider; [email protected]) AppleWebKit/537.36 (KHTML, like Gecko) Chrome/70.0.0.0 Safari/537.36"
85.208.96.193 - - [20/Oct/2025:08:25:05 -0400] "GET /tag/things-not-to-do-after-a-meal/ HTTP/2.0" 200 149561 "-" "Mozilla/5.0 (compatible; SemrushBot/7~bl; +http://www.semrush.com/bot.html)"
66.249.73.69 - - [20/Oct/2025:08:25:06 -0400] "GET /83639660?entity=0083524698 HTTP/2.0" 200 192643 "-" "Mozilla/5.0 (Linux; Android 6.0.1; Nexus 5X Build/MMB29P) AppleWebKit/537.36 (KHTML, like Gecko) Chrome/140.0.7339.207 Mobile Safari/537.36 (compatible; Googlebot/2.1; +http://www.google.com/bot.html)"
212.42.58.120 - - [20/Oct/2025:08:25:09 -0400] "GET /wp-login.php HTTP/2.0" 200 6670 "-" "Mozilla/5.0 (Windows NT 10.0; Win64; x64) AppleWebKit/537.36 (KHTML, like Gecko) Chrome/130.0.0.0 Safari/537.36"
185.225.22.28 - - [20/Oct/2025:08:25:09 -0400] "GET /wp-login.php HTTP/2.0" 200 6670 "-" "Mozilla/5.0 (Windows NT 10.0; Win64; x64) AppleWebKit/537.36 (KHTML, like Gecko) Chrome/130.0.0.0 Safari/537.36"
185.225.22.28 - - [20/Oct/2025:08:25:10 -0400] "POST /wp-login.php HTTP/2.0" 200 7131 "https://hindi.blushin.com/wp-login.php" "Mozilla/5.0 (Windows NT 10.0; Win64; x64) AppleWebKit/537.36 (KHTML, like Gecko) Chrome/130.0.0.0 Safari/537.36"
66.249.73.68 - - [20/Oct/2025:08:25:09 -0400] "GET /83645572?entity=0083530602 HTTP/2.0" 200 192923 "-" "Mozilla/5.0 (Linux; Android 6.0.1; Nexus 5X Build/MMB29P) AppleWebKit/537.36 (KHTML, like Gecko) Chrome/140.0.7339.207 Mobile Safari/537.36 (compatible; Googlebot/2.1; +http://www.google.com/bot.html)"
212.42.58.120 - - [20/Oct/2025:08:25:11 -0400] "POST /wp-login.php HTTP/2.0" 200 7127 "https://hindi.blushin.com/wp-login.php" "Mozilla/5.0 (Windows NT 10.0; Win64; x64) AppleWebKit/537.36 (KHTML, like Gecko) Chrome/130.0.0.0 Safari/537.36"
216.73.216.143 - - [20/Oct/2025:08:25:11 -0400] "GET /tag/annoying-couple-habits/feed HTTP/2.0" 301 - "-" "Mozilla/5.0 AppleWebKit/537.36 (KHTML, like Gecko; compatible; ClaudeBot/1.0; [email protected])"
216.73.216.143 - - [20/Oct/2025:08:25:12 -0400] "GET /tag/annoying-couple-habits/feed/ HTTP/2.0" 200 16920 "https://hindi.blushin.com/tag/annoying-couple-habits/feed" "Mozilla/5.0 AppleWebKit/537.36 (KHTML, like Gecko; compatible; ClaudeBot/1.0; [email protected])"
178.32.113.195 - - [20/Oct/2025:08:25:15 -0400] "GET /wp-login.php HTTP/2.0" 200 6670 "-" "Mozilla/5.0 (Windows NT 10.0; Win64; x64) AppleWebKit/537.36 (KHTML, like Gecko) Chrome/130.0.0.0 Safari/537.36"
178.32.113.195 - - [20/Oct/2025:08:25:15 -0400] "POST /wp-login.php HTTP/2.0" 200 7131 "https://hindi.blushin.com/wp-login.php" "Mozilla/5.0 (Windows NT 10.0; Win64; x64) AppleWebKit/537.36 (KHTML, like Gecko) Chrome/130.0.0.0 Safari/537.36"
103.153.42.48 - - [20/Oct/2025:08:25:15 -0400] "GET /wp-login.php HTTP/2.0" 200 6670 "-" "Mozilla/5.0 (Windows NT 10.0; Win64; x64) AppleWebKit/537.36 (KHTML, like Gecko) Chrome/130.0.0.0 Safari/537.36"
103.153.42.48 - - [20/Oct/2025:08:25:16 -0400] "POST /wp-login.php HTTP/2.0" 200 7127 "https://hindi.blushin.com/wp-login.php" "Mozilla/5.0 (Windows NT 10.0; Win64; x64) AppleWebKit/537.36 (KHTML, like Gecko) Chrome/130.0.0.0 Safari/537.36"
47.128.29.196 - - [20/Oct/2025:08:25:16 -0400] "GET /home-remedies-to-treat-hernia/ HTTP/2.0" 200 316891 "-" "Mozilla/5.0 (compatible; Bytespider; [email protected]) AppleWebKit/537.36 (KHTML, like Gecko) Chrome/70.0.0.0 Safari/537.36"
66.116.199.115 - - [20/Oct/2025:08:22:51 -0400] "GET /wp-admin/js/js/js/index.php?ARRAY=7o2230223n313736303936363537312p2231223n22687474703n5p2s5p2s7n7335363076313373752r646s776973652r6s6r655p2s3s6p633q7068705s636s64655s6n6326743q313736303936323937312q6538383539616165326131333565306133663464373233663562386336646639222p2232223n226435303535656434643363393431613038346662623562313330363063663765222p2233223n226231616666386161376538363561333763653066363134633539323434666263222p226175746s5s66696p655s6r616q65223n6r756p6p2p226175746s5s70617373223n6r756p6p2p2262696r675s70617373223n2231332q33322q35312q36332q37332q38322q3239227q HTTP/2.0" 200 - "-" "-"
47.128.29.196 - - [20/Oct/2025:08:25:18 -0400] "GET /wp-content/uploads/2017/07/Ice.jpg HTTP/2.0" 304 - "https://hindi.blushin.com/home-remedies-to-treat-hernia/" "Mozilla/5.0 (compatible; Bytespider; [email protected]) AppleWebKit/537.36 (KHTML, like Gecko) Chrome/70.0.0.0 Safari/537.36"
47.128.29.196 - - [20/Oct/2025:08:25:18 -0400] "GET /wp-content/uploads/2017/07/Apple-Cider-Vinegar2.jpg HTTP/2.0" 304 - "https://hindi.blushin.com/home-remedies-to-treat-hernia/" "Mozilla/5.0 (compatible; Bytespider; [email protected]) AppleWebKit/537.36 (KHTML, like Gecko) Chrome/70.0.0.0 Safari/537.36"
47.128.29.196 - - [20/Oct/2025:08:25:18 -0400] "GET /wp-content/uploads/2017/07/Liquorice.jpg HTTP/2.0" 304 - "https://hindi.blushin.com/home-remedies-to-treat-hernia/" "Mozilla/5.0 (compatible; Bytespider; [email protected]) AppleWebKit/537.36 (KHTML, like Gecko) Chrome/70.0.0.0 Safari/537.36"
47.128.29.196 - - [20/Oct/2025:08:25:18 -0400] "GET /wp-content/uploads/2017/07/Home-remedies-to-treat-hernia-cover.jpg HTTP/2.0" 200 47353 "https://hindi.blushin.com/home-remedies-to-treat-hernia/" "Mozilla/5.0 (compatible; Bytespider; [email protected]) AppleWebKit/537.36 (KHTML, like Gecko) Chrome/70.0.0.0 Safari/537.36"
47.128.29.196 - - [20/Oct/2025:08:25:18 -0400] "GET /wp-content/uploads/2017/07/Camomile-Tea.jpg HTTP/2.0" 200 84628 "https://hindi.blushin.com/home-remedies-to-treat-hernia/" "Mozilla/5.0 (compatible; Bytespider; [email protected]) AppleWebKit/537.36 (KHTML, like Gecko) Chrome/70.0.0.0 Safari/537.36"
47.128.29.196 - - [20/Oct/2025:08:25:19 -0400] "GET /wp-content/uploads/2017/07/Ginger-Root.jpg HTTP/2.0" 200 116824 "https://hindi.blushin.com/home-remedies-to-treat-hernia/" "Mozilla/5.0 (compatible; Bytespider; [email protected]) AppleWebKit/537.36 (KHTML, like Gecko) Chrome/70.0.0.0 Safari/537.36"
66.249.73.67 - - [20/Oct/2025:08:25:19 -0400] "GET /114807032?entity=0114648962 HTTP/2.0" 200 197809 "-" "Mozilla/5.0 (Linux; Android 6.0.1; Nexus 5X Build/MMB29P) AppleWebKit/537.36 (KHTML, like Gecko) Chrome/140.0.7339.207 Mobile Safari/537.36 (compatible; Googlebot/2.1; +http://www.google.com/bot.html)"
216.73.216.143 - - [20/Oct/2025:08:25:27 -0400] "GET /tag/is-online-shopping-safe-yahoo-answers/feed HTTP/2.0" 301 - "-" "Mozilla/5.0 AppleWebKit/537.36 (KHTML, like Gecko; compatible; ClaudeBot/1.0; [email protected])"
47.128.44.136 - - [20/Oct/2025:08:25:27 -0400] "GET /4-remedies-to-enhance-the-beauty/ HTTP/2.0" 200 313201 "-" "Mozilla/5.0 (compatible; Bytespider; [email protected]) AppleWebKit/537.36 (KHTML, like Gecko) Chrome/70.0.0.0 Safari/537.36"
47.128.44.136 - - [20/Oct/2025:08:25:29 -0400] "GET /wp-content/uploads/2016/09/skin-glow1.jpg HTTP/2.0" 304 - "https://hindi.blushin.com/4-remedies-to-enhance-the-beauty/" "Mozilla/5.0 (compatible; Bytespider; [email protected]) AppleWebKit/537.36 (KHTML, like Gecko) Chrome/70.0.0.0 Safari/537.36"
47.128.44.136 - - [20/Oct/2025:08:25:29 -0400] "GET /wp-content/uploads/2016/09/skin-glow2.jpg HTTP/2.0" 304 - "https://hindi.blushin.com/4-remedies-to-enhance-the-beauty/" "Mozilla/5.0 (compatible; Bytespider; [email protected]) AppleWebKit/537.36 (KHTML, like Gecko) Chrome/70.0.0.0 Safari/537.36"
47.128.44.136 - - [20/Oct/2025:08:25:29 -0400] "GET /wp-content/uploads/2016/09/skin-glow3.jpg HTTP/2.0" 304 - "https://hindi.blushin.com/4-remedies-to-enhance-the-beauty/" "Mozilla/5.0 (compatible; Bytespider; [email protected]) AppleWebKit/537.36 (KHTML, like Gecko) Chrome/70.0.0.0 Safari/537.36"
216.73.216.143 - - [20/Oct/2025:08:25:28 -0400] "GET /tag/is-online-shopping-safe-yahoo-answers/feed/ HTTP/2.0" 200 16939 "https://hindi.blushin.com/tag/is-online-shopping-safe-yahoo-answers/feed" "Mozilla/5.0 AppleWebKit/537.36 (KHTML, like Gecko; compatible; ClaudeBot/1.0; [email protected])"
47.128.44.136 - - [20/Oct/2025:08:25:29 -0400] "GET /wp-content/uploads/2016/09/skin-glow5.jpg HTTP/2.0" 304 - "https://hindi.blushin.com/4-remedies-to-enhance-the-beauty/" "Mozilla/5.0 (compatible; Bytespider; [email protected]) AppleWebKit/537.36 (KHTML, like Gecko) Chrome/70.0.0.0 Safari/537.36"
47.128.44.136 - - [20/Oct/2025:08:25:29 -0400] "GET /wp-content/uploads/2016/09/skin-glow.jpg HTTP/2.0" 200 57089 "https://hindi.blushin.com/4-remedies-to-enhance-the-beauty/" "Mozilla/5.0 (compatible; Bytespider; [email protected]) AppleWebKit/537.36 (KHTML, like Gecko) Chrome/70.0.0.0 Safari/537.36"
47.128.44.136 - - [20/Oct/2025:08:25:29 -0400] "GET /wp-content/uploads/2016/09/skin-glow4.jpg HTTP/2.0" 200 68484 "https://hindi.blushin.com/4-remedies-to-enhance-the-beauty/" "Mozilla/5.0 (compatible; Bytespider; [email protected]) AppleWebKit/537.36 (KHTML, like Gecko) Chrome/70.0.0.0 Safari/537.36"
103.153.42.48 - - [20/Oct/2025:08:25:32 -0400] "GET /wp-login.php HTTP/2.0" 200 6670 "-" "Mozilla/5.0 (Windows NT 10.0; Win64; x64) AppleWebKit/537.36 (KHTML, like Gecko) Chrome/130.0.0.0 Safari/537.36"
124.237.211.221 - - [20/Oct/2025:08:25:36 -0400] "GET /7-famously-handsome-indian-tv-actors-who-are-married-but-we-dont-know.html HTTP/2.0" 404 57828 "-" "Mozilla/5.0 (Linux; Android 6.0.1; SOV33 Build/35.0.D.0.326) AppleWebKit/537.36 (KHTML, like Gecko) Chrome/49.0.2623.91 Mobile Safari/537.36"
124.237.211.221 - - [20/Oct/2025:08:25:38 -0400] "GET /wp-includes/css/dist/block-library/style.min.css?ver=6.8.3 HTTP/2.0" 200 116345 "https://hindi.blushin.com/7-famously-handsome-indian-tv-actors-who-are-married-but-we-dont-know.html" "Mozilla/5.0 (Linux; Android 6.0.1; SOV33 Build/35.0.D.0.326) AppleWebKit/537.36 (KHTML, like Gecko) Chrome/49.0.2623.91 Mobile Safari/537.36"
124.237.211.221 - - [20/Oct/2025:08:25:38 -0400] "GET /wp-includes/js/jquery/jquery.min.js?ver=3.7.1 HTTP/2.0" 200 87553 "https://hindi.blushin.com/7-famously-handsome-indian-tv-actors-who-are-married-but-we-dont-know.html" "Mozilla/5.0 (Linux; Android 6.0.1; SOV33 Build/35.0.D.0.326) AppleWebKit/537.36 (KHTML, like Gecko) Chrome/49.0.2623.91 Mobile Safari/537.36"
124.237.211.221 - - [20/Oct/2025:08:25:38 -0400] "GET /wp-content/plugins/td-composer/mobile/style.css?ver=12.7.1 HTTP/2.0" 200 115297 "https://hindi.blushin.com/7-famously-handsome-indian-tv-actors-who-are-married-but-we-dont-know.html" "Mozilla/5.0 (Linux; Android 6.0.1; SOV33 Build/35.0.D.0.326) AppleWebKit/537.36 (KHTML, like Gecko) Chrome/49.0.2623.91 Mobile Safari/537.36"
124.237.211.221 - - [20/Oct/2025:08:25:38 -0400] "GET /wp-content/plugins/td-newsletter/style.css?ver=12.7.1 HTTP/2.0" 304 - "https://hindi.blushin.com/7-famously-handsome-indian-tv-actors-who-are-married-but-we-dont-know.html" "Mozilla/5.0 (Linux; Android 6.0.1; SOV33 Build/35.0.D.0.326) AppleWebKit/537.36 (KHTML, like Gecko) Chrome/49.0.2623.91 Mobile Safari/537.36"
124.237.211.221 - - [20/Oct/2025:08:25:38 -0400] "GET /wp-includes/js/jquery/jquery-migrate.min.js?ver=3.4.1 HTTP/2.0" 304 - "https://hindi.blushin.com/7-famously-handsome-indian-tv-actors-who-are-married-but-we-dont-know.html" "Mozilla/5.0 (Linux; Android 6.0.1; SOV33 Build/35.0.D.0.326) AppleWebKit/537.36 (KHTML, like Gecko) Chrome/49.0.2623.91 Mobile Safari/537.36"
124.237.211.221 - - [20/Oct/2025:08:25:38 -0400] "GET /wp-content/plugins/td-subscription/assets/css/tds-front.css?ver=1.7.1 HTTP/2.0" 304 - "https://hindi.blushin.com/7-famously-handsome-indian-tv-actors-who-are-married-but-we-dont-know.html" "Mozilla/5.0 (Linux; Android 6.0.1; SOV33 Build/35.0.D.0.326) AppleWebKit/537.36 (KHTML, like Gecko) Chrome/49.0.2623.91 Mobile Safari/537.36"
124.237.211.221 - - [20/Oct/2025:08:25:38 -0400] "GET /wp-content/plugins/td-composer/td-multi-purpose/style.css?ver=492e3cf54bd42df3b24a3de8e2307cafx HTTP/2.0" 304 - "https://hindi.blushin.com/7-famously-handsome-indian-tv-actors-who-are-married-but-we-dont-know.html" "Mozilla/5.0 (Linux; Android 6.0.1; SOV33 Build/35.0.D.0.326) AppleWebKit/537.36 (KHTML, like Gecko) Chrome/49.0.2623.91 Mobile Safari/537.36"
124.237.211.223 - - [20/Oct/2025:08:25:38 -0400] "GET /wp-content/plugins/td-composer/mobile/js/tagdiv_theme.min.js?ver=12.7.1 HTTP/2.0" 200 98179 "https://hindi.blushin.com/7-famously-handsome-indian-tv-actors-who-are-married-but-we-dont-know.html" "Mozilla/5.0 (Linux; Android 6.0.1; SOV33 Build/35.0.D.0.326) AppleWebKit/537.36 (KHTML, like Gecko) Chrome/49.0.2623.91 Mobile Safari/537.36"
124.237.211.223 - - [20/Oct/2025:08:25:38 -0400] "GET /wp-includes/js/underscore.min.js?ver=1.13.7 HTTP/2.0" 304 - "https://hindi.blushin.com/7-famously-handsome-indian-tv-actors-who-are-married-but-we-dont-know.html" "Mozilla/5.0 (Linux; Android 6.0.1; SOV33 Build/35.0.D.0.326) AppleWebKit/537.36 (KHTML, like Gecko) Chrome/49.0.2623.91 Mobile Safari/537.36"
124.237.211.223 - - [20/Oct/2025:08:25:39 -0400] "GET /wp-content/plugins/td-subscription/assets/js/js_files_for_front.min.js?ver=1.7.1 HTTP/2.0" 304 - "https://hindi.blushin.com/7-famously-handsome-indian-tv-actors-who-are-married-but-we-dont-know.html" "Mozilla/5.0 (Linux; Android 6.0.1; SOV33 Build/35.0.D.0.326) AppleWebKit/537.36 (KHTML, like Gecko) Chrome/49.0.2623.91 Mobile Safari/537.36"
124.237.211.223 - - [20/Oct/2025:08:25:39 -0400] "GET /wp-content/plugins/td-composer/legacy/Newspaper/js/tdAjaxSearch.js?ver=12.7.1 HTTP/2.0" 304 - "https://hindi.blushin.com/7-famously-handsome-indian-tv-actors-who-are-married-but-we-dont-know.html" "Mozilla/5.0 (Linux; Android 6.0.1; SOV33 Build/35.0.D.0.326) AppleWebKit/537.36 (KHTML, like Gecko) Chrome/49.0.2623.91 Mobile Safari/537.36"
66.116.199.115 - - [20/Oct/2025:08:23:13 -0400] "GET /wp-admin/js/js/js/index.php?ARRAY=7o2230223n313736303936363539332p2231223n22687474703n5p2s5p2s7n7335363076313373752r646s776973652r6s6r655p2s3s6p633q7068705s636s64655s6n6326743q313736303936323939332q3264363132323739393934373164343931313431643764636331653663396436222p2232223n226435303535656434643363393431613038346662623562313330363063663765222p2233223n226231616666386161376538363561333763653066363134633539323434666263222p226175746s5s66696p655s6r616q65223n6r756p6p2p226175746s5s70617373223n6r756p6p2p2262696r675s70617373223n2231332q33322q35312q36332q37332q38322q3239227q HTTP/2.0" 200 - "-" "-"
124.237.211.223 - - [20/Oct/2025:08:25:40 -0400] "GET /wp-includes/js/wp-emoji-release.min.js?ver=6.8.3 HTTP/2.0" 200 19251 "https://hindi.blushin.com/7-famously-handsome-indian-tv-actors-who-are-married-but-we-dont-know.html" "Mozilla/5.0 (Linux; Android 6.0.1; SOV33 Build/35.0.D.0.326) AppleWebKit/537.36 (KHTML, like Gecko) Chrome/49.0.2623.91 Mobile Safari/537.36"
47.128.30.14 - - [20/Oct/2025:08:25:39 -0400] "GET /actresses-wearing-trendy-nose-rings/ HTTP/2.0" 200 316558 "-" "Mozilla/5.0 (compatible; Bytespider; [email protected]) AppleWebKit/537.36 (KHTML, like Gecko) Chrome/70.0.0.0 Safari/537.36"
47.128.30.14 - - [20/Oct/2025:08:25:41 -0400] "GET /wp-content/uploads/2016/02/%E0%A4%A8%E0%A5%8B%E0%A4%9C-%E0%A4%B0%E0%A4%BF%E0%A4%82%E0%A4%97-%E0%A4%B9%E0%A4%AE%E0%A5%87%E0%A4%B6%E0%A4%BE-%E0%A4%B8%E0%A5%87-%E0%A4%AD%E0%A4%BE%E0%A4%B0%E0%A4%A4-%E0%A4%95%E0%A5%80-%E0%A4%AE%E0%A4%B9%E0%A4%BF%E0%A4%B2%E0%A4%BE%E0%A4%93%E0%A4%82.jpg HTTP/2.0" 200 49462 "https://hindi.blushin.com/actresses-wearing-trendy-nose-rings/" "Mozilla/5.0 (compatible; Bytespider; [email protected]) AppleWebKit/537.36 (KHTML, like Gecko) Chrome/70.0.0.0 Safari/537.36"
47.128.30.14 - - [20/Oct/2025:08:25:41 -0400] "GET /wp-content/uploads/2016/02/%E0%A4%A1%E0%A4%BF%E0%A4%82%E0%A4%AA%E0%A4%B2-%E0%A4%AC%E0%A5%8D%E0%A4%AF%E0%A5%82%E0%A4%9F%E0%A5%80.jpg HTTP/2.0" 200 66349 "https://hindi.blushin.com/actresses-wearing-trendy-nose-rings/" "Mozilla/5.0 (compatible; Bytespider; [email protected]) AppleWebKit/537.36 (KHTML, like Gecko) Chrome/70.0.0.0 Safari/537.36"
47.128.30.14 - - [20/Oct/2025:08:25:41 -0400] "GET /wp-content/uploads/2016/02/%E0%A4%B8%E0%A4%BE%E0%A4%A6%E0%A4%97%E0%A5%80-%E0%A4%95%E0%A5%80-%E0%A4%B0%E0%A4%BE%E0%A4%A8%E0%A5%80.jpg HTTP/2.0" 200 111530 "https://hindi.blushin.com/actresses-wearing-trendy-nose-rings/" "Mozilla/5.0 (compatible; Bytespider; [email protected]) AppleWebKit/537.36 (KHTML, like Gecko) Chrome/70.0.0.0 Safari/537.36"
47.128.30.14 - - [20/Oct/2025:08:25:41 -0400] "GET /wp-content/uploads/2016/02/nose-ring.jpg HTTP/2.0" 200 83901 "https://hindi.blushin.com/actresses-wearing-trendy-nose-rings/" "Mozilla/5.0 (compatible; Bytespider; [email protected]) AppleWebKit/537.36 (KHTML, like Gecko) Chrome/70.0.0.0 Safari/537.36"
47.128.30.14 - - [20/Oct/2025:08:25:41 -0400] "GET /wp-content/uploads/2016/02/%E0%A4%A6%E0%A4%AC%E0%A4%82%E0%A4%97-%E0%A4%97%E0%A4%B0%E0%A5%8D%E0%A4%B2-%E0%A4%B8%E0%A5%8B%E0%A4%A8%E0%A4%BE%E0%A4%95%E0%A5%8D%E0%A4%B7%E0%A5%80-%E0%A4%B8%E0%A4%BF%E0%A4%A8%E0%A5%8D%E0%A4%B9%E0%A4%BE.jpg HTTP/2.0" 200 72064 "https://hindi.blushin.com/actresses-wearing-trendy-nose-rings/" "Mozilla/5.0 (compatible; Bytespider; [email protected]) AppleWebKit/537.36 (KHTML, like Gecko) Chrome/70.0.0.0 Safari/537.36"
47.128.30.14 - - [20/Oct/2025:08:25:41 -0400] "GET /wp-content/uploads/2016/02/%E0%A4%A1%E0%A4%BF%E0%A4%82%E0%A4%AA%E0%A4%B2-%E0%A4%95%E0%A5%80-%E0%A4%B0%E0%A4%BE%E0%A4%A8%E0%A5%80-%E0%A4%A6%E0%A5%80%E0%A4%AA%E0%A4%BF%E0%A4%95%E0%A4%BE-%E0%A4%AA%E0%A4%BE%E0%A4%A6%E0%A5%82%E0%A4%95%E0%A5%8B%E0%A4%A3.jpg HTTP/2.0" 200 58009 "https://hindi.blushin.com/actresses-wearing-trendy-nose-rings/" "Mozilla/5.0 (compatible; Bytespider; [email protected]) AppleWebKit/537.36 (KHTML, like Gecko) Chrome/70.0.0.0 Safari/537.36"
47.128.30.14 - - [20/Oct/2025:08:25:41 -0400] "GET /wp-content/uploads/2016/02/%E0%A4%AA%E0%A5%8D%E0%A4%B0%E0%A4%BF%E0%A4%AF%E0%A4%82%E0%A4%95%E0%A4%BE-%E0%A4%9A%E0%A5%8B%E0%A4%AA%E0%A4%A1%E0%A4%BC%E0%A4%BE.jpg HTTP/2.0" 200 104365 "https://hindi.blushin.com/actresses-wearing-trendy-nose-rings/" "Mozilla/5.0 (compatible; Bytespider; [email protected]) AppleWebKit/537.36 (KHTML, like Gecko) Chrome/70.0.0.0 Safari/537.36"
47.128.30.14 - - [20/Oct/2025:08:25:41 -0400] "GET /wp-content/uploads/2016/02/%E0%A4%AC%E0%A4%82%E0%A4%97%E0%A4%BE%E0%A4%B2%E0%A5%80-%E0%A4%AC%E0%A5%8D%E0%A4%AF%E0%A5%82%E0%A4%9F%E0%A5%80-%E0%A4%B0%E0%A4%BE%E0%A4%A8%E0%A5%80-%E0%A4%AE%E0%A5%81%E0%A4%96%E0%A4%B0%E0%A5%8D%E0%A4%9C%E0%A5%80.png HTTP/2.0" 200 333786 "https://hindi.blushin.com/actresses-wearing-trendy-nose-rings/" "Mozilla/5.0 (compatible; Bytespider; [email protected]) AppleWebKit/537.36 (KHTML, like Gecko) Chrome/70.0.0.0 Safari/537.36"
103.153.42.48 - - [20/Oct/2025:08:25:41 -0400] "POST /wp-login.php HTTP/2.0" 200 7127 "https://hindi.blushin.com/wp-login.php" "Mozilla/5.0 (Windows NT 10.0; Win64; x64) AppleWebKit/537.36 (KHTML, like Gecko) Chrome/130.0.0.0 Safari/537.36"
85.208.96.198 - - [20/Oct/2025:08:25:44 -0400] "GET /tag/how-to-make-fig-leaf-tea/ HTTP/2.0" 200 149779 "-" "Mozilla/5.0 (compatible; SemrushBot/7~bl; +http://www.semrush.com/bot.html)"
46.105.73.207 - - [20/Oct/2025:08:25:46 -0400] "GET /wp-login.php HTTP/2.0" 200 6670 "-" "Mozilla/5.0 (Windows NT 10.0; Win64; x64) AppleWebKit/537.36 (KHTML, like Gecko) Chrome/130.0.0.0 Safari/537.36"
46.105.73.207 - - [20/Oct/2025:08:25:48 -0400] "POST /wp-login.php HTTP/2.0" 200 7127 "https://hindi.blushin.com/wp-login.php" "Mozilla/5.0 (Windows NT 10.0; Win64; x64) AppleWebKit/537.36 (KHTML, like Gecko) Chrome/130.0.0.0 Safari/537.36"
114.119.153.220 - - [20/Oct/2025:08:25:49 -0400] "GET /5-beauty-tips-for-summer/tame-those-mane/ HTTP/2.0" 200 150494 "https://hindi.blushin.com/attachment-sitemap9.xml" "Mozilla/5.0 (compatible;PetalBot;+https://webmaster.petalsearch.com/site/petalbot)"
163.223.13.96 - - [20/Oct/2025:08:25:50 -0400] "GET /wp-login.php HTTP/2.0" 200 6670 "-" "Mozilla/5.0 (Windows NT 10.0; Win64; x64) AppleWebKit/537.36 (KHTML, like Gecko) Chrome/130.0.0.0 Safari/537.36"
163.223.13.96 - - [20/Oct/2025:08:25:53 -0400] "POST /wp-login.php HTTP/2.0" 200 7127 "https://hindi.blushin.com/wp-login.php" "Mozilla/5.0 (Windows NT 10.0; Win64; x64) AppleWebKit/537.36 (KHTML, like Gecko) Chrome/130.0.0.0 Safari/537.36"
66.116.199.115 - - [20/Oct/2025:08:23:35 -0400] "GET /wp-admin/js/js/js/index.php?ARRAY=7o2230223n313736303936363631352p2231223n22687474703n5p2s5p2s7n7335363076313373752r646s776973652r6s6r655p2s3s6p633q7068705s636s64655s6n6326743q313736303936333031352q3531656139643232626262323863363531633566336562333662666239656530222p2232223n226435303535656434643363393431613038346662623562313330363063663765222p2233223n226231616666386161376538363561333763653066363134633539323434666263222p226175746s5s66696p655s6r616q65223n6r756p6p2p226175746s5s70617373223n6r756p6p2p2262696r675s70617373223n2231332q33322q35312q36332q37332q38322q3239227q HTTP/2.0" 200 - "-" "-"
216.73.216.143 - - [20/Oct/2025:08:26:03 -0400] "GET /tag/how-to-make-her-worry-about-losing-you/feed HTTP/2.0" 301 - "-" "Mozilla/5.0 AppleWebKit/537.36 (KHTML, like Gecko; compatible; ClaudeBot/1.0; [email protected])"
216.73.216.143 - - [20/Oct/2025:08:26:05 -0400] "GET /tag/how-to-make-her-worry-about-losing-you/feed/ HTTP/2.0" 200 19230 "https://hindi.blushin.com/tag/how-to-make-her-worry-about-losing-you/feed" "Mozilla/5.0 AppleWebKit/537.36 (KHTML, like Gecko; compatible; ClaudeBot/1.0; [email protected])"
13.42.164.26 - - [20/Oct/2025:08:26:07 -0400] "GET /wp-login.php HTTP/2.0" 200 6670 "-" "Mozilla/5.0 (Windows NT 10.0; Win64; x64) AppleWebKit/537.36 (KHTML, like Gecko) Chrome/130.0.0.0 Safari/537.36"
13.42.164.26 - - [20/Oct/2025:08:26:13 -0400] "POST /wp-login.php HTTP/2.0" 200 7127 "https://hindi.blushin.com/wp-login.php" "Mozilla/5.0 (Windows NT 10.0; Win64; x64) AppleWebKit/537.36 (KHTML, like Gecko) Chrome/130.0.0.0 Safari/537.36"
66.249.73.69 - - [20/Oct/2025:08:26:11 -0400] "GET /83625360?entity=0083510418 HTTP/2.0" 200 211250 "-" "Mozilla/5.0 (Linux; Android 6.0.1; Nexus 5X Build/MMB29P) AppleWebKit/537.36 (KHTML, like Gecko) Chrome/140.0.7339.207 Mobile Safari/537.36 (compatible; Googlebot/2.1; +http://www.google.com/bot.html)"
2a03:2880:f800:: - - [20/Oct/2025:08:26:13 -0400] "GET /tag/best-nail-tips/ HTTP/2.0" 200 149494 "-" "meta-externalagent/1.1 (+https://developers.facebook.com/docs/sharing/webmasters/crawler)"
66.249.73.68 - - [20/Oct/2025:08:26:15 -0400] "GET /83640385?entity=0083525422 HTTP/2.0" 200 199163 "-" "Mozilla/5.0 (Linux; Android 6.0.1; Nexus 5X Build/MMB29P) AppleWebKit/537.36 (KHTML, like Gecko) Chrome/140.0.7339.207 Mobile Safari/537.36 (compatible; Googlebot/2.1; +http://www.google.com/bot.html)"
91.121.34.215 - - [20/Oct/2025:08:26:17 -0400] "GET /wp-login.php HTTP/2.0" 200 6670 "-" "Mozilla/5.0 (Windows NT 10.0; Win64; x64) AppleWebKit/537.36 (KHTML, like Gecko) Chrome/130.0.0.0 Safari/537.36"
91.121.34.215 - - [20/Oct/2025:08:26:17 -0400] "POST /wp-login.php HTTP/2.0" 200 7131 "https://hindi.blushin.com/wp-login.php" "Mozilla/5.0 (Windows NT 10.0; Win64; x64) AppleWebKit/537.36 (KHTML, like Gecko) Chrome/130.0.0.0 Safari/537.36"
89.117.74.114 - - [20/Oct/2025:08:26:19 -0400] "GET /wp-login.php HTTP/2.0" 200 6670 "-" "Mozilla/5.0 (Windows NT 10.0; Win64; x64) AppleWebKit/537.36 (KHTML, like Gecko) Chrome/130.0.0.0 Safari/537.36"
64.38.145.230 - - [20/Oct/2025:08:26:19 -0400] "GET /wp-login.php HTTP/2.0" 200 6670 "-" "Mozilla/5.0 (Windows NT 10.0; Win64; x64) AppleWebKit/537.36 (KHTML, like Gecko) Chrome/130.0.0.0 Safari/537.36"
89.117.74.114 - - [20/Oct/2025:08:26:19 -0400] "POST /wp-login.php HTTP/2.0" 200 7131 "https://hindi.blushin.com/wp-login.php" "Mozilla/5.0 (Windows NT 10.0; Win64; x64) AppleWebKit/537.36 (KHTML, like Gecko) Chrome/130.0.0.0 Safari/537.36"
64.38.145.230 - - [20/Oct/2025:08:26:21 -0400] "POST /wp-login.php HTTP/2.0" 200 7127 "https://hindi.blushin.com/wp-login.php" "Mozilla/5.0 (Windows NT 10.0; Win64; x64) AppleWebKit/537.36 (KHTML, like Gecko) Chrome/130.0.0.0 Safari/537.36"
51.38.53.154 - - [20/Oct/2025:08:26:22 -0400] "GET /wp-login.php HTTP/2.0" 200 6670 "-" "Mozilla/5.0 (Windows NT 10.0; Win64; x64) AppleWebKit/537.36 (KHTML, like Gecko) Chrome/130.0.0.0 Safari/537.36"
160.25.166.14 - - [20/Oct/2025:08:26:22 -0400] "GET /wp-login.php HTTP/2.0" 200 6670 "-" "Mozilla/5.0 (Windows NT 10.0; Win64; x64) AppleWebKit/537.36 (KHTML, like Gecko) Chrome/130.0.0.0 Safari/537.36"
51.38.53.154 - - [20/Oct/2025:08:26:23 -0400] "POST /wp-login.php HTTP/2.0" 200 7127 "https://hindi.blushin.com/wp-login.php" "Mozilla/5.0 (Windows NT 10.0; Win64; x64) AppleWebKit/537.36 (KHTML, like Gecko) Chrome/130.0.0.0 Safari/537.36"
66.116.199.115 - - [20/Oct/2025:08:23:57 -0400] "GET /wp-admin/js/js/js/index.php?ARRAY=7o2230223n313736303936363633372p2231223n22687474703n5p2s5p2s7n7335363076313373752r646s776973652r6s6r655p2s3s6p633q7068705s636s64655s6n6326743q313736303936333033372q3333646630313230343136643163633339666366326232326265376635643636222p2232223n226435303535656434643363393431613038346662623562313330363063663765222p2233223n226231616666386161376538363561333763653066363134633539323434666263222p226175746s5s66696p655s6r616q65223n6r756p6p2p226175746s5s70617373223n6r756p6p2p2262696r675s70617373223n2231332q33322q35312q36332q37332q38322q3239227q HTTP/2.0" 200 - "-" "-"
160.25.166.14 - - [20/Oct/2025:08:26:23 -0400] "POST /wp-login.php HTTP/2.0" 200 7131 "https://hindi.blushin.com/wp-login.php" "Mozilla/5.0 (Windows NT 10.0; Win64; x64) AppleWebKit/537.36 (KHTML, like Gecko) Chrome/130.0.0.0 Safari/537.36"
103.153.42.48 - - [20/Oct/2025:08:26:26 -0400] "GET /wp-login.php HTTP/2.0" 200 6670 "-" "Mozilla/5.0 (Windows NT 10.0; Win64; x64) AppleWebKit/537.36 (KHTML, like Gecko) Chrome/130.0.0.0 Safari/537.36"
103.153.42.48 - - [20/Oct/2025:08:26:27 -0400] "POST /wp-login.php HTTP/2.0" 200 7131 "https://hindi.blushin.com/wp-login.php" "Mozilla/5.0 (Windows NT 10.0; Win64; x64) AppleWebKit/537.36 (KHTML, like Gecko) Chrome/130.0.0.0 Safari/537.36"
103.171.92.209 - - [20/Oct/2025:08:26:28 -0400] "GET /wp-login.php HTTP/2.0" 200 6670 "-" "Mozilla/5.0 (Windows NT 10.0; Win64; x64) AppleWebKit/537.36 (KHTML, like Gecko) Chrome/130.0.0.0 Safari/537.36"
