89.248.172.183 - - [19/Oct/2025:08:21:17 -0400] "POST /wp-json/tdw/save_css HTTP/1.1" 401 98 "-" "curl/7.68.0"
144.76.19.3 - - [19/Oct/2025:08:21:18 -0400] "GET /health-news/latest-health-news/study-says-foot-ulcers-need-treated-early-prevent-infection/ HTTP/1.1" 200 94010 "-" "Mozilla/5.0 (compatible; BLEXBot/1.0; +https://help.seranking.com/en/blex-crawler)"
89.248.172.183 - - [19/Oct/2025:08:21:18 -0400] "POST /wp-json/tdw/save_css HTTP/1.1" 401 98 "-" "curl/7.68.0"
167.235.143.113 - - [19/Oct/2025:08:21:20 -0400] "HEAD / HTTP/1.1" 200 - "http://zovon.com" "Mozilla/5.0+(compatible; UptimeRobot/2.0; http://www.uptimerobot.com/)"
89.248.172.183 - - [19/Oct/2025:08:21:20 -0400] "POST /wp-json/tdw/save_css HTTP/1.1" 401 98 "-" "curl/7.68.0"
144.76.19.3 - - [19/Oct/2025:08:21:22 -0400] "GET /health-news/latest-health-news/understanding-the-connection-between-obesity-and-depression/ HTTP/1.1" 200 108498 "-" "Mozilla/5.0 (compatible; BLEXBot/1.0; +https://help.seranking.com/en/blex-crawler)"
89.248.172.183 - - [19/Oct/2025:08:21:25 -0400] "POST /wp-json/tdw/save_css HTTP/1.1" 401 98 "-" "curl/7.68.0"
89.248.172.183 - - [19/Oct/2025:08:21:25 -0400] "POST /wp-json/tdw/save_css HTTP/1.1" 401 98 "-" "curl/7.68.0"
144.76.19.3 - - [19/Oct/2025:08:21:26 -0400] "GET /health-news/latest-health-news/cdc-reports-reduced-rate-kidney-failures-among-diabetics-u-s/ HTTP/1.1" 200 95141 "-" "Mozilla/5.0 (compatible; BLEXBot/1.0; +https://help.seranking.com/en/blex-crawler)"
89.248.172.183 - - [19/Oct/2025:08:21:26 -0400] "POST /wp-json/tdw/save_css HTTP/1.1" 401 98 "-" "curl/7.68.0"
89.248.172.183 - - [19/Oct/2025:08:21:26 -0400] "POST /wp-json/tdw/save_css HTTP/1.1" 401 98 "-" "curl/7.68.0"
89.248.172.183 - - [19/Oct/2025:08:21:26 -0400] "POST /wp-json/tdw/save_css HTTP/1.1" 401 98 "-" "curl/7.68.0"
89.248.172.183 - - [19/Oct/2025:08:21:27 -0400] "POST /wp-json/tdw/save_css HTTP/1.1" 401 98 "-" "curl/7.68.0"
89.248.172.183 - - [19/Oct/2025:08:21:27 -0400] "POST /wp-json/tdw/save_css HTTP/1.1" 401 98 "-" "curl/7.68.0"
89.248.172.183 - - [19/Oct/2025:08:21:27 -0400] "POST /wp-json/tdw/save_css HTTP/1.1" 401 98 "-" "curl/7.68.0"
89.248.172.183 - - [19/Oct/2025:08:21:27 -0400] "POST /wp-json/tdw/save_css HTTP/1.1" 401 98 "-" "curl/7.68.0"
89.248.172.183 - - [19/Oct/2025:08:21:28 -0400] "POST /wp-json/tdw/save_css HTTP/1.1" 401 98 "-" "curl/7.68.0"
89.248.172.183 - - [19/Oct/2025:08:21:28 -0400] "POST /wp-json/tdw/save_css HTTP/1.1" 401 98 "-" "curl/7.68.0"
66.249.79.130 - - [19/Oct/2025:08:21:28 -0400] "GET /?t=8461837560841331 HTTP/1.1" 301 - "-" "Mozilla/5.0 (Linux; Android 6.0.1; Nexus 5X Build/MMB29P) AppleWebKit/537.36 (KHTML, like Gecko) Chrome/140.0.7339.207 Mobile Safari/537.36 (compatible; GoogleOther)"
89.248.172.183 - - [19/Oct/2025:08:21:28 -0400] "POST /wp-json/tdw/save_css HTTP/1.1" 401 98 "-" "curl/7.68.0"
89.248.172.183 - - [19/Oct/2025:08:21:28 -0400] "POST /wp-json/tdw/save_css HTTP/1.1" 401 98 "-" "curl/7.68.0"
89.248.172.183 - - [19/Oct/2025:08:21:29 -0400] "POST /wp-json/tdw/save_css HTTP/1.1" 401 98 "-" "curl/7.68.0"
89.248.172.183 - - [19/Oct/2025:08:21:29 -0400] "POST /wp-json/tdw/save_css HTTP/1.1" 401 98 "-" "curl/7.68.0"
89.248.172.183 - - [19/Oct/2025:08:21:29 -0400] "POST /wp-json/tdw/save_css HTTP/1.1" 401 98 "-" "curl/7.68.0"
89.248.172.183 - - [19/Oct/2025:08:21:29 -0400] "POST /wp-json/tdw/save_css HTTP/1.1" 401 98 "-" "curl/7.68.0"
144.76.19.3 - - [19/Oct/2025:08:21:29 -0400] "GET /health-news/latest-health-news/drinking-coffee-can-reduce-parkinsons-tremors-in-some-people/ HTTP/1.1" 200 96851 "-" "Mozilla/5.0 (compatible; BLEXBot/1.0; +https://help.seranking.com/en/blex-crawler)"
89.248.172.183 - - [19/Oct/2025:08:21:29 -0400] "POST /wp-json/tdw/save_css HTTP/1.1" 401 98 "-" "curl/7.68.0"
89.248.172.183 - - [19/Oct/2025:08:21:30 -0400] "POST /wp-json/tdw/save_css HTTP/1.1" 401 98 "-" "curl/7.68.0"
89.248.172.183 - - [19/Oct/2025:08:21:30 -0400] "POST /wp-json/tdw/save_css HTTP/1.1" 401 98 "-" "curl/7.68.0"
89.248.172.183 - - [19/Oct/2025:08:21:30 -0400] "POST /wp-json/tdw/save_css HTTP/1.1" 401 98 "-" "curl/7.68.0"
89.248.172.183 - - [19/Oct/2025:08:21:31 -0400] "POST /wp-json/tdw/save_css HTTP/1.1" 401 98 "-" "curl/7.68.0"
89.248.172.183 - - [19/Oct/2025:08:21:31 -0400] "POST /wp-json/tdw/save_css HTTP/1.1" 401 98 "-" "curl/7.68.0"
89.248.172.183 - - [19/Oct/2025:08:21:31 -0400] "POST /wp-json/tdw/save_css HTTP/1.1" 401 98 "-" "curl/7.68.0"
89.248.172.183 - - [19/Oct/2025:08:21:32 -0400] "POST /wp-json/tdw/save_css HTTP/1.1" 401 98 "-" "curl/7.68.0"
89.248.172.183 - - [19/Oct/2025:08:21:32 -0400] "POST /wp-json/tdw/save_css HTTP/1.1" 401 98 "-" "curl/7.68.0"
89.248.172.183 - - [19/Oct/2025:08:21:32 -0400] "POST /wp-json/tdw/save_css HTTP/1.1" 401 98 "-" "curl/7.68.0"
89.248.172.183 - - [19/Oct/2025:08:21:33 -0400] "POST /wp-json/tdw/save_css HTTP/1.1" 401 98 "-" "curl/7.68.0"
144.76.19.3 - - [19/Oct/2025:08:21:33 -0400] "GET /health-news/latest-health-news/malarial-parasites-found-to-be-resistant-to-drug-artemisinin/ HTTP/1.1" 200 94578 "-" "Mozilla/5.0 (compatible; BLEXBot/1.0; +https://help.seranking.com/en/blex-crawler)"
89.248.172.183 - - [19/Oct/2025:08:21:33 -0400] "POST /wp-json/tdw/save_css HTTP/1.1" 401 98 "-" "curl/7.68.0"
89.248.172.183 - - [19/Oct/2025:08:21:33 -0400] "POST /wp-json/tdw/save_css HTTP/1.1" 401 98 "-" "curl/7.68.0"
89.248.172.183 - - [19/Oct/2025:08:21:34 -0400] "POST /wp-json/tdw/save_css HTTP/1.1" 401 98 "-" "curl/7.68.0"
89.248.172.183 - - [19/Oct/2025:08:21:34 -0400] "POST /wp-json/tdw/save_css HTTP/1.1" 401 98 "-" "curl/7.68.0"
89.248.172.183 - - [19/Oct/2025:08:21:34 -0400] "POST /wp-json/tdw/save_css HTTP/1.1" 401 98 "-" "curl/7.68.0"
89.248.172.183 - - [19/Oct/2025:08:21:34 -0400] "POST /wp-json/tdw/save_css HTTP/1.1" 401 98 "-" "curl/7.68.0"
89.248.172.183 - - [19/Oct/2025:08:21:34 -0400] "POST /wp-json/tdw/save_css HTTP/1.1" 401 98 "-" "curl/7.68.0"
89.248.172.183 - - [19/Oct/2025:08:21:35 -0400] "POST /wp-json/tdw/save_css HTTP/1.1" 401 98 "-" "curl/7.68.0"
89.248.172.183 - - [19/Oct/2025:08:21:35 -0400] "POST /wp-json/tdw/save_css HTTP/1.1" 401 98 "-" "curl/7.68.0"
89.248.172.183 - - [19/Oct/2025:08:21:35 -0400] "POST /wp-json/tdw/save_css HTTP/1.1" 401 98 "-" "curl/7.68.0"
89.248.172.183 - - [19/Oct/2025:08:21:35 -0400] "POST /wp-json/tdw/save_css HTTP/1.1" 401 98 "-" "curl/7.68.0"
89.248.172.183 - - [19/Oct/2025:08:21:35 -0400] "POST /wp-json/tdw/save_css HTTP/1.1" 401 98 "-" "curl/7.68.0"
89.248.172.183 - - [19/Oct/2025:08:21:35 -0400] "POST /wp-json/tdw/save_css HTTP/1.1" 401 98 "-" "curl/7.68.0"
89.248.172.183 - - [19/Oct/2025:08:21:36 -0400] "POST /wp-json/tdw/save_css HTTP/1.1" 401 98 "-" "curl/7.68.0"
66.116.199.115 - - [19/Oct/2025:08:21:36 -0400] "POST /wp-cron.php?doing_wp_cron=1760876496.3606500625610351562500 HTTP/1.1" 404 77061 "-" "WordPress/6.8.3; http://zovon.com"
89.248.172.183 - - [19/Oct/2025:08:21:36 -0400] "POST /wp-json/tdw/save_css HTTP/1.1" 401 98 "-" "curl/7.68.0"
89.248.172.183 - - [19/Oct/2025:08:21:36 -0400] "POST /wp-json/tdw/save_css HTTP/1.1" 401 98 "-" "curl/7.68.0"
144.76.19.3 - - [19/Oct/2025:08:21:37 -0400] "GET /expert-zone/dr-andrew-weil/air-pollution-linked-increased-risk-stroke-anxiety-dr-andrew-weil/ HTTP/1.1" 200 106147 "-" "Mozilla/5.0 (compatible; BLEXBot/1.0; +https://help.seranking.com/en/blex-crawler)"
89.248.172.183 - - [19/Oct/2025:08:21:37 -0400] "POST /wp-json/tdw/save_css HTTP/1.1" 401 98 "-" "curl/7.68.0"
89.248.172.183 - - [19/Oct/2025:08:21:37 -0400] "POST /wp-json/tdw/save_css HTTP/1.1" 401 98 "-" "curl/7.68.0"
89.248.172.183 - - [19/Oct/2025:08:21:38 -0400] "POST /wp-json/tdw/save_css HTTP/1.1" 401 98 "-" "curl/7.68.0"
89.248.172.183 - - [19/Oct/2025:08:21:38 -0400] "POST /wp-json/tdw/save_css HTTP/1.1" 401 98 "-" "curl/7.68.0"
89.248.172.183 - - [19/Oct/2025:08:21:39 -0400] "POST /wp-json/tdw/save_css HTTP/1.1" 401 98 "-" "curl/7.68.0"
89.248.172.183 - - [19/Oct/2025:08:21:39 -0400] "POST /wp-json/tdw/save_css HTTP/1.1" 401 98 "-" "curl/7.68.0"
89.248.172.183 - - [19/Oct/2025:08:21:40 -0400] "POST /wp-json/tdw/save_css HTTP/1.1" 401 98 "-" "curl/7.68.0"
89.248.172.183 - - [19/Oct/2025:08:21:40 -0400] "POST /wp-json/tdw/save_css HTTP/1.1" 401 98 "-" "curl/7.68.0"
89.248.172.183 - - [19/Oct/2025:08:21:41 -0400] "POST /wp-json/tdw/save_css HTTP/1.1" 401 98 "-" "curl/7.68.0"
89.248.172.183 - - [19/Oct/2025:08:21:41 -0400] "POST /wp-json/tdw/save_css HTTP/1.1" 401 98 "-" "curl/7.68.0"
89.248.172.183 - - [19/Oct/2025:08:21:42 -0400] "POST /wp-json/tdw/save_css HTTP/1.1" 401 98 "-" "curl/7.68.0"
89.248.172.183 - - [19/Oct/2025:08:21:42 -0400] "POST /wp-json/tdw/save_css HTTP/1.1" 401 98 "-" "curl/7.68.0"
89.248.172.183 - - [19/Oct/2025:08:21:43 -0400] "POST /wp-json/tdw/save_css HTTP/1.1" 401 98 "-" "curl/7.68.0"
89.248.172.183 - - [19/Oct/2025:08:21:43 -0400] "POST /wp-json/tdw/save_css HTTP/1.1" 401 98 "-" "curl/7.68.0"
89.248.172.183 - - [19/Oct/2025:08:21:44 -0400] "POST /wp-json/tdw/save_css HTTP/1.1" 401 98 "-" "curl/7.68.0"
89.248.172.183 - - [19/Oct/2025:08:21:44 -0400] "POST /wp-json/tdw/save_css HTTP/1.1" 401 98 "-" "curl/7.68.0"
89.248.172.183 - - [19/Oct/2025:08:21:45 -0400] "POST /wp-json/tdw/save_css HTTP/1.1" 401 98 "-" "curl/7.68.0"
144.76.19.3 - - [19/Oct/2025:08:21:45 -0400] "GET /health-news/latest-health-news/brain-energy-consumption-animals-similar-humans-study-reports/ HTTP/1.1" 200 97636 "-" "Mozilla/5.0 (compatible; BLEXBot/1.0; +https://help.seranking.com/en/blex-crawler)"
89.248.172.183 - - [19/Oct/2025:08:21:45 -0400] "POST /wp-json/tdw/save_css HTTP/1.1" 401 98 "-" "curl/7.68.0"
89.248.172.183 - - [19/Oct/2025:08:21:46 -0400] "POST /wp-json/tdw/save_css HTTP/1.1" 401 98 "-" "curl/7.68.0"
89.248.172.183 - - [19/Oct/2025:08:21:46 -0400] "POST /wp-json/tdw/save_css HTTP/1.1" 401 98 "-" "curl/7.68.0"
89.248.172.183 - - [19/Oct/2025:08:21:47 -0400] "POST /wp-json/tdw/save_css HTTP/1.1" 401 98 "-" "curl/7.68.0"
89.248.172.183 - - [19/Oct/2025:08:21:48 -0400] "POST /wp-json/tdw/save_css HTTP/1.1" 401 98 "-" "curl/7.68.0"
89.248.172.183 - - [19/Oct/2025:08:21:48 -0400] "POST /wp-json/tdw/save_css HTTP/1.1" 401 98 "-" "curl/7.68.0"
89.248.172.183 - - [19/Oct/2025:08:21:49 -0400] "POST /wp-json/tdw/save_css HTTP/1.1" 401 98 "-" "curl/7.68.0"
144.76.19.3 - - [19/Oct/2025:08:21:49 -0400] "GET /health-news/latest-health-news/selena-gomez-anxiety-depression-and-dbt-that-changed-her-life/ HTTP/1.1" 200 99978 "-" "Mozilla/5.0 (compatible; BLEXBot/1.0; +https://help.seranking.com/en/blex-crawler)"
89.248.172.183 - - [19/Oct/2025:08:21:49 -0400] "POST /wp-json/tdw/save_css HTTP/1.1" 401 98 "-" "curl/7.68.0"
89.248.172.183 - - [19/Oct/2025:08:21:49 -0400] "POST /wp-json/tdw/save_css HTTP/1.1" 401 98 "-" "curl/7.68.0"
89.248.172.183 - - [19/Oct/2025:08:21:50 -0400] "POST /wp-json/tdw/save_css HTTP/1.1" 401 98 "-" "curl/7.68.0"
89.248.172.183 - - [19/Oct/2025:08:21:51 -0400] "POST /wp-json/tdw/save_css HTTP/1.1" 401 98 "-" "curl/7.68.0"
89.248.172.183 - - [19/Oct/2025:08:21:51 -0400] "POST /wp-json/tdw/save_css HTTP/1.1" 401 98 "-" "curl/7.68.0"
89.248.172.183 - - [19/Oct/2025:08:21:52 -0400] "POST /wp-json/tdw/save_css HTTP/1.1" 401 98 "-" "curl/7.68.0"
89.248.172.183 - - [19/Oct/2025:08:21:52 -0400] "POST /wp-json/tdw/save_css HTTP/1.1" 401 98 "-" "curl/7.68.0"
144.76.19.3 - - [19/Oct/2025:08:21:52 -0400] "GET /health-news/latest-health-news/antidepressants-pregnancy-linked-improved-mental-abilities-kids/ HTTP/1.1" 200 107642 "-" "Mozilla/5.0 (compatible; BLEXBot/1.0; +https://help.seranking.com/en/blex-crawler)"
89.248.172.183 - - [19/Oct/2025:08:21:53 -0400] "POST /wp-json/tdw/save_css HTTP/1.1" 401 98 "-" "curl/7.68.0"
89.248.172.183 - - [19/Oct/2025:08:21:53 -0400] "POST /wp-json/tdw/save_css HTTP/1.1" 401 98 "-" "curl/7.68.0"
89.248.172.183 - - [19/Oct/2025:08:21:54 -0400] "POST /wp-json/tdw/save_css HTTP/1.1" 401 98 "-" "curl/7.68.0"
89.248.172.183 - - [19/Oct/2025:08:21:54 -0400] "POST /wp-json/tdw/save_css HTTP/1.1" 401 98 "-" "curl/7.68.0"
89.248.172.183 - - [19/Oct/2025:08:21:55 -0400] "POST /wp-json/tdw/save_css HTTP/1.1" 401 98 "-" "curl/7.68.0"
89.248.172.183 - - [19/Oct/2025:08:21:56 -0400] "POST /wp-json/tdw/save_css HTTP/1.1" 401 98 "-" "curl/7.68.0"
89.248.172.183 - - [19/Oct/2025:08:21:56 -0400] "POST /wp-json/tdw/save_css HTTP/1.1" 401 98 "-" "curl/7.68.0"
144.76.19.3 - - [19/Oct/2025:08:21:56 -0400] "GET /health-news/latest-health-news/breastfeeding-two-four-months-may-lower-sids-risk-among-infants/ HTTP/1.1" 200 100245 "-" "Mozilla/5.0 (compatible; BLEXBot/1.0; +https://help.seranking.com/en/blex-crawler)"
89.248.172.183 - - [19/Oct/2025:08:21:56 -0400] "POST /wp-json/tdw/save_css HTTP/1.1" 401 98 "-" "curl/7.68.0"
89.248.172.183 - - [19/Oct/2025:08:21:57 -0400] "POST /wp-json/tdw/save_css HTTP/1.1" 401 98 "-" "curl/7.68.0"
89.248.172.183 - - [19/Oct/2025:08:21:57 -0400] "POST /wp-json/tdw/save_css HTTP/1.1" 401 98 "-" "curl/7.68.0"
89.248.172.183 - - [19/Oct/2025:08:21:58 -0400] "POST /wp-json/tdw/save_css HTTP/1.1" 401 98 "-" "curl/7.68.0"
89.248.172.183 - - [19/Oct/2025:08:21:58 -0400] "POST /wp-json/tdw/save_css HTTP/1.1" 401 98 "-" "curl/7.68.0"
89.248.172.183 - - [19/Oct/2025:08:21:59 -0400] "POST /wp-json/tdw/save_css HTTP/1.1" 401 98 "-" "curl/7.68.0"
66.249.68.1 - - [19/Oct/2025:08:21:59 -0400] "GET /?t=8461837560841331 HTTP/1.1" 200 74290 "-" "Mozilla/5.0 (Linux; Android 6.0.1; Nexus 5X Build/MMB29P) AppleWebKit/537.36 (KHTML, like Gecko) Chrome/140.0.7339.207 Mobile Safari/537.36 (compatible; GoogleOther)"
89.248.172.183 - - [19/Oct/2025:08:22:00 -0400] "POST /wp-json/tdw/save_css HTTP/1.1" 401 98 "-" "curl/7.68.0"
89.248.172.183 - - [19/Oct/2025:08:22:00 -0400] "POST /wp-json/tdw/save_css HTTP/1.1" 401 98 "-" "curl/7.68.0"
144.76.19.3 - - [19/Oct/2025:08:22:00 -0400] "GET /health-news/latest-health-news/deforestation-helps-develop-habitats-disease-causing-mosquitoes/ HTTP/1.1" 200 98318 "-" "Mozilla/5.0 (compatible; BLEXBot/1.0; +https://help.seranking.com/en/blex-crawler)"
89.248.172.183 - - [19/Oct/2025:08:22:01 -0400] "POST /wp-json/tdw/save_css HTTP/1.1" 401 98 "-" "curl/7.68.0"
89.248.172.183 - - [19/Oct/2025:08:22:01 -0400] "POST /wp-json/tdw/save_css HTTP/1.1" 401 98 "-" "curl/7.68.0"
89.248.172.183 - - [19/Oct/2025:08:22:02 -0400] "POST /wp-json/tdw/save_css HTTP/1.1" 401 98 "-" "curl/7.68.0"
89.248.172.183 - - [19/Oct/2025:08:22:02 -0400] "POST /wp-json/tdw/save_css HTTP/1.1" 401 98 "-" "curl/7.68.0"
89.248.172.183 - - [19/Oct/2025:08:22:02 -0400] "POST /wp-json/tdw/save_css HTTP/1.1" 401 98 "-" "curl/7.68.0"
89.248.172.183 - - [19/Oct/2025:08:22:03 -0400] "POST /wp-json/tdw/save_css HTTP/1.1" 401 98 "-" "curl/7.68.0"
89.248.172.183 - - [19/Oct/2025:08:22:04 -0400] "POST /wp-json/tdw/save_css HTTP/1.1" 401 98 "-" "curl/7.68.0"
144.76.19.3 - - [19/Oct/2025:08:22:04 -0400] "GET /health-news/latest-health-news/gut-bacteria-influence-immunotherapy-response-melanoma-patients/ HTTP/1.1" 200 99060 "-" "Mozilla/5.0 (compatible; BLEXBot/1.0; +https://help.seranking.com/en/blex-crawler)"
89.248.172.183 - - [19/Oct/2025:08:22:04 -0400] "POST /wp-json/tdw/save_css HTTP/1.1" 401 98 "-" "curl/7.68.0"
111.68.6.82 - - [19/Oct/2025:08:22:05 -0400] "GET /index/ajax/lang?lang=..//..//application/database HTTP/1.1" 404 77061 "-" "Mozilla/5.0 (Windows NT 10.0; WOW64; rv:48.0) Gecko/20100101 Firefox/48.0"
89.248.172.183 - - [19/Oct/2025:08:22:05 -0400] "POST /wp-json/tdw/save_css HTTP/1.1" 401 98 "-" "curl/7.68.0"
89.248.172.183 - - [19/Oct/2025:08:22:05 -0400] "POST /wp-json/tdw/save_css HTTP/1.1" 401 98 "-" "curl/7.68.0"
89.248.172.183 - - [19/Oct/2025:08:22:06 -0400] "POST /wp-json/tdw/save_css HTTP/1.1" 401 98 "-" "curl/7.68.0"
89.248.172.183 - - [19/Oct/2025:08:22:06 -0400] "POST /wp-json/tdw/save_css HTTP/1.1" 401 98 "-" "curl/7.68.0"
89.248.172.183 - - [19/Oct/2025:08:22:07 -0400] "POST /wp-json/tdw/save_css HTTP/1.1" 401 98 "-" "curl/7.68.0"
89.248.172.183 - - [19/Oct/2025:08:22:07 -0400] "POST /wp-json/tdw/save_css HTTP/1.1" 401 98 "-" "curl/7.68.0"
144.76.19.3 - - [19/Oct/2025:08:22:07 -0400] "GET /health-news/latest-health-news/new-research-discovers-brain-circuit-controls-neuron-production/ HTTP/1.1" 200 95062 "-" "Mozilla/5.0 (compatible; BLEXBot/1.0; +https://help.seranking.com/en/blex-crawler)"
89.248.172.183 - - [19/Oct/2025:08:22:08 -0400] "POST /wp-json/tdw/save_css HTTP/1.1" 401 98 "-" "curl/7.68.0"
89.248.172.183 - - [19/Oct/2025:08:22:09 -0400] "POST /wp-json/tdw/save_css HTTP/1.1" 401 98 "-" "curl/7.68.0"
89.248.172.183 - - [19/Oct/2025:08:22:10 -0400] "POST /wp-json/tdw/save_css HTTP/1.1" 401 98 "-" "curl/7.68.0"
144.76.19.3 - - [19/Oct/2025:08:22:11 -0400] "GET /health-news/latest-health-news/truth-artificial-sweeteners-like-sugar-may-damage-blood-vessels/ HTTP/1.1" 200 101820 "-" "Mozilla/5.0 (compatible; BLEXBot/1.0; +https://help.seranking.com/en/blex-crawler)"
89.248.172.183 - - [19/Oct/2025:08:22:11 -0400] "POST /wp-json/tdw/save_css HTTP/1.1" 401 98 "-" "curl/7.68.0"
89.248.172.183 - - [19/Oct/2025:08:22:12 -0400] "POST /wp-json/tdw/save_css HTTP/1.1" 401 98 "-" "curl/7.68.0"
89.248.172.183 - - [19/Oct/2025:08:22:13 -0400] "POST /wp-json/tdw/save_css HTTP/1.1" 401 98 "-" "curl/7.68.0"
89.248.172.183 - - [19/Oct/2025:08:22:14 -0400] "POST /wp-json/tdw/save_css HTTP/1.1" 401 98 "-" "curl/7.68.0"
89.248.172.183 - - [19/Oct/2025:08:22:15 -0400] "POST /wp-json/tdw/save_css HTTP/1.1" 401 98 "-" "curl/7.68.0"
144.76.19.3 - - [19/Oct/2025:08:22:15 -0400] "GET /health-news/latest-health-news/hormone-therapy-might-possible-cause-hearing-loss-women-menopause/ HTTP/1.1" 200 102508 "-" "Mozilla/5.0 (compatible; BLEXBot/1.0; +https://help.seranking.com/en/blex-crawler)"
89.248.172.183 - - [19/Oct/2025:08:22:15 -0400] "POST /wp-json/tdw/save_css HTTP/1.1" 401 98 "-" "curl/7.68.0"
89.248.172.183 - - [19/Oct/2025:08:22:15 -0400] "POST /wp-json/tdw/save_css HTTP/1.1" 401 98 "-" "curl/7.68.0"
89.248.172.183 - - [19/Oct/2025:08:22:16 -0400] "POST /wp-json/tdw/save_css HTTP/1.1" 401 98 "-" "curl/7.68.0"
89.248.172.183 - - [19/Oct/2025:08:22:16 -0400] "POST /wp-json/tdw/save_css HTTP/1.1" 401 98 "-" "curl/7.68.0"
89.248.172.183 - - [19/Oct/2025:08:22:16 -0400] "POST /wp-json/tdw/save_css HTTP/1.1" 401 98 "-" "curl/7.68.0"
89.248.172.183 - - [19/Oct/2025:08:22:16 -0400] "POST /wp-json/tdw/save_css HTTP/1.1" 401 98 "-" "curl/7.68.0"
89.248.172.183 - - [19/Oct/2025:08:22:17 -0400] "POST /wp-json/tdw/save_css HTTP/1.1" 401 98 "-" "curl/7.68.0"
89.248.172.183 - - [19/Oct/2025:08:22:17 -0400] "POST /wp-json/tdw/save_css HTTP/1.1" 401 98 "-" "curl/7.68.0"
89.248.172.183 - - [19/Oct/2025:08:22:18 -0400] "POST /wp-json/tdw/save_css HTTP/1.1" 401 98 "-" "curl/7.68.0"
89.248.172.183 - - [19/Oct/2025:08:22:18 -0400] "POST /wp-json/tdw/save_css HTTP/1.1" 401 98 "-" "curl/7.68.0"
89.248.172.183 - - [19/Oct/2025:08:22:18 -0400] "POST /wp-json/tdw/save_css HTTP/1.1" 401 98 "-" "curl/7.68.0"
144.76.19.3 - - [19/Oct/2025:08:22:19 -0400] "GET /expert-zone/dr-marina-johnson/dr-marina-johnson-explains-menstruation-normal-essential-phenomenon/ HTTP/1.1" 200 107800 "-" "Mozilla/5.0 (compatible; BLEXBot/1.0; +https://help.seranking.com/en/blex-crawler)"
89.248.172.183 - - [19/Oct/2025:08:22:19 -0400] "POST /wp-json/tdw/save_css HTTP/1.1" 401 98 "-" "curl/7.68.0"
89.248.172.183 - - [19/Oct/2025:08:22:20 -0400] "POST /wp-json/tdw/save_css HTTP/1.1" 401 98 "-" "curl/7.68.0"
89.248.172.183 - - [19/Oct/2025:08:22:20 -0400] "POST /wp-json/tdw/save_css HTTP/1.1" 401 98 "-" "curl/7.68.0"
89.248.172.183 - - [19/Oct/2025:08:22:21 -0400] "POST /wp-json/tdw/save_css HTTP/1.1" 401 98 "-" "curl/7.68.0"
89.248.172.183 - - [19/Oct/2025:08:22:21 -0400] "POST /wp-json/tdw/save_css HTTP/1.1" 401 98 "-" "curl/7.68.0"
89.248.172.183 - - [19/Oct/2025:08:22:21 -0400] "POST /wp-json/tdw/save_css HTTP/1.1" 401 98 "-" "curl/7.68.0"
89.248.172.183 - - [19/Oct/2025:08:22:22 -0400] "POST /wp-json/tdw/save_css HTTP/1.1" 401 98 "-" "curl/7.68.0"
89.248.172.183 - - [19/Oct/2025:08:22:23 -0400] "POST /wp-json/tdw/save_css HTTP/1.1" 401 98 "-" "curl/7.68.0"
144.76.19.3 - - [19/Oct/2025:08:22:22 -0400] "GET /health-news/latest-health-news/human-protein-based-glue-can-stop-bleeding-in-emergency-situations/ HTTP/1.1" 200 96047 "-" "Mozilla/5.0 (compatible; BLEXBot/1.0; +https://help.seranking.com/en/blex-crawler)"
89.248.172.183 - - [19/Oct/2025:08:22:23 -0400] "POST /wp-json/tdw/save_css HTTP/1.1" 401 98 "-" "curl/7.68.0"
89.248.172.183 - - [19/Oct/2025:08:22:24 -0400] "POST /wp-json/tdw/save_css HTTP/1.1" 401 98 "-" "curl/7.68.0"
89.248.172.183 - - [19/Oct/2025:08:22:24 -0400] "POST /wp-json/tdw/save_css HTTP/1.1" 401 98 "-" "curl/7.68.0"
89.248.172.183 - - [19/Oct/2025:08:22:25 -0400] "POST /wp-json/tdw/save_css HTTP/1.1" 401 98 "-" "curl/7.68.0"
144.76.19.3 - - [19/Oct/2025:08:22:26 -0400] "GET /health-news/latest-health-news/go-green-with-banana-flour-why-your-gut-needs-this-resistant-starch/ HTTP/1.1" 200 96343 "-" "Mozilla/5.0 (compatible; BLEXBot/1.0; +https://help.seranking.com/en/blex-crawler)"
89.248.172.183 - - [19/Oct/2025:08:22:27 -0400] "POST /wp-json/tdw/save_css HTTP/1.1" 401 98 "-" "curl/7.68.0"
89.248.172.183 - - [19/Oct/2025:08:22:28 -0400] "POST /wp-json/tdw/save_css HTTP/1.1" 401 98 "-" "curl/7.68.0"
89.248.172.183 - - [19/Oct/2025:08:22:29 -0400] "POST /wp-json/tdw/save_css HTTP/1.1" 401 98 "-" "curl/7.68.0"
89.248.172.183 - - [19/Oct/2025:08:22:30 -0400] "POST /wp-json/tdw/save_css HTTP/1.1" 401 98 "-" "curl/7.68.0"
144.76.19.3 - - [19/Oct/2025:08:22:30 -0400] "GET /health-news/latest-health-news/respiratory-infection-intensifies-risk-heart-attack-new-study-finds/ HTTP/1.1" 200 98853 "-" "Mozilla/5.0 (compatible; BLEXBot/1.0; +https://help.seranking.com/en/blex-crawler)"
89.248.172.183 - - [19/Oct/2025:08:22:31 -0400] "POST /wp-json/tdw/save_css HTTP/1.1" 401 98 "-" "curl/7.68.0"
89.248.172.183 - - [19/Oct/2025:08:22:32 -0400] "POST /wp-json/tdw/save_css HTTP/1.1" 401 98 "-" "curl/7.68.0"
89.248.172.183 - - [19/Oct/2025:08:22:33 -0400] "POST /wp-json/tdw/save_css HTTP/1.1" 401 98 "-" "curl/7.68.0"
144.76.19.3 - - [19/Oct/2025:08:22:34 -0400] "GET /health-news/latest-health-news/live-in-spain-to-increase-your-life-expectancy-why-spaniards-live-longer/ HTTP/1.1" 200 98062 "-" "Mozilla/5.0 (compatible; BLEXBot/1.0; +https://help.seranking.com/en/blex-crawler)"
89.248.172.183 - - [19/Oct/2025:08:22:34 -0400] "POST /wp-json/tdw/save_css HTTP/1.1" 401 98 "-" "curl/7.68.0"
89.248.172.183 - - [19/Oct/2025:08:22:35 -0400] "POST /wp-json/tdw/save_css HTTP/1.1" 401 98 "-" "curl/7.68.0"
66.116.199.115 - - [19/Oct/2025:08:22:36 -0400] "POST /wp-cron.php?doing_wp_cron=1760876556.9094910621643066406250 HTTP/1.1" 404 77061 "-" "WordPress/6.8.3; http://zovon.com"
89.248.172.183 - - [19/Oct/2025:08:22:36 -0400] "POST /wp-json/tdw/save_css HTTP/1.1" 401 98 "-" "curl/7.68.0"
144.76.19.3 - - [19/Oct/2025:08:22:37 -0400] "GET /health-news/latest-health-news/penicillin-allergy-misconceptions-can-increase-risk-post-operative-infections/ HTTP/1.1" 200 94672 "-" "Mozilla/5.0 (compatible; BLEXBot/1.0; +https://help.seranking.com/en/blex-crawler)"
89.248.172.183 - - [19/Oct/2025:08:22:47 -0400] "POST /wp-json/tdw/save_css HTTP/1.1" 401 98 "-" "curl/7.68.0"
89.248.172.183 - - [19/Oct/2025:08:22:48 -0400] "POST /wp-json/tdw/save_css HTTP/1.1" 401 98 "-" "curl/7.68.0"
89.248.172.183 - - [19/Oct/2025:08:22:48 -0400] "POST /wp-json/tdw/save_css HTTP/1.1" 401 98 "-" "curl/7.68.0"
89.248.172.183 - - [19/Oct/2025:08:22:48 -0400] "POST /wp-json/tdw/save_css HTTP/1.1" 401 98 "-" "curl/7.68.0"
89.248.172.183 - - [19/Oct/2025:08:22:49 -0400] "POST /wp-json/tdw/save_css HTTP/1.1" 401 98 "-" "curl/7.68.0"
89.248.172.183 - - [19/Oct/2025:08:22:49 -0400] "POST /wp-json/tdw/save_css HTTP/1.1" 401 98 "-" "curl/7.68.0"
89.248.172.183 - - [19/Oct/2025:08:22:50 -0400] "POST /wp-json/tdw/save_css HTTP/1.1" 401 98 "-" "curl/7.68.0"
89.248.172.183 - - [19/Oct/2025:08:22:50 -0400] "POST /wp-json/tdw/save_css HTTP/1.1" 401 98 "-" "curl/7.68.0"
89.248.172.183 - - [19/Oct/2025:08:22:50 -0400] "POST /wp-json/tdw/save_css HTTP/1.1" 401 98 "-" "curl/7.68.0"
89.248.172.183 - - [19/Oct/2025:08:22:51 -0400] "POST /wp-json/tdw/save_css HTTP/1.1" 401 98 "-" "curl/7.68.0"
89.248.172.183 - - [19/Oct/2025:08:22:51 -0400] "POST /wp-json/tdw/save_css HTTP/1.1" 401 98 "-" "curl/7.68.0"
66.249.68.1 - - [19/Oct/2025:08:22:51 -0400] "GET /page/110/?z=738086812 HTTP/1.1" 200 43534 "-" "Mozilla/5.0 (Linux; Android 6.0.1; Nexus 5X Build/MMB29P) AppleWebKit/537.36 (KHTML, like Gecko) Chrome/140.0.7339.207 Mobile Safari/537.36 (compatible; GoogleOther)"
89.248.172.183 - - [19/Oct/2025:08:22:52 -0400] "POST /wp-json/tdw/save_css HTTP/1.1" 401 98 "-" "curl/7.68.0"
89.248.172.183 - - [19/Oct/2025:08:22:52 -0400] "POST /wp-json/tdw/save_css HTTP/1.1" 401 98 "-" "curl/7.68.0"
89.248.172.183 - - [19/Oct/2025:08:22:53 -0400] "POST /wp-json/tdw/save_css HTTP/1.1" 401 98 "-" "curl/7.68.0"
89.248.172.183 - - [19/Oct/2025:08:22:53 -0400] "POST /wp-json/tdw/save_css HTTP/1.1" 401 98 "-" "curl/7.68.0"
89.248.172.183 - - [19/Oct/2025:08:22:53 -0400] "POST /wp-json/tdw/save_css HTTP/1.1" 401 98 "-" "curl/7.68.0"
89.248.172.183 - - [19/Oct/2025:08:22:54 -0400] "POST /wp-json/tdw/save_css HTTP/1.1" 401 98 "-" "curl/7.68.0"
89.248.172.183 - - [19/Oct/2025:08:22:55 -0400] "POST /wp-json/tdw/save_css HTTP/1.1" 401 98 "-" "curl/7.68.0"
89.248.172.183 - - [19/Oct/2025:08:22:56 -0400] "POST /wp-json/tdw/save_css HTTP/1.1" 401 98 "-" "curl/7.68.0"
89.248.172.183 - - [19/Oct/2025:08:22:56 -0400] "POST /wp-json/tdw/save_css HTTP/1.1" 401 98 "-" "curl/7.68.0"
89.248.172.183 - - [19/Oct/2025:08:22:57 -0400] "POST /wp-json/tdw/save_css HTTP/1.1" 401 98 "-" "curl/7.68.0"
89.248.172.183 - - [19/Oct/2025:08:22:57 -0400] "POST /wp-json/tdw/save_css HTTP/1.1" 401 98 "-" "curl/7.68.0"
89.248.172.183 - - [19/Oct/2025:08:22:57 -0400] "POST /wp-json/tdw/save_css HTTP/1.1" 401 98 "-" "curl/7.68.0"
89.248.172.183 - - [19/Oct/2025:08:22:58 -0400] "POST /wp-json/tdw/save_css HTTP/1.1" 401 98 "-" "curl/7.68.0"
89.248.172.183 - - [19/Oct/2025:08:22:58 -0400] "POST /wp-json/tdw/save_css HTTP/1.1" 401 98 "-" "curl/7.68.0"
89.248.172.183 - - [19/Oct/2025:08:22:58 -0400] "POST /wp-json/tdw/save_css HTTP/1.1" 401 98 "-" "curl/7.68.0"
89.248.172.183 - - [19/Oct/2025:08:22:59 -0400] "POST /wp-json/tdw/save_css HTTP/1.1" 401 98 "-" "curl/7.68.0"
89.248.172.183 - - [19/Oct/2025:08:22:59 -0400] "POST /wp-json/tdw/save_css HTTP/1.1" 401 98 "-" "curl/7.68.0"
89.248.172.183 - - [19/Oct/2025:08:22:59 -0400] "POST /wp-json/tdw/save_css HTTP/1.1" 401 98 "-" "curl/7.68.0"
89.248.172.183 - - [19/Oct/2025:08:22:59 -0400] "POST /wp-json/tdw/save_css HTTP/1.1" 401 98 "-" "curl/7.68.0"
89.248.172.183 - - [19/Oct/2025:08:23:00 -0400] "POST /wp-json/tdw/save_css HTTP/1.1" 401 98 "-" "curl/7.68.0"
89.248.172.183 - - [19/Oct/2025:08:23:00 -0400] "POST /wp-json/tdw/save_css HTTP/1.1" 401 98 "-" "curl/7.68.0"
89.248.172.183 - - [19/Oct/2025:08:23:00 -0400] "POST /wp-json/tdw/save_css HTTP/1.1" 401 98 "-" "curl/7.68.0"
89.248.172.183 - - [19/Oct/2025:08:23:01 -0400] "POST /wp-json/tdw/save_css HTTP/1.1" 401 98 "-" "curl/7.68.0"
89.248.172.183 - - [19/Oct/2025:08:23:01 -0400] "POST /wp-json/tdw/save_css HTTP/1.1" 401 98 "-" "curl/7.68.0"
89.248.172.183 - - [19/Oct/2025:08:23:01 -0400] "POST /wp-json/tdw/save_css HTTP/1.1" 401 98 "-" "curl/7.68.0"
89.248.172.183 - - [19/Oct/2025:08:23:01 -0400] "POST /wp-json/tdw/save_css HTTP/1.1" 401 98 "-" "curl/7.68.0"
89.248.172.183 - - [19/Oct/2025:08:23:02 -0400] "POST /wp-json/tdw/save_css HTTP/1.1" 401 98 "-" "curl/7.68.0"
89.248.172.183 - - [19/Oct/2025:08:23:02 -0400] "POST /wp-json/tdw/save_css HTTP/1.1" 401 98 "-" "curl/7.68.0"
89.248.172.183 - - [19/Oct/2025:08:23:02 -0400] "POST /wp-json/tdw/save_css HTTP/1.1" 401 98 "-" "curl/7.68.0"
89.248.172.183 - - [19/Oct/2025:08:23:03 -0400] "POST /wp-json/tdw/save_css HTTP/1.1" 401 98 "-" "curl/7.68.0"
89.248.172.183 - - [19/Oct/2025:08:23:03 -0400] "POST /wp-json/tdw/save_css HTTP/1.1" 401 98 "-" "curl/7.68.0"
89.248.172.183 - - [19/Oct/2025:08:23:03 -0400] "POST /wp-json/tdw/save_css HTTP/1.1" 401 98 "-" "curl/7.68.0"
89.248.172.183 - - [19/Oct/2025:08:23:03 -0400] "POST /wp-json/tdw/save_css HTTP/1.1" 401 98 "-" "curl/7.68.0"
89.248.172.183 - - [19/Oct/2025:08:23:04 -0400] "POST /wp-json/tdw/save_css HTTP/1.1" 401 98 "-" "curl/7.68.0"
89.248.172.183 - - [19/Oct/2025:08:23:04 -0400] "POST /wp-json/tdw/save_css HTTP/1.1" 401 98 "-" "curl/7.68.0"
89.248.172.183 - - [19/Oct/2025:08:23:04 -0400] "POST /wp-json/tdw/save_css HTTP/1.1" 401 98 "-" "curl/7.68.0"
66.249.79.131 - - [19/Oct/2025:08:23:04 -0400] "GET /?t=2231760267180042 HTTP/1.1" 301 - "-" "Mozilla/5.0 (Linux; Android 6.0.1; Nexus 5X Build/MMB29P) AppleWebKit/537.36 (KHTML, like Gecko) Chrome/140.0.7339.207 Mobile Safari/537.36 (compatible; Googlebot/2.1; +http://www.google.com/bot.html)"
89.248.172.183 - - [19/Oct/2025:08:23:05 -0400] "POST /wp-json/tdw/save_css HTTP/1.1" 401 98 "-" "curl/7.68.0"
89.248.172.183 - - [19/Oct/2025:08:23:05 -0400] "POST /wp-json/tdw/save_css HTTP/1.1" 401 98 "-" "curl/7.68.0"
66.249.68.1 - - [19/Oct/2025:08:23:05 -0400] "GET /?t=2231760267180042 HTTP/1.1" 200 74290 "-" "Mozilla/5.0 (Linux; Android 6.0.1; Nexus 5X Build/MMB29P) AppleWebKit/537.36 (KHTML, like Gecko) Chrome/140.0.7339.207 Mobile Safari/537.36 (compatible; Googlebot/2.1; +http://www.google.com/bot.html)"
89.248.172.183 - - [19/Oct/2025:08:23:05 -0400] "POST /wp-json/tdw/save_css HTTP/1.1" 401 98 "-" "curl/7.68.0"
89.248.172.183 - - [19/Oct/2025:08:23:05 -0400] "POST /wp-json/tdw/save_css HTTP/1.1" 401 98 "-" "curl/7.68.0"
89.248.172.183 - - [19/Oct/2025:08:23:06 -0400] "POST /wp-json/tdw/save_css HTTP/1.1" 401 98 "-" "curl/7.68.0"
89.248.172.183 - - [19/Oct/2025:08:23:06 -0400] "POST /wp-json/tdw/save_css HTTP/1.1" 401 98 "-" "curl/7.68.0"
89.248.172.183 - - [19/Oct/2025:08:23:06 -0400] "POST /wp-json/tdw/save_css HTTP/1.1" 401 98 "-" "curl/7.68.0"
89.248.172.183 - - [19/Oct/2025:08:23:07 -0400] "POST /wp-json/tdw/save_css HTTP/1.1" 401 98 "-" "curl/7.68.0"
89.248.172.183 - - [19/Oct/2025:08:23:07 -0400] "POST /wp-json/tdw/save_css HTTP/1.1" 401 98 "-" "curl/7.68.0"
89.248.172.183 - - [19/Oct/2025:08:23:07 -0400] "POST /wp-json/tdw/save_css HTTP/1.1" 401 98 "-" "curl/7.68.0"
89.248.172.183 - - [19/Oct/2025:08:23:07 -0400] "POST /wp-json/tdw/save_css HTTP/1.1" 401 98 "-" "curl/7.68.0"
89.248.172.183 - - [19/Oct/2025:08:23:07 -0400] "POST /wp-json/tdw/save_css HTTP/1.1" 401 98 "-" "curl/7.68.0"
89.248.172.183 - - [19/Oct/2025:08:23:08 -0400] "POST /wp-json/tdw/save_css HTTP/1.1" 401 98 "-" "curl/7.68.0"
89.248.172.183 - - [19/Oct/2025:08:23:08 -0400] "POST /wp-json/tdw/save_css HTTP/1.1" 401 98 "-" "curl/7.68.0"
89.248.172.183 - - [19/Oct/2025:08:23:08 -0400] "POST /wp-json/tdw/save_css HTTP/1.1" 401 98 "-" "curl/7.68.0"
89.248.172.183 - - [19/Oct/2025:08:23:08 -0400] "POST /wp-json/tdw/save_css HTTP/1.1" 401 98 "-" "curl/7.68.0"
89.248.172.183 - - [19/Oct/2025:08:23:09 -0400] "POST /wp-json/tdw/save_css HTTP/1.1" 401 98 "-" "curl/7.68.0"
89.248.172.183 - - [19/Oct/2025:08:23:09 -0400] "POST /wp-json/tdw/save_css HTTP/1.1" 401 98 "-" "curl/7.68.0"
89.248.172.183 - - [19/Oct/2025:08:23:09 -0400] "POST /wp-json/tdw/save_css HTTP/1.1" 401 98 "-" "curl/7.68.0"
89.248.172.183 - - [19/Oct/2025:08:23:09 -0400] "POST /wp-json/tdw/save_css HTTP/1.1" 401 98 "-" "curl/7.68.0"
89.248.172.183 - - [19/Oct/2025:08:23:09 -0400] "POST /wp-json/tdw/save_css HTTP/1.1" 401 98 "-" "curl/7.68.0"
89.248.172.183 - - [19/Oct/2025:08:23:09 -0400] "POST /wp-json/tdw/save_css HTTP/1.1" 401 98 "-" "curl/7.68.0"
89.248.172.183 - - [19/Oct/2025:08:23:09 -0400] "POST /wp-json/tdw/save_css HTTP/1.1" 401 98 "-" "curl/7.68.0"
89.248.172.183 - - [19/Oct/2025:08:23:10 -0400] "POST /wp-json/tdw/save_css HTTP/1.1" 401 98 "-" "curl/7.68.0"
89.248.172.183 - - [19/Oct/2025:08:23:10 -0400] "POST /wp-json/tdw/save_css HTTP/1.1" 401 98 "-" "curl/7.68.0"
89.248.172.183 - - [19/Oct/2025:08:23:10 -0400] "POST /wp-json/tdw/save_css HTTP/1.1" 401 98 "-" "curl/7.68.0"
89.248.172.183 - - [19/Oct/2025:08:23:10 -0400] "POST /wp-json/tdw/save_css HTTP/1.1" 401 98 "-" "curl/7.68.0"
89.248.172.183 - - [19/Oct/2025:08:23:11 -0400] "POST /wp-json/tdw/save_css HTTP/1.1" 401 98 "-" "curl/7.68.0"
89.248.172.183 - - [19/Oct/2025:08:23:11 -0400] "POST /wp-json/tdw/save_css HTTP/1.1" 401 98 "-" "curl/7.68.0"
89.248.172.183 - - [19/Oct/2025:08:23:12 -0400] "POST /wp-json/tdw/save_css HTTP/1.1" 401 98 "-" "curl/7.68.0"
89.248.172.183 - - [19/Oct/2025:08:23:12 -0400] "POST /wp-json/tdw/save_css HTTP/1.1" 401 98 "-" "curl/7.68.0"
89.248.172.183 - - [19/Oct/2025:08:23:13 -0400] "POST /wp-json/tdw/save_css HTTP/1.1" 401 98 "-" "curl/7.68.0"
89.248.172.183 - - [19/Oct/2025:08:23:14 -0400] "POST /wp-json/tdw/save_css HTTP/1.1" 401 98 "-" "curl/7.68.0"
89.248.172.183 - - [19/Oct/2025:08:23:15 -0400] "POST /wp-json/tdw/save_css HTTP/1.1" 401 98 "-" "curl/7.68.0"
89.248.172.183 - - [19/Oct/2025:08:23:16 -0400] "POST /wp-json/tdw/save_css HTTP/1.1" 401 98 "-" "curl/7.68.0"
89.248.172.183 - - [19/Oct/2025:08:23:17 -0400] "POST /wp-json/tdw/save_css HTTP/1.1" 401 98 "-" "curl/7.68.0"
89.248.172.183 - - [19/Oct/2025:08:23:18 -0400] "POST /wp-json/tdw/save_css HTTP/1.1" 401 98 "-" "curl/7.68.0"
89.248.172.183 - - [19/Oct/2025:08:23:19 -0400] "POST /wp-json/tdw/save_css HTTP/1.1" 401 98 "-" "curl/7.68.0"
89.248.172.183 - - [19/Oct/2025:08:23:20 -0400] "POST /wp-json/tdw/save_css HTTP/1.1" 401 98 "-" "curl/7.68.0"
89.248.172.183 - - [19/Oct/2025:08:23:21 -0400] "POST /wp-json/tdw/save_css HTTP/1.1" 401 98 "-" "curl/7.68.0"
89.248.172.183 - - [19/Oct/2025:08:23:22 -0400] "POST /wp-json/tdw/save_css HTTP/1.1" 401 98 "-" "curl/7.68.0"
89.248.172.183 - - [19/Oct/2025:08:23:23 -0400] "POST /wp-json/tdw/save_css HTTP/1.1" 401 98 "-" "curl/7.68.0"
89.248.172.183 - - [19/Oct/2025:08:23:24 -0400] "POST /wp-json/tdw/save_css HTTP/1.1" 401 98 "-" "curl/7.68.0"
89.248.172.183 - - [19/Oct/2025:08:23:25 -0400] "POST /wp-json/tdw/save_css HTTP/1.1" 401 98 "-" "curl/7.68.0"
89.248.172.183 - - [19/Oct/2025:08:23:26 -0400] "POST /wp-json/tdw/save_css HTTP/1.1" 401 98 "-" "curl/7.68.0"
89.248.172.183 - - [19/Oct/2025:08:23:27 -0400] "POST /wp-json/tdw/save_css HTTP/1.1" 401 98 "-" "curl/7.68.0"
89.248.172.183 - - [19/Oct/2025:08:23:29 -0400] "POST /wp-json/tdw/save_css HTTP/1.1" 401 98 "-" "curl/7.68.0"
89.248.172.183 - - [19/Oct/2025:08:23:30 -0400] "POST /wp-json/tdw/save_css HTTP/1.1" 401 98 "-" "curl/7.68.0"
89.248.172.183 - - [19/Oct/2025:08:23:30 -0400] "POST /wp-json/tdw/save_css HTTP/1.1" 401 98 "-" "curl/7.68.0"
89.248.172.183 - - [19/Oct/2025:08:23:30 -0400] "POST /wp-json/tdw/save_css HTTP/1.1" 401 98 "-" "curl/7.68.0"
89.248.172.183 - - [19/Oct/2025:08:23:31 -0400] "POST /wp-json/tdw/save_css HTTP/1.1" 401 98 "-" "curl/7.68.0"
89.248.172.183 - - [19/Oct/2025:08:23:31 -0400] "POST /wp-json/tdw/save_css HTTP/1.1" 401 98 "-" "curl/7.68.0"
89.248.172.183 - - [19/Oct/2025:08:23:31 -0400] "POST /wp-json/tdw/save_css HTTP/1.1" 401 98 "-" "curl/7.68.0"
89.248.172.183 - - [19/Oct/2025:08:23:32 -0400] "POST /wp-json/tdw/save_css HTTP/1.1" 401 98 "-" "curl/7.68.0"
89.248.172.183 - - [19/Oct/2025:08:23:32 -0400] "POST /wp-json/tdw/save_css HTTP/1.1" 401 98 "-" "curl/7.68.0"
89.248.172.183 - - [19/Oct/2025:08:23:32 -0400] "POST /wp-json/tdw/save_css HTTP/1.1" 401 98 "-" "curl/7.68.0"
89.248.172.183 - - [19/Oct/2025:08:23:33 -0400] "POST /wp-json/tdw/save_css HTTP/1.1" 401 98 "-" "curl/7.68.0"
89.248.172.183 - - [19/Oct/2025:08:23:33 -0400] "POST /wp-json/tdw/save_css HTTP/1.1" 401 98 "-" "curl/7.68.0"
89.248.172.183 - - [19/Oct/2025:08:23:34 -0400] "POST /wp-json/tdw/save_css HTTP/1.1" 401 98 "-" "curl/7.68.0"
89.248.172.183 - - [19/Oct/2025:08:23:34 -0400] "POST /wp-json/tdw/save_css HTTP/1.1" 401 98 "-" "curl/7.68.0"
89.248.172.183 - - [19/Oct/2025:08:23:34 -0400] "POST /wp-json/tdw/save_css HTTP/1.1" 401 98 "-" "curl/7.68.0"
89.248.172.183 - - [19/Oct/2025:08:23:35 -0400] "POST /wp-json/tdw/save_css HTTP/1.1" 401 98 "-" "curl/7.68.0"
89.248.172.183 - - [19/Oct/2025:08:23:35 -0400] "POST /wp-json/tdw/save_css HTTP/1.1" 401 98 "-" "curl/7.68.0"
89.248.172.183 - - [19/Oct/2025:08:23:35 -0400] "POST /wp-json/tdw/save_css HTTP/1.1" 401 98 "-" "curl/7.68.0"
89.248.172.183 - - [19/Oct/2025:08:23:36 -0400] "POST /wp-json/tdw/save_css HTTP/1.1" 401 98 "-" "curl/7.68.0"
89.248.172.183 - - [19/Oct/2025:08:23:36 -0400] "POST /wp-json/tdw/save_css HTTP/1.1" 401 98 "-" "curl/7.68.0"
66.116.199.115 - - [19/Oct/2025:08:23:37 -0400] "POST /wp-cron.php?doing_wp_cron=1760876617.8330059051513671875000 HTTP/1.1" 404 77061 "-" "WordPress/6.8.3; http://zovon.com"
89.248.172.183 - - [19/Oct/2025:08:23:37 -0400] "POST /wp-json/tdw/save_css HTTP/1.1" 401 98 "-" "curl/7.68.0"
89.248.172.183 - - [19/Oct/2025:08:23:38 -0400] "POST /wp-json/tdw/save_css HTTP/1.1" 401 98 "-" "curl/7.68.0"
89.248.172.183 - - [19/Oct/2025:08:23:39 -0400] "POST /wp-json/tdw/save_css HTTP/1.1" 401 98 "-" "curl/7.68.0"
89.248.172.183 - - [19/Oct/2025:08:23:40 -0400] "POST /wp-json/tdw/save_css HTTP/1.1" 401 98 "-" "curl/7.68.0"
89.248.172.183 - - [19/Oct/2025:08:23:41 -0400] "POST /wp-json/tdw/save_css HTTP/1.1" 401 98 "-" "curl/7.68.0"
89.248.172.183 - - [19/Oct/2025:08:23:42 -0400] "POST /wp-json/tdw/save_css HTTP/1.1" 401 98 "-" "curl/7.68.0"
89.248.172.183 - - [19/Oct/2025:08:23:43 -0400] "POST /wp-json/tdw/save_css HTTP/1.1" 401 98 "-" "curl/7.68.0"
89.248.172.183 - - [19/Oct/2025:08:23:44 -0400] "POST /wp-json/tdw/save_css HTTP/1.1" 401 98 "-" "curl/7.68.0"
89.248.172.183 - - [19/Oct/2025:08:23:45 -0400] "POST /wp-json/tdw/save_css HTTP/1.1" 401 98 "-" "curl/7.68.0"
89.248.172.183 - - [19/Oct/2025:08:23:46 -0400] "POST /wp-json/tdw/save_css HTTP/1.1" 401 98 "-" "curl/7.68.0"
89.248.172.183 - - [19/Oct/2025:08:23:48 -0400] "POST /wp-json/tdw/save_css HTTP/1.1" 401 98 "-" "curl/7.68.0"
89.248.172.183 - - [19/Oct/2025:08:23:49 -0400] "POST /wp-json/tdw/save_css HTTP/1.1" 401 98 "-" "curl/7.68.0"
89.248.172.183 - - [19/Oct/2025:08:23:50 -0400] "POST /wp-json/tdw/save_css HTTP/1.1" 401 98 "-" "curl/7.68.0"
89.248.172.183 - - [19/Oct/2025:08:23:51 -0400] "POST /wp-json/tdw/save_css HTTP/1.1" 401 98 "-" "curl/7.68.0"
89.248.172.183 - - [19/Oct/2025:08:23:51 -0400] "POST /wp-json/tdw/save_css HTTP/1.1" 401 98 "-" "curl/7.68.0"
89.248.172.183 - - [19/Oct/2025:08:23:53 -0400] "POST /wp-json/tdw/save_css HTTP/1.1" 401 98 "-" "curl/7.68.0"
89.248.172.183 - - [19/Oct/2025:08:23:54 -0400] "POST /wp-json/tdw/save_css HTTP/1.1" 401 98 "-" "curl/7.68.0"
89.248.172.183 - - [19/Oct/2025:08:23:55 -0400] "POST /wp-json/tdw/save_css HTTP/1.1" 401 98 "-" "curl/7.68.0"
89.248.172.183 - - [19/Oct/2025:08:23:56 -0400] "POST /wp-json/tdw/save_css HTTP/1.1" 401 98 "-" "curl/7.68.0"
89.248.172.183 - - [19/Oct/2025:08:23:56 -0400] "POST /wp-json/tdw/save_css HTTP/1.1" 401 98 "-" "curl/7.68.0"
89.248.172.183 - - [19/Oct/2025:08:23:57 -0400] "POST /wp-json/tdw/save_css HTTP/1.1" 401 98 "-" "curl/7.68.0"
89.248.172.183 - - [19/Oct/2025:08:23:57 -0400] "POST /wp-json/tdw/save_css HTTP/1.1" 401 98 "-" "curl/7.68.0"
89.248.172.183 - - [19/Oct/2025:08:23:57 -0400] "POST /wp-json/tdw/save_css HTTP/1.1" 401 98 "-" "curl/7.68.0"
89.248.172.183 - - [19/Oct/2025:08:23:57 -0400] "POST /wp-json/tdw/save_css HTTP/1.1" 401 98 "-" "curl/7.68.0"
89.248.172.183 - - [19/Oct/2025:08:23:58 -0400] "POST /wp-json/tdw/save_css HTTP/1.1" 401 98 "-" "curl/7.68.0"
89.248.172.183 - - [19/Oct/2025:08:23:58 -0400] "POST /wp-json/tdw/save_css HTTP/1.1" 401 98 "-" "curl/7.68.0"
89.248.172.183 - - [19/Oct/2025:08:23:58 -0400] "POST /wp-json/tdw/save_css HTTP/1.1" 401 98 "-" "curl/7.68.0"
89.248.172.183 - - [19/Oct/2025:08:23:58 -0400] "POST /wp-json/tdw/save_css HTTP/1.1" 401 98 "-" "curl/7.68.0"
89.248.172.183 - - [19/Oct/2025:08:23:59 -0400] "POST /wp-json/tdw/save_css HTTP/1.1" 401 98 "-" "curl/7.68.0"
89.248.172.183 - - [19/Oct/2025:08:23:59 -0400] "POST /wp-json/tdw/save_css HTTP/1.1" 401 98 "-" "curl/7.68.0"
89.248.172.183 - - [19/Oct/2025:08:23:59 -0400] "POST /wp-json/tdw/save_css HTTP/1.1" 401 98 "-" "curl/7.68.0"
89.248.172.183 - - [19/Oct/2025:08:24:00 -0400] "POST /wp-json/tdw/save_css HTTP/1.1" 401 98 "-" "curl/7.68.0"
89.248.172.183 - - [19/Oct/2025:08:24:00 -0400] "POST /wp-json/tdw/save_css HTTP/1.1" 401 98 "-" "curl/7.68.0"
89.248.172.183 - - [19/Oct/2025:08:24:00 -0400] "POST /wp-json/tdw/save_css HTTP/1.1" 401 98 "-" "curl/7.68.0"
89.248.172.183 - - [19/Oct/2025:08:24:00 -0400] "POST /wp-json/tdw/save_css HTTP/1.1" 401 98 "-" "curl/7.68.0"
89.248.172.183 - - [19/Oct/2025:08:24:01 -0400] "POST /wp-json/tdw/save_css HTTP/1.1" 401 98 "-" "curl/7.68.0"
89.248.172.183 - - [19/Oct/2025:08:24:01 -0400] "POST /wp-json/tdw/save_css HTTP/1.1" 401 98 "-" "curl/7.68.0"
89.248.172.183 - - [19/Oct/2025:08:24:01 -0400] "POST /wp-json/tdw/save_css HTTP/1.1" 401 98 "-" "curl/7.68.0"
89.248.172.183 - - [19/Oct/2025:08:24:02 -0400] "POST /wp-json/tdw/save_css HTTP/1.1" 401 98 "-" "curl/7.68.0"
89.248.172.183 - - [19/Oct/2025:08:24:02 -0400] "POST /wp-json/tdw/save_css HTTP/1.1" 401 98 "-" "curl/7.68.0"
89.248.172.183 - - [19/Oct/2025:08:24:02 -0400] "POST /wp-json/tdw/save_css HTTP/1.1" 401 98 "-" "curl/7.68.0"
89.248.172.183 - - [19/Oct/2025:08:24:02 -0400] "POST /wp-json/tdw/save_css HTTP/1.1" 401 98 "-" "curl/7.68.0"
89.248.172.183 - - [19/Oct/2025:08:24:03 -0400] "POST /wp-json/tdw/save_css HTTP/1.1" 401 98 "-" "curl/7.68.0"
89.248.172.183 - - [19/Oct/2025:08:24:03 -0400] "POST /wp-json/tdw/save_css HTTP/1.1" 401 98 "-" "curl/7.68.0"
89.248.172.183 - - [19/Oct/2025:08:24:03 -0400] "POST /wp-json/tdw/save_css HTTP/1.1" 401 98 "-" "curl/7.68.0"
89.248.172.183 - - [19/Oct/2025:08:24:04 -0400] "POST /wp-json/tdw/save_css HTTP/1.1" 401 98 "-" "curl/7.68.0"
89.248.172.183 - - [19/Oct/2025:08:24:04 -0400] "POST /wp-json/tdw/save_css HTTP/1.1" 401 98 "-" "curl/7.68.0"
89.248.172.183 - - [19/Oct/2025:08:24:04 -0400] "POST /wp-json/tdw/save_css HTTP/1.1" 401 98 "-" "curl/7.68.0"
89.248.172.183 - - [19/Oct/2025:08:24:04 -0400] "POST /wp-json/tdw/save_css HTTP/1.1" 401 98 "-" "curl/7.68.0"
89.248.172.183 - - [19/Oct/2025:08:24:05 -0400] "POST /wp-json/tdw/save_css HTTP/1.1" 401 98 "-" "curl/7.68.0"
89.248.172.183 - - [19/Oct/2025:08:24:05 -0400] "POST /wp-json/tdw/save_css HTTP/1.1" 401 98 "-" "curl/7.68.0"
89.248.172.183 - - [19/Oct/2025:08:24:05 -0400] "POST /wp-json/tdw/save_css HTTP/1.1" 401 98 "-" "curl/7.68.0"
89.248.172.183 - - [19/Oct/2025:08:24:06 -0400] "POST /wp-json/tdw/save_css HTTP/1.1" 401 98 "-" "curl/7.68.0"
89.248.172.183 - - [19/Oct/2025:08:24:06 -0400] "POST /wp-json/tdw/save_css HTTP/1.1" 401 98 "-" "curl/7.68.0"
89.248.172.183 - - [19/Oct/2025:08:24:06 -0400] "POST /wp-json/tdw/save_css HTTP/1.1" 401 98 "-" "curl/7.68.0"
66.249.79.131 - - [19/Oct/2025:08:24:06 -0400] "GET /?t=40733758edc59 HTTP/1.1" 301 - "-" "Mozilla/5.0 (Linux; Android 6.0.1; Nexus 5X Build/MMB29P) AppleWebKit/537.36 (KHTML, like Gecko) Chrome/140.0.7339.207 Mobile Safari/537.36 (compatible; Googlebot/2.1; +http://www.google.com/bot.html)"
89.248.172.183 - - [19/Oct/2025:08:24:07 -0400] "POST /wp-json/tdw/save_css HTTP/1.1" 401 98 "-" "curl/7.68.0"
89.248.172.183 - - [19/Oct/2025:08:24:07 -0400] "POST /wp-json/tdw/save_css HTTP/1.1" 401 98 "-" "curl/7.68.0"
66.249.68.2 - - [19/Oct/2025:08:24:07 -0400] "GET /?t=40733758edc59 HTTP/1.1" 200 74278 "-" "Mozilla/5.0 (Linux; Android 6.0.1; Nexus 5X Build/MMB29P) AppleWebKit/537.36 (KHTML, like Gecko) Chrome/140.0.7339.207 Mobile Safari/537.36 (compatible; Googlebot/2.1; +http://www.google.com/bot.html)"
89.248.172.183 - - [19/Oct/2025:08:24:07 -0400] "POST /wp-json/tdw/save_css HTTP/1.1" 401 98 "-" "curl/7.68.0"
89.248.172.183 - - [19/Oct/2025:08:24:07 -0400] "POST /wp-json/tdw/save_css HTTP/1.1" 401 98 "-" "curl/7.68.0"
89.248.172.183 - - [19/Oct/2025:08:24:08 -0400] "POST /wp-json/tdw/save_css HTTP/1.1" 401 98 "-" "curl/7.68.0"
89.248.172.183 - - [19/Oct/2025:08:24:08 -0400] "POST /wp-json/tdw/save_css HTTP/1.1" 401 98 "-" "curl/7.68.0"
89.248.172.183 - - [19/Oct/2025:08:24:08 -0400] "POST /wp-json/tdw/save_css HTTP/1.1" 401 98 "-" "curl/7.68.0"
89.248.172.183 - - [19/Oct/2025:08:24:08 -0400] "POST /wp-json/tdw/save_css HTTP/1.1" 401 98 "-" "curl/7.68.0"
89.248.172.183 - - [19/Oct/2025:08:24:09 -0400] "POST /wp-json/tdw/save_css HTTP/1.1" 401 98 "-" "curl/7.68.0"
89.248.172.183 - - [19/Oct/2025:08:24:09 -0400] "POST /wp-json/tdw/save_css HTTP/1.1" 401 98 "-" "curl/7.68.0"
89.248.172.183 - - [19/Oct/2025:08:24:09 -0400] "POST /wp-json/tdw/save_css HTTP/1.1" 401 98 "-" "curl/7.68.0"
89.248.172.183 - - [19/Oct/2025:08:24:10 -0400] "POST /wp-json/tdw/save_css HTTP/1.1" 401 98 "-" "curl/7.68.0"
89.248.172.183 - - [19/Oct/2025:08:24:10 -0400] "POST /wp-json/tdw/save_css HTTP/1.1" 401 98 "-" "curl/7.68.0"
89.248.172.183 - - [19/Oct/2025:08:24:10 -0400] "POST /wp-json/tdw/save_css HTTP/1.1" 401 98 "-" "curl/7.68.0"
89.248.172.183 - - [19/Oct/2025:08:24:10 -0400] "POST /wp-json/tdw/save_css HTTP/1.1" 401 98 "-" "curl/7.68.0"
89.248.172.183 - - [19/Oct/2025:08:24:11 -0400] "POST /wp-json/tdw/save_css HTTP/1.1" 401 98 "-" "curl/7.68.0"
89.248.172.183 - - [19/Oct/2025:08:24:11 -0400] "POST /wp-json/tdw/save_css HTTP/1.1" 401 98 "-" "curl/7.68.0"
89.248.172.183 - - [19/Oct/2025:08:24:12 -0400] "POST /wp-json/tdw/save_css HTTP/1.1" 401 98 "-" "curl/7.68.0"
89.248.172.183 - - [19/Oct/2025:08:24:12 -0400] "POST /wp-json/tdw/save_css HTTP/1.1" 401 98 "-" "curl/7.68.0"
89.248.172.183 - - [19/Oct/2025:08:24:13 -0400] "POST /wp-json/tdw/save_css HTTP/1.1" 401 98 "-" "curl/7.68.0"
89.248.172.183 - - [19/Oct/2025:08:24:13 -0400] "POST /wp-json/tdw/save_css HTTP/1.1" 401 98 "-" "curl/7.68.0"
89.248.172.183 - - [19/Oct/2025:08:24:14 -0400] "POST /wp-json/tdw/save_css HTTP/1.1" 401 98 "-" "curl/7.68.0"
89.248.172.183 - - [19/Oct/2025:08:24:14 -0400] "POST /wp-json/tdw/save_css HTTP/1.1" 401 98 "-" "curl/7.68.0"
89.248.172.183 - - [19/Oct/2025:08:24:14 -0400] "POST /wp-json/tdw/save_css HTTP/1.1" 401 98 "-" "curl/7.68.0"
72.167.33.20 - - [19/Oct/2025:08:24:15 -0400] "POST /xmlrpc.php HTTP/1.1" 404 77061 "http://zovon.com" "Mozilla/5.0 (Windows NT 10.0; Win64; x64) AppleWebKit/537.36 (KHTML, like Gecko) Chrome/113.0.5672.126 Safari/537.36 Edg/113.0.1774.50"
89.248.172.183 - - [19/Oct/2025:08:24:15 -0400] "POST /wp-json/tdw/save_css HTTP/1.1" 401 98 "-" "curl/7.68.0"
89.248.172.183 - - [19/Oct/2025:08:24:16 -0400] "POST /wp-json/tdw/save_css HTTP/1.1" 401 98 "-" "curl/7.68.0"
89.248.172.183 - - [19/Oct/2025:08:24:16 -0400] "POST /wp-json/tdw/save_css HTTP/1.1" 401 98 "-" "curl/7.68.0"
89.248.172.183 - - [19/Oct/2025:08:24:16 -0400] "POST /wp-json/tdw/save_css HTTP/1.1" 401 98 "-" "curl/7.68.0"
89.248.172.183 - - [19/Oct/2025:08:24:17 -0400] "POST /wp-json/tdw/save_css HTTP/1.1" 401 98 "-" "curl/7.68.0"
89.248.172.183 - - [19/Oct/2025:08:24:18 -0400] "POST /wp-json/tdw/save_css HTTP/1.1" 401 98 "-" "curl/7.68.0"
89.248.172.183 - - [19/Oct/2025:08:24:19 -0400] "POST /wp-json/tdw/save_css HTTP/1.1" 401 98 "-" "curl/7.68.0"
89.248.172.183 - - [19/Oct/2025:08:24:21 -0400] "POST /wp-json/tdw/save_css HTTP/1.1" 401 98 "-" "curl/7.68.0"
89.248.172.183 - - [19/Oct/2025:08:24:22 -0400] "POST /wp-json/tdw/save_css HTTP/1.1" 401 98 "-" "curl/7.68.0"
89.248.172.183 - - [19/Oct/2025:08:24:23 -0400] "POST /wp-json/tdw/save_css HTTP/1.1" 401 98 "-" "curl/7.68.0"
89.248.172.183 - - [19/Oct/2025:08:24:24 -0400] "POST /wp-json/tdw/save_css HTTP/1.1" 401 98 "-" "curl/7.68.0"
89.248.172.183 - - [19/Oct/2025:08:24:24 -0400] "POST /wp-json/tdw/save_css HTTP/1.1" 401 98 "-" "curl/7.68.0"
89.248.172.183 - - [19/Oct/2025:08:24:25 -0400] "POST /wp-json/tdw/save_css HTTP/1.1" 401 98 "-" "curl/7.68.0"
89.248.172.183 - - [19/Oct/2025:08:24:27 -0400] "POST /wp-json/tdw/save_css HTTP/1.1" 401 98 "-" "curl/7.68.0"
89.248.172.183 - - [19/Oct/2025:08:24:28 -0400] "POST /wp-json/tdw/save_css HTTP/1.1" 401 98 "-" "curl/7.68.0"
89.248.172.183 - - [19/Oct/2025:08:24:29 -0400] "POST /wp-json/tdw/save_css HTTP/1.1" 401 98 "-" "curl/7.68.0"
89.248.172.183 - - [19/Oct/2025:08:24:30 -0400] "POST /wp-json/tdw/save_css HTTP/1.1" 401 98 "-" "curl/7.68.0"
89.248.172.183 - - [19/Oct/2025:08:24:31 -0400] "POST /wp-json/tdw/save_css HTTP/1.1" 401 98 "-" "curl/7.68.0"
89.248.172.183 - - [19/Oct/2025:08:24:32 -0400] "POST /wp-json/tdw/save_css HTTP/1.1" 401 98 "-" "curl/7.68.0"
89.248.172.183 - - [19/Oct/2025:08:24:39 -0400] "POST /wp-json/tdw/save_css HTTP/1.1" 401 98 "-" "curl/7.68.0"
89.248.172.183 - - [19/Oct/2025:08:24:39 -0400] "POST /wp-json/tdw/save_css HTTP/1.1" 401 98 "-" "curl/7.68.0"
89.248.172.183 - - [19/Oct/2025:08:24:40 -0400] "POST /wp-json/tdw/save_css HTTP/1.1" 401 98 "-" "curl/7.68.0"
89.248.172.183 - - [19/Oct/2025:08:24:40 -0400] "POST /wp-json/tdw/save_css HTTP/1.1" 401 98 "-" "curl/7.68.0"
89.248.172.183 - - [19/Oct/2025:08:24:40 -0400] "POST /wp-json/tdw/save_css HTTP/1.1" 401 98 "-" "curl/7.68.0"
89.248.172.183 - - [19/Oct/2025:08:24:40 -0400] "POST /wp-json/tdw/save_css HTTP/1.1" 401 98 "-" "curl/7.68.0"
89.248.172.183 - - [19/Oct/2025:08:24:40 -0400] "POST /wp-json/tdw/save_css HTTP/1.1" 401 98 "-" "curl/7.68.0"
89.248.172.183 - - [19/Oct/2025:08:24:41 -0400] "POST /wp-json/tdw/save_css HTTP/1.1" 401 98 "-" "curl/7.68.0"
89.248.172.183 - - [19/Oct/2025:08:24:41 -0400] "POST /wp-json/tdw/save_css HTTP/1.1" 401 98 "-" "curl/7.68.0"
89.248.172.183 - - [19/Oct/2025:08:24:41 -0400] "POST /wp-json/tdw/save_css HTTP/1.1" 401 98 "-" "curl/7.68.0"
89.248.172.183 - - [19/Oct/2025:08:24:41 -0400] "POST /wp-json/tdw/save_css HTTP/1.1" 401 98 "-" "curl/7.68.0"
89.248.172.183 - - [19/Oct/2025:08:24:41 -0400] "POST /wp-json/tdw/save_css HTTP/1.1" 401 98 "-" "curl/7.68.0"
89.248.172.183 - - [19/Oct/2025:08:24:41 -0400] "POST /wp-json/tdw/save_css HTTP/1.1" 401 98 "-" "curl/7.68.0"
89.248.172.183 - - [19/Oct/2025:08:24:42 -0400] "POST /wp-json/tdw/save_css HTTP/1.1" 401 98 "-" "curl/7.68.0"
