89.248.172.183 - - [19/Oct/2025:08:54:15 -0400] "POST /wp-json/tdw/save_css HTTP/1.1" 401 98 "-" "curl/7.68.0"
216.244.66.237 - - [19/Oct/2025:08:54:16 -0400] "GET /popular-topics/eye-opening-guide-good-bad-fats/feed/ HTTP/1.1" 200 833 "-" "Mozilla/5.0 (compatible; DotBot/1.2; +https://opensiteexplorer.org/dotbot; [email protected])"
89.248.172.183 - - [19/Oct/2025:08:54:16 -0400] "POST /wp-json/tdw/save_css HTTP/1.1" 401 98 "-" "curl/7.68.0"
66.249.68.1 - - [19/Oct/2025:08:54:16 -0400] "GET /34/ HTTP/1.1" 200 44558 "-" "Mozilla/5.0 (Linux; Android 6.0.1; Nexus 5X Build/MMB29P) AppleWebKit/537.36 (KHTML, like Gecko) Chrome/140.0.7339.207 Mobile Safari/537.36 (compatible; Googlebot/2.1; +http://www.google.com/bot.html)"
89.248.172.183 - - [19/Oct/2025:08:54:16 -0400] "POST /wp-json/tdw/save_css HTTP/1.1" 401 98 "-" "curl/7.68.0"
89.248.172.183 - - [19/Oct/2025:08:54:16 -0400] "POST /wp-json/tdw/save_css HTTP/1.1" 401 98 "-" "curl/7.68.0"
89.248.172.183 - - [19/Oct/2025:08:54:18 -0400] "POST /wp-json/tdw/save_css HTTP/1.1" 401 98 "-" "curl/7.68.0"
89.248.172.183 - - [19/Oct/2025:08:54:18 -0400] "POST /wp-json/tdw/save_css HTTP/1.1" 401 98 "-" "curl/7.68.0"
89.248.172.183 - - [19/Oct/2025:08:54:18 -0400] "POST /wp-json/tdw/save_css HTTP/1.1" 401 98 "-" "curl/7.68.0"
89.248.172.183 - - [19/Oct/2025:08:54:18 -0400] "POST /wp-json/tdw/save_css HTTP/1.1" 401 98 "-" "curl/7.68.0"
89.248.172.183 - - [19/Oct/2025:08:54:19 -0400] "POST /wp-json/tdw/save_css HTTP/1.1" 401 98 "-" "curl/7.68.0"
89.248.172.183 - - [19/Oct/2025:08:54:19 -0400] "POST /wp-json/tdw/save_css HTTP/1.1" 401 98 "-" "curl/7.68.0"
89.248.172.183 - - [19/Oct/2025:08:54:20 -0400] "POST /wp-json/tdw/save_css HTTP/1.1" 401 98 "-" "curl/7.68.0"
89.248.172.183 - - [19/Oct/2025:08:54:21 -0400] "POST /wp-json/tdw/save_css HTTP/1.1" 401 98 "-" "curl/7.68.0"
89.248.172.183 - - [19/Oct/2025:08:54:21 -0400] "POST /wp-json/tdw/save_css HTTP/1.1" 401 98 "-" "curl/7.68.0"
89.248.172.183 - - [19/Oct/2025:08:54:22 -0400] "POST /wp-json/tdw/save_css HTTP/1.1" 401 98 "-" "curl/7.68.0"
89.248.172.183 - - [19/Oct/2025:08:54:22 -0400] "POST /wp-json/tdw/save_css HTTP/1.1" 401 98 "-" "curl/7.68.0"
89.248.172.183 - - [19/Oct/2025:08:54:23 -0400] "POST /wp-json/tdw/save_css HTTP/1.1" 401 98 "-" "curl/7.68.0"
89.248.172.183 - - [19/Oct/2025:08:54:24 -0400] "POST /wp-json/tdw/save_css HTTP/1.1" 401 98 "-" "curl/7.68.0"
89.248.172.183 - - [19/Oct/2025:08:54:24 -0400] "POST /wp-json/tdw/save_css HTTP/1.1" 401 98 "-" "curl/7.68.0"
66.249.68.1 - - [19/Oct/2025:08:54:24 -0400] "GET /page/3/?t=05713702254055fc HTTP/1.1" 200 68128 "-" "Mozilla/5.0 (Linux; Android 6.0.1; Nexus 5X Build/MMB29P) AppleWebKit/537.36 (KHTML, like Gecko) Chrome/140.0.7339.207 Mobile Safari/537.36 (compatible; GoogleOther)"
89.248.172.183 - - [19/Oct/2025:08:54:25 -0400] "POST /wp-json/tdw/save_css HTTP/1.1" 401 98 "-" "curl/7.68.0"
89.248.172.183 - - [19/Oct/2025:08:54:25 -0400] "POST /wp-json/tdw/save_css HTTP/1.1" 401 98 "-" "curl/7.68.0"
89.248.172.183 - - [19/Oct/2025:08:54:26 -0400] "POST /wp-json/tdw/save_css HTTP/1.1" 401 98 "-" "curl/7.68.0"
89.248.172.183 - - [19/Oct/2025:08:54:26 -0400] "POST /wp-json/tdw/save_css HTTP/1.1" 401 98 "-" "curl/7.68.0"
89.248.172.183 - - [19/Oct/2025:08:54:27 -0400] "POST /wp-json/tdw/save_css HTTP/1.1" 401 98 "-" "curl/7.68.0"
89.248.172.183 - - [19/Oct/2025:08:54:27 -0400] "POST /wp-json/tdw/save_css HTTP/1.1" 401 98 "-" "curl/7.68.0"
89.248.172.183 - - [19/Oct/2025:08:54:28 -0400] "POST /wp-json/tdw/save_css HTTP/1.1" 401 98 "-" "curl/7.68.0"
89.248.172.183 - - [19/Oct/2025:08:54:28 -0400] "POST /wp-json/tdw/save_css HTTP/1.1" 401 98 "-" "curl/7.68.0"
89.248.172.183 - - [19/Oct/2025:08:54:29 -0400] "POST /wp-json/tdw/save_css HTTP/1.1" 401 98 "-" "curl/7.68.0"
89.248.172.183 - - [19/Oct/2025:08:54:29 -0400] "POST /wp-json/tdw/save_css HTTP/1.1" 401 98 "-" "curl/7.68.0"
89.248.172.183 - - [19/Oct/2025:08:54:30 -0400] "POST /wp-json/tdw/save_css HTTP/1.1" 401 98 "-" "curl/7.68.0"
89.248.172.183 - - [19/Oct/2025:08:54:30 -0400] "POST /wp-json/tdw/save_css HTTP/1.1" 401 98 "-" "curl/7.68.0"
89.248.172.183 - - [19/Oct/2025:08:54:31 -0400] "POST /wp-json/tdw/save_css HTTP/1.1" 401 98 "-" "curl/7.68.0"
89.248.172.183 - - [19/Oct/2025:08:54:31 -0400] "POST /wp-json/tdw/save_css HTTP/1.1" 401 98 "-" "curl/7.68.0"
89.248.172.183 - - [19/Oct/2025:08:54:32 -0400] "POST /wp-json/tdw/save_css HTTP/1.1" 401 98 "-" "curl/7.68.0"
89.248.172.183 - - [19/Oct/2025:08:54:32 -0400] "POST /wp-json/tdw/save_css HTTP/1.1" 401 98 "-" "curl/7.68.0"
66.249.79.130 - - [19/Oct/2025:08:54:33 -0400] "GET /?t=0971956761c6018e HTTP/1.1" 301 - "-" "Mozilla/5.0 (Linux; Android 6.0.1; Nexus 5X Build/MMB29P) AppleWebKit/537.36 (KHTML, like Gecko) Chrome/140.0.7339.207 Mobile Safari/537.36 (compatible; GoogleOther)"
89.248.172.183 - - [19/Oct/2025:08:54:33 -0400] "POST /wp-json/tdw/save_css HTTP/1.1" 401 98 "-" "curl/7.68.0"
89.248.172.183 - - [19/Oct/2025:08:54:33 -0400] "POST /wp-json/tdw/save_css HTTP/1.1" 401 98 "-" "curl/7.68.0"
89.248.172.183 - - [19/Oct/2025:08:54:34 -0400] "POST /wp-json/tdw/save_css HTTP/1.1" 401 98 "-" "curl/7.68.0"
89.248.172.183 - - [19/Oct/2025:08:54:35 -0400] "POST /wp-json/tdw/save_css HTTP/1.1" 401 98 "-" "curl/7.68.0"
89.248.172.183 - - [19/Oct/2025:08:54:36 -0400] "POST /wp-json/tdw/save_css HTTP/1.1" 401 98 "-" "curl/7.68.0"
89.248.172.183 - - [19/Oct/2025:08:54:37 -0400] "POST /wp-json/tdw/save_css HTTP/1.1" 401 98 "-" "curl/7.68.0"
66.249.68.1 - - [19/Oct/2025:08:54:37 -0400] "GET /page/2/?t=294475265b2f057 HTTP/1.1" 200 67939 "-" "Mozilla/5.0 (Linux; Android 6.0.1; Nexus 5X Build/MMB29P) AppleWebKit/537.36 (KHTML, like Gecko) Chrome/140.0.7339.207 Mobile Safari/537.36 (compatible; GoogleOther)"
89.248.172.183 - - [19/Oct/2025:08:54:38 -0400] "POST /wp-json/tdw/save_css HTTP/1.1" 401 98 "-" "curl/7.68.0"
89.248.172.183 - - [19/Oct/2025:08:54:39 -0400] "POST /wp-json/tdw/save_css HTTP/1.1" 401 98 "-" "curl/7.68.0"
89.248.172.183 - - [19/Oct/2025:08:54:40 -0400] "POST /wp-json/tdw/save_css HTTP/1.1" 401 98 "-" "curl/7.68.0"
89.248.172.183 - - [19/Oct/2025:08:54:41 -0400] "POST /wp-json/tdw/save_css HTTP/1.1" 401 98 "-" "curl/7.68.0"
89.248.172.183 - - [19/Oct/2025:08:54:42 -0400] "POST /wp-json/tdw/save_css HTTP/1.1" 401 98 "-" "curl/7.68.0"
89.248.172.183 - - [19/Oct/2025:08:54:43 -0400] "POST /wp-json/tdw/save_css HTTP/1.1" 401 98 "-" "curl/7.68.0"
216.244.66.237 - - [19/Oct/2025:08:54:44 -0400] "GET /wp-content/uploads/2016/02/Will-Messi-meet-this-Plastic-Bag-Boy%E2%80%99from-Afghanistan1.jpg HTTP/1.1" 200 92622 "-" "Mozilla/5.0 (compatible; DotBot/1.2; +https://opensiteexplorer.org/dotbot; [email protected])"
66.249.68.1 - - [19/Oct/2025:08:54:50 -0400] "GET /?t=4031655654c2a241 HTTP/1.1" 200 74290 "-" "Mozilla/5.0 (Linux; Android 6.0.1; Nexus 5X Build/MMB29P) AppleWebKit/537.36 (KHTML, like Gecko) Chrome/140.0.7339.207 Mobile Safari/537.36 (compatible; GoogleOther)"
89.248.172.183 - - [19/Oct/2025:08:54:50 -0400] "POST /wp-json/tdw/save_css HTTP/1.1" 401 98 "-" "curl/7.68.0"
89.248.172.183 - - [19/Oct/2025:08:54:51 -0400] "POST /wp-json/tdw/save_css HTTP/1.1" 401 98 "-" "curl/7.68.0"
89.248.172.183 - - [19/Oct/2025:08:54:51 -0400] "POST /wp-json/tdw/save_css HTTP/1.1" 401 98 "-" "curl/7.68.0"
89.248.172.183 - - [19/Oct/2025:08:54:52 -0400] "POST /wp-json/tdw/save_css HTTP/1.1" 401 98 "-" "curl/7.68.0"
89.248.172.183 - - [19/Oct/2025:08:54:52 -0400] "POST /wp-json/tdw/save_css HTTP/1.1" 401 98 "-" "curl/7.68.0"
89.248.172.183 - - [19/Oct/2025:08:54:52 -0400] "POST /wp-json/tdw/save_css HTTP/1.1" 401 98 "-" "curl/7.68.0"
89.248.172.183 - - [19/Oct/2025:08:54:53 -0400] "POST /wp-json/tdw/save_css HTTP/1.1" 401 98 "-" "curl/7.68.0"
89.248.172.183 - - [19/Oct/2025:08:54:53 -0400] "POST /wp-json/tdw/save_css HTTP/1.1" 401 98 "-" "curl/7.68.0"
89.248.172.183 - - [19/Oct/2025:08:54:53 -0400] "POST /wp-json/tdw/save_css HTTP/1.1" 401 98 "-" "curl/7.68.0"
89.248.172.183 - - [19/Oct/2025:08:54:54 -0400] "POST /wp-json/tdw/save_css HTTP/1.1" 401 98 "-" "curl/7.68.0"
89.248.172.183 - - [19/Oct/2025:08:54:54 -0400] "POST /wp-json/tdw/save_css HTTP/1.1" 401 98 "-" "curl/7.68.0"
89.248.172.183 - - [19/Oct/2025:08:54:55 -0400] "POST /wp-json/tdw/save_css HTTP/1.1" 401 98 "-" "curl/7.68.0"
89.248.172.183 - - [19/Oct/2025:08:54:55 -0400] "POST /wp-json/tdw/save_css HTTP/1.1" 401 98 "-" "curl/7.68.0"
89.248.172.183 - - [19/Oct/2025:08:54:55 -0400] "POST /wp-json/tdw/save_css HTTP/1.1" 401 98 "-" "curl/7.68.0"
89.248.172.183 - - [19/Oct/2025:08:54:56 -0400] "POST /wp-json/tdw/save_css HTTP/1.1" 401 98 "-" "curl/7.68.0"
89.248.172.183 - - [19/Oct/2025:08:54:56 -0400] "POST /wp-json/tdw/save_css HTTP/1.1" 401 98 "-" "curl/7.68.0"
89.248.172.183 - - [19/Oct/2025:08:54:57 -0400] "POST /wp-json/tdw/save_css HTTP/1.1" 401 98 "-" "curl/7.68.0"
89.248.172.183 - - [19/Oct/2025:08:54:57 -0400] "POST /wp-json/tdw/save_css HTTP/1.1" 401 98 "-" "curl/7.68.0"
89.248.172.183 - - [19/Oct/2025:08:54:57 -0400] "POST /wp-json/tdw/save_css HTTP/1.1" 401 98 "-" "curl/7.68.0"
89.248.172.183 - - [19/Oct/2025:08:54:58 -0400] "POST /wp-json/tdw/save_css HTTP/1.1" 401 98 "-" "curl/7.68.0"
89.248.172.183 - - [19/Oct/2025:08:54:58 -0400] "POST /wp-json/tdw/save_css HTTP/1.1" 401 98 "-" "curl/7.68.0"
89.248.172.183 - - [19/Oct/2025:08:54:59 -0400] "POST /wp-json/tdw/save_css HTTP/1.1" 401 98 "-" "curl/7.68.0"
89.248.172.183 - - [19/Oct/2025:08:54:59 -0400] "POST /wp-json/tdw/save_css HTTP/1.1" 401 98 "-" "curl/7.68.0"
89.248.172.183 - - [19/Oct/2025:08:54:59 -0400] "POST /wp-json/tdw/save_css HTTP/1.1" 401 98 "-" "curl/7.68.0"
89.248.172.183 - - [19/Oct/2025:08:55:00 -0400] "POST /wp-json/tdw/save_css HTTP/1.1" 401 98 "-" "curl/7.68.0"
89.248.172.183 - - [19/Oct/2025:08:55:02 -0400] "POST /wp-json/tdw/save_css HTTP/1.1" 401 98 "-" "curl/7.68.0"
89.248.172.183 - - [19/Oct/2025:08:55:02 -0400] "POST /wp-json/tdw/save_css HTTP/1.1" 401 98 "-" "curl/7.68.0"
89.248.172.183 - - [19/Oct/2025:08:55:03 -0400] "POST /wp-json/tdw/save_css HTTP/1.1" 401 98 "-" "curl/7.68.0"
89.248.172.183 - - [19/Oct/2025:08:55:04 -0400] "POST /wp-json/tdw/save_css HTTP/1.1" 401 98 "-" "curl/7.68.0"
89.248.172.183 - - [19/Oct/2025:08:55:05 -0400] "POST /wp-json/tdw/save_css HTTP/1.1" 401 98 "-" "curl/7.68.0"
89.248.172.183 - - [19/Oct/2025:08:55:07 -0400] "POST /wp-json/tdw/save_css HTTP/1.1" 401 98 "-" "curl/7.68.0"
89.248.172.183 - - [19/Oct/2025:08:55:08 -0400] "POST /wp-json/tdw/save_css HTTP/1.1" 401 98 "-" "curl/7.68.0"
66.249.68.2 - - [19/Oct/2025:08:55:08 -0400] "GET /?t=0971956761c6018e HTTP/1.1" 200 74290 "-" "Mozilla/5.0 (Linux; Android 6.0.1; Nexus 5X Build/MMB29P) AppleWebKit/537.36 (KHTML, like Gecko) Chrome/140.0.7339.207 Mobile Safari/537.36 (compatible; GoogleOther)"
89.248.172.183 - - [19/Oct/2025:08:55:08 -0400] "POST /wp-json/tdw/save_css HTTP/1.1" 401 98 "-" "curl/7.68.0"
89.248.172.183 - - [19/Oct/2025:08:55:10 -0400] "POST /wp-json/tdw/save_css HTTP/1.1" 401 98 "-" "curl/7.68.0"
89.248.172.183 - - [19/Oct/2025:08:55:11 -0400] "POST /wp-json/tdw/save_css HTTP/1.1" 401 98 "-" "curl/7.68.0"
89.248.172.183 - - [19/Oct/2025:08:55:11 -0400] "POST /wp-json/tdw/save_css HTTP/1.1" 401 98 "-" "curl/7.68.0"
89.248.172.183 - - [19/Oct/2025:08:55:12 -0400] "POST /wp-json/tdw/save_css HTTP/1.1" 401 98 "-" "curl/7.68.0"
89.248.172.183 - - [19/Oct/2025:08:55:12 -0400] "POST /wp-json/tdw/save_css HTTP/1.1" 401 98 "-" "curl/7.68.0"
89.248.172.183 - - [19/Oct/2025:08:55:12 -0400] "POST /wp-json/tdw/save_css HTTP/1.1" 401 98 "-" "curl/7.68.0"
216.244.66.237 - - [19/Oct/2025:08:55:12 -0400] "GET /wp-content/uploads/2016/03/Awe-Inspiring-Masterpieces-of-Nature-That-Really-Exist-10.jpeg HTTP/1.1" 200 161422 "-" "Mozilla/5.0 (compatible; DotBot/1.2; +https://opensiteexplorer.org/dotbot; [email protected])"
89.248.172.183 - - [19/Oct/2025:08:55:13 -0400] "POST /wp-json/tdw/save_css HTTP/1.1" 401 98 "-" "curl/7.68.0"
66.249.68.1 - - [19/Oct/2025:08:55:13 -0400] "GET /page/2/?t=983177922708c0d1 HTTP/1.1" 200 67944 "-" "Mozilla/5.0 (Linux; Android 6.0.1; Nexus 5X Build/MMB29P) AppleWebKit/537.36 (KHTML, like Gecko) Chrome/140.0.7339.207 Mobile Safari/537.36 (compatible; GoogleOther)"
89.248.172.183 - - [19/Oct/2025:08:55:13 -0400] "POST /wp-json/tdw/save_css HTTP/1.1" 401 98 "-" "curl/7.68.0"
89.248.172.183 - - [19/Oct/2025:08:55:13 -0400] "POST /wp-json/tdw/save_css HTTP/1.1" 401 98 "-" "curl/7.68.0"
89.248.172.183 - - [19/Oct/2025:08:55:13 -0400] "POST /wp-json/tdw/save_css HTTP/1.1" 401 98 "-" "curl/7.68.0"
89.248.172.183 - - [19/Oct/2025:08:55:14 -0400] "POST /wp-json/tdw/save_css HTTP/1.1" 401 98 "-" "curl/7.68.0"
89.248.172.183 - - [19/Oct/2025:08:55:14 -0400] "POST /wp-json/tdw/save_css HTTP/1.1" 401 98 "-" "curl/7.68.0"
89.248.172.183 - - [19/Oct/2025:08:55:14 -0400] "POST /wp-json/tdw/save_css HTTP/1.1" 401 98 "-" "curl/7.68.0"
89.248.172.183 - - [19/Oct/2025:08:55:15 -0400] "POST /wp-json/tdw/save_css HTTP/1.1" 401 98 "-" "curl/7.68.0"
89.248.172.183 - - [19/Oct/2025:08:55:15 -0400] "POST /wp-json/tdw/save_css HTTP/1.1" 401 98 "-" "curl/7.68.0"
89.248.172.183 - - [19/Oct/2025:08:55:15 -0400] "POST /wp-json/tdw/save_css HTTP/1.1" 401 98 "-" "curl/7.68.0"
89.248.172.183 - - [19/Oct/2025:08:55:15 -0400] "POST /wp-json/tdw/save_css HTTP/1.1" 401 98 "-" "curl/7.68.0"
89.248.172.183 - - [19/Oct/2025:08:55:16 -0400] "POST /wp-json/tdw/save_css HTTP/1.1" 401 98 "-" "curl/7.68.0"
89.248.172.183 - - [19/Oct/2025:08:55:16 -0400] "POST /wp-json/tdw/save_css HTTP/1.1" 401 98 "-" "curl/7.68.0"
89.248.172.183 - - [19/Oct/2025:08:55:16 -0400] "POST /wp-json/tdw/save_css HTTP/1.1" 401 98 "-" "curl/7.68.0"
89.248.172.183 - - [19/Oct/2025:08:55:17 -0400] "POST /wp-json/tdw/save_css HTTP/1.1" 401 98 "-" "curl/7.68.0"
89.248.172.183 - - [19/Oct/2025:08:55:17 -0400] "POST /wp-json/tdw/save_css HTTP/1.1" 401 98 "-" "curl/7.68.0"
89.248.172.183 - - [19/Oct/2025:08:55:17 -0400] "POST /wp-json/tdw/save_css HTTP/1.1" 401 98 "-" "curl/7.68.0"
89.248.172.183 - - [19/Oct/2025:08:55:17 -0400] "POST /wp-json/tdw/save_css HTTP/1.1" 401 98 "-" "curl/7.68.0"
89.248.172.183 - - [19/Oct/2025:08:55:18 -0400] "POST /wp-json/tdw/save_css HTTP/1.1" 401 98 "-" "curl/7.68.0"
89.248.172.183 - - [19/Oct/2025:08:55:18 -0400] "POST /wp-json/tdw/save_css HTTP/1.1" 401 98 "-" "curl/7.68.0"
89.248.172.183 - - [19/Oct/2025:08:55:18 -0400] "POST /wp-json/tdw/save_css HTTP/1.1" 401 98 "-" "curl/7.68.0"
89.248.172.183 - - [19/Oct/2025:08:55:19 -0400] "POST /wp-json/tdw/save_css HTTP/1.1" 401 98 "-" "curl/7.68.0"
89.248.172.183 - - [19/Oct/2025:08:55:19 -0400] "POST /wp-json/tdw/save_css HTTP/1.1" 401 98 "-" "curl/7.68.0"
89.248.172.183 - - [19/Oct/2025:08:55:19 -0400] "POST /wp-json/tdw/save_css HTTP/1.1" 401 98 "-" "curl/7.68.0"
89.248.172.183 - - [19/Oct/2025:08:55:19 -0400] "POST /wp-json/tdw/save_css HTTP/1.1" 401 98 "-" "curl/7.68.0"
89.248.172.183 - - [19/Oct/2025:08:55:20 -0400] "POST /wp-json/tdw/save_css HTTP/1.1" 401 98 "-" "curl/7.68.0"
89.248.172.183 - - [19/Oct/2025:08:55:20 -0400] "POST /wp-json/tdw/save_css HTTP/1.1" 401 98 "-" "curl/7.68.0"
89.248.172.183 - - [19/Oct/2025:08:55:20 -0400] "POST /wp-json/tdw/save_css HTTP/1.1" 401 98 "-" "curl/7.68.0"
89.248.172.183 - - [19/Oct/2025:08:55:21 -0400] "POST /wp-json/tdw/save_css HTTP/1.1" 401 98 "-" "curl/7.68.0"
89.248.172.183 - - [19/Oct/2025:08:55:21 -0400] "POST /wp-json/tdw/save_css HTTP/1.1" 401 98 "-" "curl/7.68.0"
89.248.172.183 - - [19/Oct/2025:08:55:21 -0400] "POST /wp-json/tdw/save_css HTTP/1.1" 401 98 "-" "curl/7.68.0"
89.248.172.183 - - [19/Oct/2025:08:55:22 -0400] "POST /wp-json/tdw/save_css HTTP/1.1" 401 98 "-" "curl/7.68.0"
89.248.172.183 - - [19/Oct/2025:08:55:22 -0400] "POST /wp-json/tdw/save_css HTTP/1.1" 401 98 "-" "curl/7.68.0"
66.249.68.1 - - [19/Oct/2025:08:55:22 -0400] "GET /page/2/?t=05713702254055fc HTTP/1.1" 200 67944 "-" "Mozilla/5.0 (Linux; Android 6.0.1; Nexus 5X Build/MMB29P) AppleWebKit/537.36 (KHTML, like Gecko) Chrome/140.0.7339.207 Mobile Safari/537.36 (compatible; GoogleOther)"
89.248.172.183 - - [19/Oct/2025:08:55:22 -0400] "POST /wp-json/tdw/save_css HTTP/1.1" 401 98 "-" "curl/7.68.0"
89.248.172.183 - - [19/Oct/2025:08:55:23 -0400] "POST /wp-json/tdw/save_css HTTP/1.1" 401 98 "-" "curl/7.68.0"
89.248.172.183 - - [19/Oct/2025:08:55:23 -0400] "POST /wp-json/tdw/save_css HTTP/1.1" 401 98 "-" "curl/7.68.0"
89.248.172.183 - - [19/Oct/2025:08:55:23 -0400] "POST /wp-json/tdw/save_css HTTP/1.1" 401 98 "-" "curl/7.68.0"
89.248.172.183 - - [19/Oct/2025:08:55:23 -0400] "POST /wp-json/tdw/save_css HTTP/1.1" 401 98 "-" "curl/7.68.0"
89.248.172.183 - - [19/Oct/2025:08:55:24 -0400] "POST /wp-json/tdw/save_css HTTP/1.1" 401 98 "-" "curl/7.68.0"
89.248.172.183 - - [19/Oct/2025:08:55:24 -0400] "POST /wp-json/tdw/save_css HTTP/1.1" 401 98 "-" "curl/7.68.0"
89.248.172.183 - - [19/Oct/2025:08:55:24 -0400] "POST /wp-json/tdw/save_css HTTP/1.1" 401 98 "-" "curl/7.68.0"
89.248.172.183 - - [19/Oct/2025:08:55:25 -0400] "POST /wp-json/tdw/save_css HTTP/1.1" 401 98 "-" "curl/7.68.0"
89.248.172.183 - - [19/Oct/2025:08:55:25 -0400] "POST /wp-json/tdw/save_css HTTP/1.1" 401 98 "-" "curl/7.68.0"
89.248.172.183 - - [19/Oct/2025:08:55:25 -0400] "POST /wp-json/tdw/save_css HTTP/1.1" 401 98 "-" "curl/7.68.0"
89.248.172.183 - - [19/Oct/2025:08:55:25 -0400] "POST /wp-json/tdw/save_css HTTP/1.1" 401 98 "-" "curl/7.68.0"
89.248.172.183 - - [19/Oct/2025:08:55:26 -0400] "POST /wp-json/tdw/save_css HTTP/1.1" 401 98 "-" "curl/7.68.0"
89.248.172.183 - - [19/Oct/2025:08:55:26 -0400] "POST /wp-json/tdw/save_css HTTP/1.1" 401 98 "-" "curl/7.68.0"
89.248.172.183 - - [19/Oct/2025:08:55:26 -0400] "POST /wp-json/tdw/save_css HTTP/1.1" 401 98 "-" "curl/7.68.0"
89.248.172.183 - - [19/Oct/2025:08:55:27 -0400] "POST /wp-json/tdw/save_css HTTP/1.1" 401 98 "-" "curl/7.68.0"
66.249.79.132 - - [19/Oct/2025:08:55:27 -0400] "GET /?t=8681583605438256 HTTP/1.1" 301 - "-" "Mozilla/5.0 (Linux; Android 6.0.1; Nexus 5X Build/MMB29P) AppleWebKit/537.36 (KHTML, like Gecko) Chrome/140.0.7339.207 Mobile Safari/537.36 (compatible; GoogleOther)"
89.248.172.183 - - [19/Oct/2025:08:55:27 -0400] "POST /wp-json/tdw/save_css HTTP/1.1" 401 98 "-" "curl/7.68.0"
89.248.172.183 - - [19/Oct/2025:08:55:27 -0400] "POST /wp-json/tdw/save_css HTTP/1.1" 401 98 "-" "curl/7.68.0"
89.248.172.183 - - [19/Oct/2025:08:55:28 -0400] "POST /wp-json/tdw/save_css HTTP/1.1" 401 98 "-" "curl/7.68.0"
89.248.172.183 - - [19/Oct/2025:08:55:28 -0400] "POST /wp-json/tdw/save_css HTTP/1.1" 401 98 "-" "curl/7.68.0"
89.248.172.183 - - [19/Oct/2025:08:55:29 -0400] "POST /wp-json/tdw/save_css HTTP/1.1" 401 98 "-" "curl/7.68.0"
89.248.172.183 - - [19/Oct/2025:08:55:29 -0400] "POST /wp-json/tdw/save_css HTTP/1.1" 401 98 "-" "curl/7.68.0"
89.248.172.183 - - [19/Oct/2025:08:55:30 -0400] "POST /wp-json/tdw/save_css HTTP/1.1" 401 98 "-" "curl/7.68.0"
89.248.172.183 - - [19/Oct/2025:08:55:30 -0400] "POST /wp-json/tdw/save_css HTTP/1.1" 401 98 "-" "curl/7.68.0"
89.248.172.183 - - [19/Oct/2025:08:55:31 -0400] "POST /wp-json/tdw/save_css HTTP/1.1" 401 98 "-" "curl/7.68.0"
89.248.172.183 - - [19/Oct/2025:08:55:31 -0400] "POST /wp-json/tdw/save_css HTTP/1.1" 401 98 "-" "curl/7.68.0"
89.248.172.183 - - [19/Oct/2025:08:55:32 -0400] "POST /wp-json/tdw/save_css HTTP/1.1" 401 98 "-" "curl/7.68.0"
89.248.172.183 - - [19/Oct/2025:08:55:33 -0400] "POST /wp-json/tdw/save_css HTTP/1.1" 401 98 "-" "curl/7.68.0"
89.248.172.183 - - [19/Oct/2025:08:55:33 -0400] "POST /wp-json/tdw/save_css HTTP/1.1" 401 98 "-" "curl/7.68.0"
89.248.172.183 - - [19/Oct/2025:08:55:34 -0400] "POST /wp-json/tdw/save_css HTTP/1.1" 401 98 "-" "curl/7.68.0"
89.248.172.183 - - [19/Oct/2025:08:55:34 -0400] "POST /wp-json/tdw/save_css HTTP/1.1" 401 98 "-" "curl/7.68.0"
89.248.172.183 - - [19/Oct/2025:08:55:35 -0400] "POST /wp-json/tdw/save_css HTTP/1.1" 401 98 "-" "curl/7.68.0"
89.248.172.183 - - [19/Oct/2025:08:55:35 -0400] "POST /wp-json/tdw/save_css HTTP/1.1" 401 98 "-" "curl/7.68.0"
89.248.172.183 - - [19/Oct/2025:08:55:36 -0400] "POST /wp-json/tdw/save_css HTTP/1.1" 401 98 "-" "curl/7.68.0"
89.248.172.183 - - [19/Oct/2025:08:55:36 -0400] "POST /wp-json/tdw/save_css HTTP/1.1" 401 98 "-" "curl/7.68.0"
89.248.172.183 - - [19/Oct/2025:08:55:37 -0400] "POST /wp-json/tdw/save_css HTTP/1.1" 401 98 "-" "curl/7.68.0"
89.248.172.183 - - [19/Oct/2025:08:55:38 -0400] "POST /wp-json/tdw/save_css HTTP/1.1" 401 98 "-" "curl/7.68.0"
89.248.172.183 - - [19/Oct/2025:08:55:38 -0400] "POST /wp-json/tdw/save_css HTTP/1.1" 401 98 "-" "curl/7.68.0"
89.248.172.183 - - [19/Oct/2025:08:55:39 -0400] "POST /wp-json/tdw/save_css HTTP/1.1" 401 98 "-" "curl/7.68.0"
216.244.66.237 - - [19/Oct/2025:08:55:39 -0400] "GET /wp-content/uploads/2016/05/Blac-Chyna-pregnant-with-Rob-Kardashian.jpg HTTP/1.1" 200 96580 "-" "Mozilla/5.0 (compatible; DotBot/1.2; +https://opensiteexplorer.org/dotbot; [email protected])"
89.248.172.183 - - [19/Oct/2025:08:55:39 -0400] "POST /wp-json/tdw/save_css HTTP/1.1" 401 98 "-" "curl/7.68.0"
89.248.172.183 - - [19/Oct/2025:08:55:41 -0400] "POST /wp-json/tdw/save_css HTTP/1.1" 401 98 "-" "curl/7.68.0"
89.248.172.183 - - [19/Oct/2025:08:55:42 -0400] "POST /wp-json/tdw/save_css HTTP/1.1" 401 98 "-" "curl/7.68.0"
89.248.172.183 - - [19/Oct/2025:08:55:43 -0400] "POST /wp-json/tdw/save_css HTTP/1.1" 401 98 "-" "curl/7.68.0"
89.248.172.183 - - [19/Oct/2025:08:55:44 -0400] "POST /wp-json/tdw/save_css HTTP/1.1" 401 98 "-" "curl/7.68.0"
66.249.68.1 - - [19/Oct/2025:08:55:44 -0400] "GET /page/2/?t=6271799597af16b8 HTTP/1.1" 200 67944 "-" "Mozilla/5.0 (Linux; Android 6.0.1; Nexus 5X Build/MMB29P) AppleWebKit/537.36 (KHTML, like Gecko) Chrome/140.0.7339.207 Mobile Safari/537.36 (compatible; GoogleOther)"
89.248.172.183 - - [19/Oct/2025:08:55:45 -0400] "POST /wp-json/tdw/save_css HTTP/1.1" 401 98 "-" "curl/7.68.0"
89.248.172.183 - - [19/Oct/2025:08:55:46 -0400] "POST /wp-json/tdw/save_css HTTP/1.1" 401 98 "-" "curl/7.68.0"
89.248.172.183 - - [19/Oct/2025:08:55:47 -0400] "POST /wp-json/tdw/save_css HTTP/1.1" 401 98 "-" "curl/7.68.0"
89.248.172.183 - - [19/Oct/2025:08:55:48 -0400] "POST /wp-json/tdw/save_css HTTP/1.1" 401 98 "-" "curl/7.68.0"
66.249.68.1 - - [19/Oct/2025:08:55:57 -0400] "GET /page/2/?t=12612650045976f9 HTTP/1.1" 200 67944 "-" "Mozilla/5.0 (Linux; Android 6.0.1; Nexus 5X Build/MMB29P) AppleWebKit/537.36 (KHTML, like Gecko) Chrome/140.0.7339.207 Mobile Safari/537.36 (compatible; GoogleOther)"
89.248.172.183 - - [19/Oct/2025:08:56:01 -0400] "POST /wp-json/tdw/save_css HTTP/1.1" 401 98 "-" "curl/7.68.0"
66.249.68.3 - - [19/Oct/2025:08:56:01 -0400] "GET /?t=8681583605438256 HTTP/1.1" 200 74290 "-" "Mozilla/5.0 (Linux; Android 6.0.1; Nexus 5X Build/MMB29P) AppleWebKit/537.36 (KHTML, like Gecko) Chrome/140.0.7339.207 Mobile Safari/537.36 (compatible; GoogleOther)"
89.248.172.183 - - [19/Oct/2025:08:56:01 -0400] "POST /wp-json/tdw/save_css HTTP/1.1" 401 98 "-" "curl/7.68.0"
89.248.172.183 - - [19/Oct/2025:08:56:02 -0400] "POST /wp-json/tdw/save_css HTTP/1.1" 401 98 "-" "curl/7.68.0"
89.248.172.183 - - [19/Oct/2025:08:56:02 -0400] "POST /wp-json/tdw/save_css HTTP/1.1" 401 98 "-" "curl/7.68.0"
89.248.172.183 - - [19/Oct/2025:08:56:03 -0400] "POST /wp-json/tdw/save_css HTTP/1.1" 401 98 "-" "curl/7.68.0"
89.248.172.183 - - [19/Oct/2025:08:56:03 -0400] "POST /wp-json/tdw/save_css HTTP/1.1" 401 98 "-" "curl/7.68.0"
89.248.172.183 - - [19/Oct/2025:08:56:03 -0400] "POST /wp-json/tdw/save_css HTTP/1.1" 401 98 "-" "curl/7.68.0"
89.248.172.183 - - [19/Oct/2025:08:56:04 -0400] "POST /wp-json/tdw/save_css HTTP/1.1" 401 98 "-" "curl/7.68.0"
89.248.172.183 - - [19/Oct/2025:08:56:04 -0400] "POST /wp-json/tdw/save_css HTTP/1.1" 401 98 "-" "curl/7.68.0"
216.244.66.237 - - [19/Oct/2025:08:56:04 -0400] "GET /wp-content/uploads/2017/07/Top-10-Television-Comedy-Series-You-Must-Watch-5.jpg HTTP/1.1" 200 104552 "-" "Mozilla/5.0 (compatible; DotBot/1.2; +https://opensiteexplorer.org/dotbot; [email protected])"
89.248.172.183 - - [19/Oct/2025:08:56:05 -0400] "POST /wp-json/tdw/save_css HTTP/1.1" 401 98 "-" "curl/7.68.0"
89.248.172.183 - - [19/Oct/2025:08:56:05 -0400] "POST /wp-json/tdw/save_css HTTP/1.1" 401 98 "-" "curl/7.68.0"
89.248.172.183 - - [19/Oct/2025:08:56:05 -0400] "POST /wp-json/tdw/save_css HTTP/1.1" 401 98 "-" "curl/7.68.0"
89.248.172.183 - - [19/Oct/2025:08:56:06 -0400] "POST /wp-json/tdw/save_css HTTP/1.1" 401 98 "-" "curl/7.68.0"
89.248.172.183 - - [19/Oct/2025:08:56:06 -0400] "POST /wp-json/tdw/save_css HTTP/1.1" 401 98 "-" "curl/7.68.0"
89.248.172.183 - - [19/Oct/2025:08:56:07 -0400] "POST /wp-json/tdw/save_css HTTP/1.1" 401 98 "-" "curl/7.68.0"
89.248.172.183 - - [19/Oct/2025:08:56:07 -0400] "POST /wp-json/tdw/save_css HTTP/1.1" 401 98 "-" "curl/7.68.0"
89.248.172.183 - - [19/Oct/2025:08:56:07 -0400] "POST /wp-json/tdw/save_css HTTP/1.1" 401 98 "-" "curl/7.68.0"
89.248.172.183 - - [19/Oct/2025:08:56:08 -0400] "POST /wp-json/tdw/save_css HTTP/1.1" 401 98 "-" "curl/7.68.0"
89.248.172.183 - - [19/Oct/2025:08:56:08 -0400] "POST /wp-json/tdw/save_css HTTP/1.1" 401 98 "-" "curl/7.68.0"
89.248.172.183 - - [19/Oct/2025:08:56:08 -0400] "POST /wp-json/tdw/save_css HTTP/1.1" 401 98 "-" "curl/7.68.0"
89.248.172.183 - - [19/Oct/2025:08:56:08 -0400] "POST /wp-json/tdw/save_css HTTP/1.1" 401 98 "-" "curl/7.68.0"
89.248.172.183 - - [19/Oct/2025:08:56:08 -0400] "POST /wp-json/tdw/save_css HTTP/1.1" 401 98 "-" "curl/7.68.0"
89.248.172.183 - - [19/Oct/2025:08:56:08 -0400] "POST /wp-json/tdw/save_css HTTP/1.1" 401 98 "-" "curl/7.68.0"
89.248.172.183 - - [19/Oct/2025:08:56:09 -0400] "POST /wp-json/tdw/save_css HTTP/1.1" 401 98 "-" "curl/7.68.0"
89.248.172.183 - - [19/Oct/2025:08:56:09 -0400] "POST /wp-json/tdw/save_css HTTP/1.1" 401 98 "-" "curl/7.68.0"
89.248.172.183 - - [19/Oct/2025:08:56:09 -0400] "POST /wp-json/tdw/save_css HTTP/1.1" 401 98 "-" "curl/7.68.0"
89.248.172.183 - - [19/Oct/2025:08:56:09 -0400] "POST /wp-json/tdw/save_css HTTP/1.1" 401 98 "-" "curl/7.68.0"
89.248.172.183 - - [19/Oct/2025:08:56:09 -0400] "POST /wp-json/tdw/save_css HTTP/1.1" 401 98 "-" "curl/7.68.0"
89.248.172.183 - - [19/Oct/2025:08:56:10 -0400] "POST /wp-json/tdw/save_css HTTP/1.1" 401 98 "-" "curl/7.68.0"
89.248.172.183 - - [19/Oct/2025:08:56:10 -0400] "POST /wp-json/tdw/save_css HTTP/1.1" 401 98 "-" "curl/7.68.0"
89.248.172.183 - - [19/Oct/2025:08:56:10 -0400] "POST /wp-json/tdw/save_css HTTP/1.1" 401 98 "-" "curl/7.68.0"
66.249.68.1 - - [19/Oct/2025:08:56:10 -0400] "GET /page/110/?t=188833694b7f88e HTTP/1.1" 200 43534 "-" "Mozilla/5.0 (Linux; Android 6.0.1; Nexus 5X Build/MMB29P) AppleWebKit/537.36 (KHTML, like Gecko) Chrome/140.0.7339.207 Mobile Safari/537.36 (compatible; GoogleOther)"
89.248.172.183 - - [19/Oct/2025:08:56:10 -0400] "POST /wp-json/tdw/save_css HTTP/1.1" 401 98 "-" "curl/7.68.0"
89.248.172.183 - - [19/Oct/2025:08:56:11 -0400] "POST /wp-json/tdw/save_css HTTP/1.1" 401 98 "-" "curl/7.68.0"
89.248.172.183 - - [19/Oct/2025:08:56:11 -0400] "POST /wp-json/tdw/save_css HTTP/1.1" 401 98 "-" "curl/7.68.0"
89.248.172.183 - - [19/Oct/2025:08:56:11 -0400] "POST /wp-json/tdw/save_css HTTP/1.1" 401 98 "-" "curl/7.68.0"
89.248.172.183 - - [19/Oct/2025:08:56:11 -0400] "POST /wp-json/tdw/save_css HTTP/1.1" 401 98 "-" "curl/7.68.0"
89.248.172.183 - - [19/Oct/2025:08:56:11 -0400] "POST /wp-json/tdw/save_css HTTP/1.1" 401 98 "-" "curl/7.68.0"
89.248.172.183 - - [19/Oct/2025:08:56:11 -0400] "POST /wp-json/tdw/save_css HTTP/1.1" 401 98 "-" "curl/7.68.0"
89.248.172.183 - - [19/Oct/2025:08:56:11 -0400] "POST /wp-json/tdw/save_css HTTP/1.1" 401 98 "-" "curl/7.68.0"
89.248.172.183 - - [19/Oct/2025:08:56:12 -0400] "POST /wp-json/tdw/save_css HTTP/1.1" 401 98 "-" "curl/7.68.0"
89.248.172.183 - - [19/Oct/2025:08:56:12 -0400] "POST /wp-json/tdw/save_css HTTP/1.1" 401 98 "-" "curl/7.68.0"
89.248.172.183 - - [19/Oct/2025:08:56:12 -0400] "POST /wp-json/tdw/save_css HTTP/1.1" 401 98 "-" "curl/7.68.0"
89.248.172.183 - - [19/Oct/2025:08:56:13 -0400] "POST /wp-json/tdw/save_css HTTP/1.1" 401 98 "-" "curl/7.68.0"
89.248.172.183 - - [19/Oct/2025:08:56:13 -0400] "POST /wp-json/tdw/save_css HTTP/1.1" 401 98 "-" "curl/7.68.0"
89.248.172.183 - - [19/Oct/2025:08:56:13 -0400] "POST /wp-json/tdw/save_css HTTP/1.1" 401 98 "-" "curl/7.68.0"
89.248.172.183 - - [19/Oct/2025:08:56:14 -0400] "POST /wp-json/tdw/save_css HTTP/1.1" 401 98 "-" "curl/7.68.0"
89.248.172.183 - - [19/Oct/2025:08:56:14 -0400] "POST /wp-json/tdw/save_css HTTP/1.1" 401 98 "-" "curl/7.68.0"
89.248.172.183 - - [19/Oct/2025:08:56:14 -0400] "POST /wp-json/tdw/save_css HTTP/1.1" 401 98 "-" "curl/7.68.0"
89.248.172.183 - - [19/Oct/2025:08:56:14 -0400] "POST /wp-json/tdw/save_css HTTP/1.1" 401 98 "-" "curl/7.68.0"
89.248.172.183 - - [19/Oct/2025:08:56:15 -0400] "POST /wp-json/tdw/save_css HTTP/1.1" 401 98 "-" "curl/7.68.0"
89.248.172.183 - - [19/Oct/2025:08:56:15 -0400] "POST /wp-json/tdw/save_css HTTP/1.1" 401 98 "-" "curl/7.68.0"
89.248.172.183 - - [19/Oct/2025:08:56:15 -0400] "POST /wp-json/tdw/save_css HTTP/1.1" 401 98 "-" "curl/7.68.0"
89.248.172.183 - - [19/Oct/2025:08:56:16 -0400] "POST /wp-json/tdw/save_css HTTP/1.1" 401 98 "-" "curl/7.68.0"
89.248.172.183 - - [19/Oct/2025:08:56:16 -0400] "POST /wp-json/tdw/save_css HTTP/1.1" 401 98 "-" "curl/7.68.0"
89.248.172.183 - - [19/Oct/2025:08:56:17 -0400] "POST /wp-json/tdw/save_css HTTP/1.1" 401 98 "-" "curl/7.68.0"
89.248.172.183 - - [19/Oct/2025:08:56:17 -0400] "POST /wp-json/tdw/save_css HTTP/1.1" 401 98 "-" "curl/7.68.0"
89.248.172.183 - - [19/Oct/2025:08:56:17 -0400] "POST /wp-json/tdw/save_css HTTP/1.1" 401 98 "-" "curl/7.68.0"
89.248.172.183 - - [19/Oct/2025:08:56:18 -0400] "POST /wp-json/tdw/save_css HTTP/1.1" 401 98 "-" "curl/7.68.0"
89.248.172.183 - - [19/Oct/2025:08:56:18 -0400] "POST /wp-json/tdw/save_css HTTP/1.1" 401 98 "-" "curl/7.68.0"
89.248.172.183 - - [19/Oct/2025:08:56:18 -0400] "POST /wp-json/tdw/save_css HTTP/1.1" 401 98 "-" "curl/7.68.0"
89.248.172.183 - - [19/Oct/2025:08:56:18 -0400] "POST /wp-json/tdw/save_css HTTP/1.1" 401 98 "-" "curl/7.68.0"
89.248.172.183 - - [19/Oct/2025:08:56:19 -0400] "POST /wp-json/tdw/save_css HTTP/1.1" 401 98 "-" "curl/7.68.0"
89.248.172.183 - - [19/Oct/2025:08:56:19 -0400] "POST /wp-json/tdw/save_css HTTP/1.1" 401 98 "-" "curl/7.68.0"
89.248.172.183 - - [19/Oct/2025:08:56:20 -0400] "POST /wp-json/tdw/save_css HTTP/1.1" 401 98 "-" "curl/7.68.0"
89.248.172.183 - - [19/Oct/2025:08:56:20 -0400] "POST /wp-json/tdw/save_css HTTP/1.1" 401 98 "-" "curl/7.68.0"
89.248.172.183 - - [19/Oct/2025:08:56:20 -0400] "POST /wp-json/tdw/save_css HTTP/1.1" 401 98 "-" "curl/7.68.0"
89.248.172.183 - - [19/Oct/2025:08:56:21 -0400] "POST /wp-json/tdw/save_css HTTP/1.1" 401 98 "-" "curl/7.68.0"
89.248.172.183 - - [19/Oct/2025:08:56:21 -0400] "POST /wp-json/tdw/save_css HTTP/1.1" 401 98 "-" "curl/7.68.0"
89.248.172.183 - - [19/Oct/2025:08:56:22 -0400] "POST /wp-json/tdw/save_css HTTP/1.1" 401 98 "-" "curl/7.68.0"
89.248.172.183 - - [19/Oct/2025:08:56:22 -0400] "POST /wp-json/tdw/save_css HTTP/1.1" 401 98 "-" "curl/7.68.0"
89.248.172.183 - - [19/Oct/2025:08:56:23 -0400] "POST /wp-json/tdw/save_css HTTP/1.1" 401 98 "-" "curl/7.68.0"
89.248.172.183 - - [19/Oct/2025:08:56:23 -0400] "POST /wp-json/tdw/save_css HTTP/1.1" 401 98 "-" "curl/7.68.0"
89.248.172.183 - - [19/Oct/2025:08:56:24 -0400] "POST /wp-json/tdw/save_css HTTP/1.1" 401 98 "-" "curl/7.68.0"
89.248.172.183 - - [19/Oct/2025:08:56:24 -0400] "POST /wp-json/tdw/save_css HTTP/1.1" 401 98 "-" "curl/7.68.0"
89.248.172.183 - - [19/Oct/2025:08:56:25 -0400] "POST /wp-json/tdw/save_css HTTP/1.1" 401 98 "-" "curl/7.68.0"
89.248.172.183 - - [19/Oct/2025:08:56:25 -0400] "POST /wp-json/tdw/save_css HTTP/1.1" 401 98 "-" "curl/7.68.0"
89.248.172.183 - - [19/Oct/2025:08:56:26 -0400] "POST /wp-json/tdw/save_css HTTP/1.1" 401 98 "-" "curl/7.68.0"
89.248.172.183 - - [19/Oct/2025:08:56:26 -0400] "POST /wp-json/tdw/save_css HTTP/1.1" 401 98 "-" "curl/7.68.0"
89.248.172.183 - - [19/Oct/2025:08:56:27 -0400] "POST /wp-json/tdw/save_css HTTP/1.1" 401 98 "-" "curl/7.68.0"
89.248.172.183 - - [19/Oct/2025:08:56:27 -0400] "POST /wp-json/tdw/save_css HTTP/1.1" 401 98 "-" "curl/7.68.0"
89.248.172.183 - - [19/Oct/2025:08:56:28 -0400] "POST /wp-json/tdw/save_css HTTP/1.1" 401 98 "-" "curl/7.68.0"
89.248.172.183 - - [19/Oct/2025:08:56:28 -0400] "POST /wp-json/tdw/save_css HTTP/1.1" 401 98 "-" "curl/7.68.0"
66.249.68.1 - - [19/Oct/2025:08:56:29 -0400] "GET /page/3/?t=3011086152e86126 HTTP/1.1" 200 68128 "-" "Mozilla/5.0 (Linux; Android 6.0.1; Nexus 5X Build/MMB29P) AppleWebKit/537.36 (KHTML, like Gecko) Chrome/140.0.7339.207 Mobile Safari/537.36 (compatible; GoogleOther)"
216.244.66.237 - - [19/Oct/2025:08:56:29 -0400] "GET /wp-content/uploads/2017/08/10-Hollywood-Celebrities-Who-Were-Pregnant-While-Filming-cover.jpg HTTP/1.1" 200 94911 "-" "Mozilla/5.0 (compatible; DotBot/1.2; +https://opensiteexplorer.org/dotbot; [email protected])"
89.248.172.183 - - [19/Oct/2025:08:56:29 -0400] "POST /wp-json/tdw/save_css HTTP/1.1" 401 98 "-" "curl/7.68.0"
89.248.172.183 - - [19/Oct/2025:08:56:29 -0400] "POST /wp-json/tdw/save_css HTTP/1.1" 401 98 "-" "curl/7.68.0"
89.248.172.183 - - [19/Oct/2025:08:56:30 -0400] "POST /wp-json/tdw/save_css HTTP/1.1" 401 98 "-" "curl/7.68.0"
89.248.172.183 - - [19/Oct/2025:08:56:31 -0400] "POST /wp-json/tdw/save_css HTTP/1.1" 401 98 "-" "curl/7.68.0"
89.248.172.183 - - [19/Oct/2025:08:56:31 -0400] "POST /wp-json/tdw/save_css HTTP/1.1" 401 98 "-" "curl/7.68.0"
89.248.172.183 - - [19/Oct/2025:08:56:32 -0400] "POST /wp-json/tdw/save_css HTTP/1.1" 401 98 "-" "curl/7.68.0"
89.248.172.183 - - [19/Oct/2025:08:56:32 -0400] "POST /wp-json/tdw/save_css HTTP/1.1" 401 98 "-" "curl/7.68.0"
89.248.172.183 - - [19/Oct/2025:08:56:33 -0400] "POST /wp-json/tdw/save_css HTTP/1.1" 401 98 "-" "curl/7.68.0"
66.249.68.1 - - [19/Oct/2025:08:56:33 -0400] "GET /page/110/?t=12612650045976f9 HTTP/1.1" 200 43534 "-" "Mozilla/5.0 (Linux; Android 6.0.1; Nexus 5X Build/MMB29P) AppleWebKit/537.36 (KHTML, like Gecko) Chrome/140.0.7339.207 Mobile Safari/537.36 (compatible; GoogleOther)"
89.248.172.183 - - [19/Oct/2025:08:56:33 -0400] "POST /wp-json/tdw/save_css HTTP/1.1" 401 98 "-" "curl/7.68.0"
89.248.172.183 - - [19/Oct/2025:08:56:34 -0400] "POST /wp-json/tdw/save_css HTTP/1.1" 401 98 "-" "curl/7.68.0"
89.248.172.183 - - [19/Oct/2025:08:56:34 -0400] "POST /wp-json/tdw/save_css HTTP/1.1" 401 98 "-" "curl/7.68.0"
89.248.172.183 - - [19/Oct/2025:08:56:35 -0400] "POST /wp-json/tdw/save_css HTTP/1.1" 401 98 "-" "curl/7.68.0"
89.248.172.183 - - [19/Oct/2025:08:56:35 -0400] "POST /wp-json/tdw/save_css HTTP/1.1" 401 98 "-" "curl/7.68.0"
89.248.172.183 - - [19/Oct/2025:08:56:36 -0400] "POST /wp-json/tdw/save_css HTTP/1.1" 401 98 "-" "curl/7.68.0"
89.248.172.183 - - [19/Oct/2025:08:56:36 -0400] "POST /wp-json/tdw/save_css HTTP/1.1" 401 98 "-" "curl/7.68.0"
89.248.172.183 - - [19/Oct/2025:08:56:37 -0400] "POST /wp-json/tdw/save_css HTTP/1.1" 401 98 "-" "curl/7.68.0"
89.248.172.183 - - [19/Oct/2025:08:56:37 -0400] "POST /wp-json/tdw/save_css HTTP/1.1" 401 98 "-" "curl/7.68.0"
66.249.79.130 - - [19/Oct/2025:08:56:38 -0400] "GET /?t=4239953707d2791 HTTP/1.1" 301 - "-" "Mozilla/5.0 (Linux; Android 6.0.1; Nexus 5X Build/MMB29P) AppleWebKit/537.36 (KHTML, like Gecko) Chrome/140.0.7339.207 Mobile Safari/537.36 (compatible; GoogleOther)"
89.248.172.183 - - [19/Oct/2025:08:56:38 -0400] "POST /wp-json/tdw/save_css HTTP/1.1" 401 98 "-" "curl/7.68.0"
89.248.172.183 - - [19/Oct/2025:08:56:38 -0400] "POST /wp-json/tdw/save_css HTTP/1.1" 401 98 "-" "curl/7.68.0"
89.248.172.183 - - [19/Oct/2025:08:56:39 -0400] "POST /wp-json/tdw/save_css HTTP/1.1" 401 98 "-" "curl/7.68.0"
89.248.172.183 - - [19/Oct/2025:08:56:39 -0400] "POST /wp-json/tdw/save_css HTTP/1.1" 401 98 "-" "curl/7.68.0"
89.248.172.183 - - [19/Oct/2025:08:56:40 -0400] "POST /wp-json/tdw/save_css HTTP/1.1" 401 98 "-" "curl/7.68.0"
89.248.172.183 - - [19/Oct/2025:08:56:40 -0400] "POST /wp-json/tdw/save_css HTTP/1.1" 401 98 "-" "curl/7.68.0"
89.248.172.183 - - [19/Oct/2025:08:56:41 -0400] "POST /wp-json/tdw/save_css HTTP/1.1" 401 98 "-" "curl/7.68.0"
89.248.172.183 - - [19/Oct/2025:08:56:41 -0400] "POST /wp-json/tdw/save_css HTTP/1.1" 401 98 "-" "curl/7.68.0"
89.248.172.183 - - [19/Oct/2025:08:56:42 -0400] "POST /wp-json/tdw/save_css HTTP/1.1" 401 98 "-" "curl/7.68.0"
66.249.68.1 - - [19/Oct/2025:08:56:42 -0400] "GET /page/2/?t=3011086152e86126 HTTP/1.1" 200 67944 "-" "Mozilla/5.0 (Linux; Android 6.0.1; Nexus 5X Build/MMB29P) AppleWebKit/537.36 (KHTML, like Gecko) Chrome/140.0.7339.207 Mobile Safari/537.36 (compatible; GoogleOther)"
89.248.172.183 - - [19/Oct/2025:08:56:42 -0400] "POST /wp-json/tdw/save_css HTTP/1.1" 401 98 "-" "curl/7.68.0"
89.248.172.183 - - [19/Oct/2025:08:56:43 -0400] "POST /wp-json/tdw/save_css HTTP/1.1" 401 98 "-" "curl/7.68.0"
89.248.172.183 - - [19/Oct/2025:08:56:43 -0400] "POST /wp-json/tdw/save_css HTTP/1.1" 401 98 "-" "curl/7.68.0"
89.248.172.183 - - [19/Oct/2025:08:56:44 -0400] "POST /wp-json/tdw/save_css HTTP/1.1" 401 98 "-" "curl/7.68.0"
157.90.156.63 - - [19/Oct/2025:08:56:45 -0400] "HEAD / HTTP/1.1" 200 - "http://zovon.com" "Mozilla/5.0+(compatible; UptimeRobot/2.0; http://www.uptimerobot.com/)"
89.248.172.183 - - [19/Oct/2025:08:56:45 -0400] "POST /wp-json/tdw/save_css HTTP/1.1" 401 98 "-" "curl/7.68.0"
66.249.68.1 - - [19/Oct/2025:08:56:46 -0400] "GET /page/110/?t=483970608e8e40c HTTP/1.1" 200 43534 "-" "Mozilla/5.0 (Linux; Android 6.0.1; Nexus 5X Build/MMB29P) AppleWebKit/537.36 (KHTML, like Gecko) Chrome/140.0.7339.207 Mobile Safari/537.36 (compatible; GoogleOther)"
89.248.172.183 - - [19/Oct/2025:08:56:46 -0400] "POST /wp-json/tdw/save_css HTTP/1.1" 401 98 "-" "curl/7.68.0"
66.116.199.115 - - [19/Oct/2025:08:56:47 -0400] "POST /wp-cron.php?doing_wp_cron=1760878607.6371080875396728515625 HTTP/1.1" 404 77061 "-" "WordPress/6.8.3; http://zovon.com"
89.248.172.183 - - [19/Oct/2025:08:56:47 -0400] "POST /wp-json/tdw/save_css HTTP/1.1" 401 98 "-" "curl/7.68.0"
89.248.172.183 - - [19/Oct/2025:08:56:48 -0400] "POST /wp-json/tdw/save_css HTTP/1.1" 401 98 "-" "curl/7.68.0"
89.248.172.183 - - [19/Oct/2025:08:56:49 -0400] "POST /wp-json/tdw/save_css HTTP/1.1" 401 98 "-" "curl/7.68.0"
89.248.172.183 - - [19/Oct/2025:08:56:50 -0400] "POST /wp-json/tdw/save_css HTTP/1.1" 401 98 "-" "curl/7.68.0"
89.248.172.183 - - [19/Oct/2025:08:56:51 -0400] "POST /wp-json/tdw/save_css HTTP/1.1" 401 98 "-" "curl/7.68.0"
216.244.66.237 - - [19/Oct/2025:08:56:52 -0400] "GET /wp-content/uploads/2017/08/6-Signs-Show-That-Kim-Kardashian-And-Kanye-West-Marriage-Is-In-Trouble-cover.jpg HTTP/1.1" 200 152110 "-" "Mozilla/5.0 (compatible; DotBot/1.2; +https://opensiteexplorer.org/dotbot; [email protected])"
89.248.172.183 - - [19/Oct/2025:08:56:54 -0400] "POST /wp-json/tdw/save_css HTTP/1.1" 401 98 "-" "curl/7.68.0"
89.248.172.183 - - [19/Oct/2025:08:56:55 -0400] "POST /wp-json/tdw/save_css HTTP/1.1" 401 98 "-" "curl/7.68.0"
89.248.172.183 - - [19/Oct/2025:08:56:55 -0400] "POST /wp-json/tdw/save_css HTTP/1.1" 401 98 "-" "curl/7.68.0"
89.248.172.183 - - [19/Oct/2025:08:56:57 -0400] "POST /wp-json/tdw/save_css HTTP/1.1" 401 98 "-" "curl/7.68.0"
89.248.172.183 - - [19/Oct/2025:08:56:58 -0400] "POST /wp-json/tdw/save_css HTTP/1.1" 401 98 "-" "curl/7.68.0"
66.249.68.1 - - [19/Oct/2025:08:56:59 -0400] "GET /page/6/?t=0931556928966e56 HTTP/1.1" 200 66934 "-" "Mozilla/5.0 (Linux; Android 6.0.1; Nexus 5X Build/MMB29P) AppleWebKit/537.36 (KHTML, like Gecko) Chrome/140.0.7339.207 Mobile Safari/537.36 (compatible; GoogleOther)"
89.248.172.183 - - [19/Oct/2025:08:56:59 -0400] "POST /wp-json/tdw/save_css HTTP/1.1" 401 98 "-" "curl/7.68.0"
89.248.172.183 - - [19/Oct/2025:08:57:00 -0400] "POST /wp-json/tdw/save_css HTTP/1.1" 401 98 "-" "curl/7.68.0"
89.248.172.183 - - [19/Oct/2025:08:57:01 -0400] "POST /wp-json/tdw/save_css HTTP/1.1" 401 98 "-" "curl/7.68.0"
89.248.172.183 - - [19/Oct/2025:08:57:02 -0400] "POST /wp-json/tdw/save_css HTTP/1.1" 401 98 "-" "curl/7.68.0"
89.248.172.183 - - [19/Oct/2025:08:57:03 -0400] "POST /wp-json/tdw/save_css HTTP/1.1" 401 98 "-" "curl/7.68.0"
89.248.172.183 - - [19/Oct/2025:08:57:04 -0400] "POST /wp-json/tdw/save_css HTTP/1.1" 401 98 "-" "curl/7.68.0"
89.248.172.183 - - [19/Oct/2025:08:57:06 -0400] "POST /wp-json/tdw/save_css HTTP/1.1" 401 98 "-" "curl/7.68.0"
89.248.172.183 - - [19/Oct/2025:08:57:07 -0400] "POST /wp-json/tdw/save_css HTTP/1.1" 401 98 "-" "curl/7.68.0"
66.249.79.131 - - [19/Oct/2025:08:57:07 -0400] "GET /?t=9001721386edcb96 HTTP/1.1" 301 - "-" "Mozilla/5.0 (Linux; Android 6.0.1; Nexus 5X Build/MMB29P) AppleWebKit/537.36 (KHTML, like Gecko) Chrome/140.0.7339.207 Mobile Safari/537.36 (compatible; GoogleOther)"
89.248.172.183 - - [19/Oct/2025:08:57:08 -0400] "POST /wp-json/tdw/save_css HTTP/1.1" 401 98 "-" "curl/7.68.0"
89.248.172.183 - - [19/Oct/2025:08:57:09 -0400] "POST /wp-json/tdw/save_css HTTP/1.1" 401 98 "-" "curl/7.68.0"
89.248.172.183 - - [19/Oct/2025:08:57:09 -0400] "POST /wp-json/tdw/save_css HTTP/1.1" 401 98 "-" "curl/7.68.0"
89.248.172.183 - - [19/Oct/2025:08:57:09 -0400] "POST /wp-json/tdw/save_css HTTP/1.1" 401 98 "-" "curl/7.68.0"
89.248.172.183 - - [19/Oct/2025:08:57:10 -0400] "POST /wp-json/tdw/save_css HTTP/1.1" 401 98 "-" "curl/7.68.0"
89.248.172.183 - - [19/Oct/2025:08:57:10 -0400] "POST /wp-json/tdw/save_css HTTP/1.1" 401 98 "-" "curl/7.68.0"
89.248.172.183 - - [19/Oct/2025:08:57:11 -0400] "POST /wp-json/tdw/save_css HTTP/1.1" 401 98 "-" "curl/7.68.0"
89.248.172.183 - - [19/Oct/2025:08:57:11 -0400] "POST /wp-json/tdw/save_css HTTP/1.1" 401 98 "-" "curl/7.68.0"
89.248.172.183 - - [19/Oct/2025:08:57:11 -0400] "POST /wp-json/tdw/save_css HTTP/1.1" 401 98 "-" "curl/7.68.0"
89.248.172.183 - - [19/Oct/2025:08:57:11 -0400] "POST /wp-json/tdw/save_css HTTP/1.1" 401 98 "-" "curl/7.68.0"
66.249.68.1 - - [19/Oct/2025:08:57:12 -0400] "GET /?t=4239953707d2791 HTTP/1.1" 200 74286 "-" "Mozilla/5.0 (Linux; Android 6.0.1; Nexus 5X Build/MMB29P) AppleWebKit/537.36 (KHTML, like Gecko) Chrome/140.0.7339.207 Mobile Safari/537.36 (compatible; GoogleOther)"
89.248.172.183 - - [19/Oct/2025:08:57:12 -0400] "POST /wp-json/tdw/save_css HTTP/1.1" 401 98 "-" "curl/7.68.0"
89.248.172.183 - - [19/Oct/2025:08:57:12 -0400] "POST /wp-json/tdw/save_css HTTP/1.1" 401 98 "-" "curl/7.68.0"
89.248.172.183 - - [19/Oct/2025:08:57:12 -0400] "POST /wp-json/tdw/save_css HTTP/1.1" 401 98 "-" "curl/7.68.0"
89.248.172.183 - - [19/Oct/2025:08:57:13 -0400] "POST /wp-json/tdw/save_css HTTP/1.1" 401 98 "-" "curl/7.68.0"
89.248.172.183 - - [19/Oct/2025:08:57:13 -0400] "POST /wp-json/tdw/save_css HTTP/1.1" 401 98 "-" "curl/7.68.0"
89.248.172.183 - - [19/Oct/2025:08:57:13 -0400] "POST /wp-json/tdw/save_css HTTP/1.1" 401 98 "-" "curl/7.68.0"
89.248.172.183 - - [19/Oct/2025:08:57:14 -0400] "POST /wp-json/tdw/save_css HTTP/1.1" 401 98 "-" "curl/7.68.0"
89.248.172.183 - - [19/Oct/2025:08:57:14 -0400] "POST /wp-json/tdw/save_css HTTP/1.1" 401 98 "-" "curl/7.68.0"
89.248.172.183 - - [19/Oct/2025:08:57:14 -0400] "POST /wp-json/tdw/save_css HTTP/1.1" 401 98 "-" "curl/7.68.0"
89.248.172.183 - - [19/Oct/2025:08:57:14 -0400] "POST /wp-json/tdw/save_css HTTP/1.1" 401 98 "-" "curl/7.68.0"
89.248.172.183 - - [19/Oct/2025:08:57:15 -0400] "POST /wp-json/tdw/save_css HTTP/1.1" 401 98 "-" "curl/7.68.0"
89.248.172.183 - - [19/Oct/2025:08:57:15 -0400] "POST /wp-json/tdw/save_css HTTP/1.1" 401 98 "-" "curl/7.68.0"
89.248.172.183 - - [19/Oct/2025:08:57:15 -0400] "POST /wp-json/tdw/save_css HTTP/1.1" 401 98 "-" "curl/7.68.0"
89.248.172.183 - - [19/Oct/2025:08:57:16 -0400] "POST /wp-json/tdw/save_css HTTP/1.1" 401 98 "-" "curl/7.68.0"
89.248.172.183 - - [19/Oct/2025:08:57:16 -0400] "POST /wp-json/tdw/save_css HTTP/1.1" 401 98 "-" "curl/7.68.0"
89.248.172.183 - - [19/Oct/2025:08:57:16 -0400] "POST /wp-json/tdw/save_css HTTP/1.1" 401 98 "-" "curl/7.68.0"
89.248.172.183 - - [19/Oct/2025:08:57:17 -0400] "POST /wp-json/tdw/save_css HTTP/1.1" 401 98 "-" "curl/7.68.0"
89.248.172.183 - - [19/Oct/2025:08:57:17 -0400] "POST /wp-json/tdw/save_css HTTP/1.1" 401 98 "-" "curl/7.68.0"
89.248.172.183 - - [19/Oct/2025:08:57:17 -0400] "POST /wp-json/tdw/save_css HTTP/1.1" 401 98 "-" "curl/7.68.0"
89.248.172.183 - - [19/Oct/2025:08:57:17 -0400] "POST /wp-json/tdw/save_css HTTP/1.1" 401 98 "-" "curl/7.68.0"
89.248.172.183 - - [19/Oct/2025:08:57:17 -0400] "POST /wp-json/tdw/save_css HTTP/1.1" 401 98 "-" "curl/7.68.0"
89.248.172.183 - - [19/Oct/2025:08:57:18 -0400] "POST /wp-json/tdw/save_css HTTP/1.1" 401 98 "-" "curl/7.68.0"
89.248.172.183 - - [19/Oct/2025:08:57:18 -0400] "POST /wp-json/tdw/save_css HTTP/1.1" 401 98 "-" "curl/7.68.0"
89.248.172.183 - - [19/Oct/2025:08:57:18 -0400] "POST /wp-json/tdw/save_css HTTP/1.1" 401 98 "-" "curl/7.68.0"
89.248.172.183 - - [19/Oct/2025:08:57:18 -0400] "POST /wp-json/tdw/save_css HTTP/1.1" 401 98 "-" "curl/7.68.0"
89.248.172.183 - - [19/Oct/2025:08:57:18 -0400] "POST /wp-json/tdw/save_css HTTP/1.1" 401 98 "-" "curl/7.68.0"
89.248.172.183 - - [19/Oct/2025:08:57:18 -0400] "POST /wp-json/tdw/save_css HTTP/1.1" 401 98 "-" "curl/7.68.0"
89.248.172.183 - - [19/Oct/2025:08:57:18 -0400] "POST /wp-json/tdw/save_css HTTP/1.1" 401 98 "-" "curl/7.68.0"
89.248.172.183 - - [19/Oct/2025:08:57:19 -0400] "POST /wp-json/tdw/save_css HTTP/1.1" 401 98 "-" "curl/7.68.0"
89.248.172.183 - - [19/Oct/2025:08:57:19 -0400] "POST /wp-json/tdw/save_css HTTP/1.1" 401 98 "-" "curl/7.68.0"
89.248.172.183 - - [19/Oct/2025:08:57:19 -0400] "POST /wp-json/tdw/save_css HTTP/1.1" 401 98 "-" "curl/7.68.0"
89.248.172.183 - - [19/Oct/2025:08:57:19 -0400] "POST /wp-json/tdw/save_css HTTP/1.1" 401 98 "-" "curl/7.68.0"
89.248.172.183 - - [19/Oct/2025:08:57:19 -0400] "POST /wp-json/tdw/save_css HTTP/1.1" 401 98 "-" "curl/7.68.0"
89.248.172.183 - - [19/Oct/2025:08:57:20 -0400] "POST /wp-json/tdw/save_css HTTP/1.1" 401 98 "-" "curl/7.68.0"
89.248.172.183 - - [19/Oct/2025:08:57:20 -0400] "POST /wp-json/tdw/save_css HTTP/1.1" 401 98 "-" "curl/7.68.0"
66.249.79.131 - - [19/Oct/2025:08:57:21 -0400] "GET /?t=4281830373aaa0b5 HTTP/1.1" 301 - "-" "Mozilla/5.0 (Linux; Android 6.0.1; Nexus 5X Build/MMB29P) AppleWebKit/537.36 (KHTML, like Gecko) Chrome/140.0.7339.207 Mobile Safari/537.36 (compatible; GoogleOther)"
89.248.172.183 - - [19/Oct/2025:08:57:21 -0400] "POST /wp-json/tdw/save_css HTTP/1.1" 401 98 "-" "curl/7.68.0"
89.248.172.183 - - [19/Oct/2025:08:57:22 -0400] "POST /wp-json/tdw/save_css HTTP/1.1" 401 98 "-" "curl/7.68.0"
89.248.172.183 - - [19/Oct/2025:08:57:22 -0400] "POST /wp-json/tdw/save_css HTTP/1.1" 401 98 "-" "curl/7.68.0"
89.248.172.183 - - [19/Oct/2025:08:57:22 -0400] "POST /wp-json/tdw/save_css HTTP/1.1" 401 98 "-" "curl/7.68.0"
89.248.172.183 - - [19/Oct/2025:08:57:23 -0400] "POST /wp-json/tdw/save_css HTTP/1.1" 401 98 "-" "curl/7.68.0"
89.248.172.183 - - [19/Oct/2025:08:57:24 -0400] "POST /wp-json/tdw/save_css HTTP/1.1" 401 98 "-" "curl/7.68.0"
89.248.172.183 - - [19/Oct/2025:08:57:24 -0400] "POST /wp-json/tdw/save_css HTTP/1.1" 401 98 "-" "curl/7.68.0"
89.248.172.183 - - [19/Oct/2025:08:57:25 -0400] "POST /wp-json/tdw/save_css HTTP/1.1" 401 98 "-" "curl/7.68.0"
89.248.172.183 - - [19/Oct/2025:08:57:25 -0400] "POST /wp-json/tdw/save_css HTTP/1.1" 401 98 "-" "curl/7.68.0"
66.249.68.1 - - [19/Oct/2025:08:57:25 -0400] "GET /page/2/?t=20717760428a0eb3 HTTP/1.1" 200 67944 "-" "Mozilla/5.0 (Linux; Android 6.0.1; Nexus 5X Build/MMB29P) AppleWebKit/537.36 (KHTML, like Gecko) Chrome/140.0.7339.207 Mobile Safari/537.36 (compatible; GoogleOther)"
89.248.172.183 - - [19/Oct/2025:08:57:26 -0400] "POST /wp-json/tdw/save_css HTTP/1.1" 401 98 "-" "curl/7.68.0"
89.248.172.183 - - [19/Oct/2025:08:57:26 -0400] "POST /wp-json/tdw/save_css HTTP/1.1" 401 98 "-" "curl/7.68.0"
89.248.172.183 - - [19/Oct/2025:08:57:27 -0400] "POST /wp-json/tdw/save_css HTTP/1.1" 401 98 "-" "curl/7.68.0"
89.248.172.183 - - [19/Oct/2025:08:57:27 -0400] "POST /wp-json/tdw/save_css HTTP/1.1" 401 98 "-" "curl/7.68.0"
89.248.172.183 - - [19/Oct/2025:08:57:28 -0400] "POST /wp-json/tdw/save_css HTTP/1.1" 401 98 "-" "curl/7.68.0"
89.248.172.183 - - [19/Oct/2025:08:57:28 -0400] "POST /wp-json/tdw/save_css HTTP/1.1" 401 98 "-" "curl/7.68.0"
89.248.172.183 - - [19/Oct/2025:08:57:29 -0400] "POST /wp-json/tdw/save_css HTTP/1.1" 401 98 "-" "curl/7.68.0"
89.248.172.183 - - [19/Oct/2025:08:57:29 -0400] "POST /wp-json/tdw/save_css HTTP/1.1" 401 98 "-" "curl/7.68.0"
66.249.79.130 - - [19/Oct/2025:08:57:29 -0400] "GET /?t=106923516362135 HTTP/1.1" 301 - "-" "Mozilla/5.0 (Linux; Android 6.0.1; Nexus 5X Build/MMB29P) AppleWebKit/537.36 (KHTML, like Gecko) Chrome/140.0.7339.207 Mobile Safari/537.36 (compatible; GoogleOther)"
89.248.172.183 - - [19/Oct/2025:08:57:30 -0400] "POST /wp-json/tdw/save_css HTTP/1.1" 401 98 "-" "curl/7.68.0"
89.248.172.183 - - [19/Oct/2025:08:57:30 -0400] "POST /wp-json/tdw/save_css HTTP/1.1" 401 98 "-" "curl/7.68.0"
89.248.172.183 - - [19/Oct/2025:08:57:31 -0400] "POST /wp-json/tdw/save_css HTTP/1.1" 401 98 "-" "curl/7.68.0"
89.248.172.183 - - [19/Oct/2025:08:57:31 -0400] "POST /wp-json/tdw/save_css HTTP/1.1" 401 98 "-" "curl/7.68.0"
89.248.172.183 - - [19/Oct/2025:08:57:32 -0400] "POST /wp-json/tdw/save_css HTTP/1.1" 401 98 "-" "curl/7.68.0"
89.248.172.183 - - [19/Oct/2025:08:57:32 -0400] "POST /wp-json/tdw/save_css HTTP/1.1" 401 98 "-" "curl/7.68.0"
89.248.172.183 - - [19/Oct/2025:08:57:33 -0400] "POST /wp-json/tdw/save_css HTTP/1.1" 401 98 "-" "curl/7.68.0"
89.248.172.183 - - [19/Oct/2025:08:57:33 -0400] "POST /wp-json/tdw/save_css HTTP/1.1" 401 98 "-" "curl/7.68.0"
89.248.172.183 - - [19/Oct/2025:08:57:34 -0400] "POST /wp-json/tdw/save_css HTTP/1.1" 401 98 "-" "curl/7.68.0"
89.248.172.183 - - [19/Oct/2025:08:57:34 -0400] "POST /wp-json/tdw/save_css HTTP/1.1" 401 98 "-" "curl/7.68.0"
89.248.172.183 - - [19/Oct/2025:08:57:35 -0400] "POST /wp-json/tdw/save_css HTTP/1.1" 401 98 "-" "curl/7.68.0"
89.248.172.183 - - [19/Oct/2025:08:57:35 -0400] "POST /wp-json/tdw/save_css HTTP/1.1" 401 98 "-" "curl/7.68.0"
89.248.172.183 - - [19/Oct/2025:08:57:36 -0400] "POST /wp-json/tdw/save_css HTTP/1.1" 401 98 "-" "curl/7.68.0"
