89.248.172.183 - - [19/Oct/2025:08:18:44 -0400] "POST /wp-json/tdw/save_css HTTP/1.1" 401 98 "-" "curl/7.68.0"
89.248.172.183 - - [19/Oct/2025:08:18:44 -0400] "POST /wp-json/tdw/save_css HTTP/1.1" 401 98 "-" "curl/7.68.0"
89.248.172.183 - - [19/Oct/2025:08:18:45 -0400] "POST /wp-json/tdw/save_css HTTP/1.1" 401 98 "-" "curl/7.68.0"
89.248.172.183 - - [19/Oct/2025:08:18:45 -0400] "POST /wp-json/tdw/save_css HTTP/1.1" 401 98 "-" "curl/7.68.0"
89.248.172.183 - - [19/Oct/2025:08:18:46 -0400] "POST /wp-json/tdw/save_css HTTP/1.1" 401 98 "-" "curl/7.68.0"
89.248.172.183 - - [19/Oct/2025:08:18:46 -0400] "POST /wp-json/tdw/save_css HTTP/1.1" 401 98 "-" "curl/7.68.0"
89.248.172.183 - - [19/Oct/2025:08:18:47 -0400] "POST /wp-json/tdw/save_css HTTP/1.1" 401 98 "-" "curl/7.68.0"
89.248.172.183 - - [19/Oct/2025:08:18:47 -0400] "POST /wp-json/tdw/save_css HTTP/1.1" 401 98 "-" "curl/7.68.0"
144.76.19.3 - - [19/Oct/2025:08:18:47 -0400] "GET /health-news/popular-topics/symptoms-of-narcissistic-personality-disorder/8/ HTTP/1.1" 200 94016 "-" "Mozilla/5.0 (compatible; BLEXBot/1.0; +https://help.seranking.com/en/blex-crawler)"
89.248.172.183 - - [19/Oct/2025:08:18:48 -0400] "POST /wp-json/tdw/save_css HTTP/1.1" 401 98 "-" "curl/7.68.0"
89.248.172.183 - - [19/Oct/2025:08:18:48 -0400] "POST /wp-json/tdw/save_css HTTP/1.1" 401 98 "-" "curl/7.68.0"
89.248.172.183 - - [19/Oct/2025:08:18:49 -0400] "POST /wp-json/tdw/save_css HTTP/1.1" 401 98 "-" "curl/7.68.0"
89.248.172.183 - - [19/Oct/2025:08:18:49 -0400] "POST /wp-json/tdw/save_css HTTP/1.1" 401 98 "-" "curl/7.68.0"
89.248.172.183 - - [19/Oct/2025:08:18:50 -0400] "POST /wp-json/tdw/save_css HTTP/1.1" 401 98 "-" "curl/7.68.0"
89.248.172.183 - - [19/Oct/2025:08:18:50 -0400] "POST /wp-json/tdw/save_css HTTP/1.1" 401 98 "-" "curl/7.68.0"
144.76.19.3 - - [19/Oct/2025:08:18:51 -0400] "GET /health-news/popular-topics/symptoms-of-narcissistic-personality-disorder/9/ HTTP/1.1" 200 93863 "-" "Mozilla/5.0 (compatible; BLEXBot/1.0; +https://help.seranking.com/en/blex-crawler)"
89.248.172.183 - - [19/Oct/2025:08:18:51 -0400] "POST /wp-json/tdw/save_css HTTP/1.1" 401 98 "-" "curl/7.68.0"
89.248.172.183 - - [19/Oct/2025:08:18:52 -0400] "POST /wp-json/tdw/save_css HTTP/1.1" 401 98 "-" "curl/7.68.0"
89.248.172.183 - - [19/Oct/2025:08:18:53 -0400] "POST /wp-json/tdw/save_css HTTP/1.1" 401 98 "-" "curl/7.68.0"
216.244.66.237 - - [19/Oct/2025:08:18:53 -0400] "GET /latest-health-news/dermatologists-suggest-hormonal-acne-treatment/ HTTP/1.1" 301 - "-" "Mozilla/5.0 (compatible; DotBot/1.2; +https://opensiteexplorer.org/dotbot; [email protected])"
66.249.68.1 - - [19/Oct/2025:08:18:53 -0400] "GET /page/110/?z=192791712 HTTP/1.1" 200 43534 "-" "Mozilla/5.0 (Linux; Android 6.0.1; Nexus 5X Build/MMB29P) AppleWebKit/537.36 (KHTML, like Gecko) Chrome/140.0.7339.207 Mobile Safari/537.36 (compatible; GoogleOther)"
89.248.172.183 - - [19/Oct/2025:08:18:54 -0400] "POST /wp-json/tdw/save_css HTTP/1.1" 401 98 "-" "curl/7.68.0"
89.248.172.183 - - [19/Oct/2025:08:18:55 -0400] "POST /wp-json/tdw/save_css HTTP/1.1" 401 98 "-" "curl/7.68.0"
144.76.19.3 - - [19/Oct/2025:08:18:55 -0400] "GET /home-remedies/weight-fixes/5-organically-grown-weight-loss-inducing-fruits/ HTTP/1.1" 200 112611 "-" "Mozilla/5.0 (compatible; BLEXBot/1.0; +https://help.seranking.com/en/blex-crawler)"
89.248.172.183 - - [19/Oct/2025:08:18:56 -0400] "POST /wp-json/tdw/save_css HTTP/1.1" 401 98 "-" "curl/7.68.0"
89.248.172.183 - - [19/Oct/2025:08:18:57 -0400] "POST /wp-json/tdw/save_css HTTP/1.1" 401 98 "-" "curl/7.68.0"
89.248.172.183 - - [19/Oct/2025:08:18:58 -0400] "POST /wp-json/tdw/save_css HTTP/1.1" 401 98 "-" "curl/7.68.0"
89.248.172.183 - - [19/Oct/2025:08:18:59 -0400] "POST /wp-json/tdw/save_css HTTP/1.1" 401 98 "-" "curl/7.68.0"
144.76.19.3 - - [19/Oct/2025:08:18:59 -0400] "GET /health-news/latest-health-news/alzheimers-disease-might-start-outside-brain/ HTTP/1.1" 200 105416 "-" "Mozilla/5.0 (compatible; BLEXBot/1.0; +https://help.seranking.com/en/blex-crawler)"
89.248.172.183 - - [19/Oct/2025:08:18:59 -0400] "POST /wp-json/tdw/save_css HTTP/1.1" 401 98 "-" "curl/7.68.0"
89.248.172.183 - - [19/Oct/2025:08:18:59 -0400] "POST /wp-json/tdw/save_css HTTP/1.1" 401 98 "-" "curl/7.68.0"
66.249.79.131 - - [19/Oct/2025:08:18:59 -0400] "GET /?t=12612650045976f9 HTTP/1.1" 301 - "-" "Mozilla/5.0 (Linux; Android 6.0.1; Nexus 5X Build/MMB29P) AppleWebKit/537.36 (KHTML, like Gecko) Chrome/140.0.7339.207 Mobile Safari/537.36 (compatible; Googlebot/2.1; +http://www.google.com/bot.html)"
89.248.172.183 - - [19/Oct/2025:08:19:00 -0400] "POST /wp-json/tdw/save_css HTTP/1.1" 401 98 "-" "curl/7.68.0"
89.248.172.183 - - [19/Oct/2025:08:19:00 -0400] "POST /wp-json/tdw/save_css HTTP/1.1" 401 98 "-" "curl/7.68.0"
89.248.172.183 - - [19/Oct/2025:08:19:00 -0400] "POST /wp-json/tdw/save_css HTTP/1.1" 401 98 "-" "curl/7.68.0"
89.248.172.183 - - [19/Oct/2025:08:19:00 -0400] "POST /wp-json/tdw/save_css HTTP/1.1" 401 98 "-" "curl/7.68.0"
66.249.68.1 - - [19/Oct/2025:08:19:01 -0400] "GET /?t=12612650045976f9 HTTP/1.1" 200 74290 "-" "Mozilla/5.0 (Linux; Android 6.0.1; Nexus 5X Build/MMB29P) AppleWebKit/537.36 (KHTML, like Gecko) Chrome/140.0.7339.207 Mobile Safari/537.36 (compatible; Googlebot/2.1; +http://www.google.com/bot.html)"
89.248.172.183 - - [19/Oct/2025:08:19:01 -0400] "POST /wp-json/tdw/save_css HTTP/1.1" 401 98 "-" "curl/7.68.0"
89.248.172.183 - - [19/Oct/2025:08:19:01 -0400] "POST /wp-json/tdw/save_css HTTP/1.1" 401 98 "-" "curl/7.68.0"
89.248.172.183 - - [19/Oct/2025:08:19:01 -0400] "POST /wp-json/tdw/save_css HTTP/1.1" 401 98 "-" "curl/7.68.0"
89.248.172.183 - - [19/Oct/2025:08:19:02 -0400] "POST /wp-json/tdw/save_css HTTP/1.1" 401 98 "-" "curl/7.68.0"
89.248.172.183 - - [19/Oct/2025:08:19:02 -0400] "POST /wp-json/tdw/save_css HTTP/1.1" 401 98 "-" "curl/7.68.0"
89.248.172.183 - - [19/Oct/2025:08:19:02 -0400] "POST /wp-json/tdw/save_css HTTP/1.1" 401 98 "-" "curl/7.68.0"
144.76.19.3 - - [19/Oct/2025:08:19:02 -0400] "GET /health-news/popular-topics/symptoms-of-narcissistic-personality-disorder/10/ HTTP/1.1" 200 93817 "-" "Mozilla/5.0 (compatible; BLEXBot/1.0; +https://help.seranking.com/en/blex-crawler)"
89.248.172.183 - - [19/Oct/2025:08:19:03 -0400] "POST /wp-json/tdw/save_css HTTP/1.1" 401 98 "-" "curl/7.68.0"
89.248.172.183 - - [19/Oct/2025:08:19:03 -0400] "POST /wp-json/tdw/save_css HTTP/1.1" 401 98 "-" "curl/7.68.0"
89.248.172.183 - - [19/Oct/2025:08:19:04 -0400] "POST /wp-json/tdw/save_css HTTP/1.1" 401 98 "-" "curl/7.68.0"
89.248.172.183 - - [19/Oct/2025:08:19:04 -0400] "POST /wp-json/tdw/save_css HTTP/1.1" 401 98 "-" "curl/7.68.0"
89.248.172.183 - - [19/Oct/2025:08:19:05 -0400] "POST /wp-json/tdw/save_css HTTP/1.1" 401 98 "-" "curl/7.68.0"
89.248.172.183 - - [19/Oct/2025:08:19:05 -0400] "POST /wp-json/tdw/save_css HTTP/1.1" 401 98 "-" "curl/7.68.0"
66.249.68.1 - - [19/Oct/2025:08:19:06 -0400] "GET /page/3/?t=9521392505421ac9 HTTP/1.1" 200 68128 "-" "Mozilla/5.0 (Linux; Android 6.0.1; Nexus 5X Build/MMB29P) AppleWebKit/537.36 (KHTML, like Gecko) Chrome/140.0.7339.207 Mobile Safari/537.36 (compatible; GoogleOther)"
89.248.172.183 - - [19/Oct/2025:08:19:06 -0400] "POST /wp-json/tdw/save_css HTTP/1.1" 401 98 "-" "curl/7.68.0"
89.248.172.183 - - [19/Oct/2025:08:19:06 -0400] "POST /wp-json/tdw/save_css HTTP/1.1" 401 98 "-" "curl/7.68.0"
144.76.19.3 - - [19/Oct/2025:08:19:06 -0400] "GET /health-news/latest-health-news/new-study-links-pornography-sexual-dysfunction/ HTTP/1.1" 200 99575 "-" "Mozilla/5.0 (compatible; BLEXBot/1.0; +https://help.seranking.com/en/blex-crawler)"
89.248.172.183 - - [19/Oct/2025:08:19:07 -0400] "POST /wp-json/tdw/save_css HTTP/1.1" 401 98 "-" "curl/7.68.0"
89.248.172.183 - - [19/Oct/2025:08:19:07 -0400] "POST /wp-json/tdw/save_css HTTP/1.1" 401 98 "-" "curl/7.68.0"
89.248.172.183 - - [19/Oct/2025:08:19:08 -0400] "POST /wp-json/tdw/save_css HTTP/1.1" 401 98 "-" "curl/7.68.0"
89.248.172.183 - - [19/Oct/2025:08:19:08 -0400] "POST /wp-json/tdw/save_css HTTP/1.1" 401 98 "-" "curl/7.68.0"
89.248.172.183 - - [19/Oct/2025:08:19:09 -0400] "POST /wp-json/tdw/save_css HTTP/1.1" 401 98 "-" "curl/7.68.0"
89.248.172.183 - - [19/Oct/2025:08:19:09 -0400] "POST /wp-json/tdw/save_css HTTP/1.1" 401 98 "-" "curl/7.68.0"
89.248.172.183 - - [19/Oct/2025:08:19:10 -0400] "POST /wp-json/tdw/save_css HTTP/1.1" 401 98 "-" "curl/7.68.0"
89.248.172.183 - - [19/Oct/2025:08:19:10 -0400] "POST /wp-json/tdw/save_css HTTP/1.1" 401 98 "-" "curl/7.68.0"
89.248.172.183 - - [19/Oct/2025:08:19:11 -0400] "POST /wp-json/tdw/save_css HTTP/1.1" 401 98 "-" "curl/7.68.0"
89.248.172.183 - - [19/Oct/2025:08:19:11 -0400] "POST /wp-json/tdw/save_css HTTP/1.1" 401 98 "-" "curl/7.68.0"
89.248.172.183 - - [19/Oct/2025:08:19:12 -0400] "POST /wp-json/tdw/save_css HTTP/1.1" 401 98 "-" "curl/7.68.0"
89.248.172.183 - - [19/Oct/2025:08:19:13 -0400] "POST /wp-json/tdw/save_css HTTP/1.1" 401 98 "-" "curl/7.68.0"
144.76.19.3 - - [19/Oct/2025:08:19:14 -0400] "GET /health-news/latest-health-news/27-genes-discovered-cease-cancer-say-scientists/ HTTP/1.1" 200 95722 "-" "Mozilla/5.0 (compatible; BLEXBot/1.0; +https://help.seranking.com/en/blex-crawler)"
89.248.172.183 - - [19/Oct/2025:08:19:14 -0400] "POST /wp-json/tdw/save_css HTTP/1.1" 401 98 "-" "curl/7.68.0"
89.248.172.183 - - [19/Oct/2025:08:19:15 -0400] "POST /wp-json/tdw/save_css HTTP/1.1" 401 98 "-" "curl/7.68.0"
89.248.172.183 - - [19/Oct/2025:08:19:16 -0400] "POST /wp-json/tdw/save_css HTTP/1.1" 401 98 "-" "curl/7.68.0"
89.248.172.183 - - [19/Oct/2025:08:19:17 -0400] "POST /wp-json/tdw/save_css HTTP/1.1" 401 98 "-" "curl/7.68.0"
144.76.19.3 - - [19/Oct/2025:08:19:18 -0400] "GET /health-news/latest-health-news/study-reveals-tomato-sauce-can-boost-gut-health/ HTTP/1.1" 200 95907 "-" "Mozilla/5.0 (compatible; BLEXBot/1.0; +https://help.seranking.com/en/blex-crawler)"
89.248.172.183 - - [19/Oct/2025:08:19:18 -0400] "POST /wp-json/tdw/save_css HTTP/1.1" 401 98 "-" "curl/7.68.0"
89.248.172.183 - - [19/Oct/2025:08:19:19 -0400] "POST /wp-json/tdw/save_css HTTP/1.1" 401 98 "-" "curl/7.68.0"
89.248.172.183 - - [19/Oct/2025:08:19:20 -0400] "POST /wp-json/tdw/save_css HTTP/1.1" 401 98 "-" "curl/7.68.0"
144.76.19.3 - - [19/Oct/2025:08:19:21 -0400] "GET /health-news/popular-topics/novel-pillbox-capsule-allow-weekly-dosing-hiv-drugs/ HTTP/1.1" 200 105950 "-" "Mozilla/5.0 (compatible; BLEXBot/1.0; +https://help.seranking.com/en/blex-crawler)"
89.248.172.183 - - [19/Oct/2025:08:19:21 -0400] "POST /wp-json/tdw/save_css HTTP/1.1" 401 98 "-" "curl/7.68.0"
89.248.172.183 - - [19/Oct/2025:08:19:22 -0400] "POST /wp-json/tdw/save_css HTTP/1.1" 401 98 "-" "curl/7.68.0"
89.248.172.183 - - [19/Oct/2025:08:19:23 -0400] "POST /wp-json/tdw/save_css HTTP/1.1" 401 98 "-" "curl/7.68.0"
89.248.172.183 - - [19/Oct/2025:08:19:24 -0400] "POST /wp-json/tdw/save_css HTTP/1.1" 401 98 "-" "curl/7.68.0"
144.76.19.3 - - [19/Oct/2025:08:19:25 -0400] "GET /health-news/all-natural-formula-to-detoxify-your-body-and-encourage-weight-loss/ HTTP/1.1" 200 93883 "-" "Mozilla/5.0 (compatible; BLEXBot/1.0; +https://help.seranking.com/en/blex-crawler)"
89.248.172.183 - - [19/Oct/2025:08:19:25 -0400] "POST /wp-json/tdw/save_css HTTP/1.1" 401 98 "-" "curl/7.68.0"
89.248.172.183 - - [19/Oct/2025:08:19:27 -0400] "POST /wp-json/tdw/save_css HTTP/1.1" 401 98 "-" "curl/7.68.0"
89.248.172.183 - - [19/Oct/2025:08:19:27 -0400] "POST /wp-json/tdw/save_css HTTP/1.1" 401 98 "-" "curl/7.68.0"
89.248.172.183 - - [19/Oct/2025:08:19:29 -0400] "POST /wp-json/tdw/save_css HTTP/1.1" 401 98 "-" "curl/7.68.0"
144.76.19.3 - - [19/Oct/2025:08:19:29 -0400] "GET /health-news/can-evolution-be-blamed-for-high-risk-of-advanced-cancers-in-humans/ HTTP/1.1" 200 99293 "-" "Mozilla/5.0 (compatible; BLEXBot/1.0; +https://help.seranking.com/en/blex-crawler)"
89.248.172.183 - - [19/Oct/2025:08:19:29 -0400] "POST /wp-json/tdw/save_css HTTP/1.1" 401 98 "-" "curl/7.68.0"
89.248.172.183 - - [19/Oct/2025:08:19:30 -0400] "POST /wp-json/tdw/save_css HTTP/1.1" 401 98 "-" "curl/7.68.0"
89.248.172.183 - - [19/Oct/2025:08:19:32 -0400] "POST /wp-json/tdw/save_css HTTP/1.1" 401 98 "-" "curl/7.68.0"
144.76.19.3 - - [19/Oct/2025:08:19:32 -0400] "GET /expert-zone/dr-andrew-weil/dr-andrew-weil-explains-light-therapy-health-benefits/ HTTP/1.1" 200 108782 "-" "Mozilla/5.0 (compatible; BLEXBot/1.0; +https://help.seranking.com/en/blex-crawler)"
89.248.172.183 - - [19/Oct/2025:08:19:33 -0400] "POST /wp-json/tdw/save_css HTTP/1.1" 401 98 "-" "curl/7.68.0"
89.248.172.183 - - [19/Oct/2025:08:19:33 -0400] "POST /wp-json/tdw/save_css HTTP/1.1" 401 98 "-" "curl/7.68.0"
89.248.172.183 - - [19/Oct/2025:08:19:34 -0400] "POST /wp-json/tdw/save_css HTTP/1.1" 401 98 "-" "curl/7.68.0"
89.248.172.183 - - [19/Oct/2025:08:19:34 -0400] "POST /wp-json/tdw/save_css HTTP/1.1" 401 98 "-" "curl/7.68.0"
89.248.172.183 - - [19/Oct/2025:08:19:34 -0400] "POST /wp-json/tdw/save_css HTTP/1.1" 401 98 "-" "curl/7.68.0"
89.248.172.183 - - [19/Oct/2025:08:19:35 -0400] "POST /wp-json/tdw/save_css HTTP/1.1" 401 98 "-" "curl/7.68.0"
66.116.199.115 - - [19/Oct/2025:08:19:35 -0400] "POST /wp-cron.php?doing_wp_cron=1760876375.2286250591278076171875 HTTP/1.1" 404 77061 "-" "WordPress/6.8.3; http://zovon.com"
89.248.172.183 - - [19/Oct/2025:08:19:34 -0400] "POST /wp-json/tdw/save_css HTTP/1.1" 401 98 "-" "curl/7.68.0"
89.248.172.183 - - [19/Oct/2025:08:19:35 -0400] "POST /wp-json/tdw/save_css HTTP/1.1" 401 98 "-" "curl/7.68.0"
89.248.172.183 - - [19/Oct/2025:08:19:36 -0400] "POST /wp-json/tdw/save_css HTTP/1.1" 401 98 "-" "curl/7.68.0"
89.248.172.183 - - [19/Oct/2025:08:19:36 -0400] "POST /wp-json/tdw/save_css HTTP/1.1" 401 98 "-" "curl/7.68.0"
89.248.172.183 - - [19/Oct/2025:08:19:36 -0400] "POST /wp-json/tdw/save_css HTTP/1.1" 401 98 "-" "curl/7.68.0"
144.76.19.3 - - [19/Oct/2025:08:19:36 -0400] "GET /expert-zone/dr-harold-lancer/easy-ways-prevent-treat-white-spots-dr-harold-lancer/ HTTP/1.1" 200 107349 "-" "Mozilla/5.0 (compatible; BLEXBot/1.0; +https://help.seranking.com/en/blex-crawler)"
89.248.172.183 - - [19/Oct/2025:08:19:37 -0400] "POST /wp-json/tdw/save_css HTTP/1.1" 401 98 "-" "curl/7.68.0"
89.248.172.183 - - [19/Oct/2025:08:19:37 -0400] "POST /wp-json/tdw/save_css HTTP/1.1" 401 98 "-" "curl/7.68.0"
89.248.172.183 - - [19/Oct/2025:08:19:37 -0400] "POST /wp-json/tdw/save_css HTTP/1.1" 401 98 "-" "curl/7.68.0"
89.248.172.183 - - [19/Oct/2025:08:19:38 -0400] "POST /wp-json/tdw/save_css HTTP/1.1" 401 98 "-" "curl/7.68.0"
89.248.172.183 - - [19/Oct/2025:08:19:38 -0400] "POST /wp-json/tdw/save_css HTTP/1.1" 401 98 "-" "curl/7.68.0"
89.248.172.183 - - [19/Oct/2025:08:19:38 -0400] "POST /wp-json/tdw/save_css HTTP/1.1" 401 98 "-" "curl/7.68.0"
89.248.172.183 - - [19/Oct/2025:08:19:38 -0400] "POST /wp-json/tdw/save_css HTTP/1.1" 401 98 "-" "curl/7.68.0"
89.248.172.183 - - [19/Oct/2025:08:19:39 -0400] "POST /wp-json/tdw/save_css HTTP/1.1" 401 98 "-" "curl/7.68.0"
89.248.172.183 - - [19/Oct/2025:08:19:39 -0400] "POST /wp-json/tdw/save_css HTTP/1.1" 401 98 "-" "curl/7.68.0"
89.248.172.183 - - [19/Oct/2025:08:19:39 -0400] "POST /wp-json/tdw/save_css HTTP/1.1" 401 98 "-" "curl/7.68.0"
89.248.172.183 - - [19/Oct/2025:08:19:40 -0400] "POST /wp-json/tdw/save_css HTTP/1.1" 401 98 "-" "curl/7.68.0"
89.248.172.183 - - [19/Oct/2025:08:19:40 -0400] "POST /wp-json/tdw/save_css HTTP/1.1" 401 98 "-" "curl/7.68.0"
89.248.172.183 - - [19/Oct/2025:08:19:40 -0400] "POST /wp-json/tdw/save_css HTTP/1.1" 401 98 "-" "curl/7.68.0"
144.76.19.3 - - [19/Oct/2025:08:19:40 -0400] "GET /health-news/popular-topics/stop-drinking-water-plastic-bottles-world-cancer-day/2/ HTTP/1.1" 200 93469 "-" "Mozilla/5.0 (compatible; BLEXBot/1.0; +https://help.seranking.com/en/blex-crawler)"
89.248.172.183 - - [19/Oct/2025:08:19:40 -0400] "POST /wp-json/tdw/save_css HTTP/1.1" 401 98 "-" "curl/7.68.0"
89.248.172.183 - - [19/Oct/2025:08:19:41 -0400] "POST /wp-json/tdw/save_css HTTP/1.1" 401 98 "-" "curl/7.68.0"
89.248.172.183 - - [19/Oct/2025:08:19:41 -0400] "POST /wp-json/tdw/save_css HTTP/1.1" 401 98 "-" "curl/7.68.0"
89.248.172.183 - - [19/Oct/2025:08:19:41 -0400] "POST /wp-json/tdw/save_css HTTP/1.1" 401 98 "-" "curl/7.68.0"
89.248.172.183 - - [19/Oct/2025:08:19:42 -0400] "POST /wp-json/tdw/save_css HTTP/1.1" 401 98 "-" "curl/7.68.0"
89.248.172.183 - - [19/Oct/2025:08:19:42 -0400] "POST /wp-json/tdw/save_css HTTP/1.1" 401 98 "-" "curl/7.68.0"
89.248.172.183 - - [19/Oct/2025:08:19:42 -0400] "POST /wp-json/tdw/save_css HTTP/1.1" 401 98 "-" "curl/7.68.0"
89.248.172.183 - - [19/Oct/2025:08:19:43 -0400] "POST /wp-json/tdw/save_css HTTP/1.1" 401 98 "-" "curl/7.68.0"
89.248.172.183 - - [19/Oct/2025:08:19:43 -0400] "POST /wp-json/tdw/save_css HTTP/1.1" 401 98 "-" "curl/7.68.0"
89.248.172.183 - - [19/Oct/2025:08:19:43 -0400] "POST /wp-json/tdw/save_css HTTP/1.1" 401 98 "-" "curl/7.68.0"
89.248.172.183 - - [19/Oct/2025:08:19:44 -0400] "POST /wp-json/tdw/save_css HTTP/1.1" 401 98 "-" "curl/7.68.0"
144.76.19.3 - - [19/Oct/2025:08:19:44 -0400] "GET /health-news/popular-topics/stop-drinking-water-plastic-bottles-world-cancer-day/3/ HTTP/1.1" 200 92981 "-" "Mozilla/5.0 (compatible; BLEXBot/1.0; +https://help.seranking.com/en/blex-crawler)"
89.248.172.183 - - [19/Oct/2025:08:19:44 -0400] "POST /wp-json/tdw/save_css HTTP/1.1" 401 98 "-" "curl/7.68.0"
89.248.172.183 - - [19/Oct/2025:08:19:44 -0400] "POST /wp-json/tdw/save_css HTTP/1.1" 401 98 "-" "curl/7.68.0"
89.248.172.183 - - [19/Oct/2025:08:19:44 -0400] "POST /wp-json/tdw/save_css HTTP/1.1" 401 98 "-" "curl/7.68.0"
89.248.172.183 - - [19/Oct/2025:08:19:45 -0400] "POST /wp-json/tdw/save_css HTTP/1.1" 401 98 "-" "curl/7.68.0"
89.248.172.183 - - [19/Oct/2025:08:19:45 -0400] "POST /wp-json/tdw/save_css HTTP/1.1" 401 98 "-" "curl/7.68.0"
89.248.172.183 - - [19/Oct/2025:08:19:45 -0400] "POST /wp-json/tdw/save_css HTTP/1.1" 401 98 "-" "curl/7.68.0"
89.248.172.183 - - [19/Oct/2025:08:19:46 -0400] "POST /wp-json/tdw/save_css HTTP/1.1" 401 98 "-" "curl/7.68.0"
89.248.172.183 - - [19/Oct/2025:08:19:46 -0400] "POST /wp-json/tdw/save_css HTTP/1.1" 401 98 "-" "curl/7.68.0"
89.248.172.183 - - [19/Oct/2025:08:19:46 -0400] "POST /wp-json/tdw/save_css HTTP/1.1" 401 98 "-" "curl/7.68.0"
89.248.172.183 - - [19/Oct/2025:08:19:47 -0400] "POST /wp-json/tdw/save_css HTTP/1.1" 401 98 "-" "curl/7.68.0"
89.248.172.183 - - [19/Oct/2025:08:19:47 -0400] "POST /wp-json/tdw/save_css HTTP/1.1" 401 98 "-" "curl/7.68.0"
89.248.172.183 - - [19/Oct/2025:08:19:47 -0400] "POST /wp-json/tdw/save_css HTTP/1.1" 401 98 "-" "curl/7.68.0"
144.76.19.3 - - [19/Oct/2025:08:19:47 -0400] "GET /health-news/popular-topics/stop-drinking-water-plastic-bottles-world-cancer-day/4/ HTTP/1.1" 200 93604 "-" "Mozilla/5.0 (compatible; BLEXBot/1.0; +https://help.seranking.com/en/blex-crawler)"
89.248.172.183 - - [19/Oct/2025:08:19:48 -0400] "POST /wp-json/tdw/save_css HTTP/1.1" 401 98 "-" "curl/7.68.0"
89.248.172.183 - - [19/Oct/2025:08:19:48 -0400] "POST /wp-json/tdw/save_css HTTP/1.1" 401 98 "-" "curl/7.68.0"
89.248.172.183 - - [19/Oct/2025:08:19:49 -0400] "POST /wp-json/tdw/save_css HTTP/1.1" 401 98 "-" "curl/7.68.0"
89.248.172.183 - - [19/Oct/2025:08:19:49 -0400] "POST /wp-json/tdw/save_css HTTP/1.1" 401 98 "-" "curl/7.68.0"
89.248.172.183 - - [19/Oct/2025:08:19:50 -0400] "POST /wp-json/tdw/save_css HTTP/1.1" 401 98 "-" "curl/7.68.0"
89.248.172.183 - - [19/Oct/2025:08:19:50 -0400] "POST /wp-json/tdw/save_css HTTP/1.1" 401 98 "-" "curl/7.68.0"
89.248.172.183 - - [19/Oct/2025:08:19:51 -0400] "POST /wp-json/tdw/save_css HTTP/1.1" 401 98 "-" "curl/7.68.0"
144.76.19.3 - - [19/Oct/2025:08:19:51 -0400] "GET /expert-zone/kimberly-snyder/ultimate-guide-prepare-zucchini-cucumber-carrot-zoodles/ HTTP/1.1" 200 113298 "-" "Mozilla/5.0 (compatible; BLEXBot/1.0; +https://help.seranking.com/en/blex-crawler)"
89.248.172.183 - - [19/Oct/2025:08:19:51 -0400] "POST /wp-json/tdw/save_css HTTP/1.1" 401 98 "-" "curl/7.68.0"
89.248.172.183 - - [19/Oct/2025:08:19:52 -0400] "POST /wp-json/tdw/save_css HTTP/1.1" 401 98 "-" "curl/7.68.0"
89.248.172.183 - - [19/Oct/2025:08:19:53 -0400] "POST /wp-json/tdw/save_css HTTP/1.1" 401 98 "-" "curl/7.68.0"
89.248.172.183 - - [19/Oct/2025:08:19:53 -0400] "POST /wp-json/tdw/save_css HTTP/1.1" 401 98 "-" "curl/7.68.0"
89.248.172.183 - - [19/Oct/2025:08:19:54 -0400] "POST /wp-json/tdw/save_css HTTP/1.1" 401 98 "-" "curl/7.68.0"
89.248.172.183 - - [19/Oct/2025:08:19:54 -0400] "POST /wp-json/tdw/save_css HTTP/1.1" 401 98 "-" "curl/7.68.0"
89.248.172.183 - - [19/Oct/2025:08:19:54 -0400] "POST /wp-json/tdw/save_css HTTP/1.1" 401 98 "-" "curl/7.68.0"
144.76.19.3 - - [19/Oct/2025:08:19:55 -0400] "GET /home-remedies/skin-care/removing-acne-scars-days-instead-weeks-best-5-home-remedies/ HTTP/1.1" 200 98992 "-" "Mozilla/5.0 (compatible; BLEXBot/1.0; +https://help.seranking.com/en/blex-crawler)"
89.248.172.183 - - [19/Oct/2025:08:19:55 -0400] "POST /wp-json/tdw/save_css HTTP/1.1" 401 98 "-" "curl/7.68.0"
89.248.172.183 - - [19/Oct/2025:08:19:56 -0400] "POST /wp-json/tdw/save_css HTTP/1.1" 401 98 "-" "curl/7.68.0"
89.248.172.183 - - [19/Oct/2025:08:19:56 -0400] "POST /wp-json/tdw/save_css HTTP/1.1" 401 98 "-" "curl/7.68.0"
89.248.172.183 - - [19/Oct/2025:08:19:56 -0400] "POST /wp-json/tdw/save_css HTTP/1.1" 401 98 "-" "curl/7.68.0"
89.248.172.183 - - [19/Oct/2025:08:19:57 -0400] "POST /wp-json/tdw/save_css HTTP/1.1" 401 98 "-" "curl/7.68.0"
89.248.172.183 - - [19/Oct/2025:08:19:57 -0400] "POST /wp-json/tdw/save_css HTTP/1.1" 401 98 "-" "curl/7.68.0"
89.248.172.183 - - [19/Oct/2025:08:19:58 -0400] "POST /wp-json/tdw/save_css HTTP/1.1" 401 98 "-" "curl/7.68.0"
144.76.19.3 - - [19/Oct/2025:08:19:58 -0400] "GET /health-news/latest-health-news/anti-aging-proteins-treatment-cancer-obesity-diabetes/ HTTP/1.1" 200 105212 "-" "Mozilla/5.0 (compatible; BLEXBot/1.0; +https://help.seranking.com/en/blex-crawler)"
89.248.172.183 - - [19/Oct/2025:08:19:59 -0400] "POST /wp-json/tdw/save_css HTTP/1.1" 401 98 "-" "curl/7.68.0"
89.248.172.183 - - [19/Oct/2025:08:20:00 -0400] "POST /wp-json/tdw/save_css HTTP/1.1" 401 98 "-" "curl/7.68.0"
89.248.172.183 - - [19/Oct/2025:08:20:01 -0400] "POST /wp-json/tdw/save_css HTTP/1.1" 401 98 "-" "curl/7.68.0"
89.248.172.183 - - [19/Oct/2025:08:20:02 -0400] "POST /wp-json/tdw/save_css HTTP/1.1" 401 98 "-" "curl/7.68.0"
144.76.19.3 - - [19/Oct/2025:08:20:02 -0400] "GET /health-news/latest-health-news/day-long-cortisol-level-consistency-may-affect-health/ HTTP/1.1" 200 94978 "-" "Mozilla/5.0 (compatible; BLEXBot/1.0; +https://help.seranking.com/en/blex-crawler)"
89.248.172.183 - - [19/Oct/2025:08:20:03 -0400] "POST /wp-json/tdw/save_css HTTP/1.1" 401 98 "-" "curl/7.68.0"
89.248.172.183 - - [19/Oct/2025:08:20:04 -0400] "POST /wp-json/tdw/save_css HTTP/1.1" 401 98 "-" "curl/7.68.0"
89.248.172.183 - - [19/Oct/2025:08:20:05 -0400] "POST /wp-json/tdw/save_css HTTP/1.1" 401 98 "-" "curl/7.68.0"
144.76.19.3 - - [19/Oct/2025:08:20:06 -0400] "GET /health-news/latest-health-news/new-fingerprint-test-might-tell-whether-using-cocaine/ HTTP/1.1" 200 99630 "-" "Mozilla/5.0 (compatible; BLEXBot/1.0; +https://help.seranking.com/en/blex-crawler)"
89.248.172.183 - - [19/Oct/2025:08:20:06 -0400] "POST /wp-json/tdw/save_css HTTP/1.1" 401 98 "-" "curl/7.68.0"
89.248.172.183 - - [19/Oct/2025:08:20:07 -0400] "POST /wp-json/tdw/save_css HTTP/1.1" 401 98 "-" "curl/7.68.0"
89.248.172.183 - - [19/Oct/2025:08:20:08 -0400] "POST /wp-json/tdw/save_css HTTP/1.1" 401 98 "-" "curl/7.68.0"
89.248.172.183 - - [19/Oct/2025:08:20:09 -0400] "POST /wp-json/tdw/save_css HTTP/1.1" 401 98 "-" "curl/7.68.0"
144.76.19.3 - - [19/Oct/2025:08:20:10 -0400] "GET /health-news/latest-health-news/nipah-niv-virus-infection-new-zoonosis-looming-humans/ HTTP/1.1" 200 98316 "-" "Mozilla/5.0 (compatible; BLEXBot/1.0; +https://help.seranking.com/en/blex-crawler)"
89.248.172.183 - - [19/Oct/2025:08:20:10 -0400] "POST /wp-json/tdw/save_css HTTP/1.1" 401 98 "-" "curl/7.68.0"
89.248.172.183 - - [19/Oct/2025:08:20:12 -0400] "POST /wp-json/tdw/save_css HTTP/1.1" 401 98 "-" "curl/7.68.0"
89.248.172.183 - - [19/Oct/2025:08:20:12 -0400] "POST /wp-json/tdw/save_css HTTP/1.1" 401 98 "-" "curl/7.68.0"
144.76.19.3 - - [19/Oct/2025:08:20:13 -0400] "GET /health-news/latest-health-news/is-there-an-association-between-skin-tags-and-diabetes/ HTTP/1.1" 200 108512 "-" "Mozilla/5.0 (compatible; BLEXBot/1.0; +https://help.seranking.com/en/blex-crawler)"
89.248.172.183 - - [19/Oct/2025:08:20:14 -0400] "POST /wp-json/tdw/save_css HTTP/1.1" 401 98 "-" "curl/7.68.0"
89.248.172.183 - - [19/Oct/2025:08:20:14 -0400] "POST /wp-json/tdw/save_css HTTP/1.1" 401 98 "-" "curl/7.68.0"
144.76.19.3 - - [19/Oct/2025:08:20:17 -0400] "GET /health-news/latest-health-news/know-packaged-water-may-contain-plastic-microparticles/ HTTP/1.1" 200 96426 "-" "Mozilla/5.0 (compatible; BLEXBot/1.0; +https://help.seranking.com/en/blex-crawler)"
167.172.41.47 - - [19/Oct/2025:08:20:19 -0400] "POST /xmlrpc.php HTTP/1.1" 404 77061 "http://zovon.com" "Mozilla/5.0 (Windows NT 10.0; Win64; x64) AppleWebKit/537.36 (KHTML, like Gecko) Chrome/116.0.5845.96 Safari/537.36 Edg/116.0.1938.62"
144.76.19.3 - - [19/Oct/2025:08:20:21 -0400] "GET /health-news/latest-health-news/upset-stomach-may-be-a-sign-of-coronavirus-in-children/ HTTP/1.1" 200 94983 "-" "Mozilla/5.0 (compatible; BLEXBot/1.0; +https://help.seranking.com/en/blex-crawler)"
89.248.172.183 - - [19/Oct/2025:08:20:22 -0400] "POST /wp-json/tdw/save_css HTTP/1.1" 401 98 "-" "curl/7.68.0"
89.248.172.183 - - [19/Oct/2025:08:20:22 -0400] "POST /wp-json/tdw/save_css HTTP/1.1" 401 98 "-" "curl/7.68.0"
89.248.172.183 - - [19/Oct/2025:08:20:22 -0400] "POST /wp-json/tdw/save_css HTTP/1.1" 401 98 "-" "curl/7.68.0"
89.248.172.183 - - [19/Oct/2025:08:20:22 -0400] "POST /wp-json/tdw/save_css HTTP/1.1" 401 98 "-" "curl/7.68.0"
89.248.172.183 - - [19/Oct/2025:08:20:23 -0400] "POST /wp-json/tdw/save_css HTTP/1.1" 401 98 "-" "curl/7.68.0"
89.248.172.183 - - [19/Oct/2025:08:20:23 -0400] "POST /wp-json/tdw/save_css HTTP/1.1" 401 98 "-" "curl/7.68.0"
89.248.172.183 - - [19/Oct/2025:08:20:23 -0400] "POST /wp-json/tdw/save_css HTTP/1.1" 401 98 "-" "curl/7.68.0"
89.248.172.183 - - [19/Oct/2025:08:20:23 -0400] "POST /wp-json/tdw/save_css HTTP/1.1" 401 98 "-" "curl/7.68.0"
89.248.172.183 - - [19/Oct/2025:08:20:23 -0400] "POST /wp-json/tdw/save_css HTTP/1.1" 401 98 "-" "curl/7.68.0"
89.248.172.183 - - [19/Oct/2025:08:20:23 -0400] "POST /wp-json/tdw/save_css HTTP/1.1" 401 98 "-" "curl/7.68.0"
89.248.172.183 - - [19/Oct/2025:08:20:24 -0400] "POST /wp-json/tdw/save_css HTTP/1.1" 401 98 "-" "curl/7.68.0"
89.248.172.183 - - [19/Oct/2025:08:20:24 -0400] "POST /wp-json/tdw/save_css HTTP/1.1" 401 98 "-" "curl/7.68.0"
89.248.172.183 - - [19/Oct/2025:08:20:24 -0400] "POST /wp-json/tdw/save_css HTTP/1.1" 401 98 "-" "curl/7.68.0"
89.248.172.183 - - [19/Oct/2025:08:20:24 -0400] "POST /wp-json/tdw/save_css HTTP/1.1" 401 98 "-" "curl/7.68.0"
144.76.19.3 - - [19/Oct/2025:08:20:24 -0400] "GET /health-news/popular-topics/world-aids-day-can-transmission-hiv-mother-baby-nipped-bud/ HTTP/1.1" 200 105201 "-" "Mozilla/5.0 (compatible; BLEXBot/1.0; +https://help.seranking.com/en/blex-crawler)"
89.248.172.183 - - [19/Oct/2025:08:20:25 -0400] "POST /wp-json/tdw/save_css HTTP/1.1" 401 98 "-" "curl/7.68.0"
89.248.172.183 - - [19/Oct/2025:08:20:25 -0400] "POST /wp-json/tdw/save_css HTTP/1.1" 401 98 "-" "curl/7.68.0"
89.248.172.183 - - [19/Oct/2025:08:20:25 -0400] "POST /wp-json/tdw/save_css HTTP/1.1" 401 98 "-" "curl/7.68.0"
89.248.172.183 - - [19/Oct/2025:08:20:25 -0400] "POST /wp-json/tdw/save_css HTTP/1.1" 401 98 "-" "curl/7.68.0"
89.248.172.183 - - [19/Oct/2025:08:20:25 -0400] "POST /wp-json/tdw/save_css HTTP/1.1" 401 98 "-" "curl/7.68.0"
89.248.172.183 - - [19/Oct/2025:08:20:26 -0400] "POST /wp-json/tdw/save_css HTTP/1.1" 401 98 "-" "curl/7.68.0"
89.248.172.183 - - [19/Oct/2025:08:20:26 -0400] "POST /wp-json/tdw/save_css HTTP/1.1" 401 98 "-" "curl/7.68.0"
89.248.172.183 - - [19/Oct/2025:08:20:26 -0400] "POST /wp-json/tdw/save_css HTTP/1.1" 401 98 "-" "curl/7.68.0"
89.248.172.183 - - [19/Oct/2025:08:20:26 -0400] "POST /wp-json/tdw/save_css HTTP/1.1" 401 98 "-" "curl/7.68.0"
89.248.172.183 - - [19/Oct/2025:08:20:27 -0400] "POST /wp-json/tdw/save_css HTTP/1.1" 401 98 "-" "curl/7.68.0"
89.248.172.183 - - [19/Oct/2025:08:20:27 -0400] "POST /wp-json/tdw/save_css HTTP/1.1" 401 98 "-" "curl/7.68.0"
89.248.172.183 - - [19/Oct/2025:08:20:27 -0400] "POST /wp-json/tdw/save_css HTTP/1.1" 401 98 "-" "curl/7.68.0"
89.248.172.183 - - [19/Oct/2025:08:20:28 -0400] "POST /wp-json/tdw/save_css HTTP/1.1" 401 98 "-" "curl/7.68.0"
144.76.19.3 - - [19/Oct/2025:08:20:28 -0400] "GET /health-news/popular-topics/mediterranean-diet-help-lose-weight-gain-energy-live-longer/ HTTP/1.1" 200 106727 "-" "Mozilla/5.0 (compatible; BLEXBot/1.0; +https://help.seranking.com/en/blex-crawler)"
89.248.172.183 - - [19/Oct/2025:08:20:28 -0400] "POST /wp-json/tdw/save_css HTTP/1.1" 401 98 "-" "curl/7.68.0"
89.248.172.183 - - [19/Oct/2025:08:20:29 -0400] "POST /wp-json/tdw/save_css HTTP/1.1" 401 98 "-" "curl/7.68.0"
89.248.172.183 - - [19/Oct/2025:08:20:29 -0400] "POST /wp-json/tdw/save_css HTTP/1.1" 401 98 "-" "curl/7.68.0"
89.248.172.183 - - [19/Oct/2025:08:20:29 -0400] "POST /wp-json/tdw/save_css HTTP/1.1" 401 98 "-" "curl/7.68.0"
89.248.172.183 - - [19/Oct/2025:08:20:29 -0400] "POST /wp-json/tdw/save_css HTTP/1.1" 401 98 "-" "curl/7.68.0"
89.248.172.183 - - [19/Oct/2025:08:20:30 -0400] "POST /wp-json/tdw/save_css HTTP/1.1" 401 98 "-" "curl/7.68.0"
89.248.172.183 - - [19/Oct/2025:08:20:30 -0400] "POST /wp-json/tdw/save_css HTTP/1.1" 401 98 "-" "curl/7.68.0"
89.248.172.183 - - [19/Oct/2025:08:20:30 -0400] "POST /wp-json/tdw/save_css HTTP/1.1" 401 98 "-" "curl/7.68.0"
89.248.172.183 - - [19/Oct/2025:08:20:31 -0400] "POST /wp-json/tdw/save_css HTTP/1.1" 401 98 "-" "curl/7.68.0"
89.248.172.183 - - [19/Oct/2025:08:20:31 -0400] "POST /wp-json/tdw/save_css HTTP/1.1" 401 98 "-" "curl/7.68.0"
89.248.172.183 - - [19/Oct/2025:08:20:31 -0400] "POST /wp-json/tdw/save_css HTTP/1.1" 401 98 "-" "curl/7.68.0"
89.248.172.183 - - [19/Oct/2025:08:20:32 -0400] "POST /wp-json/tdw/save_css HTTP/1.1" 401 98 "-" "curl/7.68.0"
144.76.19.3 - - [19/Oct/2025:08:20:32 -0400] "GET /health-news/popular-topics/obesity-one-reasons-knee-dislocations-related-complications/ HTTP/1.1" 200 105738 "-" "Mozilla/5.0 (compatible; BLEXBot/1.0; +https://help.seranking.com/en/blex-crawler)"
89.248.172.183 - - [19/Oct/2025:08:20:32 -0400] "POST /wp-json/tdw/save_css HTTP/1.1" 401 98 "-" "curl/7.68.0"
89.248.172.183 - - [19/Oct/2025:08:20:32 -0400] "POST /wp-json/tdw/save_css HTTP/1.1" 401 98 "-" "curl/7.68.0"
89.248.172.183 - - [19/Oct/2025:08:20:33 -0400] "POST /wp-json/tdw/save_css HTTP/1.1" 401 98 "-" "curl/7.68.0"
89.248.172.183 - - [19/Oct/2025:08:20:33 -0400] "POST /wp-json/tdw/save_css HTTP/1.1" 401 98 "-" "curl/7.68.0"
89.248.172.183 - - [19/Oct/2025:08:20:33 -0400] "POST /wp-json/tdw/save_css HTTP/1.1" 401 98 "-" "curl/7.68.0"
89.248.172.183 - - [19/Oct/2025:08:20:33 -0400] "POST /wp-json/tdw/save_css HTTP/1.1" 401 98 "-" "curl/7.68.0"
89.248.172.183 - - [19/Oct/2025:08:20:34 -0400] "POST /wp-json/tdw/save_css HTTP/1.1" 401 98 "-" "curl/7.68.0"
89.248.172.183 - - [19/Oct/2025:08:20:34 -0400] "POST /wp-json/tdw/save_css HTTP/1.1" 401 98 "-" "curl/7.68.0"
89.248.172.183 - - [19/Oct/2025:08:20:35 -0400] "POST /wp-json/tdw/save_css HTTP/1.1" 401 98 "-" "curl/7.68.0"
89.248.172.183 - - [19/Oct/2025:08:20:35 -0400] "POST /wp-json/tdw/save_css HTTP/1.1" 401 98 "-" "curl/7.68.0"
66.116.199.115 - - [19/Oct/2025:08:20:36 -0400] "POST /wp-cron.php?doing_wp_cron=1760876436.0822660923004150390625 HTTP/1.1" 404 77061 "-" "WordPress/6.8.3; http://zovon.com"
89.248.172.183 - - [19/Oct/2025:08:20:35 -0400] "POST /wp-json/tdw/save_css HTTP/1.1" 401 98 "-" "curl/7.68.0"
144.76.19.3 - - [19/Oct/2025:08:20:36 -0400] "GET /expert-zone/sadhguru/looking-something-not-enough-attain-spirituality-sadhguru-explains/ HTTP/1.1" 200 105806 "-" "Mozilla/5.0 (compatible; BLEXBot/1.0; +https://help.seranking.com/en/blex-crawler)"
66.116.199.115 - - [19/Oct/2025:08:20:36 -0400] "POST /wp-cron.php?doing_wp_cron=1760876436.1226348876953125000000 HTTP/1.1" 404 77061 "-" "WordPress/6.8.3; http://zovon.com"
89.248.172.183 - - [19/Oct/2025:08:20:35 -0400] "POST /wp-json/tdw/save_css HTTP/1.1" 401 98 "-" "curl/7.68.0"
89.248.172.183 - - [19/Oct/2025:08:20:36 -0400] "POST /wp-json/tdw/save_css HTTP/1.1" 401 98 "-" "curl/7.68.0"
89.248.172.183 - - [19/Oct/2025:08:20:37 -0400] "POST /wp-json/tdw/save_css HTTP/1.1" 401 98 "-" "curl/7.68.0"
89.248.172.183 - - [19/Oct/2025:08:20:37 -0400] "POST /wp-json/tdw/save_css HTTP/1.1" 401 98 "-" "curl/7.68.0"
89.248.172.183 - - [19/Oct/2025:08:20:38 -0400] "POST /wp-json/tdw/save_css HTTP/1.1" 401 98 "-" "curl/7.68.0"
89.248.172.183 - - [19/Oct/2025:08:20:38 -0400] "POST /wp-json/tdw/save_css HTTP/1.1" 401 98 "-" "curl/7.68.0"
89.248.172.183 - - [19/Oct/2025:08:20:39 -0400] "POST /wp-json/tdw/save_css HTTP/1.1" 401 98 "-" "curl/7.68.0"
89.248.172.183 - - [19/Oct/2025:08:20:39 -0400] "POST /wp-json/tdw/save_css HTTP/1.1" 401 98 "-" "curl/7.68.0"
144.76.19.3 - - [19/Oct/2025:08:20:39 -0400] "GET /health-conditions/depression/need-for-a-better-plan-to-tackle-an-epidemic-of-depression/ HTTP/1.1" 200 99540 "-" "Mozilla/5.0 (compatible; BLEXBot/1.0; +https://help.seranking.com/en/blex-crawler)"
89.248.172.183 - - [19/Oct/2025:08:20:40 -0400] "POST /wp-json/tdw/save_css HTTP/1.1" 401 98 "-" "curl/7.68.0"
89.248.172.183 - - [19/Oct/2025:08:20:40 -0400] "POST /wp-json/tdw/save_css HTTP/1.1" 401 98 "-" "curl/7.68.0"
66.249.68.1 - - [19/Oct/2025:08:20:41 -0400] "GET /page/110/?z=617356912 HTTP/1.1" 200 43534 "-" "Mozilla/5.0 (Linux; Android 6.0.1; Nexus 5X Build/MMB29P) AppleWebKit/537.36 (KHTML, like Gecko) Chrome/140.0.7339.207 Mobile Safari/537.36 (compatible; GoogleOther)"
89.248.172.183 - - [19/Oct/2025:08:20:41 -0400] "POST /wp-json/tdw/save_css HTTP/1.1" 401 98 "-" "curl/7.68.0"
89.248.172.183 - - [19/Oct/2025:08:20:41 -0400] "POST /wp-json/tdw/save_css HTTP/1.1" 401 98 "-" "curl/7.68.0"
89.248.172.183 - - [19/Oct/2025:08:20:42 -0400] "POST /wp-json/tdw/save_css HTTP/1.1" 401 98 "-" "curl/7.68.0"
89.248.172.183 - - [19/Oct/2025:08:20:42 -0400] "POST /wp-json/tdw/save_css HTTP/1.1" 401 98 "-" "curl/7.68.0"
89.248.172.183 - - [19/Oct/2025:08:20:43 -0400] "POST /wp-json/tdw/save_css HTTP/1.1" 401 98 "-" "curl/7.68.0"
144.76.19.3 - - [19/Oct/2025:08:20:43 -0400] "GET /health-news/latest-health-news/surgical-residents-prone-alcohol-abuse-stress-depression/ HTTP/1.1" 200 94435 "-" "Mozilla/5.0 (compatible; BLEXBot/1.0; +https://help.seranking.com/en/blex-crawler)"
89.248.172.183 - - [19/Oct/2025:08:20:44 -0400] "POST /wp-json/tdw/save_css HTTP/1.1" 401 98 "-" "curl/7.68.0"
89.248.172.183 - - [19/Oct/2025:08:20:44 -0400] "POST /wp-json/tdw/save_css HTTP/1.1" 401 98 "-" "curl/7.68.0"
89.248.172.183 - - [19/Oct/2025:08:20:44 -0400] "POST /wp-json/tdw/save_css HTTP/1.1" 401 98 "-" "curl/7.68.0"
89.248.172.183 - - [19/Oct/2025:08:20:45 -0400] "POST /wp-json/tdw/save_css HTTP/1.1" 401 98 "-" "curl/7.68.0"
89.248.172.183 - - [19/Oct/2025:08:20:45 -0400] "POST /wp-json/tdw/save_css HTTP/1.1" 401 98 "-" "curl/7.68.0"
89.248.172.183 - - [19/Oct/2025:08:20:46 -0400] "POST /wp-json/tdw/save_css HTTP/1.1" 401 98 "-" "curl/7.68.0"
89.248.172.183 - - [19/Oct/2025:08:20:46 -0400] "POST /wp-json/tdw/save_css HTTP/1.1" 401 98 "-" "curl/7.68.0"
144.76.19.3 - - [19/Oct/2025:08:20:47 -0400] "GET /health-news/popular-topics/low-testosterone-levels-can-increase-risk-chronic-conditions/ HTTP/1.1" 200 109013 "-" "Mozilla/5.0 (compatible; BLEXBot/1.0; +https://help.seranking.com/en/blex-crawler)"
89.248.172.183 - - [19/Oct/2025:08:20:47 -0400] "POST /wp-json/tdw/save_css HTTP/1.1" 401 98 "-" "curl/7.68.0"
89.248.172.183 - - [19/Oct/2025:08:20:48 -0400] "POST /wp-json/tdw/save_css HTTP/1.1" 401 98 "-" "curl/7.68.0"
89.248.172.183 - - [19/Oct/2025:08:20:48 -0400] "POST /wp-json/tdw/save_css HTTP/1.1" 401 98 "-" "curl/7.68.0"
89.248.172.183 - - [19/Oct/2025:08:20:49 -0400] "POST /wp-json/tdw/save_css HTTP/1.1" 401 98 "-" "curl/7.68.0"
89.248.172.183 - - [19/Oct/2025:08:20:49 -0400] "POST /wp-json/tdw/save_css HTTP/1.1" 401 98 "-" "curl/7.68.0"
89.248.172.183 - - [19/Oct/2025:08:20:50 -0400] "POST /wp-json/tdw/save_css HTTP/1.1" 401 98 "-" "curl/7.68.0"
89.248.172.183 - - [19/Oct/2025:08:20:50 -0400] "POST /wp-json/tdw/save_css HTTP/1.1" 401 98 "-" "curl/7.68.0"
89.248.172.183 - - [19/Oct/2025:08:20:51 -0400] "POST /wp-json/tdw/save_css HTTP/1.1" 401 98 "-" "curl/7.68.0"
144.76.19.3 - - [19/Oct/2025:08:20:51 -0400] "GET /health-news/latest-health-news/thousands-volunteered-for-final-trial-of-covid-19-vaccine/ HTTP/1.1" 200 96024 "-" "Mozilla/5.0 (compatible; BLEXBot/1.0; +https://help.seranking.com/en/blex-crawler)"
89.248.172.183 - - [19/Oct/2025:08:20:51 -0400] "POST /wp-json/tdw/save_css HTTP/1.1" 401 98 "-" "curl/7.68.0"
89.248.172.183 - - [19/Oct/2025:08:20:52 -0400] "POST /wp-json/tdw/save_css HTTP/1.1" 401 98 "-" "curl/7.68.0"
89.248.172.183 - - [19/Oct/2025:08:20:52 -0400] "POST /wp-json/tdw/save_css HTTP/1.1" 401 98 "-" "curl/7.68.0"
89.248.172.183 - - [19/Oct/2025:08:20:53 -0400] "POST /wp-json/tdw/save_css HTTP/1.1" 401 98 "-" "curl/7.68.0"
89.248.172.183 - - [19/Oct/2025:08:20:53 -0400] "POST /wp-json/tdw/save_css HTTP/1.1" 401 98 "-" "curl/7.68.0"
89.248.172.183 - - [19/Oct/2025:08:20:54 -0400] "POST /wp-json/tdw/save_css HTTP/1.1" 401 98 "-" "curl/7.68.0"
144.76.19.3 - - [19/Oct/2025:08:20:54 -0400] "GET /health-news/popular-topics/diet-influences-menopause-oily-fish-legumes-can-probably-help/ HTTP/1.1" 200 102753 "-" "Mozilla/5.0 (compatible; BLEXBot/1.0; +https://help.seranking.com/en/blex-crawler)"
89.248.172.183 - - [19/Oct/2025:08:20:54 -0400] "POST /wp-json/tdw/save_css HTTP/1.1" 401 98 "-" "curl/7.68.0"
89.248.172.183 - - [19/Oct/2025:08:20:55 -0400] "POST /wp-json/tdw/save_css HTTP/1.1" 401 98 "-" "curl/7.68.0"
89.248.172.183 - - [19/Oct/2025:08:20:55 -0400] "POST /wp-json/tdw/save_css HTTP/1.1" 401 98 "-" "curl/7.68.0"
89.248.172.183 - - [19/Oct/2025:08:20:56 -0400] "POST /wp-json/tdw/save_css HTTP/1.1" 401 98 "-" "curl/7.68.0"
89.248.172.183 - - [19/Oct/2025:08:20:56 -0400] "POST /wp-json/tdw/save_css HTTP/1.1" 401 98 "-" "curl/7.68.0"
89.248.172.183 - - [19/Oct/2025:08:20:57 -0400] "POST /wp-json/tdw/save_css HTTP/1.1" 401 98 "-" "curl/7.68.0"
89.248.172.183 - - [19/Oct/2025:08:20:58 -0400] "POST /wp-json/tdw/save_css HTTP/1.1" 401 98 "-" "curl/7.68.0"
144.76.19.3 - - [19/Oct/2025:08:20:58 -0400] "GET /expert-zone/dr-harold-lancer/dr-harold-lancers-guide-choosing-cosmetics-skincare-benefits/ HTTP/1.1" 200 106604 "-" "Mozilla/5.0 (compatible; BLEXBot/1.0; +https://help.seranking.com/en/blex-crawler)"
89.248.172.183 - - [19/Oct/2025:08:20:58 -0400] "POST /wp-json/tdw/save_css HTTP/1.1" 401 98 "-" "curl/7.68.0"
89.248.172.183 - - [19/Oct/2025:08:20:58 -0400] "POST /wp-json/tdw/save_css HTTP/1.1" 401 98 "-" "curl/7.68.0"
89.248.172.183 - - [19/Oct/2025:08:20:59 -0400] "POST /wp-json/tdw/save_css HTTP/1.1" 401 98 "-" "curl/7.68.0"
89.248.172.183 - - [19/Oct/2025:08:20:59 -0400] "POST /wp-json/tdw/save_css HTTP/1.1" 401 98 "-" "curl/7.68.0"
36.155.132.142 - - [19/Oct/2025:08:21:00 -0400] "GET /?p=19596 HTTP/1.1" 301 - "http://m.baidu.com/s?wd=golden5j1" "Mozilla/5.0 (Windows NT 6.1; WOW64; rv:43.0) Gecko/20100101 Firefox/43.0"
89.248.172.183 - - [19/Oct/2025:08:21:00 -0400] "POST /wp-json/tdw/save_css HTTP/1.1" 401 98 "-" "curl/7.68.0"
89.248.172.183 - - [19/Oct/2025:08:21:01 -0400] "POST /wp-json/tdw/save_css HTTP/1.1" 401 98 "-" "curl/7.68.0"
89.248.172.183 - - [19/Oct/2025:08:21:01 -0400] "POST /wp-json/tdw/save_css HTTP/1.1" 401 98 "-" "curl/7.68.0"
89.248.172.183 - - [19/Oct/2025:08:21:02 -0400] "POST /wp-json/tdw/save_css HTTP/1.1" 401 98 "-" "curl/7.68.0"
36.155.132.142 - - [19/Oct/2025:08:21:01 -0400] "GET /home-remedies/skin-care/acne-home-remedies/ HTTP/1.1" 200 133221 "-" "Mozilla/5.0 (Windows NT 6.1; WOW64; rv:43.0) Gecko/20100101 Firefox/43.0"
36.155.132.172 - - [19/Oct/2025:08:21:02 -0400] "GET /wp-content/plugins/td-newsletter/style.css?ver=12.7.1 HTTP/1.1" 200 5464 "http://zovon.com/home-remedies/skin-care/acne-home-remedies/" "Mozilla/5.0 (Windows NT 6.1; WOW64; rv:43.0) Gecko/20100101 Firefox/43.0"
36.155.132.140 - - [19/Oct/2025:08:21:02 -0400] "GET /wp-content/plugins/td-composer/td-multi-purpose/style.css?ver=492e3cf54bd42df3b24a3de8e2307cafx HTTP/1.1" 200 38952 "http://zovon.com/home-remedies/skin-care/acne-home-remedies/" "Mozilla/5.0 (Windows NT 6.1; WOW64; rv:43.0) Gecko/20100101 Firefox/43.0"
36.155.132.162 - - [19/Oct/2025:08:21:02 -0400] "GET /wp-content/plugins/td-subscription/assets/css/tds-front.css?ver=1.7.1 HTTP/1.1" 200 47957 "http://zovon.com/home-remedies/skin-care/acne-home-remedies/" "Mozilla/5.0 (Windows NT 6.1; WOW64; rv:43.0) Gecko/20100101 Firefox/43.0"
66.249.79.132 - - [19/Oct/2025:08:21:02 -0400] "GET /?t=6271799597af16b8 HTTP/1.1" 301 - "-" "Mozilla/5.0 (Linux; Android 6.0.1; Nexus 5X Build/MMB29P) AppleWebKit/537.36 (KHTML, like Gecko) Chrome/140.0.7339.207 Mobile Safari/537.36 (compatible; Googlebot/2.1; +http://www.google.com/bot.html)"
36.155.132.142 - - [19/Oct/2025:08:21:03 -0400] "GET /wp-content/plugins/td-composer/legacy/Newspaper/assets/css/td_legacy_main.css?ver=492e3cf54bd42df3b24a3de8e2307cafx HTTP/1.1" 200 173151 "http://zovon.com/home-remedies/skin-care/acne-home-remedies/" "Mozilla/5.0 (Windows NT 6.1; WOW64; rv:43.0) Gecko/20100101 Firefox/43.0"
89.248.172.183 - - [19/Oct/2025:08:21:02 -0400] "POST /wp-json/tdw/save_css HTTP/1.1" 401 98 "-" "curl/7.68.0"
89.248.172.183 - - [19/Oct/2025:08:21:02 -0400] "POST /wp-json/tdw/save_css HTTP/1.1" 401 98 "-" "curl/7.68.0"
66.249.68.1 - - [19/Oct/2025:08:21:03 -0400] "GET /?t=6271799597af16b8 HTTP/1.1" 200 74290 "-" "Mozilla/5.0 (Linux; Android 6.0.1; Nexus 5X Build/MMB29P) AppleWebKit/537.36 (KHTML, like Gecko) Chrome/140.0.7339.207 Mobile Safari/537.36 (compatible; Googlebot/2.1; +http://www.google.com/bot.html)"
36.155.132.162 - - [19/Oct/2025:08:21:03 -0400] "GET /wp-content/plugins/td-cloud-library/assets/css/tdb_main.css?ver=d578089f160957352b9b4ca6d880fd8f HTTP/1.1" 200 48249 "http://zovon.com/home-remedies/skin-care/acne-home-remedies/" "Mozilla/5.0 (Windows NT 6.1; WOW64; rv:43.0) Gecko/20100101 Firefox/43.0"
36.155.132.172 - - [19/Oct/2025:08:21:03 -0400] "GET /wp-content/themes/Newspaper/style.css?ver=12.7.1 HTTP/1.1" 200 158737 "http://zovon.com/home-remedies/skin-care/acne-home-remedies/" "Mozilla/5.0 (Windows NT 6.1; WOW64; rv:43.0) Gecko/20100101 Firefox/43.0"
89.248.172.183 - - [19/Oct/2025:08:21:04 -0400] "POST /wp-json/tdw/save_css HTTP/1.1" 401 98 "-" "curl/7.68.0"
36.155.132.142 - - [19/Oct/2025:08:21:04 -0400] "GET /wp-includes/js/jquery/jquery.min.js?ver=3.7.1 HTTP/1.1" 200 87553 "http://zovon.com/home-remedies/skin-care/acne-home-remedies/" "Mozilla/5.0 (Windows NT 6.1; WOW64; rv:43.0) Gecko/20100101 Firefox/43.0"
36.155.132.162 - - [19/Oct/2025:08:21:04 -0400] "GET /wp-includes/js/jquery/jquery-migrate.min.js?ver=3.4.1 HTTP/1.1" 200 13577 "http://zovon.com/home-remedies/skin-care/acne-home-remedies/" "Mozilla/5.0 (Windows NT 6.1; WOW64; rv:43.0) Gecko/20100101 Firefox/43.0"
89.248.172.183 - - [19/Oct/2025:08:21:05 -0400] "POST /wp-json/tdw/save_css HTTP/1.1" 401 98 "-" "curl/7.68.0"
36.155.132.163 - - [19/Oct/2025:08:21:03 -0400] "GET /wp-content/plugins/td-standard-pack/Newspaper/assets/css/td_standard_pack_main.css?ver=8ae1459a1d876d507918f73cef68310e HTTP/1.1" 200 735216 "http://zovon.com/home-remedies/skin-care/acne-home-remedies/" "Mozilla/5.0 (Windows NT 6.1; WOW64; rv:43.0) Gecko/20100101 Firefox/43.0"
36.155.132.162 - - [19/Oct/2025:08:21:05 -0400] "GET /wp-content/plugins/td-composer/legacy/Newspaper/js/tdPostImages.js?ver=12.7.1 HTTP/1.1" 200 2449 "http://zovon.com/home-remedies/skin-care/acne-home-remedies/" "Mozilla/5.0 (Windows NT 6.1; WOW64; rv:43.0) Gecko/20100101 Firefox/43.0"
36.155.132.172 - - [19/Oct/2025:08:21:05 -0400] "GET /wp-content/plugins/td-composer/legacy/Newspaper/js/tagdiv_theme.min.js?ver=12.7.1 HTTP/1.1" 200 160112 "http://zovon.com/home-remedies/skin-care/acne-home-remedies/" "Mozilla/5.0 (Windows NT 6.1; WOW64; rv:43.0) Gecko/20100101 Firefox/43.0"
36.155.132.142 - - [19/Oct/2025:08:21:05 -0400] "GET /wp-content/plugins/td-composer/legacy/Newspaper/js/tdSmartSidebar.js?ver=12.7.1 HTTP/1.1" 200 9966 "http://zovon.com/home-remedies/skin-care/acne-home-remedies/" "Mozilla/5.0 (Windows NT 6.1; WOW64; rv:43.0) Gecko/20100101 Firefox/43.0"
36.155.132.162 - - [19/Oct/2025:08:21:05 -0400] "GET /wp-content/plugins/td-composer/legacy/Newspaper/js/tdSocialSharing.js?ver=12.7.1 HTTP/1.1" 200 2632 "http://zovon.com/home-remedies/skin-care/acne-home-remedies/" "Mozilla/5.0 (Windows NT 6.1; WOW64; rv:43.0) Gecko/20100101 Firefox/43.0"
36.155.132.162 - - [19/Oct/2025:08:21:06 -0400] "GET /wp-content/plugins/td-composer/legacy/Newspaper/js/tdModalPostImages.js?ver=12.7.1 HTTP/1.1" 200 8892 "http://zovon.com/home-remedies/skin-care/acne-home-remedies/" "Mozilla/5.0 (Windows NT 6.1; WOW64; rv:43.0) Gecko/20100101 Firefox/43.0"
89.248.172.183 - - [19/Oct/2025:08:21:06 -0400] "POST /wp-json/tdw/save_css HTTP/1.1" 401 98 "-" "curl/7.68.0"
36.155.132.142 - - [19/Oct/2025:08:21:06 -0400] "GET /wp-includes/js/comment-reply.min.js?ver=6.8.3 HTTP/1.1" 200 3026 "http://zovon.com/home-remedies/skin-care/acne-home-remedies/" "Mozilla/5.0 (Windows NT 6.1; WOW64; rv:43.0) Gecko/20100101 Firefox/43.0"
36.155.132.162 - - [19/Oct/2025:08:21:06 -0400] "GET /wp-includes/js/underscore.min.js?ver=1.13.7 HTTP/1.1" 200 18905 "http://zovon.com/home-remedies/skin-care/acne-home-remedies/" "Mozilla/5.0 (Windows NT 6.1; WOW64; rv:43.0) Gecko/20100101 Firefox/43.0"
36.155.132.162 - - [19/Oct/2025:08:21:07 -0400] "GET /wp-content/plugins/td-subscription/assets/js/js_files_for_front.min.js?ver=1.7.1 HTTP/1.1" 200 11216 "http://zovon.com/home-remedies/skin-care/acne-home-remedies/" "Mozilla/5.0 (Windows NT 6.1; WOW64; rv:43.0) Gecko/20100101 Firefox/43.0"
36.155.132.163 - - [19/Oct/2025:08:21:07 -0400] "GET /wp-content/plugins/td-cloud-library/assets/js/js_files_for_front.min.js?ver=d578089f160957352b9b4ca6d880fd8f HTTP/1.1" 200 29694 "http://zovon.com/home-remedies/skin-care/acne-home-remedies/" "Mozilla/5.0 (Windows NT 6.1; WOW64; rv:43.0) Gecko/20100101 Firefox/43.0"
89.248.172.183 - - [19/Oct/2025:08:21:07 -0400] "POST /wp-json/tdw/save_css HTTP/1.1" 401 98 "-" "curl/7.68.0"
36.155.132.162 - - [19/Oct/2025:08:21:07 -0400] "GET /wp-content/plugins/td-composer/legacy/Newspaper/js/tdToTop.js?ver=12.7.1 HTTP/1.1" 200 1426 "http://zovon.com/home-remedies/skin-care/acne-home-remedies/" "Mozilla/5.0 (Windows NT 6.1; WOW64; rv:43.0) Gecko/20100101 Firefox/43.0"
36.155.132.162 - - [19/Oct/2025:08:21:07 -0400] "GET /wp-content/plugins/td-composer/legacy/Newspaper/js/tdAjaxSearch.js?ver=12.7.1 HTTP/1.1" 200 6145 "http://zovon.com/home-remedies/skin-care/acne-home-remedies/" "Mozilla/5.0 (Windows NT 6.1; WOW64; rv:43.0) Gecko/20100101 Firefox/43.0"
36.155.132.172 - - [19/Oct/2025:08:21:07 -0400] "GET /wp-content/plugins/td-composer/legacy/Newspaper/js/tdLogin.js?ver=12.7.1 HTTP/1.1" 200 13631 "http://zovon.com/home-remedies/skin-care/acne-home-remedies/" "Mozilla/5.0 (Windows NT 6.1; WOW64; rv:43.0) Gecko/20100101 Firefox/43.0"
36.155.132.163 - - [19/Oct/2025:08:21:07 -0400] "GET /wp-content/plugins/td-composer/legacy/Newspaper/js/tdMenu.js?ver=12.7.1 HTTP/1.1" 200 4530 "http://zovon.com/home-remedies/skin-care/acne-home-remedies/" "Mozilla/5.0 (Windows NT 6.1; WOW64; rv:43.0) Gecko/20100101 Firefox/43.0"
36.155.132.142 - - [19/Oct/2025:08:21:08 -0400] "GET /wp-content/plugins/td-composer/legacy/Newspaper/js/tdLoadingBox.js?ver=12.7.1 HTTP/1.1" 200 2670 "http://zovon.com/home-remedies/skin-care/acne-home-remedies/" "Mozilla/5.0 (Windows NT 6.1; WOW64; rv:43.0) Gecko/20100101 Firefox/43.0"
89.248.172.183 - - [19/Oct/2025:08:21:08 -0400] "POST /wp-json/tdw/save_css HTTP/1.1" 401 98 "-" "curl/7.68.0"
89.248.172.183 - - [19/Oct/2025:08:21:09 -0400] "POST /wp-json/tdw/save_css HTTP/1.1" 401 98 "-" "curl/7.68.0"
36.155.132.133 - - [19/Oct/2025:08:21:02 -0400] "GET /wp-includes/css/dist/block-library/style.min.css?ver=6.8.3 HTTP/1.1" 200 116345 "http://zovon.com/home-remedies/skin-care/acne-home-remedies/" "Mozilla/5.0 (Windows NT 6.1; WOW64; rv:43.0) Gecko/20100101 Firefox/43.0"
89.248.172.183 - - [19/Oct/2025:08:21:10 -0400] "POST /wp-json/tdw/save_css HTTP/1.1" 401 98 "-" "curl/7.68.0"
144.76.19.3 - - [19/Oct/2025:08:21:10 -0400] "GET /health-news/latest-health-news/7-expert-ways-to-protect-your-skin-from-toxic-air-pollution/ HTTP/1.1" 200 101028 "-" "Mozilla/5.0 (compatible; BLEXBot/1.0; +https://help.seranking.com/en/blex-crawler)"
89.248.172.183 - - [19/Oct/2025:08:21:11 -0400] "POST /wp-json/tdw/save_css HTTP/1.1" 401 98 "-" "curl/7.68.0"
89.248.172.183 - - [19/Oct/2025:08:21:12 -0400] "POST /wp-json/tdw/save_css HTTP/1.1" 401 98 "-" "curl/7.68.0"
36.155.132.142 - - [19/Oct/2025:08:21:12 -0400] "GET /wp-content/themes/Newspaper/images/icons/newspaper.woff?24 HTTP/1.1" 200 34896 "http://zovon.com/home-remedies/skin-care/acne-home-remedies/" "Mozilla/5.0 (Windows NT 6.1; WOW64; rv:43.0) Gecko/20100101 Firefox/43.0"
89.248.172.183 - - [19/Oct/2025:08:21:13 -0400] "POST /wp-json/tdw/save_css HTTP/1.1" 401 98 "-" "curl/7.68.0"
144.76.19.3 - - [19/Oct/2025:08:21:14 -0400] "GET /health-news/latest-health-news/assault-teenage-boys-also-express-need-psychosocial-support/ HTTP/1.1" 200 94894 "-" "Mozilla/5.0 (compatible; BLEXBot/1.0; +https://help.seranking.com/en/blex-crawler)"
89.248.172.183 - - [19/Oct/2025:08:21:14 -0400] "POST /wp-json/tdw/save_css HTTP/1.1" 401 98 "-" "curl/7.68.0"
89.248.172.183 - - [19/Oct/2025:08:21:15 -0400] "POST /wp-json/tdw/save_css HTTP/1.1" 401 98 "-" "curl/7.68.0"
89.248.172.183 - - [19/Oct/2025:08:21:16 -0400] "POST /wp-json/tdw/save_css HTTP/1.1" 401 98 "-" "curl/7.68.0"
