89.248.172.183 - - [19/Oct/2025:09:42:29 -0400] "POST /wp-json/tdw/save_css HTTP/1.1" 401 98 "-" "curl/7.68.0"
89.248.172.183 - - [19/Oct/2025:09:42:29 -0400] "POST /wp-json/tdw/save_css HTTP/1.1" 401 98 "-" "curl/7.68.0"
89.248.172.183 - - [19/Oct/2025:09:42:30 -0400] "POST /wp-json/tdw/save_css HTTP/1.1" 401 98 "-" "curl/7.68.0"
89.248.172.183 - - [19/Oct/2025:09:42:30 -0400] "POST /wp-json/tdw/save_css HTTP/1.1" 401 98 "-" "curl/7.68.0"
89.248.172.183 - - [19/Oct/2025:09:42:30 -0400] "POST /wp-json/tdw/save_css HTTP/1.1" 401 98 "-" "curl/7.68.0"
89.248.172.183 - - [19/Oct/2025:09:42:31 -0400] "POST /wp-json/tdw/save_css HTTP/1.1" 401 98 "-" "curl/7.68.0"
89.248.172.183 - - [19/Oct/2025:09:42:31 -0400] "POST /wp-json/tdw/save_css HTTP/1.1" 401 98 "-" "curl/7.68.0"
89.248.172.183 - - [19/Oct/2025:09:42:31 -0400] "POST /wp-json/tdw/save_css HTTP/1.1" 401 98 "-" "curl/7.68.0"
89.248.172.183 - - [19/Oct/2025:09:42:31 -0400] "POST /wp-json/tdw/save_css HTTP/1.1" 401 98 "-" "curl/7.68.0"
89.248.172.183 - - [19/Oct/2025:09:42:32 -0400] "POST /wp-json/tdw/save_css HTTP/1.1" 401 98 "-" "curl/7.68.0"
89.248.172.183 - - [19/Oct/2025:09:42:32 -0400] "POST /wp-json/tdw/save_css HTTP/1.1" 401 98 "-" "curl/7.68.0"
89.248.172.183 - - [19/Oct/2025:09:42:32 -0400] "POST /wp-json/tdw/save_css HTTP/1.1" 401 98 "-" "curl/7.68.0"
89.248.172.183 - - [19/Oct/2025:09:42:33 -0400] "POST /wp-json/tdw/save_css HTTP/1.1" 401 98 "-" "curl/7.68.0"
89.248.172.183 - - [19/Oct/2025:09:42:33 -0400] "POST /wp-json/tdw/save_css HTTP/1.1" 401 98 "-" "curl/7.68.0"
89.248.172.183 - - [19/Oct/2025:09:42:33 -0400] "POST /wp-json/tdw/save_css HTTP/1.1" 401 98 "-" "curl/7.68.0"
216.244.66.237 - - [19/Oct/2025:09:42:33 -0400] "GET /tag/game-of-thrones-seasons/feed/ HTTP/1.1" 200 697 "-" "Mozilla/5.0 (compatible; DotBot/1.2; +https://opensiteexplorer.org/dotbot; [email protected])"
89.248.172.183 - - [19/Oct/2025:09:42:34 -0400] "POST /wp-json/tdw/save_css HTTP/1.1" 401 98 "-" "curl/7.68.0"
89.248.172.183 - - [19/Oct/2025:09:42:34 -0400] "POST /wp-json/tdw/save_css HTTP/1.1" 401 98 "-" "curl/7.68.0"
89.248.172.183 - - [19/Oct/2025:09:42:34 -0400] "POST /wp-json/tdw/save_css HTTP/1.1" 401 98 "-" "curl/7.68.0"
89.248.172.183 - - [19/Oct/2025:09:42:35 -0400] "POST /wp-json/tdw/save_css HTTP/1.1" 401 98 "-" "curl/7.68.0"
89.248.172.183 - - [19/Oct/2025:09:42:35 -0400] "POST /wp-json/tdw/save_css HTTP/1.1" 401 98 "-" "curl/7.68.0"
89.248.172.183 - - [19/Oct/2025:09:42:35 -0400] "POST /wp-json/tdw/save_css HTTP/1.1" 401 98 "-" "curl/7.68.0"
89.248.172.183 - - [19/Oct/2025:09:42:35 -0400] "POST /wp-json/tdw/save_css HTTP/1.1" 401 98 "-" "curl/7.68.0"
89.248.172.183 - - [19/Oct/2025:09:42:36 -0400] "POST /wp-json/tdw/save_css HTTP/1.1" 401 98 "-" "curl/7.68.0"
89.248.172.183 - - [19/Oct/2025:09:42:36 -0400] "POST /wp-json/tdw/save_css HTTP/1.1" 401 98 "-" "curl/7.68.0"
89.248.172.183 - - [19/Oct/2025:09:42:37 -0400] "POST /wp-json/tdw/save_css HTTP/1.1" 401 98 "-" "curl/7.68.0"
89.248.172.183 - - [19/Oct/2025:09:42:37 -0400] "POST /wp-json/tdw/save_css HTTP/1.1" 401 98 "-" "curl/7.68.0"
89.248.172.183 - - [19/Oct/2025:09:42:38 -0400] "POST /wp-json/tdw/save_css HTTP/1.1" 401 98 "-" "curl/7.68.0"
89.248.172.183 - - [19/Oct/2025:09:42:38 -0400] "POST /wp-json/tdw/save_css HTTP/1.1" 401 98 "-" "curl/7.68.0"
89.248.172.183 - - [19/Oct/2025:09:42:39 -0400] "POST /wp-json/tdw/save_css HTTP/1.1" 401 98 "-" "curl/7.68.0"
89.248.172.183 - - [19/Oct/2025:09:42:39 -0400] "POST /wp-json/tdw/save_css HTTP/1.1" 401 98 "-" "curl/7.68.0"
89.248.172.183 - - [19/Oct/2025:09:42:40 -0400] "POST /wp-json/tdw/save_css HTTP/1.1" 401 98 "-" "curl/7.68.0"
89.248.172.183 - - [19/Oct/2025:09:42:41 -0400] "POST /wp-json/tdw/save_css HTTP/1.1" 401 98 "-" "curl/7.68.0"
89.248.172.183 - - [19/Oct/2025:09:42:41 -0400] "POST /wp-json/tdw/save_css HTTP/1.1" 401 98 "-" "curl/7.68.0"
89.248.172.183 - - [19/Oct/2025:09:42:41 -0400] "POST /wp-json/tdw/save_css HTTP/1.1" 401 98 "-" "curl/7.68.0"
89.248.172.183 - - [19/Oct/2025:09:42:42 -0400] "POST /wp-json/tdw/save_css HTTP/1.1" 401 98 "-" "curl/7.68.0"
89.248.172.183 - - [19/Oct/2025:09:42:42 -0400] "POST /wp-json/tdw/save_css HTTP/1.1" 401 98 "-" "curl/7.68.0"
89.248.172.183 - - [19/Oct/2025:09:42:43 -0400] "POST /wp-json/tdw/save_css HTTP/1.1" 401 98 "-" "curl/7.68.0"
89.248.172.183 - - [19/Oct/2025:09:42:44 -0400] "POST /wp-json/tdw/save_css HTTP/1.1" 401 98 "-" "curl/7.68.0"
89.248.172.183 - - [19/Oct/2025:09:42:44 -0400] "POST /wp-json/tdw/save_css HTTP/1.1" 401 98 "-" "curl/7.68.0"
89.248.172.183 - - [19/Oct/2025:09:42:44 -0400] "POST /wp-json/tdw/save_css HTTP/1.1" 401 98 "-" "curl/7.68.0"
89.248.172.183 - - [19/Oct/2025:09:42:45 -0400] "POST /wp-json/tdw/save_css HTTP/1.1" 401 98 "-" "curl/7.68.0"
89.248.172.183 - - [19/Oct/2025:09:42:46 -0400] "POST /wp-json/tdw/save_css HTTP/1.1" 401 98 "-" "curl/7.68.0"
216.244.66.237 - - [19/Oct/2025:09:42:46 -0400] "GET /tag/hematophagy-animals/feed/ HTTP/1.1" 200 693 "-" "Mozilla/5.0 (compatible; DotBot/1.2; +https://opensiteexplorer.org/dotbot; [email protected])"
89.248.172.183 - - [19/Oct/2025:09:42:46 -0400] "POST /wp-json/tdw/save_css HTTP/1.1" 401 98 "-" "curl/7.68.0"
89.248.172.183 - - [19/Oct/2025:09:42:47 -0400] "POST /wp-json/tdw/save_css HTTP/1.1" 401 98 "-" "curl/7.68.0"
89.248.172.183 - - [19/Oct/2025:09:42:48 -0400] "POST /wp-json/tdw/save_css HTTP/1.1" 401 98 "-" "curl/7.68.0"
89.248.172.183 - - [19/Oct/2025:09:42:48 -0400] "POST /wp-json/tdw/save_css HTTP/1.1" 401 98 "-" "curl/7.68.0"
100.28.118.16 - - [19/Oct/2025:09:42:47 -0400] "GET /category/health-news/popular-topics/page/16/?filter_by=popular HTTP/1.1" 200 121963 "-" "Mozilla/5.0 AppleWebKit/537.36 (KHTML, like Gecko; compatible; Amazonbot/0.1; +https://developer.amazon.com/support/amazonbot) Chrome/119.0.6045.214 Safari/537.36"
89.248.172.183 - - [19/Oct/2025:09:42:48 -0400] "POST /wp-json/tdw/save_css HTTP/1.1" 401 98 "-" "curl/7.68.0"
89.248.172.183 - - [19/Oct/2025:09:42:49 -0400] "POST /wp-json/tdw/save_css HTTP/1.1" 401 98 "-" "curl/7.68.0"
89.248.172.183 - - [19/Oct/2025:09:42:49 -0400] "POST /wp-json/tdw/save_css HTTP/1.1" 401 98 "-" "curl/7.68.0"
89.248.172.183 - - [19/Oct/2025:09:42:50 -0400] "POST /wp-json/tdw/save_css HTTP/1.1" 401 98 "-" "curl/7.68.0"
89.248.172.183 - - [19/Oct/2025:09:42:50 -0400] "POST /wp-json/tdw/save_css HTTP/1.1" 401 98 "-" "curl/7.68.0"
89.248.172.183 - - [19/Oct/2025:09:42:51 -0400] "POST /wp-json/tdw/save_css HTTP/1.1" 401 98 "-" "curl/7.68.0"
89.248.172.183 - - [19/Oct/2025:09:42:52 -0400] "POST /wp-json/tdw/save_css HTTP/1.1" 401 98 "-" "curl/7.68.0"
89.248.172.183 - - [19/Oct/2025:09:42:52 -0400] "POST /wp-json/tdw/save_css HTTP/1.1" 401 98 "-" "curl/7.68.0"
89.248.172.183 - - [19/Oct/2025:09:42:53 -0400] "POST /wp-json/tdw/save_css HTTP/1.1" 401 98 "-" "curl/7.68.0"
89.248.172.183 - - [19/Oct/2025:09:42:53 -0400] "POST /wp-json/tdw/save_css HTTP/1.1" 401 98 "-" "curl/7.68.0"
89.248.172.183 - - [19/Oct/2025:09:42:53 -0400] "POST /wp-json/tdw/save_css HTTP/1.1" 401 98 "-" "curl/7.68.0"
89.248.172.183 - - [19/Oct/2025:09:42:54 -0400] "POST /wp-json/tdw/save_css HTTP/1.1" 401 98 "-" "curl/7.68.0"
89.248.172.183 - - [19/Oct/2025:09:42:55 -0400] "POST /wp-json/tdw/save_css HTTP/1.1" 401 98 "-" "curl/7.68.0"
89.248.172.183 - - [19/Oct/2025:09:42:55 -0400] "POST /wp-json/tdw/save_css HTTP/1.1" 401 98 "-" "curl/7.68.0"
89.248.172.183 - - [19/Oct/2025:09:42:56 -0400] "POST /wp-json/tdw/save_css HTTP/1.1" 401 98 "-" "curl/7.68.0"
89.248.172.183 - - [19/Oct/2025:09:42:56 -0400] "POST /wp-json/tdw/save_css HTTP/1.1" 401 98 "-" "curl/7.68.0"
216.244.66.237 - - [19/Oct/2025:09:42:57 -0400] "GET /tag/hindi-serial-actors-marriage-photos/feed/ HTTP/1.1" 200 709 "-" "Mozilla/5.0 (compatible; DotBot/1.2; +https://opensiteexplorer.org/dotbot; [email protected])"
89.248.172.183 - - [19/Oct/2025:09:42:57 -0400] "POST /wp-json/tdw/save_css HTTP/1.1" 401 98 "-" "curl/7.68.0"
89.248.172.183 - - [19/Oct/2025:09:42:57 -0400] "POST /wp-json/tdw/save_css HTTP/1.1" 401 98 "-" "curl/7.68.0"
89.248.172.183 - - [19/Oct/2025:09:42:58 -0400] "POST /wp-json/tdw/save_css HTTP/1.1" 401 98 "-" "curl/7.68.0"
89.248.172.183 - - [19/Oct/2025:09:42:58 -0400] "POST /wp-json/tdw/save_css HTTP/1.1" 401 98 "-" "curl/7.68.0"
89.248.172.183 - - [19/Oct/2025:09:42:59 -0400] "POST /wp-json/tdw/save_css HTTP/1.1" 401 98 "-" "curl/7.68.0"
89.248.172.183 - - [19/Oct/2025:09:42:59 -0400] "POST /wp-json/tdw/save_css HTTP/1.1" 401 98 "-" "curl/7.68.0"
89.248.172.183 - - [19/Oct/2025:09:43:00 -0400] "POST /wp-json/tdw/save_css HTTP/1.1" 401 98 "-" "curl/7.68.0"
89.248.172.183 - - [19/Oct/2025:09:43:00 -0400] "POST /wp-json/tdw/save_css HTTP/1.1" 401 98 "-" "curl/7.68.0"
89.248.172.183 - - [19/Oct/2025:09:43:01 -0400] "POST /wp-json/tdw/save_css HTTP/1.1" 401 98 "-" "curl/7.68.0"
89.248.172.183 - - [19/Oct/2025:09:43:01 -0400] "POST /wp-json/tdw/save_css HTTP/1.1" 401 98 "-" "curl/7.68.0"
89.248.172.183 - - [19/Oct/2025:09:43:02 -0400] "POST /wp-json/tdw/save_css HTTP/1.1" 401 98 "-" "curl/7.68.0"
66.116.199.115 - - [19/Oct/2025:09:43:03 -0400] "POST /wp-cron.php?doing_wp_cron=1760881383.0021100044250488281250 HTTP/1.1" 404 77061 "-" "WordPress/6.8.3; http://zovon.com"
89.248.172.183 - - [19/Oct/2025:09:43:02 -0400] "POST /wp-json/tdw/save_css HTTP/1.1" 401 98 "-" "curl/7.68.0"
89.248.172.183 - - [19/Oct/2025:09:43:03 -0400] "POST /wp-json/tdw/save_css HTTP/1.1" 401 98 "-" "curl/7.68.0"
89.248.172.183 - - [19/Oct/2025:09:43:03 -0400] "POST /wp-json/tdw/save_css HTTP/1.1" 401 98 "-" "curl/7.68.0"
89.248.172.183 - - [19/Oct/2025:09:43:04 -0400] "POST /wp-json/tdw/save_css HTTP/1.1" 401 98 "-" "curl/7.68.0"
89.248.172.183 - - [19/Oct/2025:09:43:04 -0400] "POST /wp-json/tdw/save_css HTTP/1.1" 401 98 "-" "curl/7.68.0"
89.248.172.183 - - [19/Oct/2025:09:43:05 -0400] "POST /wp-json/tdw/save_css HTTP/1.1" 401 98 "-" "curl/7.68.0"
89.248.172.183 - - [19/Oct/2025:09:43:05 -0400] "POST /wp-json/tdw/save_css HTTP/1.1" 401 98 "-" "curl/7.68.0"
89.248.172.183 - - [19/Oct/2025:09:43:06 -0400] "POST /wp-json/tdw/save_css HTTP/1.1" 401 98 "-" "curl/7.68.0"
216.244.66.237 - - [19/Oct/2025:09:43:06 -0400] "GET /tag/hollywood-movie/feed/ HTTP/1.1" 200 689 "-" "Mozilla/5.0 (compatible; DotBot/1.2; +https://opensiteexplorer.org/dotbot; [email protected])"
89.248.172.183 - - [19/Oct/2025:09:43:06 -0400] "POST /wp-json/tdw/save_css HTTP/1.1" 401 98 "-" "curl/7.68.0"
89.248.172.183 - - [19/Oct/2025:09:43:07 -0400] "POST /wp-json/tdw/save_css HTTP/1.1" 401 98 "-" "curl/7.68.0"
89.248.172.183 - - [19/Oct/2025:09:43:08 -0400] "POST /wp-json/tdw/save_css HTTP/1.1" 401 98 "-" "curl/7.68.0"
89.248.172.183 - - [19/Oct/2025:09:43:08 -0400] "POST /wp-json/tdw/save_css HTTP/1.1" 401 98 "-" "curl/7.68.0"
89.248.172.183 - - [19/Oct/2025:09:43:09 -0400] "POST /wp-json/tdw/save_css HTTP/1.1" 401 98 "-" "curl/7.68.0"
89.248.172.183 - - [19/Oct/2025:09:43:09 -0400] "POST /wp-json/tdw/save_css HTTP/1.1" 401 98 "-" "curl/7.68.0"
89.248.172.183 - - [19/Oct/2025:09:43:10 -0400] "POST /wp-json/tdw/save_css HTTP/1.1" 401 98 "-" "curl/7.68.0"
89.248.172.183 - - [19/Oct/2025:09:43:10 -0400] "POST /wp-json/tdw/save_css HTTP/1.1" 401 98 "-" "curl/7.68.0"
89.248.172.183 - - [19/Oct/2025:09:43:11 -0400] "POST /wp-json/tdw/save_css HTTP/1.1" 401 98 "-" "curl/7.68.0"
216.244.66.237 - - [19/Oct/2025:09:43:15 -0400] "GET /tag/houston-texans/feed/ HTTP/1.1" 200 688 "-" "Mozilla/5.0 (compatible; DotBot/1.2; +https://opensiteexplorer.org/dotbot; [email protected])"
66.249.68.1 - - [19/Oct/2025:09:43:19 -0400] "GET /page/110/?z=420439712 HTTP/1.1" 200 43534 "-" "Mozilla/5.0 (Linux; Android 6.0.1; Nexus 5X Build/MMB29P) AppleWebKit/537.36 (KHTML, like Gecko) Chrome/140.0.7339.207 Mobile Safari/537.36 (compatible; GoogleOther)"
89.248.172.183 - - [19/Oct/2025:09:43:21 -0400] "POST /wp-json/tdw/save_css HTTP/1.1" 401 98 "-" "curl/7.68.0"
89.248.172.183 - - [19/Oct/2025:09:43:21 -0400] "POST /wp-json/tdw/save_css HTTP/1.1" 401 98 "-" "curl/7.68.0"
89.248.172.183 - - [19/Oct/2025:09:43:21 -0400] "POST /wp-json/tdw/save_css HTTP/1.1" 401 98 "-" "curl/7.68.0"
89.248.172.183 - - [19/Oct/2025:09:43:22 -0400] "POST /wp-json/tdw/save_css HTTP/1.1" 401 98 "-" "curl/7.68.0"
89.248.172.183 - - [19/Oct/2025:09:43:22 -0400] "POST /wp-json/tdw/save_css HTTP/1.1" 401 98 "-" "curl/7.68.0"
216.244.66.237 - - [19/Oct/2025:09:43:23 -0400] "GET /tag/jackie-chan/feed/ HTTP/1.1" 200 685 "-" "Mozilla/5.0 (compatible; DotBot/1.2; +https://opensiteexplorer.org/dotbot; [email protected])"
89.248.172.183 - - [19/Oct/2025:09:43:23 -0400] "POST /wp-json/tdw/save_css HTTP/1.1" 401 98 "-" "curl/7.68.0"
89.248.172.183 - - [19/Oct/2025:09:43:23 -0400] "POST /wp-json/tdw/save_css HTTP/1.1" 401 98 "-" "curl/7.68.0"
89.248.172.183 - - [19/Oct/2025:09:43:24 -0400] "POST /wp-json/tdw/save_css HTTP/1.1" 401 98 "-" "curl/7.68.0"
89.248.172.183 - - [19/Oct/2025:09:43:24 -0400] "POST /wp-json/tdw/save_css HTTP/1.1" 401 98 "-" "curl/7.68.0"
89.248.172.183 - - [19/Oct/2025:09:43:25 -0400] "POST /wp-json/tdw/save_css HTTP/1.1" 401 98 "-" "curl/7.68.0"
89.248.172.183 - - [19/Oct/2025:09:43:25 -0400] "POST /wp-json/tdw/save_css HTTP/1.1" 401 98 "-" "curl/7.68.0"
89.248.172.183 - - [19/Oct/2025:09:43:25 -0400] "POST /wp-json/tdw/save_css HTTP/1.1" 401 98 "-" "curl/7.68.0"
89.248.172.183 - - [19/Oct/2025:09:43:26 -0400] "POST /wp-json/tdw/save_css HTTP/1.1" 401 98 "-" "curl/7.68.0"
89.248.172.183 - - [19/Oct/2025:09:43:27 -0400] "POST /wp-json/tdw/save_css HTTP/1.1" 401 98 "-" "curl/7.68.0"
89.248.172.183 - - [19/Oct/2025:09:43:28 -0400] "POST /wp-json/tdw/save_css HTTP/1.1" 401 98 "-" "curl/7.68.0"
216.244.66.237 - - [19/Oct/2025:09:43:29 -0400] "GET /tag/jared-leto-and-paris-hilton/feed/ HTTP/1.1" 200 701 "-" "Mozilla/5.0 (compatible; DotBot/1.2; +https://opensiteexplorer.org/dotbot; [email protected])"
89.248.172.183 - - [19/Oct/2025:09:43:29 -0400] "POST /wp-json/tdw/save_css HTTP/1.1" 401 98 "-" "curl/7.68.0"
89.248.172.183 - - [19/Oct/2025:09:43:30 -0400] "POST /wp-json/tdw/save_css HTTP/1.1" 401 98 "-" "curl/7.68.0"
89.248.172.183 - - [19/Oct/2025:09:43:31 -0400] "POST /wp-json/tdw/save_css HTTP/1.1" 401 98 "-" "curl/7.68.0"
89.248.172.183 - - [19/Oct/2025:09:43:32 -0400] "POST /wp-json/tdw/save_css HTTP/1.1" 401 98 "-" "curl/7.68.0"
89.248.172.183 - - [19/Oct/2025:09:43:33 -0400] "POST /wp-json/tdw/save_css HTTP/1.1" 401 98 "-" "curl/7.68.0"
89.248.172.183 - - [19/Oct/2025:09:43:34 -0400] "POST /wp-json/tdw/save_css HTTP/1.1" 401 98 "-" "curl/7.68.0"
216.244.66.237 - - [19/Oct/2025:09:43:35 -0400] "GET /tag/jaret-sears/feed/ HTTP/1.1" 200 685 "-" "Mozilla/5.0 (compatible; DotBot/1.2; +https://opensiteexplorer.org/dotbot; [email protected])"
89.248.172.183 - - [19/Oct/2025:09:43:35 -0400] "POST /wp-json/tdw/save_css HTTP/1.1" 401 98 "-" "curl/7.68.0"
89.248.172.183 - - [19/Oct/2025:09:43:36 -0400] "POST /wp-json/tdw/save_css HTTP/1.1" 401 98 "-" "curl/7.68.0"
89.248.172.183 - - [19/Oct/2025:09:43:37 -0400] "POST /wp-json/tdw/save_css HTTP/1.1" 401 98 "-" "curl/7.68.0"
89.248.172.183 - - [19/Oct/2025:09:43:38 -0400] "POST /wp-json/tdw/save_css HTTP/1.1" 401 98 "-" "curl/7.68.0"
89.248.172.183 - - [19/Oct/2025:09:43:39 -0400] "POST /wp-json/tdw/save_css HTTP/1.1" 401 98 "-" "curl/7.68.0"
216.244.66.237 - - [19/Oct/2025:09:43:40 -0400] "GET /tag/jimmy-fallon/feed/ HTTP/1.1" 200 686 "-" "Mozilla/5.0 (compatible; DotBot/1.2; +https://opensiteexplorer.org/dotbot; [email protected])"
89.248.172.183 - - [19/Oct/2025:09:43:40 -0400] "POST /wp-json/tdw/save_css HTTP/1.1" 401 98 "-" "curl/7.68.0"
89.248.172.183 - - [19/Oct/2025:09:43:42 -0400] "POST /wp-json/tdw/save_css HTTP/1.1" 401 98 "-" "curl/7.68.0"
89.248.172.183 - - [19/Oct/2025:09:43:43 -0400] "POST /wp-json/tdw/save_css HTTP/1.1" 401 98 "-" "curl/7.68.0"
89.248.172.183 - - [19/Oct/2025:09:43:44 -0400] "POST /wp-json/tdw/save_css HTTP/1.1" 401 98 "-" "curl/7.68.0"
216.244.66.237 - - [19/Oct/2025:09:43:44 -0400] "GET /tag/kevin-pollak/feed/ HTTP/1.1" 200 686 "-" "Mozilla/5.0 (compatible; DotBot/1.2; +https://opensiteexplorer.org/dotbot; [email protected])"
89.248.172.183 - - [19/Oct/2025:09:43:45 -0400] "POST /wp-json/tdw/save_css HTTP/1.1" 401 98 "-" "curl/7.68.0"
89.248.172.183 - - [19/Oct/2025:09:43:46 -0400] "POST /wp-json/tdw/save_css HTTP/1.1" 401 98 "-" "curl/7.68.0"
89.248.172.183 - - [19/Oct/2025:09:43:47 -0400] "POST /wp-json/tdw/save_css HTTP/1.1" 401 98 "-" "curl/7.68.0"
89.248.172.183 - - [19/Oct/2025:09:43:48 -0400] "POST /wp-json/tdw/save_css HTTP/1.1" 401 98 "-" "curl/7.68.0"
216.244.66.237 - - [19/Oct/2025:09:43:48 -0400] "GET /tag/kim-and-kanye-kids/feed/ HTTP/1.1" 200 692 "-" "Mozilla/5.0 (compatible; DotBot/1.2; +https://opensiteexplorer.org/dotbot; [email protected])"
89.248.172.183 - - [19/Oct/2025:09:43:49 -0400] "POST /wp-json/tdw/save_css HTTP/1.1" 401 98 "-" "curl/7.68.0"
89.248.172.183 - - [19/Oct/2025:09:43:50 -0400] "POST /wp-json/tdw/save_css HTTP/1.1" 401 98 "-" "curl/7.68.0"
89.248.172.183 - - [19/Oct/2025:09:43:51 -0400] "POST /wp-json/tdw/save_css HTTP/1.1" 401 98 "-" "curl/7.68.0"
216.244.66.237 - - [19/Oct/2025:09:43:51 -0400] "GET /tag/lady-wrestler/feed/ HTTP/1.1" 200 687 "-" "Mozilla/5.0 (compatible; DotBot/1.2; +https://opensiteexplorer.org/dotbot; [email protected])"
89.248.172.183 - - [19/Oct/2025:09:43:52 -0400] "POST /wp-json/tdw/save_css HTTP/1.1" 401 98 "-" "curl/7.68.0"
89.248.172.183 - - [19/Oct/2025:09:43:52 -0400] "POST /wp-json/tdw/save_css HTTP/1.1" 401 98 "-" "curl/7.68.0"
89.248.172.183 - - [19/Oct/2025:09:43:52 -0400] "POST /wp-json/tdw/save_css HTTP/1.1" 401 98 "-" "curl/7.68.0"
89.248.172.183 - - [19/Oct/2025:09:43:53 -0400] "POST /wp-json/tdw/save_css HTTP/1.1" 401 98 "-" "curl/7.68.0"
89.248.172.183 - - [19/Oct/2025:09:43:53 -0400] "POST /wp-json/tdw/save_css HTTP/1.1" 401 98 "-" "curl/7.68.0"
89.248.172.183 - - [19/Oct/2025:09:43:53 -0400] "POST /wp-json/tdw/save_css HTTP/1.1" 401 98 "-" "curl/7.68.0"
89.248.172.183 - - [19/Oct/2025:09:43:54 -0400] "POST /wp-json/tdw/save_css HTTP/1.1" 401 98 "-" "curl/7.68.0"
89.248.172.183 - - [19/Oct/2025:09:43:54 -0400] "POST /wp-json/tdw/save_css HTTP/1.1" 401 98 "-" "curl/7.68.0"
216.244.66.237 - - [19/Oct/2025:09:43:54 -0400] "GET /tag/lindsey-vonn-doing-pull-ups/feed/ HTTP/1.1" 200 701 "-" "Mozilla/5.0 (compatible; DotBot/1.2; +https://opensiteexplorer.org/dotbot; [email protected])"
89.248.172.183 - - [19/Oct/2025:09:43:54 -0400] "POST /wp-json/tdw/save_css HTTP/1.1" 401 98 "-" "curl/7.68.0"
89.248.172.183 - - [19/Oct/2025:09:43:55 -0400] "POST /wp-json/tdw/save_css HTTP/1.1" 401 98 "-" "curl/7.68.0"
89.248.172.183 - - [19/Oct/2025:09:43:55 -0400] "POST /wp-json/tdw/save_css HTTP/1.1" 401 98 "-" "curl/7.68.0"
89.248.172.183 - - [19/Oct/2025:09:43:55 -0400] "POST /wp-json/tdw/save_css HTTP/1.1" 401 98 "-" "curl/7.68.0"
89.248.172.183 - - [19/Oct/2025:09:43:56 -0400] "POST /wp-json/tdw/save_css HTTP/1.1" 401 98 "-" "curl/7.68.0"
89.248.172.183 - - [19/Oct/2025:09:43:56 -0400] "POST /wp-json/tdw/save_css HTTP/1.1" 401 98 "-" "curl/7.68.0"
89.248.172.183 - - [19/Oct/2025:09:43:56 -0400] "POST /wp-json/tdw/save_css HTTP/1.1" 401 98 "-" "curl/7.68.0"
89.248.172.183 - - [19/Oct/2025:09:43:57 -0400] "POST /wp-json/tdw/save_css HTTP/1.1" 401 98 "-" "curl/7.68.0"
216.244.66.237 - - [19/Oct/2025:09:43:57 -0400] "GET /tag/list-of-bizarre-buildings/feed/ HTTP/1.1" 200 699 "-" "Mozilla/5.0 (compatible; DotBot/1.2; +https://opensiteexplorer.org/dotbot; [email protected])"
89.248.172.183 - - [19/Oct/2025:09:43:57 -0400] "POST /wp-json/tdw/save_css HTTP/1.1" 401 98 "-" "curl/7.68.0"
89.248.172.183 - - [19/Oct/2025:09:43:57 -0400] "POST /wp-json/tdw/save_css HTTP/1.1" 401 98 "-" "curl/7.68.0"
89.248.172.183 - - [19/Oct/2025:09:43:58 -0400] "POST /wp-json/tdw/save_css HTTP/1.1" 401 98 "-" "curl/7.68.0"
89.248.172.183 - - [19/Oct/2025:09:43:58 -0400] "POST /wp-json/tdw/save_css HTTP/1.1" 401 98 "-" "curl/7.68.0"
89.248.172.183 - - [19/Oct/2025:09:43:58 -0400] "POST /wp-json/tdw/save_css HTTP/1.1" 401 98 "-" "curl/7.68.0"
89.248.172.183 - - [19/Oct/2025:09:43:59 -0400] "POST /wp-json/tdw/save_css HTTP/1.1" 401 98 "-" "curl/7.68.0"
216.244.66.237 - - [19/Oct/2025:09:43:59 -0400] "GET /tag/los-angeles/feed/ HTTP/1.1" 200 685 "-" "Mozilla/5.0 (compatible; DotBot/1.2; +https://opensiteexplorer.org/dotbot; [email protected])"
89.248.172.183 - - [19/Oct/2025:09:43:59 -0400] "POST /wp-json/tdw/save_css HTTP/1.1" 401 98 "-" "curl/7.68.0"
89.248.172.183 - - [19/Oct/2025:09:43:59 -0400] "POST /wp-json/tdw/save_css HTTP/1.1" 401 98 "-" "curl/7.68.0"
89.248.172.183 - - [19/Oct/2025:09:44:00 -0400] "POST /wp-json/tdw/save_css HTTP/1.1" 401 98 "-" "curl/7.68.0"
89.248.172.183 - - [19/Oct/2025:09:44:00 -0400] "POST /wp-json/tdw/save_css HTTP/1.1" 401 98 "-" "curl/7.68.0"
89.248.172.183 - - [19/Oct/2025:09:44:00 -0400] "POST /wp-json/tdw/save_css HTTP/1.1" 401 98 "-" "curl/7.68.0"
89.248.172.183 - - [19/Oct/2025:09:44:01 -0400] "POST /wp-json/tdw/save_css HTTP/1.1" 401 98 "-" "curl/7.68.0"
89.248.172.183 - - [19/Oct/2025:09:44:01 -0400] "POST /wp-json/tdw/save_css HTTP/1.1" 401 98 "-" "curl/7.68.0"
89.248.172.183 - - [19/Oct/2025:09:44:01 -0400] "POST /wp-json/tdw/save_css HTTP/1.1" 401 98 "-" "curl/7.68.0"
216.244.66.237 - - [19/Oct/2025:09:44:01 -0400] "GET /tag/macha-meril/feed/ HTTP/1.1" 200 685 "-" "Mozilla/5.0 (compatible; DotBot/1.2; +https://opensiteexplorer.org/dotbot; [email protected])"
89.248.172.183 - - [19/Oct/2025:09:44:01 -0400] "POST /wp-json/tdw/save_css HTTP/1.1" 401 98 "-" "curl/7.68.0"
89.248.172.183 - - [19/Oct/2025:09:44:02 -0400] "POST /wp-json/tdw/save_css HTTP/1.1" 401 98 "-" "curl/7.68.0"
89.248.172.183 - - [19/Oct/2025:09:44:02 -0400] "POST /wp-json/tdw/save_css HTTP/1.1" 401 98 "-" "curl/7.68.0"
89.248.172.183 - - [19/Oct/2025:09:44:02 -0400] "POST /wp-json/tdw/save_css HTTP/1.1" 401 98 "-" "curl/7.68.0"
66.116.199.115 - - [19/Oct/2025:09:44:03 -0400] "POST /wp-cron.php?doing_wp_cron=1760881443.3871328830718994140625 HTTP/1.1" 404 77061 "-" "WordPress/6.8.3; http://zovon.com"
89.248.172.183 - - [19/Oct/2025:09:44:03 -0400] "POST /wp-json/tdw/save_css HTTP/1.1" 401 98 "-" "curl/7.68.0"
216.244.66.237 - - [19/Oct/2025:09:44:03 -0400] "GET /tag/maria-carfagna/feed/ HTTP/1.1" 200 688 "-" "Mozilla/5.0 (compatible; DotBot/1.2; +https://opensiteexplorer.org/dotbot; [email protected])"
89.248.172.183 - - [19/Oct/2025:09:44:03 -0400] "POST /wp-json/tdw/save_css HTTP/1.1" 401 98 "-" "curl/7.68.0"
89.248.172.183 - - [19/Oct/2025:09:44:03 -0400] "POST /wp-json/tdw/save_css HTTP/1.1" 401 98 "-" "curl/7.68.0"
89.248.172.183 - - [19/Oct/2025:09:44:04 -0400] "POST /wp-json/tdw/save_css HTTP/1.1" 401 98 "-" "curl/7.68.0"
89.248.172.183 - - [19/Oct/2025:09:44:04 -0400] "POST /wp-json/tdw/save_css HTTP/1.1" 401 98 "-" "curl/7.68.0"
89.248.172.183 - - [19/Oct/2025:09:44:04 -0400] "POST /wp-json/tdw/save_css HTTP/1.1" 401 98 "-" "curl/7.68.0"
89.248.172.183 - - [19/Oct/2025:09:44:04 -0400] "POST /wp-json/tdw/save_css HTTP/1.1" 401 98 "-" "curl/7.68.0"
89.248.172.183 - - [19/Oct/2025:09:44:05 -0400] "POST /wp-json/tdw/save_css HTTP/1.1" 401 98 "-" "curl/7.68.0"
216.244.66.237 - - [19/Oct/2025:09:44:05 -0400] "GET /tag/meredith-ostrom/feed/ HTTP/1.1" 200 689 "-" "Mozilla/5.0 (compatible; DotBot/1.2; +https://opensiteexplorer.org/dotbot; [email protected])"
89.248.172.183 - - [19/Oct/2025:09:44:05 -0400] "POST /wp-json/tdw/save_css HTTP/1.1" 401 98 "-" "curl/7.68.0"
89.248.172.183 - - [19/Oct/2025:09:44:05 -0400] "POST /wp-json/tdw/save_css HTTP/1.1" 401 98 "-" "curl/7.68.0"
89.248.172.183 - - [19/Oct/2025:09:44:06 -0400] "POST /wp-json/tdw/save_css HTTP/1.1" 401 98 "-" "curl/7.68.0"
89.248.172.183 - - [19/Oct/2025:09:44:06 -0400] "POST /wp-json/tdw/save_css HTTP/1.1" 401 98 "-" "curl/7.68.0"
66.249.68.1 - - [19/Oct/2025:09:44:06 -0400] "GET /page/3/?z=301704912 HTTP/1.1" 200 68086 "-" "Mozilla/5.0 (Linux; Android 6.0.1; Nexus 5X Build/MMB29P) AppleWebKit/537.36 (KHTML, like Gecko) Chrome/140.0.7339.207 Mobile Safari/537.36 (compatible; GoogleOther)"
89.248.172.183 - - [19/Oct/2025:09:44:06 -0400] "POST /wp-json/tdw/save_css HTTP/1.1" 401 98 "-" "curl/7.68.0"
89.248.172.183 - - [19/Oct/2025:09:44:07 -0400] "POST /wp-json/tdw/save_css HTTP/1.1" 401 98 "-" "curl/7.68.0"
216.244.66.237 - - [19/Oct/2025:09:44:07 -0400] "GET /tag/paisley-park/feed/ HTTP/1.1" 200 686 "-" "Mozilla/5.0 (compatible; DotBot/1.2; +https://opensiteexplorer.org/dotbot; [email protected])"
89.248.172.183 - - [19/Oct/2025:09:44:07 -0400] "POST /wp-json/tdw/save_css HTTP/1.1" 401 98 "-" "curl/7.68.0"
89.248.172.183 - - [19/Oct/2025:09:44:07 -0400] "POST /wp-json/tdw/save_css HTTP/1.1" 401 98 "-" "curl/7.68.0"
89.248.172.183 - - [19/Oct/2025:09:44:07 -0400] "POST /wp-json/tdw/save_css HTTP/1.1" 401 98 "-" "curl/7.68.0"
89.248.172.183 - - [19/Oct/2025:09:44:08 -0400] "POST /wp-json/tdw/save_css HTTP/1.1" 401 98 "-" "curl/7.68.0"
89.248.172.183 - - [19/Oct/2025:09:44:08 -0400] "POST /wp-json/tdw/save_css HTTP/1.1" 401 98 "-" "curl/7.68.0"
89.248.172.183 - - [19/Oct/2025:09:44:08 -0400] "POST /wp-json/tdw/save_css HTTP/1.1" 401 98 "-" "curl/7.68.0"
89.248.172.183 - - [19/Oct/2025:09:44:08 -0400] "POST /wp-json/tdw/save_css HTTP/1.1" 401 98 "-" "curl/7.68.0"
216.244.66.237 - - [19/Oct/2025:09:44:08 -0400] "GET /tag/physical-benefits-of-fasting/feed/ HTTP/1.1" 200 702 "-" "Mozilla/5.0 (compatible; DotBot/1.2; +https://opensiteexplorer.org/dotbot; [email protected])"
89.248.172.183 - - [19/Oct/2025:09:44:09 -0400] "POST /wp-json/tdw/save_css HTTP/1.1" 401 98 "-" "curl/7.68.0"
89.248.172.183 - - [19/Oct/2025:09:44:09 -0400] "POST /wp-json/tdw/save_css HTTP/1.1" 401 98 "-" "curl/7.68.0"
89.248.172.183 - - [19/Oct/2025:09:44:10 -0400] "POST /wp-json/tdw/save_css HTTP/1.1" 401 98 "-" "curl/7.68.0"
89.248.172.183 - - [19/Oct/2025:09:44:10 -0400] "POST /wp-json/tdw/save_css HTTP/1.1" 401 98 "-" "curl/7.68.0"
89.248.172.183 - - [19/Oct/2025:09:44:10 -0400] "POST /wp-json/tdw/save_css HTTP/1.1" 401 98 "-" "curl/7.68.0"
216.244.66.237 - - [19/Oct/2025:09:44:10 -0400] "GET /tag/professional-boxer/feed/ HTTP/1.1" 200 692 "-" "Mozilla/5.0 (compatible; DotBot/1.2; +https://opensiteexplorer.org/dotbot; [email protected])"
89.248.172.183 - - [19/Oct/2025:09:44:10 -0400] "POST /wp-json/tdw/save_css HTTP/1.1" 401 98 "-" "curl/7.68.0"
89.248.172.183 - - [19/Oct/2025:09:44:11 -0400] "POST /wp-json/tdw/save_css HTTP/1.1" 401 98 "-" "curl/7.68.0"
89.248.172.183 - - [19/Oct/2025:09:44:11 -0400] "POST /wp-json/tdw/save_css HTTP/1.1" 401 98 "-" "curl/7.68.0"
89.248.172.183 - - [19/Oct/2025:09:44:11 -0400] "POST /wp-json/tdw/save_css HTTP/1.1" 401 98 "-" "curl/7.68.0"
89.248.172.183 - - [19/Oct/2025:09:44:12 -0400] "POST /wp-json/tdw/save_css HTTP/1.1" 401 98 "-" "curl/7.68.0"
89.248.172.183 - - [19/Oct/2025:09:44:12 -0400] "POST /wp-json/tdw/save_css HTTP/1.1" 401 98 "-" "curl/7.68.0"
216.244.66.237 - - [19/Oct/2025:09:44:12 -0400] "GET /tag/rihanna-album/feed/ HTTP/1.1" 200 687 "-" "Mozilla/5.0 (compatible; DotBot/1.2; +https://opensiteexplorer.org/dotbot; [email protected])"
89.248.172.183 - - [19/Oct/2025:09:44:12 -0400] "POST /wp-json/tdw/save_css HTTP/1.1" 401 98 "-" "curl/7.68.0"
89.248.172.183 - - [19/Oct/2025:09:44:12 -0400] "POST /wp-json/tdw/save_css HTTP/1.1" 401 98 "-" "curl/7.68.0"
89.248.172.183 - - [19/Oct/2025:09:44:13 -0400] "POST /wp-json/tdw/save_css HTTP/1.1" 401 98 "-" "curl/7.68.0"
89.248.172.183 - - [19/Oct/2025:09:44:13 -0400] "POST /wp-json/tdw/save_css HTTP/1.1" 401 98 "-" "curl/7.68.0"
89.248.172.183 - - [19/Oct/2025:09:44:13 -0400] "POST /wp-json/tdw/save_css HTTP/1.1" 401 98 "-" "curl/7.68.0"
89.248.172.183 - - [19/Oct/2025:09:44:13 -0400] "POST /wp-json/tdw/save_css HTTP/1.1" 401 98 "-" "curl/7.68.0"
89.248.172.183 - - [19/Oct/2025:09:44:13 -0400] "POST /wp-json/tdw/save_css HTTP/1.1" 401 98 "-" "curl/7.68.0"
89.248.172.183 - - [19/Oct/2025:09:44:13 -0400] "POST /wp-json/tdw/save_css HTTP/1.1" 401 98 "-" "curl/7.68.0"
89.248.172.183 - - [19/Oct/2025:09:44:13 -0400] "POST /wp-json/tdw/save_css HTTP/1.1" 401 98 "-" "curl/7.68.0"
89.248.172.183 - - [19/Oct/2025:09:44:14 -0400] "POST /wp-json/tdw/save_css HTTP/1.1" 401 98 "-" "curl/7.68.0"
89.248.172.183 - - [19/Oct/2025:09:44:14 -0400] "POST /wp-json/tdw/save_css HTTP/1.1" 401 98 "-" "curl/7.68.0"
89.248.172.183 - - [19/Oct/2025:09:44:14 -0400] "POST /wp-json/tdw/save_css HTTP/1.1" 401 98 "-" "curl/7.68.0"
216.244.66.237 - - [19/Oct/2025:09:44:14 -0400] "GET /tag/ryan-gosling/feed/ HTTP/1.1" 200 686 "-" "Mozilla/5.0 (compatible; DotBot/1.2; +https://opensiteexplorer.org/dotbot; [email protected])"
66.249.68.1 - - [19/Oct/2025:09:44:14 -0400] "GET /page/2/?t=9911690614fe1f94 HTTP/1.1" 200 67944 "-" "Mozilla/5.0 (Linux; Android 6.0.1; Nexus 5X Build/MMB29P) AppleWebKit/537.36 (KHTML, like Gecko) Chrome/140.0.7339.207 Mobile Safari/537.36 (compatible; GoogleOther)"
89.248.172.183 - - [19/Oct/2025:09:44:15 -0400] "POST /wp-json/tdw/save_css HTTP/1.1" 401 98 "-" "curl/7.68.0"
89.248.172.183 - - [19/Oct/2025:09:44:16 -0400] "POST /wp-json/tdw/save_css HTTP/1.1" 401 98 "-" "curl/7.68.0"
216.244.66.237 - - [19/Oct/2025:09:44:16 -0400] "GET /tag/songs-of-shakira/feed/ HTTP/1.1" 200 690 "-" "Mozilla/5.0 (compatible; DotBot/1.2; +https://opensiteexplorer.org/dotbot; [email protected])"
216.244.66.237 - - [19/Oct/2025:09:44:18 -0400] "GET /tag/starship-troopers-cast/feed/ HTTP/1.1" 200 696 "-" "Mozilla/5.0 (compatible; DotBot/1.2; +https://opensiteexplorer.org/dotbot; [email protected])"
216.244.66.237 - - [19/Oct/2025:09:44:19 -0400] "GET /tag/stephen-king/feed/ HTTP/1.1" 200 686 "-" "Mozilla/5.0 (compatible; DotBot/1.2; +https://opensiteexplorer.org/dotbot; [email protected])"
216.244.66.237 - - [19/Oct/2025:09:44:21 -0400] "GET /tag/tiffany-trump-age/feed/ HTTP/1.1" 200 691 "-" "Mozilla/5.0 (compatible; DotBot/1.2; +https://opensiteexplorer.org/dotbot; [email protected])"
216.244.66.237 - - [19/Oct/2025:09:44:23 -0400] "GET /tag/top-10-sunsets-in-the-world/feed/ HTTP/1.1" 200 701 "-" "Mozilla/5.0 (compatible; DotBot/1.2; +https://opensiteexplorer.org/dotbot; [email protected])"
216.244.66.237 - - [19/Oct/2025:09:44:24 -0400] "GET /tag/true-love-movies-bollywood/feed/ HTTP/1.1" 200 700 "-" "Mozilla/5.0 (compatible; DotBot/1.2; +https://opensiteexplorer.org/dotbot; [email protected])"
66.249.77.5 - - [19/Oct/2025:09:44:26 -0400] "GET /shopdetail/000003182f2c.html HTTP/1.1" 404 55117 "-" "Mozilla/5.0 (Linux; Android 6.0.1; Nexus 5X Build/MMB29P) AppleWebKit/537.36 (KHTML, like Gecko) Chrome/140.0.7339.207 Mobile Safari/537.36 (compatible; Googlebot/2.1; +http://www.google.com/bot.html)"
216.244.66.237 - - [19/Oct/2025:09:44:26 -0400] "GET /tag/ukrainian-former-professional-boxer/feed/ HTTP/1.1" 200 709 "-" "Mozilla/5.0 (compatible; DotBot/1.2; +https://opensiteexplorer.org/dotbot; [email protected])"
216.244.66.237 - - [19/Oct/2025:09:44:28 -0400] "GET /tag/vegan-rosemary-lentil-loaf/feed/ HTTP/1.1" 200 700 "-" "Mozilla/5.0 (compatible; DotBot/1.2; +https://opensiteexplorer.org/dotbot; [email protected])"
216.244.66.237 - - [19/Oct/2025:09:44:30 -0400] "GET /tag/worst-celebrities-to-work-with/feed/ HTTP/1.1" 200 704 "-" "Mozilla/5.0 (compatible; DotBot/1.2; +https://opensiteexplorer.org/dotbot; [email protected])"
216.244.66.237 - - [19/Oct/2025:09:44:31 -0400] "GET /tag/youngest-person-to-win-an-emmy/feed/ HTTP/1.1" 200 704 "-" "Mozilla/5.0 (compatible; DotBot/1.2; +https://opensiteexplorer.org/dotbot; [email protected])"
89.248.172.183 - - [19/Oct/2025:09:44:32 -0400] "POST /wp-json/tdw/save_css HTTP/1.1" 401 98 "-" "curl/7.68.0"
89.248.172.183 - - [19/Oct/2025:09:44:33 -0400] "POST /wp-json/tdw/save_css HTTP/1.1" 401 98 "-" "curl/7.68.0"
216.244.66.237 - - [19/Oct/2025:09:44:33 -0400] "GET /tag/zoe-poledouris/feed/ HTTP/1.1" 200 688 "-" "Mozilla/5.0 (compatible; DotBot/1.2; +https://opensiteexplorer.org/dotbot; [email protected])"
89.248.172.183 - - [19/Oct/2025:09:44:33 -0400] "POST /wp-json/tdw/save_css HTTP/1.1" 401 98 "-" "curl/7.68.0"
89.248.172.183 - - [19/Oct/2025:09:44:33 -0400] "POST /wp-json/tdw/save_css HTTP/1.1" 401 98 "-" "curl/7.68.0"
89.248.172.183 - - [19/Oct/2025:09:44:33 -0400] "POST /wp-json/tdw/save_css HTTP/1.1" 401 98 "-" "curl/7.68.0"
89.248.172.183 - - [19/Oct/2025:09:44:34 -0400] "POST /wp-json/tdw/save_css HTTP/1.1" 401 98 "-" "curl/7.68.0"
89.248.172.183 - - [19/Oct/2025:09:44:34 -0400] "POST /wp-json/tdw/save_css HTTP/1.1" 401 98 "-" "curl/7.68.0"
89.248.172.183 - - [19/Oct/2025:09:44:34 -0400] "POST /wp-json/tdw/save_css HTTP/1.1" 401 98 "-" "curl/7.68.0"
89.248.172.183 - - [19/Oct/2025:09:44:34 -0400] "POST /wp-json/tdw/save_css HTTP/1.1" 401 98 "-" "curl/7.68.0"
89.248.172.183 - - [19/Oct/2025:09:44:35 -0400] "POST /wp-json/tdw/save_css HTTP/1.1" 401 98 "-" "curl/7.68.0"
89.248.172.183 - - [19/Oct/2025:09:44:35 -0400] "POST /wp-json/tdw/save_css HTTP/1.1" 401 98 "-" "curl/7.68.0"
89.248.172.183 - - [19/Oct/2025:09:44:35 -0400] "POST /wp-json/tdw/save_css HTTP/1.1" 401 98 "-" "curl/7.68.0"
89.248.172.183 - - [19/Oct/2025:09:44:35 -0400] "POST /wp-json/tdw/save_css HTTP/1.1" 401 98 "-" "curl/7.68.0"
216.244.66.237 - - [19/Oct/2025:09:44:35 -0400] "GET /justin/ HTTP/1.1" 200 82780 "-" "Mozilla/5.0 (compatible; DotBot/1.2; +https://opensiteexplorer.org/dotbot; [email protected])"
89.248.172.183 - - [19/Oct/2025:09:44:35 -0400] "POST /wp-json/tdw/save_css HTTP/1.1" 401 98 "-" "curl/7.68.0"
89.248.172.183 - - [19/Oct/2025:09:44:35 -0400] "POST /wp-json/tdw/save_css HTTP/1.1" 401 98 "-" "curl/7.68.0"
89.248.172.183 - - [19/Oct/2025:09:44:36 -0400] "POST /wp-json/tdw/save_css HTTP/1.1" 401 98 "-" "curl/7.68.0"
89.248.172.183 - - [19/Oct/2025:09:44:36 -0400] "POST /wp-json/tdw/save_css HTTP/1.1" 401 98 "-" "curl/7.68.0"
89.248.172.183 - - [19/Oct/2025:09:44:36 -0400] "POST /wp-json/tdw/save_css HTTP/1.1" 401 98 "-" "curl/7.68.0"
89.248.172.183 - - [19/Oct/2025:09:44:36 -0400] "POST /wp-json/tdw/save_css HTTP/1.1" 401 98 "-" "curl/7.68.0"
89.248.172.183 - - [19/Oct/2025:09:44:37 -0400] "POST /wp-json/tdw/save_css HTTP/1.1" 401 98 "-" "curl/7.68.0"
89.248.172.183 - - [19/Oct/2025:09:44:37 -0400] "POST /wp-json/tdw/save_css HTTP/1.1" 401 98 "-" "curl/7.68.0"
89.248.172.183 - - [19/Oct/2025:09:44:37 -0400] "POST /wp-json/tdw/save_css HTTP/1.1" 401 98 "-" "curl/7.68.0"
89.248.172.183 - - [19/Oct/2025:09:44:37 -0400] "POST /wp-json/tdw/save_css HTTP/1.1" 401 98 "-" "curl/7.68.0"
89.248.172.183 - - [19/Oct/2025:09:44:37 -0400] "POST /wp-json/tdw/save_css HTTP/1.1" 401 98 "-" "curl/7.68.0"
89.248.172.183 - - [19/Oct/2025:09:44:37 -0400] "POST /wp-json/tdw/save_css HTTP/1.1" 401 98 "-" "curl/7.68.0"
89.248.172.183 - - [19/Oct/2025:09:44:38 -0400] "POST /wp-json/tdw/save_css HTTP/1.1" 401 98 "-" "curl/7.68.0"
89.248.172.183 - - [19/Oct/2025:09:44:38 -0400] "POST /wp-json/tdw/save_css HTTP/1.1" 401 98 "-" "curl/7.68.0"
89.248.172.183 - - [19/Oct/2025:09:44:38 -0400] "POST /wp-json/tdw/save_css HTTP/1.1" 401 98 "-" "curl/7.68.0"
89.248.172.183 - - [19/Oct/2025:09:44:38 -0400] "POST /wp-json/tdw/save_css HTTP/1.1" 401 98 "-" "curl/7.68.0"
89.248.172.183 - - [19/Oct/2025:09:44:39 -0400] "POST /wp-json/tdw/save_css HTTP/1.1" 401 98 "-" "curl/7.68.0"
89.248.172.183 - - [19/Oct/2025:09:44:39 -0400] "POST /wp-json/tdw/save_css HTTP/1.1" 401 98 "-" "curl/7.68.0"
89.248.172.183 - - [19/Oct/2025:09:44:39 -0400] "POST /wp-json/tdw/save_css HTTP/1.1" 401 98 "-" "curl/7.68.0"
89.248.172.183 - - [19/Oct/2025:09:44:39 -0400] "POST /wp-json/tdw/save_css HTTP/1.1" 401 98 "-" "curl/7.68.0"
89.248.172.183 - - [19/Oct/2025:09:44:39 -0400] "POST /wp-json/tdw/save_css HTTP/1.1" 401 98 "-" "curl/7.68.0"
89.248.172.183 - - [19/Oct/2025:09:44:40 -0400] "POST /wp-json/tdw/save_css HTTP/1.1" 401 98 "-" "curl/7.68.0"
89.248.172.183 - - [19/Oct/2025:09:44:40 -0400] "POST /wp-json/tdw/save_css HTTP/1.1" 401 98 "-" "curl/7.68.0"
89.248.172.183 - - [19/Oct/2025:09:44:40 -0400] "POST /wp-json/tdw/save_css HTTP/1.1" 401 98 "-" "curl/7.68.0"
89.248.172.183 - - [19/Oct/2025:09:44:40 -0400] "POST /wp-json/tdw/save_css HTTP/1.1" 401 98 "-" "curl/7.68.0"
216.244.66.237 - - [19/Oct/2025:09:44:40 -0400] "GET /latest-health-news/27-genes-discovered-cease-cancer-say-scientists/feed/ HTTP/1.1" 200 891 "-" "Mozilla/5.0 (compatible; DotBot/1.2; +https://opensiteexplorer.org/dotbot; [email protected])"
89.248.172.183 - - [19/Oct/2025:09:44:40 -0400] "POST /wp-json/tdw/save_css HTTP/1.1" 401 98 "-" "curl/7.68.0"
89.248.172.183 - - [19/Oct/2025:09:44:41 -0400] "POST /wp-json/tdw/save_css HTTP/1.1" 401 98 "-" "curl/7.68.0"
89.248.172.183 - - [19/Oct/2025:09:44:41 -0400] "POST /wp-json/tdw/save_css HTTP/1.1" 401 98 "-" "curl/7.68.0"
89.248.172.183 - - [19/Oct/2025:09:44:41 -0400] "POST /wp-json/tdw/save_css HTTP/1.1" 401 98 "-" "curl/7.68.0"
89.248.172.183 - - [19/Oct/2025:09:44:41 -0400] "POST /wp-json/tdw/save_css HTTP/1.1" 401 98 "-" "curl/7.68.0"
89.248.172.183 - - [19/Oct/2025:09:44:42 -0400] "POST /wp-json/tdw/save_css HTTP/1.1" 401 98 "-" "curl/7.68.0"
89.248.172.183 - - [19/Oct/2025:09:44:42 -0400] "POST /wp-json/tdw/save_css HTTP/1.1" 401 98 "-" "curl/7.68.0"
89.248.172.183 - - [19/Oct/2025:09:44:42 -0400] "POST /wp-json/tdw/save_css HTTP/1.1" 401 98 "-" "curl/7.68.0"
89.248.172.183 - - [19/Oct/2025:09:44:42 -0400] "POST /wp-json/tdw/save_css HTTP/1.1" 401 98 "-" "curl/7.68.0"
89.248.172.183 - - [19/Oct/2025:09:44:43 -0400] "POST /wp-json/tdw/save_css HTTP/1.1" 401 98 "-" "curl/7.68.0"
89.248.172.183 - - [19/Oct/2025:09:44:43 -0400] "POST /wp-json/tdw/save_css HTTP/1.1" 401 98 "-" "curl/7.68.0"
89.248.172.183 - - [19/Oct/2025:09:44:44 -0400] "POST /wp-json/tdw/save_css HTTP/1.1" 401 98 "-" "curl/7.68.0"
216.244.66.237 - - [19/Oct/2025:09:44:44 -0400] "GET /latest-health-news/novel-combination-drugs-may-help-cure-female-hair-pattern-baldness/feed/ HTTP/1.1" 200 939 "-" "Mozilla/5.0 (compatible; DotBot/1.2; +https://opensiteexplorer.org/dotbot; [email protected])"
89.248.172.183 - - [19/Oct/2025:09:44:44 -0400] "POST /wp-json/tdw/save_css HTTP/1.1" 401 98 "-" "curl/7.68.0"
89.248.172.183 - - [19/Oct/2025:09:44:45 -0400] "POST /wp-json/tdw/save_css HTTP/1.1" 401 98 "-" "curl/7.68.0"
89.248.172.183 - - [19/Oct/2025:09:44:45 -0400] "POST /wp-json/tdw/save_css HTTP/1.1" 401 98 "-" "curl/7.68.0"
89.248.172.183 - - [19/Oct/2025:09:44:46 -0400] "POST /wp-json/tdw/save_css HTTP/1.1" 401 98 "-" "curl/7.68.0"
89.248.172.183 - - [19/Oct/2025:09:44:46 -0400] "POST /wp-json/tdw/save_css HTTP/1.1" 401 98 "-" "curl/7.68.0"
89.248.172.183 - - [19/Oct/2025:09:44:47 -0400] "POST /wp-json/tdw/save_css HTTP/1.1" 401 98 "-" "curl/7.68.0"
216.244.66.237 - - [19/Oct/2025:09:44:47 -0400] "GET /latest-health-news/unpaid-sick-leaves-negatively-impact-workers/feed/ HTTP/1.1" 200 870 "-" "Mozilla/5.0 (compatible; DotBot/1.2; +https://opensiteexplorer.org/dotbot; [email protected])"
89.248.172.183 - - [19/Oct/2025:09:44:48 -0400] "POST /wp-json/tdw/save_css HTTP/1.1" 401 98 "-" "curl/7.68.0"
89.248.172.183 - - [19/Oct/2025:09:44:48 -0400] "POST /wp-json/tdw/save_css HTTP/1.1" 401 98 "-" "curl/7.68.0"
89.248.172.183 - - [19/Oct/2025:09:44:49 -0400] "POST /wp-json/tdw/save_css HTTP/1.1" 401 98 "-" "curl/7.68.0"
89.248.172.183 - - [19/Oct/2025:09:44:49 -0400] "POST /wp-json/tdw/save_css HTTP/1.1" 401 98 "-" "curl/7.68.0"
89.248.172.183 - - [19/Oct/2025:09:44:50 -0400] "POST /wp-json/tdw/save_css HTTP/1.1" 401 98 "-" "curl/7.68.0"
89.248.172.183 - - [19/Oct/2025:09:44:50 -0400] "POST /wp-json/tdw/save_css HTTP/1.1" 401 98 "-" "curl/7.68.0"
216.244.66.237 - - [19/Oct/2025:09:44:50 -0400] "GET /popular-topics/know-which-foods-are-best-and-worst-for-people-with-blood-group-b/feed/ HTTP/1.1" 200 925 "-" "Mozilla/5.0 (compatible; DotBot/1.2; +https://opensiteexplorer.org/dotbot; [email protected])"
89.248.172.183 - - [19/Oct/2025:09:44:50 -0400] "POST /wp-json/tdw/save_css HTTP/1.1" 401 98 "-" "curl/7.68.0"
89.248.172.183 - - [19/Oct/2025:09:44:51 -0400] "POST /wp-json/tdw/save_css HTTP/1.1" 401 98 "-" "curl/7.68.0"
89.248.172.183 - - [19/Oct/2025:09:44:51 -0400] "POST /wp-json/tdw/save_css HTTP/1.1" 401 98 "-" "curl/7.68.0"
89.248.172.183 - - [19/Oct/2025:09:44:52 -0400] "POST /wp-json/tdw/save_css HTTP/1.1" 401 98 "-" "curl/7.68.0"
89.248.172.183 - - [19/Oct/2025:09:44:52 -0400] "POST /wp-json/tdw/save_css HTTP/1.1" 401 98 "-" "curl/7.68.0"
216.244.66.237 - - [19/Oct/2025:09:44:52 -0400] "GET /steve-carel-2/ HTTP/1.1" 200 82876 "-" "Mozilla/5.0 (compatible; DotBot/1.2; +https://opensiteexplorer.org/dotbot; [email protected])"
89.248.172.183 - - [19/Oct/2025:09:44:53 -0400] "POST /wp-json/tdw/save_css HTTP/1.1" 401 98 "-" "curl/7.68.0"
89.248.172.183 - - [19/Oct/2025:09:44:54 -0400] "POST /wp-json/tdw/save_css HTTP/1.1" 401 98 "-" "curl/7.68.0"
89.248.172.183 - - [19/Oct/2025:09:44:54 -0400] "POST /wp-json/tdw/save_css HTTP/1.1" 401 98 "-" "curl/7.68.0"
89.248.172.183 - - [19/Oct/2025:09:44:55 -0400] "POST /wp-json/tdw/save_css HTTP/1.1" 401 98 "-" "curl/7.68.0"
89.248.172.183 - - [19/Oct/2025:09:44:55 -0400] "POST /wp-json/tdw/save_css HTTP/1.1" 401 98 "-" "curl/7.68.0"
89.248.172.183 - - [19/Oct/2025:09:44:56 -0400] "POST /wp-json/tdw/save_css HTTP/1.1" 401 98 "-" "curl/7.68.0"
89.248.172.183 - - [19/Oct/2025:09:44:56 -0400] "POST /wp-json/tdw/save_css HTTP/1.1" 401 98 "-" "curl/7.68.0"
89.248.172.183 - - [19/Oct/2025:09:44:57 -0400] "POST /wp-json/tdw/save_css HTTP/1.1" 401 98 "-" "curl/7.68.0"
89.248.172.183 - - [19/Oct/2025:09:44:57 -0400] "POST /wp-json/tdw/save_css HTTP/1.1" 401 98 "-" "curl/7.68.0"
89.248.172.183 - - [19/Oct/2025:09:44:58 -0400] "POST /wp-json/tdw/save_css HTTP/1.1" 401 98 "-" "curl/7.68.0"
89.248.172.183 - - [19/Oct/2025:09:44:58 -0400] "POST /wp-json/tdw/save_css HTTP/1.1" 401 98 "-" "curl/7.68.0"
216.244.66.237 - - [19/Oct/2025:09:44:58 -0400] "GET /tag/facts-you-may-not-have-known-about-deadpool/feed/ HTTP/1.1" 200 717 "-" "Mozilla/5.0 (compatible; DotBot/1.2; +https://opensiteexplorer.org/dotbot; [email protected])"
89.248.172.183 - - [19/Oct/2025:09:44:59 -0400] "POST /wp-json/tdw/save_css HTTP/1.1" 401 98 "-" "curl/7.68.0"
89.248.172.183 - - [19/Oct/2025:09:44:59 -0400] "POST /wp-json/tdw/save_css HTTP/1.1" 401 98 "-" "curl/7.68.0"
89.248.172.183 - - [19/Oct/2025:09:45:00 -0400] "POST /wp-json/tdw/save_css HTTP/1.1" 401 98 "-" "curl/7.68.0"
89.248.172.183 - - [19/Oct/2025:09:45:00 -0400] "POST /wp-json/tdw/save_css HTTP/1.1" 401 98 "-" "curl/7.68.0"
89.248.172.183 - - [19/Oct/2025:09:45:01 -0400] "POST /wp-json/tdw/save_css HTTP/1.1" 401 98 "-" "curl/7.68.0"
89.248.172.183 - - [19/Oct/2025:09:45:01 -0400] "POST /wp-json/tdw/save_css HTTP/1.1" 401 98 "-" "curl/7.68.0"
89.248.172.183 - - [19/Oct/2025:09:45:02 -0400] "POST /wp-json/tdw/save_css HTTP/1.1" 401 98 "-" "curl/7.68.0"
89.248.172.183 - - [19/Oct/2025:09:45:02 -0400] "POST /wp-json/tdw/save_css HTTP/1.1" 401 98 "-" "curl/7.68.0"
216.244.66.237 - - [19/Oct/2025:09:45:03 -0400] "GET /tag/hollywood-actors-who-were-once-popular-but-struggling-now/feed/ HTTP/1.1" 200 731 "-" "Mozilla/5.0 (compatible; DotBot/1.2; +https://opensiteexplorer.org/dotbot; [email protected])"
66.116.199.115 - - [19/Oct/2025:09:45:03 -0400] "POST /wp-cron.php?doing_wp_cron=1760881503.5178680419921875000000 HTTP/1.1" 404 77061 "-" "WordPress/6.8.3; http://zovon.com"
89.248.172.183 - - [19/Oct/2025:09:45:03 -0400] "POST /wp-json/tdw/save_css HTTP/1.1" 401 98 "-" "curl/7.68.0"
89.248.172.183 - - [19/Oct/2025:09:45:03 -0400] "POST /wp-json/tdw/save_css HTTP/1.1" 401 98 "-" "curl/7.68.0"
89.248.172.183 - - [19/Oct/2025:09:45:04 -0400] "POST /wp-json/tdw/save_css HTTP/1.1" 401 98 "-" "curl/7.68.0"
89.248.172.183 - - [19/Oct/2025:09:45:04 -0400] "POST /wp-json/tdw/save_css HTTP/1.1" 401 98 "-" "curl/7.68.0"
89.248.172.183 - - [19/Oct/2025:09:45:05 -0400] "POST /wp-json/tdw/save_css HTTP/1.1" 401 98 "-" "curl/7.68.0"
89.248.172.183 - - [19/Oct/2025:09:45:05 -0400] "POST /wp-json/tdw/save_css HTTP/1.1" 401 98 "-" "curl/7.68.0"
89.248.172.183 - - [19/Oct/2025:09:45:06 -0400] "POST /wp-json/tdw/save_css HTTP/1.1" 401 98 "-" "curl/7.68.0"
216.244.66.237 - - [19/Oct/2025:09:45:06 -0400] "GET /tag/miami-police-union-plans-protest-of-beyonce/feed/ HTTP/1.1" 200 717 "-" "Mozilla/5.0 (compatible; DotBot/1.2; +https://opensiteexplorer.org/dotbot; [email protected])"
89.248.172.183 - - [19/Oct/2025:09:45:06 -0400] "POST /wp-json/tdw/save_css HTTP/1.1" 401 98 "-" "curl/7.68.0"
89.248.172.183 - - [19/Oct/2025:09:45:07 -0400] "POST /wp-json/tdw/save_css HTTP/1.1" 401 98 "-" "curl/7.68.0"
89.248.172.183 - - [19/Oct/2025:09:45:07 -0400] "POST /wp-json/tdw/save_css HTTP/1.1" 401 98 "-" "curl/7.68.0"
89.248.172.183 - - [19/Oct/2025:09:45:08 -0400] "POST /wp-json/tdw/save_css HTTP/1.1" 401 98 "-" "curl/7.68.0"
89.248.172.183 - - [19/Oct/2025:09:45:08 -0400] "POST /wp-json/tdw/save_css HTTP/1.1" 401 98 "-" "curl/7.68.0"
89.248.172.183 - - [19/Oct/2025:09:45:09 -0400] "POST /wp-json/tdw/save_css HTTP/1.1" 401 98 "-" "curl/7.68.0"
89.248.172.183 - - [19/Oct/2025:09:45:10 -0400] "POST /wp-json/tdw/save_css HTTP/1.1" 401 98 "-" "curl/7.68.0"
216.244.66.237 - - [19/Oct/2025:09:45:09 -0400] "GET /tag/nation-of-islam-offers-support-to-beyonce/feed/ HTTP/1.1" 200 715 "-" "Mozilla/5.0 (compatible; DotBot/1.2; +https://opensiteexplorer.org/dotbot; [email protected])"
89.248.172.183 - - [19/Oct/2025:09:45:10 -0400] "POST /wp-json/tdw/save_css HTTP/1.1" 401 98 "-" "curl/7.68.0"
89.248.172.183 - - [19/Oct/2025:09:45:11 -0400] "POST /wp-json/tdw/save_css HTTP/1.1" 401 98 "-" "curl/7.68.0"
89.248.172.183 - - [19/Oct/2025:09:45:11 -0400] "POST /wp-json/tdw/save_css HTTP/1.1" 401 98 "-" "curl/7.68.0"
89.248.172.183 - - [19/Oct/2025:09:45:12 -0400] "POST /wp-json/tdw/save_css HTTP/1.1" 401 98 "-" "curl/7.68.0"
89.248.172.183 - - [19/Oct/2025:09:45:12 -0400] "POST /wp-json/tdw/save_css HTTP/1.1" 401 98 "-" "curl/7.68.0"
89.248.172.183 - - [19/Oct/2025:09:45:13 -0400] "POST /wp-json/tdw/save_css HTTP/1.1" 401 98 "-" "curl/7.68.0"
89.248.172.183 - - [19/Oct/2025:09:45:13 -0400] "POST /wp-json/tdw/save_css HTTP/1.1" 401 98 "-" "curl/7.68.0"
89.248.172.183 - - [19/Oct/2025:09:45:14 -0400] "POST /wp-json/tdw/save_css HTTP/1.1" 401 98 "-" "curl/7.68.0"
89.248.172.183 - - [19/Oct/2025:09:45:14 -0400] "POST /wp-json/tdw/save_css HTTP/1.1" 401 98 "-" "curl/7.68.0"
89.248.172.183 - - [19/Oct/2025:09:45:15 -0400] "POST /wp-json/tdw/save_css HTTP/1.1" 401 98 "-" "curl/7.68.0"
89.248.172.183 - - [19/Oct/2025:09:45:15 -0400] "POST /wp-json/tdw/save_css HTTP/1.1" 401 98 "-" "curl/7.68.0"
89.248.172.183 - - [19/Oct/2025:09:45:16 -0400] "POST /wp-json/tdw/save_css HTTP/1.1" 401 98 "-" "curl/7.68.0"
89.248.172.183 - - [19/Oct/2025:09:45:16 -0400] "POST /wp-json/tdw/save_css HTTP/1.1" 401 98 "-" "curl/7.68.0"
89.248.172.183 - - [19/Oct/2025:09:45:17 -0400] "POST /wp-json/tdw/save_css HTTP/1.1" 401 98 "-" "curl/7.68.0"
89.248.172.183 - - [19/Oct/2025:09:45:17 -0400] "POST /wp-json/tdw/save_css HTTP/1.1" 401 98 "-" "curl/7.68.0"
89.248.172.183 - - [19/Oct/2025:09:45:18 -0400] "POST /wp-json/tdw/save_css HTTP/1.1" 401 98 "-" "curl/7.68.0"
89.248.172.183 - - [19/Oct/2025:09:45:18 -0400] "POST /wp-json/tdw/save_css HTTP/1.1" 401 98 "-" "curl/7.68.0"
89.248.172.183 - - [19/Oct/2025:09:45:19 -0400] "POST /wp-json/tdw/save_css HTTP/1.1" 401 98 "-" "curl/7.68.0"
89.248.172.183 - - [19/Oct/2025:09:45:20 -0400] "POST /wp-json/tdw/save_css HTTP/1.1" 401 98 "-" "curl/7.68.0"
89.248.172.183 - - [19/Oct/2025:09:45:21 -0400] "POST /wp-json/tdw/save_css HTTP/1.1" 401 98 "-" "curl/7.68.0"
89.248.172.183 - - [19/Oct/2025:09:45:25 -0400] "POST /wp-json/tdw/save_css HTTP/1.1" 401 98 "-" "curl/7.68.0"
89.248.172.183 - - [19/Oct/2025:09:45:26 -0400] "POST /wp-json/tdw/save_css HTTP/1.1" 401 98 "-" "curl/7.68.0"
89.248.172.183 - - [19/Oct/2025:09:45:26 -0400] "POST /wp-json/tdw/save_css HTTP/1.1" 401 98 "-" "curl/7.68.0"
89.248.172.183 - - [19/Oct/2025:09:45:27 -0400] "POST /wp-json/tdw/save_css HTTP/1.1" 401 98 "-" "curl/7.68.0"
89.248.172.183 - - [19/Oct/2025:09:45:27 -0400] "POST /wp-json/tdw/save_css HTTP/1.1" 401 98 "-" "curl/7.68.0"
89.248.172.183 - - [19/Oct/2025:09:45:28 -0400] "POST /wp-json/tdw/save_css HTTP/1.1" 401 98 "-" "curl/7.68.0"
89.248.172.183 - - [19/Oct/2025:09:45:28 -0400] "POST /wp-json/tdw/save_css HTTP/1.1" 401 98 "-" "curl/7.68.0"
89.248.172.183 - - [19/Oct/2025:09:45:28 -0400] "POST /wp-json/tdw/save_css HTTP/1.1" 401 98 "-" "curl/7.68.0"
89.248.172.183 - - [19/Oct/2025:09:45:29 -0400] "POST /wp-json/tdw/save_css HTTP/1.1" 401 98 "-" "curl/7.68.0"
66.249.68.1 - - [19/Oct/2025:09:45:30 -0400] "GET /page/4/?t=922102641417cd09 HTTP/1.1" 200 68276 "-" "Mozilla/5.0 (Linux; Android 6.0.1; Nexus 5X Build/MMB29P) AppleWebKit/537.36 (KHTML, like Gecko) Chrome/140.0.7339.207 Mobile Safari/537.36 (compatible; GoogleOther)"
89.248.172.183 - - [19/Oct/2025:09:45:30 -0400] "POST /wp-json/tdw/save_css HTTP/1.1" 401 98 "-" "curl/7.68.0"
89.248.172.183 - - [19/Oct/2025:09:45:31 -0400] "POST /wp-json/tdw/save_css HTTP/1.1" 401 98 "-" "curl/7.68.0"
89.248.172.183 - - [19/Oct/2025:09:45:32 -0400] "POST /wp-json/tdw/save_css HTTP/1.1" 401 98 "-" "curl/7.68.0"
89.248.172.183 - - [19/Oct/2025:09:45:33 -0400] "POST /wp-json/tdw/save_css HTTP/1.1" 401 98 "-" "curl/7.68.0"
89.248.172.183 - - [19/Oct/2025:09:45:34 -0400] "POST /wp-json/tdw/save_css HTTP/1.1" 401 98 "-" "curl/7.68.0"
89.248.172.183 - - [19/Oct/2025:09:45:35 -0400] "POST /wp-json/tdw/save_css HTTP/1.1" 401 98 "-" "curl/7.68.0"
89.248.172.183 - - [19/Oct/2025:09:45:36 -0400] "POST /wp-json/tdw/save_css HTTP/1.1" 401 98 "-" "curl/7.68.0"
89.248.172.183 - - [19/Oct/2025:09:45:37 -0400] "POST /wp-json/tdw/save_css HTTP/1.1" 401 98 "-" "curl/7.68.0"
89.248.172.183 - - [19/Oct/2025:09:45:38 -0400] "POST /wp-json/tdw/save_css HTTP/1.1" 401 98 "-" "curl/7.68.0"
89.248.172.183 - - [19/Oct/2025:09:45:39 -0400] "POST /wp-json/tdw/save_css HTTP/1.1" 401 98 "-" "curl/7.68.0"
89.248.172.183 - - [19/Oct/2025:09:45:41 -0400] "POST /wp-json/tdw/save_css HTTP/1.1" 401 98 "-" "curl/7.68.0"
