36.155.132.143 - - [19/Oct/2025:08:15:45 -0400] "GET /wp-includes/js/underscore.min.js?ver=1.13.7 HTTP/1.1" 200 18905 "http://zovon.com/health-conditions/addiction/addiction-is-a-chronic-disease/" "Mozilla/5.0 (Windows NT 6.1; WOW64; rv:43.0) Gecko/20100101 Firefox/43.0"
89.248.172.183 - - [19/Oct/2025:08:15:45 -0400] "POST /wp-json/tdw/save_css HTTP/1.1" 401 98 "-" "curl/7.68.0"
36.155.132.139 - - [19/Oct/2025:08:15:46 -0400] "GET /wp-content/plugins/td-subscription/assets/js/js_files_for_front.min.js?ver=1.7.1 HTTP/1.1" 200 11216 "http://zovon.com/health-conditions/addiction/addiction-is-a-chronic-disease/" "Mozilla/5.0 (Windows NT 6.1; WOW64; rv:43.0) Gecko/20100101 Firefox/43.0"
36.155.132.174 - - [19/Oct/2025:08:15:42 -0400] "GET /wp-content/plugins/td-composer/legacy/Newspaper/js/tagdiv_theme.min.js?ver=12.7.1 HTTP/1.1" 200 160112 "http://zovon.com/health-conditions/addiction/addiction-is-a-chronic-disease/" "Mozilla/5.0 (Windows NT 6.1; WOW64; rv:43.0) Gecko/20100101 Firefox/43.0"
89.248.172.183 - - [19/Oct/2025:08:15:46 -0400] "POST /wp-json/tdw/save_css HTTP/1.1" 401 98 "-" "curl/7.68.0"
89.248.172.183 - - [19/Oct/2025:08:15:47 -0400] "POST /wp-json/tdw/save_css HTTP/1.1" 401 98 "-" "curl/7.68.0"
89.248.172.183 - - [19/Oct/2025:08:15:47 -0400] "POST /wp-json/tdw/save_css HTTP/1.1" 401 98 "-" "curl/7.68.0"
89.248.172.183 - - [19/Oct/2025:08:15:48 -0400] "POST /wp-json/tdw/save_css HTTP/1.1" 401 98 "-" "curl/7.68.0"
144.76.19.3 - - [19/Oct/2025:08:15:48 -0400] "GET /health-news/popular-topics/10-common-caffeine-withdrawal-symptoms/11/ HTTP/1.1" 200 93661 "-" "Mozilla/5.0 (compatible; BLEXBot/1.0; +https://help.seranking.com/en/blex-crawler)"
89.248.172.183 - - [19/Oct/2025:08:15:48 -0400] "POST /wp-json/tdw/save_css HTTP/1.1" 401 98 "-" "curl/7.68.0"
89.248.172.183 - - [19/Oct/2025:08:15:49 -0400] "POST /wp-json/tdw/save_css HTTP/1.1" 401 98 "-" "curl/7.68.0"
89.248.172.183 - - [19/Oct/2025:08:15:50 -0400] "POST /wp-json/tdw/save_css HTTP/1.1" 401 98 "-" "curl/7.68.0"
89.248.172.183 - - [19/Oct/2025:08:15:50 -0400] "POST /wp-json/tdw/save_css HTTP/1.1" 401 98 "-" "curl/7.68.0"
89.248.172.183 - - [19/Oct/2025:08:15:51 -0400] "POST /wp-json/tdw/save_css HTTP/1.1" 401 98 "-" "curl/7.68.0"
89.248.172.183 - - [19/Oct/2025:08:15:51 -0400] "POST /wp-json/tdw/save_css HTTP/1.1" 401 98 "-" "curl/7.68.0"
144.76.19.3 - - [19/Oct/2025:08:15:51 -0400] "GET /category/hot-topics/weight-management/diet-nutrition/?filter_by=popular HTTP/1.1" 200 90594 "-" "Mozilla/5.0 (compatible; BLEXBot/1.0; +https://help.seranking.com/en/blex-crawler)"
89.248.172.183 - - [19/Oct/2025:08:15:52 -0400] "POST /wp-json/tdw/save_css HTTP/1.1" 401 98 "-" "curl/7.68.0"
89.248.172.183 - - [19/Oct/2025:08:15:52 -0400] "POST /wp-json/tdw/save_css HTTP/1.1" 401 98 "-" "curl/7.68.0"
89.248.172.183 - - [19/Oct/2025:08:15:53 -0400] "POST /wp-json/tdw/save_css HTTP/1.1" 401 98 "-" "curl/7.68.0"
89.248.172.183 - - [19/Oct/2025:08:15:53 -0400] "POST /wp-json/tdw/save_css HTTP/1.1" 401 98 "-" "curl/7.68.0"
89.248.172.183 - - [19/Oct/2025:08:15:54 -0400] "POST /wp-json/tdw/save_css HTTP/1.1" 401 98 "-" "curl/7.68.0"
89.248.172.183 - - [19/Oct/2025:08:15:54 -0400] "POST /wp-json/tdw/save_css HTTP/1.1" 401 98 "-" "curl/7.68.0"
89.248.172.183 - - [19/Oct/2025:08:15:55 -0400] "POST /wp-json/tdw/save_css HTTP/1.1" 401 98 "-" "curl/7.68.0"
89.248.172.183 - - [19/Oct/2025:08:15:55 -0400] "POST /wp-json/tdw/save_css HTTP/1.1" 401 98 "-" "curl/7.68.0"
144.76.19.3 - - [19/Oct/2025:08:15:55 -0400] "GET /health-news/popular-topics/borderline-personality-disorder-symptoms/2/ HTTP/1.1" 200 94168 "-" "Mozilla/5.0 (compatible; BLEXBot/1.0; +https://help.seranking.com/en/blex-crawler)"
89.248.172.183 - - [19/Oct/2025:08:15:56 -0400] "POST /wp-json/tdw/save_css HTTP/1.1" 401 98 "-" "curl/7.68.0"
89.248.172.183 - - [19/Oct/2025:08:15:57 -0400] "POST /wp-json/tdw/save_css HTTP/1.1" 401 98 "-" "curl/7.68.0"
89.248.172.183 - - [19/Oct/2025:08:15:58 -0400] "POST /wp-json/tdw/save_css HTTP/1.1" 401 98 "-" "curl/7.68.0"
144.76.19.3 - - [19/Oct/2025:08:15:59 -0400] "GET /health-news/popular-topics/borderline-personality-disorder-symptoms/3/ HTTP/1.1" 200 94222 "-" "Mozilla/5.0 (compatible; BLEXBot/1.0; +https://help.seranking.com/en/blex-crawler)"
89.248.172.183 - - [19/Oct/2025:08:15:59 -0400] "POST /wp-json/tdw/save_css HTTP/1.1" 401 98 "-" "curl/7.68.0"
89.248.172.183 - - [19/Oct/2025:08:16:00 -0400] "POST /wp-json/tdw/save_css HTTP/1.1" 401 98 "-" "curl/7.68.0"
89.248.172.183 - - [19/Oct/2025:08:16:01 -0400] "POST /wp-json/tdw/save_css HTTP/1.1" 401 98 "-" "curl/7.68.0"
89.248.172.183 - - [19/Oct/2025:08:16:02 -0400] "POST /wp-json/tdw/save_css HTTP/1.1" 401 98 "-" "curl/7.68.0"
144.76.19.3 - - [19/Oct/2025:08:16:02 -0400] "GET /health-news/popular-topics/borderline-personality-disorder-symptoms/4/ HTTP/1.1" 200 94340 "-" "Mozilla/5.0 (compatible; BLEXBot/1.0; +https://help.seranking.com/en/blex-crawler)"
89.248.172.183 - - [19/Oct/2025:08:16:03 -0400] "POST /wp-json/tdw/save_css HTTP/1.1" 401 98 "-" "curl/7.68.0"
89.248.172.183 - - [19/Oct/2025:08:16:04 -0400] "POST /wp-json/tdw/save_css HTTP/1.1" 401 98 "-" "curl/7.68.0"
66.249.68.1 - - [19/Oct/2025:08:16:04 -0400] "GET /page/110/?t=2401063554d89fc6 HTTP/1.1" 200 43534 "-" "Mozilla/5.0 (Linux; Android 6.0.1; Nexus 5X Build/MMB29P) AppleWebKit/537.36 (KHTML, like Gecko) Chrome/140.0.7339.207 Mobile Safari/537.36 (compatible; GoogleOther)"
89.248.172.183 - - [19/Oct/2025:08:16:05 -0400] "POST /wp-json/tdw/save_css HTTP/1.1" 401 98 "-" "curl/7.68.0"
144.76.19.3 - - [19/Oct/2025:08:16:06 -0400] "GET /health-news/popular-topics/borderline-personality-disorder-symptoms/5/ HTTP/1.1" 200 94163 "-" "Mozilla/5.0 (compatible; BLEXBot/1.0; +https://help.seranking.com/en/blex-crawler)"
89.248.172.183 - - [19/Oct/2025:08:16:06 -0400] "POST /wp-json/tdw/save_css HTTP/1.1" 401 98 "-" "curl/7.68.0"
89.248.172.183 - - [19/Oct/2025:08:16:07 -0400] "POST /wp-json/tdw/save_css HTTP/1.1" 401 98 "-" "curl/7.68.0"
89.248.172.183 - - [19/Oct/2025:08:16:08 -0400] "POST /wp-json/tdw/save_css HTTP/1.1" 401 98 "-" "curl/7.68.0"
89.248.172.183 - - [19/Oct/2025:08:16:10 -0400] "POST /wp-json/tdw/save_css HTTP/1.1" 401 98 "-" "curl/7.68.0"
144.76.19.3 - - [19/Oct/2025:08:16:10 -0400] "GET /health-news/popular-topics/borderline-personality-disorder-symptoms/6/ HTTP/1.1" 200 94219 "-" "Mozilla/5.0 (compatible; BLEXBot/1.0; +https://help.seranking.com/en/blex-crawler)"
89.248.172.183 - - [19/Oct/2025:08:16:10 -0400] "POST /wp-json/tdw/save_css HTTP/1.1" 401 98 "-" "curl/7.68.0"
89.248.172.183 - - [19/Oct/2025:08:16:11 -0400] "POST /wp-json/tdw/save_css HTTP/1.1" 401 98 "-" "curl/7.68.0"
89.248.172.183 - - [19/Oct/2025:08:16:13 -0400] "POST /wp-json/tdw/save_css HTTP/1.1" 401 98 "-" "curl/7.68.0"
144.76.19.3 - - [19/Oct/2025:08:16:13 -0400] "GET /health-news/popular-topics/borderline-personality-disorder-symptoms/7/ HTTP/1.1" 200 94149 "-" "Mozilla/5.0 (compatible; BLEXBot/1.0; +https://help.seranking.com/en/blex-crawler)"
89.248.172.183 - - [19/Oct/2025:08:16:14 -0400] "POST /wp-json/tdw/save_css HTTP/1.1" 401 98 "-" "curl/7.68.0"
89.248.172.183 - - [19/Oct/2025:08:16:15 -0400] "POST /wp-json/tdw/save_css HTTP/1.1" 401 98 "-" "curl/7.68.0"
89.248.172.183 - - [19/Oct/2025:08:16:16 -0400] "POST /wp-json/tdw/save_css HTTP/1.1" 401 98 "-" "curl/7.68.0"
3.77.67.4 - - [19/Oct/2025:08:16:17 -0400] "HEAD / HTTP/1.1" 200 - "http://zovon.com" "Mozilla/5.0+(compatible; UptimeRobot/2.0; http://www.uptimerobot.com/)"
89.248.172.183 - - [19/Oct/2025:08:16:17 -0400] "POST /wp-json/tdw/save_css HTTP/1.1" 401 98 "-" "curl/7.68.0"
144.76.19.3 - - [19/Oct/2025:08:16:17 -0400] "GET /health-news/popular-topics/borderline-personality-disorder-symptoms/8/ HTTP/1.1" 200 94381 "-" "Mozilla/5.0 (compatible; BLEXBot/1.0; +https://help.seranking.com/en/blex-crawler)"
89.248.172.183 - - [19/Oct/2025:08:16:18 -0400] "POST /wp-json/tdw/save_css HTTP/1.1" 401 98 "-" "curl/7.68.0"
89.248.172.183 - - [19/Oct/2025:08:16:19 -0400] "POST /wp-json/tdw/save_css HTTP/1.1" 401 98 "-" "curl/7.68.0"
89.248.172.183 - - [19/Oct/2025:08:16:20 -0400] "POST /wp-json/tdw/save_css HTTP/1.1" 401 98 "-" "curl/7.68.0"
66.249.68.1 - - [19/Oct/2025:08:16:20 -0400] "GET /page/110/?t=281176982828cb44 HTTP/1.1" 200 43534 "-" "Mozilla/5.0 (Linux; Android 6.0.1; Nexus 5X Build/MMB29P) AppleWebKit/537.36 (KHTML, like Gecko) Chrome/140.0.7339.207 Mobile Safari/537.36 (compatible; GoogleOther)"
144.76.19.3 - - [19/Oct/2025:08:16:21 -0400] "GET /health-news/popular-topics/borderline-personality-disorder-symptoms/9/ HTTP/1.1" 200 94139 "-" "Mozilla/5.0 (compatible; BLEXBot/1.0; +https://help.seranking.com/en/blex-crawler)"
89.248.172.183 - - [19/Oct/2025:08:16:21 -0400] "POST /wp-json/tdw/save_css HTTP/1.1" 401 98 "-" "curl/7.68.0"
89.248.172.183 - - [19/Oct/2025:08:16:22 -0400] "POST /wp-json/tdw/save_css HTTP/1.1" 401 98 "-" "curl/7.68.0"
89.248.172.183 - - [19/Oct/2025:08:16:23 -0400] "POST /wp-json/tdw/save_css HTTP/1.1" 401 98 "-" "curl/7.68.0"
89.248.172.183 - - [19/Oct/2025:08:16:23 -0400] "POST /wp-json/tdw/save_css HTTP/1.1" 401 98 "-" "curl/7.68.0"
89.248.172.183 - - [19/Oct/2025:08:16:23 -0400] "POST /wp-json/tdw/save_css HTTP/1.1" 401 98 "-" "curl/7.68.0"
104.236.5.222 - - [19/Oct/2025:08:16:24 -0400] "POST /xmlrpc.php HTTP/1.1" 404 77061 "http://zovon.com" "Mozilla/5.0 (Macintosh; Intel Mac OS X 10_15_7; rv:125.0.1) Gecko/20100101 Firefox/125.0.1"
89.248.172.183 - - [19/Oct/2025:08:16:24 -0400] "POST /wp-json/tdw/save_css HTTP/1.1" 401 98 "-" "curl/7.68.0"
89.248.172.183 - - [19/Oct/2025:08:16:24 -0400] "POST /wp-json/tdw/save_css HTTP/1.1" 401 98 "-" "curl/7.68.0"
89.248.172.183 - - [19/Oct/2025:08:16:24 -0400] "POST /wp-json/tdw/save_css HTTP/1.1" 401 98 "-" "curl/7.68.0"
144.76.19.3 - - [19/Oct/2025:08:16:24 -0400] "GET /health-news/popular-topics/side-effects-of-calcium-channel-blockers/2/ HTTP/1.1" 200 93682 "-" "Mozilla/5.0 (compatible; BLEXBot/1.0; +https://help.seranking.com/en/blex-crawler)"
89.248.172.183 - - [19/Oct/2025:08:16:25 -0400] "POST /wp-json/tdw/save_css HTTP/1.1" 401 98 "-" "curl/7.68.0"
89.248.172.183 - - [19/Oct/2025:08:16:25 -0400] "POST /wp-json/tdw/save_css HTTP/1.1" 401 98 "-" "curl/7.68.0"
89.248.172.183 - - [19/Oct/2025:08:16:25 -0400] "POST /wp-json/tdw/save_css HTTP/1.1" 401 98 "-" "curl/7.68.0"
89.248.172.183 - - [19/Oct/2025:08:16:25 -0400] "POST /wp-json/tdw/save_css HTTP/1.1" 401 98 "-" "curl/7.68.0"
89.248.172.183 - - [19/Oct/2025:08:16:26 -0400] "POST /wp-json/tdw/save_css HTTP/1.1" 401 98 "-" "curl/7.68.0"
89.248.172.183 - - [19/Oct/2025:08:16:26 -0400] "POST /wp-json/tdw/save_css HTTP/1.1" 401 98 "-" "curl/7.68.0"
89.248.172.183 - - [19/Oct/2025:08:16:26 -0400] "POST /wp-json/tdw/save_css HTTP/1.1" 401 98 "-" "curl/7.68.0"
89.248.172.183 - - [19/Oct/2025:08:16:26 -0400] "POST /wp-json/tdw/save_css HTTP/1.1" 401 98 "-" "curl/7.68.0"
89.248.172.183 - - [19/Oct/2025:08:16:27 -0400] "POST /wp-json/tdw/save_css HTTP/1.1" 401 98 "-" "curl/7.68.0"
89.248.172.183 - - [19/Oct/2025:08:16:27 -0400] "POST /wp-json/tdw/save_css HTTP/1.1" 401 98 "-" "curl/7.68.0"
89.248.172.183 - - [19/Oct/2025:08:16:27 -0400] "POST /wp-json/tdw/save_css HTTP/1.1" 401 98 "-" "curl/7.68.0"
89.248.172.183 - - [19/Oct/2025:08:16:28 -0400] "POST /wp-json/tdw/save_css HTTP/1.1" 401 98 "-" "curl/7.68.0"
89.248.172.183 - - [19/Oct/2025:08:16:28 -0400] "POST /wp-json/tdw/save_css HTTP/1.1" 401 98 "-" "curl/7.68.0"
89.248.172.183 - - [19/Oct/2025:08:16:28 -0400] "POST /wp-json/tdw/save_css HTTP/1.1" 401 98 "-" "curl/7.68.0"
144.76.19.3 - - [19/Oct/2025:08:16:28 -0400] "GET /health-news/popular-topics/side-effects-of-calcium-channel-blockers/3/ HTTP/1.1" 200 93691 "-" "Mozilla/5.0 (compatible; BLEXBot/1.0; +https://help.seranking.com/en/blex-crawler)"
89.248.172.183 - - [19/Oct/2025:08:16:29 -0400] "POST /wp-json/tdw/save_css HTTP/1.1" 401 98 "-" "curl/7.68.0"
89.248.172.183 - - [19/Oct/2025:08:16:29 -0400] "POST /wp-json/tdw/save_css HTTP/1.1" 401 98 "-" "curl/7.68.0"
89.248.172.183 - - [19/Oct/2025:08:16:29 -0400] "POST /wp-json/tdw/save_css HTTP/1.1" 401 98 "-" "curl/7.68.0"
89.248.172.183 - - [19/Oct/2025:08:16:29 -0400] "POST /wp-json/tdw/save_css HTTP/1.1" 401 98 "-" "curl/7.68.0"
89.248.172.183 - - [19/Oct/2025:08:16:30 -0400] "POST /wp-json/tdw/save_css HTTP/1.1" 401 98 "-" "curl/7.68.0"
89.248.172.183 - - [19/Oct/2025:08:16:30 -0400] "POST /wp-json/tdw/save_css HTTP/1.1" 401 98 "-" "curl/7.68.0"
89.248.172.183 - - [19/Oct/2025:08:16:30 -0400] "POST /wp-json/tdw/save_css HTTP/1.1" 401 98 "-" "curl/7.68.0"
89.248.172.183 - - [19/Oct/2025:08:16:31 -0400] "POST /wp-json/tdw/save_css HTTP/1.1" 401 98 "-" "curl/7.68.0"
89.248.172.183 - - [19/Oct/2025:08:16:31 -0400] "POST /wp-json/tdw/save_css HTTP/1.1" 401 98 "-" "curl/7.68.0"
89.248.172.183 - - [19/Oct/2025:08:16:31 -0400] "POST /wp-json/tdw/save_css HTTP/1.1" 401 98 "-" "curl/7.68.0"
89.248.172.183 - - [19/Oct/2025:08:16:31 -0400] "POST /wp-json/tdw/save_css HTTP/1.1" 401 98 "-" "curl/7.68.0"
89.248.172.183 - - [19/Oct/2025:08:16:32 -0400] "POST /wp-json/tdw/save_css HTTP/1.1" 401 98 "-" "curl/7.68.0"
144.76.19.3 - - [19/Oct/2025:08:16:32 -0400] "GET /health-news/popular-topics/side-effects-of-calcium-channel-blockers/4/ HTTP/1.1" 200 93671 "-" "Mozilla/5.0 (compatible; BLEXBot/1.0; +https://help.seranking.com/en/blex-crawler)"
89.248.172.183 - - [19/Oct/2025:08:16:32 -0400] "POST /wp-json/tdw/save_css HTTP/1.1" 401 98 "-" "curl/7.68.0"
89.248.172.183 - - [19/Oct/2025:08:16:32 -0400] "POST /wp-json/tdw/save_css HTTP/1.1" 401 98 "-" "curl/7.68.0"
89.248.172.183 - - [19/Oct/2025:08:16:32 -0400] "POST /wp-json/tdw/save_css HTTP/1.1" 401 98 "-" "curl/7.68.0"
89.248.172.183 - - [19/Oct/2025:08:16:33 -0400] "POST /wp-json/tdw/save_css HTTP/1.1" 401 98 "-" "curl/7.68.0"
89.248.172.183 - - [19/Oct/2025:08:16:33 -0400] "POST /wp-json/tdw/save_css HTTP/1.1" 401 98 "-" "curl/7.68.0"
89.248.172.183 - - [19/Oct/2025:08:16:34 -0400] "POST /wp-json/tdw/save_css HTTP/1.1" 401 98 "-" "curl/7.68.0"
66.116.199.115 - - [19/Oct/2025:08:16:34 -0400] "POST /wp-cron.php?doing_wp_cron=1760876194.4830210208892822265625 HTTP/1.1" 404 77061 "-" "WordPress/6.8.3; http://zovon.com"
89.248.172.183 - - [19/Oct/2025:08:16:34 -0400] "POST /wp-json/tdw/save_css HTTP/1.1" 401 98 "-" "curl/7.68.0"
89.248.172.183 - - [19/Oct/2025:08:16:34 -0400] "POST /wp-json/tdw/save_css HTTP/1.1" 401 98 "-" "curl/7.68.0"
89.248.172.183 - - [19/Oct/2025:08:16:34 -0400] "POST /wp-json/tdw/save_css HTTP/1.1" 401 98 "-" "curl/7.68.0"
89.248.172.183 - - [19/Oct/2025:08:16:35 -0400] "POST /wp-json/tdw/save_css HTTP/1.1" 401 98 "-" "curl/7.68.0"
89.248.172.183 - - [19/Oct/2025:08:16:35 -0400] "POST /wp-json/tdw/save_css HTTP/1.1" 401 98 "-" "curl/7.68.0"
144.76.19.3 - - [19/Oct/2025:08:16:35 -0400] "GET /health-news/popular-topics/side-effects-of-calcium-channel-blockers/5/ HTTP/1.1" 200 93734 "-" "Mozilla/5.0 (compatible; BLEXBot/1.0; +https://help.seranking.com/en/blex-crawler)"
89.248.172.183 - - [19/Oct/2025:08:16:36 -0400] "POST /wp-json/tdw/save_css HTTP/1.1" 401 98 "-" "curl/7.68.0"
89.248.172.183 - - [19/Oct/2025:08:16:36 -0400] "POST /wp-json/tdw/save_css HTTP/1.1" 401 98 "-" "curl/7.68.0"
89.248.172.183 - - [19/Oct/2025:08:16:36 -0400] "POST /wp-json/tdw/save_css HTTP/1.1" 401 98 "-" "curl/7.68.0"
89.248.172.183 - - [19/Oct/2025:08:16:36 -0400] "POST /wp-json/tdw/save_css HTTP/1.1" 401 98 "-" "curl/7.68.0"
89.248.172.183 - - [19/Oct/2025:08:16:36 -0400] "POST /wp-json/tdw/save_css HTTP/1.1" 401 98 "-" "curl/7.68.0"
89.248.172.183 - - [19/Oct/2025:08:16:37 -0400] "POST /wp-json/tdw/save_css HTTP/1.1" 401 98 "-" "curl/7.68.0"
89.248.172.183 - - [19/Oct/2025:08:16:37 -0400] "POST /wp-json/tdw/save_css HTTP/1.1" 401 98 "-" "curl/7.68.0"
89.248.172.183 - - [19/Oct/2025:08:16:38 -0400] "POST /wp-json/tdw/save_css HTTP/1.1" 401 98 "-" "curl/7.68.0"
89.248.172.183 - - [19/Oct/2025:08:16:38 -0400] "POST /wp-json/tdw/save_css HTTP/1.1" 401 98 "-" "curl/7.68.0"
89.248.172.183 - - [19/Oct/2025:08:16:38 -0400] "POST /wp-json/tdw/save_css HTTP/1.1" 401 98 "-" "curl/7.68.0"
89.248.172.183 - - [19/Oct/2025:08:16:39 -0400] "POST /wp-json/tdw/save_css HTTP/1.1" 401 98 "-" "curl/7.68.0"
144.76.19.3 - - [19/Oct/2025:08:16:39 -0400] "GET /health-news/popular-topics/side-effects-of-calcium-channel-blockers/6/ HTTP/1.1" 200 93708 "-" "Mozilla/5.0 (compatible; BLEXBot/1.0; +https://help.seranking.com/en/blex-crawler)"
89.248.172.183 - - [19/Oct/2025:08:16:39 -0400] "POST /wp-json/tdw/save_css HTTP/1.1" 401 98 "-" "curl/7.68.0"
89.248.172.183 - - [19/Oct/2025:08:16:40 -0400] "POST /wp-json/tdw/save_css HTTP/1.1" 401 98 "-" "curl/7.68.0"
89.248.172.183 - - [19/Oct/2025:08:16:40 -0400] "POST /wp-json/tdw/save_css HTTP/1.1" 401 98 "-" "curl/7.68.0"
89.248.172.183 - - [19/Oct/2025:08:16:41 -0400] "POST /wp-json/tdw/save_css HTTP/1.1" 401 98 "-" "curl/7.68.0"
89.248.172.183 - - [19/Oct/2025:08:16:41 -0400] "POST /wp-json/tdw/save_css HTTP/1.1" 401 98 "-" "curl/7.68.0"
89.248.172.183 - - [19/Oct/2025:08:16:42 -0400] "POST /wp-json/tdw/save_css HTTP/1.1" 401 98 "-" "curl/7.68.0"
89.248.172.183 - - [19/Oct/2025:08:16:42 -0400] "POST /wp-json/tdw/save_css HTTP/1.1" 401 98 "-" "curl/7.68.0"
89.248.172.183 - - [19/Oct/2025:08:16:43 -0400] "POST /wp-json/tdw/save_css HTTP/1.1" 401 98 "-" "curl/7.68.0"
144.76.19.3 - - [19/Oct/2025:08:16:43 -0400] "GET /health-news/popular-topics/side-effects-of-calcium-channel-blockers/7/ HTTP/1.1" 200 94006 "-" "Mozilla/5.0 (compatible; BLEXBot/1.0; +https://help.seranking.com/en/blex-crawler)"
89.248.172.183 - - [19/Oct/2025:08:16:43 -0400] "POST /wp-json/tdw/save_css HTTP/1.1" 401 98 "-" "curl/7.68.0"
89.248.172.183 - - [19/Oct/2025:08:16:45 -0400] "POST /wp-json/tdw/save_css HTTP/1.1" 401 98 "-" "curl/7.68.0"
89.248.172.183 - - [19/Oct/2025:08:16:45 -0400] "POST /wp-json/tdw/save_css HTTP/1.1" 401 98 "-" "curl/7.68.0"
144.76.19.3 - - [19/Oct/2025:08:16:46 -0400] "GET /health-news/popular-topics/side-effects-of-calcium-channel-blockers/8/ HTTP/1.1" 200 93939 "-" "Mozilla/5.0 (compatible; BLEXBot/1.0; +https://help.seranking.com/en/blex-crawler)"
89.248.172.183 - - [19/Oct/2025:08:16:47 -0400] "POST /wp-json/tdw/save_css HTTP/1.1" 401 98 "-" "curl/7.68.0"
89.248.172.183 - - [19/Oct/2025:08:16:48 -0400] "POST /wp-json/tdw/save_css HTTP/1.1" 401 98 "-" "curl/7.68.0"
89.248.172.183 - - [19/Oct/2025:08:16:49 -0400] "POST /wp-json/tdw/save_css HTTP/1.1" 401 98 "-" "curl/7.68.0"
89.248.172.183 - - [19/Oct/2025:08:16:50 -0400] "POST /wp-json/tdw/save_css HTTP/1.1" 401 98 "-" "curl/7.68.0"
144.76.19.3 - - [19/Oct/2025:08:16:50 -0400] "GET /health-news/popular-topics/side-effects-of-calcium-channel-blockers/9/ HTTP/1.1" 200 93700 "-" "Mozilla/5.0 (compatible; BLEXBot/1.0; +https://help.seranking.com/en/blex-crawler)"
89.248.172.183 - - [19/Oct/2025:08:16:51 -0400] "POST /wp-json/tdw/save_css HTTP/1.1" 401 98 "-" "curl/7.68.0"
89.248.172.183 - - [19/Oct/2025:08:16:52 -0400] "POST /wp-json/tdw/save_css HTTP/1.1" 401 98 "-" "curl/7.68.0"
89.248.172.183 - - [19/Oct/2025:08:16:53 -0400] "POST /wp-json/tdw/save_css HTTP/1.1" 401 98 "-" "curl/7.68.0"
89.248.172.183 - - [19/Oct/2025:08:16:54 -0400] "POST /wp-json/tdw/save_css HTTP/1.1" 401 98 "-" "curl/7.68.0"
144.76.19.3 - - [19/Oct/2025:08:16:54 -0400] "GET /health-news/understanding-best-treatment-for-bipolar-disorder-a-study/ HTTP/1.1" 200 106681 "-" "Mozilla/5.0 (compatible; BLEXBot/1.0; +https://help.seranking.com/en/blex-crawler)"
89.248.172.183 - - [19/Oct/2025:08:16:55 -0400] "POST /wp-json/tdw/save_css HTTP/1.1" 401 98 "-" "curl/7.68.0"
89.248.172.183 - - [19/Oct/2025:08:16:56 -0400] "POST /wp-json/tdw/save_css HTTP/1.1" 401 98 "-" "curl/7.68.0"
89.248.172.183 - - [19/Oct/2025:08:16:57 -0400] "POST /wp-json/tdw/save_css HTTP/1.1" 401 98 "-" "curl/7.68.0"
144.76.19.3 - - [19/Oct/2025:08:16:58 -0400] "GET /hot-topics/muscle-building/building-chest-muscles-follow-perfect-plan/ HTTP/1.1" 200 116122 "-" "Mozilla/5.0 (compatible; BLEXBot/1.0; +https://help.seranking.com/en/blex-crawler)"
89.248.172.183 - - [19/Oct/2025:08:16:58 -0400] "POST /wp-json/tdw/save_css HTTP/1.1" 401 98 "-" "curl/7.68.0"
89.248.172.183 - - [19/Oct/2025:08:16:59 -0400] "POST /wp-json/tdw/save_css HTTP/1.1" 401 98 "-" "curl/7.68.0"
89.248.172.183 - - [19/Oct/2025:08:17:00 -0400] "POST /wp-json/tdw/save_css HTTP/1.1" 401 98 "-" "curl/7.68.0"
144.76.19.3 - - [19/Oct/2025:08:17:01 -0400] "GET /category/hot-topics/weight-management/diet-nutrition/?filter_by=featured HTTP/1.1" 200 85297 "-" "Mozilla/5.0 (compatible; BLEXBot/1.0; +https://help.seranking.com/en/blex-crawler)"
144.76.19.3 - - [19/Oct/2025:08:17:05 -0400] "GET /category/hot-topics/weight-management/diet-nutrition/?filter_by=popular7 HTTP/1.1" 200 85297 "-" "Mozilla/5.0 (compatible; BLEXBot/1.0; +https://help.seranking.com/en/blex-crawler)"
89.248.172.183 - - [19/Oct/2025:08:17:08 -0400] "POST /wp-json/tdw/save_css HTTP/1.1" 401 98 "-" "curl/7.68.0"
89.248.172.183 - - [19/Oct/2025:08:17:08 -0400] "POST /wp-json/tdw/save_css HTTP/1.1" 401 98 "-" "curl/7.68.0"
144.76.19.3 - - [19/Oct/2025:08:17:09 -0400] "GET /expert-zone/kimberly-snyder/know-probiotics-helps-maintain-healthy-gut/ HTTP/1.1" 200 109814 "-" "Mozilla/5.0 (compatible; BLEXBot/1.0; +https://help.seranking.com/en/blex-crawler)"
89.248.172.183 - - [19/Oct/2025:08:17:09 -0400] "POST /wp-json/tdw/save_css HTTP/1.1" 401 98 "-" "curl/7.68.0"
89.248.172.183 - - [19/Oct/2025:08:17:09 -0400] "POST /wp-json/tdw/save_css HTTP/1.1" 401 98 "-" "curl/7.68.0"
89.248.172.183 - - [19/Oct/2025:08:17:10 -0400] "POST /wp-json/tdw/save_css HTTP/1.1" 401 98 "-" "curl/7.68.0"
89.248.172.183 - - [19/Oct/2025:08:17:10 -0400] "POST /wp-json/tdw/save_css HTTP/1.1" 401 98 "-" "curl/7.68.0"
89.248.172.183 - - [19/Oct/2025:08:17:11 -0400] "POST /wp-json/tdw/save_css HTTP/1.1" 401 98 "-" "curl/7.68.0"
89.248.172.183 - - [19/Oct/2025:08:17:11 -0400] "POST /wp-json/tdw/save_css HTTP/1.1" 401 98 "-" "curl/7.68.0"
89.248.172.183 - - [19/Oct/2025:08:17:11 -0400] "POST /wp-json/tdw/save_css HTTP/1.1" 401 98 "-" "curl/7.68.0"
89.248.172.183 - - [19/Oct/2025:08:17:12 -0400] "POST /wp-json/tdw/save_css HTTP/1.1" 401 98 "-" "curl/7.68.0"
144.76.19.3 - - [19/Oct/2025:08:17:13 -0400] "GET /health-news/latest-health-news/physical-mental-health-benefits-tai-chi/ HTTP/1.1" 200 98573 "-" "Mozilla/5.0 (compatible; BLEXBot/1.0; +https://help.seranking.com/en/blex-crawler)"
89.248.172.183 - - [19/Oct/2025:08:17:13 -0400] "POST /wp-json/tdw/save_css HTTP/1.1" 401 98 "-" "curl/7.68.0"
89.248.172.183 - - [19/Oct/2025:08:17:14 -0400] "POST /wp-json/tdw/save_css HTTP/1.1" 401 98 "-" "curl/7.68.0"
89.248.172.183 - - [19/Oct/2025:08:17:15 -0400] "POST /wp-json/tdw/save_css HTTP/1.1" 401 98 "-" "curl/7.68.0"
89.248.172.183 - - [19/Oct/2025:08:17:15 -0400] "POST /wp-json/tdw/save_css HTTP/1.1" 401 98 "-" "curl/7.68.0"
89.248.172.183 - - [19/Oct/2025:08:17:15 -0400] "POST /wp-json/tdw/save_css HTTP/1.1" 401 98 "-" "curl/7.68.0"
89.248.172.183 - - [19/Oct/2025:08:17:15 -0400] "POST /wp-json/tdw/save_css HTTP/1.1" 401 98 "-" "curl/7.68.0"
89.248.172.183 - - [19/Oct/2025:08:17:16 -0400] "POST /wp-json/tdw/save_css HTTP/1.1" 401 98 "-" "curl/7.68.0"
89.248.172.183 - - [19/Oct/2025:08:17:16 -0400] "POST /wp-json/tdw/save_css HTTP/1.1" 401 98 "-" "curl/7.68.0"
89.248.172.183 - - [19/Oct/2025:08:17:16 -0400] "POST /wp-json/tdw/save_css HTTP/1.1" 401 98 "-" "curl/7.68.0"
144.76.19.3 - - [19/Oct/2025:08:17:16 -0400] "GET /health-news/popular-topics/applications-of-cbd-oil-and-its-limitations/ HTTP/1.1" 200 109645 "-" "Mozilla/5.0 (compatible; BLEXBot/1.0; +https://help.seranking.com/en/blex-crawler)"
89.248.172.183 - - [19/Oct/2025:08:17:16 -0400] "POST /wp-json/tdw/save_css HTTP/1.1" 401 98 "-" "curl/7.68.0"
89.248.172.183 - - [19/Oct/2025:08:17:17 -0400] "POST /wp-json/tdw/save_css HTTP/1.1" 401 98 "-" "curl/7.68.0"
89.248.172.183 - - [19/Oct/2025:08:17:17 -0400] "POST /wp-json/tdw/save_css HTTP/1.1" 401 98 "-" "curl/7.68.0"
89.248.172.183 - - [19/Oct/2025:08:17:17 -0400] "POST /wp-json/tdw/save_css HTTP/1.1" 401 98 "-" "curl/7.68.0"
89.248.172.183 - - [19/Oct/2025:08:17:18 -0400] "POST /wp-json/tdw/save_css HTTP/1.1" 401 98 "-" "curl/7.68.0"
89.248.172.183 - - [19/Oct/2025:08:17:18 -0400] "POST /wp-json/tdw/save_css HTTP/1.1" 401 98 "-" "curl/7.68.0"
89.248.172.183 - - [19/Oct/2025:08:17:18 -0400] "POST /wp-json/tdw/save_css HTTP/1.1" 401 98 "-" "curl/7.68.0"
89.248.172.183 - - [19/Oct/2025:08:17:18 -0400] "POST /wp-json/tdw/save_css HTTP/1.1" 401 98 "-" "curl/7.68.0"
89.248.172.183 - - [19/Oct/2025:08:17:19 -0400] "POST /wp-json/tdw/save_css HTTP/1.1" 401 98 "-" "curl/7.68.0"
89.248.172.183 - - [19/Oct/2025:08:17:19 -0400] "POST /wp-json/tdw/save_css HTTP/1.1" 401 98 "-" "curl/7.68.0"
89.248.172.183 - - [19/Oct/2025:08:17:19 -0400] "POST /wp-json/tdw/save_css HTTP/1.1" 401 98 "-" "curl/7.68.0"
89.248.172.183 - - [19/Oct/2025:08:17:20 -0400] "POST /wp-json/tdw/save_css HTTP/1.1" 401 98 "-" "curl/7.68.0"
89.248.172.183 - - [19/Oct/2025:08:17:20 -0400] "POST /wp-json/tdw/save_css HTTP/1.1" 401 98 "-" "curl/7.68.0"
144.76.19.3 - - [19/Oct/2025:08:17:20 -0400] "GET /health-news/popular-topics/borderline-personality-disorder-symptoms/10/ HTTP/1.1" 200 94207 "-" "Mozilla/5.0 (compatible; BLEXBot/1.0; +https://help.seranking.com/en/blex-crawler)"
89.248.172.183 - - [19/Oct/2025:08:17:20 -0400] "POST /wp-json/tdw/save_css HTTP/1.1" 401 98 "-" "curl/7.68.0"
89.248.172.183 - - [19/Oct/2025:08:17:20 -0400] "POST /wp-json/tdw/save_css HTTP/1.1" 401 98 "-" "curl/7.68.0"
89.248.172.183 - - [19/Oct/2025:08:17:21 -0400] "POST /wp-json/tdw/save_css HTTP/1.1" 401 98 "-" "curl/7.68.0"
89.248.172.183 - - [19/Oct/2025:08:17:21 -0400] "POST /wp-json/tdw/save_css HTTP/1.1" 401 98 "-" "curl/7.68.0"
89.248.172.183 - - [19/Oct/2025:08:17:21 -0400] "POST /wp-json/tdw/save_css HTTP/1.1" 401 98 "-" "curl/7.68.0"
89.248.172.183 - - [19/Oct/2025:08:17:22 -0400] "POST /wp-json/tdw/save_css HTTP/1.1" 401 98 "-" "curl/7.68.0"
89.248.172.183 - - [19/Oct/2025:08:17:22 -0400] "POST /wp-json/tdw/save_css HTTP/1.1" 401 98 "-" "curl/7.68.0"
89.248.172.183 - - [19/Oct/2025:08:17:22 -0400] "POST /wp-json/tdw/save_css HTTP/1.1" 401 98 "-" "curl/7.68.0"
89.248.172.183 - - [19/Oct/2025:08:17:23 -0400] "POST /wp-json/tdw/save_css HTTP/1.1" 401 98 "-" "curl/7.68.0"
89.248.172.183 - - [19/Oct/2025:08:17:23 -0400] "POST /wp-json/tdw/save_css HTTP/1.1" 401 98 "-" "curl/7.68.0"
89.248.172.183 - - [19/Oct/2025:08:17:23 -0400] "POST /wp-json/tdw/save_css HTTP/1.1" 401 98 "-" "curl/7.68.0"
89.248.172.183 - - [19/Oct/2025:08:17:23 -0400] "POST /wp-json/tdw/save_css HTTP/1.1" 401 98 "-" "curl/7.68.0"
89.248.172.183 - - [19/Oct/2025:08:17:24 -0400] "POST /wp-json/tdw/save_css HTTP/1.1" 401 98 "-" "curl/7.68.0"
144.76.19.3 - - [19/Oct/2025:08:17:24 -0400] "GET /health-news/popular-topics/borderline-personality-disorder-symptoms/11/ HTTP/1.1" 200 93967 "-" "Mozilla/5.0 (compatible; BLEXBot/1.0; +https://help.seranking.com/en/blex-crawler)"
89.248.172.183 - - [19/Oct/2025:08:17:24 -0400] "POST /wp-json/tdw/save_css HTTP/1.1" 401 98 "-" "curl/7.68.0"
89.248.172.183 - - [19/Oct/2025:08:17:24 -0400] "POST /wp-json/tdw/save_css HTTP/1.1" 401 98 "-" "curl/7.68.0"
89.248.172.183 - - [19/Oct/2025:08:17:25 -0400] "POST /wp-json/tdw/save_css HTTP/1.1" 401 98 "-" "curl/7.68.0"
89.248.172.183 - - [19/Oct/2025:08:17:25 -0400] "POST /wp-json/tdw/save_css HTTP/1.1" 401 98 "-" "curl/7.68.0"
89.248.172.183 - - [19/Oct/2025:08:17:25 -0400] "POST /wp-json/tdw/save_css HTTP/1.1" 401 98 "-" "curl/7.68.0"
89.248.172.183 - - [19/Oct/2025:08:17:25 -0400] "POST /wp-json/tdw/save_css HTTP/1.1" 401 98 "-" "curl/7.68.0"
89.248.172.183 - - [19/Oct/2025:08:17:26 -0400] "POST /wp-json/tdw/save_css HTTP/1.1" 401 98 "-" "curl/7.68.0"
89.248.172.183 - - [19/Oct/2025:08:17:26 -0400] "POST /wp-json/tdw/save_css HTTP/1.1" 401 98 "-" "curl/7.68.0"
89.248.172.183 - - [19/Oct/2025:08:17:26 -0400] "POST /wp-json/tdw/save_css HTTP/1.1" 401 98 "-" "curl/7.68.0"
89.248.172.183 - - [19/Oct/2025:08:17:27 -0400] "POST /wp-json/tdw/save_css HTTP/1.1" 401 98 "-" "curl/7.68.0"
89.248.172.183 - - [19/Oct/2025:08:17:27 -0400] "POST /wp-json/tdw/save_css HTTP/1.1" 401 98 "-" "curl/7.68.0"
89.248.172.183 - - [19/Oct/2025:08:17:27 -0400] "POST /wp-json/tdw/save_css HTTP/1.1" 401 98 "-" "curl/7.68.0"
144.76.19.3 - - [19/Oct/2025:08:17:27 -0400] "GET /health-news/popular-topics/side-effects-of-calcium-channel-blockers/10/ HTTP/1.1" 200 94061 "-" "Mozilla/5.0 (compatible; BLEXBot/1.0; +https://help.seranking.com/en/blex-crawler)"
89.248.172.183 - - [19/Oct/2025:08:17:28 -0400] "POST /wp-json/tdw/save_css HTTP/1.1" 401 98 "-" "curl/7.68.0"
89.248.172.183 - - [19/Oct/2025:08:17:28 -0400] "POST /wp-json/tdw/save_css HTTP/1.1" 401 98 "-" "curl/7.68.0"
89.248.172.183 - - [19/Oct/2025:08:17:28 -0400] "POST /wp-json/tdw/save_css HTTP/1.1" 401 98 "-" "curl/7.68.0"
89.248.172.183 - - [19/Oct/2025:08:17:28 -0400] "POST /wp-json/tdw/save_css HTTP/1.1" 401 98 "-" "curl/7.68.0"
89.248.172.183 - - [19/Oct/2025:08:17:29 -0400] "POST /wp-json/tdw/save_css HTTP/1.1" 401 98 "-" "curl/7.68.0"
89.248.172.183 - - [19/Oct/2025:08:17:29 -0400] "POST /wp-json/tdw/save_css HTTP/1.1" 401 98 "-" "curl/7.68.0"
89.248.172.183 - - [19/Oct/2025:08:17:29 -0400] "POST /wp-json/tdw/save_css HTTP/1.1" 401 98 "-" "curl/7.68.0"
89.248.172.183 - - [19/Oct/2025:08:17:29 -0400] "POST /wp-json/tdw/save_css HTTP/1.1" 401 98 "-" "curl/7.68.0"
89.248.172.183 - - [19/Oct/2025:08:17:30 -0400] "POST /wp-json/tdw/save_css HTTP/1.1" 401 98 "-" "curl/7.68.0"
89.248.172.183 - - [19/Oct/2025:08:17:30 -0400] "POST /wp-json/tdw/save_css HTTP/1.1" 401 98 "-" "curl/7.68.0"
89.248.172.183 - - [19/Oct/2025:08:17:30 -0400] "POST /wp-json/tdw/save_css HTTP/1.1" 401 98 "-" "curl/7.68.0"
89.248.172.183 - - [19/Oct/2025:08:17:30 -0400] "POST /wp-json/tdw/save_css HTTP/1.1" 401 98 "-" "curl/7.68.0"
89.248.172.183 - - [19/Oct/2025:08:17:31 -0400] "POST /wp-json/tdw/save_css HTTP/1.1" 401 98 "-" "curl/7.68.0"
144.76.19.3 - - [19/Oct/2025:08:17:31 -0400] "GET /hot-topics/muscle-building/boost-muscle-building-training-program-tips/ HTTP/1.1" 200 117395 "-" "Mozilla/5.0 (compatible; BLEXBot/1.0; +https://help.seranking.com/en/blex-crawler)"
89.248.172.183 - - [19/Oct/2025:08:17:31 -0400] "POST /wp-json/tdw/save_css HTTP/1.1" 401 98 "-" "curl/7.68.0"
89.248.172.183 - - [19/Oct/2025:08:17:32 -0400] "POST /wp-json/tdw/save_css HTTP/1.1" 401 98 "-" "curl/7.68.0"
89.248.172.183 - - [19/Oct/2025:08:17:32 -0400] "POST /wp-json/tdw/save_css HTTP/1.1" 401 98 "-" "curl/7.68.0"
89.248.172.183 - - [19/Oct/2025:08:17:32 -0400] "POST /wp-json/tdw/save_css HTTP/1.1" 401 98 "-" "curl/7.68.0"
89.248.172.183 - - [19/Oct/2025:08:17:32 -0400] "POST /wp-json/tdw/save_css HTTP/1.1" 401 98 "-" "curl/7.68.0"
89.248.172.183 - - [19/Oct/2025:08:17:33 -0400] "POST /wp-json/tdw/save_css HTTP/1.1" 401 98 "-" "curl/7.68.0"
89.248.172.183 - - [19/Oct/2025:08:17:34 -0400] "POST /wp-json/tdw/save_css HTTP/1.1" 401 98 "-" "curl/7.68.0"
89.248.172.183 - - [19/Oct/2025:08:17:34 -0400] "POST /wp-json/tdw/save_css HTTP/1.1" 401 98 "-" "curl/7.68.0"
89.248.172.183 - - [19/Oct/2025:08:17:35 -0400] "POST /wp-json/tdw/save_css HTTP/1.1" 401 98 "-" "curl/7.68.0"
89.248.172.183 - - [19/Oct/2025:08:17:35 -0400] "POST /wp-json/tdw/save_css HTTP/1.1" 401 98 "-" "curl/7.68.0"
144.76.19.3 - - [19/Oct/2025:08:17:35 -0400] "GET /health-news/popular-topics/5-skin-friendly-reasons-apply-olive-oil-body/ HTTP/1.1" 200 104502 "-" "Mozilla/5.0 (compatible; BLEXBot/1.0; +https://help.seranking.com/en/blex-crawler)"
89.248.172.183 - - [19/Oct/2025:08:17:36 -0400] "POST /wp-json/tdw/save_css HTTP/1.1" 401 98 "-" "curl/7.68.0"
89.248.172.183 - - [19/Oct/2025:08:17:36 -0400] "POST /wp-json/tdw/save_css HTTP/1.1" 401 98 "-" "curl/7.68.0"
89.248.172.183 - - [19/Oct/2025:08:17:37 -0400] "POST /wp-json/tdw/save_css HTTP/1.1" 401 98 "-" "curl/7.68.0"
89.248.172.183 - - [19/Oct/2025:08:17:37 -0400] "POST /wp-json/tdw/save_css HTTP/1.1" 401 98 "-" "curl/7.68.0"
89.248.172.183 - - [19/Oct/2025:08:17:38 -0400] "POST /wp-json/tdw/save_css HTTP/1.1" 401 98 "-" "curl/7.68.0"
89.248.172.183 - - [19/Oct/2025:08:17:38 -0400] "POST /wp-json/tdw/save_css HTTP/1.1" 401 98 "-" "curl/7.68.0"
144.76.19.3 - - [19/Oct/2025:08:17:39 -0400] "GET /health-news/winter-magic-food-say-goodbye-to-health-issues-with-jaggery/ HTTP/1.1" 200 103864 "-" "Mozilla/5.0 (compatible; BLEXBot/1.0; +https://help.seranking.com/en/blex-crawler)"
89.248.172.183 - - [19/Oct/2025:08:17:39 -0400] "POST /wp-json/tdw/save_css HTTP/1.1" 401 98 "-" "curl/7.68.0"
89.248.172.183 - - [19/Oct/2025:08:17:39 -0400] "POST /wp-json/tdw/save_css HTTP/1.1" 401 98 "-" "curl/7.68.0"
89.248.172.183 - - [19/Oct/2025:08:17:40 -0400] "POST /wp-json/tdw/save_css HTTP/1.1" 401 98 "-" "curl/7.68.0"
89.248.172.183 - - [19/Oct/2025:08:17:40 -0400] "POST /wp-json/tdw/save_css HTTP/1.1" 401 98 "-" "curl/7.68.0"
89.248.172.183 - - [19/Oct/2025:08:17:41 -0400] "POST /wp-json/tdw/save_css HTTP/1.1" 401 98 "-" "curl/7.68.0"
89.248.172.183 - - [19/Oct/2025:08:17:41 -0400] "POST /wp-json/tdw/save_css HTTP/1.1" 401 98 "-" "curl/7.68.0"
89.248.172.183 - - [19/Oct/2025:08:17:42 -0400] "POST /wp-json/tdw/save_css HTTP/1.1" 401 98 "-" "curl/7.68.0"
89.248.172.183 - - [19/Oct/2025:08:17:42 -0400] "POST /wp-json/tdw/save_css HTTP/1.1" 401 98 "-" "curl/7.68.0"
144.76.19.3 - - [19/Oct/2025:08:17:43 -0400] "GET /drugs/drug-by-condition/bipolar-disorder-children-teens-common-drug-list/ HTTP/1.1" 200 129749 "-" "Mozilla/5.0 (compatible; BLEXBot/1.0; +https://help.seranking.com/en/blex-crawler)"
89.248.172.183 - - [19/Oct/2025:08:17:43 -0400] "POST /wp-json/tdw/save_css HTTP/1.1" 401 98 "-" "curl/7.68.0"
89.248.172.183 - - [19/Oct/2025:08:17:43 -0400] "POST /wp-json/tdw/save_css HTTP/1.1" 401 98 "-" "curl/7.68.0"
89.248.172.183 - - [19/Oct/2025:08:17:44 -0400] "POST /wp-json/tdw/save_css HTTP/1.1" 401 98 "-" "curl/7.68.0"
89.248.172.183 - - [19/Oct/2025:08:17:44 -0400] "POST /wp-json/tdw/save_css HTTP/1.1" 401 98 "-" "curl/7.68.0"
89.248.172.183 - - [19/Oct/2025:08:17:45 -0400] "POST /wp-json/tdw/save_css HTTP/1.1" 401 98 "-" "curl/7.68.0"
89.248.172.183 - - [19/Oct/2025:08:17:45 -0400] "POST /wp-json/tdw/save_css HTTP/1.1" 401 98 "-" "curl/7.68.0"
89.248.172.183 - - [19/Oct/2025:08:17:46 -0400] "POST /wp-json/tdw/save_css HTTP/1.1" 401 98 "-" "curl/7.68.0"
89.248.172.183 - - [19/Oct/2025:08:17:46 -0400] "POST /wp-json/tdw/save_css HTTP/1.1" 401 98 "-" "curl/7.68.0"
144.76.19.3 - - [19/Oct/2025:08:17:46 -0400] "GET /expert-zone/dr-marina-johnson/maintaining-testosterone-balance-menopause/ HTTP/1.1" 200 106746 "-" "Mozilla/5.0 (compatible; BLEXBot/1.0; +https://help.seranking.com/en/blex-crawler)"
89.248.172.183 - - [19/Oct/2025:08:17:47 -0400] "POST /wp-json/tdw/save_css HTTP/1.1" 401 98 "-" "curl/7.68.0"
89.248.172.183 - - [19/Oct/2025:08:17:48 -0400] "POST /wp-json/tdw/save_css HTTP/1.1" 401 98 "-" "curl/7.68.0"
89.248.172.183 - - [19/Oct/2025:08:17:49 -0400] "POST /wp-json/tdw/save_css HTTP/1.1" 401 98 "-" "curl/7.68.0"
144.76.19.3 - - [19/Oct/2025:08:17:50 -0400] "GET /health-news/popular-topics/scientists-recognize-a-new-type-of-depression/ HTTP/1.1" 200 106258 "-" "Mozilla/5.0 (compatible; BLEXBot/1.0; +https://help.seranking.com/en/blex-crawler)"
89.248.172.183 - - [19/Oct/2025:08:17:50 -0400] "POST /wp-json/tdw/save_css HTTP/1.1" 401 98 "-" "curl/7.68.0"
89.248.172.183 - - [19/Oct/2025:08:17:51 -0400] "POST /wp-json/tdw/save_css HTTP/1.1" 401 98 "-" "curl/7.68.0"
89.248.172.183 - - [19/Oct/2025:08:17:52 -0400] "POST /wp-json/tdw/save_css HTTP/1.1" 401 98 "-" "curl/7.68.0"
89.248.172.183 - - [19/Oct/2025:08:17:53 -0400] "POST /wp-json/tdw/save_css HTTP/1.1" 401 98 "-" "curl/7.68.0"
144.76.19.3 - - [19/Oct/2025:08:17:54 -0400] "GET /hot-topics/sexual-wellness/sexual-dysfunction-disorder-types-causes-cure/ HTTP/1.1" 200 113532 "-" "Mozilla/5.0 (compatible; BLEXBot/1.0; +https://help.seranking.com/en/blex-crawler)"
89.248.172.183 - - [19/Oct/2025:08:17:54 -0400] "POST /wp-json/tdw/save_css HTTP/1.1" 401 98 "-" "curl/7.68.0"
89.248.172.183 - - [19/Oct/2025:08:17:55 -0400] "POST /wp-json/tdw/save_css HTTP/1.1" 401 98 "-" "curl/7.68.0"
89.248.172.183 - - [19/Oct/2025:08:17:56 -0400] "POST /wp-json/tdw/save_css HTTP/1.1" 401 98 "-" "curl/7.68.0"
89.248.172.183 - - [19/Oct/2025:08:17:58 -0400] "POST /wp-json/tdw/save_css HTTP/1.1" 401 98 "-" "curl/7.68.0"
144.76.19.3 - - [19/Oct/2025:08:17:58 -0400] "GET /category/hot-topics/weight-management/diet-nutrition/?filter_by=review_high HTTP/1.1" 200 85298 "-" "Mozilla/5.0 (compatible; BLEXBot/1.0; +https://help.seranking.com/en/blex-crawler)"
89.248.172.183 - - [19/Oct/2025:08:17:59 -0400] "POST /wp-json/tdw/save_css HTTP/1.1" 401 98 "-" "curl/7.68.0"
89.248.172.183 - - [19/Oct/2025:08:18:00 -0400] "POST /wp-json/tdw/save_css HTTP/1.1" 401 98 "-" "curl/7.68.0"
89.248.172.183 - - [19/Oct/2025:08:18:01 -0400] "POST /wp-json/tdw/save_css HTTP/1.1" 401 98 "-" "curl/7.68.0"
89.248.172.183 - - [19/Oct/2025:08:18:02 -0400] "POST /wp-json/tdw/save_css HTTP/1.1" 401 98 "-" "curl/7.68.0"
89.248.172.183 - - [19/Oct/2025:08:18:03 -0400] "POST /wp-json/tdw/save_css HTTP/1.1" 401 98 "-" "curl/7.68.0"
89.248.172.183 - - [19/Oct/2025:08:18:04 -0400] "POST /wp-json/tdw/save_css HTTP/1.1" 401 98 "-" "curl/7.68.0"
89.248.172.183 - - [19/Oct/2025:08:18:05 -0400] "POST /wp-json/tdw/save_css HTTP/1.1" 401 98 "-" "curl/7.68.0"
144.76.19.3 - - [19/Oct/2025:08:18:06 -0400] "GET /hot-topics/weight-management/weightloss/diet-surgeries-supplements-choose/ HTTP/1.1" 200 107426 "-" "Mozilla/5.0 (compatible; BLEXBot/1.0; +https://help.seranking.com/en/blex-crawler)"
89.248.172.183 - - [19/Oct/2025:08:18:06 -0400] "POST /wp-json/tdw/save_css HTTP/1.1" 401 98 "-" "curl/7.68.0"
89.248.172.183 - - [19/Oct/2025:08:18:07 -0400] "POST /wp-json/tdw/save_css HTTP/1.1" 401 98 "-" "curl/7.68.0"
144.76.19.3 - - [19/Oct/2025:08:18:09 -0400] "GET /category/hot-topics/weight-management/diet-nutrition/?filter_by=random_posts HTTP/1.1" 200 90589 "-" "Mozilla/5.0 (compatible; BLEXBot/1.0; +https://help.seranking.com/en/blex-crawler)"
89.248.172.183 - - [19/Oct/2025:08:18:13 -0400] "POST /wp-json/tdw/save_css HTTP/1.1" 401 98 "-" "curl/7.68.0"
89.248.172.183 - - [19/Oct/2025:08:18:13 -0400] "POST /wp-json/tdw/save_css HTTP/1.1" 401 98 "-" "curl/7.68.0"
89.248.172.183 - - [19/Oct/2025:08:18:14 -0400] "POST /wp-json/tdw/save_css HTTP/1.1" 401 98 "-" "curl/7.68.0"
89.248.172.183 - - [19/Oct/2025:08:18:14 -0400] "POST /wp-json/tdw/save_css HTTP/1.1" 401 98 "-" "curl/7.68.0"
89.248.172.183 - - [19/Oct/2025:08:18:15 -0400] "POST /wp-json/tdw/save_css HTTP/1.1" 401 98 "-" "curl/7.68.0"
89.248.172.183 - - [19/Oct/2025:08:18:15 -0400] "POST /wp-json/tdw/save_css HTTP/1.1" 401 98 "-" "curl/7.68.0"
89.248.172.183 - - [19/Oct/2025:08:18:16 -0400] "POST /wp-json/tdw/save_css HTTP/1.1" 401 98 "-" "curl/7.68.0"
89.248.172.183 - - [19/Oct/2025:08:18:16 -0400] "POST /wp-json/tdw/save_css HTTP/1.1" 401 98 "-" "curl/7.68.0"
89.248.172.183 - - [19/Oct/2025:08:18:16 -0400] "POST /wp-json/tdw/save_css HTTP/1.1" 401 98 "-" "curl/7.68.0"
89.248.172.183 - - [19/Oct/2025:08:18:17 -0400] "POST /wp-json/tdw/save_css HTTP/1.1" 401 98 "-" "curl/7.68.0"
89.248.172.183 - - [19/Oct/2025:08:18:17 -0400] "POST /wp-json/tdw/save_css HTTP/1.1" 401 98 "-" "curl/7.68.0"
89.248.172.183 - - [19/Oct/2025:08:18:17 -0400] "POST /wp-json/tdw/save_css HTTP/1.1" 401 98 "-" "curl/7.68.0"
144.76.19.3 - - [19/Oct/2025:08:18:18 -0400] "GET /health-news/latest-health-news/labeling-snacks-meal-can-prevent-overeating/ HTTP/1.1" 200 93719 "-" "Mozilla/5.0 (compatible; BLEXBot/1.0; +https://help.seranking.com/en/blex-crawler)"
89.248.172.183 - - [19/Oct/2025:08:18:18 -0400] "POST /wp-json/tdw/save_css HTTP/1.1" 401 98 "-" "curl/7.68.0"
89.248.172.183 - - [19/Oct/2025:08:18:18 -0400] "POST /wp-json/tdw/save_css HTTP/1.1" 401 98 "-" "curl/7.68.0"
89.248.172.183 - - [19/Oct/2025:08:18:19 -0400] "POST /wp-json/tdw/save_css HTTP/1.1" 401 98 "-" "curl/7.68.0"
89.248.172.183 - - [19/Oct/2025:08:18:19 -0400] "POST /wp-json/tdw/save_css HTTP/1.1" 401 98 "-" "curl/7.68.0"
89.248.172.183 - - [19/Oct/2025:08:18:20 -0400] "POST /wp-json/tdw/save_css HTTP/1.1" 401 98 "-" "curl/7.68.0"
89.248.172.183 - - [19/Oct/2025:08:18:20 -0400] "POST /wp-json/tdw/save_css HTTP/1.1" 401 98 "-" "curl/7.68.0"
89.248.172.183 - - [19/Oct/2025:08:18:21 -0400] "POST /wp-json/tdw/save_css HTTP/1.1" 401 98 "-" "curl/7.68.0"
89.248.172.183 - - [19/Oct/2025:08:18:21 -0400] "POST /wp-json/tdw/save_css HTTP/1.1" 401 98 "-" "curl/7.68.0"
144.76.19.3 - - [19/Oct/2025:08:18:21 -0400] "GET /health-news/popular-topics/how-to-prevent-frequent-vaginal-yeast-infection/ HTTP/1.1" 200 106957 "-" "Mozilla/5.0 (compatible; BLEXBot/1.0; +https://help.seranking.com/en/blex-crawler)"
89.248.172.183 - - [19/Oct/2025:08:18:21 -0400] "POST /wp-json/tdw/save_css HTTP/1.1" 401 98 "-" "curl/7.68.0"
89.248.172.183 - - [19/Oct/2025:08:18:22 -0400] "POST /wp-json/tdw/save_css HTTP/1.1" 401 98 "-" "curl/7.68.0"
89.248.172.183 - - [19/Oct/2025:08:18:22 -0400] "POST /wp-json/tdw/save_css HTTP/1.1" 401 98 "-" "curl/7.68.0"
89.248.172.183 - - [19/Oct/2025:08:18:22 -0400] "POST /wp-json/tdw/save_css HTTP/1.1" 401 98 "-" "curl/7.68.0"
89.248.172.183 - - [19/Oct/2025:08:18:23 -0400] "POST /wp-json/tdw/save_css HTTP/1.1" 401 98 "-" "curl/7.68.0"
89.248.172.183 - - [19/Oct/2025:08:18:23 -0400] "POST /wp-json/tdw/save_css HTTP/1.1" 401 98 "-" "curl/7.68.0"
89.248.172.183 - - [19/Oct/2025:08:18:23 -0400] "POST /wp-json/tdw/save_css HTTP/1.1" 401 98 "-" "curl/7.68.0"
89.248.172.183 - - [19/Oct/2025:08:18:23 -0400] "POST /wp-json/tdw/save_css HTTP/1.1" 401 98 "-" "curl/7.68.0"
89.248.172.183 - - [19/Oct/2025:08:18:23 -0400] "POST /wp-json/tdw/save_css HTTP/1.1" 401 98 "-" "curl/7.68.0"
89.248.172.183 - - [19/Oct/2025:08:18:23 -0400] "POST /wp-json/tdw/save_css HTTP/1.1" 401 98 "-" "curl/7.68.0"
89.248.172.183 - - [19/Oct/2025:08:18:24 -0400] "POST /wp-json/tdw/save_css HTTP/1.1" 401 98 "-" "curl/7.68.0"
89.248.172.183 - - [19/Oct/2025:08:18:24 -0400] "POST /wp-json/tdw/save_css HTTP/1.1" 401 98 "-" "curl/7.68.0"
89.248.172.183 - - [19/Oct/2025:08:18:24 -0400] "POST /wp-json/tdw/save_css HTTP/1.1" 401 98 "-" "curl/7.68.0"
89.248.172.183 - - [19/Oct/2025:08:18:24 -0400] "POST /wp-json/tdw/save_css HTTP/1.1" 401 98 "-" "curl/7.68.0"
89.248.172.183 - - [19/Oct/2025:08:18:25 -0400] "POST /wp-json/tdw/save_css HTTP/1.1" 401 98 "-" "curl/7.68.0"
89.248.172.183 - - [19/Oct/2025:08:18:25 -0400] "POST /wp-json/tdw/save_css HTTP/1.1" 401 98 "-" "curl/7.68.0"
144.76.19.3 - - [19/Oct/2025:08:18:25 -0400] "GET /health-news/popular-topics/symptoms-of-narcissistic-personality-disorder/2/ HTTP/1.1" 200 94256 "-" "Mozilla/5.0 (compatible; BLEXBot/1.0; +https://help.seranking.com/en/blex-crawler)"
89.248.172.183 - - [19/Oct/2025:08:18:26 -0400] "POST /wp-json/tdw/save_css HTTP/1.1" 401 98 "-" "curl/7.68.0"
89.248.172.183 - - [19/Oct/2025:08:18:27 -0400] "POST /wp-json/tdw/save_css HTTP/1.1" 401 98 "-" "curl/7.68.0"
89.248.172.183 - - [19/Oct/2025:08:18:28 -0400] "POST /wp-json/tdw/save_css HTTP/1.1" 401 98 "-" "curl/7.68.0"
144.76.19.3 - - [19/Oct/2025:08:18:29 -0400] "GET /health-news/popular-topics/symptoms-of-narcissistic-personality-disorder/3/ HTTP/1.1" 200 94028 "-" "Mozilla/5.0 (compatible; BLEXBot/1.0; +https://help.seranking.com/en/blex-crawler)"
89.248.172.183 - - [19/Oct/2025:08:18:29 -0400] "POST /wp-json/tdw/save_css HTTP/1.1" 401 98 "-" "curl/7.68.0"
89.248.172.183 - - [19/Oct/2025:08:18:30 -0400] "POST /wp-json/tdw/save_css HTTP/1.1" 401 98 "-" "curl/7.68.0"
89.248.172.183 - - [19/Oct/2025:08:18:30 -0400] "POST /wp-json/tdw/save_css HTTP/1.1" 401 98 "-" "curl/7.68.0"
89.248.172.183 - - [19/Oct/2025:08:18:30 -0400] "POST /wp-json/tdw/save_css HTTP/1.1" 401 98 "-" "curl/7.68.0"
89.248.172.183 - - [19/Oct/2025:08:18:31 -0400] "POST /wp-json/tdw/save_css HTTP/1.1" 401 98 "-" "curl/7.68.0"
89.248.172.183 - - [19/Oct/2025:08:18:31 -0400] "POST /wp-json/tdw/save_css HTTP/1.1" 401 98 "-" "curl/7.68.0"
89.248.172.183 - - [19/Oct/2025:08:18:31 -0400] "POST /wp-json/tdw/save_css HTTP/1.1" 401 98 "-" "curl/7.68.0"
89.248.172.183 - - [19/Oct/2025:08:18:32 -0400] "POST /wp-json/tdw/save_css HTTP/1.1" 401 98 "-" "curl/7.68.0"
89.248.172.183 - - [19/Oct/2025:08:18:32 -0400] "POST /wp-json/tdw/save_css HTTP/1.1" 401 98 "-" "curl/7.68.0"
89.248.172.183 - - [19/Oct/2025:08:18:32 -0400] "POST /wp-json/tdw/save_css HTTP/1.1" 401 98 "-" "curl/7.68.0"
89.248.172.183 - - [19/Oct/2025:08:18:32 -0400] "POST /wp-json/tdw/save_css HTTP/1.1" 401 98 "-" "curl/7.68.0"
144.76.19.3 - - [19/Oct/2025:08:18:33 -0400] "GET /health-news/popular-topics/symptoms-of-narcissistic-personality-disorder/4/ HTTP/1.1" 200 94091 "-" "Mozilla/5.0 (compatible; BLEXBot/1.0; +https://help.seranking.com/en/blex-crawler)"
89.248.172.183 - - [19/Oct/2025:08:18:33 -0400] "POST /wp-json/tdw/save_css HTTP/1.1" 401 98 "-" "curl/7.68.0"
89.248.172.183 - - [19/Oct/2025:08:18:33 -0400] "POST /wp-json/tdw/save_css HTTP/1.1" 401 98 "-" "curl/7.68.0"
89.248.172.183 - - [19/Oct/2025:08:18:34 -0400] "POST /wp-json/tdw/save_css HTTP/1.1" 401 98 "-" "curl/7.68.0"
89.248.172.183 - - [19/Oct/2025:08:18:34 -0400] "POST /wp-json/tdw/save_css HTTP/1.1" 401 98 "-" "curl/7.68.0"
66.116.199.115 - - [19/Oct/2025:08:18:35 -0400] "POST /wp-cron.php?doing_wp_cron=1760876315.0465950965881347656250 HTTP/1.1" 404 77061 "-" "WordPress/6.8.3; http://zovon.com"
89.248.172.183 - - [19/Oct/2025:08:18:34 -0400] "POST /wp-json/tdw/save_css HTTP/1.1" 401 98 "-" "curl/7.68.0"
66.116.199.115 - - [19/Oct/2025:08:18:35 -0400] "POST /wp-cron.php?doing_wp_cron=1760876315.1317501068115234375000 HTTP/1.1" 404 77061 "-" "WordPress/6.8.3; http://zovon.com"
89.248.172.183 - - [19/Oct/2025:08:18:34 -0400] "POST /wp-json/tdw/save_css HTTP/1.1" 401 98 "-" "curl/7.68.0"
89.248.172.183 - - [19/Oct/2025:08:18:35 -0400] "POST /wp-json/tdw/save_css HTTP/1.1" 401 98 "-" "curl/7.68.0"
89.248.172.183 - - [19/Oct/2025:08:18:35 -0400] "POST /wp-json/tdw/save_css HTTP/1.1" 401 98 "-" "curl/7.68.0"
89.248.172.183 - - [19/Oct/2025:08:18:35 -0400] "POST /wp-json/tdw/save_css HTTP/1.1" 401 98 "-" "curl/7.68.0"
89.248.172.183 - - [19/Oct/2025:08:18:36 -0400] "POST /wp-json/tdw/save_css HTTP/1.1" 401 98 "-" "curl/7.68.0"
89.248.172.183 - - [19/Oct/2025:08:18:36 -0400] "POST /wp-json/tdw/save_css HTTP/1.1" 401 98 "-" "curl/7.68.0"
144.76.19.3 - - [19/Oct/2025:08:18:36 -0400] "GET /health-news/popular-topics/symptoms-of-narcissistic-personality-disorder/5/ HTTP/1.1" 200 94183 "-" "Mozilla/5.0 (compatible; BLEXBot/1.0; +https://help.seranking.com/en/blex-crawler)"
89.248.172.183 - - [19/Oct/2025:08:18:37 -0400] "POST /wp-json/tdw/save_css HTTP/1.1" 401 98 "-" "curl/7.68.0"
89.248.172.183 - - [19/Oct/2025:08:18:36 -0400] "POST /wp-json/tdw/save_css HTTP/1.1" 401 98 "-" "curl/7.68.0"
89.248.172.183 - - [19/Oct/2025:08:18:37 -0400] "POST /wp-json/tdw/save_css HTTP/1.1" 401 98 "-" "curl/7.68.0"
89.248.172.183 - - [19/Oct/2025:08:18:37 -0400] "POST /wp-json/tdw/save_css HTTP/1.1" 401 98 "-" "curl/7.68.0"
89.248.172.183 - - [19/Oct/2025:08:18:38 -0400] "POST /wp-json/tdw/save_css HTTP/1.1" 401 98 "-" "curl/7.68.0"
89.248.172.183 - - [19/Oct/2025:08:18:38 -0400] "POST /wp-json/tdw/save_css HTTP/1.1" 401 98 "-" "curl/7.68.0"
89.248.172.183 - - [19/Oct/2025:08:18:38 -0400] "POST /wp-json/tdw/save_css HTTP/1.1" 401 98 "-" "curl/7.68.0"
89.248.172.183 - - [19/Oct/2025:08:18:38 -0400] "POST /wp-json/tdw/save_css HTTP/1.1" 401 98 "-" "curl/7.68.0"
89.248.172.183 - - [19/Oct/2025:08:18:38 -0400] "POST /wp-json/tdw/save_css HTTP/1.1" 401 98 "-" "curl/7.68.0"
89.248.172.183 - - [19/Oct/2025:08:18:39 -0400] "POST /wp-json/tdw/save_css HTTP/1.1" 401 98 "-" "curl/7.68.0"
89.248.172.183 - - [19/Oct/2025:08:18:39 -0400] "POST /wp-json/tdw/save_css HTTP/1.1" 401 98 "-" "curl/7.68.0"
89.248.172.183 - - [19/Oct/2025:08:18:40 -0400] "POST /wp-json/tdw/save_css HTTP/1.1" 401 98 "-" "curl/7.68.0"
89.248.172.183 - - [19/Oct/2025:08:18:40 -0400] "POST /wp-json/tdw/save_css HTTP/1.1" 401 98 "-" "curl/7.68.0"
89.248.172.183 - - [19/Oct/2025:08:18:40 -0400] "POST /wp-json/tdw/save_css HTTP/1.1" 401 98 "-" "curl/7.68.0"
144.76.19.3 - - [19/Oct/2025:08:18:40 -0400] "GET /health-news/popular-topics/symptoms-of-narcissistic-personality-disorder/6/ HTTP/1.1" 200 94043 "-" "Mozilla/5.0 (compatible; BLEXBot/1.0; +https://help.seranking.com/en/blex-crawler)"
89.248.172.183 - - [19/Oct/2025:08:18:40 -0400] "POST /wp-json/tdw/save_css HTTP/1.1" 401 98 "-" "curl/7.68.0"
89.248.172.183 - - [19/Oct/2025:08:18:41 -0400] "POST /wp-json/tdw/save_css HTTP/1.1" 401 98 "-" "curl/7.68.0"
89.248.172.183 - - [19/Oct/2025:08:18:41 -0400] "POST /wp-json/tdw/save_css HTTP/1.1" 401 98 "-" "curl/7.68.0"
89.248.172.183 - - [19/Oct/2025:08:18:41 -0400] "POST /wp-json/tdw/save_css HTTP/1.1" 401 98 "-" "curl/7.68.0"
89.248.172.183 - - [19/Oct/2025:08:18:42 -0400] "POST /wp-json/tdw/save_css HTTP/1.1" 401 98 "-" "curl/7.68.0"
89.248.172.183 - - [19/Oct/2025:08:18:42 -0400] "POST /wp-json/tdw/save_css HTTP/1.1" 401 98 "-" "curl/7.68.0"
89.248.172.183 - - [19/Oct/2025:08:18:42 -0400] "POST /wp-json/tdw/save_css HTTP/1.1" 401 98 "-" "curl/7.68.0"
89.248.172.183 - - [19/Oct/2025:08:18:42 -0400] "POST /wp-json/tdw/save_css HTTP/1.1" 401 98 "-" "curl/7.68.0"
89.248.172.183 - - [19/Oct/2025:08:18:43 -0400] "POST /wp-json/tdw/save_css HTTP/1.1" 401 98 "-" "curl/7.68.0"
89.248.172.183 - - [19/Oct/2025:08:18:43 -0400] "POST /wp-json/tdw/save_css HTTP/1.1" 401 98 "-" "curl/7.68.0"
89.248.172.183 - - [19/Oct/2025:08:18:43 -0400] "POST /wp-json/tdw/save_css HTTP/1.1" 401 98 "-" "curl/7.68.0"
144.76.19.3 - - [19/Oct/2025:08:18:44 -0400] "GET /health-news/popular-topics/symptoms-of-narcissistic-personality-disorder/7/ HTTP/1.1" 200 93978 "-" "Mozilla/5.0 (compatible; BLEXBot/1.0; +https://help.seranking.com/en/blex-crawler)"
