20.171.207.109 - - [20/Oct/2025:02:58:00 -0400] "GET /?p=6151 HTTP/1.1" 301 - "-" "Mozilla/5.0 AppleWebKit/537.36 (KHTML, like Gecko; compatible; GPTBot/1.2; +https://openai.com/gptbot)"
20.171.207.109 - - [20/Oct/2025:02:58:01 -0400] "GET /money-matters-money-tips-married-couples/jblb5wjom940piwrcb2b-jpg/ HTTP/1.1" 200 68183 "-" "Mozilla/5.0 AppleWebKit/537.36 (KHTML, like Gecko; compatible; GPTBot/1.2; +https://openai.com/gptbot)"
20.171.207.109 - - [20/Oct/2025:02:58:02 -0400] "GET /wp-content/uploads/2014/06/financial-compatibility-1024x656.jpg HTTP/1.1" 200 102275 "-" "Mozilla/5.0 AppleWebKit/537.36 (KHTML, like Gecko; compatible; GPTBot/1.2; +https://openai.com/gptbot)"
205.196.217.53 - - [20/Oct/2025:02:58:03 -0400] "GET /wp-login.php HTTP/1.1" 200 5973 "-" "Mozilla/5.0 (Windows NT 6.3; WOW64; Trident/7.0; MAPBJS; rv:11.0) like Gecko"
20.171.207.109 - - [20/Oct/2025:02:58:03 -0400] "GET /money-matters-money-tips-married-couples/bigstock-origami-heart-56136233-jpg1391101851/ HTTP/1.1" 200 68317 "-" "Mozilla/5.0 AppleWebKit/537.36 (KHTML, like Gecko; compatible; GPTBot/1.2; +https://openai.com/gptbot)"
116.68.97.187 - - [20/Oct/2025:02:58:04 -0400] "POST /xmlrpc.php HTTP/1.1" 200 403 "-" "Mozilla/5.0 (Windows NT 6.2; x86) AppleWebKit/537.36 (KHTML, like Gecko) Edge/91.0.0.0 Safari/537.36"
20.171.207.109 - - [20/Oct/2025:02:58:05 -0400] "GET /wp-content/uploads/2014/06/jblb5wjom940piwrcb2b.jpg HTTP/1.1" 200 360472 "-" "Mozilla/5.0 AppleWebKit/537.36 (KHTML, like Gecko; compatible; GPTBot/1.2; +https://openai.com/gptbot)"
20.171.207.109 - - [20/Oct/2025:02:58:06 -0400] "GET /wp-content/uploads/2014/06/bigstock-Origami-Heart-56136233.jpg?1391101851-150x150.jpg?1391101851 HTTP/1.1" 404 60916 "-" "Mozilla/5.0 AppleWebKit/537.36 (KHTML, like Gecko; compatible; GPTBot/1.2; +https://openai.com/gptbot)"
20.171.207.109 - - [20/Oct/2025:02:58:07 -0400] "GET /wp-json/oembed/1.0/embed?url=https%3A%2F%2Fherintalk.com%2Fmoney-matters-money-tips-married-couples%2Fjblb5wjom940piwrcb2b-jpg%2F HTTP/1.1" 200 2446 "-" "Mozilla/5.0 AppleWebKit/537.36 (KHTML, like Gecko; compatible; GPTBot/1.2; +https://openai.com/gptbot)"
20.171.207.109 - - [20/Oct/2025:02:58:08 -0400] "GET /wp-content/uploads/2014/07/53-1024x682.jpg HTTP/1.1" 200 147001 "-" "Mozilla/5.0 AppleWebKit/537.36 (KHTML, like Gecko; compatible; GPTBot/1.2; +https://openai.com/gptbot)"
20.171.207.109 - - [20/Oct/2025:02:58:09 -0400] "GET /wp-json/wp/v2/media/6151 HTTP/1.1" 200 3991 "-" "Mozilla/5.0 AppleWebKit/537.36 (KHTML, like Gecko; compatible; GPTBot/1.2; +https://openai.com/gptbot)"
20.171.207.109 - - [20/Oct/2025:02:58:10 -0400] "GET /wp-json/oembed/1.0/embed?format=xml&url=https%3A%2F%2Fherintalk.com%2Fmoney-matters-money-tips-married-couples%2Fjblb5wjom940piwrcb2b-jpg%2F HTTP/1.1" 200 2639 "-" "Mozilla/5.0 AppleWebKit/537.36 (KHTML, like Gecko; compatible; GPTBot/1.2; +https://openai.com/gptbot)"
20.171.207.109 - - [20/Oct/2025:02:58:12 -0400] "GET /wp-json/oembed/1.0/embed?format=xml&url=https%3A%2F%2Fherintalk.com%2Fmoney-matters-money-tips-married-couples%2Fmoney-2%2F HTTP/1.1" 200 2541 "-" "Mozilla/5.0 AppleWebKit/537.36 (KHTML, like Gecko; compatible; GPTBot/1.2; +https://openai.com/gptbot)"
20.171.207.109 - - [20/Oct/2025:02:58:13 -0400] "GET /wp-json/oembed/1.0/embed?format=xml&url=https%3A%2F%2Fherintalk.com%2Fmoney-matters-money-tips-married-couples%2Fcouples-fighting%2F HTTP/1.1" 200 2595 "-" "Mozilla/5.0 AppleWebKit/537.36 (KHTML, like Gecko; compatible; GPTBot/1.2; +https://openai.com/gptbot)"
20.171.207.109 - - [20/Oct/2025:02:58:14 -0400] "GET /wp-json/oembed/1.0/embed?format=xml&url=https%3A%2F%2Fherintalk.com%2Fmoney-matters-money-tips-married-couples%2Fmoney-matters%2F HTTP/1.1" 200 2568 "-" "Mozilla/5.0 AppleWebKit/537.36 (KHTML, like Gecko; compatible; GPTBot/1.2; +https://openai.com/gptbot)"
20.171.207.109 - - [20/Oct/2025:02:58:15 -0400] "GET /?p=6152 HTTP/1.1" 301 - "-" "Mozilla/5.0 AppleWebKit/537.36 (KHTML, like Gecko; compatible; GPTBot/1.2; +https://openai.com/gptbot)"
20.171.207.109 - - [20/Oct/2025:02:58:16 -0400] "GET /money-matters-money-tips-married-couples/bigstock-origami-heart-56136233-jpg1391101851/ HTTP/1.1" 200 68317 "-" "Mozilla/5.0 AppleWebKit/537.36 (KHTML, like Gecko; compatible; GPTBot/1.2; +https://openai.com/gptbot)"
20.171.207.109 - - [20/Oct/2025:02:58:17 -0400] "GET /wp-content/uploads/2014/06/142233973.jpg HTTP/1.1" 200 44571 "-" "Mozilla/5.0 AppleWebKit/537.36 (KHTML, like Gecko; compatible; GPTBot/1.2; +https://openai.com/gptbot)"
20.171.207.109 - - [20/Oct/2025:02:58:18 -0400] "GET /wp-content/uploads/2014/06/bigstock-Origami-Heart-56136233.jpg?1391101851 HTTP/1.1" 404 60916 "-" "Mozilla/5.0 AppleWebKit/537.36 (KHTML, like Gecko; compatible; GPTBot/1.2; +https://openai.com/gptbot)"
20.171.207.109 - - [20/Oct/2025:02:58:19 -0400] "GET /wp-json/oembed/1.0/embed?format=xml&url=https%3A%2F%2Fherintalk.com%2Fmoney-matters-money-tips-married-couples%2Fmoney%2F HTTP/1.1" 200 2520 "-" "Mozilla/5.0 AppleWebKit/537.36 (KHTML, like Gecko; compatible; GPTBot/1.2; +https://openai.com/gptbot)"
20.171.207.109 - - [20/Oct/2025:02:58:20 -0400] "GET /wp-json/wp/v2/media/6152 HTTP/1.1" 200 4730 "-" "Mozilla/5.0 AppleWebKit/537.36 (KHTML, like Gecko; compatible; GPTBot/1.2; +https://openai.com/gptbot)"
20.171.207.109 - - [20/Oct/2025:02:58:22 -0400] "GET /money-matters-money-tips-married-couples/142233973-jpg/ HTTP/1.1" 200 68076 "-" "Mozilla/5.0 AppleWebKit/537.36 (KHTML, like Gecko; compatible; GPTBot/1.2; +https://openai.com/gptbot)"
20.171.207.109 - - [20/Oct/2025:02:58:23 -0400] "GET /wp-json/oembed/1.0/embed?url=https%3A%2F%2Fherintalk.com%2Fmoney-matters-money-tips-married-couples%2Fbigstock-origami-heart-56136233-jpg1391101851%2F HTTP/1.1" 200 2591 "-" "Mozilla/5.0 AppleWebKit/537.36 (KHTML, like Gecko; compatible; GPTBot/1.2; +https://openai.com/gptbot)"
20.171.207.109 - - [20/Oct/2025:02:58:24 -0400] "GET /wp-content/uploads/2014/06/jblb5wjom940piwrcb2b-1024x576.jpg HTTP/1.1" 200 137683 "-" "Mozilla/5.0 AppleWebKit/537.36 (KHTML, like Gecko; compatible; GPTBot/1.2; +https://openai.com/gptbot)"
20.171.207.109 - - [20/Oct/2025:02:58:25 -0400] "GET /wp-content/uploads/2014/06/couples-fighting-1024x682.jpg HTTP/1.1" 200 152259 "-" "Mozilla/5.0 AppleWebKit/537.36 (KHTML, like Gecko; compatible; GPTBot/1.2; +https://openai.com/gptbot)"
20.171.207.109 - - [20/Oct/2025:02:58:26 -0400] "GET /wp-json/oembed/1.0/embed?format=xml&url=https%3A%2F%2Fherintalk.com%2Fmoney-matters-money-tips-married-couples%2Fbigstock-origami-heart-56136233-jpg1391101851%2F HTTP/1.1" 200 2784 "-" "Mozilla/5.0 AppleWebKit/537.36 (KHTML, like Gecko; compatible; GPTBot/1.2; +https://openai.com/gptbot)"
20.171.207.109 - - [20/Oct/2025:02:58:28 -0400] "GET /wp-content/uploads/2014/06/money-2-1024x576.jpg HTTP/1.1" 200 137683 "-" "Mozilla/5.0 AppleWebKit/537.36 (KHTML, like Gecko; compatible; GPTBot/1.2; +https://openai.com/gptbot)"
20.171.207.109 - - [20/Oct/2025:02:58:29 -0400] "GET /?p=6153 HTTP/1.1" 301 - "-" "Mozilla/5.0 AppleWebKit/537.36 (KHTML, like Gecko; compatible; GPTBot/1.2; +https://openai.com/gptbot)"
20.171.207.109 - - [20/Oct/2025:02:58:30 -0400] "GET /money-matters-money-tips-married-couples/142233973-jpg/ HTTP/1.1" 200 68076 "-" "Mozilla/5.0 AppleWebKit/537.36 (KHTML, like Gecko; compatible; GPTBot/1.2; +https://openai.com/gptbot)"
20.171.207.109 - - [20/Oct/2025:02:58:31 -0400] "GET /wp-content/uploads/2014/06/9515551-150x150.jpg HTTP/1.1" 200 8717 "-" "Mozilla/5.0 AppleWebKit/537.36 (KHTML, like Gecko; compatible; GPTBot/1.2; +https://openai.com/gptbot)"
20.171.207.109 - - [20/Oct/2025:02:58:32 -0400] "GET /wp-json/oembed/1.0/embed?url=https%3A%2F%2Fherintalk.com%2Fmoney-matters-money-tips-married-couples%2F142233973-jpg%2F HTTP/1.1" 200 2367 "-" "Mozilla/5.0 AppleWebKit/537.36 (KHTML, like Gecko; compatible; GPTBot/1.2; +https://openai.com/gptbot)"
20.171.207.109 - - [20/Oct/2025:02:58:33 -0400] "GET /money-matters-money-tips-married-couples/9515551-jpg/ HTTP/1.1" 200 67973 "-" "Mozilla/5.0 AppleWebKit/537.36 (KHTML, like Gecko; compatible; GPTBot/1.2; +https://openai.com/gptbot)"
20.171.207.109 - - [20/Oct/2025:02:58:35 -0400] "GET /wp-json/oembed/1.0/embed?format=xml&url=https%3A%2F%2Fherintalk.com%2Fmoney-matters-money-tips-married-couples%2F142233973-jpg%2F HTTP/1.1" 200 2560 "-" "Mozilla/5.0 AppleWebKit/537.36 (KHTML, like Gecko; compatible; GPTBot/1.2; +https://openai.com/gptbot)"
20.171.207.109 - - [20/Oct/2025:02:58:36 -0400] "GET /wp-json/wp/v2/media/6153 HTTP/1.1" 200 1617 "-" "Mozilla/5.0 AppleWebKit/537.36 (KHTML, like Gecko; compatible; GPTBot/1.2; +https://openai.com/gptbot)"
20.171.207.109 - - [20/Oct/2025:02:58:37 -0400] "GET /wp-content/uploads/2014/06/bigstock-Origami-Heart-56136233.jpg?1391101851-1024x678.jpg?1391101851 HTTP/1.1" 404 60916 "-" "Mozilla/5.0 AppleWebKit/537.36 (KHTML, like Gecko; compatible; GPTBot/1.2; +https://openai.com/gptbot)"
20.171.207.109 - - [20/Oct/2025:02:58:38 -0400] "GET /money-matters-money-tips-married-couples/jblb5wjom940piwrcb2b1-jpg/ HTTP/1.1" 200 68199 "-" "Mozilla/5.0 AppleWebKit/537.36 (KHTML, like Gecko; compatible; GPTBot/1.2; +https://openai.com/gptbot)"
172.81.132.160 - - [20/Oct/2025:02:58:39 -0400] "GET /wp-content/plugins/shell/about.php HTTP/1.1" 404 42973 "www.google.com" "Mozlila/5.0 (Linux; Android 7.0; SM-G892A Bulid/NRD90M; wv) AppleWebKit/537.36 (KHTML, like Gecko) Version/4.0 Chrome/60.0.3112.107 Moblie Safari/537.36"
20.171.207.109 - - [20/Oct/2025:02:58:40 -0400] "GET /wp-content/uploads/2014/06/jblb5wjom940piwrcb2b1-150x150.jpg HTTP/1.1" 200 9613 "-" "Mozilla/5.0 AppleWebKit/537.36 (KHTML, like Gecko; compatible; GPTBot/1.2; +https://openai.com/gptbot)"
20.171.207.109 - - [20/Oct/2025:02:58:40 -0400] "GET /?p=6154 HTTP/1.1" 301 - "-" "Mozilla/5.0 AppleWebKit/537.36 (KHTML, like Gecko; compatible; GPTBot/1.2; +https://openai.com/gptbot)"
20.171.207.109 - - [20/Oct/2025:02:58:41 -0400] "GET /money-matters-money-tips-married-couples/9515551-jpg/ HTTP/1.1" 200 67973 "-" "Mozilla/5.0 AppleWebKit/537.36 (KHTML, like Gecko; compatible; GPTBot/1.2; +https://openai.com/gptbot)"
20.171.207.109 - - [20/Oct/2025:02:58:43 -0400] "GET /wp-content/uploads/2014/06/9515551.jpg HTTP/1.1" 200 24133 "-" "Mozilla/5.0 AppleWebKit/537.36 (KHTML, like Gecko; compatible; GPTBot/1.2; +https://openai.com/gptbot)"
20.171.207.109 - - [20/Oct/2025:02:58:44 -0400] "GET /wp-json/oembed/1.0/embed?format=xml&url=https%3A%2F%2Fherintalk.com%2Fmoney-matters-money-tips-married-couples%2F9515551-jpg%2F HTTP/1.1" 200 2552 "-" "Mozilla/5.0 AppleWebKit/537.36 (KHTML, like Gecko; compatible; GPTBot/1.2; +https://openai.com/gptbot)"
20.171.207.109 - - [20/Oct/2025:02:58:45 -0400] "GET /wp-json/oembed/1.0/embed?url=https%3A%2F%2Fherintalk.com%2Fmoney-matters-money-tips-married-couples%2F9515551-jpg%2F HTTP/1.1" 200 2359 "-" "Mozilla/5.0 AppleWebKit/537.36 (KHTML, like Gecko; compatible; GPTBot/1.2; +https://openai.com/gptbot)"
20.171.207.109 - - [20/Oct/2025:02:58:46 -0400] "GET /wp-json/wp/v2/media/6154 HTTP/1.1" 200 3247 "-" "Mozilla/5.0 AppleWebKit/537.36 (KHTML, like Gecko; compatible; GPTBot/1.2; +https://openai.com/gptbot)"
20.171.207.109 - - [20/Oct/2025:02:58:47 -0400] "GET /?p=6155 HTTP/1.1" 301 - "-" "Mozilla/5.0 AppleWebKit/537.36 (KHTML, like Gecko; compatible; GPTBot/1.2; +https://openai.com/gptbot)"
20.171.207.109 - - [20/Oct/2025:02:58:48 -0400] "GET /money-matters-money-tips-married-couples/jblb5wjom940piwrcb2b1-jpg/ HTTP/1.1" 200 68199 "-" "Mozilla/5.0 AppleWebKit/537.36 (KHTML, like Gecko; compatible; GPTBot/1.2; +https://openai.com/gptbot)"
20.171.207.109 - - [20/Oct/2025:02:58:49 -0400] "GET /money-matters-money-tips-married-couples/bigstock-origami-heart-561362331-jpg1391101851/ HTTP/1.1" 200 68345 "-" "Mozilla/5.0 AppleWebKit/537.36 (KHTML, like Gecko; compatible; GPTBot/1.2; +https://openai.com/gptbot)"
20.171.207.109 - - [20/Oct/2025:02:58:51 -0400] "GET /wp-content/uploads/2014/06/jblb5wjom940piwrcb2b1.jpg HTTP/1.1" 200 360472 "-" "Mozilla/5.0 AppleWebKit/537.36 (KHTML, like Gecko; compatible; GPTBot/1.2; +https://openai.com/gptbot)"
20.171.207.109 - - [20/Oct/2025:02:58:52 -0400] "GET /wp-json/oembed/1.0/embed?url=https%3A%2F%2Fherintalk.com%2Fmoney-matters-money-tips-married-couples%2Fjblb5wjom940piwrcb2b1-jpg%2F HTTP/1.1" 200 2452 "-" "Mozilla/5.0 AppleWebKit/537.36 (KHTML, like Gecko; compatible; GPTBot/1.2; +https://openai.com/gptbot)"
20.171.207.109 - - [20/Oct/2025:02:58:53 -0400] "GET /wp-json/oembed/1.0/embed?format=xml&url=https%3A%2F%2Fherintalk.com%2Fmoney-matters-money-tips-married-couples%2Fjblb5wjom940piwrcb2b1-jpg%2F HTTP/1.1" 200 2645 "-" "Mozilla/5.0 AppleWebKit/537.36 (KHTML, like Gecko; compatible; GPTBot/1.2; +https://openai.com/gptbot)"
172.81.132.160 - - [20/Oct/2025:02:58:54 -0400] "GET /wp-content/plugins/pwnd/pwnd.php HTTP/1.1" 404 42973 "www.google.com" "Mozlila/5.0 (Linux; Android 7.0; SM-G892A Bulid/NRD90M; wv) AppleWebKit/537.36 (KHTML, like Gecko) Version/4.0 Chrome/60.0.3112.107 Moblie Safari/537.36"
20.171.207.109 - - [20/Oct/2025:02:58:54 -0400] "GET /wp-content/uploads/2014/06/bigstock-Origami-Heart-561362331.jpg?1391101851-150x150.jpg?1391101851 HTTP/1.1" 404 60916 "-" "Mozilla/5.0 AppleWebKit/537.36 (KHTML, like Gecko; compatible; GPTBot/1.2; +https://openai.com/gptbot)"
20.171.207.109 - - [20/Oct/2025:02:58:55 -0400] "GET /wp-json/wp/v2/media/6155 HTTP/1.1" 200 4018 "-" "Mozilla/5.0 AppleWebKit/537.36 (KHTML, like Gecko; compatible; GPTBot/1.2; +https://openai.com/gptbot)"
20.171.207.109 - - [20/Oct/2025:02:58:57 -0400] "GET /money-matters-money-tips-married-couples/1422339731-jpg/ HTTP/1.1" 200 68181 "-" "Mozilla/5.0 AppleWebKit/537.36 (KHTML, like Gecko; compatible; GPTBot/1.2; +https://openai.com/gptbot)"
20.171.207.109 - - [20/Oct/2025:02:58:58 -0400] "GET /wp-content/uploads/2014/06/1422339731-150x150.jpg HTTP/1.1" 200 8283 "-" "Mozilla/5.0 AppleWebKit/537.36 (KHTML, like Gecko; compatible; GPTBot/1.2; +https://openai.com/gptbot)"
20.171.207.109 - - [20/Oct/2025:02:58:59 -0400] "GET /wp-content/uploads/2014/06/bigstock-Origami-Heart-561362331.jpg?1391101851 HTTP/1.1" 404 60916 "-" "Mozilla/5.0 AppleWebKit/537.36 (KHTML, like Gecko; compatible; GPTBot/1.2; +https://openai.com/gptbot)"
20.171.207.109 - - [20/Oct/2025:02:59:01 -0400] "GET /?p=6156 HTTP/1.1" 301 - "-" "Mozilla/5.0 AppleWebKit/537.36 (KHTML, like Gecko; compatible; GPTBot/1.2; +https://openai.com/gptbot)"
172.81.132.160 - - [20/Oct/2025:02:59:01 -0400] "GET /wp-content/plugins/fix/up.php HTTP/1.1" 404 42973 "www.google.com" "Mozlila/5.0 (Linux; Android 7.0; SM-G892A Bulid/NRD90M; wv) AppleWebKit/537.36 (KHTML, like Gecko) Version/4.0 Chrome/60.0.3112.107 Moblie Safari/537.36"
20.171.207.109 - - [20/Oct/2025:02:59:02 -0400] "GET /money-matters-money-tips-married-couples/bigstock-origami-heart-561362331-jpg1391101851/ HTTP/1.1" 200 68345 "-" "Mozilla/5.0 AppleWebKit/537.36 (KHTML, like Gecko; compatible; GPTBot/1.2; +https://openai.com/gptbot)"
20.171.207.109 - - [20/Oct/2025:02:59:03 -0400] "GET /wp-json/oembed/1.0/embed?format=xml&url=https%3A%2F%2Fherintalk.com%2Fmoney-matters-money-tips-married-couples%2Fbigstock-origami-heart-561362331-jpg1391101851%2F HTTP/1.1" 200 2790 "-" "Mozilla/5.0 AppleWebKit/537.36 (KHTML, like Gecko; compatible; GPTBot/1.2; +https://openai.com/gptbot)"
116.68.97.187 - - [20/Oct/2025:02:59:04 -0400] "POST /xmlrpc.php HTTP/1.1" 200 403 "-" "Mozilla/5.0 (X11; Ubuntu; Linux x86_64; x86) AppleWebKit/537.36 (KHTML, like Gecko) Opera/69.0.0.0 Safari/537.36"
20.171.207.109 - - [20/Oct/2025:02:59:05 -0400] "GET /wp-json/wp/v2/media/6156 HTTP/1.1" 200 4756 "-" "Mozilla/5.0 AppleWebKit/537.36 (KHTML, like Gecko; compatible; GPTBot/1.2; +https://openai.com/gptbot)"
20.171.207.109 - - [20/Oct/2025:02:59:06 -0400] "GET /wp-content/uploads/2014/06/jblb5wjom940piwrcb2b1-1024x576.jpg HTTP/1.1" 200 137683 "-" "Mozilla/5.0 AppleWebKit/537.36 (KHTML, like Gecko; compatible; GPTBot/1.2; +https://openai.com/gptbot)"
20.171.207.109 - - [20/Oct/2025:02:59:07 -0400] "GET /wp-json/oembed/1.0/embed?url=https%3A%2F%2Fherintalk.com%2Fmoney-matters-money-tips-married-couples%2Fbigstock-origami-heart-561362331-jpg1391101851%2F HTTP/1.1" 200 2597 "-" "Mozilla/5.0 AppleWebKit/537.36 (KHTML, like Gecko; compatible; GPTBot/1.2; +https://openai.com/gptbot)"
20.171.207.109 - - [20/Oct/2025:02:59:08 -0400] "GET /?p=6157 HTTP/1.1" 301 - "-" "Mozilla/5.0 AppleWebKit/537.36 (KHTML, like Gecko; compatible; GPTBot/1.2; +https://openai.com/gptbot)"
172.81.132.160 - - [20/Oct/2025:02:59:09 -0400] "GET /wp-content/plugins/ph-file-manager/wp-file.php HTTP/1.1" 404 42973 "www.google.com" "Mozlila/5.0 (Linux; Android 7.0; SM-G892A Bulid/NRD90M; wv) AppleWebKit/537.36 (KHTML, like Gecko) Version/4.0 Chrome/60.0.3112.107 Moblie Safari/537.36"
20.171.207.109 - - [20/Oct/2025:02:59:09 -0400] "GET /money-matters-money-tips-married-couples/1422339731-jpg/ HTTP/1.1" 200 68181 "-" "Mozilla/5.0 AppleWebKit/537.36 (KHTML, like Gecko; compatible; GPTBot/1.2; +https://openai.com/gptbot)"
20.171.207.109 - - [20/Oct/2025:02:59:11 -0400] "GET /wp-content/uploads/2014/06/1422339731.jpg HTTP/1.1" 200 44571 "-" "Mozilla/5.0 AppleWebKit/537.36 (KHTML, like Gecko; compatible; GPTBot/1.2; +https://openai.com/gptbot)"
20.171.207.109 - - [20/Oct/2025:02:59:12 -0400] "GET /wp-content/uploads/2014/06/5ef5b42647f080418c66fd35887e-660x439-150x150.jpg HTTP/1.1" 200 7619 "-" "Mozilla/5.0 AppleWebKit/537.36 (KHTML, like Gecko; compatible; GPTBot/1.2; +https://openai.com/gptbot)"
20.171.207.109 - - [20/Oct/2025:02:59:13 -0400] "GET /wp-json/oembed/1.0/embed?url=https%3A%2F%2Fherintalk.com%2Fmoney-matters-money-tips-married-couples%2F1422339731-jpg%2F HTTP/1.1" 200 2377 "-" "Mozilla/5.0 AppleWebKit/537.36 (KHTML, like Gecko; compatible; GPTBot/1.2; +https://openai.com/gptbot)"
20.171.207.109 - - [20/Oct/2025:02:59:14 -0400] "GET /wp-json/oembed/1.0/embed?format=xml&url=https%3A%2F%2Fherintalk.com%2Fmoney-matters-money-tips-married-couples%2F1422339731-jpg%2F HTTP/1.1" 200 2570 "-" "Mozilla/5.0 AppleWebKit/537.36 (KHTML, like Gecko; compatible; GPTBot/1.2; +https://openai.com/gptbot)"
20.171.207.109 - - [20/Oct/2025:02:59:15 -0400] "GET /wp-content/uploads/2014/06/bigstock-Origami-Heart-561362331.jpg?1391101851-1024x678.jpg?1391101851 HTTP/1.1" 404 60916 "-" "Mozilla/5.0 AppleWebKit/537.36 (KHTML, like Gecko; compatible; GPTBot/1.2; +https://openai.com/gptbot)"
20.171.207.109 - - [20/Oct/2025:02:59:16 -0400] "GET /money-matters-money-tips-married-couples/5ef5b42647f080418c66fd35887e-660x439-jpg/ HTTP/1.1" 200 67960 "-" "Mozilla/5.0 AppleWebKit/537.36 (KHTML, like Gecko; compatible; GPTBot/1.2; +https://openai.com/gptbot)"
172.81.132.160 - - [20/Oct/2025:02:59:17 -0400] "GET /wp-content/plugins/root-file-manager/wp-file.php HTTP/1.1" 404 42973 "www.google.com" "Mozlila/5.0 (Linux; Android 7.0; SM-G892A Bulid/NRD90M; wv) AppleWebKit/537.36 (KHTML, like Gecko) Version/4.0 Chrome/60.0.3112.107 Moblie Safari/537.36"
20.171.207.109 - - [20/Oct/2025:02:59:18 -0400] "GET /wp-json/wp/v2/media/6157 HTTP/1.1" 200 3231 "-" "Mozilla/5.0 AppleWebKit/537.36 (KHTML, like Gecko; compatible; GPTBot/1.2; +https://openai.com/gptbot)"
20.171.207.109 - - [20/Oct/2025:02:59:20 -0400] "GET /?p=6158 HTTP/1.1" 301 - "-" "Mozilla/5.0 AppleWebKit/537.36 (KHTML, like Gecko; compatible; GPTBot/1.2; +https://openai.com/gptbot)"
20.171.207.109 - - [20/Oct/2025:02:59:21 -0400] "GET /money-matters-money-tips-married-couples/5ef5b42647f080418c66fd35887e-660x439-jpg/ HTTP/1.1" 200 67960 "-" "Mozilla/5.0 AppleWebKit/537.36 (KHTML, like Gecko; compatible; GPTBot/1.2; +https://openai.com/gptbot)"
20.171.207.109 - - [20/Oct/2025:02:59:22 -0400] "GET /wp-json/oembed/1.0/embed?url=https%3A%2F%2Fherintalk.com%2Fmoney-matters-money-tips-married-couples%2F5ef5b42647f080418c66fd35887e-660x439-jpg%2F HTTP/1.1" 200 2548 "-" "Mozilla/5.0 AppleWebKit/537.36 (KHTML, like Gecko; compatible; GPTBot/1.2; +https://openai.com/gptbot)"
20.171.207.109 - - [20/Oct/2025:02:59:23 -0400] "GET /wp-json/oembed/1.0/embed?format=xml&url=https%3A%2F%2Fherintalk.com%2Fmoney-matters-money-tips-married-couples%2F5ef5b42647f080418c66fd35887e-660x439-jpg%2F HTTP/1.1" 200 2741 "-" "Mozilla/5.0 AppleWebKit/537.36 (KHTML, like Gecko; compatible; GPTBot/1.2; +https://openai.com/gptbot)"
20.171.207.109 - - [20/Oct/2025:02:59:24 -0400] "GET /wp-json/wp/v2/media/6158 HTTP/1.1" 200 3808 "-" "Mozilla/5.0 AppleWebKit/537.36 (KHTML, like Gecko; compatible; GPTBot/1.2; +https://openai.com/gptbot)"
20.171.207.109 - - [20/Oct/2025:02:59:26 -0400] "GET /wp-content/uploads/2014/06/5ef5b42647f080418c66fd35887e-660x439.jpg HTTP/1.1" 200 55187 "-" "Mozilla/5.0 AppleWebKit/537.36 (KHTML, like Gecko; compatible; GPTBot/1.2; +https://openai.com/gptbot)"
172.81.132.160 - - [20/Oct/2025:02:59:28 -0400] "GET /wp-content/plugins/wp-help/mini.php HTTP/1.1" 404 42973 "www.google.com" "Mozlila/5.0 (Linux; Android 7.0; SM-G892A Bulid/NRD90M; wv) AppleWebKit/537.36 (KHTML, like Gecko) Version/4.0 Chrome/60.0.3112.107 Moblie Safari/537.36"
172.81.132.160 - - [20/Oct/2025:02:59:34 -0400] "GET /wp-content/themes/travel/issue.php HTTP/1.1" 404 42973 "www.google.com" "Mozlila/5.0 (Linux; Android 7.0; SM-G892A Bulid/NRD90M; wv) AppleWebKit/537.36 (KHTML, like Gecko) Version/4.0 Chrome/60.0.3112.107 Moblie Safari/537.36"
172.81.132.160 - - [20/Oct/2025:02:59:43 -0400] "GET /wp-content/themes/jaida/lang.php HTTP/1.1" 404 42973 "www.google.com" "Mozlila/5.0 (Linux; Android 7.0; SM-G892A Bulid/NRD90M; wv) AppleWebKit/537.36 (KHTML, like Gecko) Version/4.0 Chrome/60.0.3112.107 Moblie Safari/537.36"
216.73.216.87 - - [20/Oct/2025:02:59:56 -0400] "GET /author/wpadmin/page/45 HTTP/1.1" 301 - "-" "Mozilla/5.0 AppleWebKit/537.36 (KHTML, like Gecko; compatible; ClaudeBot/1.0; [email protected])"
216.73.216.87 - - [20/Oct/2025:02:59:57 -0400] "GET /author/wpadmin/page/45/ HTTP/1.1" 200 82936 "https://herintalk.com/author/wpadmin/page/45" "Mozilla/5.0 AppleWebKit/537.36 (KHTML, like Gecko; compatible; ClaudeBot/1.0; [email protected])"
116.68.97.187 - - [20/Oct/2025:03:00:05 -0400] "POST /xmlrpc.php HTTP/1.1" 200 403 "-" "Mozilla/5.0 (Linux; Android 10; x86) AppleWebKit/537.36 (KHTML, like Gecko) Edge/97.0.0.0 Safari/537.36"
34.170.211.238 - - [20/Oct/2025:03:00:14 -0400] "GET /wp-content/uploads/2015/05/Robert-De-Niro-212x300.jpg HTTP/1.1" 200 12935 "-" "Wget/1.20.3 (linux-gnu)"
34.170.211.238 - - [20/Oct/2025:03:00:15 -0400] "GET /wp-content/uploads/2015/05/Amy-Adams-241-1-204x300.jpg HTTP/1.1" 200 13840 "-" "Wget/1.20.3 (linux-gnu)"
34.170.211.238 - - [20/Oct/2025:03:00:16 -0400] "GET /wp-content/uploads/2015/05/jodie-foster-1-241x300.jpg HTTP/1.1" 200 12578 "-" "Wget/1.20.3 (linux-gnu)"
40.77.167.144 - - [20/Oct/2025:03:00:28 -0400] "GET /7-fantastic-home-remedies-get-rid-acne/ HTTP/1.1" 200 88291 "-" "Mozilla/5.0 AppleWebKit/537.36 (KHTML, like Gecko; compatible; bingbot/2.0; +http://www.bing.com/bingbot.htm) Chrome/116.0.1938.76 Safari/537.36"
46.105.79.61 - - [20/Oct/2025:03:00:47 -0400] "GET /wp-login.php HTTP/1.1" 200 5973 "-" "Mozilla/5.0 (Macintosh; Intel Mac OS X 10_13_1) AppleWebKit/537.36 (KHTML, like Gecko) Chrome/65.0.3325.181 Safari/537.36"
46.105.79.61 - - [20/Oct/2025:03:00:54 -0400] "POST /wp-login.php HTTP/1.1" 200 6410 "https://herintalk.com/wp-login.php" "Mozilla/5.0 (Macintosh; Intel Mac OS X 10_13_1) AppleWebKit/537.36 (KHTML, like Gecko) Chrome/65.0.3325.181 Safari/537.36"
54.39.136.136 - - [20/Oct/2025:03:00:58 -0400] "GET /category/health/breast-enhancement/?filter_by=popular HTTP/1.1" 200 73721 "-" "Mozilla/5.0 (compatible; AhrefsBot/7.0; +http://ahrefs.com/robot/)"
116.68.97.187 - - [20/Oct/2025:03:01:04 -0400] "POST /xmlrpc.php HTTP/1.1" 200 403 "-" "Mozilla/5.0 (Windows NT 10.0; arm64) AppleWebKit/537.36 (KHTML, like Gecko) Safari/13.0.0.0 Safari/537.36"
162.214.121.103 - - [20/Oct/2025:03:01:17 -0400] "POST /wp-login.php HTTP/1.1" 200 6277 "https://herintalk.com" "Mozilla/5.0 (Macintosh; Intel Mac OS X 13_3) AppleWebKit/537.36 (KHTML, like Gecko) Chrome/126.0.0.0 Safari/537.36"
163.223.13.96 - - [20/Oct/2025:03:01:42 -0400] "POST /xmlrpc.php HTTP/1.1" 200 401 "-" "Mozilla/5.0 (Macintosh; Intel Mac OS X 10_13_4) AppleWebKit/537.36 (KHTML, like Gecko) Chrome/67.0.3396.62 Safari/537.36"
82.64.157.6 - - [20/Oct/2025:03:01:47 -0400] "POST /xmlrpc.php HTTP/1.1" 200 401 "-" "Mozilla/5.0 (SAP NetWeaverBusinessClient; Windows NT 6.2; WOW64; Trident/7.0; rv:11.0) like Gecko"
116.68.97.187 - - [20/Oct/2025:03:02:04 -0400] "POST /xmlrpc.php HTTP/1.1" 200 403 "-" "Mozilla/5.0 (Windows NT 6.2; x86) AppleWebKit/537.36 (KHTML, like Gecko) Safari/14.0.0.0 Safari/537.36"
216.73.216.87 - - [20/Oct/2025:03:02:17 -0400] "GET /lorevive-hydro-renew HTTP/1.1" 301 - "-" "Mozilla/5.0 AppleWebKit/537.36 (KHTML, like Gecko; compatible; ClaudeBot/1.0; [email protected])"
216.73.216.87 - - [20/Oct/2025:03:02:19 -0400] "GET /lorevive-hydro-renew/ HTTP/1.1" 200 91011 "https://herintalk.com/lorevive-hydro-renew" "Mozilla/5.0 AppleWebKit/537.36 (KHTML, like Gecko; compatible; ClaudeBot/1.0; [email protected])"
163.223.13.96 - - [20/Oct/2025:03:02:33 -0400] "POST /xmlrpc.php HTTP/1.1" 200 401 "-" "Mozilla/5.0 (Macintosh; Intel Mac OS X 10_13_4) AppleWebKit/537.36 (KHTML, like Gecko) Chrome/67.0.3396.62 Safari/537.36"
116.68.97.187 - - [20/Oct/2025:03:03:03 -0400] "POST /xmlrpc.php HTTP/1.1" 200 403 "-" "Mozilla/5.0 (Windows NT 6.3; arm64) AppleWebKit/537.36 (KHTML, like Gecko) Safari/11.0.0.0 Safari/537.36"
116.68.97.187 - - [20/Oct/2025:03:04:03 -0400] "POST /xmlrpc.php HTTP/1.1" 200 403 "-" "Mozilla/5.0 (Windows NT 6.3; x64) AppleWebKit/537.36 (KHTML, like Gecko) Firefox/87.0.0.0 Safari/537.36"
91.98.65.63 - - [20/Oct/2025:03:04:22 -0400] "POST /xmlrpc.php HTTP/1.1" 200 401 "-" "Mozilla/5.0 (Macintosh; Intel Mac OS X 10_13_2) AppleWebKit/537.36 (KHTML, like Gecko) Chrome/66.0.3359.181 Safari/537.36"
216.73.216.87 - - [20/Oct/2025:03:04:24 -0400] "GET /lumineux-cream HTTP/1.1" 301 - "-" "Mozilla/5.0 AppleWebKit/537.36 (KHTML, like Gecko; compatible; ClaudeBot/1.0; [email protected])"
216.73.216.87 - - [20/Oct/2025:03:04:25 -0400] "GET /lumineux-cream/ HTTP/1.1" 200 89772 "https://herintalk.com/lumineux-cream" "Mozilla/5.0 AppleWebKit/537.36 (KHTML, like Gecko; compatible; ClaudeBot/1.0; [email protected])"
148.113.128.112 - - [20/Oct/2025:03:04:54 -0400] "GET /category/mens-corner/page/15/?filter_by=popular HTTP/1.1" 200 78550 "-" "Mozilla/5.0 (compatible; AhrefsBot/7.0; +http://ahrefs.com/robot/)"
116.68.97.187 - - [20/Oct/2025:03:05:03 -0400] "POST /xmlrpc.php HTTP/1.1" 200 403 "-" "Mozilla/5.0 (Windows NT 6.2; x64) AppleWebKit/537.36 (KHTML, like Gecko) Chrome/109.0.0.0 Safari/537.36"
89.140.72.44 - - [20/Oct/2025:03:05:12 -0400] "POST /wp-login.php HTTP/1.1" 200 6277 "https://herintalk.com" "Mozilla/5.0 (Windows NT 10.0; Win64; x64) AppleWebKit/537.36 (KHTML, like Gecko) Chrome/112.0.5615.138 Safari/537.36"
216.73.216.87 - - [20/Oct/2025:03:05:17 -0400] "GET /author/wpadmin/page/14 HTTP/1.1" 301 - "-" "Mozilla/5.0 AppleWebKit/537.36 (KHTML, like Gecko; compatible; ClaudeBot/1.0; [email protected])"
216.73.216.87 - - [20/Oct/2025:03:05:18 -0400] "GET /?p=9570 HTTP/1.1" 301 - "-" "Mozilla/5.0 AppleWebKit/537.36 (KHTML, like Gecko; compatible; ClaudeBot/1.0; [email protected])"
216.73.216.87 - - [20/Oct/2025:03:05:18 -0400] "GET /author/wpadmin/page/14/ HTTP/1.1" 200 82589 "https://herintalk.com/author/wpadmin/page/14" "Mozilla/5.0 AppleWebKit/537.36 (KHTML, like Gecko; compatible; ClaudeBot/1.0; [email protected])"
216.73.216.87 - - [20/Oct/2025:03:05:19 -0400] "GET /xplosive-vital/ HTTP/1.1" 200 84068 "https://herintalk.com/?p=9570" "Mozilla/5.0 AppleWebKit/537.36 (KHTML, like Gecko; compatible; ClaudeBot/1.0; [email protected])"
216.73.216.87 - - [20/Oct/2025:03:05:20 -0400] "GET /advanced-turmeric HTTP/1.1" 301 - "-" "Mozilla/5.0 AppleWebKit/537.36 (KHTML, like Gecko; compatible; ClaudeBot/1.0; [email protected])"
216.73.216.87 - - [20/Oct/2025:03:05:21 -0400] "GET /advanced-turmeric/ HTTP/1.1" 200 88516 "https://herintalk.com/advanced-turmeric" "Mozilla/5.0 AppleWebKit/537.36 (KHTML, like Gecko; compatible; ClaudeBot/1.0; [email protected])"
209.38.208.202 - - [20/Oct/2025:03:05:31 -0400] "GET / HTTP/1.1" 301 - "-" "-"
40.77.167.144 - - [20/Oct/2025:03:05:37 -0400] "GET /category/health/page/2/ HTTP/1.1" 200 93015 "-" "Mozilla/5.0 AppleWebKit/537.36 (KHTML, like Gecko; compatible; bingbot/2.0; +http://www.bing.com/bingbot.htm) Chrome/116.0.1938.76 Safari/537.36"
209.38.208.202 - - [20/Oct/2025:03:05:46 -0400] "GET / HTTP/1.1" 301 - "-" "Mozilla/5.0 (Linux; Android 6.0; HTC One M9 Build/MRA615981) AppleWebKit/537.36 (KHTML, like Gecko) Chrome/52.0.3161.98 Mobile Safari/537.3"
209.38.208.202 - - [20/Oct/2025:03:05:47 -0400] "POST /graphql HTTP/1.1" 404 60967 "-" "Mozilla/5.0 (l9scan/2.0.33e27393e2431313e2838313; +https://leakix.net)"
209.38.208.202 - - [20/Oct/2025:03:05:48 -0400] "POST /api HTTP/1.1" 404 60967 "-" "Mozilla/5.0 (l9scan/2.0.33e27393e2431313e2838313; +https://leakix.net)"
209.38.208.202 - - [20/Oct/2025:03:05:50 -0400] "POST /api/graphql HTTP/1.1" 404 60967 "-" "Mozilla/5.0 (l9scan/2.0.33e27393e2431313e2838313; +https://leakix.net)"
209.38.208.202 - - [20/Oct/2025:03:05:51 -0400] "POST /graphql/api HTTP/1.1" 404 60967 "-" "Mozilla/5.0 (l9scan/2.0.33e27393e2431313e2838313; +https://leakix.net)"
18.141.225.240 - - [20/Oct/2025:03:05:52 -0400] "GET / HTTP/1.1" 301 - "-" "Mozilla/5.0 (Windows NT 10.0; Win64; x64) AppleWebKit/537.36 (KHTML, like Gecko) Chrome/58.0.3029.110 Safari/537.3"
209.38.208.202 - - [20/Oct/2025:03:05:52 -0400] "POST /api/gql HTTP/1.1" 404 60967 "-" "Mozilla/5.0 (l9scan/2.0.33e27393e2431313e2838313; +https://leakix.net)"
18.141.225.240 - - [20/Oct/2025:03:05:52 -0400] "GET / HTTP/1.1" 200 144311 "-" "Mozilla/5.0 (Windows NT 10.0; Win64; x64) AppleWebKit/537.36 (KHTML, like Gecko) Chrome/58.0.3029.110 Safari/537.3"
209.38.208.202 - - [20/Oct/2025:03:05:54 -0400] "GET /swagger-ui.html HTTP/1.1" 301 - "-" "Mozilla/5.0 (l9scan/2.0.33e27393e2431313e2838313; +https://leakix.net)"
209.38.208.202 - - [20/Oct/2025:03:05:56 -0400] "GET /swagger/index.html HTTP/1.1" 301 - "-" "Mozilla/5.0 (l9scan/2.0.33e27393e2431313e2838313; +https://leakix.net)"
209.38.208.202 - - [20/Oct/2025:03:05:57 -0400] "GET /swagger/swagger-ui.html HTTP/1.1" 301 - "-" "Mozilla/5.0 (l9scan/2.0.33e27393e2431313e2838313; +https://leakix.net)"
209.38.208.202 - - [20/Oct/2025:03:05:58 -0400] "GET /webjars/swagger-ui/index.html HTTP/1.1" 301 - "-" "Mozilla/5.0 (l9scan/2.0.33e27393e2431313e2838313; +https://leakix.net)"
209.38.208.202 - - [20/Oct/2025:03:06:00 -0400] "GET /swagger.json HTTP/1.1" 301 - "-" "Mozilla/5.0 (l9scan/2.0.33e27393e2431313e2838313; +https://leakix.net)"
209.38.208.202 - - [20/Oct/2025:03:06:02 -0400] "GET /swagger/v1/swagger.json HTTP/1.1" 301 - "-" "Mozilla/5.0 (l9scan/2.0.33e27393e2431313e2838313; +https://leakix.net)"
209.38.208.202 - - [20/Oct/2025:03:06:03 -0400] "GET /v2/api-docs HTTP/1.1" 301 - "-" "Mozilla/5.0 (l9scan/2.0.33e27393e2431313e2838313; +https://leakix.net)"
116.68.97.187 - - [20/Oct/2025:03:06:03 -0400] "POST /xmlrpc.php HTTP/1.1" 200 403 "-" "Mozilla/5.0 (Windows NT 6.2; arm64) AppleWebKit/537.36 (KHTML, like Gecko) Edge/85.0.0.0 Safari/537.36"
5.102.173.71 - - [20/Oct/2025:03:06:03 -0400] "GET /robots.txt HTTP/1.1" 200 114 "-" "Mozilla/5.0 (compatible; MojeekBot/0.11; +https://www.mojeek.com/bot.html)"
5.102.173.71 - - [20/Oct/2025:03:06:04 -0400] "GET /american-science-cbd-hemp-oil/ HTTP/1.1" 200 87113 "-" "Mozilla/5.0 (compatible; MojeekBot/0.11; +https://www.mojeek.com/bot.html)"
209.38.208.202 - - [20/Oct/2025:03:06:04 -0400] "GET /@vite/env HTTP/1.1" 301 - "-" "Go-http-client/1.1"
209.38.208.202 - - [20/Oct/2025:03:06:05 -0400] "GET /actuator/env HTTP/1.1" 301 - "-" "Go-http-client/1.1"
209.38.208.202 - - [20/Oct/2025:03:06:07 -0400] "GET /server HTTP/1.1" 301 - "-" "Go-http-client/1.1"
209.38.208.202 - - [20/Oct/2025:03:06:08 -0400] "GET /.vscode/sftp.json HTTP/1.1" 301 - "-" "Go-http-client/1.1"
209.38.208.202 - - [20/Oct/2025:03:06:10 -0400] "GET /about HTTP/1.1" 301 - "-" "Go-http-client/1.1"
209.38.208.202 - - [20/Oct/2025:03:06:11 -0400] "GET /debug/default/view?panel=config HTTP/1.1" 301 - "-" "Go-http-client/1.1"
209.38.208.202 - - [20/Oct/2025:03:06:13 -0400] "GET /v2/_catalog HTTP/1.1" 301 - "-" "Go-http-client/1.1"
209.38.208.202 - - [20/Oct/2025:03:06:14 -0400] "GET /ecp/Current/exporttool/microsoft.exchange.ediscovery.exporttool.application HTTP/1.1" 301 - "-" "Go-http-client/1.1"
209.38.208.202 - - [20/Oct/2025:03:06:15 -0400] "GET /server-status HTTP/1.1" 301 - "-" "Go-http-client/1.1"
209.38.208.202 - - [20/Oct/2025:03:06:16 -0400] "GET /login.action HTTP/1.1" 301 - "-" "Go-http-client/1.1"
209.38.208.202 - - [20/Oct/2025:03:06:18 -0400] "GET /_all_dbs HTTP/1.1" 301 - "-" "Mozilla/5.0 (l9scan/2.0.33e27393e2431313e2838313; +https://leakix.net)"
209.38.208.202 - - [20/Oct/2025:03:06:19 -0400] "GET /.DS_Store HTTP/1.1" 301 - "-" "Go-http-client/1.1"
209.38.208.202 - - [20/Oct/2025:03:06:21 -0400] "GET /.env HTTP/1.1" 301 - "-" "Go-http-client/1.1"
209.38.208.202 - - [20/Oct/2025:03:06:22 -0400] "GET /.git/config HTTP/1.1" 301 - "-" "Go-http-client/1.1"
209.38.208.202 - - [20/Oct/2025:03:06:23 -0400] "GET /s/33e27393e2431313e2838313/_/;/META-INF/maven/com.atlassian.jira/jira-webapp-dist/pom.properties HTTP/1.1" 301 - "-" "Go-http-client/1.1"
209.38.208.202 - - [20/Oct/2025:03:06:24 -0400] "GET /config.json HTTP/1.1" 301 - "-" "Go-http-client/1.1"
209.38.208.202 - - [20/Oct/2025:03:06:26 -0400] "GET /telescope/requests HTTP/1.1" 301 - "-" "Go-http-client/1.1"
209.38.208.202 - - [20/Oct/2025:03:06:27 -0400] "GET /info.php HTTP/1.1" 301 - "-" "Go-http-client/1.1"
209.38.208.202 - - [20/Oct/2025:03:06:28 -0400] "GET /?rest_route=/wp/v2/users/ HTTP/1.1" 200 9231 "-" "Go-http-client/1.1"
116.68.97.187 - - [20/Oct/2025:03:07:03 -0400] "POST /xmlrpc.php HTTP/1.1" 200 403 "-" "Mozilla/5.0 (X11; Ubuntu; Linux x86_64; arm64) AppleWebKit/537.36 (KHTML, like Gecko) Edge/85.0.0.0 Safari/537.36"
220.158.233.201 - - [20/Oct/2025:03:07:40 -0400] "POST /xmlrpc.php HTTP/1.1" 200 401 "-" "Mozilla/5.0 (Windows NT 10.0; WOW64; Trident/7.0; MDDCJS; rv:11.0) like Gecko"
216.73.216.87 - - [20/Oct/2025:03:07:57 -0400] "GET /satin-youth-instant-wrinkle-reducer HTTP/1.1" 301 - "-" "Mozilla/5.0 AppleWebKit/537.36 (KHTML, like Gecko; compatible; ClaudeBot/1.0; [email protected])"
216.73.216.87 - - [20/Oct/2025:03:07:58 -0400] "GET /?p=7956 HTTP/1.1" 301 - "-" "Mozilla/5.0 AppleWebKit/537.36 (KHTML, like Gecko; compatible; ClaudeBot/1.0; [email protected])"
216.73.216.87 - - [20/Oct/2025:03:07:58 -0400] "GET /satin-youth-instant-wrinkle-reducer/ HTTP/1.1" 200 92228 "https://herintalk.com/satin-youth-instant-wrinkle-reducer" "Mozilla/5.0 AppleWebKit/537.36 (KHTML, like Gecko; compatible; ClaudeBot/1.0; [email protected])"
216.73.216.87 - - [20/Oct/2025:03:07:58 -0400] "GET /alucia-cream-and-lumella-eye-serum/ HTTP/1.1" 200 92007 "https://herintalk.com/?p=7956" "Mozilla/5.0 AppleWebKit/537.36 (KHTML, like Gecko; compatible; ClaudeBot/1.0; [email protected])"
116.68.97.187 - - [20/Oct/2025:03:08:03 -0400] "POST /xmlrpc.php HTTP/1.1" 200 403 "-" "Mozilla/5.0 (Macintosh; Intel Mac OS X 10_15_7; x86) AppleWebKit/537.36 (KHTML, like Gecko) Firefox/93.0.0.0 Safari/537.36"
216.73.216.87 - - [20/Oct/2025:03:08:23 -0400] "GET /?p=7864 HTTP/1.1" 301 - "-" "Mozilla/5.0 AppleWebKit/537.36 (KHTML, like Gecko; compatible; ClaudeBot/1.0; [email protected])"
216.73.216.87 - - [20/Oct/2025:03:08:23 -0400] "GET /?p=7860 HTTP/1.1" 301 - "-" "Mozilla/5.0 AppleWebKit/537.36 (KHTML, like Gecko; compatible; ClaudeBot/1.0; [email protected])"
216.73.216.87 - - [20/Oct/2025:03:08:24 -0400] "GET /biofusion-stem-cell/ HTTP/1.1" 200 88449 "https://herintalk.com/?p=7864" "Mozilla/5.0 AppleWebKit/537.36 (KHTML, like Gecko; compatible; ClaudeBot/1.0; [email protected])"
216.73.216.87 - - [20/Oct/2025:03:08:24 -0400] "GET /forbes-flawless/ HTTP/1.1" 200 88270 "https://herintalk.com/?p=7860" "Mozilla/5.0 AppleWebKit/537.36 (KHTML, like Gecko; compatible; ClaudeBot/1.0; [email protected])"
148.113.130.248 - - [20/Oct/2025:03:08:54 -0400] "GET /category/health/page/25/?filter_by=featured HTTP/1.1" 200 76908 "-" "Mozilla/5.0 (compatible; AhrefsBot/7.0; +http://ahrefs.com/robot/)"
116.68.97.187 - - [20/Oct/2025:03:09:03 -0400] "POST /xmlrpc.php HTTP/1.1" 200 403 "-" "Mozilla/5.0 (Windows NT 6.3; x64) AppleWebKit/537.36 (KHTML, like Gecko) Opera/75.0.0.0 Safari/537.36"
216.73.216.87 - - [20/Oct/2025:03:09:57 -0400] "GET /?p=7866 HTTP/1.1" 301 - "-" "Mozilla/5.0 AppleWebKit/537.36 (KHTML, like Gecko; compatible; ClaudeBot/1.0; [email protected])"
216.73.216.87 - - [20/Oct/2025:03:09:57 -0400] "GET /?p=7848 HTTP/1.1" 301 - "-" "Mozilla/5.0 AppleWebKit/537.36 (KHTML, like Gecko; compatible; ClaudeBot/1.0; [email protected])"
216.73.216.87 - - [20/Oct/2025:03:09:58 -0400] "GET /biofusion-eye-lift-reviews/ HTTP/1.1" 200 89914 "https://herintalk.com/?p=7866" "Mozilla/5.0 AppleWebKit/537.36 (KHTML, like Gecko; compatible; ClaudeBot/1.0; [email protected])"
216.73.216.87 - - [20/Oct/2025:03:09:58 -0400] "GET /bella-dore-anti-aging-cream/ HTTP/1.1" 200 88292 "https://herintalk.com/?p=7848" "Mozilla/5.0 AppleWebKit/537.36 (KHTML, like Gecko; compatible; ClaudeBot/1.0; [email protected])"
116.68.97.187 - - [20/Oct/2025:03:10:03 -0400] "POST /xmlrpc.php HTTP/1.1" 200 403 "-" "Mozilla/5.0 (X11; Ubuntu; Linux x86_64; arm64) AppleWebKit/537.36 (KHTML, like Gecko) Opera/62.0.0.0 Safari/537.36"
116.68.97.187 - - [20/Oct/2025:03:11:03 -0400] "POST /xmlrpc.php HTTP/1.1" 200 403 "-" "Mozilla/5.0 (Windows NT 10.0; arm64) AppleWebKit/537.36 (KHTML, like Gecko) Safari/12.0.0.0 Safari/537.36"
216.73.216.87 - - [20/Oct/2025:03:11:34 -0400] "GET /?p=7862 HTTP/1.1" 301 - "-" "Mozilla/5.0 AppleWebKit/537.36 (KHTML, like Gecko; compatible; ClaudeBot/1.0; [email protected])"
216.73.216.87 - - [20/Oct/2025:03:11:35 -0400] "GET /alluracell-skin-restore/ HTTP/1.1" 200 88560 "https://herintalk.com/?p=7862" "Mozilla/5.0 AppleWebKit/537.36 (KHTML, like Gecko; compatible; ClaudeBot/1.0; [email protected])"
178.33.250.142 - - [20/Oct/2025:03:11:44 -0400] "POST /xmlrpc.php HTTP/1.1" 200 401 "-" "Mozilla/5.0 (Windows NT 10.0; Win64; x64) AppleWebKit/537.36 (KHTML, like Gecko) Chrome/65.0.3325.181 Safari/537.36 OPR/52.0.2871.64"
116.68.97.187 - - [20/Oct/2025:03:12:03 -0400] "POST /xmlrpc.php HTTP/1.1" 200 403 "-" "Mozilla/5.0 (Windows NT 6.2; x86) AppleWebKit/537.36 (KHTML, like Gecko) Safari/12.0.0.0 Safari/537.36"
167.114.139.248 - - [20/Oct/2025:03:12:22 -0400] "GET /category/her-talks/page/8/?filter_by=popular HTTP/1.1" 200 80283 "-" "Mozilla/5.0 (compatible; AhrefsBot/7.0; +http://ahrefs.com/robot/)"
116.68.97.187 - - [20/Oct/2025:03:13:03 -0400] "POST /xmlrpc.php HTTP/1.1" 200 403 "-" "Mozilla/5.0 (Linux; Android 10; x64) AppleWebKit/537.36 (KHTML, like Gecko) Chrome/84.0.0.0 Safari/537.36"
2400:6180:0:d1::2c:7001 - - [20/Oct/2025:03:13:23 -0400] "POST /wp-login.php HTTP/1.1" 200 6277 "https://herintalk.com" "Mozilla/5.0 (Macintosh; Intel Mac OS X 10_15_7) AppleWebKit/537.36 (KHTML, like Gecko) Chrome/116.0.5845.96 Safari/537.36"
117.221.136.102 - - [20/Oct/2025:03:13:25 -0400] "GET /wp-login.php HTTP/1.1" 200 5973 "-" "Mozilla/4.0 (compatible; MSIE 7.0; Windows NT 10.0; Win64; x64; Trident/7.0; .NET4.0C; .NET4.0E; .NET CLR 2.0.50727; .NET CLR 3.0.30729; .NET CLR 3.5.30729)"
185.225.22.28 - - [20/Oct/2025:03:13:25 -0400] "POST /xmlrpc.php HTTP/1.1" 200 401 "-" "Mozilla/5.0 (Macintosh; Intel Mac OS X 10_11_6) AppleWebKit/537.36 (KHTML, like Gecko) Chrome/67.0.3396.62 Safari/537.36"
117.221.136.102 - - [20/Oct/2025:03:13:29 -0400] "POST /wp-login.php HTTP/1.1" 200 6410 "https://herintalk.com/wp-login.php" "Mozilla/4.0 (compatible; MSIE 7.0; Windows NT 10.0; Win64; x64; Trident/7.0; .NET4.0C; .NET4.0E; .NET CLR 2.0.50727; .NET CLR 3.0.30729; .NET CLR 3.5.30729)"
216.73.216.87 - - [20/Oct/2025:03:13:36 -0400] "GET /?p=7852 HTTP/1.1" 301 - "-" "Mozilla/5.0 AppleWebKit/537.36 (KHTML, like Gecko; compatible; ClaudeBot/1.0; [email protected])"
216.73.216.87 - - [20/Oct/2025:03:13:37 -0400] "GET /nu-youth-anti-wrinkle/ HTTP/1.1" 200 89645 "https://herintalk.com/?p=7852" "Mozilla/5.0 AppleWebKit/537.36 (KHTML, like Gecko; compatible; ClaudeBot/1.0; [email protected])"
216.73.216.87 - - [20/Oct/2025:03:14:00 -0400] "GET /lamore-hydrofirm HTTP/1.1" 301 - "-" "Mozilla/5.0 AppleWebKit/537.36 (KHTML, like Gecko; compatible; ClaudeBot/1.0; [email protected])"
54.37.96.153 - - [20/Oct/2025:03:14:01 -0400] "POST /xmlrpc.php HTTP/1.1" 200 401 "-" "Mozilla/5.0 (Windows NT 10.0; WOW64) AppleWebKit/537.36 (KHTML, like Gecko) Chrome/67.0.3396.87 Safari/537.36"
216.73.216.87 - - [20/Oct/2025:03:14:01 -0400] "GET /lamore-hydrofirm/ HTTP/1.1" 200 89715 "https://herintalk.com/lamore-hydrofirm" "Mozilla/5.0 AppleWebKit/537.36 (KHTML, like Gecko; compatible; ClaudeBot/1.0; [email protected])"
116.68.97.187 - - [20/Oct/2025:03:14:03 -0400] "POST /xmlrpc.php HTTP/1.1" 200 403 "-" "Mozilla/5.0 (Linux; Android 10; arm64) AppleWebKit/537.36 (KHTML, like Gecko) Safari/12.0.0.0 Safari/537.36"
117.221.136.102 - - [20/Oct/2025:03:14:32 -0400] "GET /wp-login.php HTTP/1.1" 200 5973 "https://herintalk.com/wp-login.php" "Mozilla/4.0 (compatible; MSIE 7.0; Windows NT 10.0; Win64; x64; Trident/7.0; .NET4.0C; .NET4.0E; .NET CLR 2.0.50727; .NET CLR 3.0.30729; .NET CLR 3.5.30729)"
117.221.136.102 - - [20/Oct/2025:03:14:34 -0400] "POST /wp-login.php HTTP/1.1" 200 6410 "https://herintalk.com/wp-login.php" "Mozilla/4.0 (compatible; MSIE 7.0; Windows NT 10.0; Win64; x64; Trident/7.0; .NET4.0C; .NET4.0E; .NET CLR 2.0.50727; .NET CLR 3.0.30729; .NET CLR 3.5.30729)"
116.68.97.187 - - [20/Oct/2025:03:15:03 -0400] "POST /xmlrpc.php HTTP/1.1" 200 403 "-" "Mozilla/5.0 (Windows NT 10.0; arm64) AppleWebKit/537.36 (KHTML, like Gecko) Chrome/93.0.0.0 Safari/537.36"
117.221.136.102 - - [20/Oct/2025:03:15:36 -0400] "GET /wp-login.php HTTP/1.1" 200 5973 "https://herintalk.com/wp-login.php" "Mozilla/4.0 (compatible; MSIE 7.0; Windows NT 10.0; Win64; x64; Trident/7.0; .NET4.0C; .NET4.0E; .NET CLR 2.0.50727; .NET CLR 3.0.30729; .NET CLR 3.5.30729)"
117.221.136.102 - - [20/Oct/2025:03:15:37 -0400] "POST /wp-login.php HTTP/1.1" 200 6410 "https://herintalk.com/wp-login.php" "Mozilla/4.0 (compatible; MSIE 7.0; Windows NT 10.0; Win64; x64; Trident/7.0; .NET4.0C; .NET4.0E; .NET CLR 2.0.50727; .NET CLR 3.0.30729; .NET CLR 3.5.30729)"
15.235.98.42 - - [20/Oct/2025:03:15:54 -0400] "GET /category/her-talks/page/3/ HTTP/1.1" 200 92516 "-" "Mozilla/5.0 (compatible; AhrefsBot/7.0; +http://ahrefs.com/robot/)"
116.68.97.187 - - [20/Oct/2025:03:16:03 -0400] "POST /xmlrpc.php HTTP/1.1" 200 403 "-" "Mozilla/5.0 (Windows NT 6.3; x86) AppleWebKit/537.36 (KHTML, like Gecko) Opera/62.0.0.0 Safari/537.36"
88.99.219.219 - - [20/Oct/2025:03:16:04 -0400] "GET /feed/ HTTP/1.1" 200 68114 "-" "Mozilla/5.0 (X11; compatible; semantic-visions.com crawler; HTTPClient 4.5)"
175.106.108.246 - - [20/Oct/2025:03:16:38 -0400] "GET /wp-content/uploads/2015/03/almonds.jpg HTTP/1.1" 200 280602 "-" "Mozilla/5.0 (X11; Ubuntu; Linux x86_64; rv:72.0) Gecko/20100101 Firefox/72.0"
117.221.136.102 - - [20/Oct/2025:03:16:39 -0400] "GET /wp-login.php HTTP/1.1" 200 5973 "https://herintalk.com/wp-login.php" "Mozilla/4.0 (compatible; MSIE 7.0; Windows NT 10.0; Win64; x64; Trident/7.0; .NET4.0C; .NET4.0E; .NET CLR 2.0.50727; .NET CLR 3.0.30729; .NET CLR 3.5.30729)"
117.221.136.102 - - [20/Oct/2025:03:16:40 -0400] "POST /wp-login.php HTTP/1.1" 200 6410 "https://herintalk.com/wp-login.php" "Mozilla/4.0 (compatible; MSIE 7.0; Windows NT 10.0; Win64; x64; Trident/7.0; .NET4.0C; .NET4.0E; .NET CLR 2.0.50727; .NET CLR 3.0.30729; .NET CLR 3.5.30729)"
216.73.216.87 - - [20/Oct/2025:03:16:56 -0400] "GET /NYouthAntibuy HTTP/1.1" 404 60916 "-" "Mozilla/5.0 AppleWebKit/537.36 (KHTML, like Gecko; compatible; ClaudeBot/1.0; [email protected])"
116.68.97.187 - - [20/Oct/2025:03:17:03 -0400] "POST /xmlrpc.php HTTP/1.1" 200 403 "-" "Mozilla/5.0 (Windows NT 6.2; x86) AppleWebKit/537.36 (KHTML, like Gecko) Safari/15.0.0.0 Safari/537.36"
117.221.136.102 - - [20/Oct/2025:03:17:44 -0400] "GET /wp-login.php HTTP/1.1" 200 5973 "https://herintalk.com/wp-login.php" "Mozilla/4.0 (compatible; MSIE 7.0; Windows NT 10.0; Win64; x64; Trident/7.0; .NET4.0C; .NET4.0E; .NET CLR 2.0.50727; .NET CLR 3.0.30729; .NET CLR 3.5.30729)"
216.73.216.87 - - [20/Oct/2025:03:17:45 -0400] "GET /best-makeup-beauty-tips-for-older-women/13 HTTP/1.1" 301 - "-" "Mozilla/5.0 AppleWebKit/537.36 (KHTML, like Gecko; compatible; ClaudeBot/1.0; [email protected])"
117.221.136.102 - - [20/Oct/2025:03:17:45 -0400] "POST /wp-login.php HTTP/1.1" 200 6410 "https://herintalk.com/wp-login.php" "Mozilla/4.0 (compatible; MSIE 7.0; Windows NT 10.0; Win64; x64; Trident/7.0; .NET4.0C; .NET4.0E; .NET CLR 2.0.50727; .NET CLR 3.0.30729; .NET CLR 3.5.30729)"
216.73.216.87 - - [20/Oct/2025:03:17:46 -0400] "GET /best-makeup-beauty-tips-for-older-women/13/ HTTP/1.1" 200 84193 "https://herintalk.com/best-makeup-beauty-tips-for-older-women/13" "Mozilla/5.0 AppleWebKit/537.36 (KHTML, like Gecko; compatible; ClaudeBot/1.0; [email protected])"
114.119.141.40 - - [20/Oct/2025:03:17:53 -0400] "GET /products/98384.html HTTP/1.1" 404 42973 "https://herintalk.com/sitemap-19.xml" "Mozilla/5.0 (Linux; Android 7.0;) AppleWebKit/537.36 (KHTML, like Gecko) Mobile Safari/537.36 (compatible; PetalBot;+https://webmaster.petalsearch.com/site/petalbot)"
116.68.97.187 - - [20/Oct/2025:03:18:03 -0400] "POST /xmlrpc.php HTTP/1.1" 200 403 "-" "Mozilla/5.0 (Windows NT 6.2; arm64) AppleWebKit/537.36 (KHTML, like Gecko) Edge/83.0.0.0 Safari/537.36"
216.73.216.87 - - [20/Oct/2025:03:18:24 -0400] "GET /category/beauty/skin-care HTTP/1.1" 404 60916 "-" "Mozilla/5.0 AppleWebKit/537.36 (KHTML, like Gecko; compatible; ClaudeBot/1.0; [email protected])"
66.249.68.2 - - [20/Oct/2025:03:18:36 -0400] "GET /httixps:0697/ HTTP/1.1" 404 42973 "-" "Mozilla/5.0 (Linux; Android 6.0.1; Nexus 5X Build/MMB29P) AppleWebKit/537.36 (KHTML, like Gecko) Chrome/140.0.7339.207 Mobile Safari/537.36 (compatible; Googlebot/2.1; +http://www.google.com/bot.html)"
194.76.27.29 - - [20/Oct/2025:03:18:42 -0400] "POST /xmlrpc.php HTTP/1.1" 200 401 "-" "Mozilla/5.0 (Windows NT 6.3; Win64; x64) AppleWebKit/537.36 (KHTML, like Gecko) Chrome/52.0.2743.116 Safari/537.36 Edge/15.15063"
66.249.68.8 - - [20/Oct/2025:03:18:45 -0400] "GET /testoforce/ HTTP/1.1" 200 53794 "-" "Mozilla/5.0 (Linux; Android 6.0.1; Nexus 5X Build/MMB29P) AppleWebKit/537.36 (KHTML, like Gecko) Chrome/140.0.7339.207 Mobile Safari/537.36 (compatible; Googlebot/2.1; +http://www.google.com/bot.html)"
117.221.136.102 - - [20/Oct/2025:03:18:48 -0400] "GET /wp-login.php HTTP/1.1" 200 5973 "https://herintalk.com/wp-login.php" "Mozilla/4.0 (compatible; MSIE 7.0; Windows NT 10.0; Win64; x64; Trident/7.0; .NET4.0C; .NET4.0E; .NET CLR 2.0.50727; .NET CLR 3.0.30729; .NET CLR 3.5.30729)"
117.221.136.102 - - [20/Oct/2025:03:18:49 -0400] "POST /wp-login.php HTTP/1.1" 200 6410 "https://herintalk.com/wp-login.php" "Mozilla/4.0 (compatible; MSIE 7.0; Windows NT 10.0; Win64; x64; Trident/7.0; .NET4.0C; .NET4.0E; .NET CLR 2.0.50727; .NET CLR 3.0.30729; .NET CLR 3.5.30729)"
66.116.199.115 - - [20/Oct/2025:03:19:04 -0400] "POST /wp-cron.php?doing_wp_cron=1760944744.1424500942230224609375 HTTP/1.1" 200 - "-" "WordPress/6.8.3; https://herintalk.com"
116.68.97.187 - - [20/Oct/2025:03:19:03 -0400] "POST /xmlrpc.php HTTP/1.1" 200 403 "-" "Mozilla/5.0 (Windows NT 6.3; x86) AppleWebKit/537.36 (KHTML, like Gecko) Chrome/104.0.0.0 Safari/537.36"
148.113.128.228 - - [20/Oct/2025:03:19:17 -0400] "GET /category/health/general-health/page/3/ HTTP/1.1" 200 94156 "-" "Mozilla/5.0 (compatible; AhrefsBot/7.0; +http://ahrefs.com/robot/)"
116.68.97.187 - - [20/Oct/2025:03:20:03 -0400] "POST /xmlrpc.php HTTP/1.1" 200 403 "-" "Mozilla/5.0 (Macintosh; Intel Mac OS X 10_15_7; arm64) AppleWebKit/537.36 (KHTML, like Gecko) Firefox/74.0.0.0 Safari/537.36"
216.73.216.87 - - [20/Oct/2025:03:20:16 -0400] "GET /?p=7858 HTTP/1.1" 301 - "-" "Mozilla/5.0 AppleWebKit/537.36 (KHTML, like Gecko; compatible; ClaudeBot/1.0; [email protected])"
216.73.216.87 - - [20/Oct/2025:03:20:17 -0400] "GET /brio-anti-aging-skin-serum/ HTTP/1.1" 200 88989 "https://herintalk.com/?p=7858" "Mozilla/5.0 AppleWebKit/537.36 (KHTML, like Gecko; compatible; ClaudeBot/1.0; [email protected])"
178.33.109.195 - - [20/Oct/2025:03:20:56 -0400] "POST /xmlrpc.php HTTP/1.1" 200 401 "-" "Mozilla/5.0 (Macintosh; Intel Mac OS X 10_13_2) AppleWebKit/537.36 (KHTML, like Gecko) Chrome/66.0.3359.139 Safari/537.36"
116.68.97.187 - - [20/Oct/2025:03:21:03 -0400] "POST /xmlrpc.php HTTP/1.1" 200 403 "-" "Mozilla/5.0 (Windows NT 10.0; x64) AppleWebKit/537.36 (KHTML, like Gecko) Chrome/80.0.0.0 Safari/537.36"
104.248.205.113 - - [20/Oct/2025:03:21:13 -0400] "POST /xmlrpc.php HTTP/1.1" 200 401 "-" "Mozilla/5.0 (Macintosh; Intel Mac OS X 10_11_6) AppleWebKit/537.36 (KHTML, like Gecko) Chrome/65.0.3325.181 Safari/537.36"
116.68.97.187 - - [20/Oct/2025:03:22:03 -0400] "POST /xmlrpc.php HTTP/1.1" 200 403 "-" "Mozilla/5.0 (X11; Ubuntu; Linux x86_64; arm64) AppleWebKit/537.36 (KHTML, like Gecko) Edge/91.0.0.0 Safari/537.36"
2400:6180:100:d0::acd2:4001 - - [20/Oct/2025:03:22:17 -0400] "POST /wp-login.php HTTP/1.1" 200 6398 "https://herintalk.com" "Mozilla/5.0 (Windows NT 10.0; Win64; x64) AppleWebKit/537.36 (KHTML, like Gecko) Chrome/112.0.5615.138 Safari/537.36"
116.68.97.187 - - [20/Oct/2025:03:23:03 -0400] "POST /xmlrpc.php HTTP/1.1" 200 403 "-" "Mozilla/5.0 (Windows NT 6.3; arm64) AppleWebKit/537.36 (KHTML, like Gecko) Chrome/113.0.0.0 Safari/537.36"
142.44.225.70 - - [20/Oct/2025:03:23:05 -0400] "GET /category/health/general-health/page/13/ HTTP/1.1" 200 79699 "-" "Mozilla/5.0 (compatible; AhrefsBot/7.0; +http://ahrefs.com/robot/)"
