116.68.97.187 - - [20/Oct/2025:02:26:07 -0400] "POST /xmlrpc.php HTTP/1.1" 200 403 "-" "Mozilla/5.0 (X11; Ubuntu; Linux x86_64; x64) AppleWebKit/537.36 (KHTML, like Gecko) Safari/10.0.0.0 Safari/537.36"
159.69.71.83 - - [20/Oct/2025:02:26:19 -0400] "POST /xmlrpc.php HTTP/1.1" 200 401 "-" "Mozilla/5.0 (Windows NT 10.0; Win64; x64) AppleWebKit/537.36 (KHTML, like Gecko) Chrome/66.0.3359.170 Safari/537.36 OPR/53.0.2907.68"
35.208.210.206 - - [20/Oct/2025:02:26:23 -0400] "GET /juve-beauty-cream/ HTTP/1.1" 200 89432 "-" "Buck/2.4.5; (+https://app.hypefactors.com/media-monitoring/about.html)"
35.208.210.206 - - [20/Oct/2025:02:27:02 -0400] "GET /lumanere-facial-serum/ HTTP/1.1" 200 86788 "-" "Buck/2.4.5; (+https://app.hypefactors.com/media-monitoring/about.html)"
116.68.97.187 - - [20/Oct/2025:02:27:07 -0400] "POST /xmlrpc.php HTTP/1.1" 200 403 "-" "Mozilla/5.0 (Windows NT 10.0; arm64) AppleWebKit/537.36 (KHTML, like Gecko) Chrome/95.0.0.0 Safari/537.36"
66.249.68.3 - - [20/Oct/2025:02:27:43 -0400] "GET /juneau-skin-serum/ HTTP/1.1" 200 54256 "-" "Mozilla/5.0 (Linux; Android 6.0.1; Nexus 5X Build/MMB29P) AppleWebKit/537.36 (KHTML, like Gecko) Chrome/140.0.7339.207 Mobile Safari/537.36 (compatible; Googlebot/2.1; +http://www.google.com/bot.html)"
35.208.210.206 - - [20/Oct/2025:02:27:48 -0400] "GET /trim-pill-keto/ HTTP/1.1" 200 85928 "-" "Buck/2.4.5; (+https://app.hypefactors.com/media-monitoring/about.html)"
54.39.136.195 - - [20/Oct/2025:02:28:06 -0400] "GET /wp-sitemap.xml HTTP/1.1" 200 706 "-" "Mozilla/5.0 (compatible; AhrefsBot/7.0; +http://ahrefs.com/robot/)"
51.161.37.137 - - [20/Oct/2025:02:28:08 -0400] "GET /wp-sitemap-posts-post-1.xml HTTP/1.1" 200 85580 "-" "Mozilla/5.0 (compatible; AhrefsBot/7.0; +http://ahrefs.com/robot/)"
116.68.97.187 - - [20/Oct/2025:02:28:08 -0400] "POST /xmlrpc.php HTTP/1.1" 200 403 "-" "Mozilla/5.0 (Windows NT 6.3; x86) AppleWebKit/537.36 (KHTML, like Gecko) Opera/77.0.0.0 Safari/537.36"
15.235.27.225 - - [20/Oct/2025:02:28:10 -0400] "GET /wp-sitemap-posts-page-1.xml HTTP/1.1" 200 1427 "-" "Mozilla/5.0 (compatible; AhrefsBot/7.0; +http://ahrefs.com/robot/)"
142.44.220.246 - - [20/Oct/2025:02:28:12 -0400] "GET /wp-sitemap-taxonomies-category-1.xml HTTP/1.1" 200 1484 "-" "Mozilla/5.0 (compatible; AhrefsBot/7.0; +http://ahrefs.com/robot/)"
142.44.225.7 - - [20/Oct/2025:02:28:13 -0400] "GET /wp-sitemap-taxonomies-post_tag-1.xml HTTP/1.1" 200 464 "-" "Mozilla/5.0 (compatible; AhrefsBot/7.0; +http://ahrefs.com/robot/)"
148.113.128.183 - - [20/Oct/2025:02:28:15 -0400] "GET /wp-sitemap-taxonomies-post_format-1.xml HTTP/1.1" 200 244 "-" "Mozilla/5.0 (compatible; AhrefsBot/7.0; +http://ahrefs.com/robot/)"
35.208.210.206 - - [20/Oct/2025:02:28:15 -0400] "GET /slim-fit-180/ HTTP/1.1" 200 89842 "-" "Buck/2.4.5; (+https://app.hypefactors.com/media-monitoring/about.html)"
54.39.210.43 - - [20/Oct/2025:02:28:17 -0400] "GET /wp-sitemap-users-1.xml HTTP/1.1" 200 964 "-" "Mozilla/5.0 (compatible; AhrefsBot/7.0; +http://ahrefs.com/robot/)"
35.208.210.206 - - [20/Oct/2025:02:28:51 -0400] "GET /keto-burn-xtreme/ HTTP/1.1" 200 85229 "-" "Buck/2.4.5; (+https://app.hypefactors.com/media-monitoring/about.html)"
116.68.97.187 - - [20/Oct/2025:02:29:07 -0400] "POST /xmlrpc.php HTTP/1.1" 200 403 "-" "Mozilla/5.0 (Macintosh; Intel Mac OS X 10_15_7; x86) AppleWebKit/537.36 (KHTML, like Gecko) Safari/14.0.0.0 Safari/537.36"
35.208.210.206 - - [20/Oct/2025:02:29:21 -0400] "GET /luxura-garcinia-diet/ HTTP/1.1" 200 87004 "-" "Buck/2.4.5; (+https://app.hypefactors.com/media-monitoring/about.html)"
205.251.153.4 - - [20/Oct/2025:02:29:42 -0400] "POST /xmlrpc.php HTTP/1.1" 200 401 "-" "Mozilla/5.0 (Macintosh; Intel Mac OS X 10_13_1) AppleWebKit/537.36 (KHTML, like Gecko) Chrome/66.0.3359.181 Safari/537.36"
35.208.210.206 - - [20/Oct/2025:02:29:58 -0400] "GET /up-a-cup-breast-enhancement-cream/ HTTP/1.1" 200 82332 "-" "Buck/2.4.5; (+https://app.hypefactors.com/media-monitoring/about.html)"
51.81.2.86 - - [20/Oct/2025:02:30:07 -0400] "GET /wp-login.php HTTP/1.1" 200 5973 "-" "Mozilla/5.0 (Windows NT 10.0; WOW64; Trident/7.0; NMTE; rv:11.0) like Gecko"
51.81.2.86 - - [20/Oct/2025:02:30:10 -0400] "POST /wp-login.php HTTP/1.1" 200 6410 "https://herintalk.com/wp-login.php" "Mozilla/5.0 (Windows NT 10.0; WOW64; Trident/7.0; NMTE; rv:11.0) like Gecko"
116.68.97.187 - - [20/Oct/2025:02:30:10 -0400] "POST /xmlrpc.php HTTP/1.1" 200 403 "-" "Mozilla/5.0 (X11; Ubuntu; Linux x86_64; x64) AppleWebKit/537.36 (KHTML, like Gecko) Safari/10.0.0.0 Safari/537.36"
35.208.210.206 - - [20/Oct/2025:02:30:34 -0400] "GET /nuvolexa-reviews/ HTTP/1.1" 200 88580 "-" "Buck/2.4.5; (+https://app.hypefactors.com/media-monitoring/about.html)"
116.68.97.187 - - [20/Oct/2025:02:31:08 -0400] "POST /xmlrpc.php HTTP/1.1" 200 403 "-" "Mozilla/5.0 (Windows NT 6.2; x86) AppleWebKit/537.36 (KHTML, like Gecko) Chrome/112.0.0.0 Safari/537.36"
216.73.216.87 - - [20/Oct/2025:02:31:11 -0400] "GET /dermafixa-collagen-serum HTTP/1.1" 301 - "-" "Mozilla/5.0 AppleWebKit/537.36 (KHTML, like Gecko; compatible; ClaudeBot/1.0; [email protected])"
35.208.210.206 - - [20/Oct/2025:02:31:11 -0400] "GET /top-5-grooming-tips-for-business-women-to-stay-in-style/ HTTP/1.1" 200 88354 "-" "Buck/2.4.5; (+https://app.hypefactors.com/media-monitoring/about.html)"
216.73.216.87 - - [20/Oct/2025:02:31:13 -0400] "GET /dermafixa-collagen-serum/ HTTP/1.1" 200 91557 "https://herintalk.com/dermafixa-collagen-serum" "Mozilla/5.0 AppleWebKit/537.36 (KHTML, like Gecko; compatible; ClaudeBot/1.0; [email protected])"
160.20.4.122 - - [20/Oct/2025:02:32:01 -0400] "GET /wp-content/uploads/2014/05/Weight-Loss.jpg HTTP/1.1" 200 25014 "-" "Mozilla/5.0 (X11; Linux x86_64) AppleWebKit/537.36 (KHTML, like Gecko) Chrome/121.0.0.0 Safari/537.36"
116.68.97.187 - - [20/Oct/2025:02:32:08 -0400] "POST /xmlrpc.php HTTP/1.1" 200 403 "-" "Mozilla/5.0 (Macintosh; Intel Mac OS X 10_15_7; arm64) AppleWebKit/537.36 (KHTML, like Gecko) Safari/15.0.0.0 Safari/537.36"
216.73.216.87 - - [20/Oct/2025:02:32:12 -0400] "GET /?p=8711 HTTP/1.1" 301 - "-" "Mozilla/5.0 AppleWebKit/537.36 (KHTML, like Gecko; compatible; ClaudeBot/1.0; [email protected])"
216.73.216.87 - - [20/Oct/2025:02:32:12 -0400] "GET /capillique/ HTTP/1.1" 200 86316 "https://herintalk.com/?p=8711" "Mozilla/5.0 AppleWebKit/537.36 (KHTML, like Gecko; compatible; ClaudeBot/1.0; [email protected])"
15.235.27.51 - - [20/Oct/2025:02:33:04 -0400] "GET /category/parenting/ HTTP/1.1" 200 81201 "-" "Mozilla/5.0 (compatible; AhrefsBot/7.0; +http://ahrefs.com/robot/)"
116.68.97.187 - - [20/Oct/2025:02:33:08 -0400] "POST /xmlrpc.php HTTP/1.1" 200 403 "-" "Mozilla/5.0 (Linux; Android 10; arm64) AppleWebKit/537.36 (KHTML, like Gecko) Opera/80.0.0.0 Safari/537.36"
89.248.172.183 - - [20/Oct/2025:02:33:46 -0400] "POST /wp-json/tdw/save_css HTTP/1.1" 401 98 "-" "Mozilla/5.0 (Windows NT 10.0) AppleWebKit/537.36 (KHTML, like Gecko) Chrome/104.0.0.0 Safari/537.36"
116.68.97.187 - - [20/Oct/2025:02:34:07 -0400] "POST /xmlrpc.php HTTP/1.1" 200 403 "-" "Mozilla/5.0 (Macintosh; Intel Mac OS X 10_15_7; arm64) AppleWebKit/537.36 (KHTML, like Gecko) Chrome/80.0.0.0 Safari/537.36"
213.136.93.171 - - [20/Oct/2025:02:34:36 -0400] "POST /wp-login.php HTTP/1.1" 200 6428 "https://herintalk.com" "Mozilla/5.0 (Macintosh; Intel Mac OS X 10_15_7) AppleWebKit/537.36 (KHTML, like Gecko) Chrome/116.0.5845.96 Safari/537.36"
122.17.166.228 - - [20/Oct/2025:02:34:49 -0400] "POST /xmlrpc.php HTTP/1.1" 200 401 "-" "Mozilla/5.0 (Windows NT 6.1; Trident/7.0; BOIE9;ENUS; rv:11.0) like Gecko"
114.119.156.44 - - [20/Oct/2025:02:34:55 -0400] "GET /9-rules-of-drinking-absolute-no-nos-while-boozing/ HTTP/1.1" 200 59357 "https://herintalk.com/wp-sitemap-posts-post-1.xml" "Mozilla/5.0 (Linux; Android 7.0;) AppleWebKit/537.36 (KHTML, like Gecko) Mobile Safari/537.36 (compatible; PetalBot;+https://webmaster.petalsearch.com/site/petalbot)"
116.68.97.187 - - [20/Oct/2025:02:35:11 -0400] "POST /xmlrpc.php HTTP/1.1" 200 403 "-" "Mozilla/5.0 (Windows NT 10.0; x86) AppleWebKit/537.36 (KHTML, like Gecko) Chrome/92.0.0.0 Safari/537.36"
116.68.97.187 - - [20/Oct/2025:02:36:08 -0400] "POST /xmlrpc.php HTTP/1.1" 200 403 "-" "Mozilla/5.0 (Windows NT 6.2; x64) AppleWebKit/537.36 (KHTML, like Gecko) Edge/84.0.0.0 Safari/537.36"
116.68.97.187 - - [20/Oct/2025:02:37:07 -0400] "POST /xmlrpc.php HTTP/1.1" 200 403 "-" "Mozilla/5.0 (X11; Ubuntu; Linux x86_64; arm64) AppleWebKit/537.36 (KHTML, like Gecko) Opera/60.0.0.0 Safari/537.36"
51.222.168.140 - - [20/Oct/2025:02:37:48 -0400] "GET /category/beauty/?filter_by=featured HTTP/1.1" 200 92518 "-" "Mozilla/5.0 (compatible; AhrefsBot/7.0; +http://ahrefs.com/robot/)"
116.68.97.187 - - [20/Oct/2025:02:38:08 -0400] "POST /xmlrpc.php HTTP/1.1" 200 403 "-" "Mozilla/5.0 (Windows NT 6.2; x86) AppleWebKit/537.36 (KHTML, like Gecko) Firefox/81.0.0.0 Safari/537.36"
89.248.172.183 - - [20/Oct/2025:02:38:18 -0400] "POST /wp-json/tdw/save_css HTTP/1.1" 401 98 "-" "Mozilla/5.0 (Windows NT 10.0) AppleWebKit/537.36 (KHTML, like Gecko) Chrome/104.0.0.0 Safari/537.36"
116.68.97.187 - - [20/Oct/2025:02:39:07 -0400] "POST /xmlrpc.php HTTP/1.1" 200 403 "-" "Mozilla/5.0 (X11; Ubuntu; Linux x86_64; x64) AppleWebKit/537.36 (KHTML, like Gecko) Safari/10.0.0.0 Safari/537.36"
40.77.167.9 - - [20/Oct/2025:02:39:56 -0400] "GET /11066czok1b2ko334d HTTP/1.1" 301 - "-" "Mozilla/5.0 AppleWebKit/537.36 (KHTML, like Gecko; compatible; bingbot/2.0; +http://www.bing.com/bingbot.htm) Chrome/116.0.1938.76 Safari/537.36"
116.68.97.187 - - [20/Oct/2025:02:40:10 -0400] "POST /xmlrpc.php HTTP/1.1" 200 403 "-" "Mozilla/5.0 (Linux; Android 10; arm64) AppleWebKit/537.36 (KHTML, like Gecko) Safari/10.0.0.0 Safari/537.36"
162.144.234.153 - - [20/Oct/2025:02:40:28 -0400] "POST /xmlrpc.php HTTP/1.1" 200 401 "-" "Mozilla/5.0 (Windows NT 6.1) AppleWebKit/537.36 (KHTML, like Gecko) Chrome/67.0.3396.79 Safari/537.36"
116.68.97.187 - - [20/Oct/2025:02:41:07 -0400] "POST /xmlrpc.php HTTP/1.1" 200 403 "-" "Mozilla/5.0 (X11; Ubuntu; Linux x86_64; x64) AppleWebKit/537.36 (KHTML, like Gecko) Chrome/107.0.0.0 Safari/537.36"
15.235.96.69 - - [20/Oct/2025:02:41:50 -0400] "GET /category/health/general-health/?filter_by=featured HTTP/1.1" 200 93366 "-" "Mozilla/5.0 (compatible; AhrefsBot/7.0; +http://ahrefs.com/robot/)"
20.253.155.235 - - [20/Oct/2025:02:41:53 -0400] "POST /xmlrpc.php HTTP/1.1" 200 401 "-" "Mozilla/5.0 (Windows NT 6.1; WOW64) AppleWebKit/537.36 (KHTML, like Gecko) Chrome/65.0.3325.146 Safari/537.36"
116.68.97.187 - - [20/Oct/2025:02:42:09 -0400] "POST /xmlrpc.php HTTP/1.1" 200 403 "-" "Mozilla/5.0 (X11; Ubuntu; Linux x86_64; x86) AppleWebKit/537.36 (KHTML, like Gecko) Edge/81.0.0.0 Safari/537.36"
188.166.45.210 - - [20/Oct/2025:02:42:17 -0400] "POST /wp-login.php HTTP/1.1" 200 6277 "https://herintalk.com" "Mozilla/5.0 (Macintosh; Intel Mac OS X 10_15_7; rv:126.0) Gecko/20100101 Firefox/126.0"
216.73.216.87 - - [20/Oct/2025:02:42:25 -0400] "GET /?p=8943 HTTP/1.1" 301 - "-" "Mozilla/5.0 AppleWebKit/537.36 (KHTML, like Gecko; compatible; ClaudeBot/1.0; [email protected])"
216.73.216.87 - - [20/Oct/2025:02:42:26 -0400] "GET /max-gain-xtreme-and-max-test-xtreme/ HTTP/1.1" 200 90257 "https://herintalk.com/?p=8943" "Mozilla/5.0 AppleWebKit/537.36 (KHTML, like Gecko; compatible; ClaudeBot/1.0; [email protected])"
116.68.97.187 - - [20/Oct/2025:02:43:04 -0400] "POST /xmlrpc.php HTTP/1.1" 200 403 "-" "Mozilla/5.0 (Macintosh; Intel Mac OS X 10_15_7; arm64) AppleWebKit/537.36 (KHTML, like Gecko) Safari/11.0.0.0 Safari/537.36"
116.68.97.187 - - [20/Oct/2025:02:44:04 -0400] "POST /xmlrpc.php HTTP/1.1" 200 403 "-" "Mozilla/5.0 (Windows NT 10.0; x86) AppleWebKit/537.36 (KHTML, like Gecko) Firefox/88.0.0.0 Safari/537.36"
116.68.97.187 - - [20/Oct/2025:02:45:04 -0400] "POST /xmlrpc.php HTTP/1.1" 200 403 "-" "Mozilla/5.0 (Windows NT 6.2; x64) AppleWebKit/537.36 (KHTML, like Gecko) Chrome/96.0.0.0 Safari/537.36"
217.76.158.60 - - [20/Oct/2025:02:45:26 -0400] "POST /xmlrpc.php HTTP/1.1" 200 401 "-" "Mozilla/5.0 (compatible; MSIE 9.0; Windows NT 6.1; WOW64; Trident/7.0; Swinburne)"
216.73.216.87 - - [20/Oct/2025:02:45:29 -0400] "GET /robots.txt HTTP/1.1" 200 114 "-" "Mozilla/5.0 AppleWebKit/537.36 (KHTML, like Gecko; compatible; ClaudeBot/1.0; [email protected])"
216.73.216.87 - - [20/Oct/2025:02:45:30 -0400] "GET /lyft-muscle-pro HTTP/1.1" 301 - "-" "Mozilla/5.0 AppleWebKit/537.36 (KHTML, like Gecko; compatible; ClaudeBot/1.0; [email protected])"
216.73.216.87 - - [20/Oct/2025:02:45:31 -0400] "GET /lyft-muscle-pro/ HTTP/1.1" 200 89830 "https://herintalk.com/lyft-muscle-pro" "Mozilla/5.0 AppleWebKit/537.36 (KHTML, like Gecko; compatible; ClaudeBot/1.0; [email protected])"
148.113.130.11 - - [20/Oct/2025:02:45:38 -0400] "GET /category/health/weight-loss/?filter_by=random_posts HTTP/1.1" 200 93129 "-" "Mozilla/5.0 (compatible; AhrefsBot/7.0; +http://ahrefs.com/robot/)"
116.68.97.187 - - [20/Oct/2025:02:46:04 -0400] "POST /xmlrpc.php HTTP/1.1" 200 403 "-" "Mozilla/5.0 (Macintosh; Intel Mac OS X 10_15_7; arm64) AppleWebKit/537.36 (KHTML, like Gecko) Edge/81.0.0.0 Safari/537.36"
2a01:4f8:1c1c:f5b0::1 - - [20/Oct/2025:02:46:06 -0400] "POST /wp-login.php HTTP/1.1" 200 6277 "https://herintalk.com" "Mozilla/5.0 (Windows NT 10.0; Win64; x64) AppleWebKit/537.36 (KHTML, like Gecko) Chrome/112.0.5615.138 Safari/537.36 Edg/112.0.1722.68"
188.164.198.78 - - [20/Oct/2025:02:46:09 -0400] "GET /wp-login.php HTTP/1.1" 200 5973 "-" "Mozilla/5.0 (Windows NT 10.0; WOW64; Trident/7.0; TNJB; rv:11.0) like Gecko"
188.164.198.78 - - [20/Oct/2025:02:46:10 -0400] "POST /wp-login.php HTTP/1.1" 200 6410 "https://herintalk.com/wp-login.php" "Mozilla/5.0 (Windows NT 10.0; WOW64; Trident/7.0; TNJB; rv:11.0) like Gecko"
116.68.97.187 - - [20/Oct/2025:02:47:04 -0400] "POST /xmlrpc.php HTTP/1.1" 200 403 "-" "Mozilla/5.0 (Windows NT 6.2; arm64) AppleWebKit/537.36 (KHTML, like Gecko) Chrome/91.0.0.0 Safari/537.36"
116.68.97.187 - - [20/Oct/2025:02:48:04 -0400] "POST /xmlrpc.php HTTP/1.1" 200 403 "-" "Mozilla/5.0 (Macintosh; Intel Mac OS X 10_15_7; x86) AppleWebKit/537.36 (KHTML, like Gecko) Safari/13.0.0.0 Safari/537.36"
116.68.97.187 - - [20/Oct/2025:02:49:04 -0400] "POST /xmlrpc.php HTTP/1.1" 200 403 "-" "Mozilla/5.0 (Windows NT 6.3; x64) AppleWebKit/537.36 (KHTML, like Gecko) Chrome/99.0.0.0 Safari/537.36"
216.73.216.87 - - [20/Oct/2025:02:49:16 -0400] "GET /hydro-muscle-max-uk HTTP/1.1" 301 - "-" "Mozilla/5.0 AppleWebKit/537.36 (KHTML, like Gecko; compatible; ClaudeBot/1.0; [email protected])"
216.73.216.87 - - [20/Oct/2025:02:49:16 -0400] "GET /treasured-cbd-oil HTTP/1.1" 301 - "-" "Mozilla/5.0 AppleWebKit/537.36 (KHTML, like Gecko; compatible; ClaudeBot/1.0; [email protected])"
216.73.216.87 - - [20/Oct/2025:02:49:17 -0400] "GET /treasured-cbd-oil/ HTTP/1.1" 200 85542 "https://herintalk.com/treasured-cbd-oil" "Mozilla/5.0 AppleWebKit/537.36 (KHTML, like Gecko; compatible; ClaudeBot/1.0; [email protected])"
216.73.216.87 - - [20/Oct/2025:02:49:17 -0400] "GET /hydro-muscle-max-uk/ HTTP/1.1" 200 91014 "https://herintalk.com/hydro-muscle-max-uk" "Mozilla/5.0 AppleWebKit/537.36 (KHTML, like Gecko; compatible; ClaudeBot/1.0; [email protected])"
188.164.194.201 - - [20/Oct/2025:02:49:59 -0400] "POST /wp-login.php HTTP/1.1" 200 6277 "https://herintalk.com" "Mozilla/5.0 (Windows NT 10.0; Win64; x64; rv:125.0.1) Gecko/20100101 Firefox/125.0.1"
116.68.97.187 - - [20/Oct/2025:02:50:04 -0400] "POST /xmlrpc.php HTTP/1.1" 200 403 "-" "Mozilla/5.0 (Windows NT 10.0; x64) AppleWebKit/537.36 (KHTML, like Gecko) Safari/13.0.0.0 Safari/537.36"
54.39.210.78 - - [20/Oct/2025:02:50:06 -0400] "GET /category/celebs/?filter_by=popular7 HTTP/1.1" 200 67971 "-" "Mozilla/5.0 (compatible; AhrefsBot/7.0; +http://ahrefs.com/robot/)"
116.68.97.187 - - [20/Oct/2025:02:51:04 -0400] "POST /xmlrpc.php HTTP/1.1" 200 403 "-" "Mozilla/5.0 (Linux; Android 10; x64) AppleWebKit/537.36 (KHTML, like Gecko) Firefox/92.0.0.0 Safari/537.36"
185.225.22.28 - - [20/Oct/2025:02:51:37 -0400] "POST /xmlrpc.php HTTP/1.1" 200 401 "-" "Mozilla/5.0 (Windows NT 6.3; WOW64; Trident/7.0; Touch; MASAJS; rv:11.0) like Gecko"
216.73.216.87 - - [20/Oct/2025:02:51:38 -0400] "GET /slimphen-reviews HTTP/1.1" 301 - "-" "Mozilla/5.0 AppleWebKit/537.36 (KHTML, like Gecko; compatible; ClaudeBot/1.0; [email protected])"
216.73.216.87 - - [20/Oct/2025:02:51:39 -0400] "GET /slimphen-reviews/ HTTP/1.1" 200 90072 "https://herintalk.com/slimphen-reviews" "Mozilla/5.0 AppleWebKit/537.36 (KHTML, like Gecko; compatible; ClaudeBot/1.0; [email protected])"
116.68.97.187 - - [20/Oct/2025:02:52:04 -0400] "POST /xmlrpc.php HTTP/1.1" 200 403 "-" "Mozilla/5.0 (Windows NT 6.3; x86) AppleWebKit/537.36 (KHTML, like Gecko) Chrome/113.0.0.0 Safari/537.36"
116.68.97.187 - - [20/Oct/2025:02:53:04 -0400] "POST /xmlrpc.php HTTP/1.1" 200 403 "-" "Mozilla/5.0 (Windows NT 6.2; arm64) AppleWebKit/537.36 (KHTML, like Gecko) Chrome/103.0.0.0 Safari/537.36"
52.167.144.183 - - [20/Oct/2025:02:53:18 -0400] "GET /category/health/breast-enhancement/ HTTP/1.1" 200 73718 "-" "Mozilla/5.0 AppleWebKit/537.36 (KHTML, like Gecko; compatible; bingbot/2.0; +http://www.bing.com/bingbot.htm) Chrome/116.0.1938.76 Safari/537.36"
89.46.106.152 - - [20/Oct/2025:02:53:47 -0400] "POST /wp-login.php HTTP/1.1" 200 6277 "https://herintalk.com" "Mozilla/5.0 (Windows NT 10.0; Win64; x64; rv:126.0) Gecko/20100101 Firefox/126.0"
148.113.130.37 - - [20/Oct/2025:02:53:56 -0400] "GET /category/health/sexual-wellness/?filter_by=popular HTTP/1.1" 200 92385 "-" "Mozilla/5.0 (compatible; AhrefsBot/7.0; +http://ahrefs.com/robot/)"
116.68.97.187 - - [20/Oct/2025:02:54:04 -0400] "POST /xmlrpc.php HTTP/1.1" 200 403 "-" "Mozilla/5.0 (Macintosh; Intel Mac OS X 10_15_7; x64) AppleWebKit/537.36 (KHTML, like Gecko) Firefox/74.0.0.0 Safari/537.36"
116.68.97.187 - - [20/Oct/2025:02:55:04 -0400] "POST /xmlrpc.php HTTP/1.1" 200 403 "-" "Mozilla/5.0 (Windows NT 6.2; x86) AppleWebKit/537.36 (KHTML, like Gecko) Edge/80.0.0.0 Safari/537.36"
203.210.237.200 - - [20/Oct/2025:02:55:20 -0400] "POST /xmlrpc.php HTTP/1.1" 200 401 "-" "Mozilla/5.0+(Windows+NT+6.3;+WOW64;+Trident/7.0;+rv:11.0)+like+Gecko"
20.171.207.109 - - [20/Oct/2025:02:55:20 -0400] "GET /money-matters-money-tips-married-couples/couples-fighting/ HTTP/1.1" 200 68279 "-" "Mozilla/5.0 AppleWebKit/537.36 (KHTML, like Gecko; compatible; GPTBot/1.2; +https://openai.com/gptbot)"
20.171.207.109 - - [20/Oct/2025:02:55:23 -0400] "GET /find-dos-donts-eyebrows-shaping/5-4/ HTTP/1.1" 200 67937 "-" "Mozilla/5.0 AppleWebKit/537.36 (KHTML, like Gecko; compatible; GPTBot/1.2; +https://openai.com/gptbot)"
20.171.207.109 - - [20/Oct/2025:02:55:26 -0400] "GET /wp-content/uploads/2014/06/couples-fighting.jpg HTTP/1.1" 200 170172 "-" "Mozilla/5.0 AppleWebKit/537.36 (KHTML, like Gecko; compatible; GPTBot/1.2; +https://openai.com/gptbot)"
20.171.207.109 - - [20/Oct/2025:02:55:28 -0400] "GET /wp-content/uploads/2014/06/couple-150x150.jpg HTTP/1.1" 404 60916 "-" "Mozilla/5.0 AppleWebKit/537.36 (KHTML, like Gecko; compatible; GPTBot/1.2; +https://openai.com/gptbot)"
20.171.207.109 - - [20/Oct/2025:02:55:31 -0400] "GET /?p=2507 HTTP/1.1" 301 - "-" "Mozilla/5.0 AppleWebKit/537.36 (KHTML, like Gecko; compatible; GPTBot/1.2; +https://openai.com/gptbot)"
20.171.207.109 - - [20/Oct/2025:02:55:32 -0400] "GET /money-matters-money-tips-married-couples/couples-fighting/ HTTP/1.1" 200 68279 "-" "Mozilla/5.0 AppleWebKit/537.36 (KHTML, like Gecko; compatible; GPTBot/1.2; +https://openai.com/gptbot)"
216.73.216.87 - - [20/Oct/2025:02:55:32 -0400] "GET /genesis-renew-serum HTTP/1.1" 301 - "-" "Mozilla/5.0 AppleWebKit/537.36 (KHTML, like Gecko; compatible; ClaudeBot/1.0; [email protected])"
20.171.207.109 - - [20/Oct/2025:02:55:33 -0400] "GET /wp-content/uploads/2014/06/financial-compatibility-150x150.jpg HTTP/1.1" 200 7489 "-" "Mozilla/5.0 AppleWebKit/537.36 (KHTML, like Gecko; compatible; GPTBot/1.2; +https://openai.com/gptbot)"
216.73.216.87 - - [20/Oct/2025:02:55:33 -0400] "GET /genesis-renew-serum/ HTTP/1.1" 200 91233 "https://herintalk.com/genesis-renew-serum" "Mozilla/5.0 AppleWebKit/537.36 (KHTML, like Gecko; compatible; ClaudeBot/1.0; [email protected])"
20.171.207.109 - - [20/Oct/2025:02:55:35 -0400] "GET /money-matters-money-tips-married-couples/financial-compatibility/ HTTP/1.1" 200 68306 "-" "Mozilla/5.0 AppleWebKit/537.36 (KHTML, like Gecko; compatible; GPTBot/1.2; +https://openai.com/gptbot)"
20.171.207.109 - - [20/Oct/2025:02:55:37 -0400] "GET /wp-content/uploads/2014/07/53.jpg HTTP/1.1" 200 730885 "-" "Mozilla/5.0 AppleWebKit/537.36 (KHTML, like Gecko; compatible; GPTBot/1.2; +https://openai.com/gptbot)"
20.171.207.109 - - [20/Oct/2025:02:55:39 -0400] "GET /wp-content/uploads/2014/07/4-150x150.gif HTTP/1.1" 200 9633 "-" "Mozilla/5.0 AppleWebKit/537.36 (KHTML, like Gecko; compatible; GPTBot/1.2; +https://openai.com/gptbot)"
20.171.207.109 - - [20/Oct/2025:02:55:40 -0400] "GET /money-matters-money-tips-married-couples/couple-2/ HTTP/1.1" 200 67827 "-" "Mozilla/5.0 AppleWebKit/537.36 (KHTML, like Gecko; compatible; GPTBot/1.2; +https://openai.com/gptbot)"
20.171.207.109 - - [20/Oct/2025:02:55:42 -0400] "GET /wp-content/uploads/2014/07/41-150x150.gif HTTP/1.1" 200 9579 "-" "Mozilla/5.0 AppleWebKit/537.36 (KHTML, like Gecko; compatible; GPTBot/1.2; +https://openai.com/gptbot)"
20.171.207.109 - - [20/Oct/2025:02:55:43 -0400] "GET /find-dos-donts-eyebrows-shaping/4-8/ HTTP/1.1" 200 67499 "-" "Mozilla/5.0 AppleWebKit/537.36 (KHTML, like Gecko; compatible; GPTBot/1.2; +https://openai.com/gptbot)"
20.171.207.109 - - [20/Oct/2025:02:55:44 -0400] "GET /find-dos-donts-eyebrows-shaping/4-5/ HTTP/1.1" 200 67935 "-" "Mozilla/5.0 AppleWebKit/537.36 (KHTML, like Gecko; compatible; GPTBot/1.2; +https://openai.com/gptbot)"
20.171.207.109 - - [20/Oct/2025:02:55:46 -0400] "GET /?p=2508 HTTP/1.1" 301 - "-" "Mozilla/5.0 AppleWebKit/537.36 (KHTML, like Gecko; compatible; GPTBot/1.2; +https://openai.com/gptbot)"
20.171.207.109 - - [20/Oct/2025:02:55:46 -0400] "GET /money-matters-money-tips-married-couples/financial-compatibility/ HTTP/1.1" 200 68306 "-" "Mozilla/5.0 AppleWebKit/537.36 (KHTML, like Gecko; compatible; GPTBot/1.2; +https://openai.com/gptbot)"
20.171.207.109 - - [20/Oct/2025:02:55:48 -0400] "GET /wp-content/uploads/2014/06/money-2-150x150.jpg HTTP/1.1" 200 9613 "-" "Mozilla/5.0 AppleWebKit/537.36 (KHTML, like Gecko; compatible; GPTBot/1.2; +https://openai.com/gptbot)"
20.171.207.109 - - [20/Oct/2025:02:55:49 -0400] "GET /wp-json/wp/v2/media/2507 HTTP/1.1" 200 4417 "-" "Mozilla/5.0 AppleWebKit/537.36 (KHTML, like Gecko; compatible; GPTBot/1.2; +https://openai.com/gptbot)"
20.171.207.109 - - [20/Oct/2025:02:55:50 -0400] "GET /?p=2506 HTTP/1.1" 301 - "-" "Mozilla/5.0 AppleWebKit/537.36 (KHTML, like Gecko; compatible; GPTBot/1.2; +https://openai.com/gptbot)"
20.171.207.109 - - [20/Oct/2025:02:55:51 -0400] "GET /money-matters-money-tips-married-couples/couple-2/ HTTP/1.1" 200 67827 "-" "Mozilla/5.0 AppleWebKit/537.36 (KHTML, like Gecko; compatible; GPTBot/1.2; +https://openai.com/gptbot)"
20.171.207.109 - - [20/Oct/2025:02:55:52 -0400] "GET /?p=2766 HTTP/1.1" 301 - "-" "Mozilla/5.0 AppleWebKit/537.36 (KHTML, like Gecko; compatible; GPTBot/1.2; +https://openai.com/gptbot)"
20.171.207.109 - - [20/Oct/2025:02:55:53 -0400] "GET /find-dos-donts-eyebrows-shaping/5-4/ HTTP/1.1" 200 67937 "-" "Mozilla/5.0 AppleWebKit/537.36 (KHTML, like Gecko; compatible; GPTBot/1.2; +https://openai.com/gptbot)"
20.171.207.109 - - [20/Oct/2025:02:55:54 -0400] "GET /wp-content/uploads/2014/06/couple.jpg HTTP/1.1" 404 60916 "-" "Mozilla/5.0 AppleWebKit/537.36 (KHTML, like Gecko; compatible; GPTBot/1.2; +https://openai.com/gptbot)"
20.171.207.109 - - [20/Oct/2025:02:55:56 -0400] "GET /wp-content/uploads/2014/06/couples-fighting-150x150.jpg HTTP/1.1" 200 8327 "-" "Mozilla/5.0 AppleWebKit/537.36 (KHTML, like Gecko; compatible; GPTBot/1.2; +https://openai.com/gptbot)"
20.171.207.109 - - [20/Oct/2025:02:55:57 -0400] "GET /?p=4554 HTTP/1.1" 301 - "-" "Mozilla/5.0 AppleWebKit/537.36 (KHTML, like Gecko; compatible; GPTBot/1.2; +https://openai.com/gptbot)"
20.171.207.109 - - [20/Oct/2025:02:55:58 -0400] "GET /find-dos-donts-eyebrows-shaping/4-8/ HTTP/1.1" 200 67499 "-" "Mozilla/5.0 AppleWebKit/537.36 (KHTML, like Gecko; compatible; GPTBot/1.2; +https://openai.com/gptbot)"
20.171.207.109 - - [20/Oct/2025:02:55:59 -0400] "GET /money-matters-money-tips-married-couples/couples-fighting/ HTTP/1.1" 200 68279 "-" "Mozilla/5.0 AppleWebKit/537.36 (KHTML, like Gecko; compatible; GPTBot/1.2; +https://openai.com/gptbot)"
20.171.207.109 - - [20/Oct/2025:02:56:00 -0400] "GET /?p=2765 HTTP/1.1" 301 - "-" "Mozilla/5.0 AppleWebKit/537.36 (KHTML, like Gecko; compatible; GPTBot/1.2; +https://openai.com/gptbot)"
20.171.207.109 - - [20/Oct/2025:02:56:01 -0400] "GET /find-dos-donts-eyebrows-shaping/4-5/ HTTP/1.1" 200 67935 "-" "Mozilla/5.0 AppleWebKit/537.36 (KHTML, like Gecko; compatible; GPTBot/1.2; +https://openai.com/gptbot)"
20.171.207.109 - - [20/Oct/2025:02:56:02 -0400] "GET /wp-content/uploads/2014/07/35-150x150.jpg HTTP/1.1" 200 6851 "-" "Mozilla/5.0 AppleWebKit/537.36 (KHTML, like Gecko; compatible; GPTBot/1.2; +https://openai.com/gptbot)"
20.171.207.109 - - [20/Oct/2025:02:56:04 -0400] "GET /wp-content/uploads/2014/07/53-150x150.jpg HTTP/1.1" 200 6497 "-" "Mozilla/5.0 AppleWebKit/537.36 (KHTML, like Gecko; compatible; GPTBot/1.2; +https://openai.com/gptbot)"
116.68.97.187 - - [20/Oct/2025:02:56:04 -0400] "POST /xmlrpc.php HTTP/1.1" 200 403 "-" "Mozilla/5.0 (X11; Ubuntu; Linux x86_64; x86) AppleWebKit/537.36 (KHTML, like Gecko) Edge/94.0.0.0 Safari/537.36"
20.171.207.109 - - [20/Oct/2025:02:56:05 -0400] "GET /wp-content/uploads/2014/06/financial-compatibility.jpg HTTP/1.1" 200 40455 "-" "Mozilla/5.0 AppleWebKit/537.36 (KHTML, like Gecko; compatible; GPTBot/1.2; +https://openai.com/gptbot)"
20.171.207.109 - - [20/Oct/2025:02:56:06 -0400] "GET /wp-content/uploads/2014/07/4.gif HTTP/1.1" 200 89954 "-" "Mozilla/5.0 AppleWebKit/537.36 (KHTML, like Gecko; compatible; GPTBot/1.2; +https://openai.com/gptbot)"
20.171.207.109 - - [20/Oct/2025:02:56:07 -0400] "GET /find-dos-donts-eyebrows-shaping/5-4/ HTTP/1.1" 200 67937 "-" "Mozilla/5.0 AppleWebKit/537.36 (KHTML, like Gecko; compatible; GPTBot/1.2; +https://openai.com/gptbot)"
20.171.207.109 - - [20/Oct/2025:02:56:08 -0400] "GET /find-dos-donts-eyebrows-shaping/5-4/feed/ HTTP/1.1" 200 778 "-" "Mozilla/5.0 AppleWebKit/537.36 (KHTML, like Gecko; compatible; GPTBot/1.2; +https://openai.com/gptbot)"
20.171.207.109 - - [20/Oct/2025:02:56:09 -0400] "GET /money-matters-money-tips-married-couples/money-2/ HTTP/1.1" 200 68153 "-" "Mozilla/5.0 AppleWebKit/537.36 (KHTML, like Gecko; compatible; GPTBot/1.2; +https://openai.com/gptbot)"
20.171.207.109 - - [20/Oct/2025:02:56:11 -0400] "GET /find-dos-donts-eyebrows-shaping/3-7/ HTTP/1.1" 200 67937 "-" "Mozilla/5.0 AppleWebKit/537.36 (KHTML, like Gecko; compatible; GPTBot/1.2; +https://openai.com/gptbot)"
20.171.207.109 - - [20/Oct/2025:02:56:12 -0400] "GET /money-matters-money-tips-married-couples/financial-compatibility/feed/ HTTP/1.1" 200 858 "-" "Mozilla/5.0 AppleWebKit/537.36 (KHTML, like Gecko; compatible; GPTBot/1.2; +https://openai.com/gptbot)"
20.171.207.109 - - [20/Oct/2025:02:56:13 -0400] "GET /find-dos-donts-eyebrows-shaping/4-5/feed/ HTTP/1.1" 200 778 "-" "Mozilla/5.0 AppleWebKit/537.36 (KHTML, like Gecko; compatible; GPTBot/1.2; +https://openai.com/gptbot)"
20.171.207.109 - - [20/Oct/2025:02:56:14 -0400] "GET /wp-json/oembed/1.0/embed?url=https%3A%2F%2Fherintalk.com%2Fmoney-matters-money-tips-married-couples%2Ffinancial-compatibility%2F HTTP/1.1" 200 2444 "-" "Mozilla/5.0 AppleWebKit/537.36 (KHTML, like Gecko; compatible; GPTBot/1.2; +https://openai.com/gptbot)"
20.171.207.109 - - [20/Oct/2025:02:56:15 -0400] "GET /money-matters-money-tips-married-couples/couple-2/feed/ HTTP/1.1" 200 811 "-" "Mozilla/5.0 AppleWebKit/537.36 (KHTML, like Gecko; compatible; GPTBot/1.2; +https://openai.com/gptbot)"
20.171.207.109 - - [20/Oct/2025:02:56:17 -0400] "GET /wp-json/oembed/1.0/embed?url=https%3A%2F%2Fherintalk.com%2Fmoney-matters-money-tips-married-couples%2Fcouple-2%2F HTTP/1.1" 200 2337 "-" "Mozilla/5.0 AppleWebKit/537.36 (KHTML, like Gecko; compatible; GPTBot/1.2; +https://openai.com/gptbot)"
20.171.207.109 - - [20/Oct/2025:02:56:18 -0400] "GET /wp-json/wp/v2/media/2766 HTTP/1.1" 200 3852 "-" "Mozilla/5.0 AppleWebKit/537.36 (KHTML, like Gecko; compatible; GPTBot/1.2; +https://openai.com/gptbot)"
20.171.207.109 - - [20/Oct/2025:02:56:19 -0400] "GET /wp-json/wp/v2/media/2508 HTTP/1.1" 200 4488 "-" "Mozilla/5.0 AppleWebKit/537.36 (KHTML, like Gecko; compatible; GPTBot/1.2; +https://openai.com/gptbot)"
20.171.207.109 - - [20/Oct/2025:02:56:20 -0400] "GET /?p=2509 HTTP/1.1" 301 - "-" "Mozilla/5.0 AppleWebKit/537.36 (KHTML, like Gecko; compatible; GPTBot/1.2; +https://openai.com/gptbot)"
20.171.207.109 - - [20/Oct/2025:02:56:21 -0400] "GET /money-matters-money-tips-married-couples/money-2/ HTTP/1.1" 200 68153 "-" "Mozilla/5.0 AppleWebKit/537.36 (KHTML, like Gecko; compatible; GPTBot/1.2; +https://openai.com/gptbot)"
20.171.207.109 - - [20/Oct/2025:02:56:22 -0400] "GET /?p=2764 HTTP/1.1" 301 - "-" "Mozilla/5.0 AppleWebKit/537.36 (KHTML, like Gecko; compatible; GPTBot/1.2; +https://openai.com/gptbot)"
20.171.207.109 - - [20/Oct/2025:02:56:23 -0400] "GET /find-dos-donts-eyebrows-shaping/3-7/ HTTP/1.1" 200 67937 "-" "Mozilla/5.0 AppleWebKit/537.36 (KHTML, like Gecko; compatible; GPTBot/1.2; +https://openai.com/gptbot)"
20.171.207.109 - - [20/Oct/2025:02:56:24 -0400] "GET /wp-content/uploads/2014/06/money-2.jpg HTTP/1.1" 200 360472 "-" "Mozilla/5.0 AppleWebKit/537.36 (KHTML, like Gecko; compatible; GPTBot/1.2; +https://openai.com/gptbot)"
20.171.207.109 - - [20/Oct/2025:02:56:26 -0400] "GET /wp-content/uploads/2014/06/Money-Matters-150x150.jpg HTTP/1.1" 200 8733 "-" "Mozilla/5.0 AppleWebKit/537.36 (KHTML, like Gecko; compatible; GPTBot/1.2; +https://openai.com/gptbot)"
20.171.207.109 - - [20/Oct/2025:02:56:27 -0400] "GET /wp-content/uploads/2014/07/35.jpg HTTP/1.1" 200 19638 "-" "Mozilla/5.0 AppleWebKit/537.36 (KHTML, like Gecko; compatible; GPTBot/1.2; +https://openai.com/gptbot)"
20.171.207.109 - - [20/Oct/2025:02:56:28 -0400] "GET /wp-content/uploads/2014/07/3-150x150.jpeg HTTP/1.1" 200 6412 "-" "Mozilla/5.0 AppleWebKit/537.36 (KHTML, like Gecko; compatible; GPTBot/1.2; +https://openai.com/gptbot)"
20.171.207.109 - - [20/Oct/2025:02:56:29 -0400] "GET /money-matters-money-tips-married-couples/money-matters/ HTTP/1.1" 200 68153 "-" "Mozilla/5.0 AppleWebKit/537.36 (KHTML, like Gecko; compatible; GPTBot/1.2; +https://openai.com/gptbot)"
20.171.207.109 - - [20/Oct/2025:02:56:30 -0400] "GET /money-matters-money-tips-married-couples/couples-fighting/feed/ HTTP/1.1" 200 837 "-" "Mozilla/5.0 AppleWebKit/537.36 (KHTML, like Gecko; compatible; GPTBot/1.2; +https://openai.com/gptbot)"
20.171.207.109 - - [20/Oct/2025:02:56:32 -0400] "GET /find-dos-donts-eyebrows-shaping/3-6/ HTTP/1.1" 200 67938 "-" "Mozilla/5.0 AppleWebKit/537.36 (KHTML, like Gecko; compatible; GPTBot/1.2; +https://openai.com/gptbot)"
20.171.207.109 - - [20/Oct/2025:02:56:33 -0400] "GET /wp-json/wp/v2/media/4554 HTTP/1.1" 200 2856 "-" "Mozilla/5.0 AppleWebKit/537.36 (KHTML, like Gecko; compatible; GPTBot/1.2; +https://openai.com/gptbot)"
20.171.207.109 - - [20/Oct/2025:02:56:34 -0400] "GET /wp-json/wp/v2/media/2764 HTTP/1.1" 200 3472 "-" "Mozilla/5.0 AppleWebKit/537.36 (KHTML, like Gecko; compatible; GPTBot/1.2; +https://openai.com/gptbot)"
20.171.207.109 - - [20/Oct/2025:02:56:35 -0400] "GET /money-matters-money-tips-married-couples/money-2/feed/ HTTP/1.1" 200 810 "-" "Mozilla/5.0 AppleWebKit/537.36 (KHTML, like Gecko; compatible; GPTBot/1.2; +https://openai.com/gptbot)"
20.171.207.109 - - [20/Oct/2025:02:56:36 -0400] "GET /wp-json/wp/v2/media/2506 HTTP/1.1" 200 3511 "-" "Mozilla/5.0 AppleWebKit/537.36 (KHTML, like Gecko; compatible; GPTBot/1.2; +https://openai.com/gptbot)"
20.171.207.109 - - [20/Oct/2025:02:56:38 -0400] "GET /wp-json/wp/v2/media/2509 HTTP/1.1" 200 3992 "-" "Mozilla/5.0 AppleWebKit/537.36 (KHTML, like Gecko; compatible; GPTBot/1.2; +https://openai.com/gptbot)"
20.171.207.109 - - [20/Oct/2025:02:56:39 -0400] "GET /?p=2510 HTTP/1.1" 301 - "-" "Mozilla/5.0 AppleWebKit/537.36 (KHTML, like Gecko; compatible; GPTBot/1.2; +https://openai.com/gptbot)"
20.171.207.109 - - [20/Oct/2025:02:56:40 -0400] "GET /money-matters-money-tips-married-couples/money-matters/ HTTP/1.1" 200 68153 "-" "Mozilla/5.0 AppleWebKit/537.36 (KHTML, like Gecko; compatible; GPTBot/1.2; +https://openai.com/gptbot)"
20.171.207.109 - - [20/Oct/2025:02:56:41 -0400] "GET /wp-content/uploads/2014/06/Money-Matters.jpg HTTP/1.1" 200 82070 "-" "Mozilla/5.0 AppleWebKit/537.36 (KHTML, like Gecko; compatible; GPTBot/1.2; +https://openai.com/gptbot)"
20.171.207.109 - - [20/Oct/2025:02:56:42 -0400] "GET /wp-json/wp/v2/media/2765 HTTP/1.1" 200 3161 "-" "Mozilla/5.0 AppleWebKit/537.36 (KHTML, like Gecko; compatible; GPTBot/1.2; +https://openai.com/gptbot)"
20.171.207.109 - - [20/Oct/2025:02:56:43 -0400] "GET /?p=2763 HTTP/1.1" 301 - "-" "Mozilla/5.0 AppleWebKit/537.36 (KHTML, like Gecko; compatible; GPTBot/1.2; +https://openai.com/gptbot)"
20.171.207.109 - - [20/Oct/2025:02:56:44 -0400] "GET /find-dos-donts-eyebrows-shaping/3-6/ HTTP/1.1" 200 67938 "-" "Mozilla/5.0 AppleWebKit/537.36 (KHTML, like Gecko; compatible; GPTBot/1.2; +https://openai.com/gptbot)"
20.171.207.109 - - [20/Oct/2025:02:56:46 -0400] "GET /find-dos-donts-eyebrows-shaping/3-7/feed/ HTTP/1.1" 200 778 "-" "Mozilla/5.0 AppleWebKit/537.36 (KHTML, like Gecko; compatible; GPTBot/1.2; +https://openai.com/gptbot)"
20.171.207.109 - - [20/Oct/2025:02:56:47 -0400] "GET /wp-content/uploads/2014/07/25-150x150.jpg HTTP/1.1" 200 7354 "-" "Mozilla/5.0 AppleWebKit/537.36 (KHTML, like Gecko; compatible; GPTBot/1.2; +https://openai.com/gptbot)"
20.171.207.109 - - [20/Oct/2025:02:56:48 -0400] "GET /wp-content/uploads/2014/07/3.jpeg HTTP/1.1" 200 101837 "-" "Mozilla/5.0 AppleWebKit/537.36 (KHTML, like Gecko; compatible; GPTBot/1.2; +https://openai.com/gptbot)"
20.171.207.109 - - [20/Oct/2025:02:56:49 -0400] "GET /money-matters-money-tips-married-couples/money/ HTTP/1.1" 200 68099 "-" "Mozilla/5.0 AppleWebKit/537.36 (KHTML, like Gecko; compatible; GPTBot/1.2; +https://openai.com/gptbot)"
20.171.207.109 - - [20/Oct/2025:02:56:51 -0400] "GET /find-dos-donts-eyebrows-shaping/2-6/ HTTP/1.1" 200 67938 "-" "Mozilla/5.0 AppleWebKit/537.36 (KHTML, like Gecko; compatible; GPTBot/1.2; +https://openai.com/gptbot)"
20.171.207.109 - - [20/Oct/2025:02:56:52 -0400] "GET /wp-json/wp/v2/media/2763 HTTP/1.1" 200 3576 "-" "Mozilla/5.0 AppleWebKit/537.36 (KHTML, like Gecko; compatible; GPTBot/1.2; +https://openai.com/gptbot)"
20.171.207.109 - - [20/Oct/2025:02:56:53 -0400] "GET /find-dos-donts-eyebrows-shaping/3-6/feed/ HTTP/1.1" 200 778 "-" "Mozilla/5.0 AppleWebKit/537.36 (KHTML, like Gecko; compatible; GPTBot/1.2; +https://openai.com/gptbot)"
20.171.207.109 - - [20/Oct/2025:02:56:54 -0400] "GET /money-matters-money-tips-married-couples/money-matters/feed/ HTTP/1.1" 200 828 "-" "Mozilla/5.0 AppleWebKit/537.36 (KHTML, like Gecko; compatible; GPTBot/1.2; +https://openai.com/gptbot)"
20.171.207.109 - - [20/Oct/2025:02:56:55 -0400] "GET /wp-json/oembed/1.0/embed?url=https%3A%2F%2Fherintalk.com%2Fmoney-matters-money-tips-married-couples%2Fcouples-fighting%2F HTTP/1.1" 200 2402 "-" "Mozilla/5.0 AppleWebKit/537.36 (KHTML, like Gecko; compatible; GPTBot/1.2; +https://openai.com/gptbot)"
20.171.207.109 - - [20/Oct/2025:02:56:56 -0400] "GET /wp-json/oembed/1.0/embed?url=https%3A%2F%2Fherintalk.com%2Fmoney-matters-money-tips-married-couples%2Fmoney-2%2F HTTP/1.1" 200 2348 "-" "Mozilla/5.0 AppleWebKit/537.36 (KHTML, like Gecko; compatible; GPTBot/1.2; +https://openai.com/gptbot)"
20.171.207.109 - - [20/Oct/2025:02:56:57 -0400] "GET /wp-json/oembed/1.0/embed?url=https%3A%2F%2Fherintalk.com%2Fmoney-matters-money-tips-married-couples%2Fmoney-matters%2F HTTP/1.1" 200 2375 "-" "Mozilla/5.0 AppleWebKit/537.36 (KHTML, like Gecko; compatible; GPTBot/1.2; +https://openai.com/gptbot)"
20.171.207.109 - - [20/Oct/2025:02:56:59 -0400] "GET /?p=2511 HTTP/1.1" 301 - "-" "Mozilla/5.0 AppleWebKit/537.36 (KHTML, like Gecko; compatible; GPTBot/1.2; +https://openai.com/gptbot)"
20.171.207.109 - - [20/Oct/2025:02:56:59 -0400] "GET /money-matters-money-tips-married-couples/money/ HTTP/1.1" 200 68099 "-" "Mozilla/5.0 AppleWebKit/537.36 (KHTML, like Gecko; compatible; GPTBot/1.2; +https://openai.com/gptbot)"
20.171.207.109 - - [20/Oct/2025:02:57:01 -0400] "GET /?p=2762 HTTP/1.1" 301 - "-" "Mozilla/5.0 AppleWebKit/537.36 (KHTML, like Gecko; compatible; GPTBot/1.2; +https://openai.com/gptbot)"
20.171.207.109 - - [20/Oct/2025:02:57:02 -0400] "GET /find-dos-donts-eyebrows-shaping/2-6/ HTTP/1.1" 200 67938 "-" "Mozilla/5.0 AppleWebKit/537.36 (KHTML, like Gecko; compatible; GPTBot/1.2; +https://openai.com/gptbot)"
20.171.207.109 - - [20/Oct/2025:02:57:03 -0400] "GET /wp-content/uploads/2014/06/heart_safe-12-150x150.jpg HTTP/1.1" 200 7300 "-" "Mozilla/5.0 AppleWebKit/537.36 (KHTML, like Gecko; compatible; GPTBot/1.2; +https://openai.com/gptbot)"
116.68.97.187 - - [20/Oct/2025:02:57:04 -0400] "POST /xmlrpc.php HTTP/1.1" 200 403 "-" "Mozilla/5.0 (X11; Ubuntu; Linux x86_64; arm64) AppleWebKit/537.36 (KHTML, like Gecko) Edge/100.0.0.0 Safari/537.36"
20.171.207.109 - - [20/Oct/2025:02:57:04 -0400] "GET /wp-json/wp/v2/media/2510 HTTP/1.1" 200 3490 "-" "Mozilla/5.0 AppleWebKit/537.36 (KHTML, like Gecko; compatible; GPTBot/1.2; +https://openai.com/gptbot)"
20.171.207.109 - - [20/Oct/2025:02:57:05 -0400] "GET /wp-content/uploads/2014/06/money.jpg HTTP/1.1" 200 106537 "-" "Mozilla/5.0 AppleWebKit/537.36 (KHTML, like Gecko; compatible; GPTBot/1.2; +https://openai.com/gptbot)"
20.171.207.109 - - [20/Oct/2025:02:57:07 -0400] "GET /wp-content/uploads/2014/07/15-150x150.jpg HTTP/1.1" 200 6029 "-" "Mozilla/5.0 AppleWebKit/537.36 (KHTML, like Gecko; compatible; GPTBot/1.2; +https://openai.com/gptbot)"
20.171.207.109 - - [20/Oct/2025:02:57:08 -0400] "GET /wp-content/uploads/2014/07/25.jpg HTTP/1.1" 200 143212 "-" "Mozilla/5.0 AppleWebKit/537.36 (KHTML, like Gecko; compatible; GPTBot/1.2; +https://openai.com/gptbot)"
20.171.207.109 - - [20/Oct/2025:02:57:09 -0400] "GET /money-matters-money-tips-married-couples/heart_safe-1-3/ HTTP/1.1" 200 67946 "-" "Mozilla/5.0 AppleWebKit/537.36 (KHTML, like Gecko; compatible; GPTBot/1.2; +https://openai.com/gptbot)"
20.171.207.109 - - [20/Oct/2025:02:57:10 -0400] "GET /find-dos-donts-eyebrows-shaping/1-7/ HTTP/1.1" 200 67679 "-" "Mozilla/5.0 AppleWebKit/537.36 (KHTML, like Gecko; compatible; GPTBot/1.2; +https://openai.com/gptbot)"
20.171.207.109 - - [20/Oct/2025:02:57:11 -0400] "GET /money-matters-money-tips-married-couples/money/feed/ HTTP/1.1" 200 804 "-" "Mozilla/5.0 AppleWebKit/537.36 (KHTML, like Gecko; compatible; GPTBot/1.2; +https://openai.com/gptbot)"
20.171.207.109 - - [20/Oct/2025:02:57:12 -0400] "GET /wp-json/wp/v2/media/2511 HTTP/1.1" 200 3298 "-" "Mozilla/5.0 AppleWebKit/537.36 (KHTML, like Gecko; compatible; GPTBot/1.2; +https://openai.com/gptbot)"
20.171.207.109 - - [20/Oct/2025:02:57:13 -0400] "GET /wp-json/oembed/1.0/embed?url=https%3A%2F%2Fherintalk.com%2Fmoney-matters-money-tips-married-couples%2Fmoney%2F HTTP/1.1" 200 2327 "-" "Mozilla/5.0 AppleWebKit/537.36 (KHTML, like Gecko; compatible; GPTBot/1.2; +https://openai.com/gptbot)"
20.171.207.109 - - [20/Oct/2025:02:57:15 -0400] "GET /wp-json/wp/v2/media/2762 HTTP/1.1" 200 3395 "-" "Mozilla/5.0 AppleWebKit/537.36 (KHTML, like Gecko; compatible; GPTBot/1.2; +https://openai.com/gptbot)"
20.171.207.109 - - [20/Oct/2025:02:57:16 -0400] "GET /wp-json/oembed/1.0/embed?url=https%3A%2F%2Fherintalk.com%2Ffind-dos-donts-eyebrows-shaping%2F4-5%2F HTTP/1.1" 200 2289 "-" "Mozilla/5.0 AppleWebKit/537.36 (KHTML, like Gecko; compatible; GPTBot/1.2; +https://openai.com/gptbot)"
20.171.207.109 - - [20/Oct/2025:02:57:17 -0400] "GET /find-dos-donts-eyebrows-shaping/2-6/feed/ HTTP/1.1" 200 778 "-" "Mozilla/5.0 AppleWebKit/537.36 (KHTML, like Gecko; compatible; GPTBot/1.2; +https://openai.com/gptbot)"
20.171.207.109 - - [20/Oct/2025:02:57:18 -0400] "GET /wp-json/oembed/1.0/embed?url=https%3A%2F%2Fherintalk.com%2Ffind-dos-donts-eyebrows-shaping%2F5-4%2F HTTP/1.1" 200 2299 "-" "Mozilla/5.0 AppleWebKit/537.36 (KHTML, like Gecko; compatible; GPTBot/1.2; +https://openai.com/gptbot)"
20.171.207.109 - - [20/Oct/2025:02:57:19 -0400] "GET /?p=4534 HTTP/1.1" 301 - "-" "Mozilla/5.0 AppleWebKit/537.36 (KHTML, like Gecko; compatible; GPTBot/1.2; +https://openai.com/gptbot)"
20.171.207.109 - - [20/Oct/2025:02:57:20 -0400] "GET /money-matters-money-tips-married-couples/heart_safe-1-3/ HTTP/1.1" 200 67946 "-" "Mozilla/5.0 AppleWebKit/537.36 (KHTML, like Gecko; compatible; GPTBot/1.2; +https://openai.com/gptbot)"
20.171.207.109 - - [20/Oct/2025:02:57:21 -0400] "GET /wp-content/uploads/2014/06/money-150x150.jpg HTTP/1.1" 200 10123 "-" "Mozilla/5.0 AppleWebKit/537.36 (KHTML, like Gecko; compatible; GPTBot/1.2; +https://openai.com/gptbot)"
20.171.207.109 - - [20/Oct/2025:02:57:22 -0400] "GET /?p=2761 HTTP/1.1" 301 - "-" "Mozilla/5.0 AppleWebKit/537.36 (KHTML, like Gecko; compatible; GPTBot/1.2; +https://openai.com/gptbot)"
20.171.207.109 - - [20/Oct/2025:02:57:23 -0400] "GET /find-dos-donts-eyebrows-shaping/1-7/ HTTP/1.1" 200 67679 "-" "Mozilla/5.0 AppleWebKit/537.36 (KHTML, like Gecko; compatible; GPTBot/1.2; +https://openai.com/gptbot)"
20.171.207.109 - - [20/Oct/2025:02:57:25 -0400] "GET /wp-content/uploads/2014/06/951555-150x150.jpg HTTP/1.1" 200 8717 "-" "Mozilla/5.0 AppleWebKit/537.36 (KHTML, like Gecko; compatible; GPTBot/1.2; +https://openai.com/gptbot)"
20.171.207.109 - - [20/Oct/2025:02:57:26 -0400] "GET /wp-content/uploads/2014/07/15.jpg HTTP/1.1" 200 15513 "-" "Mozilla/5.0 AppleWebKit/537.36 (KHTML, like Gecko; compatible; GPTBot/1.2; +https://openai.com/gptbot)"
20.171.207.109 - - [20/Oct/2025:02:57:27 -0400] "GET /find-dos-donts-eyebrows-shaping/1-7/feed/ HTTP/1.1" 200 778 "-" "Mozilla/5.0 AppleWebKit/537.36 (KHTML, like Gecko; compatible; GPTBot/1.2; +https://openai.com/gptbot)"
20.171.207.109 - - [20/Oct/2025:02:57:28 -0400] "GET /money-matters-money-tips-married-couples/951555-jpg/ HTTP/1.1" 200 67976 "-" "Mozilla/5.0 AppleWebKit/537.36 (KHTML, like Gecko; compatible; GPTBot/1.2; +https://openai.com/gptbot)"
54.39.6.45 - - [20/Oct/2025:02:57:29 -0400] "GET /category/health/home-remedies-health-care/?filter_by=random_posts HTTP/1.1" 200 76818 "-" "Mozilla/5.0 (compatible; AhrefsBot/7.0; +http://ahrefs.com/robot/)"
20.171.207.109 - - [20/Oct/2025:02:57:29 -0400] "GET /wp-json/oembed/1.0/embed?url=https%3A%2F%2Fherintalk.com%2Fmoney-matters-money-tips-married-couples%2Fheart_safe-1-3%2F HTTP/1.1" 200 2374 "-" "Mozilla/5.0 AppleWebKit/537.36 (KHTML, like Gecko; compatible; GPTBot/1.2; +https://openai.com/gptbot)"
20.171.207.109 - - [20/Oct/2025:02:57:31 -0400] "GET /wp-json/wp/v2/media/2761 HTTP/1.1" 200 3395 "-" "Mozilla/5.0 AppleWebKit/537.36 (KHTML, like Gecko; compatible; GPTBot/1.2; +https://openai.com/gptbot)"
20.171.207.109 - - [20/Oct/2025:02:57:32 -0400] "GET /wp-json/wp/v2/media/4534 HTTP/1.1" 200 3318 "-" "Mozilla/5.0 AppleWebKit/537.36 (KHTML, like Gecko; compatible; GPTBot/1.2; +https://openai.com/gptbot)"
20.171.207.109 - - [20/Oct/2025:02:57:33 -0400] "GET /wp-json/oembed/1.0/embed?url=https%3A%2F%2Fherintalk.com%2Ffind-dos-donts-eyebrows-shaping%2F3-7%2F HTTP/1.1" 200 2290 "-" "Mozilla/5.0 AppleWebKit/537.36 (KHTML, like Gecko; compatible; GPTBot/1.2; +https://openai.com/gptbot)"
20.171.207.109 - - [20/Oct/2025:02:57:34 -0400] "GET /wp-json/oembed/1.0/embed?url=https%3A%2F%2Fherintalk.com%2Ffind-dos-donts-eyebrows-shaping%2F1-7%2F HTTP/1.1" 200 2290 "-" "Mozilla/5.0 AppleWebKit/537.36 (KHTML, like Gecko; compatible; GPTBot/1.2; +https://openai.com/gptbot)"
2001:41d0:304:200::dcf8 - - [20/Oct/2025:02:57:35 -0400] "POST /wp-login.php HTTP/1.1" 200 6277 "https://herintalk.com" "Mozilla/5.0 (Windows NT 10.0; Win64; x64) AppleWebKit/537.36 (KHTML, like Gecko) Chrome/116.0.5845.96 Safari/537.36"
20.171.207.109 - - [20/Oct/2025:02:57:35 -0400] "GET /wp-json/oembed/1.0/embed?url=https%3A%2F%2Fherintalk.com%2Ffind-dos-donts-eyebrows-shaping%2F4-8%2F HTTP/1.1" 200 2290 "-" "Mozilla/5.0 AppleWebKit/537.36 (KHTML, like Gecko; compatible; GPTBot/1.2; +https://openai.com/gptbot)"
20.171.207.109 - - [20/Oct/2025:02:57:36 -0400] "GET /wp-json/oembed/1.0/embed?format=xml&url=https%3A%2F%2Fherintalk.com%2Ffind-dos-donts-eyebrows-shaping%2F3-7%2F HTTP/1.1" 200 2483 "-" "Mozilla/5.0 AppleWebKit/537.36 (KHTML, like Gecko; compatible; GPTBot/1.2; +https://openai.com/gptbot)"
20.171.207.109 - - [20/Oct/2025:02:57:37 -0400] "GET /?p=6150 HTTP/1.1" 301 - "-" "Mozilla/5.0 AppleWebKit/537.36 (KHTML, like Gecko; compatible; GPTBot/1.2; +https://openai.com/gptbot)"
20.171.207.109 - - [20/Oct/2025:02:57:38 -0400] "GET /money-matters-money-tips-married-couples/951555-jpg/ HTTP/1.1" 200 67976 "-" "Mozilla/5.0 AppleWebKit/537.36 (KHTML, like Gecko; compatible; GPTBot/1.2; +https://openai.com/gptbot)"
20.171.207.109 - - [20/Oct/2025:02:57:40 -0400] "GET /wp-json/oembed/1.0/embed?url=https%3A%2F%2Fherintalk.com%2Ffind-dos-donts-eyebrows-shaping%2F2-6%2F HTTP/1.1" 200 2290 "-" "Mozilla/5.0 AppleWebKit/537.36 (KHTML, like Gecko; compatible; GPTBot/1.2; +https://openai.com/gptbot)"
20.171.207.109 - - [20/Oct/2025:02:57:41 -0400] "GET /wp-content/uploads/2014/06/jblb5wjom940piwrcb2b-150x150.jpg HTTP/1.1" 200 9613 "-" "Mozilla/5.0 AppleWebKit/537.36 (KHTML, like Gecko; compatible; GPTBot/1.2; +https://openai.com/gptbot)"
20.171.207.109 - - [20/Oct/2025:02:57:42 -0400] "GET /wp-content/uploads/2014/06/951555.jpg HTTP/1.1" 200 24133 "-" "Mozilla/5.0 AppleWebKit/537.36 (KHTML, like Gecko; compatible; GPTBot/1.2; +https://openai.com/gptbot)"
20.171.207.109 - - [20/Oct/2025:02:57:43 -0400] "GET /wp-json/oembed/1.0/embed?url=https%3A%2F%2Fherintalk.com%2Ffind-dos-donts-eyebrows-shaping%2F3-6%2F HTTP/1.1" 200 2290 "-" "Mozilla/5.0 AppleWebKit/537.36 (KHTML, like Gecko; compatible; GPTBot/1.2; +https://openai.com/gptbot)"
20.171.207.109 - - [20/Oct/2025:02:57:45 -0400] "GET /wp-json/oembed/1.0/embed?url=https%3A%2F%2Fherintalk.com%2Fmoney-matters-money-tips-married-couples%2F951555-jpg%2F HTTP/1.1" 200 2353 "-" "Mozilla/5.0 AppleWebKit/537.36 (KHTML, like Gecko; compatible; GPTBot/1.2; +https://openai.com/gptbot)"
20.171.207.109 - - [20/Oct/2025:02:57:46 -0400] "GET /wp-json/wp/v2/media/6150 HTTP/1.1" 200 3224 "-" "Mozilla/5.0 AppleWebKit/537.36 (KHTML, like Gecko; compatible; GPTBot/1.2; +https://openai.com/gptbot)"
20.171.207.109 - - [20/Oct/2025:02:57:47 -0400] "GET /wp-json/oembed/1.0/embed?format=xml&url=https%3A%2F%2Fherintalk.com%2Ffind-dos-donts-eyebrows-shaping%2F1-7%2F HTTP/1.1" 200 2483 "-" "Mozilla/5.0 AppleWebKit/537.36 (KHTML, like Gecko; compatible; GPTBot/1.2; +https://openai.com/gptbot)"
20.171.207.109 - - [20/Oct/2025:02:57:48 -0400] "GET /money-matters-money-tips-married-couples/jblb5wjom940piwrcb2b-jpg/ HTTP/1.1" 200 68183 "-" "Mozilla/5.0 AppleWebKit/537.36 (KHTML, like Gecko; compatible; GPTBot/1.2; +https://openai.com/gptbot)"
20.171.207.109 - - [20/Oct/2025:02:57:50 -0400] "GET /wp-json/oembed/1.0/embed?format=xml&url=https%3A%2F%2Fherintalk.com%2Fmoney-matters-money-tips-married-couples%2F951555-jpg%2F HTTP/1.1" 200 2546 "-" "Mozilla/5.0 AppleWebKit/537.36 (KHTML, like Gecko; compatible; GPTBot/1.2; +https://openai.com/gptbot)"
20.171.207.109 - - [20/Oct/2025:02:57:51 -0400] "GET /wp-json/oembed/1.0/embed?format=xml&url=https%3A%2F%2Fherintalk.com%2Fmoney-matters-money-tips-married-couples%2Ffinancial-compatibility%2F HTTP/1.1" 200 2637 "-" "Mozilla/5.0 AppleWebKit/537.36 (KHTML, like Gecko; compatible; GPTBot/1.2; +https://openai.com/gptbot)"
20.171.207.109 - - [20/Oct/2025:02:57:52 -0400] "GET /wp-json/oembed/1.0/embed?format=xml&url=https%3A%2F%2Fherintalk.com%2Ffind-dos-donts-eyebrows-shaping%2F4-8%2F HTTP/1.1" 200 2483 "-" "Mozilla/5.0 AppleWebKit/537.36 (KHTML, like Gecko; compatible; GPTBot/1.2; +https://openai.com/gptbot)"
20.171.207.109 - - [20/Oct/2025:02:57:53 -0400] "GET /wp-json/oembed/1.0/embed?format=xml&url=https%3A%2F%2Fherintalk.com%2Fmoney-matters-money-tips-married-couples%2Fheart_safe-1-3%2F HTTP/1.1" 200 2567 "-" "Mozilla/5.0 AppleWebKit/537.36 (KHTML, like Gecko; compatible; GPTBot/1.2; +https://openai.com/gptbot)"
20.171.207.109 - - [20/Oct/2025:02:57:54 -0400] "GET /wp-json/oembed/1.0/embed?format=xml&url=https%3A%2F%2Fherintalk.com%2Ffind-dos-donts-eyebrows-shaping%2F5-4%2F HTTP/1.1" 200 2492 "-" "Mozilla/5.0 AppleWebKit/537.36 (KHTML, like Gecko; compatible; GPTBot/1.2; +https://openai.com/gptbot)"
20.171.207.109 - - [20/Oct/2025:02:57:55 -0400] "GET /wp-json/oembed/1.0/embed?format=xml&url=https%3A%2F%2Fherintalk.com%2Ffind-dos-donts-eyebrows-shaping%2F4-5%2F HTTP/1.1" 200 2482 "-" "Mozilla/5.0 AppleWebKit/537.36 (KHTML, like Gecko; compatible; GPTBot/1.2; +https://openai.com/gptbot)"
20.171.207.109 - - [20/Oct/2025:02:57:56 -0400] "GET /wp-json/oembed/1.0/embed?format=xml&url=https%3A%2F%2Fherintalk.com%2Ffind-dos-donts-eyebrows-shaping%2F3-6%2F HTTP/1.1" 200 2483 "-" "Mozilla/5.0 AppleWebKit/537.36 (KHTML, like Gecko; compatible; GPTBot/1.2; +https://openai.com/gptbot)"
20.171.207.109 - - [20/Oct/2025:02:57:58 -0400] "GET /wp-json/oembed/1.0/embed?format=xml&url=https%3A%2F%2Fherintalk.com%2Fmoney-matters-money-tips-married-couples%2Fcouple-2%2F HTTP/1.1" 200 2530 "-" "Mozilla/5.0 AppleWebKit/537.36 (KHTML, like Gecko; compatible; GPTBot/1.2; +https://openai.com/gptbot)"
20.171.207.109 - - [20/Oct/2025:02:57:59 -0400] "GET /wp-json/oembed/1.0/embed?format=xml&url=https%3A%2F%2Fherintalk.com%2Ffind-dos-donts-eyebrows-shaping%2F2-6%2F HTTP/1.1" 200 2483 "-" "Mozilla/5.0 AppleWebKit/537.36 (KHTML, like Gecko; compatible; GPTBot/1.2; +https://openai.com/gptbot)"
